2026-07-01 01:59:56.394 8 INFO placement.requestlog [req-d03d870c-bdc3-407c-9a37-1e07fc6ea0b2 req-93b52ae2-8207-4f0f-afda-9fb9503e4f43 08d592c441de4c7f9cf5f5a714b876f1 196c0b0fa5b144c1a59f0072b9724297 - - 26ecba939d994e92b0c4fb9d0d4b444e 26ecba939d994e92b0c4fb9d0d4b444e] 199.204.45.116 "GET /resource_providers?in_tree=ff9b11b8-c54f-48cf-8fd2-070418b4f31c" status: 200 len: 797 microversion: 1.14 [pid: 8|app: 0|req: 291/579] 199.204.45.116 () {34 vars in 892 bytes} [Wed Jul 1 01:59:56 2026] GET /resource_providers?in_tree=ff9b11b8-c54f-48cf-8fd2-070418b4f31c => generated 797 bytes in 23 msecs (HTTP/1.1 200) 6 headers in 225 bytes (1 switches on core 0)
2026-07-01 01:59:56.410 7 INFO placement.requestlog [req-d03d870c-bdc3-407c-9a37-1e07fc6ea0b2 req-dd204e00-1844-472c-bf6f-a4aa56e108d2 08d592c441de4c7f9cf5f5a714b876f1 196c0b0fa5b144c1a59f0072b9724297 - - 26ecba939d994e92b0c4fb9d0d4b444e 26ecba939d994e92b0c4fb9d0d4b444e] 199.204.45.116 "GET /resource_providers/ff9b11b8-c54f-48cf-8fd2-070418b4f31c/inventories" status: 200 len: 400 microversion: 1.0 [pid: 7|app: 0|req: 289/580] 199.204.45.116 () {32 vars in 857 bytes} [Wed Jul 1 01:59:56 2026] GET /resource_providers/ff9b11b8-c54f-48cf-8fd2-070418b4f31c/inventories => generated 400 bytes in 12 msecs (HTTP/1.1 200) 6 headers in 224 bytes (1 switches on core 0)
2026-07-01 01:59:56.427 8 INFO placement.requestlog [req-d03d870c-bdc3-407c-9a37-1e07fc6ea0b2 req-d759cdf1-1054-4523-82a8-ea6655745bca 08d592c441de4c7f9cf5f5a714b876f1 196c0b0fa5b144c1a59f0072b9724297 - - 26ecba939d994e92b0c4fb9d0d4b444e 26ecba939d994e92b0c4fb9d0d4b444e] 199.204.45.116 "GET /resource_providers/ff9b11b8-c54f-48cf-8fd2-070418b4f31c/aggregates" status: 200 len: 53 microversion: 1.19 [pid: 8|app: 0|req: 292/581] 199.204.45.116 () {34 vars in 899 bytes} [Wed Jul 1 01:59:56 2026] GET /resource_providers/ff9b11b8-c54f-48cf-8fd2-070418b4f31c/aggregates => generated 53 bytes in 10 msecs (HTTP/1.1 200) 8 headers in 295 bytes (1 switches on core 0)
2026-07-01 01:59:56.449 7 INFO placement.requestlog [req-d03d870c-bdc3-407c-9a37-1e07fc6ea0b2 req-96044d10-49aa-44f4-8d75-7ad10ca63313 08d592c441de4c7f9cf5f5a714b876f1 196c0b0fa5b144c1a59f0072b9724297 - - 26ecba939d994e92b0c4fb9d0d4b444e 26ecba939d994e92b0c4fb9d0d4b444e] 199.204.45.116 "GET /resource_providers/ff9b11b8-c54f-48cf-8fd2-070418b4f31c/traits" status: 200 len: 1977 microversion: 1.6 [pid: 7|app: 0|req: 290/582] 199.204.45.116 () {34 vars in 890 bytes} [Wed Jul 1 01:59:56 2026] GET /resource_providers/ff9b11b8-c54f-48cf-8fd2-070418b4f31c/traits => generated 1977 bytes in 18 msecs (HTTP/1.1 200) 6 headers in 225 bytes (1 switches on core 0)
2026-07-01 01:59:56.468 8 INFO placement.requestlog [req-d03d870c-bdc3-407c-9a37-1e07fc6ea0b2 req-e2440b12-7198-41a0-bae3-156575a03a8b 08d592c441de4c7f9cf5f5a714b876f1 196c0b0fa5b144c1a59f0072b9724297 - - 26ecba939d994e92b0c4fb9d0d4b444e 26ecba939d994e92b0c4fb9d0d4b444e] 199.204.45.116 "GET /resource_providers/ff9b11b8-c54f-48cf-8fd2-070418b4f31c/allocations" status: 200 len: 54 microversion: 1.0 [pid: 8|app: 0|req: 293/583] 199.204.45.116 () {32 vars in 857 bytes} [Wed Jul 1 01:59:56 2026] GET /resource_providers/ff9b11b8-c54f-48cf-8fd2-070418b4f31c/allocations => generated 54 bytes in 12 msecs (HTTP/1.1 200) 6 headers in 223 bytes (1 switches on core 0)
2026-07-01 02:00:06.289 8 INFO placement.requestlog [None req-2fc54411-828d-4990-8256-3e2936c2dd1e - - - - - -] 10.0.0.142 "GET /" status: 200 len: 136 microversion: 1.0
2026-07-01 02:00:06.289 7 INFO placement.requestlog [None req-bca9fea4-5e77-4310-a1f4-0b73cfc740cc - - - - - -] 10.0.0.142 "GET /" status: 200 len: 136 microversion: 1.0
2026-07-01 02:00:13.672 8 INFO placement.requestlog [req-5f12665c-87f4-4af3-af77-75b74732bd07 req-3d886cdc-1d76-410c-ad0a-d01835c4e979 08d592c441de4c7f9cf5f5a714b876f1 196c0b0fa5b144c1a59f0072b9724297 - - 26ecba939d994e92b0c4fb9d0d4b444e 26ecba939d994e92b0c4fb9d0d4b444e] 10.0.0.148 "GET /allocation_candidates?limit=1000&resources=DISK_GB%3A1%2CMEMORY_MB%3A512%2CVCPU%3A1&root_required=%21COMPUTE_STATUS_DISABLED" status: 200 len: 2442 microversion: 1.36 [pid: 8|app: 0|req: 295/586] 10.0.0.148 () {34 vars in 1012 bytes} [Wed Jul 1 02:00:13 2026] GET /allocation_candidates?limit=1000&resources=DISK_GB%3A1%2CMEMORY_MB%3A512%2CVCPU%3A1&root_required=%21COMPUTE_STATUS_DISABLED => generated 2442 bytes in 176 msecs (HTTP/1.1 200) 8 headers in 297 bytes (1 switches on core 0)
2026-07-01 02:00:13.705 7 INFO placement.requestlog [req-5f12665c-87f4-4af3-af77-75b74732bd07 req-34512948-d984-43dd-a471-ef9b12e916e8 08d592c441de4c7f9cf5f5a714b876f1 196c0b0fa5b144c1a59f0072b9724297 - - 26ecba939d994e92b0c4fb9d0d4b444e 26ecba939d994e92b0c4fb9d0d4b444e] 10.0.0.148 "GET /allocations/80ff40c6-fab6-4e21-bef7-a170ce475eec" status: 200 len: 19 microversion: 1.28 [pid: 7|app: 0|req: 292/587] 10.0.0.148 () {34 vars in 861 bytes} [Wed Jul 1 02:00:13 2026] GET /allocations/80ff40c6-fab6-4e21-bef7-a170ce475eec => generated 19 bytes in 9 msecs (HTTP/1.1 200) 8 headers in 295 bytes (1 switches on core 0)
2026-07-01 02:00:13.820 8 INFO placement.requestlog [req-5f12665c-87f4-4af3-af77-75b74732bd07 req-755f51a3-3eca-4b63-95d9-882b1b26cdfa 08d592c441de4c7f9cf5f5a714b876f1 196c0b0fa5b144c1a59f0072b9724297 - - 26ecba939d994e92b0c4fb9d0d4b444e 26ecba939d994e92b0c4fb9d0d4b444e] 10.0.0.148 "PUT /allocations/80ff40c6-fab6-4e21-bef7-a170ce475eec" status: 204 len: 0 microversion: 1.36 [pid: 8|app: 0|req: 296/588] 10.0.0.148 () {38 vars in 914 bytes} [Wed Jul 1 02:00:13 2026] PUT /allocations/80ff40c6-fab6-4e21-bef7-a170ce475eec => generated 0 bytes in 109 msecs (HTTP/1.1 204) 5 headers in 199 bytes (1 switches on core 0)
2026-07-01 02:00:14.941 7 INFO placement.requestlog [req-80d5e1a4-9e5e-40bd-a9a1-b529e61edd13 req-69bde4cf-c4ce-4130-887e-b1bb57bf74b7 08d592c441de4c7f9cf5f5a714b876f1 196c0b0fa5b144c1a59f0072b9724297 - - 26ecba939d994e92b0c4fb9d0d4b444e 26ecba939d994e92b0c4fb9d0d4b444e] 10.0.0.148 "GET /allocation_candidates?limit=1000&resources=DISK_GB%3A1%2CMEMORY_MB%3A512%2CVCPU%3A1&root_required=%21COMPUTE_STATUS_DISABLED" status: 200 len: 2444 microversion: 1.36 [pid: 7|app: 0|req: 293/589] 10.0.0.148 () {34 vars in 1012 bytes} [Wed Jul 1 02:00:14 2026] GET /allocation_candidates?limit=1000&resources=DISK_GB%3A1%2CMEMORY_MB%3A512%2CVCPU%3A1&root_required=%21COMPUTE_STATUS_DISABLED => generated 2444 bytes in 63 msecs (HTTP/1.1 200) 8 headers in 297 bytes (1 switches on core 0)
2026-07-01 02:00:14.977 8 INFO placement.requestlog [req-80d5e1a4-9e5e-40bd-a9a1-b529e61edd13 req-fc1a37f1-5f24-425c-860c-57b6b882320d 08d592c441de4c7f9cf5f5a714b876f1 196c0b0fa5b144c1a59f0072b9724297 - - 26ecba939d994e92b0c4fb9d0d4b444e 26ecba939d994e92b0c4fb9d0d4b444e] 10.0.0.148 "GET /allocations/2ab7997c-8279-4224-94d9-068972e38108" status: 200 len: 19 microversion: 1.28 [pid: 8|app: 0|req: 297/590] 10.0.0.148 () {34 vars in 861 bytes} [Wed Jul 1 02:00:14 2026] GET /allocations/2ab7997c-8279-4224-94d9-068972e38108 => generated 19 bytes in 16 msecs (HTTP/1.1 200) 8 headers in 295 bytes (1 switches on core 0)
2026-07-01 02:00:15.056 7 INFO placement.requestlog [req-80d5e1a4-9e5e-40bd-a9a1-b529e61edd13 req-2ab5185e-25b3-4bbb-a293-28a8ca917588 08d592c441de4c7f9cf5f5a714b876f1 196c0b0fa5b144c1a59f0072b9724297 - - 26ecba939d994e92b0c4fb9d0d4b444e 26ecba939d994e92b0c4fb9d0d4b444e] 10.0.0.148 "PUT /allocations/2ab7997c-8279-4224-94d9-068972e38108" status: 204 len: 0 microversion: 1.36 [pid: 7|app: 0|req: 294/591] 10.0.0.148 () {38 vars in 914 bytes} [Wed Jul 1 02:00:14 2026] PUT /allocations/2ab7997c-8279-4224-94d9-068972e38108 => generated 0 bytes in 71 msecs (HTTP/1.1 204) 5 headers in 199 bytes (1 switches on core 0)
2026-07-01 02:00:15.321 8 INFO placement.requestlog [req-5f12665c-87f4-4af3-af77-75b74732bd07 req-eb082d41-9973-420f-9349-4ac95789905c 08d592c441de4c7f9cf5f5a714b876f1 196c0b0fa5b144c1a59f0072b9724297 - - 26ecba939d994e92b0c4fb9d0d4b444e 26ecba939d994e92b0c4fb9d0d4b444e] 199.204.45.116 "GET /allocations/80ff40c6-fab6-4e21-bef7-a170ce475eec" status: 200 len: 257 microversion: 1.28 [pid: 8|app: 0|req: 298/592] 199.204.45.116 () {34 vars in 863 bytes} [Wed Jul 1 02:00:15 2026] GET /allocations/80ff40c6-fab6-4e21-bef7-a170ce475eec => generated 257 bytes in 31 msecs (HTTP/1.1 200) 8 headers in 296 bytes (1 switches on core 0)
2026-07-01 02:00:16.288 7 INFO placement.requestlog [None req-417dcd85-5d5c-4930-b64e-283c75c02dba - - - - - -] 10.0.0.142 "GET /" status: 200 len: 136 microversion: 1.0
2026-07-01 02:00:16.289 8 INFO placement.requestlog [None req-e113c143-79f9-432b-8145-475d96f3284a - - - - - -] 10.0.0.142 "GET /" status: 200 len: 136 microversion: 1.0
2026-07-01 02:00:16.378 7 INFO placement.requestlog [req-5f12665c-87f4-4af3-af77-75b74732bd07 req-e7bbf3f6-7254-4b4f-9645-05320d772c20 08d592c441de4c7f9cf5f5a714b876f1 196c0b0fa5b144c1a59f0072b9724297 - - 26ecba939d994e92b0c4fb9d0d4b444e 26ecba939d994e92b0c4fb9d0d4b444e] 199.204.45.116 "GET /resource_providers/ff9b11b8-c54f-48cf-8fd2-070418b4f31c/allocations" status: 200 len: 252 microversion: 1.0 [pid: 7|app: 0|req: 296/595] 199.204.45.116 () {32 vars in 857 bytes} [Wed Jul 1 02:00:16 2026] GET /resource_providers/ff9b11b8-c54f-48cf-8fd2-070418b4f31c/allocations => generated 252 bytes in 25 msecs (HTTP/1.1 200) 6 headers in 224 bytes (1 switches on core 0)
2026-07-01 02:00:16.394 8 INFO placement.requestlog [req-5f12665c-87f4-4af3-af77-75b74732bd07 req-e6a1dfb8-2d77-4a00-a82f-1af1312238d6 08d592c441de4c7f9cf5f5a714b876f1 196c0b0fa5b144c1a59f0072b9724297 - - 26ecba939d994e92b0c4fb9d0d4b444e 26ecba939d994e92b0c4fb9d0d4b444e] 199.204.45.116 "GET /allocations/80ff40c6-fab6-4e21-bef7-a170ce475eec" status: 200 len: 257 microversion: 1.28 [pid: 8|app: 0|req: 300/596] 199.204.45.116 () {34 vars in 863 bytes} [Wed Jul 1 02:00:16 2026] GET /allocations/80ff40c6-fab6-4e21-bef7-a170ce475eec => generated 257 bytes in 11 msecs (HTTP/1.1 200) 8 headers in 296 bytes (1 switches on core 0)
2026-07-01 02:00:16.412 7 INFO placement.requestlog [req-5f12665c-87f4-4af3-af77-75b74732bd07 req-9b66a274-ae88-4dd6-8269-69f1dad7e188 08d592c441de4c7f9cf5f5a714b876f1 196c0b0fa5b144c1a59f0072b9724297 - - 26ecba939d994e92b0c4fb9d0d4b444e 26ecba939d994e92b0c4fb9d0d4b444e] 199.204.45.116 "GET /allocations/2ab7997c-8279-4224-94d9-068972e38108" status: 200 len: 257 microversion: 1.28 [pid: 7|app: 0|req: 297/597] 199.204.45.116 () {34 vars in 863 bytes} [Wed Jul 1 02:00:16 2026] GET /allocations/2ab7997c-8279-4224-94d9-068972e38108 => generated 257 bytes in 14 msecs (HTTP/1.1 200) 8 headers in 296 bytes (1 switches on core 0)
2026-07-01 02:00:16.596 8 INFO placement.requestlog [None req-a3811742-e900-41b6-9646-a79fb2dc61d2 c37c2d2ddadf4768a157afce9f450fcf 196c0b0fa5b144c1a59f0072b9724297 - - 26ecba939d994e92b0c4fb9d0d4b444e 26ecba939d994e92b0c4fb9d0d4b444e] 10.0.0.140 "GET /resource_providers/d403bb9b-cce2-45fd-aea8-24decc0da514/aggregates" status: 404 len: 235 microversion: 1.1 [pid: 8|app: 0|req: 301/598] 10.0.0.140 () {32 vars in 816 bytes} [Wed Jul 1 02:00:16 2026] GET /resource_providers/d403bb9b-cce2-45fd-aea8-24decc0da514/aggregates => generated 235 bytes in 42 msecs (HTTP/1.1 404) 5 headers in 202 bytes (1 switches on core 0)
2026-07-01 02:00:16.614 8 INFO placement.requestlog [None req-adce938b-adbc-4dab-97da-12503927ef0f c37c2d2ddadf4768a157afce9f450fcf 196c0b0fa5b144c1a59f0072b9724297 - - 26ecba939d994e92b0c4fb9d0d4b444e 26ecba939d994e92b0c4fb9d0d4b444e] 10.0.0.140 "DELETE /resource_providers/d403bb9b-cce2-45fd-aea8-24decc0da514" status: 404 len: 246 microversion: 1.1 [pid: 8|app: 0|req: 302/599] 10.0.0.140 () {34 vars in 816 bytes} [Wed Jul 1 02:00:16 2026] DELETE /resource_providers/d403bb9b-cce2-45fd-aea8-24decc0da514 => generated 246 bytes in 9 msecs (HTTP/1.1 404) 6 headers in 231 bytes (1 switches on core 0)
2026-07-01 02:00:16.643 7 INFO placement.requestlog [None req-97c14639-55b5-4719-a727-2ef69a0c3169 c37c2d2ddadf4768a157afce9f450fcf 196c0b0fa5b144c1a59f0072b9724297 - - 26ecba939d994e92b0c4fb9d0d4b444e 26ecba939d994e92b0c4fb9d0d4b444e] 10.0.0.140 "GET /resource_providers/d403bb9b-cce2-45fd-aea8-24decc0da514/aggregates" status: 404 len: 235 microversion: 1.1 [pid: 7|app: 0|req: 298/600] 10.0.0.140 () {32 vars in 816 bytes} [Wed Jul 1 02:00:16 2026] GET /resource_providers/d403bb9b-cce2-45fd-aea8-24decc0da514/aggregates => generated 235 bytes in 61 msecs (HTTP/1.1 404) 5 headers in 202 bytes (1 switches on core 0)
2026-07-01 02:00:16.668 8 INFO placement.requestlog [None req-8eee2820-a091-44d0-bbf9-f76fa6881f34 c37c2d2ddadf4768a157afce9f450fcf 196c0b0fa5b144c1a59f0072b9724297 - - 26ecba939d994e92b0c4fb9d0d4b444e 26ecba939d994e92b0c4fb9d0d4b444e] 10.0.0.140 "DELETE /resource_providers/d403bb9b-cce2-45fd-aea8-24decc0da514" status: 404 len: 246 microversion: 1.1 [pid: 8|app: 0|req: 303/601] 10.0.0.140 () {34 vars in 816 bytes} [Wed Jul 1 02:00:16 2026] DELETE /resource_providers/d403bb9b-cce2-45fd-aea8-24decc0da514 => generated 246 bytes in 12 msecs (HTTP/1.1 404) 6 headers in 231 bytes (1 switches on core 0)
2026-07-01 02:00:16.684 7 INFO placement.requestlog [req-80d5e1a4-9e5e-40bd-a9a1-b529e61edd13 req-aebdbbc3-89a0-4141-b4df-5ec8d2aa7dfc 08d592c441de4c7f9cf5f5a714b876f1 196c0b0fa5b144c1a59f0072b9724297 - - 26ecba939d994e92b0c4fb9d0d4b444e 26ecba939d994e92b0c4fb9d0d4b444e] 199.204.45.116 "GET /allocations/2ab7997c-8279-4224-94d9-068972e38108" status: 200 len: 257 microversion: 1.28 [pid: 7|app: 0|req: 299/602] 199.204.45.116 () {34 vars in 863 bytes} [Wed Jul 1 02:00:16 2026] GET /allocations/2ab7997c-8279-4224-94d9-068972e38108 => generated 257 bytes in 14 msecs (HTTP/1.1 200) 8 headers in 296 bytes (1 switches on core 0)
2026-07-01 02:00:18.495 8 INFO placement.requestlog [req-80d5e1a4-9e5e-40bd-a9a1-b529e61edd13 req-406ea32c-f7df-4c47-83f1-0fe358003d2c 08d592c441de4c7f9cf5f5a714b876f1 196c0b0fa5b144c1a59f0072b9724297 - - 26ecba939d994e92b0c4fb9d0d4b444e 26ecba939d994e92b0c4fb9d0d4b444e] 199.204.45.116 "GET /resource_providers/ff9b11b8-c54f-48cf-8fd2-070418b4f31c/allocations" status: 200 len: 252 microversion: 1.0 [pid: 8|app: 0|req: 304/603] 199.204.45.116 () {32 vars in 857 bytes} [Wed Jul 1 02:00:18 2026] GET /resource_providers/ff9b11b8-c54f-48cf-8fd2-070418b4f31c/allocations => generated 252 bytes in 23 msecs (HTTP/1.1 200) 6 headers in 224 bytes (1 switches on core 0)
2026-07-01 02:00:18.510 7 INFO placement.requestlog [req-80d5e1a4-9e5e-40bd-a9a1-b529e61edd13 req-ca859389-26ba-4d39-b058-49a01e2c093f 08d592c441de4c7f9cf5f5a714b876f1 196c0b0fa5b144c1a59f0072b9724297 - - 26ecba939d994e92b0c4fb9d0d4b444e 26ecba939d994e92b0c4fb9d0d4b444e] 199.204.45.116 "GET /allocations/80ff40c6-fab6-4e21-bef7-a170ce475eec" status: 200 len: 257 microversion: 1.28 [pid: 7|app: 0|req: 300/604] 199.204.45.116 () {34 vars in 863 bytes} [Wed Jul 1 02:00:18 2026] GET /allocations/80ff40c6-fab6-4e21-bef7-a170ce475eec => generated 257 bytes in 11 msecs (HTTP/1.1 200) 8 headers in 296 bytes (1 switches on core 0)
2026-07-01 02:00:18.528 8 INFO placement.requestlog [req-80d5e1a4-9e5e-40bd-a9a1-b529e61edd13 req-80d3039f-3988-4dd1-ba62-974644980491 08d592c441de4c7f9cf5f5a714b876f1 196c0b0fa5b144c1a59f0072b9724297 - - 26ecba939d994e92b0c4fb9d0d4b444e 26ecba939d994e92b0c4fb9d0d4b444e] 199.204.45.116 "GET /allocations/2ab7997c-8279-4224-94d9-068972e38108" status: 200 len: 257 microversion: 1.28 [pid: 8|app: 0|req: 305/605] 199.204.45.116 () {34 vars in 863 bytes} [Wed Jul 1 02:00:18 2026] GET /allocations/2ab7997c-8279-4224-94d9-068972e38108 => generated 257 bytes in 10 msecs (HTTP/1.1 200) 8 headers in 296 bytes (1 switches on core 0)
2026-07-01 02:00:18.639 7 INFO placement.requestlog [None req-6981658b-1bf7-4985-aed1-6022477a1efb c37c2d2ddadf4768a157afce9f450fcf 196c0b0fa5b144c1a59f0072b9724297 - - 26ecba939d994e92b0c4fb9d0d4b444e 26ecba939d994e92b0c4fb9d0d4b444e] 10.0.0.140 "GET /resource_providers/07fe7984-1c83-4200-bbf2-e289067c2607/aggregates" status: 404 len: 235 microversion: 1.1 [pid: 7|app: 0|req: 301/606] 10.0.0.140 () {32 vars in 816 bytes} [Wed Jul 1 02:00:18 2026] GET /resource_providers/07fe7984-1c83-4200-bbf2-e289067c2607/aggregates => generated 235 bytes in 12 msecs (HTTP/1.1 404) 5 headers in 202 bytes (1 switches on core 0)
2026-07-01 02:00:18.665 8 INFO placement.requestlog [None req-832dfbc7-f8fd-44c2-b3f0-a0675ab9f5df c37c2d2ddadf4768a157afce9f450fcf 196c0b0fa5b144c1a59f0072b9724297 - - 26ecba939d994e92b0c4fb9d0d4b444e 26ecba939d994e92b0c4fb9d0d4b444e] 10.0.0.140 "DELETE /resource_providers/07fe7984-1c83-4200-bbf2-e289067c2607" status: 404 len: 246 microversion: 1.1 [pid: 8|app: 0|req: 306/607] 10.0.0.140 () {34 vars in 816 bytes} [Wed Jul 1 02:00:18 2026] DELETE /resource_providers/07fe7984-1c83-4200-bbf2-e289067c2607 => generated 246 bytes in 18 msecs (HTTP/1.1 404) 6 headers in 231 bytes (1 switches on core 0)
2026-07-01 02:00:18.688 7 INFO placement.requestlog [None req-e2b6cc29-1b89-4598-b4f8-6b10aa08e6ef c37c2d2ddadf4768a157afce9f450fcf 196c0b0fa5b144c1a59f0072b9724297 - - 26ecba939d994e92b0c4fb9d0d4b444e 26ecba939d994e92b0c4fb9d0d4b444e] 10.0.0.140 "GET /resource_providers/07fe7984-1c83-4200-bbf2-e289067c2607/aggregates" status: 404 len: 235 microversion: 1.1 [pid: 7|app: 0|req: 302/608] 10.0.0.140 () {32 vars in 816 bytes} [Wed Jul 1 02:00:18 2026] GET /resource_providers/07fe7984-1c83-4200-bbf2-e289067c2607/aggregates => generated 235 bytes in 9 msecs (HTTP/1.1 404) 5 headers in 202 bytes (1 switches on core 0)
2026-07-01 02:00:18.713 8 INFO placement.requestlog [None req-d0444f9a-9176-4540-b416-7b5225903319 c37c2d2ddadf4768a157afce9f450fcf 196c0b0fa5b144c1a59f0072b9724297 - - 26ecba939d994e92b0c4fb9d0d4b444e 26ecba939d994e92b0c4fb9d0d4b444e] 10.0.0.140 "DELETE /resource_providers/07fe7984-1c83-4200-bbf2-e289067c2607" status: 404 len: 246 microversion: 1.1 [pid: 8|app: 0|req: 307/609] 10.0.0.140 () {34 vars in 816 bytes} [Wed Jul 1 02:00:18 2026] DELETE /resource_providers/07fe7984-1c83-4200-bbf2-e289067c2607 => generated 246 bytes in 18 msecs (HTTP/1.1 404) 6 headers in 231 bytes (1 switches on core 0)
2026-07-01 02:00:20.099 7 INFO placement.requestlog [req-cf4ab863-59d2-4994-bde9-9b0a81bde3dd req-7f9231ad-0573-42eb-995e-b1807cfc43a9 08d592c441de4c7f9cf5f5a714b876f1 196c0b0fa5b144c1a59f0072b9724297 - - 26ecba939d994e92b0c4fb9d0d4b444e 26ecba939d994e92b0c4fb9d0d4b444e] 10.0.0.148 "GET /allocation_candidates?limit=1000&resources=MEMORY_MB%3A512%2CVCPU%3A1&root_required=%21COMPUTE_STATUS_DISABLED" status: 200 len: 2431 microversion: 1.36 [pid: 7|app: 0|req: 303/610] 10.0.0.148 () {34 vars in 984 bytes} [Wed Jul 1 02:00:20 2026] GET /allocation_candidates?limit=1000&resources=MEMORY_MB%3A512%2CVCPU%3A1&root_required=%21COMPUTE_STATUS_DISABLED => generated 2431 bytes in 54 msecs (HTTP/1.1 200) 8 headers in 297 bytes (1 switches on core 0)
2026-07-01 02:00:20.134 8 INFO placement.requestlog [req-cf4ab863-59d2-4994-bde9-9b0a81bde3dd req-372d6bbe-9f84-4ae9-9b16-6c302f4b9c77 08d592c441de4c7f9cf5f5a714b876f1 196c0b0fa5b144c1a59f0072b9724297 - - 26ecba939d994e92b0c4fb9d0d4b444e 26ecba939d994e92b0c4fb9d0d4b444e] 10.0.0.148 "GET /allocations/54f15a57-cc3f-46fd-b53a-0a6bdd35f8c8" status: 200 len: 19 microversion: 1.28 [pid: 8|app: 0|req: 308/611] 10.0.0.148 () {34 vars in 861 bytes} [Wed Jul 1 02:00:20 2026] GET /allocations/54f15a57-cc3f-46fd-b53a-0a6bdd35f8c8 => generated 19 bytes in 15 msecs (HTTP/1.1 200) 8 headers in 295 bytes (1 switches on core 0)
2026-07-01 02:00:20.243 7 INFO placement.requestlog [req-cf4ab863-59d2-4994-bde9-9b0a81bde3dd req-2675cf4e-ecaf-4e9d-a9e7-a2eed9282bbd 08d592c441de4c7f9cf5f5a714b876f1 196c0b0fa5b144c1a59f0072b9724297 - - 26ecba939d994e92b0c4fb9d0d4b444e 26ecba939d994e92b0c4fb9d0d4b444e] 10.0.0.148 "PUT /allocations/54f15a57-cc3f-46fd-b53a-0a6bdd35f8c8" status: 204 len: 0 microversion: 1.36 [pid: 7|app: 0|req: 304/612] 10.0.0.148 () {38 vars in 914 bytes} [Wed Jul 1 02:00:20 2026] PUT /allocations/54f15a57-cc3f-46fd-b53a-0a6bdd35f8c8 => generated 0 bytes in 99 msecs (HTTP/1.1 204) 5 headers in 199 bytes (1 switches on core 0)
2026-07-01 02:00:21.774 8 INFO placement.requestlog [req-cf4ab863-59d2-4994-bde9-9b0a81bde3dd req-255cc04d-f6bb-41fa-8b2a-1c00bfd4f4af 08d592c441de4c7f9cf5f5a714b876f1 196c0b0fa5b144c1a59f0072b9724297 - - 26ecba939d994e92b0c4fb9d0d4b444e 26ecba939d994e92b0c4fb9d0d4b444e] 199.204.45.116 "GET /allocations/54f15a57-cc3f-46fd-b53a-0a6bdd35f8c8" status: 200 len: 243 microversion: 1.28 [pid: 8|app: 0|req: 309/613] 199.204.45.116 () {34 vars in 863 bytes} [Wed Jul 1 02:00:21 2026] GET /allocations/54f15a57-cc3f-46fd-b53a-0a6bdd35f8c8 => generated 243 bytes in 15 msecs (HTTP/1.1 200) 8 headers in 296 bytes (1 switches on core 0)
2026-07-01 02:00:22.824 7 INFO placement.requestlog [req-cf4ab863-59d2-4994-bde9-9b0a81bde3dd req-8e0e37f9-f2fe-43a4-847a-5cae85c9e43c 08d592c441de4c7f9cf5f5a714b876f1 196c0b0fa5b144c1a59f0072b9724297 - - 26ecba939d994e92b0c4fb9d0d4b444e 26ecba939d994e92b0c4fb9d0d4b444e] 199.204.45.116 "GET /resource_providers/ff9b11b8-c54f-48cf-8fd2-070418b4f31c/allocations" status: 200 len: 338 microversion: 1.0 [pid: 7|app: 0|req: 305/614] 199.204.45.116 () {32 vars in 857 bytes} [Wed Jul 1 02:00:22 2026] GET /resource_providers/ff9b11b8-c54f-48cf-8fd2-070418b4f31c/allocations => generated 338 bytes in 13 msecs (HTTP/1.1 200) 6 headers in 224 bytes (1 switches on core 0)
2026-07-01 02:00:22.841 8 INFO placement.requestlog [req-cf4ab863-59d2-4994-bde9-9b0a81bde3dd req-a5cc1b22-0b68-4dac-a412-632f2c238ec4 08d592c441de4c7f9cf5f5a714b876f1 196c0b0fa5b144c1a59f0072b9724297 - - 26ecba939d994e92b0c4fb9d0d4b444e 26ecba939d994e92b0c4fb9d0d4b444e] 199.204.45.116 "GET /allocations/80ff40c6-fab6-4e21-bef7-a170ce475eec" status: 200 len: 257 microversion: 1.28 [pid: 8|app: 0|req: 310/615] 199.204.45.116 () {34 vars in 863 bytes} [Wed Jul 1 02:00:22 2026] GET /allocations/80ff40c6-fab6-4e21-bef7-a170ce475eec => generated 257 bytes in 12 msecs (HTTP/1.1 200) 8 headers in 296 bytes (1 switches on core 0)
2026-07-01 02:00:22.870 7 INFO placement.requestlog [req-cf4ab863-59d2-4994-bde9-9b0a81bde3dd req-fd671a2a-d230-4af0-b9f9-336c5543db27 08d592c441de4c7f9cf5f5a714b876f1 196c0b0fa5b144c1a59f0072b9724297 - - 26ecba939d994e92b0c4fb9d0d4b444e 26ecba939d994e92b0c4fb9d0d4b444e] 199.204.45.116 "GET /allocations/54f15a57-cc3f-46fd-b53a-0a6bdd35f8c8" status: 200 len: 243 microversion: 1.28 [pid: 7|app: 0|req: 306/616] 199.204.45.116 () {34 vars in 863 bytes} [Wed Jul 1 02:00:22 2026] GET /allocations/54f15a57-cc3f-46fd-b53a-0a6bdd35f8c8 => generated 243 bytes in 22 msecs (HTTP/1.1 200) 8 headers in 296 bytes (1 switches on core 0)
2026-07-01 02:00:22.891 8 INFO placement.requestlog [req-cf4ab863-59d2-4994-bde9-9b0a81bde3dd req-7947d646-01eb-4608-b6c9-d281a86d0bcc 08d592c441de4c7f9cf5f5a714b876f1 196c0b0fa5b144c1a59f0072b9724297 - - 26ecba939d994e92b0c4fb9d0d4b444e 26ecba939d994e92b0c4fb9d0d4b444e] 199.204.45.116 "GET /allocations/2ab7997c-8279-4224-94d9-068972e38108" status: 200 len: 257 microversion: 1.28 [pid: 8|app: 0|req: 311/617] 199.204.45.116 () {34 vars in 863 bytes} [Wed Jul 1 02:00:22 2026] GET /allocations/2ab7997c-8279-4224-94d9-068972e38108 => generated 257 bytes in 13 msecs (HTTP/1.1 200) 8 headers in 296 bytes (1 switches on core 0)
2026-07-01 02:00:26.288 7 INFO placement.requestlog [None req-bf9755bb-bf73-430f-a8eb-81bdac2f1bc4 - - - - - -] 10.0.0.142 "GET /" status: 200 len: 136 microversion: 1.0
2026-07-01 02:00:26.288 8 INFO placement.requestlog [None req-60ea13a7-88b0-45c0-8d40-a0d320f0cb5f - - - - - -] 10.0.0.142 "GET /" status: 200 len: 136 microversion: 1.0
2026-07-01 02:00:28.316 7 INFO placement.requestlog [None req-24479b53-e755-4590-b88f-b9abdefdeae1 c37c2d2ddadf4768a157afce9f450fcf 196c0b0fa5b144c1a59f0072b9724297 - - 26ecba939d994e92b0c4fb9d0d4b444e 26ecba939d994e92b0c4fb9d0d4b444e] 10.0.0.140 "GET /resource_providers/adb38641-2107-4f5d-9dab-fa03dd6ce797/aggregates" status: 404 len: 235 microversion: 1.1 [pid: 7|app: 0|req: 308/620] 10.0.0.140 () {32 vars in 816 bytes} [Wed Jul 1 02:00:28 2026] GET /resource_providers/adb38641-2107-4f5d-9dab-fa03dd6ce797/aggregates => generated 235 bytes in 164 msecs (HTTP/1.1 404) 5 headers in 202 bytes (1 switches on core 0)
2026-07-01 02:00:28.344 7 INFO placement.requestlog [None req-0d868e63-96b2-4c7c-a393-2d8f70437ecb c37c2d2ddadf4768a157afce9f450fcf 196c0b0fa5b144c1a59f0072b9724297 - - 26ecba939d994e92b0c4fb9d0d4b444e 26ecba939d994e92b0c4fb9d0d4b444e] 10.0.0.140 "DELETE /resource_providers/adb38641-2107-4f5d-9dab-fa03dd6ce797" status: 404 len: 246 microversion: 1.1 [pid: 7|app: 0|req: 309/621] 10.0.0.140 () {34 vars in 816 bytes} [Wed Jul 1 02:00:28 2026] DELETE /resource_providers/adb38641-2107-4f5d-9dab-fa03dd6ce797 => generated 246 bytes in 14 msecs (HTTP/1.1 404) 6 headers in 231 bytes (1 switches on core 0)
2026-07-01 02:00:28.358 8 INFO placement.requestlog [None req-75e2750b-1a70-4307-adcb-2fae5d043989 c37c2d2ddadf4768a157afce9f450fcf 196c0b0fa5b144c1a59f0072b9724297 - - 26ecba939d994e92b0c4fb9d0d4b444e 26ecba939d994e92b0c4fb9d0d4b444e] 10.0.0.140 "GET /resource_providers/adb38641-2107-4f5d-9dab-fa03dd6ce797/aggregates" status: 404 len: 235 microversion: 1.1 [pid: 8|app: 0|req: 313/622] 10.0.0.140 () {32 vars in 816 bytes} [Wed Jul 1 02:00:28 2026] GET /resource_providers/adb38641-2107-4f5d-9dab-fa03dd6ce797/aggregates => generated 235 bytes in 159 msecs (HTTP/1.1 404) 5 headers in 202 bytes (1 switches on core 0)
2026-07-01 02:00:28.380 7 INFO placement.requestlog [None req-2fa46cf2-dca7-400c-be21-23c9a48e04f3 c37c2d2ddadf4768a157afce9f450fcf 196c0b0fa5b144c1a59f0072b9724297 - - 26ecba939d994e92b0c4fb9d0d4b444e 26ecba939d994e92b0c4fb9d0d4b444e] 10.0.0.140 "DELETE /resource_providers/adb38641-2107-4f5d-9dab-fa03dd6ce797" status: 404 len: 246 microversion: 1.1 [pid: 7|app: 0|req: 310/623] 10.0.0.140 () {34 vars in 816 bytes} [Wed Jul 1 02:00:28 2026] DELETE /resource_providers/adb38641-2107-4f5d-9dab-fa03dd6ce797 => generated 246 bytes in 15 msecs (HTTP/1.1 404) 6 headers in 231 bytes (1 switches on core 0)
2026-07-01 02:00:28.524 7 INFO placement.requestlog [None req-c74822a1-48a4-425c-a0e6-03b9cda001f5 c37c2d2ddadf4768a157afce9f450fcf 196c0b0fa5b144c1a59f0072b9724297 - - 26ecba939d994e92b0c4fb9d0d4b444e 26ecba939d994e92b0c4fb9d0d4b444e] 10.0.0.140 "GET /resource_providers/bf592bb4-9750-4258-9148-673d98128e15/aggregates" status: 404 len: 235 microversion: 1.1 [pid: 7|app: 0|req: 311/624] 10.0.0.140 () {32 vars in 816 bytes} [Wed Jul 1 02:00:28 2026] GET /resource_providers/bf592bb4-9750-4258-9148-673d98128e15/aggregates => generated 235 bytes in 12 msecs (HTTP/1.1 404) 5 headers in 202 bytes (1 switches on core 0)
2026-07-01 02:00:28.531 8 INFO placement.requestlog [None req-b28ef406-c2e4-4368-8556-6612eb8b1611 c37c2d2ddadf4768a157afce9f450fcf 196c0b0fa5b144c1a59f0072b9724297 - - 26ecba939d994e92b0c4fb9d0d4b444e 26ecba939d994e92b0c4fb9d0d4b444e] 10.0.0.140 "GET /resource_providers/bf592bb4-9750-4258-9148-673d98128e15/aggregates" status: 404 len: 235 microversion: 1.1 [pid: 8|app: 0|req: 314/625] 10.0.0.140 () {32 vars in 816 bytes} [Wed Jul 1 02:00:28 2026] GET /resource_providers/bf592bb4-9750-4258-9148-673d98128e15/aggregates => generated 235 bytes in 20 msecs (HTTP/1.1 404) 5 headers in 202 bytes (1 switches on core 0)
2026-07-01 02:00:28.544 7 INFO placement.requestlog [None req-326d9ec0-8371-44bc-8e39-7b6ef7670091 c37c2d2ddadf4768a157afce9f450fcf 196c0b0fa5b144c1a59f0072b9724297 - - 26ecba939d994e92b0c4fb9d0d4b444e 26ecba939d994e92b0c4fb9d0d4b444e] 10.0.0.140 "DELETE /resource_providers/bf592bb4-9750-4258-9148-673d98128e15" status: 404 len: 246 microversion: 1.1 [pid: 7|app: 0|req: 312/626] 10.0.0.140 () {34 vars in 816 bytes} [Wed Jul 1 02:00:28 2026] DELETE /resource_providers/bf592bb4-9750-4258-9148-673d98128e15 => generated 246 bytes in 10 msecs (HTTP/1.1 404) 6 headers in 231 bytes (1 switches on core 0)
2026-07-01 02:00:28.553 8 INFO placement.requestlog [None req-325c9172-d4ee-4f81-80c2-5918c083fb65 c37c2d2ddadf4768a157afce9f450fcf 196c0b0fa5b144c1a59f0072b9724297 - - 26ecba939d994e92b0c4fb9d0d4b444e 26ecba939d994e92b0c4fb9d0d4b444e] 10.0.0.140 "DELETE /resource_providers/bf592bb4-9750-4258-9148-673d98128e15" status: 404 len: 246 microversion: 1.1 [pid: 8|app: 0|req: 315/627] 10.0.0.140 () {34 vars in 816 bytes} [Wed Jul 1 02:00:28 2026] DELETE /resource_providers/bf592bb4-9750-4258-9148-673d98128e15 => generated 246 bytes in 14 msecs (HTTP/1.1 404) 6 headers in 231 bytes (1 switches on core 0)
2026-07-01 02:00:36.289 7 INFO placement.requestlog [None req-37486a2a-62d8-4ebe-8367-78900bf3c88e - - - - - -] 10.0.0.142 "GET /" status: 200 len: 136 microversion: 1.0
2026-07-01 02:00:36.292 8 INFO placement.requestlog [None req-4594b575-5bad-4dc1-820d-87af61dc9045 - - - - - -] 10.0.0.142 "GET /" status: 200 len: 136 microversion: 1.0
2026-07-01 02:00:38.034 7 INFO placement.requestlog [req-2cbe5b5c-65f1-449c-95c3-3c4f32e068d3 req-3c6ec948-4991-44be-8445-74c48f5095ee 08d592c441de4c7f9cf5f5a714b876f1 196c0b0fa5b144c1a59f0072b9724297 - - 26ecba939d994e92b0c4fb9d0d4b444e 26ecba939d994e92b0c4fb9d0d4b444e] 10.0.0.148 "GET /allocation_candidates?limit=1000&resources=DISK_GB%3A1%2CMEMORY_MB%3A512%2CVCPU%3A1&root_required=%21COMPUTE_STATUS_DISABLED" status: 200 len: 2445 microversion: 1.36 [pid: 7|app: 0|req: 314/630] 10.0.0.148 () {34 vars in 1012 bytes} [Wed Jul 1 02:00:37 2026] GET /allocation_candidates?limit=1000&resources=DISK_GB%3A1%2CMEMORY_MB%3A512%2CVCPU%3A1&root_required=%21COMPUTE_STATUS_DISABLED => generated 2445 bytes in 43 msecs (HTTP/1.1 200) 8 headers in 297 bytes (1 switches on core 0)
2026-07-01 02:00:38.063 8 INFO placement.requestlog [req-2cbe5b5c-65f1-449c-95c3-3c4f32e068d3 req-df82b128-fb72-41c6-8c91-6650e4c48fab 08d592c441de4c7f9cf5f5a714b876f1 196c0b0fa5b144c1a59f0072b9724297 - - 26ecba939d994e92b0c4fb9d0d4b444e 26ecba939d994e92b0c4fb9d0d4b444e] 10.0.0.148 "GET /allocations/69320669-95ea-4570-a57a-a6e13b16be79" status: 200 len: 19 microversion: 1.28 [pid: 8|app: 0|req: 317/631] 10.0.0.148 () {34 vars in 861 bytes} [Wed Jul 1 02:00:38 2026] GET /allocations/69320669-95ea-4570-a57a-a6e13b16be79 => generated 19 bytes in 14 msecs (HTTP/1.1 200) 8 headers in 295 bytes (1 switches on core 0)
2026-07-01 02:00:38.126 7 INFO placement.requestlog [req-2cbe5b5c-65f1-449c-95c3-3c4f32e068d3 req-8b168af1-6e6e-408c-b930-85d93a8cfe4f 08d592c441de4c7f9cf5f5a714b876f1 196c0b0fa5b144c1a59f0072b9724297 - - 26ecba939d994e92b0c4fb9d0d4b444e 26ecba939d994e92b0c4fb9d0d4b444e] 10.0.0.148 "PUT /allocations/69320669-95ea-4570-a57a-a6e13b16be79" status: 204 len: 0 microversion: 1.36 [pid: 7|app: 0|req: 315/632] 10.0.0.148 () {38 vars in 914 bytes} [Wed Jul 1 02:00:38 2026] PUT /allocations/69320669-95ea-4570-a57a-a6e13b16be79 => generated 0 bytes in 58 msecs (HTTP/1.1 204) 5 headers in 199 bytes (1 switches on core 0)
2026-07-01 02:00:39.568 8 INFO placement.requestlog [req-3077d39a-d67d-421c-aa6c-1773236953ba req-5714f1e3-2f1f-432b-9a43-c7a9025c3a64 08d592c441de4c7f9cf5f5a714b876f1 196c0b0fa5b144c1a59f0072b9724297 - - 26ecba939d994e92b0c4fb9d0d4b444e 26ecba939d994e92b0c4fb9d0d4b444e] 199.204.45.116 "GET /resource_providers/ff9b11b8-c54f-48cf-8fd2-070418b4f31c/allocations" status: 200 len: 438 microversion: 1.0 [pid: 8|app: 0|req: 318/633] 199.204.45.116 () {32 vars in 857 bytes} [Wed Jul 1 02:00:39 2026] GET /resource_providers/ff9b11b8-c54f-48cf-8fd2-070418b4f31c/allocations => generated 438 bytes in 24 msecs (HTTP/1.1 200) 6 headers in 224 bytes (1 switches on core 0)
2026-07-01 02:00:39.600 7 INFO placement.requestlog [req-3077d39a-d67d-421c-aa6c-1773236953ba req-37f85482-48a2-4585-b289-f4d7be59d8c2 08d592c441de4c7f9cf5f5a714b876f1 196c0b0fa5b144c1a59f0072b9724297 - - 26ecba939d994e92b0c4fb9d0d4b444e 26ecba939d994e92b0c4fb9d0d4b444e] 199.204.45.116 "GET /allocations/80ff40c6-fab6-4e21-bef7-a170ce475eec" status: 200 len: 257 microversion: 1.28 [pid: 7|app: 0|req: 316/634] 199.204.45.116 () {34 vars in 863 bytes} [Wed Jul 1 02:00:39 2026] GET /allocations/80ff40c6-fab6-4e21-bef7-a170ce475eec => generated 257 bytes in 28 msecs (HTTP/1.1 200) 8 headers in 296 bytes (1 switches on core 0)
2026-07-01 02:00:39.627 8 INFO placement.requestlog [req-3077d39a-d67d-421c-aa6c-1773236953ba req-16e78ffc-e0d4-4d79-a09b-fb49d25c360d 08d592c441de4c7f9cf5f5a714b876f1 196c0b0fa5b144c1a59f0072b9724297 - - 26ecba939d994e92b0c4fb9d0d4b444e 26ecba939d994e92b0c4fb9d0d4b444e] 199.204.45.116 "GET /allocations/54f15a57-cc3f-46fd-b53a-0a6bdd35f8c8" status: 200 len: 243 microversion: 1.28 [pid: 8|app: 0|req: 319/635] 199.204.45.116 () {34 vars in 863 bytes} [Wed Jul 1 02:00:39 2026] GET /allocations/54f15a57-cc3f-46fd-b53a-0a6bdd35f8c8 => generated 243 bytes in 20 msecs (HTTP/1.1 200) 8 headers in 296 bytes (1 switches on core 0)
2026-07-01 02:00:39.647 7 INFO placement.requestlog [req-3077d39a-d67d-421c-aa6c-1773236953ba req-f9e1e992-483e-4a7d-85fe-16e3fe7f7879 08d592c441de4c7f9cf5f5a714b876f1 196c0b0fa5b144c1a59f0072b9724297 - - 26ecba939d994e92b0c4fb9d0d4b444e 26ecba939d994e92b0c4fb9d0d4b444e] 199.204.45.116 "GET /allocations/69320669-95ea-4570-a57a-a6e13b16be79" status: 200 len: 257 microversion: 1.28 [pid: 7|app: 0|req: 317/636] 199.204.45.116 () {34 vars in 863 bytes} [Wed Jul 1 02:00:39 2026] GET /allocations/69320669-95ea-4570-a57a-a6e13b16be79 => generated 257 bytes in 13 msecs (HTTP/1.1 200) 8 headers in 296 bytes (1 switches on core 0)
2026-07-01 02:00:39.663 8 INFO placement.requestlog [req-3077d39a-d67d-421c-aa6c-1773236953ba req-06c62ee4-1521-45a2-b78d-4cd1ca254932 08d592c441de4c7f9cf5f5a714b876f1 196c0b0fa5b144c1a59f0072b9724297 - - 26ecba939d994e92b0c4fb9d0d4b444e 26ecba939d994e92b0c4fb9d0d4b444e] 199.204.45.116 "GET /allocations/2ab7997c-8279-4224-94d9-068972e38108" status: 200 len: 257 microversion: 1.28 [pid: 8|app: 0|req: 320/637] 199.204.45.116 () {34 vars in 863 bytes} [Wed Jul 1 02:00:39 2026] GET /allocations/2ab7997c-8279-4224-94d9-068972e38108 => generated 257 bytes in 11 msecs (HTTP/1.1 200) 8 headers in 296 bytes (1 switches on core 0)
2026-07-01 02:00:39.713 7 INFO placement.requestlog [req-2cbe5b5c-65f1-449c-95c3-3c4f32e068d3 req-5010598c-70f6-41db-9a93-34b0de6142e0 08d592c441de4c7f9cf5f5a714b876f1 196c0b0fa5b144c1a59f0072b9724297 - - 26ecba939d994e92b0c4fb9d0d4b444e 26ecba939d994e92b0c4fb9d0d4b444e] 199.204.45.116 "GET /allocations/69320669-95ea-4570-a57a-a6e13b16be79" status: 200 len: 257 microversion: 1.28 [pid: 7|app: 0|req: 318/638] 199.204.45.116 () {34 vars in 863 bytes} [Wed Jul 1 02:00:39 2026] GET /allocations/69320669-95ea-4570-a57a-a6e13b16be79 => generated 257 bytes in 16 msecs (HTTP/1.1 200) 8 headers in 296 bytes (1 switches on core 0)
2026-07-01 02:00:40.712 8 INFO placement.requestlog [req-3077d39a-d67d-421c-aa6c-1773236953ba req-5404e25e-e656-4a98-96e8-e0eefbcda487 08d592c441de4c7f9cf5f5a714b876f1 196c0b0fa5b144c1a59f0072b9724297 - - 26ecba939d994e92b0c4fb9d0d4b444e 26ecba939d994e92b0c4fb9d0d4b444e] 199.204.45.116 "DELETE /allocations/2ab7997c-8279-4224-94d9-068972e38108" status: 204 len: 0 microversion: 1.0 [pid: 8|app: 0|req: 321/639] 199.204.45.116 () {34 vars in 841 bytes} [Wed Jul 1 02:00:40 2026] DELETE /allocations/2ab7997c-8279-4224-94d9-068972e38108 => generated 0 bytes in 26 msecs (HTTP/1.1 204) 5 headers in 198 bytes (1 switches on core 0)
2026-07-01 02:00:41.739 7 INFO placement.requestlog [req-2cbe5b5c-65f1-449c-95c3-3c4f32e068d3 req-e8cb0c6a-6c85-4cd7-adce-510881aa9dd9 08d592c441de4c7f9cf5f5a714b876f1 196c0b0fa5b144c1a59f0072b9724297 - - 26ecba939d994e92b0c4fb9d0d4b444e 26ecba939d994e92b0c4fb9d0d4b444e] 199.204.45.116 "GET /resource_providers/ff9b11b8-c54f-48cf-8fd2-070418b4f31c/allocations" status: 200 len: 338 microversion: 1.0 [pid: 7|app: 0|req: 319/640] 199.204.45.116 () {32 vars in 857 bytes} [Wed Jul 1 02:00:41 2026] GET /resource_providers/ff9b11b8-c54f-48cf-8fd2-070418b4f31c/allocations => generated 338 bytes in 30 msecs (HTTP/1.1 200) 6 headers in 224 bytes (1 switches on core 0)
2026-07-01 02:00:41.772 8 INFO placement.requestlog [req-2cbe5b5c-65f1-449c-95c3-3c4f32e068d3 req-d0ce886a-465f-4ba1-8a31-133f1d7596c1 08d592c441de4c7f9cf5f5a714b876f1 196c0b0fa5b144c1a59f0072b9724297 - - 26ecba939d994e92b0c4fb9d0d4b444e 26ecba939d994e92b0c4fb9d0d4b444e] 199.204.45.116 "GET /allocations/80ff40c6-fab6-4e21-bef7-a170ce475eec" status: 200 len: 257 microversion: 1.28 [pid: 8|app: 0|req: 322/641] 199.204.45.116 () {34 vars in 863 bytes} [Wed Jul 1 02:00:41 2026] GET /allocations/80ff40c6-fab6-4e21-bef7-a170ce475eec => generated 257 bytes in 24 msecs (HTTP/1.1 200) 8 headers in 296 bytes (1 switches on core 0)
2026-07-01 02:00:41.801 7 INFO placement.requestlog [req-2cbe5b5c-65f1-449c-95c3-3c4f32e068d3 req-5050fd52-411b-4fd2-8450-ef191ee39a97 08d592c441de4c7f9cf5f5a714b876f1 196c0b0fa5b144c1a59f0072b9724297 - - 26ecba939d994e92b0c4fb9d0d4b444e 26ecba939d994e92b0c4fb9d0d4b444e] 199.204.45.116 "GET /allocations/54f15a57-cc3f-46fd-b53a-0a6bdd35f8c8" status: 200 len: 243 microversion: 1.28 [pid: 7|app: 0|req: 320/642] 199.204.45.116 () {34 vars in 863 bytes} [Wed Jul 1 02:00:41 2026] GET /allocations/54f15a57-cc3f-46fd-b53a-0a6bdd35f8c8 => generated 243 bytes in 20 msecs (HTTP/1.1 200) 8 headers in 296 bytes (1 switches on core 0)
2026-07-01 02:00:41.838 8 INFO placement.requestlog [req-2cbe5b5c-65f1-449c-95c3-3c4f32e068d3 req-0d0e9a1b-b7c3-4d9b-b070-3daf01c11562 08d592c441de4c7f9cf5f5a714b876f1 196c0b0fa5b144c1a59f0072b9724297 - - 26ecba939d994e92b0c4fb9d0d4b444e 26ecba939d994e92b0c4fb9d0d4b444e] 199.204.45.116 "GET /allocations/69320669-95ea-4570-a57a-a6e13b16be79" status: 200 len: 257 microversion: 1.28 [pid: 8|app: 0|req: 323/643] 199.204.45.116 () {34 vars in 863 bytes} [Wed Jul 1 02:00:41 2026] GET /allocations/69320669-95ea-4570-a57a-a6e13b16be79 => generated 257 bytes in 22 msecs (HTTP/1.1 200) 8 headers in 296 bytes (1 switches on core 0)
2026-07-01 02:00:43.006 7 INFO placement.requestlog [req-36cdca54-1cfc-4e80-b676-a1ae49e932e0 req-d0e40ef5-a199-4a2f-9fd7-e0873e7e0d11 08d592c441de4c7f9cf5f5a714b876f1 196c0b0fa5b144c1a59f0072b9724297 - - 26ecba939d994e92b0c4fb9d0d4b444e 26ecba939d994e92b0c4fb9d0d4b444e] 199.204.45.116 "GET /resource_providers/ff9b11b8-c54f-48cf-8fd2-070418b4f31c/allocations" status: 200 len: 338 microversion: 1.0 [pid: 7|app: 0|req: 321/644] 199.204.45.116 () {32 vars in 857 bytes} [Wed Jul 1 02:00:42 2026] GET /resource_providers/ff9b11b8-c54f-48cf-8fd2-070418b4f31c/allocations => generated 338 bytes in 18 msecs (HTTP/1.1 200) 6 headers in 224 bytes (1 switches on core 0)
2026-07-01 02:00:43.026 8 INFO placement.requestlog [req-36cdca54-1cfc-4e80-b676-a1ae49e932e0 req-7baed80f-eac8-47d4-a682-655e960dfb98 08d592c441de4c7f9cf5f5a714b876f1 196c0b0fa5b144c1a59f0072b9724297 - - 26ecba939d994e92b0c4fb9d0d4b444e 26ecba939d994e92b0c4fb9d0d4b444e] 199.204.45.116 "GET /allocations/80ff40c6-fab6-4e21-bef7-a170ce475eec" status: 200 len: 257 microversion: 1.28 [pid: 8|app: 0|req: 324/645] 199.204.45.116 () {34 vars in 863 bytes} [Wed Jul 1 02:00:43 2026] GET /allocations/80ff40c6-fab6-4e21-bef7-a170ce475eec => generated 257 bytes in 13 msecs (HTTP/1.1 200) 8 headers in 296 bytes (1 switches on core 0)
2026-07-01 02:00:43.046 7 INFO placement.requestlog [req-36cdca54-1cfc-4e80-b676-a1ae49e932e0 req-9df52e69-641f-4988-93f4-0d0854459f1f 08d592c441de4c7f9cf5f5a714b876f1 196c0b0fa5b144c1a59f0072b9724297 - - 26ecba939d994e92b0c4fb9d0d4b444e 26ecba939d994e92b0c4fb9d0d4b444e] 199.204.45.116 "GET /allocations/54f15a57-cc3f-46fd-b53a-0a6bdd35f8c8" status: 200 len: 243 microversion: 1.28 [pid: 7|app: 0|req: 322/646] 199.204.45.116 () {34 vars in 863 bytes} [Wed Jul 1 02:00:43 2026] GET /allocations/54f15a57-cc3f-46fd-b53a-0a6bdd35f8c8 => generated 243 bytes in 12 msecs (HTTP/1.1 200) 8 headers in 296 bytes (1 switches on core 0)
2026-07-01 02:00:43.063 8 INFO placement.requestlog [req-36cdca54-1cfc-4e80-b676-a1ae49e932e0 req-84e11409-2544-405c-9ae9-bab15941f142 08d592c441de4c7f9cf5f5a714b876f1 196c0b0fa5b144c1a59f0072b9724297 - - 26ecba939d994e92b0c4fb9d0d4b444e 26ecba939d994e92b0c4fb9d0d4b444e] 199.204.45.116 "GET /allocations/69320669-95ea-4570-a57a-a6e13b16be79" status: 200 len: 257 microversion: 1.28 [pid: 8|app: 0|req: 325/647] 199.204.45.116 () {34 vars in 863 bytes} [Wed Jul 1 02:00:43 2026] GET /allocations/69320669-95ea-4570-a57a-a6e13b16be79 => generated 257 bytes in 11 msecs (HTTP/1.1 200) 8 headers in 296 bytes (1 switches on core 0)
2026-07-01 02:00:43.917 7 INFO placement.requestlog [None req-462ef536-d10e-499c-9ba0-8620e4ab21da c37c2d2ddadf4768a157afce9f450fcf 196c0b0fa5b144c1a59f0072b9724297 - - 26ecba939d994e92b0c4fb9d0d4b444e 26ecba939d994e92b0c4fb9d0d4b444e] 10.0.0.140 "GET /resource_providers/e759bc72-9131-4d51-93a7-71673e2414a0/aggregates" status: 404 len: 235 microversion: 1.1 [pid: 7|app: 0|req: 323/648] 10.0.0.140 () {32 vars in 816 bytes} [Wed Jul 1 02:00:43 2026] GET /resource_providers/e759bc72-9131-4d51-93a7-71673e2414a0/aggregates => generated 235 bytes in 11 msecs (HTTP/1.1 404) 5 headers in 202 bytes (1 switches on core 0)
2026-07-01 02:00:43.921 8 INFO placement.requestlog [None req-3cf3572c-3f78-41bb-8d04-253b9cbfc8e3 c37c2d2ddadf4768a157afce9f450fcf 196c0b0fa5b144c1a59f0072b9724297 - - 26ecba939d994e92b0c4fb9d0d4b444e 26ecba939d994e92b0c4fb9d0d4b444e] 10.0.0.140 "GET /resource_providers/e759bc72-9131-4d51-93a7-71673e2414a0/aggregates" status: 404 len: 235 microversion: 1.1 [pid: 8|app: 0|req: 326/649] 10.0.0.140 () {32 vars in 816 bytes} [Wed Jul 1 02:00:43 2026] GET /resource_providers/e759bc72-9131-4d51-93a7-71673e2414a0/aggregates => generated 235 bytes in 12 msecs (HTTP/1.1 404) 5 headers in 202 bytes (1 switches on core 0)
2026-07-01 02:00:43.949 7 INFO placement.requestlog [None req-172d3918-2739-4be4-be64-f8c9979727f2 c37c2d2ddadf4768a157afce9f450fcf 196c0b0fa5b144c1a59f0072b9724297 - - 26ecba939d994e92b0c4fb9d0d4b444e 26ecba939d994e92b0c4fb9d0d4b444e] 10.0.0.140 "DELETE /resource_providers/e759bc72-9131-4d51-93a7-71673e2414a0" status: 404 len: 246 microversion: 1.1
2026-07-01 02:00:43.949 8 INFO placement.requestlog [None req-93251542-cbfd-494b-8d0a-d59b115faa84 c37c2d2ddadf4768a157afce9f450fcf 196c0b0fa5b144c1a59f0072b9724297 - - 26ecba939d994e92b0c4fb9d0d4b444e 26ecba939d994e92b0c4fb9d0d4b444e] 10.0.0.140 "DELETE /resource_providers/e759bc72-9131-4d51-93a7-71673e2414a0" status: 404 len: 246 microversion: 1.1 [pid: 7|app: 0|req: 324/650] 10.0.0.140 () {34 vars in 816 bytes} [Wed Jul 1 02:00:43 2026] DELETE /resource_providers/e759bc72-9131-4d51-93a7-71673e2414a0 => generated 246 bytes in 16 msecs (HTTP/1.1 404) 6 headers in 231 bytes (1 switches on core 0) [pid: 8|app: 0|req: 327/651] 10.0.0.140 () {34 vars in 816 bytes} [Wed Jul 1 02:00:43 2026] DELETE /resource_providers/e759bc72-9131-4d51-93a7-71673e2414a0 => generated 246 bytes in 10 msecs (HTTP/1.1 404) 6 headers in 231 bytes (1 switches on core 0)
2026-07-01 02:00:44.137 7 INFO placement.requestlog [req-36cdca54-1cfc-4e80-b676-a1ae49e932e0 req-67d3a4e1-88d3-4842-9215-c83db4ed7e42 08d592c441de4c7f9cf5f5a714b876f1 196c0b0fa5b144c1a59f0072b9724297 - - 26ecba939d994e92b0c4fb9d0d4b444e 26ecba939d994e92b0c4fb9d0d4b444e] 199.204.45.116 "DELETE /allocations/54f15a57-cc3f-46fd-b53a-0a6bdd35f8c8" status: 204 len: 0 microversion: 1.0 [pid: 7|app: 0|req: 325/652] 199.204.45.116 () {34 vars in 841 bytes} [Wed Jul 1 02:00:44 2026] DELETE /allocations/54f15a57-cc3f-46fd-b53a-0a6bdd35f8c8 => generated 0 bytes in 44 msecs (HTTP/1.1 204) 5 headers in 198 bytes (1 switches on core 0)
2026-07-01 02:00:45.970 8 INFO placement.requestlog [None req-b9b097a9-c422-4f92-aec4-bc639a8782d2 c37c2d2ddadf4768a157afce9f450fcf 196c0b0fa5b144c1a59f0072b9724297 - - 26ecba939d994e92b0c4fb9d0d4b444e 26ecba939d994e92b0c4fb9d0d4b444e] 10.0.0.140 "GET /resource_providers/8564ab12-2712-4d87-91b4-e364cf9da1aa/aggregates" status: 404 len: 235 microversion: 1.1 [pid: 8|app: 0|req: 328/653] 10.0.0.140 () {32 vars in 816 bytes} [Wed Jul 1 02:00:45 2026] GET /resource_providers/8564ab12-2712-4d87-91b4-e364cf9da1aa/aggregates => generated 235 bytes in 8 msecs (HTTP/1.1 404) 5 headers in 202 bytes (1 switches on core 0)
2026-07-01 02:00:45.971 7 INFO placement.requestlog [None req-c1697509-205c-473a-b3ef-67beb1e9f579 c37c2d2ddadf4768a157afce9f450fcf 196c0b0fa5b144c1a59f0072b9724297 - - 26ecba939d994e92b0c4fb9d0d4b444e 26ecba939d994e92b0c4fb9d0d4b444e] 10.0.0.140 "GET /resource_providers/8564ab12-2712-4d87-91b4-e364cf9da1aa/aggregates" status: 404 len: 235 microversion: 1.1 [pid: 7|app: 0|req: 326/654] 10.0.0.140 () {32 vars in 816 bytes} [Wed Jul 1 02:00:45 2026] GET /resource_providers/8564ab12-2712-4d87-91b4-e364cf9da1aa/aggregates => generated 235 bytes in 8 msecs (HTTP/1.1 404) 5 headers in 202 bytes (1 switches on core 0)
2026-07-01 02:00:45.991 8 INFO placement.requestlog [None req-53ef8de0-f1c0-4515-91a8-10370e778016 c37c2d2ddadf4768a157afce9f450fcf 196c0b0fa5b144c1a59f0072b9724297 - - 26ecba939d994e92b0c4fb9d0d4b444e 26ecba939d994e92b0c4fb9d0d4b444e] 10.0.0.140 "DELETE /resource_providers/8564ab12-2712-4d87-91b4-e364cf9da1aa" status: 404 len: 246 microversion: 1.1
2026-07-01 02:00:45.992 7 INFO placement.requestlog [None req-f0863cdf-20e6-435d-990e-fc94cc0000ff c37c2d2ddadf4768a157afce9f450fcf 196c0b0fa5b144c1a59f0072b9724297 - - 26ecba939d994e92b0c4fb9d0d4b444e 26ecba939d994e92b0c4fb9d0d4b444e] 10.0.0.140 "DELETE /resource_providers/8564ab12-2712-4d87-91b4-e364cf9da1aa" status: 404 len: 246 microversion: 1.1 [pid: 8|app: 0|req: 329/655] 10.0.0.140 () {34 vars in 816 bytes} [Wed Jul 1 02:00:45 2026] DELETE /resource_providers/8564ab12-2712-4d87-91b4-e364cf9da1aa => generated 246 bytes in 9 msecs (HTTP/1.1 404) 6 headers in 231 bytes (1 switches on core 0) [pid: 7|app: 0|req: 327/656] 10.0.0.140 () {34 vars in 816 bytes} [Wed Jul 1 02:00:45 2026] DELETE /resource_providers/8564ab12-2712-4d87-91b4-e364cf9da1aa => generated 246 bytes in 9 msecs (HTTP/1.1 404) 6 headers in 231 bytes (1 switches on core 0)
2026-07-01 02:00:46.289 8 INFO placement.requestlog [None req-6b133ca7-880c-49de-a3c9-32b40e3be3f8 - - - - - -] 10.0.0.142 "GET /" status: 200 len: 136 microversion: 1.0
2026-07-01 02:00:46.289 7 INFO placement.requestlog [None req-b59a8a41-5d0e-413d-b073-76ae62549075 - - - - - -] 10.0.0.142 "GET /" status: 200 len: 136 microversion: 1.0
2026-07-01 02:00:47.973 7 INFO placement.requestlog [None req-66338289-e2e1-4c4e-a97e-cdf6a6e05192 c37c2d2ddadf4768a157afce9f450fcf 196c0b0fa5b144c1a59f0072b9724297 - - 26ecba939d994e92b0c4fb9d0d4b444e 26ecba939d994e92b0c4fb9d0d4b444e] 10.0.0.140 "GET /resource_providers/88691135-67ab-4731-8935-2dd1827e5467/aggregates" status: 404 len: 235 microversion: 1.1 [pid: 7|app: 0|req: 329/659] 10.0.0.140 () {32 vars in 816 bytes} [Wed Jul 1 02:00:47 2026] GET /resource_providers/88691135-67ab-4731-8935-2dd1827e5467/aggregates => generated 235 bytes in 9 msecs (HTTP/1.1 404) 5 headers in 202 bytes (1 switches on core 0)
2026-07-01 02:00:47.974 8 INFO placement.requestlog [None req-21dcc0df-86e6-4697-9ce6-eaf6564fe791 c37c2d2ddadf4768a157afce9f450fcf 196c0b0fa5b144c1a59f0072b9724297 - - 26ecba939d994e92b0c4fb9d0d4b444e 26ecba939d994e92b0c4fb9d0d4b444e] 10.0.0.140 "GET /resource_providers/88691135-67ab-4731-8935-2dd1827e5467/aggregates" status: 404 len: 235 microversion: 1.1 [pid: 8|app: 0|req: 331/660] 10.0.0.140 () {32 vars in 816 bytes} [Wed Jul 1 02:00:47 2026] GET /resource_providers/88691135-67ab-4731-8935-2dd1827e5467/aggregates => generated 235 bytes in 10 msecs (HTTP/1.1 404) 5 headers in 202 bytes (1 switches on core 0)
2026-07-01 02:00:47.994 7 INFO placement.requestlog [None req-a902a4e7-360c-4759-ac3b-072e0d7ff390 c37c2d2ddadf4768a157afce9f450fcf 196c0b0fa5b144c1a59f0072b9724297 - - 26ecba939d994e92b0c4fb9d0d4b444e 26ecba939d994e92b0c4fb9d0d4b444e] 10.0.0.140 "DELETE /resource_providers/88691135-67ab-4731-8935-2dd1827e5467" status: 404 len: 246 microversion: 1.1 [pid: 7|app: 0|req: 330/661] 10.0.0.140 () {34 vars in 816 bytes} [Wed Jul 1 02:00:47 2026] DELETE /resource_providers/88691135-67ab-4731-8935-2dd1827e5467 => generated 246 bytes in 9 msecs (HTTP/1.1 404) 6 headers in 231 bytes (1 switches on core 0)
2026-07-01 02:00:48.001 8 INFO placement.requestlog [None req-78710a29-ffac-40ea-929f-3d47bebe09fe c37c2d2ddadf4768a157afce9f450fcf 196c0b0fa5b144c1a59f0072b9724297 - - 26ecba939d994e92b0c4fb9d0d4b444e 26ecba939d994e92b0c4fb9d0d4b444e] 10.0.0.140 "DELETE /resource_providers/88691135-67ab-4731-8935-2dd1827e5467" status: 404 len: 246 microversion: 1.1 [pid: 8|app: 0|req: 332/662] 10.0.0.140 () {34 vars in 816 bytes} [Wed Jul 1 02:00:47 2026] DELETE /resource_providers/88691135-67ab-4731-8935-2dd1827e5467 => generated 246 bytes in 12 msecs (HTTP/1.1 404) 6 headers in 231 bytes (1 switches on core 0)
2026-07-01 02:00:48.542 8 INFO placement.requestlog [None req-150f28c9-f45f-4fdf-b656-ea2049701b70 c37c2d2ddadf4768a157afce9f450fcf 196c0b0fa5b144c1a59f0072b9724297 - - 26ecba939d994e92b0c4fb9d0d4b444e 26ecba939d994e92b0c4fb9d0d4b444e] 10.0.0.140 "GET /resource_providers/0cfbe5b0-5902-402c-b01d-dbe506880b29/aggregates" status: 404 len: 235 microversion: 1.1 [pid: 8|app: 0|req: 333/663] 10.0.0.140 () {32 vars in 816 bytes} [Wed Jul 1 02:00:48 2026] GET /resource_providers/0cfbe5b0-5902-402c-b01d-dbe506880b29/aggregates => generated 235 bytes in 13 msecs (HTTP/1.1 404) 5 headers in 202 bytes (1 switches on core 0)
2026-07-01 02:00:48.551 7 INFO placement.requestlog [None req-35039eb9-b650-44b2-83d6-4ead06444828 c37c2d2ddadf4768a157afce9f450fcf 196c0b0fa5b144c1a59f0072b9724297 - - 26ecba939d994e92b0c4fb9d0d4b444e 26ecba939d994e92b0c4fb9d0d4b444e] 10.0.0.140 "GET /resource_providers/0cfbe5b0-5902-402c-b01d-dbe506880b29/aggregates" status: 404 len: 235 microversion: 1.1 [pid: 7|app: 0|req: 331/664] 10.0.0.140 () {32 vars in 816 bytes} [Wed Jul 1 02:00:48 2026] GET /resource_providers/0cfbe5b0-5902-402c-b01d-dbe506880b29/aggregates => generated 235 bytes in 22 msecs (HTTP/1.1 404) 5 headers in 202 bytes (1 switches on core 0)
