2026-06-23 23:22:48.416 10 INFO neutron.db.ovn_revision_numbers_db [None req-da34c8e3-a33f-45e7-a53c-5b55a5d98ed1 73a09b60f52042de9611465c8335dc40 5cc1ad8061a84c8a80cef83cd47b598f - - default default] Successfully bumped revision number for resource d243bd03-0f0a-4110-ad3b-bf0eeaff37a5 (type: security_group_rules) to 0
2026-06-23 23:22:48.426 10 INFO neutron.db.ovn_revision_numbers_db [None req-b37ae959-e8cf-4ba5-a2d9-acc9c4730644 - - - - - -] Successfully bumped revision number for resource 57ac62ac-09e9-428b-ab06-74c3a0165465 (type: router_ports) to 3
2026-06-23 23:22:48.428 9 INFO neutron.db.ovn_revision_numbers_db [None req-4611d230-082b-44ed-96f1-ebe219aa7632 73a09b60f52042de9611465c8335dc40 5cc1ad8061a84c8a80cef83cd47b598f - - default default] Successfully bumped revision number for resource 6879c0bb-6335-4ba6-9220-4fe1bcb9b7f5 (type: networks) to 1
2026-06-23 23:22:48.450 10 WARNING neutron.scheduler.dhcp_agent_scheduler [None req-e5fcb70f-222e-43ef-b601-57d10b61ce31 73a09b60f52042de9611465c8335dc40 5cc1ad8061a84c8a80cef83cd47b598f - - default default] No more DHCP agents
2026-06-23 23:22:48.453 10 INFO neutron.wsgi [None req-da34c8e3-a33f-45e7-a53c-5b55a5d98ed1 73a09b60f52042de9611465c8335dc40 5cc1ad8061a84c8a80cef83cd47b598f - - default default] 10.0.0.176 "GET /v2.0/security-groups?tenant_id=0933e4ec6df140bc815f2cef39660921&name=default HTTP/1.1" status: 200 len: 2992 time: 0.6917553
2026-06-23 23:22:48.458 10 WARNING neutron.api.rpc.agentnotifiers.dhcp_rpc_agent_api [None req-e5fcb70f-222e-43ef-b601-57d10b61ce31 73a09b60f52042de9611465c8335dc40 5cc1ad8061a84c8a80cef83cd47b598f - - default default] Unable to schedule network 10fa99df-13aa-46b4-a861-ad1dde2e38ba: no agents available; will retry on subsequent port and subnet creation events.
2026-06-23 23:22:48.470 9 INFO neutron.db.ovn_revision_numbers_db [None req-16bb63c5-74f2-4fa2-b9fa-1263f658141c - - - - - -] Successfully bumped revision number for resource 61f328e9-72ba-4747-85d0-2c5bf92052bb (type: ports) to 2
2026-06-23 23:22:48.677 10 INFO neutron.db.ovn_revision_numbers_db [None req-b37ae959-e8cf-4ba5-a2d9-acc9c4730644 - - - - - -] Successfully bumped revision number for resource 57ac62ac-09e9-428b-ab06-74c3a0165465 (type: ports) to 2
2026-06-23 23:22:48.876 9 WARNING neutron.scheduler.dhcp_agent_scheduler [None req-4611d230-082b-44ed-96f1-ebe219aa7632 73a09b60f52042de9611465c8335dc40 5cc1ad8061a84c8a80cef83cd47b598f - - default default] No more DHCP agents
2026-06-23 23:22:48.881 9 WARNING neutron.api.rpc.agentnotifiers.dhcp_rpc_agent_api [None req-4611d230-082b-44ed-96f1-ebe219aa7632 73a09b60f52042de9611465c8335dc40 5cc1ad8061a84c8a80cef83cd47b598f - - default default] Unable to schedule network 6879c0bb-6335-4ba6-9220-4fe1bcb9b7f5: no agents available; will retry on subsequent port and subnet creation events.
2026-06-23 23:22:48.920 10 INFO neutron.wsgi [None req-20c42362-c3b0-4a0d-a520-2cd03cd701b8 73a09b60f52042de9611465c8335dc40 5cc1ad8061a84c8a80cef83cd47b598f - - default default] 10.0.0.176 "DELETE /v2.0/security-groups/3d06bfa5-d87d-4535-adaf-e0b0cbcd2647 HTTP/1.1" status: 204 len: 168 time: 0.4578621
2026-06-23 23:22:49.058 9 INFO neutron.db.ovn_revision_numbers_db [None req-4611d230-082b-44ed-96f1-ebe219aa7632 73a09b60f52042de9611465c8335dc40 5cc1ad8061a84c8a80cef83cd47b598f - - default default] Successfully bumped revision number for resource 49f2c7e7-206f-4a21-a1f3-d6dbba7c06ef (type: ports) to 1
2026-06-23 23:22:49.083 10 INFO neutron.db.ovn_revision_numbers_db [None req-b37ae959-e8cf-4ba5-a2d9-acc9c4730644 - - - - - -] Successfully bumped revision number for resource 57ac62ac-09e9-428b-ab06-74c3a0165465 (type: ports) to 4
2026-06-23 23:22:49.118 9 INFO neutron.wsgi [None req-4611d230-082b-44ed-96f1-ebe219aa7632 73a09b60f52042de9611465c8335dc40 5cc1ad8061a84c8a80cef83cd47b598f - - default default] 10.0.0.176 "POST /v2.0/networks HTTP/1.1" status: 201 len: 951 time: 1.8680847
2026-06-23 23:22:49.149 9 INFO neutron.db.ovn_revision_numbers_db [None req-16bb63c5-74f2-4fa2-b9fa-1263f658141c - - - - - -] Successfully bumped revision number for resource 61f328e9-72ba-4747-85d0-2c5bf92052bb (type: ports) to 4
2026-06-23 23:22:49.177 9 INFO neutron.plugins.ml2.drivers.ovn.mech_driver.mech_driver [None req-16a56bf0-cf1a-45d0-b006-424b886b744b - - - - - -] OVN reports status up for port: 137d2b4f-f3df-4c05-b5ea-d97a34ae849b
2026-06-23 23:22:49.217 9 INFO neutron.plugins.ml2.plugin [None req-16a56bf0-cf1a-45d0-b006-424b886b744b - - - - - -] Attempt 1 to provision port 137d2b4f-f3df-4c05-b5ea-d97a34ae849b
2026-06-23 23:22:49.521 10 INFO neutron.db.ovn_revision_numbers_db [None req-e4dd065a-f2be-41f8-b1e1-6d40e2bac9f6 73a09b60f52042de9611465c8335dc40 5cc1ad8061a84c8a80cef83cd47b598f - - default default] Successfully bumped revision number for resource e724a24b-2114-4dba-b9b7-2a6169e6a8b7 (type: security_groups) to 1
2026-06-23 23:22:49.556 10 INFO neutron.db.ovn_revision_numbers_db [None req-e4dd065a-f2be-41f8-b1e1-6d40e2bac9f6 73a09b60f52042de9611465c8335dc40 5cc1ad8061a84c8a80cef83cd47b598f - - default default] Successfully bumped revision number for resource 58511703-acd9-4340-8b81-60d1a551b62b (type: security_group_rules) to 0
2026-06-23 23:22:49.568 9 INFO neutron.db.ovn_revision_numbers_db [None req-2cd2e05a-e135-4319-b93d-0a7317207613 73a09b60f52042de9611465c8335dc40 5cc1ad8061a84c8a80cef83cd47b598f - - default default] Successfully bumped revision number for resource 47416fb8-f515-41f5-9380-f2d062e00a35 (type: router_ports) to 1
2026-06-23 23:22:49.591 10 INFO neutron.db.ovn_revision_numbers_db [None req-e4dd065a-f2be-41f8-b1e1-6d40e2bac9f6 73a09b60f52042de9611465c8335dc40 5cc1ad8061a84c8a80cef83cd47b598f - - default default] Successfully bumped revision number for resource 5af6f152-ddfd-49e7-817a-1f441f818caa (type: security_group_rules) to 0
2026-06-23 23:22:49.592 9 WARNING neutron.scheduler.dhcp_agent_scheduler [None req-486fd9ab-9b41-4606-8eff-36173cda061f 73a09b60f52042de9611465c8335dc40 5cc1ad8061a84c8a80cef83cd47b598f - - default default] No more DHCP agents
2026-06-23 23:22:49.601 9 WARNING neutron.api.rpc.agentnotifiers.dhcp_rpc_agent_api [None req-486fd9ab-9b41-4606-8eff-36173cda061f 73a09b60f52042de9611465c8335dc40 5cc1ad8061a84c8a80cef83cd47b598f - - default default] Unable to schedule network 6879c0bb-6335-4ba6-9220-4fe1bcb9b7f5: no agents available; will retry on subsequent port and subnet creation events.
2026-06-23 23:22:49.604 10 INFO neutron.db.ovn_revision_numbers_db [None req-e5fcb70f-222e-43ef-b601-57d10b61ce31 73a09b60f52042de9611465c8335dc40 5cc1ad8061a84c8a80cef83cd47b598f - - default default] Successfully bumped revision number for resource 137d2b4f-f3df-4c05-b5ea-d97a34ae849b (type: router_ports) to 1
2026-06-23 23:22:49.606 10 INFO neutron.wsgi [None req-e5fcb70f-222e-43ef-b601-57d10b61ce31 73a09b60f52042de9611465c8335dc40 5cc1ad8061a84c8a80cef83cd47b598f - - default default] 10.0.0.176 "PUT /v2.0/routers/88686b1b-14b7-442e-b94b-b59bceec2969/add_router_interface HTTP/1.1" status: 200 len: 503 time: 3.0451598
2026-06-23 23:22:49.617 10 INFO neutron.db.ovn_revision_numbers_db [None req-e4dd065a-f2be-41f8-b1e1-6d40e2bac9f6 73a09b60f52042de9611465c8335dc40 5cc1ad8061a84c8a80cef83cd47b598f - - default default] Successfully bumped revision number for resource e2530ee3-bb50-467b-afbd-8229d43268a7 (type: security_group_rules) to 0
2026-06-23 23:22:49.638 10 INFO neutron.db.ovn_revision_numbers_db [None req-e4dd065a-f2be-41f8-b1e1-6d40e2bac9f6 73a09b60f52042de9611465c8335dc40 5cc1ad8061a84c8a80cef83cd47b598f - - default default] Successfully bumped revision number for resource e6c3b4bb-4776-4d33-a2a0-2fa599cceaa2 (type: security_group_rules) to 0
2026-06-23 23:22:49.661 10 INFO neutron.wsgi [None req-e4dd065a-f2be-41f8-b1e1-6d40e2bac9f6 73a09b60f52042de9611465c8335dc40 5cc1ad8061a84c8a80cef83cd47b598f - - default default] 10.0.0.176 "GET /v2.0/security-groups?tenant_id=96d456887841479993b523b732421863&name=default HTTP/1.1" status: 200 len: 2992 time: 0.5730989
2026-06-23 23:22:49.679 10 INFO neutron.db.ovn_revision_numbers_db [None req-b37ae959-e8cf-4ba5-a2d9-acc9c4730644 - - - - - -] Successfully bumped revision number for resource 57ac62ac-09e9-428b-ab06-74c3a0165465 (type: router_ports) to 4
2026-06-23 23:22:49.867 10 INFO neutron.plugins.ml2.drivers.ovn.mech_driver.mech_driver [None req-2bf6d314-f408-4a0e-82b5-81f2864e4d6e - - - - - -] OVN reports status up for port: 47416fb8-f515-41f5-9380-f2d062e00a35
2026-06-23 23:22:49.874 10 INFO neutron.plugins.ml2.plugin [None req-2bf6d314-f408-4a0e-82b5-81f2864e4d6e - - - - - -] Attempt 1 to provision port 47416fb8-f515-41f5-9380-f2d062e00a35
2026-06-23 23:22:49.913 10 INFO neutron.wsgi [None req-da3a6bd8-6f1f-48ce-b523-e2ce3062476f 73a09b60f52042de9611465c8335dc40 5cc1ad8061a84c8a80cef83cd47b598f - - default default] 10.0.0.176 "DELETE /v2.0/security-groups/e724a24b-2114-4dba-b9b7-2a6169e6a8b7 HTTP/1.1" status: 204 len: 168 time: 0.2469437
2026-06-23 23:22:49.929 9 INFO neutron.db.ovn_revision_numbers_db [None req-16bb63c5-74f2-4fa2-b9fa-1263f658141c - - - - - -] Successfully bumped revision number for resource 61f328e9-72ba-4747-85d0-2c5bf92052bb (type: router_ports) to 4
2026-06-23 23:22:49.947 9 INFO neutron.db.ovn_revision_numbers_db [None req-2cd2e05a-e135-4319-b93d-0a7317207613 73a09b60f52042de9611465c8335dc40 5cc1ad8061a84c8a80cef83cd47b598f - - default default] Successfully bumped revision number for resource 47416fb8-f515-41f5-9380-f2d062e00a35 (type: ports) to 1
2026-06-23 23:22:50.054 9 INFO neutron.db.ovn_revision_numbers_db [None req-16a56bf0-cf1a-45d0-b006-424b886b744b - - - - - -] Successfully bumped revision number for resource 137d2b4f-f3df-4c05-b5ea-d97a34ae849b (type: ports) to 2
2026-06-23 23:22:50.100 9 WARNING neutron.scheduler.dhcp_agent_scheduler [None req-2cd2e05a-e135-4319-b93d-0a7317207613 73a09b60f52042de9611465c8335dc40 5cc1ad8061a84c8a80cef83cd47b598f - - default default] No more DHCP agents
2026-06-23 23:22:50.106 9 WARNING neutron.api.rpc.agentnotifiers.dhcp_rpc_agent_api [None req-2cd2e05a-e135-4319-b93d-0a7317207613 73a09b60f52042de9611465c8335dc40 5cc1ad8061a84c8a80cef83cd47b598f - - default default] Unable to schedule network e441c4ea-e3c7-42e2-b357-e227448434d1: no agents available; will retry on subsequent port and subnet creation events.
2026-06-23 23:22:50.153 10 INFO neutron.db.ovn_revision_numbers_db [None req-2bf6d314-f408-4a0e-82b5-81f2864e4d6e - - - - - -] Successfully bumped revision number for resource 47416fb8-f515-41f5-9380-f2d062e00a35 (type: ports) to 2
2026-06-23 23:22:50.278 10 INFO neutron.db.ovn_revision_numbers_db [None req-2bf6d314-f408-4a0e-82b5-81f2864e4d6e - - - - - -] Successfully bumped revision number for resource 47416fb8-f515-41f5-9380-f2d062e00a35 (type: router_ports) to 2
2026-06-23 23:22:50.306 9 INFO neutron.db.ovn_revision_numbers_db [None req-16a56bf0-cf1a-45d0-b006-424b886b744b - - - - - -] Successfully bumped revision number for resource 137d2b4f-f3df-4c05-b5ea-d97a34ae849b (type: router_ports) to 2
2026-06-23 23:22:50.576 9 INFO neutron.db.ovn_revision_numbers_db [None req-486fd9ab-9b41-4606-8eff-36173cda061f 73a09b60f52042de9611465c8335dc40 5cc1ad8061a84c8a80cef83cd47b598f - - default default] Successfully bumped revision number for resource 49f2c7e7-206f-4a21-a1f3-d6dbba7c06ef (type: ports) to 2
2026-06-23 23:22:50.657 9 INFO neutron.db.ovn_revision_numbers_db [None req-486fd9ab-9b41-4606-8eff-36173cda061f 73a09b60f52042de9611465c8335dc40 5cc1ad8061a84c8a80cef83cd47b598f - - default default] Successfully bumped revision number for resource 2ccecc30-845b-456a-8701-e409fba751e1 (type: subnets) to 0
2026-06-23 23:22:50.688 9 INFO neutron.wsgi [None req-486fd9ab-9b41-4606-8eff-36173cda061f 73a09b60f52042de9611465c8335dc40 5cc1ad8061a84c8a80cef83cd47b598f - - default default] 10.0.0.176 "POST /v2.0/subnets HTTP/1.1" status: 201 len: 871 time: 1.5605352
2026-06-23 23:22:50.939 10 INFO neutron.db.ovn_revision_numbers_db [req-4842470a-764b-44d2-845c-5c79d83d2b77 req-be9f5905-1205-4aaa-b22b-d079806b4253 e8e0d4a3cb36465a9d6c94ceda4db701 a9b34585529443099a6040ce33ba95bd - - default default] Successfully bumped revision number for resource 8491e8cb-4fdf-4ed3-9edf-d76ff097f7ff (type: security_groups) to 1
2026-06-23 23:22:50.960 10 INFO neutron.db.ovn_revision_numbers_db [req-4842470a-764b-44d2-845c-5c79d83d2b77 req-be9f5905-1205-4aaa-b22b-d079806b4253 e8e0d4a3cb36465a9d6c94ceda4db701 a9b34585529443099a6040ce33ba95bd - - default default] Successfully bumped revision number for resource 3b60a7cc-95d4-4e7b-b3d1-6eca782ed52b (type: security_group_rules) to 0
2026-06-23 23:22:50.991 10 INFO neutron.db.ovn_revision_numbers_db [req-4842470a-764b-44d2-845c-5c79d83d2b77 req-be9f5905-1205-4aaa-b22b-d079806b4253 e8e0d4a3cb36465a9d6c94ceda4db701 a9b34585529443099a6040ce33ba95bd - - default default] Successfully bumped revision number for resource 9867dacb-873a-4dc8-89a5-4bcd9bca7067 (type: security_group_rules) to 0
2026-06-23 23:22:51.022 10 INFO neutron.wsgi [req-4842470a-764b-44d2-845c-5c79d83d2b77 req-be9f5905-1205-4aaa-b22b-d079806b4253 e8e0d4a3cb36465a9d6c94ceda4db701 a9b34585529443099a6040ce33ba95bd - - default default] 10.0.0.4 "POST /v2.0/security-groups HTTP/1.1" status: 201 len: 1819 time: 0.3596418
2026-06-23 23:22:51.119 9 INFO neutron.db.ovn_revision_numbers_db [None req-2cd2e05a-e135-4319-b93d-0a7317207613 73a09b60f52042de9611465c8335dc40 5cc1ad8061a84c8a80cef83cd47b598f - - default default] Successfully bumped revision number for resource 47416fb8-f515-41f5-9380-f2d062e00a35 (type: router_ports) to 2
2026-06-23 23:22:51.122 9 INFO neutron.wsgi [None req-2cd2e05a-e135-4319-b93d-0a7317207613 73a09b60f52042de9611465c8335dc40 5cc1ad8061a84c8a80cef83cd47b598f - - default default] 10.0.0.176 "PUT /v2.0/routers/bd2fae4f-6136-4e10-a63b-daf3c234f953/add_router_interface HTTP/1.1" status: 200 len: 503 time: 3.8966026
2026-06-23 23:22:51.208 10 WARNING neutron.scheduler.dhcp_agent_scheduler [None req-f44874fa-2806-429d-b995-63fb6e5907eb 73a09b60f52042de9611465c8335dc40 5cc1ad8061a84c8a80cef83cd47b598f - - default default] No more DHCP agents
2026-06-23 23:22:51.210 10 WARNING neutron.api.rpc.agentnotifiers.dhcp_rpc_agent_api [None req-f44874fa-2806-429d-b995-63fb6e5907eb 73a09b60f52042de9611465c8335dc40 5cc1ad8061a84c8a80cef83cd47b598f - - default default] Unable to schedule network e4df1510-cce2-4b48-b7f1-2913b179bb16: no agents available; will retry on subsequent port and subnet creation events.
2026-06-23 23:22:51.365 10 INFO neutron.db.ovn_revision_numbers_db [None req-f44874fa-2806-429d-b995-63fb6e5907eb 73a09b60f52042de9611465c8335dc40 5cc1ad8061a84c8a80cef83cd47b598f - - default default] Successfully bumped revision number for resource 0392e746-e95e-417f-aa62-778f6c2d1cb3 (type: ports) to 1
2026-06-23 23:22:51.707 9 INFO neutron.db.ovn_revision_numbers_db [req-6d7bb918-271f-4a78-804d-cf0d008a367e req-bba92bd7-c469-4ac0-93f5-194b8822a9e9 e8e0d4a3cb36465a9d6c94ceda4db701 a9b34585529443099a6040ce33ba95bd - - default default] Successfully bumped revision number for resource 5c7b5f69-c464-4c76-9afa-f7f7915631db (type: security_groups) to 1
2026-06-23 23:22:51.722 9 INFO neutron.db.ovn_revision_numbers_db [req-6d7bb918-271f-4a78-804d-cf0d008a367e req-bba92bd7-c469-4ac0-93f5-194b8822a9e9 e8e0d4a3cb36465a9d6c94ceda4db701 a9b34585529443099a6040ce33ba95bd - - default default] Successfully bumped revision number for resource d34415a2-0c01-4f68-8db0-50a644235050 (type: security_group_rules) to 0
2026-06-23 23:22:51.746 9 INFO neutron.db.ovn_revision_numbers_db [req-6d7bb918-271f-4a78-804d-cf0d008a367e req-bba92bd7-c469-4ac0-93f5-194b8822a9e9 e8e0d4a3cb36465a9d6c94ceda4db701 a9b34585529443099a6040ce33ba95bd - - default default] Successfully bumped revision number for resource e2d5b9f9-4447-47aa-8db5-d58a5afa389d (type: security_group_rules) to 0
2026-06-23 23:22:51.767 9 INFO neutron.wsgi [req-6d7bb918-271f-4a78-804d-cf0d008a367e req-bba92bd7-c469-4ac0-93f5-194b8822a9e9 e8e0d4a3cb36465a9d6c94ceda4db701 a9b34585529443099a6040ce33ba95bd - - default default] 10.0.0.4 "POST /v2.0/security-groups HTTP/1.1" status: 201 len: 1819 time: 0.3059893
2026-06-23 23:22:51.790 9 INFO neutron.db.ovn_revision_numbers_db [None req-203b87c3-9fd9-4c1b-8426-c7297a4636e1 d9a5b583d6974a318ad09c25b0f47e21 f1d061ebfe5a439abecc7f01f63b1a63 - - default default] Successfully bumped revision number for resource d4ff23a3-cfce-4568-ba4f-744ae1af587b (type: security_groups) to 1
2026-06-23 23:22:51.808 9 INFO neutron.db.ovn_revision_numbers_db [None req-203b87c3-9fd9-4c1b-8426-c7297a4636e1 d9a5b583d6974a318ad09c25b0f47e21 f1d061ebfe5a439abecc7f01f63b1a63 - - default default] Successfully bumped revision number for resource 2490c653-c0c1-46a1-b4f6-4d72930a7869 (type: security_group_rules) to 0
2026-06-23 23:22:51.825 9 INFO neutron.db.ovn_revision_numbers_db [None req-203b87c3-9fd9-4c1b-8426-c7297a4636e1 d9a5b583d6974a318ad09c25b0f47e21 f1d061ebfe5a439abecc7f01f63b1a63 - - default default] Successfully bumped revision number for resource 814114e5-5f3b-4bbf-8601-6f1305388a10 (type: security_group_rules) to 0
2026-06-23 23:22:51.846 9 INFO neutron.wsgi [None req-203b87c3-9fd9-4c1b-8426-c7297a4636e1 d9a5b583d6974a318ad09c25b0f47e21 f1d061ebfe5a439abecc7f01f63b1a63 - - default default] 10.0.0.176 "POST /v2.0/security-groups HTTP/1.1" status: 201 len: 1796 time: 0.1936934
2026-06-23 23:22:51.971 9 INFO neutron.db.ovn_revision_numbers_db [None req-75f4a55d-1c37-4d52-aa94-e9cd600f84a6 d9a5b583d6974a318ad09c25b0f47e21 f1d061ebfe5a439abecc7f01f63b1a63 - - default default] Successfully bumped revision number for resource d4b210bd-34d7-4a67-8479-d392a7e789aa (type: security_group_rules) to 0
2026-06-23 23:22:51.978 10 INFO neutron.db.ovn_revision_numbers_db [req-18c77207-ad84-4512-a132-014783322912 req-79fe723e-06dd-41a5-8e63-ed7b09380776 e8e0d4a3cb36465a9d6c94ceda4db701 a9b34585529443099a6040ce33ba95bd - - default default] Successfully bumped revision number for resource ddaa6dfd-1efc-49fc-9935-dca991ef8615 (type: security_groups) to 1
2026-06-23 23:22:51.996 10 INFO neutron.db.ovn_revision_numbers_db [req-18c77207-ad84-4512-a132-014783322912 req-79fe723e-06dd-41a5-8e63-ed7b09380776 e8e0d4a3cb36465a9d6c94ceda4db701 a9b34585529443099a6040ce33ba95bd - - default default] Successfully bumped revision number for resource e426c80a-425e-4420-a208-c78bdd3c7b21 (type: security_group_rules) to 0
2026-06-23 23:22:51.997 9 INFO neutron.wsgi [None req-75f4a55d-1c37-4d52-aa94-e9cd600f84a6 d9a5b583d6974a318ad09c25b0f47e21 f1d061ebfe5a439abecc7f01f63b1a63 - - default default] 10.0.0.176 "POST /v2.0/security-group-rules HTTP/1.1" status: 201 len: 764 time: 0.1457908
2026-06-23 23:22:52.021 10 INFO neutron.db.ovn_revision_numbers_db [req-18c77207-ad84-4512-a132-014783322912 req-79fe723e-06dd-41a5-8e63-ed7b09380776 e8e0d4a3cb36465a9d6c94ceda4db701 a9b34585529443099a6040ce33ba95bd - - default default] Successfully bumped revision number for resource f8b7b70c-7278-4de0-9235-f5e841e48b38 (type: security_group_rules) to 0
2026-06-23 23:22:52.080 10 INFO neutron.wsgi [req-18c77207-ad84-4512-a132-014783322912 req-79fe723e-06dd-41a5-8e63-ed7b09380776 e8e0d4a3cb36465a9d6c94ceda4db701 a9b34585529443099a6040ce33ba95bd - - default default] 10.0.0.4 "POST /v2.0/security-groups HTTP/1.1" status: 201 len: 1822 time: 0.2835016
2026-06-23 23:22:52.153 9 INFO neutron.plugins.ml2.drivers.ovn.mech_driver.ovsdb.ovsdb_monitor [None req-16bb63c5-74f2-4fa2-b9fa-1263f658141c - - - - - -] Router a11cdbe6-9f58-4c7f-90a3-138acf7598dd is bound to host instance
2026-06-23 23:22:52.163 9 INFO neutron.db.ovn_revision_numbers_db [None req-09363e21-6db3-4da6-9021-3439c076d99a d9a5b583d6974a318ad09c25b0f47e21 f1d061ebfe5a439abecc7f01f63b1a63 - - default default] Successfully bumped revision number for resource c252927d-1573-41c6-871a-1b6f63215059 (type: security_group_rules) to 0
2026-06-23 23:22:52.166 10 INFO neutron.db.ovn_revision_numbers_db [None req-f44874fa-2806-429d-b995-63fb6e5907eb 73a09b60f52042de9611465c8335dc40 5cc1ad8061a84c8a80cef83cd47b598f - - default default] Successfully bumped revision number for resource 0392e746-e95e-417f-aa62-778f6c2d1cb3 (type: router_ports) to 1
2026-06-23 23:22:52.204 9 INFO neutron.wsgi [req-a7c6e8cf-2653-4920-9941-c90b6f24851c req-eb84d79b-629b-4abb-8257-b640236dd258 e8e0d4a3cb36465a9d6c94ceda4db701 a9b34585529443099a6040ce33ba95bd - - default default] 10.0.0.4 "GET /v2.0/security-groups?tenant_id=a9b34585529443099a6040ce33ba95bd HTTP/1.1" status: 200 len: 7788 time: 0.0880744
2026-06-23 23:22:52.207 9 INFO neutron.wsgi [None req-09363e21-6db3-4da6-9021-3439c076d99a d9a5b583d6974a318ad09c25b0f47e21 f1d061ebfe5a439abecc7f01f63b1a63 - - default default] 10.0.0.176 "POST /v2.0/security-group-rules HTTP/1.1" status: 201 len: 769 time: 0.2029734
2026-06-23 23:22:52.284 10 INFO neutron.db.ovn_revision_numbers_db [None req-f44874fa-2806-429d-b995-63fb6e5907eb 73a09b60f52042de9611465c8335dc40 5cc1ad8061a84c8a80cef83cd47b598f - - default default] Successfully bumped revision number for resource a11cdbe6-9f58-4c7f-90a3-138acf7598dd (type: routers) to 2
2026-06-23 23:22:52.297 9 INFO neutron.wsgi [req-a7c6e8cf-2653-4920-9941-c90b6f24851c req-476b0006-4fb1-41fc-ae19-eac3d76938c0 e8e0d4a3cb36465a9d6c94ceda4db701 a9b34585529443099a6040ce33ba95bd - - default default] 10.0.0.4 "GET /v2.0/security-groups/a174d5df-e99d-471b-9625-039209863dce HTTP/1.1" status: 200 len: 2994 time: 0.0771232
2026-06-23 23:22:52.333 10 INFO neutron.wsgi [None req-f44874fa-2806-429d-b995-63fb6e5907eb 73a09b60f52042de9611465c8335dc40 5cc1ad8061a84c8a80cef83cd47b598f - - default default] 10.0.0.176 "POST /v2.0/routers HTTP/1.1" status: 201 len: 882 time: 1.6374359
2026-06-23 23:22:52.395 9 INFO neutron.wsgi [req-a7c6e8cf-2653-4920-9941-c90b6f24851c req-f0e13fe3-1990-4d2f-b288-f30c519fe78f e8e0d4a3cb36465a9d6c94ceda4db701 a9b34585529443099a6040ce33ba95bd - - default default] 10.0.0.4 "GET /v2.0/security-groups/a174d5df-e99d-471b-9625-039209863dce HTTP/1.1" status: 200 len: 2994 time: 0.0800207
2026-06-23 23:22:52.476 10 INFO neutron.wsgi [req-eaf5cf9a-57fc-4a10-a8c0-8dde045b7e6a req-370dc34d-8efc-4bea-b212-3961484a3cf5 e8e0d4a3cb36465a9d6c94ceda4db701 a9b34585529443099a6040ce33ba95bd - - default default] 10.0.0.4 "GET /v2.0/security-groups/8491e8cb-4fdf-4ed3-9edf-d76ff097f7ff HTTP/1.1" status: 200 len: 1814 time: 0.0530603
2026-06-23 23:22:52.759 10 INFO neutron.wsgi [req-eaf5cf9a-57fc-4a10-a8c0-8dde045b7e6a req-329b2edf-3ed2-40c1-aa41-9bb4f71a1e7b e8e0d4a3cb36465a9d6c94ceda4db701 a9b34585529443099a6040ce33ba95bd - - default default] 10.0.0.4 "DELETE /v2.0/security-groups/8491e8cb-4fdf-4ed3-9edf-d76ff097f7ff HTTP/1.1" status: 204 len: 173 time: 0.2691476
2026-06-23 23:22:52.774 10 WARNING neutron.scheduler.dhcp_agent_scheduler [None req-a5030a39-ce8d-4028-849a-ded98a6fadbd d9a5b583d6974a318ad09c25b0f47e21 f1d061ebfe5a439abecc7f01f63b1a63 - - default default] No more DHCP agents
2026-06-23 23:22:52.785 10 WARNING neutron.api.rpc.agentnotifiers.dhcp_rpc_agent_api [None req-a5030a39-ce8d-4028-849a-ded98a6fadbd d9a5b583d6974a318ad09c25b0f47e21 f1d061ebfe5a439abecc7f01f63b1a63 - - default default] Unable to schedule network e4df1510-cce2-4b48-b7f1-2913b179bb16: no agents available; will retry on subsequent port and subnet creation events.
2026-06-23 23:22:52.802 9 INFO neutron.api.v2.resource [req-5a785848-d94c-4c66-a001-6c742736c625 req-2916edb5-e5c1-4917-91e5-5f02b13ab825 e8e0d4a3cb36465a9d6c94ceda4db701 a9b34585529443099a6040ce33ba95bd - - default default] show failed (client error): The resource could not be found.
2026-06-23 23:22:52.804 9 INFO neutron.wsgi [req-5a785848-d94c-4c66-a001-6c742736c625 req-2916edb5-e5c1-4917-91e5-5f02b13ab825 e8e0d4a3cb36465a9d6c94ceda4db701 a9b34585529443099a6040ce33ba95bd - - default default] 10.0.0.4 "GET /v2.0/security-groups/8491e8cb-4fdf-4ed3-9edf-d76ff097f7ff HTTP/1.1" status: 404 len: 352 time: 0.0154386
2026-06-23 23:22:52.851 9 INFO neutron.db.ovn_revision_numbers_db [None req-16bb63c5-74f2-4fa2-b9fa-1263f658141c - - - - - -] Successfully bumped revision number for resource 0392e746-e95e-417f-aa62-778f6c2d1cb3 (type: ports) to 1
2026-06-23 23:22:53.069 10 INFO neutron.wsgi [req-0f18f721-5878-4006-8fd1-c479ba509795 req-ba0c3f83-e5cc-485d-849e-db80fe193913 e8e0d4a3cb36465a9d6c94ceda4db701 a9b34585529443099a6040ce33ba95bd - - default default] 10.0.0.4 "GET /v2.0/security-groups/5c7b5f69-c464-4c76-9afa-f7f7915631db HTTP/1.1" status: 200 len: 1814 time: 0.2424414
2026-06-23 23:22:53.165 9 INFO neutron.db.ovn_revision_numbers_db [None req-16bb63c5-74f2-4fa2-b9fa-1263f658141c - - - - - -] Successfully bumped revision number for resource 0392e746-e95e-417f-aa62-778f6c2d1cb3 (type: router_ports) to 3
2026-06-23 23:22:53.322 10 INFO neutron.wsgi [req-0f18f721-5878-4006-8fd1-c479ba509795 req-e21d023f-4878-44e5-881c-943d70706227 e8e0d4a3cb36465a9d6c94ceda4db701 a9b34585529443099a6040ce33ba95bd - - default default] 10.0.0.4 "DELETE /v2.0/security-groups/5c7b5f69-c464-4c76-9afa-f7f7915631db HTTP/1.1" status: 204 len: 173 time: 0.2426608
2026-06-23 23:22:53.335 9 INFO neutron.db.ovn_revision_numbers_db [None req-16bb63c5-74f2-4fa2-b9fa-1263f658141c - - - - - -] Successfully bumped revision number for resource 0392e746-e95e-417f-aa62-778f6c2d1cb3 (type: ports) to 2
2026-06-23 23:22:53.336 10 WARNING neutron.scheduler.dhcp_agent_scheduler [None req-384fba46-b5df-4a75-9ab6-c81881ed2e1d 73a09b60f52042de9611465c8335dc40 5cc1ad8061a84c8a80cef83cd47b598f - - default default] No more DHCP agents
2026-06-23 23:22:53.341 10 WARNING neutron.api.rpc.agentnotifiers.dhcp_rpc_agent_api [None req-384fba46-b5df-4a75-9ab6-c81881ed2e1d 73a09b60f52042de9611465c8335dc40 5cc1ad8061a84c8a80cef83cd47b598f - - default default] Unable to schedule network 6879c0bb-6335-4ba6-9220-4fe1bcb9b7f5: no agents available; will retry on subsequent port and subnet creation events.
2026-06-23 23:22:53.357 9 INFO neutron.api.v2.resource [req-8f816ee1-c2dc-4112-9f2b-4dc33d66e812 req-043dab14-b404-407d-bb14-7525363f67b2 e8e0d4a3cb36465a9d6c94ceda4db701 a9b34585529443099a6040ce33ba95bd - - default default] show failed (client error): The resource could not be found.
2026-06-23 23:22:53.358 9 INFO neutron.wsgi [req-8f816ee1-c2dc-4112-9f2b-4dc33d66e812 req-043dab14-b404-407d-bb14-7525363f67b2 e8e0d4a3cb36465a9d6c94ceda4db701 a9b34585529443099a6040ce33ba95bd - - default default] 10.0.0.4 "GET /v2.0/security-groups/5c7b5f69-c464-4c76-9afa-f7f7915631db HTTP/1.1" status: 404 len: 352 time: 0.0160010
2026-06-23 23:22:53.455 10 INFO neutron.wsgi [req-f820581f-d9b8-4764-a98b-ae0448e859d1 req-1896a1f3-b655-466b-92dd-ad938ddc6a43 e8e0d4a3cb36465a9d6c94ceda4db701 a9b34585529443099a6040ce33ba95bd - - default default] 10.0.0.4 "GET /v2.0/security-groups/ddaa6dfd-1efc-49fc-9935-dca991ef8615 HTTP/1.1" status: 200 len: 1817 time: 0.0711014
2026-06-23 23:22:53.479 10 INFO neutron.db.ovn_revision_numbers_db [None req-a5030a39-ce8d-4028-849a-ded98a6fadbd d9a5b583d6974a318ad09c25b0f47e21 f1d061ebfe5a439abecc7f01f63b1a63 - - default default] Successfully bumped revision number for resource f545956f-1975-4509-a20a-75204d6ebba5 (type: floatingips) to 0
2026-06-23 23:22:53.504 10 INFO neutron.wsgi [None req-a5030a39-ce8d-4028-849a-ded98a6fadbd d9a5b583d6974a318ad09c25b0f47e21 f1d061ebfe5a439abecc7f01f63b1a63 - - default default] 10.0.0.176 "POST /v2.0/floatingips HTTP/1.1" status: 201 len: 751 time: 1.2843943
2026-06-23 23:22:53.558 10 INFO neutron.db.ovn_revision_numbers_db [None req-384fba46-b5df-4a75-9ab6-c81881ed2e1d 73a09b60f52042de9611465c8335dc40 5cc1ad8061a84c8a80cef83cd47b598f - - default default] Successfully bumped revision number for resource e99b8d1a-3f3f-46bf-9ca8-d9affff8b555 (type: ports) to 1
2026-06-23 23:22:53.632 9 INFO neutron.db.ovn_revision_numbers_db [None req-16bb63c5-74f2-4fa2-b9fa-1263f658141c - - - - - -] Successfully bumped revision number for resource 0392e746-e95e-417f-aa62-778f6c2d1cb3 (type: ports) to 4
2026-06-23 23:22:53.672 10 INFO neutron.wsgi [req-f820581f-d9b8-4764-a98b-ae0448e859d1 req-d711aa28-a887-445b-96ce-75d7b9141601 e8e0d4a3cb36465a9d6c94ceda4db701 a9b34585529443099a6040ce33ba95bd - - default default] 10.0.0.4 "DELETE /v2.0/security-groups/ddaa6dfd-1efc-49fc-9935-dca991ef8615 HTTP/1.1" status: 204 len: 173 time: 0.1996124
2026-06-23 23:22:53.712 9 INFO neutron.api.v2.resource [req-207777b8-f915-433a-afc3-4bcc5766e207 req-456c5df5-779b-41c3-ae5a-9e3552774ae7 e8e0d4a3cb36465a9d6c94ceda4db701 a9b34585529443099a6040ce33ba95bd - - default default] show failed (client error): The resource could not be found.
2026-06-23 23:22:53.713 9 INFO neutron.wsgi [req-207777b8-f915-433a-afc3-4bcc5766e207 req-456c5df5-779b-41c3-ae5a-9e3552774ae7 e8e0d4a3cb36465a9d6c94ceda4db701 a9b34585529443099a6040ce33ba95bd - - default default] 10.0.0.4 "GET /v2.0/security-groups/ddaa6dfd-1efc-49fc-9935-dca991ef8615 HTTP/1.1" status: 404 len: 352 time: 0.0189452
2026-06-23 23:22:53.812 10 INFO neutron.wsgi [req-cc92c63c-068e-4671-b73a-8d3a7ad11aa0 req-1788c79d-4a9f-42e6-8fae-4fb21e565adf e8e0d4a3cb36465a9d6c94ceda4db701 a9b34585529443099a6040ce33ba95bd - - default default] 10.0.0.4 "GET /v2.0/security-groups?tenant_id=a9b34585529443099a6040ce33ba95bd HTTP/1.1" status: 200 len: 2997 time: 0.0712228
2026-06-23 23:22:53.872 10 INFO neutron.wsgi [req-cc92c63c-068e-4671-b73a-8d3a7ad11aa0 req-b66b0873-86c2-43b2-a979-641ae937cc32 e8e0d4a3cb36465a9d6c94ceda4db701 a9b34585529443099a6040ce33ba95bd - - default default] 10.0.0.4 "GET /v2.0/security-groups/a174d5df-e99d-471b-9625-039209863dce HTTP/1.1" status: 200 len: 2994 time: 0.0519292
2026-06-23 23:22:53.924 10 INFO neutron.wsgi [req-cc92c63c-068e-4671-b73a-8d3a7ad11aa0 req-b2a4704e-84aa-4048-bae2-9e1e60715e6f e8e0d4a3cb36465a9d6c94ceda4db701 a9b34585529443099a6040ce33ba95bd - - default default] 10.0.0.4 "GET /v2.0/security-groups/a174d5df-e99d-471b-9625-039209863dce HTTP/1.1" status: 200 len: 2994 time: 0.0445414
2026-06-23 23:22:53.956 9 INFO neutron.db.ovn_revision_numbers_db [None req-16bb63c5-74f2-4fa2-b9fa-1263f658141c - - - - - -] Successfully bumped revision number for resource 0392e746-e95e-417f-aa62-778f6c2d1cb3 (type: router_ports) to 4
2026-06-23 23:22:53.975 10 INFO neutron.api.v2.resource [req-cd686041-c1b4-47c1-9634-877a1469ec43 req-733f8d3f-d378-47bf-beca-1543ddee5418 e8e0d4a3cb36465a9d6c94ceda4db701 a9b34585529443099a6040ce33ba95bd - - default default] show failed (client error): The resource could not be found.
2026-06-23 23:22:53.976 10 INFO neutron.wsgi [req-cd686041-c1b4-47c1-9634-877a1469ec43 req-733f8d3f-d378-47bf-beca-1543ddee5418 e8e0d4a3cb36465a9d6c94ceda4db701 a9b34585529443099a6040ce33ba95bd - - default default] 10.0.0.4 "GET /v2.0/security-groups/ddaa6dfd-1efc-49fc-9935-dca991ef8615 HTTP/1.1" status: 404 len: 352 time: 0.0197246
2026-06-23 23:22:54.038 10 INFO neutron.api.v2.resource [req-25affe16-1cde-4af7-8d67-1531f0fcc0fb req-74262af7-ef42-4a93-8704-9d48dfb8508a e8e0d4a3cb36465a9d6c94ceda4db701 a9b34585529443099a6040ce33ba95bd - - default default] show failed (client error): The resource could not be found.
2026-06-23 23:22:54.039 10 INFO neutron.wsgi [req-25affe16-1cde-4af7-8d67-1531f0fcc0fb req-74262af7-ef42-4a93-8704-9d48dfb8508a e8e0d4a3cb36465a9d6c94ceda4db701 a9b34585529443099a6040ce33ba95bd - - default default] 10.0.0.4 "GET /v2.0/security-groups/5c7b5f69-c464-4c76-9afa-f7f7915631db HTTP/1.1" status: 404 len: 352 time: 0.0182214
2026-06-23 23:22:54.056 9 INFO neutron.wsgi [req-46402fab-cbd9-44eb-afc9-edb4f7af7ee0 req-d3ec51b4-1847-4830-a3ee-6627e51552f6 d9a5b583d6974a318ad09c25b0f47e21 f1d061ebfe5a439abecc7f01f63b1a63 - - default default] 10.0.0.4 "GET /v2.0/security-groups?name=tempest-securitygroup--830204929&fields=id&tenant_id=f1d061ebfe5a439abecc7f01f63b1a63 HTTP/1.1" status: 200 len: 267 time: 0.0551689
2026-06-23 23:22:54.093 10 INFO neutron.api.v2.resource [req-ed62f5b3-80d7-400b-a6f3-243d992b6c18 req-33655edc-04f5-4f0b-8bd7-c78f80ab04b9 e8e0d4a3cb36465a9d6c94ceda4db701 a9b34585529443099a6040ce33ba95bd - - default default] show failed (client error): The resource could not be found.
2026-06-23 23:22:54.094 10 INFO neutron.wsgi [req-ed62f5b3-80d7-400b-a6f3-243d992b6c18 req-33655edc-04f5-4f0b-8bd7-c78f80ab04b9 e8e0d4a3cb36465a9d6c94ceda4db701 a9b34585529443099a6040ce33ba95bd - - default default] 10.0.0.4 "GET /v2.0/security-groups/8491e8cb-4fdf-4ed3-9edf-d76ff097f7ff HTTP/1.1" status: 404 len: 352 time: 0.0207584
2026-06-23 23:22:54.156 10 INFO neutron.db.ovn_revision_numbers_db [None req-384fba46-b5df-4a75-9ab6-c81881ed2e1d 73a09b60f52042de9611465c8335dc40 5cc1ad8061a84c8a80cef83cd47b598f - - default default] Successfully bumped revision number for resource e99b8d1a-3f3f-46bf-9ca8-d9affff8b555 (type: router_ports) to 1
2026-06-23 23:22:54.318 10 INFO neutron.db.ovn_revision_numbers_db [None req-384fba46-b5df-4a75-9ab6-c81881ed2e1d 73a09b60f52042de9611465c8335dc40 5cc1ad8061a84c8a80cef83cd47b598f - - default default] Successfully bumped revision number for resource e99b8d1a-3f3f-46bf-9ca8-d9affff8b555 (type: ports) to 1
2026-06-23 23:22:54.330 9 INFO neutron.wsgi [req-46402fab-cbd9-44eb-afc9-edb4f7af7ee0 req-cb47ea71-1535-48b2-80da-d4630b1ea77e d9a5b583d6974a318ad09c25b0f47e21 f1d061ebfe5a439abecc7f01f63b1a63 - - default default] 10.0.0.4 "GET /v2.0/networks?id=e441c4ea-e3c7-42e2-b357-e227448434d1 HTTP/1.1" status: 200 len: 874 time: 0.2667625
2026-06-23 23:22:54.356 9 INFO neutron.wsgi [req-46402fab-cbd9-44eb-afc9-edb4f7af7ee0 req-911c7a80-8ebe-4968-b3fb-3beba36c2ac8 d9a5b583d6974a318ad09c25b0f47e21 f1d061ebfe5a439abecc7f01f63b1a63 - - default default] 10.0.0.4 "GET /v2.0/quotas/f1d061ebfe5a439abecc7f01f63b1a63 HTTP/1.1" status: 200 len: 386 time: 0.0160730
2026-06-23 23:22:54.407 10 WARNING neutron.scheduler.dhcp_agent_scheduler [None req-384fba46-b5df-4a75-9ab6-c81881ed2e1d 73a09b60f52042de9611465c8335dc40 5cc1ad8061a84c8a80cef83cd47b598f - - default default] No more DHCP agents
2026-06-23 23:22:54.411 10 WARNING neutron.api.rpc.agentnotifiers.dhcp_rpc_agent_api [None req-384fba46-b5df-4a75-9ab6-c81881ed2e1d 73a09b60f52042de9611465c8335dc40 5cc1ad8061a84c8a80cef83cd47b598f - - default default] Unable to schedule network 6879c0bb-6335-4ba6-9220-4fe1bcb9b7f5: no agents available; will retry on subsequent port and subnet creation events.
2026-06-23 23:22:54.453 10 INFO neutron.db.ovn_revision_numbers_db [None req-b656c53a-d5ad-43fa-9ba3-e5478be4e20f 73a09b60f52042de9611465c8335dc40 5cc1ad8061a84c8a80cef83cd47b598f - - default default] Successfully bumped revision number for resource fa611165-da75-4406-be65-1ea2ddca2e6d (type: security_groups) to 1
2026-06-23 23:22:54.480 10 INFO neutron.db.ovn_revision_numbers_db [None req-b656c53a-d5ad-43fa-9ba3-e5478be4e20f 73a09b60f52042de9611465c8335dc40 5cc1ad8061a84c8a80cef83cd47b598f - - default default] Successfully bumped revision number for resource 2464cebd-1e68-4b27-a476-0e61163488f7 (type: security_group_rules) to 0
2026-06-23 23:22:54.497 10 INFO neutron.db.ovn_revision_numbers_db [None req-b656c53a-d5ad-43fa-9ba3-e5478be4e20f 73a09b60f52042de9611465c8335dc40 5cc1ad8061a84c8a80cef83cd47b598f - - default default] Successfully bumped revision number for resource 8d335a05-f626-4eb4-a90c-cdcf2d682efb (type: security_group_rules) to 0
2026-06-23 23:22:54.517 10 INFO neutron.db.ovn_revision_numbers_db [None req-b656c53a-d5ad-43fa-9ba3-e5478be4e20f 73a09b60f52042de9611465c8335dc40 5cc1ad8061a84c8a80cef83cd47b598f - - default default] Successfully bumped revision number for resource 9bdc9e80-b27d-4bcb-aeae-e658694465dd (type: security_group_rules) to 0
2026-06-23 23:22:54.543 10 INFO neutron.db.ovn_revision_numbers_db [None req-b656c53a-d5ad-43fa-9ba3-e5478be4e20f 73a09b60f52042de9611465c8335dc40 5cc1ad8061a84c8a80cef83cd47b598f - - default default] Successfully bumped revision number for resource cecf7f3a-610c-4669-bdaf-18cef896855f (type: security_group_rules) to 0
2026-06-23 23:22:54.563 9 INFO neutron.wsgi [req-46402fab-cbd9-44eb-afc9-edb4f7af7ee0 req-6afafa5a-b3cb-4e7d-a1ed-26ece1cd1852 d9a5b583d6974a318ad09c25b0f47e21 f1d061ebfe5a439abecc7f01f63b1a63 - - default default] 10.0.0.4 "GET /v2.0/ports?tenant_id=f1d061ebfe5a439abecc7f01f63b1a63&fields=id HTTP/1.1" status: 200 len: 302 time: 0.2001128
2026-06-23 23:22:54.690 10 INFO neutron.wsgi [None req-b656c53a-d5ad-43fa-9ba3-e5478be4e20f 73a09b60f52042de9611465c8335dc40 5cc1ad8061a84c8a80cef83cd47b598f - - default default] 10.0.0.176 "GET /v2.0/security-groups?tenant_id=c8fa754e4e3540668ff671697a79e19d&name=default HTTP/1.1" status: 200 len: 2996 time: 0.6038663
2026-06-23 23:22:54.698 9 WARNING neutron.plugins.ml2.drivers.ovn.mech_driver.ovsdb.ovn_client [None req-16a56bf0-cf1a-45d0-b006-424b886b744b - - - - - -] No hosting information found for port 137d2b4f-f3df-4c05-b5ea-d97a34ae849b: RuntimeError: No hosting information found for port 137d2b4f-f3df-4c05-b5ea-d97a34ae849b
2026-06-23 23:22:54.698 9 INFO neutron.plugins.ml2.drivers.ovn.mech_driver.mech_driver [None req-16a56bf0-cf1a-45d0-b006-424b886b744b - - - - - -] OVN reports status up for port: 0392e746-e95e-417f-aa62-778f6c2d1cb3
2026-06-23 23:22:54.716 9 INFO neutron.plugins.ml2.plugin [None req-16a56bf0-cf1a-45d0-b006-424b886b744b - - - - - -] Attempt 1 to provision port 0392e746-e95e-417f-aa62-778f6c2d1cb3
2026-06-23 23:22:54.863 9 INFO neutron.plugins.ml2.drivers.ovn.mech_driver.mech_driver [None req-16a56bf0-cf1a-45d0-b006-424b886b744b - - - - - -] OVN reports status up for port: e99b8d1a-3f3f-46bf-9ca8-d9affff8b555
2026-06-23 23:22:54.869 9 INFO neutron.plugins.ml2.plugin [None req-16a56bf0-cf1a-45d0-b006-424b886b744b - - - - - -] Attempt 1 to provision port e99b8d1a-3f3f-46bf-9ca8-d9affff8b555
2026-06-23 23:22:54.975 10 INFO neutron.wsgi [None req-77c49916-a23e-466f-a14d-8774f8157c0f 73a09b60f52042de9611465c8335dc40 5cc1ad8061a84c8a80cef83cd47b598f - - default default] 10.0.0.176 "DELETE /v2.0/security-groups/fa611165-da75-4406-be65-1ea2ddca2e6d HTTP/1.1" status: 204 len: 168 time: 0.2789388
2026-06-23 23:22:54.985 9 INFO neutron.wsgi [req-46402fab-cbd9-44eb-afc9-edb4f7af7ee0 req-ffcdd1fd-d9d9-4054-9f80-b99e4a463c7e bdd38730b00041c8a83be820a065bc77 5f8ac587b97d4c36a8d609c7451525df - - 833a5cfa7f2841d2921b45d8682549bb 833a5cfa7f2841d2921b45d8682549bb] 10.0.0.4 "GET /v2.0/extensions HTTP/1.1" status: 200 len: 16525 time: 0.0583251
2026-06-23 23:22:55.112 9 INFO neutron.wsgi [req-46402fab-cbd9-44eb-afc9-edb4f7af7ee0 req-0fa3f144-45a3-4baf-aa1f-9270e3969fcd bdd38730b00041c8a83be820a065bc77 5f8ac587b97d4c36a8d609c7451525df - - 833a5cfa7f2841d2921b45d8682549bb 833a5cfa7f2841d2921b45d8682549bb] 10.0.0.4 "GET /v2.0/networks/e441c4ea-e3c7-42e2-b357-e227448434d1?fields=segments HTTP/1.1" status: 200 len: 212 time: 0.1201420
2026-06-23 23:22:55.163 10 INFO neutron.db.ovn_revision_numbers_db [None req-384fba46-b5df-4a75-9ab6-c81881ed2e1d 73a09b60f52042de9611465c8335dc40 5cc1ad8061a84c8a80cef83cd47b598f - - default default] Successfully bumped revision number for resource e99b8d1a-3f3f-46bf-9ca8-d9affff8b555 (type: router_ports) to 1
2026-06-23 23:22:55.166 10 INFO neutron.wsgi [None req-384fba46-b5df-4a75-9ab6-c81881ed2e1d 73a09b60f52042de9611465c8335dc40 5cc1ad8061a84c8a80cef83cd47b598f - - default default] 10.0.0.176 "PUT /v2.0/routers/a11cdbe6-9f58-4c7f-90a3-138acf7598dd/add_router_interface HTTP/1.1" status: 200 len: 503 time: 2.8199048
2026-06-23 23:22:55.270 10 WARNING neutron.plugins.ml2.drivers.ovn.mech_driver.ovsdb.ovn_client [None req-2bf6d314-f408-4a0e-82b5-81f2864e4d6e - - - - - -] No hosting information found for port 47416fb8-f515-41f5-9380-f2d062e00a35: RuntimeError: No hosting information found for port 47416fb8-f515-41f5-9380-f2d062e00a35
2026-06-23 23:22:55.272 9 INFO neutron.wsgi [req-46402fab-cbd9-44eb-afc9-edb4f7af7ee0 req-3be81e4f-7a8e-4c6b-9a13-5d093eb8e4e1 bdd38730b00041c8a83be820a065bc77 5f8ac587b97d4c36a8d609c7451525df - - 833a5cfa7f2841d2921b45d8682549bb 833a5cfa7f2841d2921b45d8682549bb] 10.0.0.4 "GET /v2.0/networks/e441c4ea-e3c7-42e2-b357-e227448434d1?fields=provider%3Aphysical_network&fields=provider%3Anetwork_type HTTP/1.1" status: 200 len: 277 time: 0.1456037
2026-06-23 23:22:55.509 10 INFO neutron.wsgi [req-ab9c64ee-d693-4bb2-8e90-1131af8f06df req-bcf8d994-8f0a-4a2a-a356-a6a65b7a8165 d9a5b583d6974a318ad09c25b0f47e21 f1d061ebfe5a439abecc7f01f63b1a63 - - default default] 10.0.0.4 "GET /v2.0/ports?device_id=bc906590-5b9d-45ba-8424-c56565ca34ef HTTP/1.1" status: 200 len: 210 time: 0.0349078
2026-06-23 23:22:55.653 9 INFO neutron.db.ovn_revision_numbers_db [None req-bbf30f23-80d5-4c4a-874d-8e473ccfd784 73a09b60f52042de9611465c8335dc40 5cc1ad8061a84c8a80cef83cd47b598f - - default default] Successfully bumped revision number for resource 417c9f90-09dc-4082-8988-71601f3979ea (type: security_groups) to 1
2026-06-23 23:22:55.686 9 INFO neutron.db.ovn_revision_numbers_db [None req-bbf30f23-80d5-4c4a-874d-8e473ccfd784 73a09b60f52042de9611465c8335dc40 5cc1ad8061a84c8a80cef83cd47b598f - - default default] Successfully bumped revision number for resource 27c63290-fd7f-4fa5-97fd-7e41f18c66db (type: security_group_rules) to 0
2026-06-23 23:22:55.704 9 INFO neutron.db.ovn_revision_numbers_db [None req-16a56bf0-cf1a-45d0-b006-424b886b744b - - - - - -] Successfully bumped revision number for resource e99b8d1a-3f3f-46bf-9ca8-d9affff8b555 (type: ports) to 2
2026-06-23 23:22:55.708 9 INFO neutron.db.ovn_revision_numbers_db [None req-bbf30f23-80d5-4c4a-874d-8e473ccfd784 73a09b60f52042de9611465c8335dc40 5cc1ad8061a84c8a80cef83cd47b598f - - default default] Successfully bumped revision number for resource 41ef730a-3da1-4e16-8396-b2d5d66d0d13 (type: security_group_rules) to 0
2026-06-23 23:22:55.753 9 INFO neutron.db.ovn_revision_numbers_db [None req-bbf30f23-80d5-4c4a-874d-8e473ccfd784 73a09b60f52042de9611465c8335dc40 5cc1ad8061a84c8a80cef83cd47b598f - - default default] Successfully bumped revision number for resource f3e7e629-9efc-4caa-b0fc-137aee4db49e (type: security_group_rules) to 0
2026-06-23 23:22:55.799 9 INFO neutron.db.ovn_revision_numbers_db [None req-bbf30f23-80d5-4c4a-874d-8e473ccfd784 73a09b60f52042de9611465c8335dc40 5cc1ad8061a84c8a80cef83cd47b598f - - default default] Successfully bumped revision number for resource feb9826e-c5b8-4277-8327-49c287235a5b (type: security_group_rules) to 0
2026-06-23 23:22:55.883 9 INFO neutron.wsgi [None req-bbf30f23-80d5-4c4a-874d-8e473ccfd784 73a09b60f52042de9611465c8335dc40 5cc1ad8061a84c8a80cef83cd47b598f - - default default] 10.0.0.176 "GET /v2.0/security-groups?tenant_id=8bb0596f444a43ff8d88ed6162215b5a&name=default HTTP/1.1" status: 200 len: 2996 time: 0.7670054
2026-06-23 23:22:56.001 9 INFO neutron.db.ovn_revision_numbers_db [None req-16a56bf0-cf1a-45d0-b006-424b886b744b - - - - - -] Successfully bumped revision number for resource e99b8d1a-3f3f-46bf-9ca8-d9affff8b555 (type: router_ports) to 2
2026-06-23 23:22:56.099 9 INFO neutron.db.ovn_revision_numbers_db [req-d37a90e4-3dfd-4998-a685-e9b7216d20a1 req-967ec719-ed0e-40b2-9f59-4f5e7eac364c 1005ed57ace74e7f9260c4b011b73547 006f77dec12343079527b84ee32fdba1 - - default default] Successfully bumped revision number for resource 086b127b-7be7-4199-89ff-8fdcf9f301d5 (type: security_groups) to 1
2026-06-23 23:22:56.119 10 INFO neutron.wsgi [None req-00475d8a-4d01-4c14-a79b-49a9a95630a9 73a09b60f52042de9611465c8335dc40 5cc1ad8061a84c8a80cef83cd47b598f - - default default] 10.0.0.176 "DELETE /v2.0/security-groups/417c9f90-09dc-4082-8988-71601f3979ea HTTP/1.1" status: 204 len: 168 time: 0.2266006
2026-06-23 23:22:56.132 9 INFO neutron.db.ovn_revision_numbers_db [req-d37a90e4-3dfd-4998-a685-e9b7216d20a1 req-967ec719-ed0e-40b2-9f59-4f5e7eac364c 1005ed57ace74e7f9260c4b011b73547 006f77dec12343079527b84ee32fdba1 - - default default] Successfully bumped revision number for resource 2f7a157a-8579-4ed4-a793-56887404069e (type: security_group_rules) to 0
2026-06-23 23:22:56.161 9 INFO neutron.db.ovn_revision_numbers_db [req-d37a90e4-3dfd-4998-a685-e9b7216d20a1 req-967ec719-ed0e-40b2-9f59-4f5e7eac364c 1005ed57ace74e7f9260c4b011b73547 006f77dec12343079527b84ee32fdba1 - - default default] Successfully bumped revision number for resource 541e3c21-7744-442d-8a54-9b08aa181db7 (type: security_group_rules) to 0
2026-06-23 23:22:56.197 9 INFO neutron.wsgi [req-d37a90e4-3dfd-4998-a685-e9b7216d20a1 req-967ec719-ed0e-40b2-9f59-4f5e7eac364c 1005ed57ace74e7f9260c4b011b73547 006f77dec12343079527b84ee32fdba1 - - default default] 10.0.0.4 "POST /v2.0/security-groups HTTP/1.1" status: 201 len: 1825 time: 0.3918507
2026-06-23 23:22:56.265 10 INFO neutron.wsgi [req-4a7f4f7e-5af8-45f6-b596-a7cfe2330806 req-385e7cdc-561e-4c80-88bd-9a2a6d475100 1005ed57ace74e7f9260c4b011b73547 006f77dec12343079527b84ee32fdba1 - - default default] 10.0.0.4 "GET /v2.0/security-groups/086b127b-7be7-4199-89ff-8fdcf9f301d5 HTTP/1.1" status: 200 len: 1820 time: 0.0397410
2026-06-23 23:22:56.377 9 INFO neutron.wsgi [None req-ab0872a4-5e48-4e4f-85f3-e6733c4d1508 73a09b60f52042de9611465c8335dc40 5cc1ad8061a84c8a80cef83cd47b598f - - default default] 10.0.0.176 "PUT /v2.0/routers/88686b1b-14b7-442e-b94b-b59bceec2969/remove_router_interface HTTP/1.1" status: 200 len: 503 time: 2.2712414 /var/lib/openstack/lib/python3.10/site-packages/pycadf/identifier.py:71: UserWarning: Invalid uuid: neutron. To ensure interoperability, identifiers should be a valid uuid. warnings.warn(('Invalid uuid: %s. To ensure interoperability, '
2026-06-23 23:22:56.419 10 INFO neutron.db.ovn_revision_numbers_db [req-4a7f4f7e-5af8-45f6-b596-a7cfe2330806 req-f2bc9e08-feec-4ad7-b39b-b9794a7dbca6 1005ed57ace74e7f9260c4b011b73547 006f77dec12343079527b84ee32fdba1 - - default default] Successfully bumped revision number for resource a700feed-291c-4b8d-921e-50a8abf4bb87 (type: security_group_rules) to 0
2026-06-23 23:22:56.454 10 INFO neutron.wsgi [req-4a7f4f7e-5af8-45f6-b596-a7cfe2330806 req-f2bc9e08-feec-4ad7-b39b-b9794a7dbca6 1005ed57ace74e7f9260c4b011b73547 006f77dec12343079527b84ee32fdba1 - - default default] 10.0.0.4 "POST /v2.0/security-group-rules HTTP/1.1" status: 201 len: 786 time: 0.1831622
2026-06-23 23:22:56.682 9 INFO neutron.db.ovn_revision_numbers_db [req-f683ae01-cf51-4dea-9d3c-4070f406ada5 req-023f6ad9-bed8-4831-8c40-3a1e9e110a8a 1005ed57ace74e7f9260c4b011b73547 006f77dec12343079527b84ee32fdba1 - - default default] Successfully bumped revision number for resource a071c6b1-8983-49af-bbc1-a5903908b318 (type: security_groups) to 1
2026-06-23 23:22:56.706 9 INFO neutron.db.ovn_revision_numbers_db [req-f683ae01-cf51-4dea-9d3c-4070f406ada5 req-023f6ad9-bed8-4831-8c40-3a1e9e110a8a 1005ed57ace74e7f9260c4b011b73547 006f77dec12343079527b84ee32fdba1 - - default default] Successfully bumped revision number for resource 58abd9d8-eedd-48a6-93e4-b33bd9722ee9 (type: security_group_rules) to 0
2026-06-23 23:22:56.729 9 INFO neutron.db.ovn_revision_numbers_db [req-f683ae01-cf51-4dea-9d3c-4070f406ada5 req-023f6ad9-bed8-4831-8c40-3a1e9e110a8a 1005ed57ace74e7f9260c4b011b73547 006f77dec12343079527b84ee32fdba1 - - default default] Successfully bumped revision number for resource cf7e2b37-897c-42ae-89ef-65213987b167 (type: security_group_rules) to 0
2026-06-23 23:22:56.756 9 INFO neutron.wsgi [req-f683ae01-cf51-4dea-9d3c-4070f406ada5 req-023f6ad9-bed8-4831-8c40-3a1e9e110a8a 1005ed57ace74e7f9260c4b011b73547 006f77dec12343079527b84ee32fdba1 - - default default] 10.0.0.4 "POST /v2.0/security-groups HTTP/1.1" status: 201 len: 1826 time: 0.2780199
2026-06-23 23:22:56.907 10 INFO neutron.wsgi [req-60a6eb3d-9fca-4f6d-9457-8c995c467573 req-33ef2522-11ef-41c5-96e4-ba8a4288ec26 d9a5b583d6974a318ad09c25b0f47e21 f1d061ebfe5a439abecc7f01f63b1a63 - - default default] 10.0.0.4 "GET /v2.0/ports?device_id=bc906590-5b9d-45ba-8424-c56565ca34ef HTTP/1.1" status: 200 len: 210 time: 0.0243356
2026-06-23 23:22:56.976 9 INFO neutron.wsgi [req-ed906ff0-805c-4dc4-81ca-196a4a22740e req-c62db585-0bf0-47e8-9d6d-78ca5bdbbd01 1005ed57ace74e7f9260c4b011b73547 006f77dec12343079527b84ee32fdba1 - - default default] 10.0.0.4 "GET /v2.0/security-groups/a071c6b1-8983-49af-bbc1-a5903908b318 HTTP/1.1" status: 200 len: 1821 time: 0.1971247
2026-06-23 23:22:57.152 10 INFO neutron.wsgi [-] 10.0.0.173 "GET / HTTP/1.1" status: 200 len: 247 time: 0.0023689
2026-06-23 23:22:57.155 10 INFO neutron.wsgi [-] 10.0.0.173 "GET / HTTP/1.1" status: 200 len: 247 time: 0.0015597
2026-06-23 23:22:57.207 9 INFO neutron.db.ovn_revision_numbers_db [req-ed906ff0-805c-4dc4-81ca-196a4a22740e req-ad7738ef-ca73-443c-85e4-12f390ef7ae7 1005ed57ace74e7f9260c4b011b73547 006f77dec12343079527b84ee32fdba1 - - default default] Successfully bumped revision number for resource e9d6f669-c5ad-4fd0-8fdd-a0fea83d9ea3 (type: security_group_rules) to 0
2026-06-23 23:22:57.248 9 INFO neutron.wsgi [req-ed906ff0-805c-4dc4-81ca-196a4a22740e req-ad7738ef-ca73-443c-85e4-12f390ef7ae7 1005ed57ace74e7f9260c4b011b73547 006f77dec12343079527b84ee32fdba1 - - default default] 10.0.0.4 "POST /v2.0/security-group-rules HTTP/1.1" status: 201 len: 786 time: 0.2559493
2026-06-23 23:22:57.316 10 INFO neutron.wsgi [req-7c7cf743-505c-4060-933f-34140871a4d9 req-621ec918-8106-4bec-8d3a-0b10f3190747 1005ed57ace74e7f9260c4b011b73547 006f77dec12343079527b84ee32fdba1 - - default default] 10.0.0.4 "GET /v2.0/security-groups/a071c6b1-8983-49af-bbc1-a5903908b318 HTTP/1.1" status: 200 len: 2414 time: 0.0395379
2026-06-23 23:22:57.360 9 INFO neutron.wsgi [None req-b8369c47-70da-474b-a2e8-4fdb5e023133 73a09b60f52042de9611465c8335dc40 5cc1ad8061a84c8a80cef83cd47b598f - - default default] 10.0.0.176 "DELETE /v2.0/routers/88686b1b-14b7-442e-b94b-b59bceec2969 HTTP/1.1" status: 204 len: 168 time: 0.9738820
2026-06-23 23:22:57.517 10 INFO neutron.wsgi [req-46402fab-cbd9-44eb-afc9-edb4f7af7ee0 req-c909b7b2-2b26-44e2-8124-75b19c10cda7 d9a5b583d6974a318ad09c25b0f47e21 f1d061ebfe5a439abecc7f01f63b1a63 - - default default] 199.204.45.216 "GET /v2.0/networks?id=e441c4ea-e3c7-42e2-b357-e227448434d1 HTTP/1.1" status: 200 len: 874 time: 0.3612816
