2026-06-23 23:26:51.718 10 INFO neutron.db.ovn_revision_numbers_db [None req-0deaddb0-efbc-4e6a-a265-bbdc483596e3 73a09b60f52042de9611465c8335dc40 5cc1ad8061a84c8a80cef83cd47b598f - - default default] Successfully bumped revision number for resource b751288a-5f08-4ea3-aec3-f947e152faa5 (type: security_groups) to 1
2026-06-23 23:26:51.737 10 INFO neutron.db.ovn_revision_numbers_db [None req-0deaddb0-efbc-4e6a-a265-bbdc483596e3 73a09b60f52042de9611465c8335dc40 5cc1ad8061a84c8a80cef83cd47b598f - - default default] Successfully bumped revision number for resource 381f6664-8f1d-4ed0-953e-66415cd87870 (type: security_group_rules) to 0
2026-06-23 23:26:51.765 10 INFO neutron.db.ovn_revision_numbers_db [None req-0deaddb0-efbc-4e6a-a265-bbdc483596e3 73a09b60f52042de9611465c8335dc40 5cc1ad8061a84c8a80cef83cd47b598f - - default default] Successfully bumped revision number for resource 42cbb3a5-7a9c-4532-914a-bc1e1b1292c5 (type: security_group_rules) to 0
2026-06-23 23:26:51.800 10 INFO neutron.db.ovn_revision_numbers_db [None req-0deaddb0-efbc-4e6a-a265-bbdc483596e3 73a09b60f52042de9611465c8335dc40 5cc1ad8061a84c8a80cef83cd47b598f - - default default] Successfully bumped revision number for resource 5542f933-5ecd-4929-9a82-ce8dd7e7f121 (type: security_group_rules) to 0
2026-06-23 23:26:51.825 10 INFO neutron.db.ovn_revision_numbers_db [None req-0deaddb0-efbc-4e6a-a265-bbdc483596e3 73a09b60f52042de9611465c8335dc40 5cc1ad8061a84c8a80cef83cd47b598f - - default default] Successfully bumped revision number for resource 827e0d35-112e-432f-9231-30a47c733e0c (type: security_group_rules) to 0
2026-06-23 23:26:51.854 10 INFO neutron.wsgi [None req-0deaddb0-efbc-4e6a-a265-bbdc483596e3 73a09b60f52042de9611465c8335dc40 5cc1ad8061a84c8a80cef83cd47b598f - - default default] 10.0.0.176 "GET /v2.0/security-groups?tenant_id=65179d3479854daa85b6a0833ae2d933&name=default HTTP/1.1" status: 200 len: 3000 time: 0.3098025
2026-06-23 23:26:51.871 10 INFO neutron.db.ovn_revision_numbers_db [req-2770149b-0233-47ab-a42a-b8ca940ce783 req-0c785fed-89fc-4b78-90f7-e70d5d01e270 1477ac492b0544e99e2e013b6b7780cb 8d4c21d156e844e7a9055f2c831dbb9a - - default default] Successfully bumped revision number for resource f6e11d28-e7d8-4a1f-9f59-c02cd5383c59 (type: ports) to 1
2026-06-23 23:26:51.902 10 INFO neutron.wsgi [req-2770149b-0233-47ab-a42a-b8ca940ce783 req-0c785fed-89fc-4b78-90f7-e70d5d01e270 1477ac492b0544e99e2e013b6b7780cb 8d4c21d156e844e7a9055f2c831dbb9a - - default default] 199.204.45.216 "POST /v2.0/ports HTTP/1.1" status: 201 len: 1388 time: 0.6622217 /var/lib/openstack/lib/python3.10/site-packages/pycadf/identifier.py:71: UserWarning: Invalid uuid: neutron. To ensure interoperability, identifiers should be a valid uuid. warnings.warn(('Invalid uuid: %s. To ensure interoperability, '
2026-06-23 23:26:52.076 9 INFO neutron.wsgi [None req-9e5cf087-8445-485b-8c5d-0faed891a0f7 73a09b60f52042de9611465c8335dc40 5cc1ad8061a84c8a80cef83cd47b598f - - default default] 10.0.0.176 "DELETE /v2.0/security-groups/b751288a-5f08-4ea3-aec3-f947e152faa5 HTTP/1.1" status: 204 len: 168 time: 0.2165778
2026-06-23 23:26:52.335 9 INFO neutron.db.ovn_revision_numbers_db [None req-577429f8-08b4-406d-96f4-acff942162b8 73a09b60f52042de9611465c8335dc40 5cc1ad8061a84c8a80cef83cd47b598f - - default default] Successfully bumped revision number for resource 90405f29-3b23-4df0-b61a-b4d4f18318dc (type: security_groups) to 1
2026-06-23 23:26:52.344 10 INFO neutron.db.ovn_revision_numbers_db [req-2770149b-0233-47ab-a42a-b8ca940ce783 req-7b5a4b09-b4e6-4693-8cff-b2efe60e4aed bdd38730b00041c8a83be820a065bc77 5f8ac587b97d4c36a8d609c7451525df - - 833a5cfa7f2841d2921b45d8682549bb 833a5cfa7f2841d2921b45d8682549bb] Successfully bumped revision number for resource f6e11d28-e7d8-4a1f-9f59-c02cd5383c59 (type: ports) to 2
2026-06-23 23:26:52.348 9 INFO neutron.db.ovn_revision_numbers_db [None req-577429f8-08b4-406d-96f4-acff942162b8 73a09b60f52042de9611465c8335dc40 5cc1ad8061a84c8a80cef83cd47b598f - - default default] Successfully bumped revision number for resource 042b6918-d1cc-4ee9-8e2b-45b39267e36f (type: security_group_rules) to 0
2026-06-23 23:26:52.360 9 INFO neutron.db.ovn_revision_numbers_db [None req-577429f8-08b4-406d-96f4-acff942162b8 73a09b60f52042de9611465c8335dc40 5cc1ad8061a84c8a80cef83cd47b598f - - default default] Successfully bumped revision number for resource 395f652f-164c-4dcf-a1d0-17a2b6ea2eea (type: security_group_rules) to 0
2026-06-23 23:26:52.375 9 INFO neutron.db.ovn_revision_numbers_db [None req-577429f8-08b4-406d-96f4-acff942162b8 73a09b60f52042de9611465c8335dc40 5cc1ad8061a84c8a80cef83cd47b598f - - default default] Successfully bumped revision number for resource 9a850100-42c6-493e-91dc-6428ce47c2ea (type: security_group_rules) to 0
2026-06-23 23:26:52.389 9 INFO neutron.db.ovn_revision_numbers_db [None req-577429f8-08b4-406d-96f4-acff942162b8 73a09b60f52042de9611465c8335dc40 5cc1ad8061a84c8a80cef83cd47b598f - - default default] Successfully bumped revision number for resource e4fc5b4b-545a-4777-a2d2-783a7dab74f5 (type: security_group_rules) to 0
2026-06-23 23:26:52.410 9 INFO neutron.wsgi [None req-577429f8-08b4-406d-96f4-acff942162b8 73a09b60f52042de9611465c8335dc40 5cc1ad8061a84c8a80cef83cd47b598f - - default default] 10.0.0.176 "GET /v2.0/security-groups?tenant_id=ca99713a76374c6ba4bfcc16b8acc774&name=default HTTP/1.1" status: 200 len: 3000 time: 0.1794930
2026-06-23 23:26:52.527 10 INFO neutron.db.ovn_revision_numbers_db [req-2770149b-0233-47ab-a42a-b8ca940ce783 req-7b5a4b09-b4e6-4693-8cff-b2efe60e4aed bdd38730b00041c8a83be820a065bc77 5f8ac587b97d4c36a8d609c7451525df - - 833a5cfa7f2841d2921b45d8682549bb 833a5cfa7f2841d2921b45d8682549bb] Successfully bumped revision number for resource f6e11d28-e7d8-4a1f-9f59-c02cd5383c59 (type: ports) to 2
2026-06-23 23:26:52.541 10 INFO neutron.wsgi [req-2770149b-0233-47ab-a42a-b8ca940ce783 req-7b5a4b09-b4e6-4693-8cff-b2efe60e4aed bdd38730b00041c8a83be820a065bc77 5f8ac587b97d4c36a8d609c7451525df - - 833a5cfa7f2841d2921b45d8682549bb 833a5cfa7f2841d2921b45d8682549bb] 199.204.45.216 "PUT /v2.0/ports/f6e11d28-e7d8-4a1f-9f59-c02cd5383c59 HTTP/1.1" status: 200 len: 1605 time: 0.6285267
2026-06-23 23:26:52.578 10 INFO neutron.notifiers.nova [-] Nova event matching ['req-23a6c5f4-21f8-42df-859e-c50df0170ca4'] response: {'name': 'network-changed', 'server_uuid': '9fcde72e-1aea-47a1-a3d0-95ef7ab22e18', 'tag': 'f6e11d28-e7d8-4a1f-9f59-c02cd5383c59', 'status': 'completed', 'code': 200} /var/lib/openstack/lib/python3.10/site-packages/pycadf/identifier.py:71: UserWarning: Invalid uuid: neutron. To ensure interoperability, identifiers should be a valid uuid. warnings.warn(('Invalid uuid: %s. To ensure interoperability, '
2026-06-23 23:26:52.622 10 INFO neutron.wsgi [req-2770149b-0233-47ab-a42a-b8ca940ce783 req-86c58ed4-153c-4fa1-9cd0-1ac8a211941a bdd38730b00041c8a83be820a065bc77 5f8ac587b97d4c36a8d609c7451525df - - 833a5cfa7f2841d2921b45d8682549bb 833a5cfa7f2841d2921b45d8682549bb] 199.204.45.216 "GET /v2.0/ports?tenant_id=8d4c21d156e844e7a9055f2c831dbb9a&device_id=9fcde72e-1aea-47a1-a3d0-95ef7ab22e18 HTTP/1.1" status: 200 len: 1636 time: 0.0346513
2026-06-23 23:26:52.631 9 INFO neutron.wsgi [None req-af00f611-03a3-48c7-a61b-fa6d96de39ce 73a09b60f52042de9611465c8335dc40 5cc1ad8061a84c8a80cef83cd47b598f - - default default] 10.0.0.176 "DELETE /v2.0/security-groups/90405f29-3b23-4df0-b61a-b4d4f18318dc HTTP/1.1" status: 204 len: 168 time: 0.2152982
2026-06-23 23:26:52.656 10 INFO neutron.wsgi [req-2770149b-0233-47ab-a42a-b8ca940ce783 req-7b685d81-d0bd-451d-9689-f7f6a5c51090 bdd38730b00041c8a83be820a065bc77 5f8ac587b97d4c36a8d609c7451525df - - 833a5cfa7f2841d2921b45d8682549bb 833a5cfa7f2841d2921b45d8682549bb] 199.204.45.216 "GET /v2.0/floatingips?fixed_ip_address=10.2.1.233&port_id=f6e11d28-e7d8-4a1f-9f59-c02cd5383c59 HTTP/1.1" status: 200 len: 217 time: 0.0283613
2026-06-23 23:26:52.690 10 INFO neutron.wsgi [req-2770149b-0233-47ab-a42a-b8ca940ce783 req-28cfdbc0-38c4-4ae3-93bb-6f321d6ea639 bdd38730b00041c8a83be820a065bc77 5f8ac587b97d4c36a8d609c7451525df - - 833a5cfa7f2841d2921b45d8682549bb 833a5cfa7f2841d2921b45d8682549bb] 199.204.45.216 "GET /v2.0/floatingips?fixed_ip_address=fd7b%3Af9f7%3Afff%3A4eca%3A%3A186&port_id=f6e11d28-e7d8-4a1f-9f59-c02cd5383c59 HTTP/1.1" status: 200 len: 217 time: 0.0236523
2026-06-23 23:26:52.741 10 INFO neutron.wsgi [req-2770149b-0233-47ab-a42a-b8ca940ce783 req-d3c4f0a7-8497-4c8e-8c38-acc7e5dc392a bdd38730b00041c8a83be820a065bc77 5f8ac587b97d4c36a8d609c7451525df - - 833a5cfa7f2841d2921b45d8682549bb 833a5cfa7f2841d2921b45d8682549bb] 199.204.45.216 "GET /v2.0/subnets?id=60fc2d62-da01-49d4-8858-2040022119ef&id=646a1581-e02e-499f-9634-51050b236a68 HTTP/1.1" status: 200 len: 1563 time: 0.0417159
2026-06-23 23:26:52.763 10 INFO neutron.wsgi [req-2770149b-0233-47ab-a42a-b8ca940ce783 req-a8108f1d-9d1f-46af-9bb6-0aecd3dc3973 bdd38730b00041c8a83be820a065bc77 5f8ac587b97d4c36a8d609c7451525df - - 833a5cfa7f2841d2921b45d8682549bb 833a5cfa7f2841d2921b45d8682549bb] 199.204.45.216 "GET /v2.0/ports?network_id=5cf239f4-5a86-429c-9d86-50f39196813f&device_owner=network%3Adhcp HTTP/1.1" status: 200 len: 210 time: 0.0159874
2026-06-23 23:26:52.785 10 INFO neutron.wsgi [req-2770149b-0233-47ab-a42a-b8ca940ce783 req-3ffb4b98-2448-43e8-8dcb-bfd5e01424fd bdd38730b00041c8a83be820a065bc77 5f8ac587b97d4c36a8d609c7451525df - - 833a5cfa7f2841d2921b45d8682549bb 833a5cfa7f2841d2921b45d8682549bb] 199.204.45.216 "GET /v2.0/ports?network_id=5cf239f4-5a86-429c-9d86-50f39196813f&device_owner=network%3Adhcp HTTP/1.1" status: 200 len: 210 time: 0.0173092
2026-06-23 23:26:52.845 10 INFO neutron.wsgi [req-2770149b-0233-47ab-a42a-b8ca940ce783 req-976d540a-1ead-4162-9791-73c841dbc7a3 bdd38730b00041c8a83be820a065bc77 5f8ac587b97d4c36a8d609c7451525df - - 833a5cfa7f2841d2921b45d8682549bb 833a5cfa7f2841d2921b45d8682549bb] 199.204.45.216 "GET /v2.0/networks/5cf239f4-5a86-429c-9d86-50f39196813f?fields=segments HTTP/1.1" status: 200 len: 212 time: 0.0543621
2026-06-23 23:26:52.852 10 WARNING neutron.plugins.ml2.drivers.ovn.mech_driver.ovsdb.ovn_client [None req-2bf6d314-f408-4a0e-82b5-81f2864e4d6e - - - - - -] No hosting information found for port 984bd9ba-604c-4ecf-8704-33e606f410e4: RuntimeError: No hosting information found for port 984bd9ba-604c-4ecf-8704-33e606f410e4
2026-06-23 23:26:52.900 10 INFO neutron.wsgi [req-2770149b-0233-47ab-a42a-b8ca940ce783 req-d8b2bc4a-d213-4f00-81b7-a65e792b5549 bdd38730b00041c8a83be820a065bc77 5f8ac587b97d4c36a8d609c7451525df - - 833a5cfa7f2841d2921b45d8682549bb 833a5cfa7f2841d2921b45d8682549bb] 199.204.45.216 "GET /v2.0/networks/5cf239f4-5a86-429c-9d86-50f39196813f?fields=provider%3Aphysical_network&fields=provider%3Anetwork_type HTTP/1.1" status: 200 len: 277 time: 0.0473170
2026-06-23 23:26:52.978 10 INFO neutron.wsgi [req-701bbccf-abdd-47b9-ae6e-02b2327e2715 req-a092d522-433b-4a9a-86a2-055ed96ad316 bdd38730b00041c8a83be820a065bc77 5f8ac587b97d4c36a8d609c7451525df - - 833a5cfa7f2841d2921b45d8682549bb 833a5cfa7f2841d2921b45d8682549bb] 199.204.45.216 "GET /v2.0/ports?tenant_id=8d4c21d156e844e7a9055f2c831dbb9a&device_id=9fcde72e-1aea-47a1-a3d0-95ef7ab22e18 HTTP/1.1" status: 200 len: 1636 time: 0.0352340
2026-06-23 23:26:53.066 10 INFO neutron.wsgi [req-701bbccf-abdd-47b9-ae6e-02b2327e2715 req-6ab4fd48-c8fa-4aaf-9b0c-a232e058b423 bdd38730b00041c8a83be820a065bc77 5f8ac587b97d4c36a8d609c7451525df - - 833a5cfa7f2841d2921b45d8682549bb 833a5cfa7f2841d2921b45d8682549bb] 199.204.45.216 "GET /v2.0/networks?id=5cf239f4-5a86-429c-9d86-50f39196813f HTTP/1.1" status: 200 len: 1001 time: 0.0768695
2026-06-23 23:26:53.099 10 INFO neutron.wsgi [req-701bbccf-abdd-47b9-ae6e-02b2327e2715 req-290e4be9-64a2-4a75-b660-91d37154eb1d bdd38730b00041c8a83be820a065bc77 5f8ac587b97d4c36a8d609c7451525df - - 833a5cfa7f2841d2921b45d8682549bb 833a5cfa7f2841d2921b45d8682549bb] 199.204.45.216 "GET /v2.0/floatingips?fixed_ip_address=10.2.1.233&port_id=f6e11d28-e7d8-4a1f-9f59-c02cd5383c59 HTTP/1.1" status: 200 len: 217 time: 0.0282016
2026-06-23 23:26:53.130 10 INFO neutron.wsgi [req-701bbccf-abdd-47b9-ae6e-02b2327e2715 req-97aeae5d-195b-4477-9875-0d9067aa012e bdd38730b00041c8a83be820a065bc77 5f8ac587b97d4c36a8d609c7451525df - - 833a5cfa7f2841d2921b45d8682549bb 833a5cfa7f2841d2921b45d8682549bb] 199.204.45.216 "GET /v2.0/floatingips?fixed_ip_address=fd7b%3Af9f7%3Afff%3A4eca%3A%3A186&port_id=f6e11d28-e7d8-4a1f-9f59-c02cd5383c59 HTTP/1.1" status: 200 len: 217 time: 0.0260804
2026-06-23 23:26:53.140 9 INFO neutron.plugins.ml2.drivers.ovn.mech_driver.mech_driver [None req-16a56bf0-cf1a-45d0-b006-424b886b744b - - - - - -] OVN reports status up for port: f6e11d28-e7d8-4a1f-9f59-c02cd5383c59
2026-06-23 23:26:53.155 9 INFO neutron.plugins.ml2.plugin [None req-16a56bf0-cf1a-45d0-b006-424b886b744b - - - - - -] Attempt 1 to provision port f6e11d28-e7d8-4a1f-9f59-c02cd5383c59
2026-06-23 23:26:53.182 10 INFO neutron.wsgi [req-701bbccf-abdd-47b9-ae6e-02b2327e2715 req-59ab5fcb-1afc-4e31-b16b-34eed82750a6 bdd38730b00041c8a83be820a065bc77 5f8ac587b97d4c36a8d609c7451525df - - 833a5cfa7f2841d2921b45d8682549bb 833a5cfa7f2841d2921b45d8682549bb] 199.204.45.216 "GET /v2.0/subnets?id=60fc2d62-da01-49d4-8858-2040022119ef&id=646a1581-e02e-499f-9634-51050b236a68 HTTP/1.1" status: 200 len: 1563 time: 0.0466418
2026-06-23 23:26:53.238 10 INFO neutron.wsgi [req-701bbccf-abdd-47b9-ae6e-02b2327e2715 req-2633e173-efa7-4651-8b94-f93b4a9d6bac bdd38730b00041c8a83be820a065bc77 5f8ac587b97d4c36a8d609c7451525df - - 833a5cfa7f2841d2921b45d8682549bb 833a5cfa7f2841d2921b45d8682549bb] 199.204.45.216 "GET /v2.0/ports?network_id=5cf239f4-5a86-429c-9d86-50f39196813f&device_owner=network%3Adhcp HTTP/1.1" status: 200 len: 210 time: 0.0450611
2026-06-23 23:26:53.269 10 INFO neutron.wsgi [req-701bbccf-abdd-47b9-ae6e-02b2327e2715 req-a35a5624-1a2c-45c9-afa4-adf5e50ecac6 bdd38730b00041c8a83be820a065bc77 5f8ac587b97d4c36a8d609c7451525df - - 833a5cfa7f2841d2921b45d8682549bb 833a5cfa7f2841d2921b45d8682549bb] 199.204.45.216 "GET /v2.0/ports?network_id=5cf239f4-5a86-429c-9d86-50f39196813f&device_owner=network%3Adhcp HTTP/1.1" status: 200 len: 210 time: 0.0232992
2026-06-23 23:26:53.300 9 INFO neutron.notifiers.nova [-] Nova event matching ['req-2ff038ca-065f-4297-9e58-7215d5fcee0d'] response: {'server_uuid': '9fcde72e-1aea-47a1-a3d0-95ef7ab22e18', 'name': 'network-vif-plugged', 'status': 'completed', 'tag': 'f6e11d28-e7d8-4a1f-9f59-c02cd5383c59', 'code': 200}
2026-06-23 23:26:53.346 10 INFO neutron.wsgi [req-701bbccf-abdd-47b9-ae6e-02b2327e2715 req-bc1fb90d-0592-406d-afda-925ea3fe2746 bdd38730b00041c8a83be820a065bc77 5f8ac587b97d4c36a8d609c7451525df - - 833a5cfa7f2841d2921b45d8682549bb 833a5cfa7f2841d2921b45d8682549bb] 199.204.45.216 "GET /v2.0/networks/5cf239f4-5a86-429c-9d86-50f39196813f?fields=segments HTTP/1.1" status: 200 len: 212 time: 0.0699949
2026-06-23 23:26:53.427 10 INFO neutron.wsgi [req-701bbccf-abdd-47b9-ae6e-02b2327e2715 req-c8991a3a-2a6f-47e3-a85a-25d396fdf17e bdd38730b00041c8a83be820a065bc77 5f8ac587b97d4c36a8d609c7451525df - - 833a5cfa7f2841d2921b45d8682549bb 833a5cfa7f2841d2921b45d8682549bb] 199.204.45.216 "GET /v2.0/networks/5cf239f4-5a86-429c-9d86-50f39196813f?fields=provider%3Aphysical_network&fields=provider%3Anetwork_type HTTP/1.1" status: 200 len: 277 time: 0.0642760
2026-06-23 23:26:53.514 9 INFO neutron.db.ovn_revision_numbers_db [None req-16a56bf0-cf1a-45d0-b006-424b886b744b - - - - - -] Successfully bumped revision number for resource f6e11d28-e7d8-4a1f-9f59-c02cd5383c59 (type: ports) to 4
2026-06-23 23:26:53.882 10 INFO neutron.wsgi [req-92670313-1e7b-475b-9bac-1ed283167e2d req-c52f9058-06c5-458b-b62b-87534f1419e8 bdd38730b00041c8a83be820a065bc77 5f8ac587b97d4c36a8d609c7451525df - - 833a5cfa7f2841d2921b45d8682549bb 833a5cfa7f2841d2921b45d8682549bb] 199.204.45.216 "GET /v2.0/ports?device_id=9fcde72e-1aea-47a1-a3d0-95ef7ab22e18&fields=binding%3Ahost_id&fields=binding%3Avif_type HTTP/1.1" status: 200 len: 265 time: 0.0419424
2026-06-23 23:26:53.965 10 INFO neutron.wsgi [req-92670313-1e7b-475b-9bac-1ed283167e2d req-698e31e5-52fe-4b11-8f56-17909625b461 bdd38730b00041c8a83be820a065bc77 5f8ac587b97d4c36a8d609c7451525df - - 833a5cfa7f2841d2921b45d8682549bb 833a5cfa7f2841d2921b45d8682549bb] 199.204.45.216 "GET /v2.0/ports?tenant_id=8d4c21d156e844e7a9055f2c831dbb9a&device_id=9fcde72e-1aea-47a1-a3d0-95ef7ab22e18 HTTP/1.1" status: 200 len: 1638 time: 0.0426483
2026-06-23 23:26:54.064 10 INFO neutron.wsgi [req-92670313-1e7b-475b-9bac-1ed283167e2d req-ab6c82cd-6067-43e0-891c-cb599e544043 bdd38730b00041c8a83be820a065bc77 5f8ac587b97d4c36a8d609c7451525df - - 833a5cfa7f2841d2921b45d8682549bb 833a5cfa7f2841d2921b45d8682549bb] 199.204.45.216 "GET /v2.0/networks?id=5cf239f4-5a86-429c-9d86-50f39196813f HTTP/1.1" status: 200 len: 1001 time: 0.0776803
2026-06-23 23:26:54.108 10 INFO neutron.wsgi [req-92670313-1e7b-475b-9bac-1ed283167e2d req-93674401-01de-43f8-bf97-d94720b2b462 bdd38730b00041c8a83be820a065bc77 5f8ac587b97d4c36a8d609c7451525df - - 833a5cfa7f2841d2921b45d8682549bb 833a5cfa7f2841d2921b45d8682549bb] 199.204.45.216 "GET /v2.0/floatingips?fixed_ip_address=10.2.1.233&port_id=f6e11d28-e7d8-4a1f-9f59-c02cd5383c59 HTTP/1.1" status: 200 len: 217 time: 0.0354733
2026-06-23 23:26:54.145 10 INFO neutron.wsgi [req-92670313-1e7b-475b-9bac-1ed283167e2d req-34614e73-b351-454a-8917-b212b22105f8 bdd38730b00041c8a83be820a065bc77 5f8ac587b97d4c36a8d609c7451525df - - 833a5cfa7f2841d2921b45d8682549bb 833a5cfa7f2841d2921b45d8682549bb] 199.204.45.216 "GET /v2.0/floatingips?fixed_ip_address=fd7b%3Af9f7%3Afff%3A4eca%3A%3A186&port_id=f6e11d28-e7d8-4a1f-9f59-c02cd5383c59 HTTP/1.1" status: 200 len: 217 time: 0.0272639
2026-06-23 23:26:54.196 10 INFO neutron.wsgi [req-92670313-1e7b-475b-9bac-1ed283167e2d req-38681016-6c2c-4e81-9451-c54ffd73078c bdd38730b00041c8a83be820a065bc77 5f8ac587b97d4c36a8d609c7451525df - - 833a5cfa7f2841d2921b45d8682549bb 833a5cfa7f2841d2921b45d8682549bb] 199.204.45.216 "GET /v2.0/subnets?id=60fc2d62-da01-49d4-8858-2040022119ef&id=646a1581-e02e-499f-9634-51050b236a68 HTTP/1.1" status: 200 len: 1563 time: 0.0425985
2026-06-23 23:26:54.240 10 INFO neutron.wsgi [req-92670313-1e7b-475b-9bac-1ed283167e2d req-d2574a67-b290-4947-aeaa-111c9df90d90 bdd38730b00041c8a83be820a065bc77 5f8ac587b97d4c36a8d609c7451525df - - 833a5cfa7f2841d2921b45d8682549bb 833a5cfa7f2841d2921b45d8682549bb] 199.204.45.216 "GET /v2.0/ports?network_id=5cf239f4-5a86-429c-9d86-50f39196813f&device_owner=network%3Adhcp HTTP/1.1" status: 200 len: 210 time: 0.0363634
2026-06-23 23:26:54.274 10 INFO neutron.wsgi [req-92670313-1e7b-475b-9bac-1ed283167e2d req-b9021eec-3316-4896-8448-d7fa361343dd bdd38730b00041c8a83be820a065bc77 5f8ac587b97d4c36a8d609c7451525df - - 833a5cfa7f2841d2921b45d8682549bb 833a5cfa7f2841d2921b45d8682549bb] 199.204.45.216 "GET /v2.0/ports?network_id=5cf239f4-5a86-429c-9d86-50f39196813f&device_owner=network%3Adhcp HTTP/1.1" status: 200 len: 210 time: 0.0251777
2026-06-23 23:26:54.357 10 INFO neutron.wsgi [req-92670313-1e7b-475b-9bac-1ed283167e2d req-4dddec18-71c3-4470-80e3-abb84946bc9c bdd38730b00041c8a83be820a065bc77 5f8ac587b97d4c36a8d609c7451525df - - 833a5cfa7f2841d2921b45d8682549bb 833a5cfa7f2841d2921b45d8682549bb] 199.204.45.216 "GET /v2.0/networks/5cf239f4-5a86-429c-9d86-50f39196813f?fields=segments HTTP/1.1" status: 200 len: 212 time: 0.0753903
2026-06-23 23:26:54.759 10 INFO neutron.wsgi [req-92670313-1e7b-475b-9bac-1ed283167e2d req-cdeaa4f2-1e04-4a0e-9744-8d5fb753bd7d bdd38730b00041c8a83be820a065bc77 5f8ac587b97d4c36a8d609c7451525df - - 833a5cfa7f2841d2921b45d8682549bb 833a5cfa7f2841d2921b45d8682549bb] 199.204.45.216 "GET /v2.0/networks/5cf239f4-5a86-429c-9d86-50f39196813f?fields=provider%3Aphysical_network&fields=provider%3Anetwork_type HTTP/1.1" status: 200 len: 277 time: 0.3949642
2026-06-23 23:26:55.346 9 INFO neutron.notifiers.nova [-] Nova event matching ['req-1eb9248f-8931-42c9-a88a-82321eb64d9b'] response: {'server_uuid': '9fcde72e-1aea-47a1-a3d0-95ef7ab22e18', 'name': 'network-vif-plugged', 'status': 'completed', 'tag': 'f6e11d28-e7d8-4a1f-9f59-c02cd5383c59', 'code': 200} /var/lib/openstack/lib/python3.10/site-packages/pycadf/identifier.py:71: UserWarning: Invalid uuid: neutron. To ensure interoperability, identifiers should be a valid uuid. warnings.warn(('Invalid uuid: %s. To ensure interoperability, '
2026-06-23 23:26:55.601 9 INFO neutron.wsgi [req-a187298d-8ede-443c-9a69-b888b4f627a1 req-2445af60-0f2f-4b07-83f1-3e064edb43ca 1477ac492b0544e99e2e013b6b7780cb 8d4c21d156e844e7a9055f2c831dbb9a - - default default] 10.0.0.4 "GET /v2.0/ports?device_id=9fcde72e-1aea-47a1-a3d0-95ef7ab22e18 HTTP/1.1" status: 200 len: 1400 time: 0.0937035
2026-06-23 23:26:55.656 9 INFO neutron.wsgi [req-a187298d-8ede-443c-9a69-b888b4f627a1 req-b567db5f-1f2c-4940-b3b7-41e294f6852a 1477ac492b0544e99e2e013b6b7780cb 8d4c21d156e844e7a9055f2c831dbb9a - - default default] 10.0.0.4 "GET /v2.0/security-groups?id=b61a8c6e-0cbb-44d7-aa99-7c475e538176&fields=id&fields=name HTTP/1.1" status: 200 len: 310 time: 0.0461802
2026-06-23 23:26:55.768 9 INFO neutron.wsgi [None req-cdd5ae36-b242-4372-bea9-c28e9971d846 1477ac492b0544e99e2e013b6b7780cb 8d4c21d156e844e7a9055f2c831dbb9a - - default default] 10.0.0.176 "GET /v2.0/ports?network_id=5cf239f4-5a86-429c-9d86-50f39196813f&mac_address=fa%3A16%3A3e%3Aed%3A66%3A87 HTTP/1.1" status: 200 len: 1395 time: 0.0826020
2026-06-23 23:26:56.032 9 WARNING neutron.scheduler.dhcp_agent_scheduler [None req-b7c5df35-6968-4c3d-b60e-dfdf118db5e6 1477ac492b0544e99e2e013b6b7780cb 8d4c21d156e844e7a9055f2c831dbb9a - - default default] No more DHCP agents
2026-06-23 23:26:56.036 9 WARNING neutron.api.rpc.agentnotifiers.dhcp_rpc_agent_api [None req-b7c5df35-6968-4c3d-b60e-dfdf118db5e6 1477ac492b0544e99e2e013b6b7780cb 8d4c21d156e844e7a9055f2c831dbb9a - - default default] Unable to schedule network e4df1510-cce2-4b48-b7f1-2913b179bb16: no agents available; will retry on subsequent port and subnet creation events.
2026-06-23 23:26:56.550 9 INFO neutron.db.l3_db [None req-b7c5df35-6968-4c3d-b60e-dfdf118db5e6 1477ac492b0544e99e2e013b6b7780cb 8d4c21d156e844e7a9055f2c831dbb9a - - default default] Floating IP 8bb8adfd-1aee-4282-8d23-c74e773e9309 associated. External IP: 10.96.250.212, port: f6e11d28-e7d8-4a1f-9f59-c02cd5383c59.
2026-06-23 23:26:56.803 9 INFO neutron.db.ovn_revision_numbers_db [None req-b7c5df35-6968-4c3d-b60e-dfdf118db5e6 1477ac492b0544e99e2e013b6b7780cb 8d4c21d156e844e7a9055f2c831dbb9a - - default default] Successfully bumped revision number for resource 8bb8adfd-1aee-4282-8d23-c74e773e9309 (type: floatingips) to 0
2026-06-23 23:26:56.932 9 INFO neutron.db.ovn_revision_numbers_db [None req-b7c5df35-6968-4c3d-b60e-dfdf118db5e6 1477ac492b0544e99e2e013b6b7780cb 8d4c21d156e844e7a9055f2c831dbb9a - - default default] Successfully bumped revision number for resource 8bb8adfd-1aee-4282-8d23-c74e773e9309 (type: floatingips) to 1
2026-06-23 23:26:56.971 9 INFO neutron.wsgi [None req-b7c5df35-6968-4c3d-b60e-dfdf118db5e6 1477ac492b0544e99e2e013b6b7780cb 8d4c21d156e844e7a9055f2c831dbb9a - - default default] 10.0.0.176 "POST /v2.0/floatingips HTTP/1.1" status: 201 len: 1054 time: 1.1970305 /var/lib/openstack/lib/python3.10/site-packages/pycadf/identifier.py:71: UserWarning: Invalid uuid: neutron. To ensure interoperability, identifiers should be a valid uuid. warnings.warn(('Invalid uuid: %s. To ensure interoperability, '
2026-06-23 23:26:57.118 10 INFO neutron.wsgi [req-a3c16d1f-daac-467d-97cd-9551ee3c359c req-5e004191-4c5e-4da4-8ce7-94f59e30e060 1477ac492b0544e99e2e013b6b7780cb 8d4c21d156e844e7a9055f2c831dbb9a - - default default] 10.0.0.4 "GET /v2.0/security-groups?name=tempest-lb_member_SG-933009872&fields=id&tenant_id=8d4c21d156e844e7a9055f2c831dbb9a HTTP/1.1" status: 200 len: 267 time: 0.0610797
2026-06-23 23:26:57.151 9 INFO neutron.wsgi [-] 10.0.0.173 "GET / HTTP/1.1" status: 200 len: 247 time: 0.0018179
2026-06-23 23:26:57.153 10 INFO neutron.wsgi [None req-8399ba58-911f-4976-927b-bae293c7407c e19bb58b0c0f44c2a22fdeb755828c27 9282b81db5c843468f8881bd80884168 - - default default] 10.0.0.176 "POST /v2.0/qos/policies HTTP/1.1" status: 201 len: 558 time: 0.2884834
2026-06-23 23:26:57.153 9 INFO neutron.wsgi [-] 10.0.0.173 "GET / HTTP/1.1" status: 200 len: 247 time: 0.0012460
2026-06-23 23:26:57.212 10 INFO neutron.wsgi [req-a3c16d1f-daac-467d-97cd-9551ee3c359c req-eba628cd-4e9d-4fb6-b41b-2daee178d7b5 1477ac492b0544e99e2e013b6b7780cb 8d4c21d156e844e7a9055f2c831dbb9a - - default default] 10.0.0.4 "GET /v2.0/networks?id=355cb989-6da8-461a-8e06-8de280bc867a HTTP/1.1" status: 200 len: 904 time: 0.0826287
2026-06-23 23:26:57.219 9 INFO neutron.wsgi [None req-2aadd0ea-ea50-433a-ad67-b107b3b9ac19 e19bb58b0c0f44c2a22fdeb755828c27 9282b81db5c843468f8881bd80884168 - - default default] 10.0.0.176 "POST /v2.0/qos/policies HTTP/1.1" status: 201 len: 558 time: 0.0548174
2026-06-23 23:26:57.234 10 INFO neutron.wsgi [req-a3c16d1f-daac-467d-97cd-9551ee3c359c req-369a7ebd-f8a7-4a67-aafa-0da41868f28a 1477ac492b0544e99e2e013b6b7780cb 8d4c21d156e844e7a9055f2c831dbb9a - - default default] 10.0.0.4 "GET /v2.0/quotas/8d4c21d156e844e7a9055f2c831dbb9a HTTP/1.1" status: 200 len: 386 time: 0.0128279
2026-06-23 23:26:57.262 9 INFO neutron.wsgi [None req-be5714c8-5329-4c7d-a02b-fa6868206ea2 e19bb58b0c0f44c2a22fdeb755828c27 9282b81db5c843468f8881bd80884168 - - default default] 10.0.0.176 "POST /v2.0/qos/policies HTTP/1.1" status: 201 len: 558 time: 0.0374470
2026-06-23 23:26:57.316 9 INFO neutron.wsgi [None req-b876a066-25ce-4bb0-a9cb-59b00c5f7dbb e19bb58b0c0f44c2a22fdeb755828c27 9282b81db5c843468f8881bd80884168 - - default default] 10.0.0.176 "POST /v2.0/qos/policies HTTP/1.1" status: 201 len: 558 time: 0.0491905
2026-06-23 23:26:57.373 9 INFO neutron.wsgi [None req-83140623-2e5e-40d8-9980-0caa3177311f e19bb58b0c0f44c2a22fdeb755828c27 9282b81db5c843468f8881bd80884168 - - default default] 10.0.0.176 "POST /v2.0/qos/policies HTTP/1.1" status: 201 len: 558 time: 0.0488248
2026-06-23 23:26:57.385 9 INFO neutron.notifiers.nova [-] Nova event matching ['req-3dd75d82-b627-4306-8ef5-5cecd9cb42fd'] response: {'name': 'network-changed', 'server_uuid': '9fcde72e-1aea-47a1-a3d0-95ef7ab22e18', 'tag': 'f6e11d28-e7d8-4a1f-9f59-c02cd5383c59', 'status': 'completed', 'code': 200}
2026-06-23 23:26:57.403 9 INFO neutron.wsgi [None req-8cc1c86e-10f1-4b3a-b4b0-cd7353bcd642 e19bb58b0c0f44c2a22fdeb755828c27 9282b81db5c843468f8881bd80884168 - - default default] 10.0.0.176 "PUT /v2.0/policies/8098c4ad-2e43-4715-963e-c04d997a852e/tags HTTP/1.1" status: 200 len: 210 time: 0.0240192
2026-06-23 23:26:57.440 9 INFO neutron.wsgi [None req-664e67e3-6750-4aa1-8e13-87dcf8cbfd93 e19bb58b0c0f44c2a22fdeb755828c27 9282b81db5c843468f8881bd80884168 - - default default] 10.0.0.176 "PUT /v2.0/policies/f108173a-ed11-46da-834d-c5ec16542176/tags HTTP/1.1" status: 200 len: 218 time: 0.0314898
2026-06-23 23:26:57.449 10 INFO neutron.wsgi [req-0e26dacb-c465-4aa3-a6fb-cefdd351a0a5 req-5723dd6b-77bb-468d-900f-0382b4611b51 bdd38730b00041c8a83be820a065bc77 5f8ac587b97d4c36a8d609c7451525df - - 833a5cfa7f2841d2921b45d8682549bb 833a5cfa7f2841d2921b45d8682549bb] 199.204.45.216 "GET /v2.0/ports?tenant_id=8d4c21d156e844e7a9055f2c831dbb9a&device_id=9fcde72e-1aea-47a1-a3d0-95ef7ab22e18 HTTP/1.1" status: 200 len: 1638 time: 0.0405371
2026-06-23 23:26:57.472 9 INFO neutron.wsgi [None req-8a5e82a6-e9ad-4a4b-a41b-13bdeb8bae0d e19bb58b0c0f44c2a22fdeb755828c27 9282b81db5c843468f8881bd80884168 - - default default] 10.0.0.176 "PUT /v2.0/policies/edcf41f5-dd3a-488e-b014-d87910294340/tags HTTP/1.1" status: 200 len: 227 time: 0.0258031
2026-06-23 23:26:57.480 10 INFO neutron.wsgi [req-a3c16d1f-daac-467d-97cd-9551ee3c359c req-72fb1abc-e888-4c17-a937-f1cfbffd3335 1477ac492b0544e99e2e013b6b7780cb 8d4c21d156e844e7a9055f2c831dbb9a - - default default] 10.0.0.4 "GET /v2.0/ports?tenant_id=8d4c21d156e844e7a9055f2c831dbb9a&fields=id HTTP/1.1" status: 200 len: 532 time: 0.2393136
2026-06-23 23:26:57.497 9 INFO neutron.wsgi [None req-346fade7-e1e8-40aa-8ef9-1b60484c77c5 e19bb58b0c0f44c2a22fdeb755828c27 9282b81db5c843468f8881bd80884168 - - default default] 10.0.0.176 "PUT /v2.0/policies/b64e0eec-5a07-4f6a-8540-b71ddb1f0251/tags HTTP/1.1" status: 200 len: 212 time: 0.0195360
2026-06-23 23:26:57.532 10 INFO neutron.wsgi [req-0e26dacb-c465-4aa3-a6fb-cefdd351a0a5 req-e61485ed-fd25-4859-a798-2cf50113d0c3 bdd38730b00041c8a83be820a065bc77 5f8ac587b97d4c36a8d609c7451525df - - 833a5cfa7f2841d2921b45d8682549bb 833a5cfa7f2841d2921b45d8682549bb] 199.204.45.216 "GET /v2.0/networks?id=5cf239f4-5a86-429c-9d86-50f39196813f HTTP/1.1" status: 200 len: 1001 time: 0.0772345
2026-06-23 23:26:57.569 10 INFO neutron.wsgi [req-a3c16d1f-daac-467d-97cd-9551ee3c359c req-01dc00a5-56a9-4dfa-bde2-98d4ffda7825 bdd38730b00041c8a83be820a065bc77 5f8ac587b97d4c36a8d609c7451525df - - 833a5cfa7f2841d2921b45d8682549bb 833a5cfa7f2841d2921b45d8682549bb] 10.0.0.4 "GET /v2.0/networks/355cb989-6da8-461a-8e06-8de280bc867a?fields=segments HTTP/1.1" status: 200 len: 212 time: 0.0784185
2026-06-23 23:26:57.608 10 INFO neutron.wsgi [req-0e26dacb-c465-4aa3-a6fb-cefdd351a0a5 req-75ece2fe-d6b9-484e-b3fb-107411e7dd78 bdd38730b00041c8a83be820a065bc77 5f8ac587b97d4c36a8d609c7451525df - - 833a5cfa7f2841d2921b45d8682549bb 833a5cfa7f2841d2921b45d8682549bb] 199.204.45.216 "GET /v2.0/floatingips?fixed_ip_address=10.2.1.233&port_id=f6e11d28-e7d8-4a1f-9f59-c02cd5383c59 HTTP/1.1" status: 200 len: 1059 time: 0.0672085
2026-06-23 23:26:57.645 10 INFO neutron.wsgi [req-0e26dacb-c465-4aa3-a6fb-cefdd351a0a5 req-3c45f092-43e4-48cb-a345-59ca3015a3c4 bdd38730b00041c8a83be820a065bc77 5f8ac587b97d4c36a8d609c7451525df - - 833a5cfa7f2841d2921b45d8682549bb 833a5cfa7f2841d2921b45d8682549bb] 199.204.45.216 "GET /v2.0/floatingips?fixed_ip_address=fd7b%3Af9f7%3Afff%3A4eca%3A%3A186&port_id=f6e11d28-e7d8-4a1f-9f59-c02cd5383c59 HTTP/1.1" status: 200 len: 217 time: 0.0319867
2026-06-23 23:26:57.686 10 INFO neutron.wsgi [req-a3c16d1f-daac-467d-97cd-9551ee3c359c req-8e2b2105-e90c-48ac-bb4e-2112467e1b17 bdd38730b00041c8a83be820a065bc77 5f8ac587b97d4c36a8d609c7451525df - - 833a5cfa7f2841d2921b45d8682549bb 833a5cfa7f2841d2921b45d8682549bb] 10.0.0.4 "GET /v2.0/networks/355cb989-6da8-461a-8e06-8de280bc867a?fields=provider%3Aphysical_network&fields=provider%3Anetwork_type HTTP/1.1" status: 200 len: 277 time: 0.1047807
2026-06-23 23:26:57.697 10 INFO neutron.wsgi [req-0e26dacb-c465-4aa3-a6fb-cefdd351a0a5 req-f5917938-e0a1-4c12-b89d-882dffbc9710 bdd38730b00041c8a83be820a065bc77 5f8ac587b97d4c36a8d609c7451525df - - 833a5cfa7f2841d2921b45d8682549bb 833a5cfa7f2841d2921b45d8682549bb] 199.204.45.216 "GET /v2.0/subnets?id=60fc2d62-da01-49d4-8858-2040022119ef&id=646a1581-e02e-499f-9634-51050b236a68 HTTP/1.1" status: 200 len: 1563 time: 0.0415285
2026-06-23 23:26:57.730 10 INFO neutron.wsgi [req-0e26dacb-c465-4aa3-a6fb-cefdd351a0a5 req-098ab01c-44c1-40a4-af8f-666e62fc6cef bdd38730b00041c8a83be820a065bc77 5f8ac587b97d4c36a8d609c7451525df - - 833a5cfa7f2841d2921b45d8682549bb 833a5cfa7f2841d2921b45d8682549bb] 199.204.45.216 "GET /v2.0/ports?network_id=5cf239f4-5a86-429c-9d86-50f39196813f&device_owner=network%3Adhcp HTTP/1.1" status: 200 len: 210 time: 0.0269635
2026-06-23 23:26:57.759 10 INFO neutron.wsgi [req-0e26dacb-c465-4aa3-a6fb-cefdd351a0a5 req-87a0e6f7-c17c-425d-8fc3-43e881699010 bdd38730b00041c8a83be820a065bc77 5f8ac587b97d4c36a8d609c7451525df - - 833a5cfa7f2841d2921b45d8682549bb 833a5cfa7f2841d2921b45d8682549bb] 199.204.45.216 "GET /v2.0/ports?network_id=5cf239f4-5a86-429c-9d86-50f39196813f&device_owner=network%3Adhcp HTTP/1.1" status: 200 len: 210 time: 0.0218890
2026-06-23 23:26:57.840 10 INFO neutron.wsgi [req-0e26dacb-c465-4aa3-a6fb-cefdd351a0a5 req-b06a22e9-6145-4458-853e-47d4f90ef8d6 bdd38730b00041c8a83be820a065bc77 5f8ac587b97d4c36a8d609c7451525df - - 833a5cfa7f2841d2921b45d8682549bb 833a5cfa7f2841d2921b45d8682549bb] 199.204.45.216 "GET /v2.0/networks/5cf239f4-5a86-429c-9d86-50f39196813f?fields=segments HTTP/1.1" status: 200 len: 212 time: 0.0728846
2026-06-23 23:26:57.856 9 INFO neutron.wsgi [req-a126fdea-095f-4103-84dd-5c1dc9b0b55f req-b87e2ee7-c840-46ce-bb3d-4b38202d6b61 1477ac492b0544e99e2e013b6b7780cb 8d4c21d156e844e7a9055f2c831dbb9a - - default default] 10.0.0.4 "GET /v2.0/ports?device_id=124fa9a6-cee0-4ab1-a8b9-96189443e6f1 HTTP/1.1" status: 200 len: 210 time: 0.0260336
2026-06-23 23:26:57.928 10 INFO neutron.wsgi [req-0e26dacb-c465-4aa3-a6fb-cefdd351a0a5 req-4e5e9571-50bf-4b1d-a345-7aae4fc3a1d8 bdd38730b00041c8a83be820a065bc77 5f8ac587b97d4c36a8d609c7451525df - - 833a5cfa7f2841d2921b45d8682549bb 833a5cfa7f2841d2921b45d8682549bb] 199.204.45.216 "GET /v2.0/networks/5cf239f4-5a86-429c-9d86-50f39196813f?fields=provider%3Aphysical_network&fields=provider%3Anetwork_type HTTP/1.1" status: 200 len: 277 time: 0.0795674
2026-06-23 23:26:58.039 9 INFO neutron.wsgi [None req-33a23225-5234-4192-a353-43730f0101b5 6794a53c8f514c6898f85c729b27284f 241e640f55a84f42a78f1245c1e1ba89 - - default default] 10.0.0.176 "GET /v2.0/qos/policies?tags=red HTTP/1.1" status: 200 len: 1296 time: 0.1664026
2026-06-23 23:26:58.109 9 INFO neutron.wsgi [None req-7ad0b5b6-b6fd-4bac-bc2f-a418faf6bc7c 6794a53c8f514c6898f85c729b27284f 241e640f55a84f42a78f1245c1e1ba89 - - default default] 10.0.0.176 "GET /v2.0/qos/policies?tags=red%2Cblue HTTP/1.1" status: 200 len: 941 time: 0.0650079
2026-06-23 23:26:58.178 9 INFO neutron.wsgi [None req-5fe9c966-f5a9-4590-86f1-351eeef2b9c2 6794a53c8f514c6898f85c729b27284f 241e640f55a84f42a78f1245c1e1ba89 - - default default] 10.0.0.176 "GET /v2.0/qos/policies?tags-any=blue HTTP/1.1" status: 200 len: 941 time: 0.0556109
2026-06-23 23:26:58.255 9 INFO neutron.wsgi [None req-48b1652d-6f0f-41e1-af8a-73ab895d06ee 6794a53c8f514c6898f85c729b27284f 241e640f55a84f42a78f1245c1e1ba89 - - default default] 10.0.0.176 "GET /v2.0/qos/policies?tags-any=red%2Cblue HTTP/1.1" status: 200 len: 1296 time: 0.0710812
2026-06-23 23:26:58.325 10 INFO neutron.wsgi [None req-4003da3d-5f03-4808-a348-db7fced20f79 6794a53c8f514c6898f85c729b27284f 241e640f55a84f42a78f1245c1e1ba89 - - default default] 10.0.0.176 "GET /v2.0/qos/policies?not-tags=red HTTP/1.1" status: 200 len: 913 time: 0.0636663
2026-06-23 23:26:58.409 10 INFO neutron.wsgi [None req-d0575dbe-9dfb-4316-bcc6-55297e35de33 6794a53c8f514c6898f85c729b27284f 241e640f55a84f42a78f1245c1e1ba89 - - default default] 10.0.0.176 "GET /v2.0/qos/policies?not-tags=red%2Cblue HTTP/1.1" status: 200 len: 1268 time: 0.0789747
2026-06-23 23:26:58.513 10 INFO neutron.wsgi [None req-77e8e566-b57b-4bb2-bb4b-49dbf32eb2a5 6794a53c8f514c6898f85c729b27284f 241e640f55a84f42a78f1245c1e1ba89 - - default default] 10.0.0.176 "GET /v2.0/qos/policies?not-tags-any=blue HTTP/1.1" status: 200 len: 1268 time: 0.0983062
2026-06-23 23:26:58.575 10 INFO neutron.wsgi [req-a3c16d1f-daac-467d-97cd-9551ee3c359c req-3f306a51-5447-48b0-b32f-25ca3d28baec 1477ac492b0544e99e2e013b6b7780cb 8d4c21d156e844e7a9055f2c831dbb9a - - default default] 199.204.45.216 "GET /v2.0/networks?id=355cb989-6da8-461a-8e06-8de280bc867a HTTP/1.1" status: 200 len: 904 time: 0.1048546
2026-06-23 23:26:58.598 9 INFO neutron.wsgi [None req-3ec3e2e4-57bd-45b9-b698-ea5cf92db09d 6794a53c8f514c6898f85c729b27284f 241e640f55a84f42a78f1245c1e1ba89 - - default default] 10.0.0.176 "GET /v2.0/qos/policies?not-tags-any=red%2Cblue HTTP/1.1" status: 200 len: 913 time: 0.0791326
2026-06-23 23:26:58.637 10 INFO neutron.wsgi [req-a3c16d1f-daac-467d-97cd-9551ee3c359c req-4bfb1b70-cf47-48e7-8c0b-bc455020ba67 1477ac492b0544e99e2e013b6b7780cb 8d4c21d156e844e7a9055f2c831dbb9a - - default default] 199.204.45.216 "GET /v2.0/security-groups?fields=id&fields=name&tenant_id=8d4c21d156e844e7a9055f2c831dbb9a HTTP/1.1" status: 200 len: 377 time: 0.0567899
2026-06-23 23:26:58.686 9 INFO neutron.wsgi [None req-a39ddc17-4a93-44a3-919c-236e26c774d1 e19bb58b0c0f44c2a22fdeb755828c27 9282b81db5c843468f8881bd80884168 - - default default] 10.0.0.176 "DELETE /v2.0/qos/policies/8098c4ad-2e43-4715-963e-c04d997a852e HTTP/1.1" status: 204 len: 168 time: 0.0801630
2026-06-23 23:26:58.787 10 INFO neutron.wsgi [None req-e7a87c1b-9dfe-489d-963c-dc32f2447653 e19bb58b0c0f44c2a22fdeb755828c27 9282b81db5c843468f8881bd80884168 - - default default] 10.0.0.176 "DELETE /v2.0/qos/policies/f108173a-ed11-46da-834d-c5ec16542176 HTTP/1.1" status: 204 len: 168 time: 0.0952065
2026-06-23 23:26:58.857 9 INFO neutron.wsgi [None req-419994e5-f588-43ce-aa2d-b1f9dfc2c827 e19bb58b0c0f44c2a22fdeb755828c27 9282b81db5c843468f8881bd80884168 - - default default] 10.0.0.176 "DELETE /v2.0/qos/policies/edcf41f5-dd3a-488e-b014-d87910294340 HTTP/1.1" status: 204 len: 168 time: 0.0633314
2026-06-23 23:26:58.923 9 INFO neutron.wsgi [None req-d4a16f99-27f6-4b47-b4ee-8ca948c43efe e19bb58b0c0f44c2a22fdeb755828c27 9282b81db5c843468f8881bd80884168 - - default default] 10.0.0.176 "DELETE /v2.0/qos/policies/b64e0eec-5a07-4f6a-8540-b71ddb1f0251 HTTP/1.1" status: 204 len: 168 time: 0.0614636
2026-06-23 23:26:58.981 9 INFO neutron.wsgi [None req-63a0bd25-1d6e-40d2-b4c5-a91310977154 e19bb58b0c0f44c2a22fdeb755828c27 9282b81db5c843468f8881bd80884168 - - default default] 10.0.0.176 "DELETE /v2.0/qos/policies/5ff315bf-c526-4b9a-8ab0-a76af95454db HTTP/1.1" status: 204 len: 168 time: 0.0533919
2026-06-23 23:26:59.080 10 WARNING neutron.scheduler.dhcp_agent_scheduler [req-a3c16d1f-daac-467d-97cd-9551ee3c359c req-1f953dea-adb5-46c8-8949-a9712eeac8a1 1477ac492b0544e99e2e013b6b7780cb 8d4c21d156e844e7a9055f2c831dbb9a - - default default] No more DHCP agents
2026-06-23 23:26:59.086 10 WARNING neutron.api.rpc.agentnotifiers.dhcp_rpc_agent_api [req-a3c16d1f-daac-467d-97cd-9551ee3c359c req-1f953dea-adb5-46c8-8949-a9712eeac8a1 1477ac492b0544e99e2e013b6b7780cb 8d4c21d156e844e7a9055f2c831dbb9a - - default default] Unable to schedule network 355cb989-6da8-461a-8e06-8de280bc867a: no agents available; will retry on subsequent port and subnet creation events.
2026-06-23 23:26:59.285 10 INFO neutron.db.ovn_revision_numbers_db [req-a3c16d1f-daac-467d-97cd-9551ee3c359c req-1f953dea-adb5-46c8-8949-a9712eeac8a1 1477ac492b0544e99e2e013b6b7780cb 8d4c21d156e844e7a9055f2c831dbb9a - - default default] Successfully bumped revision number for resource 9477806b-51eb-4fa8-9122-7821a7f5d2c7 (type: ports) to 1
2026-06-23 23:26:59.314 10 INFO neutron.wsgi [req-a3c16d1f-daac-467d-97cd-9551ee3c359c req-1f953dea-adb5-46c8-8949-a9712eeac8a1 1477ac492b0544e99e2e013b6b7780cb 8d4c21d156e844e7a9055f2c831dbb9a - - default default] 199.204.45.216 "POST /v2.0/ports HTTP/1.1" status: 201 len: 1392 time: 0.6714447 /var/lib/openstack/lib/python3.10/site-packages/pycadf/identifier.py:71: UserWarning: Invalid uuid: neutron. To ensure interoperability, identifiers should be a valid uuid. warnings.warn(('Invalid uuid: %s. To ensure interoperability, '
2026-06-23 23:26:59.783 10 INFO neutron.db.ovn_revision_numbers_db [req-a3c16d1f-daac-467d-97cd-9551ee3c359c req-c01f4fbe-9f0d-4ba0-a119-06f10538da07 bdd38730b00041c8a83be820a065bc77 5f8ac587b97d4c36a8d609c7451525df - - 833a5cfa7f2841d2921b45d8682549bb 833a5cfa7f2841d2921b45d8682549bb] Successfully bumped revision number for resource 9477806b-51eb-4fa8-9122-7821a7f5d2c7 (type: ports) to 2
2026-06-23 23:26:59.988 10 INFO neutron.db.ovn_revision_numbers_db [req-a3c16d1f-daac-467d-97cd-9551ee3c359c req-c01f4fbe-9f0d-4ba0-a119-06f10538da07 bdd38730b00041c8a83be820a065bc77 5f8ac587b97d4c36a8d609c7451525df - - 833a5cfa7f2841d2921b45d8682549bb 833a5cfa7f2841d2921b45d8682549bb] Successfully bumped revision number for resource 9477806b-51eb-4fa8-9122-7821a7f5d2c7 (type: ports) to 2
2026-06-23 23:27:00.007 10 INFO neutron.wsgi [req-a3c16d1f-daac-467d-97cd-9551ee3c359c req-c01f4fbe-9f0d-4ba0-a119-06f10538da07 bdd38730b00041c8a83be820a065bc77 5f8ac587b97d4c36a8d609c7451525df - - 833a5cfa7f2841d2921b45d8682549bb 833a5cfa7f2841d2921b45d8682549bb] 199.204.45.216 "PUT /v2.0/ports/9477806b-51eb-4fa8-9122-7821a7f5d2c7 HTTP/1.1" status: 200 len: 1609 time: 0.6840682 /var/lib/openstack/lib/python3.10/site-packages/pycadf/identifier.py:71: UserWarning: Invalid uuid: neutron. To ensure interoperability, identifiers should be a valid uuid. warnings.warn(('Invalid uuid: %s. To ensure interoperability, '
2026-06-23 23:27:00.071 10 INFO neutron.notifiers.nova [-] Nova event matching ['req-4aa00f03-96d0-4c2f-a1d7-4df98854db01'] response: {'name': 'network-changed', 'server_uuid': '124fa9a6-cee0-4ab1-a8b9-96189443e6f1', 'tag': '9477806b-51eb-4fa8-9122-7821a7f5d2c7', 'status': 'completed', 'code': 200}
2026-06-23 23:27:00.085 10 INFO neutron.wsgi [req-a3c16d1f-daac-467d-97cd-9551ee3c359c req-756778c5-3539-42d9-ac50-e1830edf177e bdd38730b00041c8a83be820a065bc77 5f8ac587b97d4c36a8d609c7451525df - - 833a5cfa7f2841d2921b45d8682549bb 833a5cfa7f2841d2921b45d8682549bb] 199.204.45.216 "GET /v2.0/ports?tenant_id=8d4c21d156e844e7a9055f2c831dbb9a&device_id=124fa9a6-cee0-4ab1-a8b9-96189443e6f1 HTTP/1.1" status: 200 len: 1640 time: 0.0403364
2026-06-23 23:27:00.118 10 INFO neutron.wsgi [req-a3c16d1f-daac-467d-97cd-9551ee3c359c req-e3ce5923-e783-46e3-aaa3-70f86b6ec40e bdd38730b00041c8a83be820a065bc77 5f8ac587b97d4c36a8d609c7451525df - - 833a5cfa7f2841d2921b45d8682549bb 833a5cfa7f2841d2921b45d8682549bb] 199.204.45.216 "GET /v2.0/floatingips?fixed_ip_address=10.2.2.181&port_id=9477806b-51eb-4fa8-9122-7821a7f5d2c7 HTTP/1.1" status: 200 len: 217 time: 0.0255103
2026-06-23 23:27:00.155 10 INFO neutron.wsgi [req-a3c16d1f-daac-467d-97cd-9551ee3c359c req-49fbb52b-3a59-4e8b-9298-1ae901c8dae2 bdd38730b00041c8a83be820a065bc77 5f8ac587b97d4c36a8d609c7451525df - - 833a5cfa7f2841d2921b45d8682549bb 833a5cfa7f2841d2921b45d8682549bb] 199.204.45.216 "GET /v2.0/floatingips?fixed_ip_address=fd77%3A1457%3A4cf0%3A26a8%3A%3A163&port_id=9477806b-51eb-4fa8-9122-7821a7f5d2c7 HTTP/1.1" status: 200 len: 217 time: 0.0289388
2026-06-23 23:27:00.210 10 INFO neutron.wsgi [req-a3c16d1f-daac-467d-97cd-9551ee3c359c req-0c85c534-d35c-41fc-9d37-8d2c65e2f2e0 bdd38730b00041c8a83be820a065bc77 5f8ac587b97d4c36a8d609c7451525df - - 833a5cfa7f2841d2921b45d8682549bb 833a5cfa7f2841d2921b45d8682549bb] 199.204.45.216 "GET /v2.0/subnets?id=8c72eabd-d6e7-482d-aaf3-f455b91d2406&id=22db108b-17a9-47d9-b3d6-4ac908548c37 HTTP/1.1" status: 200 len: 1566 time: 0.0495927
2026-06-23 23:27:00.211 9 INFO neutron.db.ovn_revision_numbers_db [None req-66c936e9-db20-4c5e-a491-6e934a6d1b84 73a09b60f52042de9611465c8335dc40 5cc1ad8061a84c8a80cef83cd47b598f - - default default] Successfully bumped revision number for resource 0068c668-d9cd-4efa-9c45-6b3759f16ec8 (type: security_groups) to 1
2026-06-23 23:27:00.228 9 INFO neutron.db.ovn_revision_numbers_db [None req-66c936e9-db20-4c5e-a491-6e934a6d1b84 73a09b60f52042de9611465c8335dc40 5cc1ad8061a84c8a80cef83cd47b598f - - default default] Successfully bumped revision number for resource 1074e5ad-7afb-4dab-9c94-84d6d7b93270 (type: security_group_rules) to 0
2026-06-23 23:27:00.242 9 INFO neutron.db.ovn_revision_numbers_db [None req-66c936e9-db20-4c5e-a491-6e934a6d1b84 73a09b60f52042de9611465c8335dc40 5cc1ad8061a84c8a80cef83cd47b598f - - default default] Successfully bumped revision number for resource 84946e17-d5aa-404f-9d7e-f0277fdaf441 (type: security_group_rules) to 0
2026-06-23 23:27:00.246 10 INFO neutron.wsgi [req-a3c16d1f-daac-467d-97cd-9551ee3c359c req-6952432a-2f15-43a8-8497-25a730715ff3 bdd38730b00041c8a83be820a065bc77 5f8ac587b97d4c36a8d609c7451525df - - 833a5cfa7f2841d2921b45d8682549bb 833a5cfa7f2841d2921b45d8682549bb] 199.204.45.216 "GET /v2.0/ports?network_id=355cb989-6da8-461a-8e06-8de280bc867a&device_owner=network%3Adhcp HTTP/1.1" status: 200 len: 210 time: 0.0267978
2026-06-23 23:27:00.260 9 INFO neutron.db.ovn_revision_numbers_db [None req-66c936e9-db20-4c5e-a491-6e934a6d1b84 73a09b60f52042de9611465c8335dc40 5cc1ad8061a84c8a80cef83cd47b598f - - default default] Successfully bumped revision number for resource 972fa1ad-19de-4045-8898-293811acad07 (type: security_group_rules) to 0
2026-06-23 23:27:00.274 10 INFO neutron.wsgi [req-a3c16d1f-daac-467d-97cd-9551ee3c359c req-112a468b-83cb-442a-9cc5-07b83108497d bdd38730b00041c8a83be820a065bc77 5f8ac587b97d4c36a8d609c7451525df - - 833a5cfa7f2841d2921b45d8682549bb 833a5cfa7f2841d2921b45d8682549bb] 199.204.45.216 "GET /v2.0/ports?network_id=355cb989-6da8-461a-8e06-8de280bc867a&device_owner=network%3Adhcp HTTP/1.1" status: 200 len: 210 time: 0.0222914
2026-06-23 23:27:00.275 9 INFO neutron.db.ovn_revision_numbers_db [None req-66c936e9-db20-4c5e-a491-6e934a6d1b84 73a09b60f52042de9611465c8335dc40 5cc1ad8061a84c8a80cef83cd47b598f - - default default] Successfully bumped revision number for resource ff7af294-5432-4b50-942e-dba06bca753a (type: security_group_rules) to 0
2026-06-23 23:27:00.301 9 INFO neutron.wsgi [None req-66c936e9-db20-4c5e-a491-6e934a6d1b84 73a09b60f52042de9611465c8335dc40 5cc1ad8061a84c8a80cef83cd47b598f - - default default] 10.0.0.176 "GET /v2.0/security-groups?tenant_id=241e640f55a84f42a78f1245c1e1ba89&name=default HTTP/1.1" status: 200 len: 3000 time: 0.4165316
2026-06-23 23:27:00.347 10 INFO neutron.wsgi [req-a3c16d1f-daac-467d-97cd-9551ee3c359c req-32c67ae9-c70e-4140-8f13-b4c1fecb6ea4 bdd38730b00041c8a83be820a065bc77 5f8ac587b97d4c36a8d609c7451525df - - 833a5cfa7f2841d2921b45d8682549bb 833a5cfa7f2841d2921b45d8682549bb] 199.204.45.216 "GET /v2.0/networks/355cb989-6da8-461a-8e06-8de280bc867a?fields=segments HTTP/1.1" status: 200 len: 212 time: 0.0670557
2026-06-23 23:27:00.412 10 INFO neutron.wsgi [req-a3c16d1f-daac-467d-97cd-9551ee3c359c req-8792fdd9-25ea-405c-871e-5a6451365eeb bdd38730b00041c8a83be820a065bc77 5f8ac587b97d4c36a8d609c7451525df - - 833a5cfa7f2841d2921b45d8682549bb 833a5cfa7f2841d2921b45d8682549bb] 199.204.45.216 "GET /v2.0/networks/355cb989-6da8-461a-8e06-8de280bc867a?fields=provider%3Aphysical_network&fields=provider%3Anetwork_type HTTP/1.1" status: 200 len: 277 time: 0.0572970
2026-06-23 23:27:00.489 10 INFO neutron.wsgi [req-6e1bb0bb-e518-41b3-a411-7c0835550227 req-d8323047-cc8c-49e0-af65-9308e1a6a35e bdd38730b00041c8a83be820a065bc77 5f8ac587b97d4c36a8d609c7451525df - - 833a5cfa7f2841d2921b45d8682549bb 833a5cfa7f2841d2921b45d8682549bb] 199.204.45.216 "GET /v2.0/ports?tenant_id=8d4c21d156e844e7a9055f2c831dbb9a&device_id=124fa9a6-cee0-4ab1-a8b9-96189443e6f1 HTTP/1.1" status: 200 len: 1640 time: 0.0355239
2026-06-23 23:27:00.547 9 INFO neutron.wsgi [None req-464d58da-8b21-48fa-ac12-b554d149faec 73a09b60f52042de9611465c8335dc40 5cc1ad8061a84c8a80cef83cd47b598f - - default default] 10.0.0.176 "DELETE /v2.0/security-groups/0068c668-d9cd-4efa-9c45-6b3759f16ec8 HTTP/1.1" status: 204 len: 168 time: 0.2410157
2026-06-23 23:27:00.573 10 INFO neutron.wsgi [req-6e1bb0bb-e518-41b3-a411-7c0835550227 req-8c92129f-da0f-4817-89dc-0bfda91f4e78 bdd38730b00041c8a83be820a065bc77 5f8ac587b97d4c36a8d609c7451525df - - 833a5cfa7f2841d2921b45d8682549bb 833a5cfa7f2841d2921b45d8682549bb] 199.204.45.216 "GET /v2.0/networks?id=355cb989-6da8-461a-8e06-8de280bc867a HTTP/1.1" status: 200 len: 1003 time: 0.0787005
2026-06-23 23:27:00.610 10 INFO neutron.wsgi [req-6e1bb0bb-e518-41b3-a411-7c0835550227 req-1890e5e0-028e-4ec7-8f5d-94a788036329 bdd38730b00041c8a83be820a065bc77 5f8ac587b97d4c36a8d609c7451525df - - 833a5cfa7f2841d2921b45d8682549bb 833a5cfa7f2841d2921b45d8682549bb] 199.204.45.216 "GET /v2.0/floatingips?fixed_ip_address=10.2.2.181&port_id=9477806b-51eb-4fa8-9122-7821a7f5d2c7 HTTP/1.1" status: 200 len: 217 time: 0.0292420
2026-06-23 23:27:00.648 10 INFO neutron.plugins.ml2.drivers.ovn.mech_driver.mech_driver [None req-2bf6d314-f408-4a0e-82b5-81f2864e4d6e - - - - - -] OVN reports status up for port: 9477806b-51eb-4fa8-9122-7821a7f5d2c7
2026-06-23 23:27:00.651 10 INFO neutron.wsgi [req-6e1bb0bb-e518-41b3-a411-7c0835550227 req-6f9b6138-ab6c-4e0c-941c-4e64dc0ad632 bdd38730b00041c8a83be820a065bc77 5f8ac587b97d4c36a8d609c7451525df - - 833a5cfa7f2841d2921b45d8682549bb 833a5cfa7f2841d2921b45d8682549bb] 199.204.45.216 "GET /v2.0/floatingips?fixed_ip_address=fd77%3A1457%3A4cf0%3A26a8%3A%3A163&port_id=9477806b-51eb-4fa8-9122-7821a7f5d2c7 HTTP/1.1" status: 200 len: 217 time: 0.0343926
2026-06-23 23:27:00.662 10 INFO neutron.plugins.ml2.plugin [None req-2bf6d314-f408-4a0e-82b5-81f2864e4d6e - - - - - -] Attempt 1 to provision port 9477806b-51eb-4fa8-9122-7821a7f5d2c7
2026-06-23 23:27:00.732 10 INFO neutron.wsgi [req-6e1bb0bb-e518-41b3-a411-7c0835550227 req-0f21ca9a-3655-4b06-8b68-a3fa9f130aa3 bdd38730b00041c8a83be820a065bc77 5f8ac587b97d4c36a8d609c7451525df - - 833a5cfa7f2841d2921b45d8682549bb 833a5cfa7f2841d2921b45d8682549bb] 199.204.45.216 "GET /v2.0/subnets?id=8c72eabd-d6e7-482d-aaf3-f455b91d2406&id=22db108b-17a9-47d9-b3d6-4ac908548c37 HTTP/1.1" status: 200 len: 1566 time: 0.0720344
2026-06-23 23:27:00.771 10 INFO neutron.wsgi [req-6e1bb0bb-e518-41b3-a411-7c0835550227 req-8b2c78f4-4aec-4e3e-8b34-e01a6432e52c bdd38730b00041c8a83be820a065bc77 5f8ac587b97d4c36a8d609c7451525df - - 833a5cfa7f2841d2921b45d8682549bb 833a5cfa7f2841d2921b45d8682549bb] 199.204.45.216 "GET /v2.0/ports?network_id=355cb989-6da8-461a-8e06-8de280bc867a&device_owner=network%3Adhcp HTTP/1.1" status: 200 len: 210 time: 0.0284824
2026-06-23 23:27:00.784 9 INFO neutron.db.ovn_revision_numbers_db [None req-c4e99bcd-4c28-4bb7-b58d-a25ccd486a7c 73a09b60f52042de9611465c8335dc40 5cc1ad8061a84c8a80cef83cd47b598f - - default default] Successfully bumped revision number for resource 7b050161-251f-45dd-8ad7-b8b53dffa6f1 (type: security_groups) to 1
2026-06-23 23:27:00.797 9 INFO neutron.db.ovn_revision_numbers_db [None req-c4e99bcd-4c28-4bb7-b58d-a25ccd486a7c 73a09b60f52042de9611465c8335dc40 5cc1ad8061a84c8a80cef83cd47b598f - - default default] Successfully bumped revision number for resource 20ba62a7-1320-4bab-8f71-00a28dc89e47 (type: security_group_rules) to 0
