2026-06-23 23:24:25.849 9 INFO neutron.db.ovn_revision_numbers_db [None req-1c9b876b-2e33-4cc9-aee3-360b4cc8f6c1 e4da8a8e92ed43eda67f0f00245d9856 5f6b30d7a0164911aa3f6d95ea48aa33 - - default default] Successfully bumped revision number for resource 6b87822d-d50d-49ee-9608-1687d20ad266 (type: floatingips) to 1
2026-06-23 23:24:25.886 9 INFO neutron.db.ovn_revision_numbers_db [None req-c4db030a-1680-4ad1-80c3-a0f417040ee9 73a09b60f52042de9611465c8335dc40 5cc1ad8061a84c8a80cef83cd47b598f - - default default] Successfully bumped revision number for resource b38dc618-474f-4c1e-8b18-fa49fe9db372 (type: security_groups) to 1
2026-06-23 23:24:25.899 9 INFO neutron.wsgi [None req-1c9b876b-2e33-4cc9-aee3-360b4cc8f6c1 e4da8a8e92ed43eda67f0f00245d9856 5f6b30d7a0164911aa3f6d95ea48aa33 - - default default] 10.0.0.176 "POST /v2.0/floatingips HTTP/1.1" status: 201 len: 1041 time: 1.3061433
2026-06-23 23:24:25.903 9 INFO neutron.db.ovn_revision_numbers_db [None req-c4db030a-1680-4ad1-80c3-a0f417040ee9 73a09b60f52042de9611465c8335dc40 5cc1ad8061a84c8a80cef83cd47b598f - - default default] Successfully bumped revision number for resource 3a6602b6-b9de-4bb8-b6fa-f90f92b70003 (type: security_group_rules) to 0
2026-06-23 23:24:25.931 9 INFO neutron.db.ovn_revision_numbers_db [None req-c4db030a-1680-4ad1-80c3-a0f417040ee9 73a09b60f52042de9611465c8335dc40 5cc1ad8061a84c8a80cef83cd47b598f - - default default] Successfully bumped revision number for resource 44c14c30-ff78-4c3c-840f-f3410ac47024 (type: security_group_rules) to 0
2026-06-23 23:24:25.949 9 INFO neutron.db.ovn_revision_numbers_db [None req-c4db030a-1680-4ad1-80c3-a0f417040ee9 73a09b60f52042de9611465c8335dc40 5cc1ad8061a84c8a80cef83cd47b598f - - default default] Successfully bumped revision number for resource c757f323-7337-40ad-a3bc-c61fa497bc54 (type: security_group_rules) to 0
2026-06-23 23:24:25.976 9 INFO neutron.db.ovn_revision_numbers_db [None req-c4db030a-1680-4ad1-80c3-a0f417040ee9 73a09b60f52042de9611465c8335dc40 5cc1ad8061a84c8a80cef83cd47b598f - - default default] Successfully bumped revision number for resource fd5d45fc-a8e2-4339-8bbc-3cde73802d6a (type: security_group_rules) to 0
2026-06-23 23:24:26.004 10 INFO neutron.services.segments.plugin [-] Segment 81eb102d-1b60-4053-bb2b-e0a45a5d1e23 resource provider aggregate not found
2026-06-23 23:24:26.011 10 INFO neutron.services.segments.plugin [-] Segment 81eb102d-1b60-4053-bb2b-e0a45a5d1e23 resource provider aggregate not found
2026-06-23 23:24:26.014 9 INFO neutron.wsgi [None req-c4db030a-1680-4ad1-80c3-a0f417040ee9 73a09b60f52042de9611465c8335dc40 5cc1ad8061a84c8a80cef83cd47b598f - - default default] 10.0.0.176 "GET /v2.0/security-groups?tenant_id=c2d6739f41074dbe9ca3772d9de3e184&name=default HTTP/1.1" status: 200 len: 2996 time: 0.4950376
2026-06-23 23:24:26.036 10 INFO neutron.services.segments.plugin [-] Segment 81eb102d-1b60-4053-bb2b-e0a45a5d1e23 resource provider not found; error: Placement Client Error (4xx): {"errors": [{"status": 404, "title": "Not Found", "detail": "The resource could not be found.\n\n No resource provider with uuid 81eb102d-1b60-4053-bb2b-e0a45a5d1e23 found for delete ", "request_id": "req-75ab9f57-cf90-48a1-8ee2-7d0b97322b2c"}]}
2026-06-23 23:24:26.038 10 INFO neutron.services.segments.plugin [-] Segment 81eb102d-1b60-4053-bb2b-e0a45a5d1e23 resource provider not found; error: Placement Client Error (4xx): {"errors": [{"status": 404, "title": "Not Found", "detail": "The resource could not be found.\n\n No resource provider with uuid 81eb102d-1b60-4053-bb2b-e0a45a5d1e23 found for delete ", "request_id": "req-85d55496-73ab-49f3-a07f-e0721006230d"}]}
2026-06-23 23:24:26.063 9 INFO neutron.db.l3_db [None req-87198d74-7976-4f0f-9257-696797f3ce5b e4da8a8e92ed43eda67f0f00245d9856 5f6b30d7a0164911aa3f6d95ea48aa33 - - default default] Floating IP 6b87822d-d50d-49ee-9608-1687d20ad266 disassociated. External IP: 10.96.250.201, port: 4555283c-5b65-4005-b174-c320d05f14c6.
2026-06-23 23:24:26.063 10 INFO neutron.wsgi [None req-85725a16-36c0-4d2a-a63b-9308f0c084f7 73a09b60f52042de9611465c8335dc40 5cc1ad8061a84c8a80cef83cd47b598f - - default default] 10.0.0.176 "DELETE /v2.0/networks/8ed20313-43ab-4593-9eea-ad72af4a6c9e HTTP/1.1" status: 204 len: 168 time: 0.4543788
2026-06-23 23:24:26.121 9 INFO neutron.db.ovn_revision_numbers_db [None req-87198d74-7976-4f0f-9257-696797f3ce5b e4da8a8e92ed43eda67f0f00245d9856 5f6b30d7a0164911aa3f6d95ea48aa33 - - default default] Successfully bumped revision number for resource 6b87822d-d50d-49ee-9608-1687d20ad266 (type: floatingips) to 2
2026-06-23 23:24:26.192 9 INFO neutron.wsgi [None req-87198d74-7976-4f0f-9257-696797f3ce5b e4da8a8e92ed43eda67f0f00245d9856 5f6b30d7a0164911aa3f6d95ea48aa33 - - default default] 10.0.0.176 "PUT /v2.0/floatingips/6b87822d-d50d-49ee-9608-1687d20ad266 HTTP/1.1" status: 200 len: 748 time: 0.2853174
2026-06-23 23:24:26.257 10 INFO neutron.wsgi [None req-a2b501cd-5ffc-4ebd-8c23-8c089ae36d01 73a09b60f52042de9611465c8335dc40 5cc1ad8061a84c8a80cef83cd47b598f - - default default] 10.0.0.176 "GET /v2.0/security-groups?tenant_id=6383edfe70b64874aa9a2eaa03d2f43d&name=default HTTP/1.1" status: 200 len: 2996 time: 0.0470879
2026-06-23 23:24:26.354 9 INFO neutron.wsgi [None req-32a485b0-3ed9-4f6d-b44d-5c1605aa1dde 73a09b60f52042de9611465c8335dc40 5cc1ad8061a84c8a80cef83cd47b598f - - default default] 10.0.0.176 "DELETE /v2.0/security-groups/b38dc618-474f-4c1e-8b18-fa49fe9db372 HTTP/1.1" status: 204 len: 168 time: 0.3329558
2026-06-23 23:24:26.529 9 INFO neutron.wsgi [None req-62786b86-5115-4578-999a-a06e4b35eb95 73a09b60f52042de9611465c8335dc40 5cc1ad8061a84c8a80cef83cd47b598f - - default default] 10.0.0.176 "DELETE /v2.0/security-groups/daf5e37c-82a7-4f5c-9df7-7fae99dc620b HTTP/1.1" status: 204 len: 168 time: 0.2651763
2026-06-23 23:24:26.533 9 INFO neutron.wsgi [None req-e74353ad-0db2-4da4-9b96-2b5ca8ba5afb e4da8a8e92ed43eda67f0f00245d9856 5f6b30d7a0164911aa3f6d95ea48aa33 - - default default] 10.0.0.176 "DELETE /v2.0/floatingips/6b87822d-d50d-49ee-9608-1687d20ad266 HTTP/1.1" status: 204 len: 168 time: 0.3336146
2026-06-23 23:24:26.613 10 INFO neutron.wsgi [req-6a83d158-2838-4b7f-b75d-d9e37bd4c934 req-54410f2b-0e17-444d-9973-37ebd4c55048 0d215d61aaf7496a8bc067f157d5b1b3 67ed2621a9ee45c797571cbdc87593e3 - - default default] 10.0.0.4 "GET /v2.0/ports?device_id=730646b6-b0e7-4262-83a5-4bfc4b086c78 HTTP/1.1" status: 200 len: 1172 time: 0.1083126
2026-06-23 23:24:26.672 10 INFO neutron.wsgi [req-6a83d158-2838-4b7f-b75d-d9e37bd4c934 req-6415068e-4e01-4d92-b8f9-a1af6837c642 0d215d61aaf7496a8bc067f157d5b1b3 67ed2621a9ee45c797571cbdc87593e3 - - default default] 10.0.0.4 "GET /v2.0/security-groups?id=bcbdd459-370c-4870-8ea9-e79a9cf7eb6b&fields=id&fields=name HTTP/1.1" status: 200 len: 312 time: 0.0500526
2026-06-23 23:24:27.152 10 INFO neutron.wsgi [-] 10.0.0.173 "GET / HTTP/1.1" status: 200 len: 247 time: 0.0025249
2026-06-23 23:24:27.155 10 INFO neutron.wsgi [-] 10.0.0.173 "GET / HTTP/1.1" status: 200 len: 247 time: 0.0019684
2026-06-23 23:24:27.337 9 WARNING neutron.scheduler.dhcp_agent_scheduler [None req-d883d1f1-612e-4895-a592-6f598110b5b4 e4da8a8e92ed43eda67f0f00245d9856 5f6b30d7a0164911aa3f6d95ea48aa33 - - default default] No more DHCP agents
2026-06-23 23:24:27.342 9 WARNING neutron.api.rpc.agentnotifiers.dhcp_rpc_agent_api [None req-d883d1f1-612e-4895-a592-6f598110b5b4 e4da8a8e92ed43eda67f0f00245d9856 5f6b30d7a0164911aa3f6d95ea48aa33 - - default default] Unable to schedule network e4df1510-cce2-4b48-b7f1-2913b179bb16: no agents available; will retry on subsequent port and subnet creation events.
2026-06-23 23:24:27.756 9 INFO neutron.db.l3_db [None req-d883d1f1-612e-4895-a592-6f598110b5b4 e4da8a8e92ed43eda67f0f00245d9856 5f6b30d7a0164911aa3f6d95ea48aa33 - - default default] Floating IP 1c0cfc79-2657-4e20-8702-69aafbe30920 associated. External IP: 10.96.250.207, port: 22b5072e-4725-4002-8f44-dc4e34939ffb.
2026-06-23 23:24:27.773 10 WARNING neutron.plugins.ml2.drivers.ovn.mech_driver.ovsdb.ovn_client [None req-2bf6d314-f408-4a0e-82b5-81f2864e4d6e - - - - - -] No hosting information found for port 3638740e-0c74-4af6-adfe-eb2c7044b4e3: RuntimeError: No hosting information found for port 3638740e-0c74-4af6-adfe-eb2c7044b4e3
2026-06-23 23:24:27.794 9 INFO neutron.wsgi [req-66b5045d-f7a5-4381-a90e-0b3e1cce299b req-d1f2c521-fb1f-4ea7-b2df-18bdeb7044f3 0d215d61aaf7496a8bc067f157d5b1b3 67ed2621a9ee45c797571cbdc87593e3 - - default default] 10.0.0.4 "GET /v2.0/ports?device_id=730646b6-b0e7-4262-83a5-4bfc4b086c78 HTTP/1.1" status: 200 len: 1172 time: 0.0505710
2026-06-23 23:24:27.876 9 INFO neutron.wsgi [req-66b5045d-f7a5-4381-a90e-0b3e1cce299b req-a862503a-196d-4a35-8a30-c158e62d9564 0d215d61aaf7496a8bc067f157d5b1b3 67ed2621a9ee45c797571cbdc87593e3 - - default default] 10.0.0.4 "GET /v2.0/security-groups?id=bcbdd459-370c-4870-8ea9-e79a9cf7eb6b&fields=id&fields=name HTTP/1.1" status: 200 len: 312 time: 0.0745742
2026-06-23 23:24:28.034 9 INFO neutron.db.ovn_revision_numbers_db [None req-d883d1f1-612e-4895-a592-6f598110b5b4 e4da8a8e92ed43eda67f0f00245d9856 5f6b30d7a0164911aa3f6d95ea48aa33 - - default default] Successfully bumped revision number for resource 1c0cfc79-2657-4e20-8702-69aafbe30920 (type: floatingips) to 0
2026-06-23 23:24:28.149 9 INFO neutron.db.ovn_revision_numbers_db [None req-d883d1f1-612e-4895-a592-6f598110b5b4 e4da8a8e92ed43eda67f0f00245d9856 5f6b30d7a0164911aa3f6d95ea48aa33 - - default default] Successfully bumped revision number for resource 1c0cfc79-2657-4e20-8702-69aafbe30920 (type: floatingips) to 1
2026-06-23 23:24:28.187 9 INFO neutron.wsgi [None req-d883d1f1-612e-4895-a592-6f598110b5b4 e4da8a8e92ed43eda67f0f00245d9856 5f6b30d7a0164911aa3f6d95ea48aa33 - - default default] 10.0.0.176 "POST /v2.0/floatingips HTTP/1.1" status: 201 len: 1040 time: 1.6485960
2026-06-23 23:24:28.237 9 INFO neutron.wsgi [None req-5bbbd399-37e6-44c9-b0e1-890f1db332f1 e4da8a8e92ed43eda67f0f00245d9856 5f6b30d7a0164911aa3f6d95ea48aa33 - - default default] 10.0.0.176 "GET /v2.0/floatingips/1c0cfc79-2657-4e20-8702-69aafbe30920 HTTP/1.1" status: 200 len: 1037 time: 0.0429716
2026-06-23 23:24:28.300 9 INFO neutron.wsgi [None req-2a9950b1-d2cd-4c1d-93db-09896fe8d233 e4da8a8e92ed43eda67f0f00245d9856 5f6b30d7a0164911aa3f6d95ea48aa33 - - default default] 10.0.0.176 "GET /v2.0/floatingips HTTP/1.1" status: 200 len: 1040 time: 0.0569470
2026-06-23 23:24:28.574 9 INFO neutron.db.l3_db [None req-bfeeb705-0d18-468a-93bd-9b850ce4be27 e4da8a8e92ed43eda67f0f00245d9856 5f6b30d7a0164911aa3f6d95ea48aa33 - - default default] Floating IP 1c0cfc79-2657-4e20-8702-69aafbe30920 associated. External IP: 10.96.250.207, port: 22b5072e-4725-4002-8f44-dc4e34939ffb.
2026-06-23 23:24:28.637 9 WARNING neutron.plugins.ml2.drivers.ovn.mech_driver.ovsdb.ovn_client [None req-16a56bf0-cf1a-45d0-b006-424b886b744b - - - - - -] No hosting information found for port 17aa4685-d4ba-4324-bd6c-079b4344b31d: RuntimeError: No hosting information found for port 17aa4685-d4ba-4324-bd6c-079b4344b31d
2026-06-23 23:24:28.638 9 INFO neutron.plugins.ml2.drivers.ovn.mech_driver.mech_driver [None req-16a56bf0-cf1a-45d0-b006-424b886b744b - - - - - -] OVN reports status up for port: b39b4263-8e02-4b5f-83ec-45aa6f971d32
2026-06-23 23:24:28.662 9 INFO neutron.plugins.ml2.plugin [None req-16a56bf0-cf1a-45d0-b006-424b886b744b - - - - - -] Attempt 1 to provision port b39b4263-8e02-4b5f-83ec-45aa6f971d32
2026-06-23 23:24:28.820 9 INFO neutron.db.ovn_revision_numbers_db [None req-8666e982-7ad4-4b4d-ae6c-eed326a093f5 73a09b60f52042de9611465c8335dc40 5cc1ad8061a84c8a80cef83cd47b598f - - default default] Successfully bumped revision number for resource 2294969d-88ad-4fea-b7ed-e6e16ced3b40 (type: security_groups) to 1
2026-06-23 23:24:28.851 9 INFO neutron.db.ovn_revision_numbers_db [None req-8666e982-7ad4-4b4d-ae6c-eed326a093f5 73a09b60f52042de9611465c8335dc40 5cc1ad8061a84c8a80cef83cd47b598f - - default default] Successfully bumped revision number for resource 0205aefe-2ef8-4f0c-a27e-932fd201c493 (type: security_group_rules) to 0
2026-06-23 23:24:28.855 9 INFO neutron.notifiers.nova [-] Nova event matching ['req-f7f39c6b-12df-4ad9-b004-7bc3db11e378'] response: {'server_uuid': '730646b6-b0e7-4262-83a5-4bfc4b086c78', 'name': 'network-vif-plugged', 'status': 'completed', 'tag': 'b39b4263-8e02-4b5f-83ec-45aa6f971d32', 'code': 200}
2026-06-23 23:24:28.907 9 INFO neutron.db.ovn_revision_numbers_db [None req-8666e982-7ad4-4b4d-ae6c-eed326a093f5 73a09b60f52042de9611465c8335dc40 5cc1ad8061a84c8a80cef83cd47b598f - - default default] Successfully bumped revision number for resource 39bc4c83-2fac-4450-a58a-387b69a1d872 (type: security_group_rules) to 0
2026-06-23 23:24:28.936 9 INFO neutron.db.ovn_revision_numbers_db [None req-8666e982-7ad4-4b4d-ae6c-eed326a093f5 73a09b60f52042de9611465c8335dc40 5cc1ad8061a84c8a80cef83cd47b598f - - default default] Successfully bumped revision number for resource 40d43592-d8a2-4fd5-8b0f-3f0256376c37 (type: security_group_rules) to 0
2026-06-23 23:24:28.938 9 INFO neutron.db.ovn_revision_numbers_db [None req-bfeeb705-0d18-468a-93bd-9b850ce4be27 e4da8a8e92ed43eda67f0f00245d9856 5f6b30d7a0164911aa3f6d95ea48aa33 - - default default] Successfully bumped revision number for resource 1c0cfc79-2657-4e20-8702-69aafbe30920 (type: floatingips) to 2
2026-06-23 23:24:29.000 9 INFO neutron.db.ovn_revision_numbers_db [None req-8666e982-7ad4-4b4d-ae6c-eed326a093f5 73a09b60f52042de9611465c8335dc40 5cc1ad8061a84c8a80cef83cd47b598f - - default default] Successfully bumped revision number for resource caad1f75-243a-44c3-9494-bbe749473b6c (type: security_group_rules) to 0
2026-06-23 23:24:29.028 9 INFO neutron.wsgi [req-e8b4bee2-fdfc-45e4-a69c-5a421b96df85 req-af76936a-08b5-4c43-8a00-1d6d9c659e3d 0d215d61aaf7496a8bc067f157d5b1b3 67ed2621a9ee45c797571cbdc87593e3 - - default default] 10.0.0.4 "GET /v2.0/ports?device_id=730646b6-b0e7-4262-83a5-4bfc4b086c78 HTTP/1.1" status: 200 len: 1174 time: 0.0724826
2026-06-23 23:24:29.115 9 INFO neutron.db.segments_db [None req-8666e982-7ad4-4b4d-ae6c-eed326a093f5 73a09b60f52042de9611465c8335dc40 5cc1ad8061a84c8a80cef83cd47b598f - - default default] Added segment 1e5bab48-8d87-485f-9052-af6e554ea276 of type geneve for network c3655b3c-a300-4c41-8839-491db934a380
2026-06-23 23:24:29.153 9 INFO neutron.wsgi [req-e8b4bee2-fdfc-45e4-a69c-5a421b96df85 req-481e71bb-3422-45b3-ad8d-2eb3edc47e71 0d215d61aaf7496a8bc067f157d5b1b3 67ed2621a9ee45c797571cbdc87593e3 - - default default] 10.0.0.4 "GET /v2.0/security-groups?id=bcbdd459-370c-4870-8ea9-e79a9cf7eb6b&fields=id&fields=name HTTP/1.1" status: 200 len: 312 time: 0.1142082
2026-06-23 23:24:29.202 9 INFO neutron.db.ovn_revision_numbers_db [None req-bfeeb705-0d18-468a-93bd-9b850ce4be27 e4da8a8e92ed43eda67f0f00245d9856 5f6b30d7a0164911aa3f6d95ea48aa33 - - default default] Successfully bumped revision number for resource 1c0cfc79-2657-4e20-8702-69aafbe30920 (type: floatingips) to 2
2026-06-23 23:24:29.306 9 INFO neutron.db.ovn_revision_numbers_db [None req-16a56bf0-cf1a-45d0-b006-424b886b744b - - - - - -] Successfully bumped revision number for resource b39b4263-8e02-4b5f-83ec-45aa6f971d32 (type: ports) to 4
2026-06-23 23:24:29.316 9 INFO neutron.wsgi [None req-bfeeb705-0d18-468a-93bd-9b850ce4be27 e4da8a8e92ed43eda67f0f00245d9856 5f6b30d7a0164911aa3f6d95ea48aa33 - - default default] 10.0.0.176 "PUT /v2.0/floatingips/1c0cfc79-2657-4e20-8702-69aafbe30920 HTTP/1.1" status: 200 len: 1038 time: 1.0093660 /var/lib/openstack/lib/python3.10/site-packages/pycadf/identifier.py:71: UserWarning: Invalid uuid: neutron. To ensure interoperability, identifiers should be a valid uuid. warnings.warn(('Invalid uuid: %s. To ensure interoperability, '
2026-06-23 23:24:29.422 9 INFO neutron.db.ovn_revision_numbers_db [None req-8666e982-7ad4-4b4d-ae6c-eed326a093f5 73a09b60f52042de9611465c8335dc40 5cc1ad8061a84c8a80cef83cd47b598f - - default default] Successfully bumped revision number for resource c3655b3c-a300-4c41-8839-491db934a380 (type: networks) to 1
2026-06-23 23:24:29.491 10 INFO neutron.db.l3_db [None req-a1254246-05e8-43e7-8e04-0b279e6785fb e4da8a8e92ed43eda67f0f00245d9856 5f6b30d7a0164911aa3f6d95ea48aa33 - - default default] Floating IP 1c0cfc79-2657-4e20-8702-69aafbe30920 disassociated. External IP: 10.96.250.207, port: 4555283c-5b65-4005-b174-c320d05f14c6.
2026-06-23 23:24:29.560 10 INFO neutron.db.ovn_revision_numbers_db [None req-a1254246-05e8-43e7-8e04-0b279e6785fb e4da8a8e92ed43eda67f0f00245d9856 5f6b30d7a0164911aa3f6d95ea48aa33 - - default default] Successfully bumped revision number for resource 1c0cfc79-2657-4e20-8702-69aafbe30920 (type: floatingips) to 3
2026-06-23 23:24:29.656 10 INFO neutron.wsgi [None req-a1254246-05e8-43e7-8e04-0b279e6785fb e4da8a8e92ed43eda67f0f00245d9856 5f6b30d7a0164911aa3f6d95ea48aa33 - - default default] 10.0.0.176 "PUT /v2.0/floatingips/1c0cfc79-2657-4e20-8702-69aafbe30920 HTTP/1.1" status: 200 len: 748 time: 0.3319638
2026-06-23 23:24:29.659 9 WARNING neutron.scheduler.dhcp_agent_scheduler [None req-8666e982-7ad4-4b4d-ae6c-eed326a093f5 73a09b60f52042de9611465c8335dc40 5cc1ad8061a84c8a80cef83cd47b598f - - default default] No more DHCP agents
2026-06-23 23:24:29.663 9 WARNING neutron.api.rpc.agentnotifiers.dhcp_rpc_agent_api [None req-8666e982-7ad4-4b4d-ae6c-eed326a093f5 73a09b60f52042de9611465c8335dc40 5cc1ad8061a84c8a80cef83cd47b598f - - default default] Unable to schedule network c3655b3c-a300-4c41-8839-491db934a380: no agents available; will retry on subsequent port and subnet creation events. /var/lib/openstack/lib/python3.10/site-packages/pycadf/identifier.py:71: UserWarning: Invalid uuid: neutron. To ensure interoperability, identifiers should be a valid uuid. warnings.warn(('Invalid uuid: %s. To ensure interoperability, '
2026-06-23 23:24:29.749 9 INFO neutron.db.ovn_revision_numbers_db [None req-8666e982-7ad4-4b4d-ae6c-eed326a093f5 73a09b60f52042de9611465c8335dc40 5cc1ad8061a84c8a80cef83cd47b598f - - default default] Successfully bumped revision number for resource 607b9255-3808-4361-99dd-a8eb85382de0 (type: ports) to 1
2026-06-23 23:24:29.784 9 INFO neutron.wsgi [None req-8666e982-7ad4-4b4d-ae6c-eed326a093f5 73a09b60f52042de9611465c8335dc40 5cc1ad8061a84c8a80cef83cd47b598f - - default default] 10.0.0.176 "POST /v2.0/networks HTTP/1.1" status: 201 len: 946 time: 1.3397753 /var/lib/openstack/lib/python3.10/site-packages/pycadf/identifier.py:71: UserWarning: Invalid uuid: neutron. To ensure interoperability, identifiers should be a valid uuid. warnings.warn(('Invalid uuid: %s. To ensure interoperability, '
2026-06-23 23:24:29.948 9 WARNING neutron.scheduler.dhcp_agent_scheduler [None req-b6b678f7-0af0-4686-ae90-473554d38cca 73a09b60f52042de9611465c8335dc40 5cc1ad8061a84c8a80cef83cd47b598f - - default default] No more DHCP agents
2026-06-23 23:24:29.951 9 WARNING neutron.api.rpc.agentnotifiers.dhcp_rpc_agent_api [None req-b6b678f7-0af0-4686-ae90-473554d38cca 73a09b60f52042de9611465c8335dc40 5cc1ad8061a84c8a80cef83cd47b598f - - default default] Unable to schedule network c3655b3c-a300-4c41-8839-491db934a380: no agents available; will retry on subsequent port and subnet creation events.
2026-06-23 23:24:30.047 10 INFO neutron.wsgi [None req-f068244e-bacc-4068-ac77-09e30114aaa8 e4da8a8e92ed43eda67f0f00245d9856 5f6b30d7a0164911aa3f6d95ea48aa33 - - default default] 10.0.0.176 "DELETE /v2.0/floatingips/1c0cfc79-2657-4e20-8702-69aafbe30920 HTTP/1.1" status: 204 len: 168 time: 0.3863084
2026-06-23 23:24:30.081 10 INFO neutron.api.v2.resource [None req-ef202e54-1fbf-4b12-8815-05601620f7a0 e4da8a8e92ed43eda67f0f00245d9856 5f6b30d7a0164911aa3f6d95ea48aa33 - - default default] delete failed (client error): The resource could not be found.
2026-06-23 23:24:30.083 10 INFO neutron.wsgi [None req-ef202e54-1fbf-4b12-8815-05601620f7a0 e4da8a8e92ed43eda67f0f00245d9856 5f6b30d7a0164911aa3f6d95ea48aa33 - - default default] 10.0.0.176 "DELETE /v2.0/floatingips/1c0cfc79-2657-4e20-8702-69aafbe30920 HTTP/1.1" status: 404 len: 345 time: 0.0304053
2026-06-23 23:24:30.281 10 INFO neutron.wsgi [req-a4ef3cdd-4b38-4942-9803-6827cf346e9b req-bf40370b-da21-48ae-a768-55c50eccdb71 0d215d61aaf7496a8bc067f157d5b1b3 67ed2621a9ee45c797571cbdc87593e3 - - default default] 10.0.0.4 "GET /v2.0/ports?device_id=730646b6-b0e7-4262-83a5-4bfc4b086c78 HTTP/1.1" status: 200 len: 1174 time: 0.0433095
2026-06-23 23:24:30.351 10 INFO neutron.wsgi [req-a4ef3cdd-4b38-4942-9803-6827cf346e9b req-4c8966f3-3995-4f44-9003-1991eb36af76 0d215d61aaf7496a8bc067f157d5b1b3 67ed2621a9ee45c797571cbdc87593e3 - - default default] 10.0.0.4 "GET /v2.0/security-groups?id=bcbdd459-370c-4870-8ea9-e79a9cf7eb6b&fields=id&fields=name HTTP/1.1" status: 200 len: 312 time: 0.0633619
2026-06-23 23:24:30.497 10 INFO neutron.wsgi [None req-773c6644-30d1-4ce8-9a3f-c4a741b6f128 e4da8a8e92ed43eda67f0f00245d9856 5f6b30d7a0164911aa3f6d95ea48aa33 - - default default] 10.0.0.176 "DELETE /v2.0/ports/4555283c-5b65-4005-b174-c320d05f14c6 HTTP/1.1" status: 204 len: 168 time: 0.4058681
2026-06-23 23:24:30.568 9 INFO neutron.wsgi [req-3f3b2206-a479-41f7-9776-58fd0672bc74 req-3ced8c06-acc7-4382-a918-eebbe8fc7c0c 0d215d61aaf7496a8bc067f157d5b1b3 67ed2621a9ee45c797571cbdc87593e3 - - default default] 10.0.0.4 "GET /v2.0/ports?device_id=730646b6-b0e7-4262-83a5-4bfc4b086c78 HTTP/1.1" status: 200 len: 1174 time: 0.1301215
2026-06-23 23:24:30.631 9 INFO neutron.db.ovn_revision_numbers_db [None req-b6b678f7-0af0-4686-ae90-473554d38cca 73a09b60f52042de9611465c8335dc40 5cc1ad8061a84c8a80cef83cd47b598f - - default default] Successfully bumped revision number for resource 607b9255-3808-4361-99dd-a8eb85382de0 (type: ports) to 2
2026-06-23 23:24:30.639 9 INFO neutron.wsgi [req-3f3b2206-a479-41f7-9776-58fd0672bc74 req-2f8a4520-1e6d-4fe0-abfd-cdcf2f6373e5 0d215d61aaf7496a8bc067f157d5b1b3 67ed2621a9ee45c797571cbdc87593e3 - - default default] 10.0.0.4 "GET /v2.0/security-groups?id=bcbdd459-370c-4870-8ea9-e79a9cf7eb6b&fields=id&fields=name HTTP/1.1" status: 200 len: 312 time: 0.0617142
2026-06-23 23:24:30.681 9 INFO neutron.db.ovn_revision_numbers_db [None req-b6b678f7-0af0-4686-ae90-473554d38cca 73a09b60f52042de9611465c8335dc40 5cc1ad8061a84c8a80cef83cd47b598f - - default default] Successfully bumped revision number for resource a114060b-061d-4bd4-8d0c-19e8912998d9 (type: subnets) to 0
2026-06-23 23:24:30.708 9 INFO neutron.wsgi [None req-b6b678f7-0af0-4686-ae90-473554d38cca 73a09b60f52042de9611465c8335dc40 5cc1ad8061a84c8a80cef83cd47b598f - - default default] 10.0.0.176 "POST /v2.0/subnets HTTP/1.1" status: 201 len: 867 time: 0.9186518
2026-06-23 23:24:30.713 9 INFO neutron.wsgi [None req-a209d3cb-f342-4142-9002-d3d2920df76e 1eca014e3e7f48f1b883f0b34d159974 87015d16df744f1494fec231063bde26 - - default default] 10.0.0.176 "GET /v2.0/ports?device_id=730646b6-b0e7-4262-83a5-4bfc4b086c78 HTTP/1.1" status: 200 len: 1408 time: 0.0394084
2026-06-23 23:24:30.906 9 INFO neutron.notifiers.nova [-] Nova event matching ['req-e992ef62-dec4-4e07-9d20-26ce02c6abd9'] response: {'server_uuid': '730646b6-b0e7-4262-83a5-4bfc4b086c78', 'name': 'network-vif-plugged', 'status': 'completed', 'tag': 'b39b4263-8e02-4b5f-83ec-45aa6f971d32', 'code': 200}
2026-06-23 23:24:30.906 10 INFO neutron.wsgi [None req-ea423bde-bdb2-4a66-850b-9422b777971d e4da8a8e92ed43eda67f0f00245d9856 5f6b30d7a0164911aa3f6d95ea48aa33 - - default default] 10.0.0.176 "DELETE /v2.0/ports/22b5072e-4725-4002-8f44-dc4e34939ffb HTTP/1.1" status: 204 len: 168 time: 0.4043479
2026-06-23 23:24:31.036 10 INFO neutron.wsgi [None req-a4804fb6-4192-4365-84e3-484ffac13ae4 e4da8a8e92ed43eda67f0f00245d9856 5f6b30d7a0164911aa3f6d95ea48aa33 - - default default] 10.0.0.176 "GET /v2.0/ports?device_id=05eabeb3-3e12-4904-9850-a249cf9ebe59 HTTP/1.1" status: 200 len: 1140 time: 0.1228278
2026-06-23 23:24:31.111 10 WARNING neutron.scheduler.dhcp_agent_scheduler [None req-57b39c59-d520-41ee-8dd5-cbe38d4a9d6b 0d215d61aaf7496a8bc067f157d5b1b3 67ed2621a9ee45c797571cbdc87593e3 - - default default] No more DHCP agents
2026-06-23 23:24:31.118 10 WARNING neutron.api.rpc.agentnotifiers.dhcp_rpc_agent_api [None req-57b39c59-d520-41ee-8dd5-cbe38d4a9d6b 0d215d61aaf7496a8bc067f157d5b1b3 67ed2621a9ee45c797571cbdc87593e3 - - default default] Unable to schedule network e4df1510-cce2-4b48-b7f1-2913b179bb16: no agents available; will retry on subsequent port and subnet creation events.
2026-06-23 23:24:31.296 9 WARNING neutron.scheduler.dhcp_agent_scheduler [None req-fd322198-40d2-4a68-ac9a-deed7902cd4c 73a09b60f52042de9611465c8335dc40 5cc1ad8061a84c8a80cef83cd47b598f - - default default] No more DHCP agents
2026-06-23 23:24:31.299 9 WARNING neutron.api.rpc.agentnotifiers.dhcp_rpc_agent_api [None req-fd322198-40d2-4a68-ac9a-deed7902cd4c 73a09b60f52042de9611465c8335dc40 5cc1ad8061a84c8a80cef83cd47b598f - - default default] Unable to schedule network e4df1510-cce2-4b48-b7f1-2913b179bb16: no agents available; will retry on subsequent port and subnet creation events.
2026-06-23 23:24:31.379 9 INFO neutron.db.ovn_revision_numbers_db [None req-2caba5a2-5a6b-423d-8898-e126e35d6770 73a09b60f52042de9611465c8335dc40 5cc1ad8061a84c8a80cef83cd47b598f - - default default] Successfully bumped revision number for resource 1a0ba18b-0ab9-4ab9-940d-05020f7373ec (type: security_groups) to 1
2026-06-23 23:24:31.410 9 INFO neutron.db.ovn_revision_numbers_db [None req-2caba5a2-5a6b-423d-8898-e126e35d6770 73a09b60f52042de9611465c8335dc40 5cc1ad8061a84c8a80cef83cd47b598f - - default default] Successfully bumped revision number for resource 61ba1868-c56a-4710-9c1b-a35bac8a5f2b (type: security_group_rules) to 0
2026-06-23 23:24:31.426 9 INFO neutron.db.ovn_revision_numbers_db [None req-2caba5a2-5a6b-423d-8898-e126e35d6770 73a09b60f52042de9611465c8335dc40 5cc1ad8061a84c8a80cef83cd47b598f - - default default] Successfully bumped revision number for resource 7549ec94-8dcb-4e46-811f-37f1560a9cfc (type: security_group_rules) to 0
2026-06-23 23:24:31.448 9 INFO neutron.db.ovn_revision_numbers_db [None req-2caba5a2-5a6b-423d-8898-e126e35d6770 73a09b60f52042de9611465c8335dc40 5cc1ad8061a84c8a80cef83cd47b598f - - default default] Successfully bumped revision number for resource ce97f6d8-512e-4ba8-b07d-f03e66007ae6 (type: security_group_rules) to 0
2026-06-23 23:24:31.465 9 INFO neutron.db.ovn_revision_numbers_db [None req-2caba5a2-5a6b-423d-8898-e126e35d6770 73a09b60f52042de9611465c8335dc40 5cc1ad8061a84c8a80cef83cd47b598f - - default default] Successfully bumped revision number for resource dee23283-fe7d-40ce-abad-545112d0502e (type: security_group_rules) to 0
2026-06-23 23:24:31.476 9 INFO neutron.db.ovn_revision_numbers_db [None req-fd322198-40d2-4a68-ac9a-deed7902cd4c 73a09b60f52042de9611465c8335dc40 5cc1ad8061a84c8a80cef83cd47b598f - - default default] Successfully bumped revision number for resource 24b7ddd7-0b0a-4d22-89c1-0b52e5b4a6a8 (type: ports) to 1
2026-06-23 23:24:31.487 9 INFO neutron.wsgi [None req-2caba5a2-5a6b-423d-8898-e126e35d6770 73a09b60f52042de9611465c8335dc40 5cc1ad8061a84c8a80cef83cd47b598f - - default default] 10.0.0.176 "GET /v2.0/security-groups?tenant_id=8b3c1d69c2cf4b9a845e46a456b87e7a&name=default HTTP/1.1" status: 200 len: 2996 time: 0.3799987
2026-06-23 23:24:31.951 10 INFO neutron.wsgi [None req-30c79935-e359-45fb-b67a-b93e84d65739 73a09b60f52042de9611465c8335dc40 5cc1ad8061a84c8a80cef83cd47b598f - - default default] 10.0.0.176 "DELETE /v2.0/security-groups/1a0ba18b-0ab9-4ab9-940d-05020f7373ec HTTP/1.1" status: 204 len: 168 time: 0.4511969
2026-06-23 23:24:32.113 10 INFO neutron.db.l3_db [None req-57b39c59-d520-41ee-8dd5-cbe38d4a9d6b 0d215d61aaf7496a8bc067f157d5b1b3 67ed2621a9ee45c797571cbdc87593e3 - - default default] Floating IP 9c6e1337-228f-4dce-82f0-32a330510e1c associated. External IP: 10.96.250.218, port: b39b4263-8e02-4b5f-83ec-45aa6f971d32.
2026-06-23 23:24:32.421 10 INFO neutron.db.ovn_revision_numbers_db [None req-57b39c59-d520-41ee-8dd5-cbe38d4a9d6b 0d215d61aaf7496a8bc067f157d5b1b3 67ed2621a9ee45c797571cbdc87593e3 - - default default] Successfully bumped revision number for resource 9c6e1337-228f-4dce-82f0-32a330510e1c (type: floatingips) to 0
2026-06-23 23:24:32.550 10 INFO neutron.plugins.ml2.drivers.ovn.mech_driver.mech_driver [None req-2bf6d314-f408-4a0e-82b5-81f2864e4d6e - - - - - -] OVN reports status up for port: 24b7ddd7-0b0a-4d22-89c1-0b52e5b4a6a8
2026-06-23 23:24:32.582 10 INFO neutron.plugins.ml2.drivers.ovn.mech_driver.ovsdb.ovsdb_monitor [None req-b37ae959-e8cf-4ba5-a2d9-acc9c4730644 - - - - - -] Router 52119338-9a10-4a35-90eb-4f7f9c221300 is bound to host instance
2026-06-23 23:24:32.589 10 INFO neutron.plugins.ml2.plugin [None req-2bf6d314-f408-4a0e-82b5-81f2864e4d6e - - - - - -] Attempt 1 to provision port 24b7ddd7-0b0a-4d22-89c1-0b52e5b4a6a8
2026-06-23 23:24:32.673 10 INFO neutron.db.ovn_revision_numbers_db [None req-57b39c59-d520-41ee-8dd5-cbe38d4a9d6b 0d215d61aaf7496a8bc067f157d5b1b3 67ed2621a9ee45c797571cbdc87593e3 - - default default] Successfully bumped revision number for resource 9c6e1337-228f-4dce-82f0-32a330510e1c (type: floatingips) to 1
2026-06-23 23:24:32.737 9 INFO neutron.db.ovn_revision_numbers_db [None req-fd322198-40d2-4a68-ac9a-deed7902cd4c 73a09b60f52042de9611465c8335dc40 5cc1ad8061a84c8a80cef83cd47b598f - - default default] Successfully bumped revision number for resource 24b7ddd7-0b0a-4d22-89c1-0b52e5b4a6a8 (type: router_ports) to 1
2026-06-23 23:24:32.782 10 INFO neutron.wsgi [None req-bd394ca0-87eb-4a84-9452-a8d72ab3ec3f e4da8a8e92ed43eda67f0f00245d9856 5f6b30d7a0164911aa3f6d95ea48aa33 - - default default] 10.0.0.176 "PUT /v2.0/routers/05eabeb3-3e12-4904-9850-a249cf9ebe59/remove_router_interface HTTP/1.1" status: 200 len: 503 time: 1.7376690
2026-06-23 23:24:32.799 10 INFO neutron.wsgi [None req-57b39c59-d520-41ee-8dd5-cbe38d4a9d6b 0d215d61aaf7496a8bc067f157d5b1b3 67ed2621a9ee45c797571cbdc87593e3 - - default default] 10.0.0.176 "POST /v2.0/floatingips HTTP/1.1" status: 201 len: 1055 time: 2.0803564
2026-06-23 23:24:32.848 10 INFO neutron.notifiers.nova [-] Nova event matching ['req-70e5fcaf-624e-4c21-bcea-3239747d0e4f'] response: {'name': 'network-changed', 'server_uuid': '730646b6-b0e7-4262-83a5-4bfc4b086c78', 'tag': 'b39b4263-8e02-4b5f-83ec-45aa6f971d32', 'status': 'completed', 'code': 200}
2026-06-23 23:24:32.866 9 INFO neutron.db.ovn_revision_numbers_db [None req-fd322198-40d2-4a68-ac9a-deed7902cd4c 73a09b60f52042de9611465c8335dc40 5cc1ad8061a84c8a80cef83cd47b598f - - default default] Successfully bumped revision number for resource 52119338-9a10-4a35-90eb-4f7f9c221300 (type: routers) to 2 /var/lib/openstack/lib/python3.10/site-packages/pycadf/identifier.py:71: UserWarning: Invalid uuid: neutron. To ensure interoperability, identifiers should be a valid uuid. warnings.warn(('Invalid uuid: %s. To ensure interoperability, '
2026-06-23 23:24:32.882 9 INFO neutron.wsgi [None req-ce8efccd-ea71-4681-9d12-920f4c0a9362 0d215d61aaf7496a8bc067f157d5b1b3 67ed2621a9ee45c797571cbdc87593e3 - - default default] 10.0.0.176 "GET /v2.0/floatingips/9c6e1337-228f-4dce-82f0-32a330510e1c HTTP/1.1" status: 200 len: 1052 time: 0.0737062
2026-06-23 23:24:32.894 9 INFO neutron.wsgi [None req-fd322198-40d2-4a68-ac9a-deed7902cd4c 73a09b60f52042de9611465c8335dc40 5cc1ad8061a84c8a80cef83cd47b598f - - default default] 10.0.0.176 "POST /v2.0/routers HTTP/1.1" status: 201 len: 878 time: 2.1794677
2026-06-23 23:24:32.948 10 INFO neutron.wsgi [req-abdc5b6b-d4f7-4af9-9202-5bae20f35be8 req-1b3c8226-b065-4875-9ba6-9d7452fbb325 bdd38730b00041c8a83be820a065bc77 5f8ac587b97d4c36a8d609c7451525df - - 833a5cfa7f2841d2921b45d8682549bb 833a5cfa7f2841d2921b45d8682549bb] 199.204.45.216 "GET /v2.0/ports?tenant_id=67ed2621a9ee45c797571cbdc87593e3&device_id=730646b6-b0e7-4262-83a5-4bfc4b086c78 HTTP/1.1" status: 200 len: 1413 time: 0.0734138
2026-06-23 23:24:33.117 10 INFO neutron.wsgi [req-abdc5b6b-d4f7-4af9-9202-5bae20f35be8 req-af2e0925-74c9-4270-9fe1-9c173c51bd51 bdd38730b00041c8a83be820a065bc77 5f8ac587b97d4c36a8d609c7451525df - - 833a5cfa7f2841d2921b45d8682549bb 833a5cfa7f2841d2921b45d8682549bb] 199.204.45.216 "GET /v2.0/networks?id=0824f0de-bb08-4fc0-ba26-823b33db8320 HTTP/1.1" status: 200 len: 958 time: 0.1532099
2026-06-23 23:24:33.205 10 INFO neutron.wsgi [req-abdc5b6b-d4f7-4af9-9202-5bae20f35be8 req-c48b7406-c57d-44be-b05e-4e250efb7716 bdd38730b00041c8a83be820a065bc77 5f8ac587b97d4c36a8d609c7451525df - - 833a5cfa7f2841d2921b45d8682549bb 833a5cfa7f2841d2921b45d8682549bb] 199.204.45.216 "GET /v2.0/floatingips?fixed_ip_address=10.100.0.14&port_id=b39b4263-8e02-4b5f-83ec-45aa6f971d32 HTTP/1.1" status: 200 len: 1060 time: 0.0699408
2026-06-23 23:24:33.289 10 INFO neutron.wsgi [req-abdc5b6b-d4f7-4af9-9202-5bae20f35be8 req-b6c6ddb4-8c95-43a3-9207-7fbe6d34f75e bdd38730b00041c8a83be820a065bc77 5f8ac587b97d4c36a8d609c7451525df - - 833a5cfa7f2841d2921b45d8682549bb 833a5cfa7f2841d2921b45d8682549bb] 199.204.45.216 "GET /v2.0/subnets?id=862e17a1-ab5b-4d5d-9ee4-395b72607aac HTTP/1.1" status: 200 len: 853 time: 0.0776055
2026-06-23 23:24:33.328 10 INFO neutron.wsgi [req-abdc5b6b-d4f7-4af9-9202-5bae20f35be8 req-7f7ae30c-978a-4c63-9747-5057ec6556a8 bdd38730b00041c8a83be820a065bc77 5f8ac587b97d4c36a8d609c7451525df - - 833a5cfa7f2841d2921b45d8682549bb 833a5cfa7f2841d2921b45d8682549bb] 199.204.45.216 "GET /v2.0/ports?network_id=0824f0de-bb08-4fc0-ba26-823b33db8320&device_owner=network%3Adhcp HTTP/1.1" status: 200 len: 210 time: 0.0306025
2026-06-23 23:24:33.486 9 INFO neutron.wsgi [None req-c6ecd537-e9cf-4af5-a57b-7d94afba7e48 e4da8a8e92ed43eda67f0f00245d9856 5f6b30d7a0164911aa3f6d95ea48aa33 - - default default] 10.0.0.176 "DELETE /v2.0/routers/05eabeb3-3e12-4904-9850-a249cf9ebe59 HTTP/1.1" status: 204 len: 168 time: 0.6980038
2026-06-23 23:24:33.686 9 INFO neutron.wsgi [None req-835a404e-18fb-4d7b-95bd-a1b06d814d47 e4da8a8e92ed43eda67f0f00245d9856 5f6b30d7a0164911aa3f6d95ea48aa33 - - default default] 10.0.0.176 "DELETE /v2.0/subnets/d680378b-45c2-4c34-97b3-90536a372c37 HTTP/1.1" status: 204 len: 168 time: 0.1914852
2026-06-23 23:24:33.702 10 INFO neutron.wsgi [req-abdc5b6b-d4f7-4af9-9202-5bae20f35be8 req-2c94606e-7be8-40a7-a445-f70e5d0c2c44 bdd38730b00041c8a83be820a065bc77 5f8ac587b97d4c36a8d609c7451525df - - 833a5cfa7f2841d2921b45d8682549bb 833a5cfa7f2841d2921b45d8682549bb] 199.204.45.216 "GET /v2.0/networks/0824f0de-bb08-4fc0-ba26-823b33db8320?fields=segments HTTP/1.1" status: 200 len: 212 time: 0.3667054
2026-06-23 23:24:33.819 10 INFO neutron.wsgi [req-abdc5b6b-d4f7-4af9-9202-5bae20f35be8 req-c6325455-51c4-4063-bf7c-b2077bca90e3 bdd38730b00041c8a83be820a065bc77 5f8ac587b97d4c36a8d609c7451525df - - 833a5cfa7f2841d2921b45d8682549bb 833a5cfa7f2841d2921b45d8682549bb] 199.204.45.216 "GET /v2.0/networks/0824f0de-bb08-4fc0-ba26-823b33db8320?fields=provider%3Aphysical_network&fields=provider%3Anetwork_type HTTP/1.1" status: 200 len: 277 time: 0.1013780
2026-06-23 23:24:33.891 10 INFO neutron.db.ovn_revision_numbers_db [None req-b37ae959-e8cf-4ba5-a2d9-acc9c4730644 - - - - - -] Successfully bumped revision number for resource 24b7ddd7-0b0a-4d22-89c1-0b52e5b4a6a8 (type: ports) to 1
2026-06-23 23:24:34.026 10 WARNING neutron.scheduler.dhcp_agent_scheduler [None req-7543b9ec-9d53-4c5a-98a6-44fe5cfbb57c 73a09b60f52042de9611465c8335dc40 5cc1ad8061a84c8a80cef83cd47b598f - - default default] No more DHCP agents
2026-06-23 23:24:34.030 10 WARNING neutron.api.rpc.agentnotifiers.dhcp_rpc_agent_api [None req-7543b9ec-9d53-4c5a-98a6-44fe5cfbb57c 73a09b60f52042de9611465c8335dc40 5cc1ad8061a84c8a80cef83cd47b598f - - default default] Unable to schedule network c3655b3c-a300-4c41-8839-491db934a380: no agents available; will retry on subsequent port and subnet creation events.
2026-06-23 23:24:34.132 9 INFO neutron.services.segments.plugin [-] Segment 5e1b48ce-5652-407f-9bec-23bb23977ede resource provider aggregate not found
2026-06-23 23:24:34.139 9 INFO neutron.services.segments.plugin [-] Segment 5e1b48ce-5652-407f-9bec-23bb23977ede resource provider aggregate not found
2026-06-23 23:24:34.154 9 INFO neutron.wsgi [None req-d69a7f10-3f15-487d-825d-598ad8f21e76 f4e300e69af84d779129d31f4d94fe9f a28f2f571f084cb9ad9b5ebbb1f27af9 - - default default] 10.0.0.176 "GET /v2.0/extensions HTTP/1.1" status: 200 len: 16520 time: 0.2170184
2026-06-23 23:24:34.164 9 INFO neutron.services.segments.plugin [-] Segment 5e1b48ce-5652-407f-9bec-23bb23977ede resource provider not found; error: Placement Client Error (4xx): {"errors": [{"status": 404, "title": "Not Found", "detail": "The resource could not be found.\n\n No resource provider with uuid 5e1b48ce-5652-407f-9bec-23bb23977ede found for delete ", "request_id": "req-b249142e-6607-42fc-904c-9067f0edc5ca"}]}
2026-06-23 23:24:34.169 9 INFO neutron.services.segments.plugin [-] Segment 5e1b48ce-5652-407f-9bec-23bb23977ede resource provider not found; error: Placement Client Error (4xx): {"errors": [{"status": 404, "title": "Not Found", "detail": "The resource could not be found.\n\n No resource provider with uuid 5e1b48ce-5652-407f-9bec-23bb23977ede found for delete ", "request_id": "req-a148e17b-0816-45fc-ace3-b8636e9d7a69"}]}
2026-06-23 23:24:34.171 10 INFO neutron.wsgi [None req-70bf35f5-ed49-4bab-a6c7-2b4398a49a3c f4e300e69af84d779129d31f4d94fe9f a28f2f571f084cb9ad9b5ebbb1f27af9 - - default default] 10.0.0.176 "GET /v2.0/extensions/address-group HTTP/1.1" status: 200 len: 353 time: 0.0110536
2026-06-23 23:24:34.184 9 INFO neutron.wsgi [None req-df6c3849-a457-4122-8c77-6fd0b6872489 f4e300e69af84d779129d31f4d94fe9f a28f2f571f084cb9ad9b5ebbb1f27af9 - - default default] 10.0.0.176 "GET /v2.0/extensions/address-scope HTTP/1.1" status: 200 len: 357 time: 0.0072803
2026-06-23 23:24:34.193 9 INFO neutron.wsgi [None req-4c3ed26d-7533-4af4-ba49-485a5ba3113f f4e300e69af84d779129d31f4d94fe9f a28f2f571f084cb9ad9b5ebbb1f27af9 - - default default] 10.0.0.176 "GET /v2.0/extensions/agent HTTP/1.1" status: 200 len: 347 time: 0.0041916
2026-06-23 23:24:34.202 9 INFO neutron.wsgi [None req-48983aeb-f338-42f1-8983-55b0b76a0a75 f4e300e69af84d779129d31f4d94fe9f a28f2f571f084cb9ad9b5ebbb1f27af9 - - default default] 10.0.0.176 "GET /v2.0/extensions/allowed-address-pairs HTTP/1.1" status: 200 len: 378 time: 0.0040281
2026-06-23 23:24:34.211 9 INFO neutron.wsgi [None req-c35782ff-e1e5-4b4c-96c6-7e4605aa0313 e4da8a8e92ed43eda67f0f00245d9856 5f6b30d7a0164911aa3f6d95ea48aa33 - - default default] 10.0.0.176 "DELETE /v2.0/networks/900d6af6-4d84-4768-ab09-8a655fe2d575 HTTP/1.1" status: 204 len: 168 time: 0.5153964
2026-06-23 23:24:34.218 10 INFO neutron.wsgi [None req-be9caef0-93c8-4e7c-a9e2-fcbc2e0e5980 f4e300e69af84d779129d31f4d94fe9f a28f2f571f084cb9ad9b5ebbb1f27af9 - - default default] 10.0.0.176 "GET /v2.0/extensions/auto-allocated-topology HTTP/1.1" status: 200 len: 394 time: 0.0114968
2026-06-23 23:24:34.229 9 INFO neutron.wsgi [None req-f76eb20a-462d-4b3c-93aa-32ddf504a020 f4e300e69af84d779129d31f4d94fe9f a28f2f571f084cb9ad9b5ebbb1f27af9 - - default default] 10.0.0.176 "GET /v2.0/extensions/availability_zone HTTP/1.1" status: 200 len: 372 time: 0.0053377
2026-06-23 23:24:34.238 9 INFO neutron.wsgi [None req-d013da9d-e3d6-4df7-bdf4-173422b5356e f4e300e69af84d779129d31f4d94fe9f a28f2f571f084cb9ad9b5ebbb1f27af9 - - default default] 10.0.0.176 "GET /v2.0/extensions/default-subnetpools HTTP/1.1" status: 200 len: 405 time: 0.0042887
2026-06-23 23:24:34.247 9 INFO neutron.wsgi [None req-5c6109a0-5ace-4e16-ab46-281162b2c158 f4e300e69af84d779129d31f4d94fe9f a28f2f571f084cb9ad9b5ebbb1f27af9 - - default default] 10.0.0.176 "GET /v2.0/extensions/dhcp_agent_scheduler HTTP/1.1" status: 200 len: 381 time: 0.0047374
2026-06-23 23:24:34.256 9 INFO neutron.wsgi [None req-b91c8f2c-00dc-4c14-8f4b-999866b54ce6 f4e300e69af84d779129d31f4d94fe9f a28f2f571f084cb9ad9b5ebbb1f27af9 - - default default] 10.0.0.176 "GET /v2.0/extensions/dns-integration HTTP/1.1" status: 200 len: 366 time: 0.0048778
2026-06-23 23:24:34.271 9 INFO neutron.wsgi [None req-4cea9b20-545e-41dc-9806-84273cfa5b41 f4e300e69af84d779129d31f4d94fe9f a28f2f571f084cb9ad9b5ebbb1f27af9 - - default default] 10.0.0.176 "GET /v2.0/extensions/dns-domain-ports HTTP/1.1" status: 200 len: 399 time: 0.0042353
2026-06-23 23:24:34.280 9 INFO neutron.wsgi [None req-8b56d663-8d2e-4ebb-9841-b46f5479773b f4e300e69af84d779129d31f4d94fe9f a28f2f571f084cb9ad9b5ebbb1f27af9 - - default default] 10.0.0.176 "GET /v2.0/extensions/dns-integration-domain-keywords HTTP/1.1" status: 200 len: 477 time: 0.0041294
2026-06-23 23:24:34.290 9 INFO neutron.wsgi [None req-10a9ebb4-0fab-4714-a200-2e3b9e55a5e6 f4e300e69af84d779129d31f4d94fe9f a28f2f571f084cb9ad9b5ebbb1f27af9 - - default default] 10.0.0.176 "GET /v2.0/extensions/external-net HTTP/1.1" status: 200 len: 394 time: 0.0043559
2026-06-23 23:24:34.298 10 INFO neutron.wsgi [None req-707b84d0-2044-4e32-aa47-82537a11a31e f4e300e69af84d779129d31f4d94fe9f a28f2f571f084cb9ad9b5ebbb1f27af9 - - default default] 10.0.0.176 "GET /v2.0/extensions/extra_dhcp_opt HTTP/1.1" status: 200 len: 498 time: 0.0037758
2026-06-23 23:24:34.301 10 INFO neutron.db.ovn_revision_numbers_db [None req-b37ae959-e8cf-4ba5-a2d9-acc9c4730644 - - - - - -] Successfully bumped revision number for resource 24b7ddd7-0b0a-4d22-89c1-0b52e5b4a6a8 (type: router_ports) to 3
2026-06-23 23:24:34.308 9 INFO neutron.wsgi [None req-0b465055-ed32-4dcd-8bf3-8c473093da9a f4e300e69af84d779129d31f4d94fe9f a28f2f571f084cb9ad9b5ebbb1f27af9 - - default default] 10.0.0.176 "GET /v2.0/extensions/extraroute HTTP/1.1" status: 200 len: 375 time: 0.0057740
2026-06-23 23:24:34.314 10 INFO neutron.db.ovn_revision_numbers_db [None req-7543b9ec-9d53-4c5a-98a6-44fe5cfbb57c 73a09b60f52042de9611465c8335dc40 5cc1ad8061a84c8a80cef83cd47b598f - - default default] Successfully bumped revision number for resource 1aa61227-4e74-45cc-bb8f-2886cb65a085 (type: ports) to 1
2026-06-23 23:24:34.317 9 INFO neutron.wsgi [None req-4e983dea-7cd8-4540-a648-1ff08fffbcd3 f4e300e69af84d779129d31f4d94fe9f a28f2f571f084cb9ad9b5ebbb1f27af9 - - default default] 10.0.0.176 "GET /v2.0/extensions/filter-validation HTTP/1.1" status: 200 len: 392 time: 0.0044839
2026-06-23 23:24:34.325 9 INFO neutron.wsgi [None req-e56c0cb5-95ca-4f05-9144-9f26edfbf8d6 f4e300e69af84d779129d31f4d94fe9f a28f2f571f084cb9ad9b5ebbb1f27af9 - - default default] 10.0.0.176 "GET /v2.0/extensions/floating-ip-port-forwarding-detail HTTP/1.1" status: 200 len: 465 time: 0.0044534
2026-06-23 23:24:34.335 9 INFO neutron.wsgi [None req-b07c11cb-9922-443e-97b9-fbb56eed577a f4e300e69af84d779129d31f4d94fe9f a28f2f571f084cb9ad9b5ebbb1f27af9 - - default default] 10.0.0.176 "GET /v2.0/extensions/fip-port-details HTTP/1.1" status: 200 len: 406 time: 0.0053208
2026-06-23 23:24:34.354 10 INFO neutron.wsgi [None req-9dfccc12-7803-4537-9a5b-ffadcd0c69d6 f4e300e69af84d779129d31f4d94fe9f a28f2f571f084cb9ad9b5ebbb1f27af9 - - default default] 10.0.0.176 "GET /v2.0/extensions/flavors HTTP/1.1" status: 200 len: 387 time: 0.0122116
2026-06-23 23:24:34.367 9 INFO neutron.wsgi [None req-d1fc2b0e-3bd8-4144-aa48-a2707ea64583 f4e300e69af84d779129d31f4d94fe9f a28f2f571f084cb9ad9b5ebbb1f27af9 - - default default] 10.0.0.176 "GET /v2.0/extensions/floatingip-pools HTTP/1.1" status: 200 len: 382 time: 0.0074105
2026-06-23 23:24:34.375 9 INFO neutron.wsgi [None req-a67f5b6a-9ff6-47f1-9ac1-1365198a7e25 f4e300e69af84d779129d31f4d94fe9f a28f2f571f084cb9ad9b5ebbb1f27af9 - - default default] 10.0.0.176 "GET /v2.0/extensions/ip_allocation HTTP/1.1" status: 200 len: 356 time: 0.0036559
2026-06-23 23:24:34.385 9 INFO neutron.wsgi [None req-399e37fb-db1e-40bf-860f-fc80ea4fe2bf f4e300e69af84d779129d31f4d94fe9f a28f2f571f084cb9ad9b5ebbb1f27af9 - - default default] 10.0.0.176 "GET /v2.0/extensions/l2_adjacency HTTP/1.1" status: 200 len: 372 time: 0.0056636
2026-06-23 23:24:34.392 9 INFO neutron.wsgi [None req-ebf5eeed-f0d4-4405-8b47-975943a5ff7a f4e300e69af84d779129d31f4d94fe9f a28f2f571f084cb9ad9b5ebbb1f27af9 - - default default] 10.0.0.176 "GET /v2.0/extensions/router HTTP/1.1" status: 200 len: 450 time: 0.0041940
2026-06-23 23:24:34.402 9 INFO neutron.wsgi [None req-001e8c56-95d9-4042-88c3-6774fb06151e f4e300e69af84d779129d31f4d94fe9f a28f2f571f084cb9ad9b5ebbb1f27af9 - - default default] 10.0.0.176 "GET /v2.0/extensions/ext-gw-mode HTTP/1.1" status: 200 len: 462 time: 0.0048122
2026-06-23 23:24:34.411 9 INFO neutron.wsgi [None req-5380956c-1621-4fe7-ba4f-8ed117d45938 f4e300e69af84d779129d31f4d94fe9f a28f2f571f084cb9ad9b5ebbb1f27af9 - - default default] 10.0.0.176 "GET /v2.0/extensions/logging HTTP/1.1" status: 200 len: 407 time: 0.0050340
2026-06-23 23:24:34.420 9 INFO neutron.wsgi [None req-080ecca2-ebd2-4abd-804f-a4623e16b801 f4e300e69af84d779129d31f4d94fe9f a28f2f571f084cb9ad9b5ebbb1f27af9 - - default default] 10.0.0.176 "GET /v2.0/extensions/multi-provider HTTP/1.1" status: 200 len: 406 time: 0.0048268
2026-06-23 23:24:34.429 9 INFO neutron.wsgi [None req-f629c5ed-3933-45af-afb3-4ae640c231c9 f4e300e69af84d779129d31f4d94fe9f a28f2f571f084cb9ad9b5ebbb1f27af9 - - default default] 10.0.0.176 "GET /v2.0/extensions/net-mtu HTTP/1.1" status: 200 len: 370 time: 0.0042994
2026-06-23 23:24:34.437 9 INFO neutron.wsgi [None req-e16e8818-5366-4a82-8787-02390f1e0b14 f4e300e69af84d779129d31f4d94fe9f a28f2f571f084cb9ad9b5ebbb1f27af9 - - default default] 10.0.0.176 "GET /v2.0/extensions/net-mtu-writable HTTP/1.1" status: 200 len: 401 time: 0.0041368
2026-06-23 23:24:34.447 9 INFO neutron.wsgi [None req-f5172a99-7369-476a-801a-ee0041770761 f4e300e69af84d779129d31f4d94fe9f a28f2f571f084cb9ad9b5ebbb1f27af9 - - default default] 10.0.0.176 "GET /v2.0/extensions/network_availability_zone HTTP/1.1" status: 200 len: 394 time: 0.0043011
2026-06-23 23:24:34.456 9 INFO neutron.wsgi [None req-ae809299-7e7b-473e-9baa-329793bad472 f4e300e69af84d779129d31f4d94fe9f a28f2f571f084cb9ad9b5ebbb1f27af9 - - default default] 10.0.0.176 "GET /v2.0/extensions/network-ip-availability HTTP/1.1" status: 200 len: 410 time: 0.0043075
2026-06-23 23:24:34.466 9 INFO neutron.wsgi [None req-445acd49-029a-4a5f-ade5-d5f3490d5739 f4e300e69af84d779129d31f4d94fe9f a28f2f571f084cb9ad9b5ebbb1f27af9 - - default default] 10.0.0.176 "GET /v2.0/extensions/pagination HTTP/1.1" status: 200 len: 386 time: 0.0044804
2026-06-23 23:24:34.482 9 INFO neutron.wsgi [None req-71709a1e-9c99-45eb-90eb-45647c84ed23 f4e300e69af84d779129d31f4d94fe9f a28f2f571f084cb9ad9b5ebbb1f27af9 - - default default] 10.0.0.176 "GET /v2.0/extensions/port-device-profile HTTP/1.1" status: 200 len: 383 time: 0.0070305
2026-06-23 23:24:34.494 9 INFO neutron.wsgi [None req-1dfd1106-20e9-4c3f-ad53-131b6a04cd1b f4e300e69af84d779129d31f4d94fe9f a28f2f571f084cb9ad9b5ebbb1f27af9 - - default default] 10.0.0.176 "GET /v2.0/extensions/port-mac-address-regenerate HTTP/1.1" status: 200 len: 403 time: 0.0053093
2026-06-23 23:24:34.510 9 INFO neutron.wsgi [None req-252d9996-7976-44dd-aefb-63d65deb0551 f4e300e69af84d779129d31f4d94fe9f a28f2f571f084cb9ad9b5ebbb1f27af9 - - default default] 10.0.0.176 "GET /v2.0/extensions/port-numa-affinity-policy HTTP/1.1" status: 200 len: 392 time: 0.0099750
2026-06-23 23:24:34.510 10 INFO neutron.db.ovn_revision_numbers_db [None req-b37ae959-e8cf-4ba5-a2d9-acc9c4730644 - - - - - -] Successfully bumped revision number for resource 24b7ddd7-0b0a-4d22-89c1-0b52e5b4a6a8 (type: ports) to 2
2026-06-23 23:24:34.518 9 INFO neutron.wsgi [None req-04a5f617-f92e-458d-964b-f38e115b6212 f4e300e69af84d779129d31f4d94fe9f a28f2f571f084cb9ad9b5ebbb1f27af9 - - default default] 10.0.0.176 "GET /v2.0/extensions/port-resource-request HTTP/1.1" status: 200 len: 379 time: 0.0045087
2026-06-23 23:24:34.525 9 INFO neutron.wsgi [None req-49afe542-e5d3-4233-bdc5-bb0a345148fe f4e300e69af84d779129d31f4d94fe9f a28f2f571f084cb9ad9b5ebbb1f27af9 - - default default] 10.0.0.176 "GET /v2.0/extensions/port-resource-request-groups HTTP/1.1" status: 200 len: 465 time: 0.0036430
2026-06-23 23:24:34.535 10 INFO neutron.wsgi [None req-27a24a0f-2bea-4434-9ce9-6a602c937a2a f4e300e69af84d779129d31f4d94fe9f a28f2f571f084cb9ad9b5ebbb1f27af9 - - default default] 10.0.0.176 "GET /v2.0/extensions/binding HTTP/1.1" status: 200 len: 387 time: 0.0057552
2026-06-23 23:24:34.546 9 INFO neutron.wsgi [None req-d13d952b-2060-4dd7-927e-9540d3a1909f f4e300e69af84d779129d31f4d94fe9f a28f2f571f084cb9ad9b5ebbb1f27af9 - - default default] 10.0.0.176 "GET /v2.0/extensions/binding-extended HTTP/1.1" status: 200 len: 406 time: 0.0069666
2026-06-23 23:24:34.558 9 INFO neutron.wsgi [None req-61d642c1-97de-4aaf-981a-43a64054e382 f4e300e69af84d779129d31f4d94fe9f a28f2f571f084cb9ad9b5ebbb1f27af9 - - default default] 10.0.0.176 "GET /v2.0/extensions/port-security HTTP/1.1" status: 200 len: 354 time: 0.0056920
2026-06-23 23:24:34.565 9 INFO neutron.wsgi [None req-5508b0c6-cb01-4739-91ea-2c00a5c2ff19 f4e300e69af84d779129d31f4d94fe9f a28f2f571f084cb9ad9b5ebbb1f27af9 - - default default] 10.0.0.176 "GET /v2.0/extensions/project-id HTTP/1.1" status: 200 len: 398 time: 0.0039127
2026-06-23 23:24:34.572 9 INFO neutron.wsgi [None req-4a790c97-a37f-4278-a0a8-843205c42c77 f4e300e69af84d779129d31f4d94fe9f a28f2f571f084cb9ad9b5ebbb1f27af9 - - default default] 10.0.0.176 "GET /v2.0/extensions/provider HTTP/1.1" status: 200 len: 385 time: 0.0040495
2026-06-23 23:24:34.579 9 INFO neutron.wsgi [None req-7a162a2d-8af0-4920-a318-72242d0a3054 f4e300e69af84d779129d31f4d94fe9f a28f2f571f084cb9ad9b5ebbb1f27af9 - - default default] 10.0.0.176 "GET /v2.0/extensions/qos HTTP/1.1" status: 200 len: 360 time: 0.0029752
2026-06-23 23:24:34.586 9 INFO neutron.wsgi [None req-ddfdb1ff-56c0-405b-b3fd-9551872d9395 f4e300e69af84d779129d31f4d94fe9f a28f2f571f084cb9ad9b5ebbb1f27af9 - - default default] 10.0.0.176 "GET /v2.0/extensions/qos-bw-limit-direction HTTP/1.1" status: 200 len: 452 time: 0.0043895
2026-06-23 23:24:34.596 9 INFO neutron.wsgi [None req-d9862ae2-65ec-46a0-9288-95205f7affda f4e300e69af84d779129d31f4d94fe9f a28f2f571f084cb9ad9b5ebbb1f27af9 - - default default] 10.0.0.176 "GET /v2.0/extensions/qos-bw-minimum-ingress HTTP/1.1" status: 200 len: 445 time: 0.0055866
