2026-06-23 23:26:30.480 9 WARNING neutron.api.rpc.agentnotifiers.dhcp_rpc_agent_api [None req-8436d963-2b02-473e-9a20-b5597f1fb579 1477ac492b0544e99e2e013b6b7780cb 8d4c21d156e844e7a9055f2c831dbb9a - - default default] Unable to schedule network 24bd7a2f-7a2c-48fd-89bf-1825e242b022: no agents available; will retry on subsequent port and subnet creation events.
2026-06-23 23:26:30.582 9 INFO neutron.db.ovn_revision_numbers_db [None req-8436d963-2b02-473e-9a20-b5597f1fb579 1477ac492b0544e99e2e013b6b7780cb 8d4c21d156e844e7a9055f2c831dbb9a - - default default] Successfully bumped revision number for resource 09634c7d-ca31-4183-a456-cf2b06a61fa3 (type: ports) to 1
2026-06-23 23:26:30.615 9 INFO neutron.wsgi [None req-8436d963-2b02-473e-9a20-b5597f1fb579 1477ac492b0544e99e2e013b6b7780cb 8d4c21d156e844e7a9055f2c831dbb9a - - default default] 10.0.0.176 "POST /v2.0/networks HTTP/1.1" status: 201 len: 838 time: 0.9000835
2026-06-23 23:26:30.758 9 INFO neutron.services.segments.plugin [-] Segment 44ca03c9-0fd0-4b4c-8174-321c784bcf64 resource provider aggregate not found
2026-06-23 23:26:30.769 9 INFO neutron.services.segments.plugin [-] Segment 44ca03c9-0fd0-4b4c-8174-321c784bcf64 resource provider aggregate not found
2026-06-23 23:26:30.785 9 INFO neutron.services.segments.plugin [-] Segment 44ca03c9-0fd0-4b4c-8174-321c784bcf64 resource provider not found; error: Placement Client Error (4xx): {"errors": [{"status": 404, "title": "Not Found", "detail": "The resource could not be found.\n\n No resource provider with uuid 44ca03c9-0fd0-4b4c-8174-321c784bcf64 found for delete ", "request_id": "req-4119e25f-c5b5-476e-943a-578658e5ffae"}]}
2026-06-23 23:26:30.797 9 INFO neutron.services.segments.plugin [-] Segment 44ca03c9-0fd0-4b4c-8174-321c784bcf64 resource provider not found; error: Placement Client Error (4xx): {"errors": [{"status": 404, "title": "Not Found", "detail": "The resource could not be found.\n\n No resource provider with uuid 44ca03c9-0fd0-4b4c-8174-321c784bcf64 found for delete ", "request_id": "req-89d81b81-d586-4ebd-bd91-1de4b54b65e0"}]}
2026-06-23 23:26:31.003 10 INFO neutron.wsgi [None req-4d68e786-8c69-4297-99ba-21dd3471daee 73a09b60f52042de9611465c8335dc40 5cc1ad8061a84c8a80cef83cd47b598f - - default default] 10.0.0.176 "GET /v2.0/security-groups?tenant_id=f6f35a8ceaa84e15b3080506e7c46d03&name=default HTTP/1.1" status: 200 len: 2996 time: 0.1990144
2026-06-23 23:26:31.005 9 WARNING neutron.scheduler.dhcp_agent_scheduler [None req-65b1fdc3-ae32-42d1-a741-aed7109f3180 1477ac492b0544e99e2e013b6b7780cb 8d4c21d156e844e7a9055f2c831dbb9a - - default default] No more DHCP agents
2026-06-23 23:26:31.013 9 WARNING neutron.api.rpc.agentnotifiers.dhcp_rpc_agent_api [None req-65b1fdc3-ae32-42d1-a741-aed7109f3180 1477ac492b0544e99e2e013b6b7780cb 8d4c21d156e844e7a9055f2c831dbb9a - - default default] Unable to schedule network 24bd7a2f-7a2c-48fd-89bf-1825e242b022: no agents available; will retry on subsequent port and subnet creation events.
2026-06-23 23:26:31.272 9 INFO neutron.db.ovn_revision_numbers_db [None req-ac6847a1-4113-4779-8a4e-0b15dd1d9e96 ba67f25e6cc7441f8d0ebd57a427e9f0 5a7b880f14154dddb8d2515d606ecf51 - - default default] Successfully bumped revision number for resource 9225726a-ad39-416a-bbc5-f06d15d34a86 (type: ports) to 2
2026-06-23 23:26:31.351 9 INFO neutron.db.ovn_revision_numbers_db [None req-ac6847a1-4113-4779-8a4e-0b15dd1d9e96 ba67f25e6cc7441f8d0ebd57a427e9f0 5a7b880f14154dddb8d2515d606ecf51 - - default default] Successfully bumped revision number for resource 3fed6146-22c3-41a0-9096-9319865fd801 (type: subnets) to 0
2026-06-23 23:26:31.379 9 INFO neutron.wsgi [None req-ac6847a1-4113-4779-8a4e-0b15dd1d9e96 ba67f25e6cc7441f8d0ebd57a427e9f0 5a7b880f14154dddb8d2515d606ecf51 - - default default] 10.0.0.176 "POST /v2.0/subnets HTTP/1.1" status: 201 len: 801 time: 1.2432225
2026-06-23 23:26:31.465 9 INFO neutron.wsgi [None req-a4f6ba00-6bf3-4469-9550-3700bc6c2e98 ba67f25e6cc7441f8d0ebd57a427e9f0 5a7b880f14154dddb8d2515d606ecf51 - - default default] 10.0.0.176 "PUT /v2.0/subnets/3fed6146-22c3-41a0-9096-9319865fd801/tags HTTP/1.1" status: 200 len: 218 time: 0.0795867
2026-06-23 23:26:31.497 9 INFO neutron.wsgi [None req-9b646ea3-1888-48d5-a4c7-6e93265f0f66 73a09b60f52042de9611465c8335dc40 5cc1ad8061a84c8a80cef83cd47b598f - - default default] 10.0.0.176 "DELETE /v2.0/security-groups/fa1d94db-6f8a-4797-8ace-b2787120cc74 HTTP/1.1" status: 204 len: 168 time: 0.4855182
2026-06-23 23:26:31.530 10 INFO neutron.wsgi [None req-5aaa6ed9-66fc-4853-b9db-008094704127 ba67f25e6cc7441f8d0ebd57a427e9f0 5a7b880f14154dddb8d2515d606ecf51 - - default default] 10.0.0.176 "GET /v2.0/subnets/3fed6146-22c3-41a0-9096-9319865fd801/tags HTTP/1.1" status: 200 len: 218 time: 0.0558255
2026-06-23 23:26:31.581 10 INFO neutron.wsgi [None req-78a3268b-64b3-4ad0-a2c0-a9a7118d3348 ba67f25e6cc7441f8d0ebd57a427e9f0 5a7b880f14154dddb8d2515d606ecf51 - - default default] 10.0.0.176 "PUT /v2.0/subnets/3fed6146-22c3-41a0-9096-9319865fd801/tags/green HTTP/1.1" status: 201 len: 201 time: 0.0452678
2026-06-23 23:26:31.626 10 INFO neutron.wsgi [None req-0a54b9ae-2e2a-4e8f-abc8-52aa88f07dd6 ba67f25e6cc7441f8d0ebd57a427e9f0 5a7b880f14154dddb8d2515d606ecf51 - - default default] 10.0.0.176 "GET /v2.0/subnets/3fed6146-22c3-41a0-9096-9319865fd801/tags HTTP/1.1" status: 200 len: 227 time: 0.0398548
2026-06-23 23:26:31.687 10 INFO neutron.wsgi [None req-306ef66b-bdfd-412d-87db-987741a2dd70 ba67f25e6cc7441f8d0ebd57a427e9f0 5a7b880f14154dddb8d2515d606ecf51 - - default default] 10.0.0.176 "PUT /v2.0/subnets/3fed6146-22c3-41a0-9096-9319865fd801/tags/red HTTP/1.1" status: 201 len: 201 time: 0.0579176
2026-06-23 23:26:31.737 9 INFO neutron.wsgi [None req-237cf485-6210-4286-9555-9c95dcf49064 ba67f25e6cc7441f8d0ebd57a427e9f0 5a7b880f14154dddb8d2515d606ecf51 - - default default] 10.0.0.176 "GET /v2.0/subnets/3fed6146-22c3-41a0-9096-9319865fd801/tags HTTP/1.1" status: 200 len: 227 time: 0.0433300
2026-06-23 23:26:31.766 9 INFO neutron.db.ovn_revision_numbers_db [None req-65b1fdc3-ae32-42d1-a741-aed7109f3180 1477ac492b0544e99e2e013b6b7780cb 8d4c21d156e844e7a9055f2c831dbb9a - - default default] Successfully bumped revision number for resource 09634c7d-ca31-4183-a456-cf2b06a61fa3 (type: ports) to 2
2026-06-23 23:26:31.788 9 INFO neutron.db.ovn_revision_numbers_db [None req-b57b3d7c-6e8a-4150-821a-e1e1f12c12a4 73a09b60f52042de9611465c8335dc40 5cc1ad8061a84c8a80cef83cd47b598f - - default default] Successfully bumped revision number for resource bd6a7b0b-6969-42a7-a088-d5a70311229b (type: security_groups) to 1
2026-06-23 23:26:31.806 9 INFO neutron.wsgi [None req-d8f8ce2e-0a2f-4bbd-b8e3-13b987ae4ed1 ba67f25e6cc7441f8d0ebd57a427e9f0 5a7b880f14154dddb8d2515d606ecf51 - - default default] 10.0.0.176 "PUT /v2.0/subnets/3fed6146-22c3-41a0-9096-9319865fd801/tags/black.or.white HTTP/1.1" status: 201 len: 201 time: 0.0616050
2026-06-23 23:26:31.808 9 INFO neutron.db.ovn_revision_numbers_db [None req-b57b3d7c-6e8a-4150-821a-e1e1f12c12a4 73a09b60f52042de9611465c8335dc40 5cc1ad8061a84c8a80cef83cd47b598f - - default default] Successfully bumped revision number for resource 1e41c745-a009-4915-9962-0b3f1b7b487b (type: security_group_rules) to 0
2026-06-23 23:26:31.817 9 INFO neutron.db.ovn_revision_numbers_db [None req-65b1fdc3-ae32-42d1-a741-aed7109f3180 1477ac492b0544e99e2e013b6b7780cb 8d4c21d156e844e7a9055f2c831dbb9a - - default default] Successfully bumped revision number for resource b7607f0a-6f3a-4073-ba1a-a979b90ceaa7 (type: subnets) to 0
2026-06-23 23:26:31.832 9 INFO neutron.db.ovn_revision_numbers_db [None req-b57b3d7c-6e8a-4150-821a-e1e1f12c12a4 73a09b60f52042de9611465c8335dc40 5cc1ad8061a84c8a80cef83cd47b598f - - default default] Successfully bumped revision number for resource 4a7b0e14-d352-4710-8f6c-3f4dfc2867fe (type: security_group_rules) to 0
2026-06-23 23:26:31.842 10 INFO neutron.wsgi [None req-0c9fd496-8a31-4d1b-833b-9216d6ed3240 ba67f25e6cc7441f8d0ebd57a427e9f0 5a7b880f14154dddb8d2515d606ecf51 - - default default] 10.0.0.176 "GET /v2.0/subnets/3fed6146-22c3-41a0-9096-9319865fd801/tags HTTP/1.1" status: 200 len: 245 time: 0.0287528
2026-06-23 23:26:31.846 9 INFO neutron.wsgi [None req-65b1fdc3-ae32-42d1-a741-aed7109f3180 1477ac492b0544e99e2e013b6b7780cb 8d4c21d156e844e7a9055f2c831dbb9a - - default default] 10.0.0.176 "POST /v2.0/subnets HTTP/1.1" status: 201 len: 833 time: 1.2254832
2026-06-23 23:26:31.860 9 INFO neutron.db.ovn_revision_numbers_db [None req-b57b3d7c-6e8a-4150-821a-e1e1f12c12a4 73a09b60f52042de9611465c8335dc40 5cc1ad8061a84c8a80cef83cd47b598f - - default default] Successfully bumped revision number for resource 7c1876e8-c480-4713-be43-aeca42bbbd39 (type: security_group_rules) to 0
2026-06-23 23:26:31.883 9 INFO neutron.db.ovn_revision_numbers_db [None req-b57b3d7c-6e8a-4150-821a-e1e1f12c12a4 73a09b60f52042de9611465c8335dc40 5cc1ad8061a84c8a80cef83cd47b598f - - default default] Successfully bumped revision number for resource 8bd06e3c-ee95-48cd-a221-c41cc1023c33 (type: security_group_rules) to 0
2026-06-23 23:26:31.891 10 INFO neutron.wsgi [None req-b9a5b717-faa2-408f-80a6-bb997ff1b202 ba67f25e6cc7441f8d0ebd57a427e9f0 5a7b880f14154dddb8d2515d606ecf51 - - default default] 10.0.0.176 "PUT /v2.0/subnets/3fed6146-22c3-41a0-9096-9319865fd801/tags HTTP/1.1" status: 200 len: 230 time: 0.0444152
2026-06-23 23:26:31.909 9 INFO neutron.wsgi [None req-b57b3d7c-6e8a-4150-821a-e1e1f12c12a4 73a09b60f52042de9611465c8335dc40 5cc1ad8061a84c8a80cef83cd47b598f - - default default] 10.0.0.176 "GET /v2.0/security-groups?tenant_id=f1c094f5942e46e3b5f77c0e8f4ff4b2&name=default HTTP/1.1" status: 200 len: 2996 time: 0.2884057
2026-06-23 23:26:31.931 10 INFO neutron.wsgi [None req-44743b18-7a2f-41c4-a566-7c94d235a22d ba67f25e6cc7441f8d0ebd57a427e9f0 5a7b880f14154dddb8d2515d606ecf51 - - default default] 10.0.0.176 "GET /v2.0/subnets/3fed6146-22c3-41a0-9096-9319865fd801/tags HTTP/1.1" status: 200 len: 230 time: 0.0344155
2026-06-23 23:26:31.970 9 INFO neutron.wsgi [None req-3989f3cb-0a70-4aa6-a8d5-0c1785b102fd ba67f25e6cc7441f8d0ebd57a427e9f0 5a7b880f14154dddb8d2515d606ecf51 - - default default] 10.0.0.176 "GET /v2.0/subnets/3fed6146-22c3-41a0-9096-9319865fd801/tags/red HTTP/1.1" status: 204 len: 168 time: 0.0324447
2026-06-23 23:26:32.015 9 INFO neutron.api.v2.resource [None req-34d5fb48-7393-40dc-a84f-a4388739886a ba67f25e6cc7441f8d0ebd57a427e9f0 5a7b880f14154dddb8d2515d606ecf51 - - default default] show failed (client error): The resource could not be found.
2026-06-23 23:26:32.017 9 INFO neutron.wsgi [None req-34d5fb48-7393-40dc-a84f-a4388739886a ba67f25e6cc7441f8d0ebd57a427e9f0 5a7b880f14154dddb8d2515d606ecf51 - - default default] 10.0.0.176 "GET /v2.0/subnets/3fed6146-22c3-41a0-9096-9319865fd801/tags/green HTTP/1.1" status: 404 len: 299 time: 0.0391617
2026-06-23 23:26:32.067 9 INFO neutron.wsgi [None req-13b603cc-ca79-4e52-8a67-2b3b1ecfa7c0 0d76361b41d2428bb75411882f740656 2fd1c40ce59e427fba1597572f583e04 - - default default] 10.0.0.176 "GET /v2.0/subnetpools?name=shared-default-subnetpool-v6 HTTP/1.1" status: 200 len: 212 time: 0.2168088
2026-06-23 23:26:32.102 9 INFO neutron.wsgi [None req-878a047a-3614-45c1-8fcc-3ca73ea4458e ba67f25e6cc7441f8d0ebd57a427e9f0 5a7b880f14154dddb8d2515d606ecf51 - - default default] 10.0.0.176 "DELETE /v2.0/subnets/3fed6146-22c3-41a0-9096-9319865fd801/tags/red HTTP/1.1" status: 204 len: 168 time: 0.0801647
2026-06-23 23:26:32.148 9 INFO neutron.wsgi [None req-91c4e2c3-ea69-4968-978a-0f0fb173c25a ba67f25e6cc7441f8d0ebd57a427e9f0 5a7b880f14154dddb8d2515d606ecf51 - - default default] 10.0.0.176 "GET /v2.0/subnets/3fed6146-22c3-41a0-9096-9319865fd801/tags HTTP/1.1" status: 200 len: 223 time: 0.0395939
2026-06-23 23:26:32.180 10 INFO neutron.wsgi [None req-51e7d835-c9b0-4582-98ea-e03eed764e16 73a09b60f52042de9611465c8335dc40 5cc1ad8061a84c8a80cef83cd47b598f - - default default] 10.0.0.176 "DELETE /v2.0/security-groups/bd6a7b0b-6969-42a7-a088-d5a70311229b HTTP/1.1" status: 204 len: 168 time: 0.2660749
2026-06-23 23:26:32.213 9 INFO neutron.api.v2.resource [None req-6fb11d3f-ec59-4336-a668-4c620c72ed15 ba67f25e6cc7441f8d0ebd57a427e9f0 5a7b880f14154dddb8d2515d606ecf51 - - default default] delete failed (client error): The resource could not be found.
2026-06-23 23:26:32.215 9 INFO neutron.wsgi [None req-6fb11d3f-ec59-4336-a668-4c620c72ed15 ba67f25e6cc7441f8d0ebd57a427e9f0 5a7b880f14154dddb8d2515d606ecf51 - - default default] 10.0.0.176 "DELETE /v2.0/subnets/3fed6146-22c3-41a0-9096-9319865fd801/tags/green HTTP/1.1" status: 404 len: 299 time: 0.0537529
2026-06-23 23:26:32.276 9 INFO neutron.wsgi [None req-2d6351d6-894f-451c-9b60-ff80403f26aa ba67f25e6cc7441f8d0ebd57a427e9f0 5a7b880f14154dddb8d2515d606ecf51 - - default default] 10.0.0.176 "DELETE /v2.0/subnets/3fed6146-22c3-41a0-9096-9319865fd801/tags HTTP/1.1" status: 204 len: 168 time: 0.0479240
2026-06-23 23:26:32.322 9 INFO neutron.wsgi [None req-f58c2cac-1a93-4ccc-9e4d-e2227027905f ba67f25e6cc7441f8d0ebd57a427e9f0 5a7b880f14154dddb8d2515d606ecf51 - - default default] 10.0.0.176 "GET /v2.0/subnets/3fed6146-22c3-41a0-9096-9319865fd801/tags HTTP/1.1" status: 200 len: 205 time: 0.0330534
2026-06-23 23:26:32.546 9 INFO neutron.db.ovn_revision_numbers_db [None req-a0df2d11-c9ba-4096-9e11-94c0a1b9e788 73a09b60f52042de9611465c8335dc40 5cc1ad8061a84c8a80cef83cd47b598f - - default default] Successfully bumped revision number for resource 81705a7c-9be3-47b6-a1de-0a5ac812d7f2 (type: security_groups) to 1
2026-06-23 23:26:32.560 9 INFO neutron.db.ovn_revision_numbers_db [None req-a0df2d11-c9ba-4096-9e11-94c0a1b9e788 73a09b60f52042de9611465c8335dc40 5cc1ad8061a84c8a80cef83cd47b598f - - default default] Successfully bumped revision number for resource 10fd6dd0-d6b1-465a-b1da-d702b514c2b4 (type: security_group_rules) to 0
2026-06-23 23:26:32.579 9 INFO neutron.db.ovn_revision_numbers_db [None req-a0df2d11-c9ba-4096-9e11-94c0a1b9e788 73a09b60f52042de9611465c8335dc40 5cc1ad8061a84c8a80cef83cd47b598f - - default default] Successfully bumped revision number for resource 2cb98cf4-45c9-403d-adbc-63d2e273169d (type: security_group_rules) to 0
2026-06-23 23:26:32.583 9 INFO neutron.wsgi [None req-7e1f37fa-c33b-4518-be60-0e28e9167ecd ba67f25e6cc7441f8d0ebd57a427e9f0 5a7b880f14154dddb8d2515d606ecf51 - - default default] 10.0.0.176 "DELETE /v2.0/subnets/3fed6146-22c3-41a0-9096-9319865fd801 HTTP/1.1" status: 204 len: 168 time: 0.2521746
2026-06-23 23:26:32.594 9 INFO neutron.db.ovn_revision_numbers_db [None req-a0df2d11-c9ba-4096-9e11-94c0a1b9e788 73a09b60f52042de9611465c8335dc40 5cc1ad8061a84c8a80cef83cd47b598f - - default default] Successfully bumped revision number for resource 8bb8b837-98ab-4b10-981e-fa5629cb4f11 (type: security_group_rules) to 0
2026-06-23 23:26:32.607 9 INFO neutron.db.ovn_revision_numbers_db [None req-a0df2d11-c9ba-4096-9e11-94c0a1b9e788 73a09b60f52042de9611465c8335dc40 5cc1ad8061a84c8a80cef83cd47b598f - - default default] Successfully bumped revision number for resource ffd6308f-161c-4caa-82eb-3974d9aadb2a (type: security_group_rules) to 0
2026-06-23 23:26:32.628 9 INFO neutron.wsgi [None req-a0df2d11-c9ba-4096-9e11-94c0a1b9e788 73a09b60f52042de9611465c8335dc40 5cc1ad8061a84c8a80cef83cd47b598f - - default default] 10.0.0.176 "GET /v2.0/security-groups?tenant_id=868129a1f51e4b8cb05dced6374d2fca&name=default HTTP/1.1" status: 200 len: 2996 time: 0.2272036
2026-06-23 23:26:32.843 9 INFO neutron.wsgi [None req-7adb84b9-6152-4cfe-9dc2-3627330ed0af 73a09b60f52042de9611465c8335dc40 5cc1ad8061a84c8a80cef83cd47b598f - - default default] 10.0.0.176 "DELETE /v2.0/security-groups/81705a7c-9be3-47b6-a1de-0a5ac812d7f2 HTTP/1.1" status: 204 len: 168 time: 0.2095912
2026-06-23 23:26:32.848 10 WARNING neutron.scheduler.dhcp_agent_scheduler [None req-ba567f0b-b72c-42d5-b774-f8655ab08814 1477ac492b0544e99e2e013b6b7780cb 8d4c21d156e844e7a9055f2c831dbb9a - - default default] No more DHCP agents
2026-06-23 23:26:32.850 10 WARNING neutron.api.rpc.agentnotifiers.dhcp_rpc_agent_api [None req-ba567f0b-b72c-42d5-b774-f8655ab08814 1477ac492b0544e99e2e013b6b7780cb 8d4c21d156e844e7a9055f2c831dbb9a - - default default] Unable to schedule network 24bd7a2f-7a2c-48fd-89bf-1825e242b022: no agents available; will retry on subsequent port and subnet creation events.
2026-06-23 23:26:32.888 10 INFO neutron.db.ovn_revision_numbers_db [None req-ba567f0b-b72c-42d5-b774-f8655ab08814 1477ac492b0544e99e2e013b6b7780cb 8d4c21d156e844e7a9055f2c831dbb9a - - default default] Successfully bumped revision number for resource b5c17ecf-ae60-4379-bdc2-e53c2521a9a5 (type: subnets) to 0
2026-06-23 23:26:32.905 10 INFO neutron.wsgi [None req-ba567f0b-b72c-42d5-b774-f8655ab08814 1477ac492b0544e99e2e013b6b7780cb 8d4c21d156e844e7a9055f2c831dbb9a - - default default] 10.0.0.176 "POST /v2.0/subnets HTTP/1.1" status: 201 len: 907 time: 0.8295007
2026-06-23 23:26:33.031 10 INFO neutron.db.segments_db [None req-cb4fdf16-9f96-4b43-9126-2ac56e0b80c1 1477ac492b0544e99e2e013b6b7780cb 8d4c21d156e844e7a9055f2c831dbb9a - - default default] Added segment 38771b7c-ecab-4926-9e43-f8eaa41fdd5e of type geneve for network 5cf239f4-5a86-429c-9d86-50f39196813f
2026-06-23 23:26:33.140 10 INFO neutron.services.segments.plugin [-] Segment 2a1710e6-26ea-461c-8f20-cb552d458057 resource provider aggregate not found
2026-06-23 23:26:33.144 10 INFO neutron.services.segments.plugin [-] Segment 2a1710e6-26ea-461c-8f20-cb552d458057 resource provider aggregate not found
2026-06-23 23:26:33.164 10 INFO neutron.services.segments.plugin [-] Segment 2a1710e6-26ea-461c-8f20-cb552d458057 resource provider not found; error: Placement Client Error (4xx): {"errors": [{"status": 404, "title": "Not Found", "detail": "The resource could not be found.\n\n No resource provider with uuid 2a1710e6-26ea-461c-8f20-cb552d458057 found for delete ", "request_id": "req-15559a5e-36b9-44b8-af54-b905710971be"}]}
2026-06-23 23:26:33.168 10 INFO neutron.services.segments.plugin [-] Segment 2a1710e6-26ea-461c-8f20-cb552d458057 resource provider not found; error: Placement Client Error (4xx): {"errors": [{"status": 404, "title": "Not Found", "detail": "The resource could not be found.\n\n No resource provider with uuid 2a1710e6-26ea-461c-8f20-cb552d458057 found for delete ", "request_id": "req-42c8ddfa-a725-40db-a57e-42b4efc7241d"}]}
2026-06-23 23:26:33.216 10 INFO neutron.wsgi [None req-7a9e84ca-5b2e-444c-b20a-b16c0a8d503f ba67f25e6cc7441f8d0ebd57a427e9f0 5a7b880f14154dddb8d2515d606ecf51 - - default default] 10.0.0.176 "DELETE /v2.0/networks/bacbd194-7598-4188-bf38-344193b0f0ad HTTP/1.1" status: 204 len: 168 time: 0.6269333
2026-06-23 23:26:33.259 10 INFO neutron.db.ovn_revision_numbers_db [None req-cb4fdf16-9f96-4b43-9126-2ac56e0b80c1 1477ac492b0544e99e2e013b6b7780cb 8d4c21d156e844e7a9055f2c831dbb9a - - default default] Successfully bumped revision number for resource 5cf239f4-5a86-429c-9d86-50f39196813f (type: networks) to 1
2026-06-23 23:26:33.449 10 WARNING neutron.scheduler.dhcp_agent_scheduler [None req-cb4fdf16-9f96-4b43-9126-2ac56e0b80c1 1477ac492b0544e99e2e013b6b7780cb 8d4c21d156e844e7a9055f2c831dbb9a - - default default] No more DHCP agents
2026-06-23 23:26:33.452 10 WARNING neutron.api.rpc.agentnotifiers.dhcp_rpc_agent_api [None req-cb4fdf16-9f96-4b43-9126-2ac56e0b80c1 1477ac492b0544e99e2e013b6b7780cb 8d4c21d156e844e7a9055f2c831dbb9a - - default default] Unable to schedule network 5cf239f4-5a86-429c-9d86-50f39196813f: no agents available; will retry on subsequent port and subnet creation events.
2026-06-23 23:26:33.532 10 INFO neutron.db.ovn_revision_numbers_db [None req-cb4fdf16-9f96-4b43-9126-2ac56e0b80c1 1477ac492b0544e99e2e013b6b7780cb 8d4c21d156e844e7a9055f2c831dbb9a - - default default] Successfully bumped revision number for resource c8f012db-e936-4521-9923-4d8cfca70107 (type: ports) to 1
2026-06-23 23:26:33.554 10 INFO neutron.wsgi [None req-cb4fdf16-9f96-4b43-9126-2ac56e0b80c1 1477ac492b0544e99e2e013b6b7780cb 8d4c21d156e844e7a9055f2c831dbb9a - - default default] 10.0.0.176 "POST /v2.0/networks HTTP/1.1" status: 201 len: 836 time: 0.6409078
2026-06-23 23:26:33.802 10 WARNING neutron.scheduler.dhcp_agent_scheduler [None req-898f9d76-f227-4356-aaef-5128f0bc650f 1477ac492b0544e99e2e013b6b7780cb 8d4c21d156e844e7a9055f2c831dbb9a - - default default] No more DHCP agents
2026-06-23 23:26:33.804 10 WARNING neutron.api.rpc.agentnotifiers.dhcp_rpc_agent_api [None req-898f9d76-f227-4356-aaef-5128f0bc650f 1477ac492b0544e99e2e013b6b7780cb 8d4c21d156e844e7a9055f2c831dbb9a - - default default] Unable to schedule network 5cf239f4-5a86-429c-9d86-50f39196813f: no agents available; will retry on subsequent port and subnet creation events.
2026-06-23 23:26:34.241 10 INFO neutron.db.ovn_revision_numbers_db [None req-da1138e8-9460-4989-aa08-02f95f45f2bd 73a09b60f52042de9611465c8335dc40 5cc1ad8061a84c8a80cef83cd47b598f - - default default] Successfully bumped revision number for resource 580878b6-80cb-4053-82e9-6e4961497afd (type: security_groups) to 1
2026-06-23 23:26:34.256 10 INFO neutron.db.ovn_revision_numbers_db [None req-da1138e8-9460-4989-aa08-02f95f45f2bd 73a09b60f52042de9611465c8335dc40 5cc1ad8061a84c8a80cef83cd47b598f - - default default] Successfully bumped revision number for resource 087f71f1-29ce-4b53-9a3e-80fe23ec3dce (type: security_group_rules) to 0
2026-06-23 23:26:34.279 10 INFO neutron.db.ovn_revision_numbers_db [None req-da1138e8-9460-4989-aa08-02f95f45f2bd 73a09b60f52042de9611465c8335dc40 5cc1ad8061a84c8a80cef83cd47b598f - - default default] Successfully bumped revision number for resource 5ffc52da-8a65-4554-a1d4-17ce4562aff7 (type: security_group_rules) to 0
2026-06-23 23:26:34.298 10 INFO neutron.db.ovn_revision_numbers_db [None req-da1138e8-9460-4989-aa08-02f95f45f2bd 73a09b60f52042de9611465c8335dc40 5cc1ad8061a84c8a80cef83cd47b598f - - default default] Successfully bumped revision number for resource 7161c980-6f43-4d9d-8e92-19a8326c83d5 (type: security_group_rules) to 0
2026-06-23 23:26:34.307 10 INFO neutron.db.ovn_revision_numbers_db [None req-898f9d76-f227-4356-aaef-5128f0bc650f 1477ac492b0544e99e2e013b6b7780cb 8d4c21d156e844e7a9055f2c831dbb9a - - default default] Successfully bumped revision number for resource c8f012db-e936-4521-9923-4d8cfca70107 (type: ports) to 2
2026-06-23 23:26:34.309 10 INFO neutron.db.ovn_revision_numbers_db [None req-da1138e8-9460-4989-aa08-02f95f45f2bd 73a09b60f52042de9611465c8335dc40 5cc1ad8061a84c8a80cef83cd47b598f - - default default] Successfully bumped revision number for resource c58ddd6d-b3cd-495b-8bab-db2a7a9c1eb7 (type: security_group_rules) to 0
2026-06-23 23:26:34.336 10 INFO neutron.wsgi [None req-da1138e8-9460-4989-aa08-02f95f45f2bd 73a09b60f52042de9611465c8335dc40 5cc1ad8061a84c8a80cef83cd47b598f - - default default] 10.0.0.176 "GET /v2.0/security-groups?tenant_id=27ecc944f5774c7ab616ad9944855687&name=default HTTP/1.1" status: 200 len: 2996 time: 0.4314680
2026-06-23 23:26:34.359 10 INFO neutron.db.ovn_revision_numbers_db [None req-898f9d76-f227-4356-aaef-5128f0bc650f 1477ac492b0544e99e2e013b6b7780cb 8d4c21d156e844e7a9055f2c831dbb9a - - default default] Successfully bumped revision number for resource 60fc2d62-da01-49d4-8858-2040022119ef (type: subnets) to 0
2026-06-23 23:26:34.379 10 INFO neutron.wsgi [None req-898f9d76-f227-4356-aaef-5128f0bc650f 1477ac492b0544e99e2e013b6b7780cb 8d4c21d156e844e7a9055f2c831dbb9a - - default default] 10.0.0.176 "POST /v2.0/subnets HTTP/1.1" status: 201 len: 831 time: 0.8212373
2026-06-23 23:26:34.566 9 INFO neutron.wsgi [None req-db8618e8-23ba-48aa-97af-19cc5598b42b 73a09b60f52042de9611465c8335dc40 5cc1ad8061a84c8a80cef83cd47b598f - - default default] 10.0.0.176 "DELETE /v2.0/security-groups/580878b6-80cb-4053-82e9-6e4961497afd HTTP/1.1" status: 204 len: 168 time: 0.2218552
2026-06-23 23:26:34.658 10 WARNING neutron.scheduler.dhcp_agent_scheduler [None req-f57b6760-b78f-4f94-9bc7-c0b562a80faf 1477ac492b0544e99e2e013b6b7780cb 8d4c21d156e844e7a9055f2c831dbb9a - - default default] No more DHCP agents
2026-06-23 23:26:34.660 10 WARNING neutron.api.rpc.agentnotifiers.dhcp_rpc_agent_api [None req-f57b6760-b78f-4f94-9bc7-c0b562a80faf 1477ac492b0544e99e2e013b6b7780cb 8d4c21d156e844e7a9055f2c831dbb9a - - default default] Unable to schedule network 5cf239f4-5a86-429c-9d86-50f39196813f: no agents available; will retry on subsequent port and subnet creation events.
2026-06-23 23:26:34.695 10 INFO neutron.db.ovn_revision_numbers_db [None req-f57b6760-b78f-4f94-9bc7-c0b562a80faf 1477ac492b0544e99e2e013b6b7780cb 8d4c21d156e844e7a9055f2c831dbb9a - - default default] Successfully bumped revision number for resource 646a1581-e02e-499f-9634-51050b236a68 (type: subnets) to 0
2026-06-23 23:26:34.714 10 INFO neutron.wsgi [None req-f57b6760-b78f-4f94-9bc7-c0b562a80faf 1477ac492b0544e99e2e013b6b7780cb 8d4c21d156e844e7a9055f2c831dbb9a - - default default] 10.0.0.176 "POST /v2.0/subnets HTTP/1.1" status: 201 len: 901 time: 0.3259783
2026-06-23 23:26:34.795 10 INFO neutron.wsgi [None req-1f7db80f-e4a3-401e-a8fd-45a463f93fa5 73a09b60f52042de9611465c8335dc40 5cc1ad8061a84c8a80cef83cd47b598f - - default default] 10.0.0.176 "GET /v2.0/security-groups?tenant_id=5a7b880f14154dddb8d2515d606ecf51&name=default HTTP/1.1" status: 200 len: 2996 time: 0.0549908
2026-06-23 23:26:34.842 10 INFO neutron.db.segments_db [None req-8c919bac-6571-4b0d-9375-aee2e2bc5688 1477ac492b0544e99e2e013b6b7780cb 8d4c21d156e844e7a9055f2c831dbb9a - - default default] Added segment 2c7da942-7c19-4f9b-a1d4-0ff9c50f2c8a of type geneve for network 355cb989-6da8-461a-8e06-8de280bc867a
2026-06-23 23:26:35.026 10 INFO neutron.db.ovn_revision_numbers_db [None req-8c919bac-6571-4b0d-9375-aee2e2bc5688 1477ac492b0544e99e2e013b6b7780cb 8d4c21d156e844e7a9055f2c831dbb9a - - default default] Successfully bumped revision number for resource 355cb989-6da8-461a-8e06-8de280bc867a (type: networks) to 1
2026-06-23 23:26:35.161 10 INFO neutron.wsgi [None req-6a7d5f54-f80e-43d2-a324-f1f66ed16cfb 73a09b60f52042de9611465c8335dc40 5cc1ad8061a84c8a80cef83cd47b598f - - default default] 10.0.0.176 "DELETE /v2.0/security-groups/e3bbbb42-aeb5-4e52-beaf-b5baa43b5b0f HTTP/1.1" status: 204 len: 168 time: 0.3579464
2026-06-23 23:26:35.228 10 WARNING neutron.scheduler.dhcp_agent_scheduler [None req-8c919bac-6571-4b0d-9375-aee2e2bc5688 1477ac492b0544e99e2e013b6b7780cb 8d4c21d156e844e7a9055f2c831dbb9a - - default default] No more DHCP agents
2026-06-23 23:26:35.230 10 WARNING neutron.api.rpc.agentnotifiers.dhcp_rpc_agent_api [None req-8c919bac-6571-4b0d-9375-aee2e2bc5688 1477ac492b0544e99e2e013b6b7780cb 8d4c21d156e844e7a9055f2c831dbb9a - - default default] Unable to schedule network 355cb989-6da8-461a-8e06-8de280bc867a: no agents available; will retry on subsequent port and subnet creation events.
2026-06-23 23:26:35.326 10 INFO neutron.db.ovn_revision_numbers_db [None req-8c919bac-6571-4b0d-9375-aee2e2bc5688 1477ac492b0544e99e2e013b6b7780cb 8d4c21d156e844e7a9055f2c831dbb9a - - default default] Successfully bumped revision number for resource 1b08a31f-8595-4436-8a65-7c3c8adc357f (type: ports) to 1
2026-06-23 23:26:35.348 10 INFO neutron.wsgi [None req-8c919bac-6571-4b0d-9375-aee2e2bc5688 1477ac492b0544e99e2e013b6b7780cb 8d4c21d156e844e7a9055f2c831dbb9a - - default default] 10.0.0.176 "POST /v2.0/networks HTTP/1.1" status: 201 len: 837 time: 0.6270368
2026-06-23 23:26:35.595 10 WARNING neutron.scheduler.dhcp_agent_scheduler [None req-b8ce5b28-3bc4-4d03-82b8-c7011377f2f8 1477ac492b0544e99e2e013b6b7780cb 8d4c21d156e844e7a9055f2c831dbb9a - - default default] No more DHCP agents
2026-06-23 23:26:35.602 10 WARNING neutron.api.rpc.agentnotifiers.dhcp_rpc_agent_api [None req-b8ce5b28-3bc4-4d03-82b8-c7011377f2f8 1477ac492b0544e99e2e013b6b7780cb 8d4c21d156e844e7a9055f2c831dbb9a - - default default] Unable to schedule network 355cb989-6da8-461a-8e06-8de280bc867a: no agents available; will retry on subsequent port and subnet creation events.
2026-06-23 23:26:36.090 10 INFO neutron.db.ovn_revision_numbers_db [None req-b8ce5b28-3bc4-4d03-82b8-c7011377f2f8 1477ac492b0544e99e2e013b6b7780cb 8d4c21d156e844e7a9055f2c831dbb9a - - default default] Successfully bumped revision number for resource 1b08a31f-8595-4436-8a65-7c3c8adc357f (type: ports) to 2
2026-06-23 23:26:36.140 10 INFO neutron.db.ovn_revision_numbers_db [None req-b8ce5b28-3bc4-4d03-82b8-c7011377f2f8 1477ac492b0544e99e2e013b6b7780cb 8d4c21d156e844e7a9055f2c831dbb9a - - default default] Successfully bumped revision number for resource 22db108b-17a9-47d9-b3d6-4ac908548c37 (type: subnets) to 0
2026-06-23 23:26:36.156 10 INFO neutron.wsgi [None req-b8ce5b28-3bc4-4d03-82b8-c7011377f2f8 1477ac492b0544e99e2e013b6b7780cb 8d4c21d156e844e7a9055f2c831dbb9a - - default default] 10.0.0.176 "POST /v2.0/subnets HTTP/1.1" status: 201 len: 830 time: 0.8018196
2026-06-23 23:26:36.464 10 WARNING neutron.scheduler.dhcp_agent_scheduler [None req-cd68c2c1-ee4b-4b24-afd9-5888e2c57d15 1477ac492b0544e99e2e013b6b7780cb 8d4c21d156e844e7a9055f2c831dbb9a - - default default] No more DHCP agents
2026-06-23 23:26:36.466 10 WARNING neutron.api.rpc.agentnotifiers.dhcp_rpc_agent_api [None req-cd68c2c1-ee4b-4b24-afd9-5888e2c57d15 1477ac492b0544e99e2e013b6b7780cb 8d4c21d156e844e7a9055f2c831dbb9a - - default default] Unable to schedule network 355cb989-6da8-461a-8e06-8de280bc867a: no agents available; will retry on subsequent port and subnet creation events.
2026-06-23 23:26:36.499 10 INFO neutron.db.ovn_revision_numbers_db [None req-cd68c2c1-ee4b-4b24-afd9-5888e2c57d15 1477ac492b0544e99e2e013b6b7780cb 8d4c21d156e844e7a9055f2c831dbb9a - - default default] Successfully bumped revision number for resource 8c72eabd-d6e7-482d-aaf3-f455b91d2406 (type: subnets) to 0
2026-06-23 23:26:36.521 10 INFO neutron.wsgi [None req-cd68c2c1-ee4b-4b24-afd9-5888e2c57d15 1477ac492b0544e99e2e013b6b7780cb 8d4c21d156e844e7a9055f2c831dbb9a - - default default] 10.0.0.176 "POST /v2.0/subnets HTTP/1.1" status: 201 len: 905 time: 0.3593676
2026-06-23 23:26:37.017 10 WARNING neutron.scheduler.dhcp_agent_scheduler [None req-15705305-bfe4-490d-bead-10464600aac9 1477ac492b0544e99e2e013b6b7780cb 8d4c21d156e844e7a9055f2c831dbb9a - - default default] No more DHCP agents
2026-06-23 23:26:37.020 10 WARNING neutron.api.rpc.agentnotifiers.dhcp_rpc_agent_api [None req-15705305-bfe4-490d-bead-10464600aac9 1477ac492b0544e99e2e013b6b7780cb 8d4c21d156e844e7a9055f2c831dbb9a - - default default] Unable to schedule network e4df1510-cce2-4b48-b7f1-2913b179bb16: no agents available; will retry on subsequent port and subnet creation events.
2026-06-23 23:26:37.182 10 INFO neutron.db.ovn_revision_numbers_db [None req-15705305-bfe4-490d-bead-10464600aac9 1477ac492b0544e99e2e013b6b7780cb 8d4c21d156e844e7a9055f2c831dbb9a - - default default] Successfully bumped revision number for resource 011d3901-f99d-481b-ae7a-eccf9aed6943 (type: ports) to 1
2026-06-23 23:26:38.220 10 INFO neutron.db.ovn_revision_numbers_db [None req-094fe39a-db70-4dbe-8f07-445488f5bf2e 81f75ddd0145418c91797058985712b5 5f7efaedf7214d7fa3eabec6b362bf28 - - default default] Successfully bumped revision number for resource 086e75b2-83db-4ce8-95e5-1531d156852a (type: security_groups) to 1
2026-06-23 23:26:38.244 10 INFO neutron.db.ovn_revision_numbers_db [None req-094fe39a-db70-4dbe-8f07-445488f5bf2e 81f75ddd0145418c91797058985712b5 5f7efaedf7214d7fa3eabec6b362bf28 - - default default] Successfully bumped revision number for resource 394ce064-1be0-4437-bfe3-21edff285b2f (type: security_group_rules) to 0
2026-06-23 23:26:38.261 10 INFO neutron.db.ovn_revision_numbers_db [None req-094fe39a-db70-4dbe-8f07-445488f5bf2e 81f75ddd0145418c91797058985712b5 5f7efaedf7214d7fa3eabec6b362bf28 - - default default] Successfully bumped revision number for resource 59b46ecb-c82c-484f-8550-6e2516a25753 (type: security_group_rules) to 0
2026-06-23 23:26:38.288 10 INFO neutron.db.ovn_revision_numbers_db [None req-094fe39a-db70-4dbe-8f07-445488f5bf2e 81f75ddd0145418c91797058985712b5 5f7efaedf7214d7fa3eabec6b362bf28 - - default default] Successfully bumped revision number for resource b52c2804-60d1-40fa-90cc-40a08148146d (type: security_group_rules) to 0
2026-06-23 23:26:38.310 10 INFO neutron.db.ovn_revision_numbers_db [None req-094fe39a-db70-4dbe-8f07-445488f5bf2e 81f75ddd0145418c91797058985712b5 5f7efaedf7214d7fa3eabec6b362bf28 - - default default] Successfully bumped revision number for resource ecd5f8f8-cca5-4dfb-9986-dac6b4937883 (type: security_group_rules) to 0
2026-06-23 23:26:38.340 10 INFO neutron.plugins.ml2.drivers.ovn.mech_driver.mech_driver [None req-2bf6d314-f408-4a0e-82b5-81f2864e4d6e - - - - - -] OVN reports status up for port: 011d3901-f99d-481b-ae7a-eccf9aed6943
2026-06-23 23:26:38.357 10 INFO neutron.plugins.ml2.drivers.ovn.mech_driver.ovsdb.ovsdb_monitor [None req-b37ae959-e8cf-4ba5-a2d9-acc9c4730644 - - - - - -] Router e9b21085-3372-4f88-821d-20ef0c79d6a3 is bound to host instance
2026-06-23 23:26:38.389 10 INFO neutron.plugins.ml2.plugin [None req-2bf6d314-f408-4a0e-82b5-81f2864e4d6e - - - - - -] Attempt 1 to provision port 011d3901-f99d-481b-ae7a-eccf9aed6943
2026-06-23 23:26:38.412 10 INFO neutron.db.segments_db [None req-094fe39a-db70-4dbe-8f07-445488f5bf2e 81f75ddd0145418c91797058985712b5 5f7efaedf7214d7fa3eabec6b362bf28 - - default default] Added segment a2c87ae4-c5e5-4b32-8672-00fdee6867c2 of type geneve for network 3282e698-8427-4f76-972c-204bfb2309d9
2026-06-23 23:26:38.435 10 INFO neutron.db.ovn_revision_numbers_db [None req-15705305-bfe4-490d-bead-10464600aac9 1477ac492b0544e99e2e013b6b7780cb 8d4c21d156e844e7a9055f2c831dbb9a - - default default] Successfully bumped revision number for resource 011d3901-f99d-481b-ae7a-eccf9aed6943 (type: router_ports) to 1
2026-06-23 23:26:38.659 10 INFO neutron.db.ovn_revision_numbers_db [None req-15705305-bfe4-490d-bead-10464600aac9 1477ac492b0544e99e2e013b6b7780cb 8d4c21d156e844e7a9055f2c831dbb9a - - default default] Successfully bumped revision number for resource e9b21085-3372-4f88-821d-20ef0c79d6a3 (type: routers) to 2
2026-06-23 23:26:38.737 10 INFO neutron.wsgi [None req-15705305-bfe4-490d-bead-10464600aac9 1477ac492b0544e99e2e013b6b7780cb 8d4c21d156e844e7a9055f2c831dbb9a - - default default] 10.0.0.176 "POST /v2.0/routers HTTP/1.1" status: 201 len: 864 time: 2.2083907
2026-06-23 23:26:38.771 10 INFO neutron.db.ovn_revision_numbers_db [None req-094fe39a-db70-4dbe-8f07-445488f5bf2e 81f75ddd0145418c91797058985712b5 5f7efaedf7214d7fa3eabec6b362bf28 - - default default] Successfully bumped revision number for resource 3282e698-8427-4f76-972c-204bfb2309d9 (type: networks) to 1
2026-06-23 23:26:38.972 9 INFO neutron.db.ovn_revision_numbers_db [None req-e47dab6e-d6f9-4e78-b0e4-c0f1236e997b e703ac52313541f786af4c9b1c8c7367 0ac6c446d7f24f15bce0e4851b83f56d - - default default] Successfully bumped revision number for resource 2cb08f6e-64b9-4680-8850-9a449bd2e39e (type: security_groups) to 1
2026-06-23 23:26:39.051 10 WARNING neutron.scheduler.dhcp_agent_scheduler [None req-094fe39a-db70-4dbe-8f07-445488f5bf2e 81f75ddd0145418c91797058985712b5 5f7efaedf7214d7fa3eabec6b362bf28 - - default default] No more DHCP agents
2026-06-23 23:26:39.054 10 WARNING neutron.api.rpc.agentnotifiers.dhcp_rpc_agent_api [None req-094fe39a-db70-4dbe-8f07-445488f5bf2e 81f75ddd0145418c91797058985712b5 5f7efaedf7214d7fa3eabec6b362bf28 - - default default] Unable to schedule network 3282e698-8427-4f76-972c-204bfb2309d9: no agents available; will retry on subsequent port and subnet creation events.
2026-06-23 23:26:39.172 10 INFO neutron.db.ovn_revision_numbers_db [None req-094fe39a-db70-4dbe-8f07-445488f5bf2e 81f75ddd0145418c91797058985712b5 5f7efaedf7214d7fa3eabec6b362bf28 - - default default] Successfully bumped revision number for resource 2a0f3e10-1790-4e53-94e0-6c1ea81444e7 (type: ports) to 1
2026-06-23 23:26:39.205 10 INFO neutron.wsgi [None req-094fe39a-db70-4dbe-8f07-445488f5bf2e 81f75ddd0145418c91797058985712b5 5f7efaedf7214d7fa3eabec6b362bf28 - - default default] 10.0.0.176 "POST /v2.0/networks HTTP/1.1" status: 201 len: 831 time: 1.9427912
2026-06-23 23:26:39.215 9 INFO neutron.db.ovn_revision_numbers_db [None req-e47dab6e-d6f9-4e78-b0e4-c0f1236e997b e703ac52313541f786af4c9b1c8c7367 0ac6c446d7f24f15bce0e4851b83f56d - - default default] Successfully bumped revision number for resource 0d97360b-dcd6-4fb2-9283-278f5389a2cc (type: security_group_rules) to 0
2026-06-23 23:26:39.233 9 INFO neutron.db.ovn_revision_numbers_db [None req-e47dab6e-d6f9-4e78-b0e4-c0f1236e997b e703ac52313541f786af4c9b1c8c7367 0ac6c446d7f24f15bce0e4851b83f56d - - default default] Successfully bumped revision number for resource 720de522-9d72-4532-9363-3b824c311dc7 (type: security_group_rules) to 0
2026-06-23 23:26:39.261 9 INFO neutron.db.ovn_revision_numbers_db [None req-e47dab6e-d6f9-4e78-b0e4-c0f1236e997b e703ac52313541f786af4c9b1c8c7367 0ac6c446d7f24f15bce0e4851b83f56d - - default default] Successfully bumped revision number for resource e4b5c349-f36c-455a-bee7-444597af38d7 (type: security_group_rules) to 0
2026-06-23 23:26:39.284 9 INFO neutron.db.ovn_revision_numbers_db [None req-e47dab6e-d6f9-4e78-b0e4-c0f1236e997b e703ac52313541f786af4c9b1c8c7367 0ac6c446d7f24f15bce0e4851b83f56d - - default default] Successfully bumped revision number for resource eaa4b27b-784f-43e3-a181-ea0cfd4b04e0 (type: security_group_rules) to 0
2026-06-23 23:26:39.350 9 INFO neutron.db.segments_db [None req-e47dab6e-d6f9-4e78-b0e4-c0f1236e997b e703ac52313541f786af4c9b1c8c7367 0ac6c446d7f24f15bce0e4851b83f56d - - default default] Added segment 995fd25f-50c5-41d2-910d-4f65c66ae3e5 of type geneve for network c342e5c3-50d7-4cf5-be77-e897d7fd402a
2026-06-23 23:26:39.364 10 INFO neutron.db.ovn_revision_numbers_db [None req-b37ae959-e8cf-4ba5-a2d9-acc9c4730644 - - - - - -] Successfully bumped revision number for resource 011d3901-f99d-481b-ae7a-eccf9aed6943 (type: ports) to 1
2026-06-23 23:26:39.518 10 WARNING neutron.scheduler.dhcp_agent_scheduler [None req-3ab2adfd-60c4-4017-a807-4645c548e644 81f75ddd0145418c91797058985712b5 5f7efaedf7214d7fa3eabec6b362bf28 - - default default] No more DHCP agents
2026-06-23 23:26:39.521 10 WARNING neutron.api.rpc.agentnotifiers.dhcp_rpc_agent_api [None req-3ab2adfd-60c4-4017-a807-4645c548e644 81f75ddd0145418c91797058985712b5 5f7efaedf7214d7fa3eabec6b362bf28 - - default default] Unable to schedule network 3282e698-8427-4f76-972c-204bfb2309d9: no agents available; will retry on subsequent port and subnet creation events.
2026-06-23 23:26:39.560 9 INFO neutron.db.ovn_revision_numbers_db [None req-e47dab6e-d6f9-4e78-b0e4-c0f1236e997b e703ac52313541f786af4c9b1c8c7367 0ac6c446d7f24f15bce0e4851b83f56d - - default default] Successfully bumped revision number for resource c342e5c3-50d7-4cf5-be77-e897d7fd402a (type: networks) to 1
2026-06-23 23:26:39.654 10 INFO neutron.db.ovn_revision_numbers_db [None req-3ab2adfd-60c4-4017-a807-4645c548e644 81f75ddd0145418c91797058985712b5 5f7efaedf7214d7fa3eabec6b362bf28 - - default default] Successfully bumped revision number for resource 62fb6536-703e-4ddc-adb0-f3473d495485 (type: ports) to 1
2026-06-23 23:26:39.678 10 INFO neutron.wsgi [None req-3ab2adfd-60c4-4017-a807-4645c548e644 81f75ddd0145418c91797058985712b5 5f7efaedf7214d7fa3eabec6b362bf28 - - default default] 10.0.0.176 "POST /v2.0/ports HTTP/1.1" status: 201 len: 942 time: 0.4682395
2026-06-23 23:26:39.685 9 WARNING neutron.scheduler.dhcp_agent_scheduler [None req-9d60ccb3-49b6-4b41-9e11-56451f4e2648 1477ac492b0544e99e2e013b6b7780cb 8d4c21d156e844e7a9055f2c831dbb9a - - default default] No more DHCP agents /var/lib/openstack/lib/python3.10/site-packages/pycadf/identifier.py:71: UserWarning: Invalid uuid: neutron. To ensure interoperability, identifiers should be a valid uuid. warnings.warn(('Invalid uuid: %s. To ensure interoperability, '
2026-06-23 23:26:39.693 9 WARNING neutron.api.rpc.agentnotifiers.dhcp_rpc_agent_api [None req-9d60ccb3-49b6-4b41-9e11-56451f4e2648 1477ac492b0544e99e2e013b6b7780cb 8d4c21d156e844e7a9055f2c831dbb9a - - default default] Unable to schedule network 24bd7a2f-7a2c-48fd-89bf-1825e242b022: no agents available; will retry on subsequent port and subnet creation events.
2026-06-23 23:26:39.746 10 INFO neutron.db.ovn_revision_numbers_db [None req-b37ae959-e8cf-4ba5-a2d9-acc9c4730644 - - - - - -] Successfully bumped revision number for resource 011d3901-f99d-481b-ae7a-eccf9aed6943 (type: router_ports) to 3
2026-06-23 23:26:39.805 10 INFO neutron.db.segments_db [None req-d3d2e2a7-77a8-4334-93f5-06e755df9379 81f75ddd0145418c91797058985712b5 5f7efaedf7214d7fa3eabec6b362bf28 - - default default] Added segment 0e5c5f9a-c8ea-45c2-82d9-15f4a432eefe of type geneve for network a461a515-e61e-4c06-9d68-36ee1ff9b264
2026-06-23 23:26:39.844 9 WARNING neutron.scheduler.dhcp_agent_scheduler [None req-e47dab6e-d6f9-4e78-b0e4-c0f1236e997b e703ac52313541f786af4c9b1c8c7367 0ac6c446d7f24f15bce0e4851b83f56d - - default default] No more DHCP agents
2026-06-23 23:26:39.849 9 WARNING neutron.api.rpc.agentnotifiers.dhcp_rpc_agent_api [None req-e47dab6e-d6f9-4e78-b0e4-c0f1236e997b e703ac52313541f786af4c9b1c8c7367 0ac6c446d7f24f15bce0e4851b83f56d - - default default] Unable to schedule network c342e5c3-50d7-4cf5-be77-e897d7fd402a: no agents available; will retry on subsequent port and subnet creation events.
2026-06-23 23:26:39.941 9 INFO neutron.db.ovn_revision_numbers_db [None req-9d60ccb3-49b6-4b41-9e11-56451f4e2648 1477ac492b0544e99e2e013b6b7780cb 8d4c21d156e844e7a9055f2c831dbb9a - - default default] Successfully bumped revision number for resource 1b80f613-b9d2-4082-adb8-3142190e94d1 (type: ports) to 1
2026-06-23 23:26:39.945 9 INFO neutron.db.ovn_revision_numbers_db [None req-e47dab6e-d6f9-4e78-b0e4-c0f1236e997b e703ac52313541f786af4c9b1c8c7367 0ac6c446d7f24f15bce0e4851b83f56d - - default default] Successfully bumped revision number for resource 00fe48da-4e1b-4326-9db3-4b0fe9689004 (type: ports) to 1
2026-06-23 23:26:39.965 10 INFO neutron.db.ovn_revision_numbers_db [None req-b37ae959-e8cf-4ba5-a2d9-acc9c4730644 - - - - - -] Successfully bumped revision number for resource 011d3901-f99d-481b-ae7a-eccf9aed6943 (type: ports) to 2
2026-06-23 23:26:39.978 9 INFO neutron.wsgi [None req-e47dab6e-d6f9-4e78-b0e4-c0f1236e997b e703ac52313541f786af4c9b1c8c7367 0ac6c446d7f24f15bce0e4851b83f56d - - default default] 10.0.0.176 "POST /v2.0/networks HTTP/1.1" status: 201 len: 830 time: 1.3612373
2026-06-23 23:26:39.980 10 INFO neutron.db.ovn_revision_numbers_db [None req-d3d2e2a7-77a8-4334-93f5-06e755df9379 81f75ddd0145418c91797058985712b5 5f7efaedf7214d7fa3eabec6b362bf28 - - default default] Successfully bumped revision number for resource a461a515-e61e-4c06-9d68-36ee1ff9b264 (type: networks) to 1
2026-06-23 23:26:40.109 9 INFO neutron.db.segments_db [None req-7fd67871-7ae0-4aea-b405-af32e387c099 e703ac52313541f786af4c9b1c8c7367 0ac6c446d7f24f15bce0e4851b83f56d - - default default] Added segment 54cdb221-4817-4915-b3fa-520c531c6626 of type geneve for network d199a4c6-4ca2-4fb7-9f50-d4bcac41a2a4
2026-06-23 23:26:40.213 10 WARNING neutron.scheduler.dhcp_agent_scheduler [None req-d3d2e2a7-77a8-4334-93f5-06e755df9379 81f75ddd0145418c91797058985712b5 5f7efaedf7214d7fa3eabec6b362bf28 - - default default] No more DHCP agents
2026-06-23 23:26:40.218 10 WARNING neutron.api.rpc.agentnotifiers.dhcp_rpc_agent_api [None req-d3d2e2a7-77a8-4334-93f5-06e755df9379 81f75ddd0145418c91797058985712b5 5f7efaedf7214d7fa3eabec6b362bf28 - - default default] Unable to schedule network a461a515-e61e-4c06-9d68-36ee1ff9b264: no agents available; will retry on subsequent port and subnet creation events.
2026-06-23 23:26:40.323 9 INFO neutron.db.ovn_revision_numbers_db [None req-7fd67871-7ae0-4aea-b405-af32e387c099 e703ac52313541f786af4c9b1c8c7367 0ac6c446d7f24f15bce0e4851b83f56d - - default default] Successfully bumped revision number for resource d199a4c6-4ca2-4fb7-9f50-d4bcac41a2a4 (type: networks) to 1
2026-06-23 23:26:40.332 10 INFO neutron.db.ovn_revision_numbers_db [None req-b37ae959-e8cf-4ba5-a2d9-acc9c4730644 - - - - - -] Successfully bumped revision number for resource 011d3901-f99d-481b-ae7a-eccf9aed6943 (type: ports) to 4
2026-06-23 23:26:40.341 10 INFO neutron.db.ovn_revision_numbers_db [None req-d3d2e2a7-77a8-4334-93f5-06e755df9379 81f75ddd0145418c91797058985712b5 5f7efaedf7214d7fa3eabec6b362bf28 - - default default] Successfully bumped revision number for resource b9b1e510-4538-45e5-ae75-ca60ecd5621e (type: ports) to 1
2026-06-23 23:26:40.386 10 INFO neutron.wsgi [None req-d3d2e2a7-77a8-4334-93f5-06e755df9379 81f75ddd0145418c91797058985712b5 5f7efaedf7214d7fa3eabec6b362bf28 - - default default] 10.0.0.176 "POST /v2.0/networks HTTP/1.1" status: 201 len: 831 time: 0.7005014
2026-06-23 23:26:40.563 9 WARNING neutron.scheduler.dhcp_agent_scheduler [None req-7fd67871-7ae0-4aea-b405-af32e387c099 e703ac52313541f786af4c9b1c8c7367 0ac6c446d7f24f15bce0e4851b83f56d - - default default] No more DHCP agents
2026-06-23 23:26:40.565 9 WARNING neutron.api.rpc.agentnotifiers.dhcp_rpc_agent_api [None req-7fd67871-7ae0-4aea-b405-af32e387c099 e703ac52313541f786af4c9b1c8c7367 0ac6c446d7f24f15bce0e4851b83f56d - - default default] Unable to schedule network d199a4c6-4ca2-4fb7-9f50-d4bcac41a2a4: no agents available; will retry on subsequent port and subnet creation events.
2026-06-23 23:26:40.687 9 INFO neutron.db.ovn_revision_numbers_db [None req-7fd67871-7ae0-4aea-b405-af32e387c099 e703ac52313541f786af4c9b1c8c7367 0ac6c446d7f24f15bce0e4851b83f56d - - default default] Successfully bumped revision number for resource 62d243bf-080e-4a9b-85c7-113ac0d8b123 (type: ports) to 1
2026-06-23 23:26:40.689 9 INFO neutron.db.ovn_revision_numbers_db [None req-9d60ccb3-49b6-4b41-9e11-56451f4e2648 1477ac492b0544e99e2e013b6b7780cb 8d4c21d156e844e7a9055f2c831dbb9a - - default default] Successfully bumped revision number for resource 1b80f613-b9d2-4082-adb8-3142190e94d1 (type: router_ports) to 1
2026-06-23 23:26:40.720 9 INFO neutron.wsgi [None req-7fd67871-7ae0-4aea-b405-af32e387c099 e703ac52313541f786af4c9b1c8c7367 0ac6c446d7f24f15bce0e4851b83f56d - - default default] 10.0.0.176 "POST /v2.0/networks HTTP/1.1" status: 201 len: 831 time: 0.7367506
2026-06-23 23:26:40.800 9 INFO neutron.wsgi [None req-d10ffa6f-7ffb-46e7-bef0-588468e0c8da e703ac52313541f786af4c9b1c8c7367 0ac6c446d7f24f15bce0e4851b83f56d - - default default] 10.0.0.176 "PUT /v2.0/networks/c342e5c3-50d7-4cf5-be77-e897d7fd402a/tags HTTP/1.1" status: 200 len: 218 time: 0.0687990
2026-06-23 23:26:40.856 9 INFO neutron.wsgi [None req-980524bb-ea7e-4899-badf-44c7338605a4 e703ac52313541f786af4c9b1c8c7367 0ac6c446d7f24f15bce0e4851b83f56d - - default default] 10.0.0.176 "GET /v2.0/networks/c342e5c3-50d7-4cf5-be77-e897d7fd402a/tags HTTP/1.1" status: 200 len: 218 time: 0.0497131
2026-06-23 23:26:40.918 9 INFO neutron.wsgi [None req-25c99492-65dd-41cf-be52-0681c0301961 e703ac52313541f786af4c9b1c8c7367 0ac6c446d7f24f15bce0e4851b83f56d - - default default] 10.0.0.176 "PUT /v2.0/networks/d199a4c6-4ca2-4fb7-9f50-d4bcac41a2a4/tags HTTP/1.1" status: 200 len: 210 time: 0.0557613
2026-06-23 23:26:40.938 9 INFO neutron.db.ovn_revision_numbers_db [None req-9d60ccb3-49b6-4b41-9e11-56451f4e2648 1477ac492b0544e99e2e013b6b7780cb 8d4c21d156e844e7a9055f2c831dbb9a - - default default] Successfully bumped revision number for resource 1b80f613-b9d2-4082-adb8-3142190e94d1 (type: ports) to 1
2026-06-23 23:26:40.981 9 INFO neutron.wsgi [None req-b4d9b738-5c47-40ca-ad7a-ef34a99ade0c e703ac52313541f786af4c9b1c8c7367 0ac6c446d7f24f15bce0e4851b83f56d - - default default] 10.0.0.176 "GET /v2.0/networks/d199a4c6-4ca2-4fb7-9f50-d4bcac41a2a4/tags HTTP/1.1" status: 200 len: 210 time: 0.0567522
2026-06-23 23:26:41.059 9 INFO neutron.wsgi [None req-b7f63978-a3ff-4ec3-a086-e1ab6000c64b e703ac52313541f786af4c9b1c8c7367 0ac6c446d7f24f15bce0e4851b83f56d - - default default] 10.0.0.176 "PUT /v2.0/networks/d199a4c6-4ca2-4fb7-9f50-d4bcac41a2a4/tags HTTP/1.1" status: 200 len: 205 time: 0.0734618
2026-06-23 23:26:41.072 9 WARNING neutron.scheduler.dhcp_agent_scheduler [None req-9d60ccb3-49b6-4b41-9e11-56451f4e2648 1477ac492b0544e99e2e013b6b7780cb 8d4c21d156e844e7a9055f2c831dbb9a - - default default] No more DHCP agents
2026-06-23 23:26:41.074 9 WARNING neutron.api.rpc.agentnotifiers.dhcp_rpc_agent_api [None req-9d60ccb3-49b6-4b41-9e11-56451f4e2648 1477ac492b0544e99e2e013b6b7780cb 8d4c21d156e844e7a9055f2c831dbb9a - - default default] Unable to schedule network 24bd7a2f-7a2c-48fd-89bf-1825e242b022: no agents available; will retry on subsequent port and subnet creation events.
2026-06-23 23:26:41.140 10 INFO neutron.wsgi [None req-164df494-207f-4bcc-9524-aea7447868e4 e703ac52313541f786af4c9b1c8c7367 0ac6c446d7f24f15bce0e4851b83f56d - - default default] 10.0.0.176 "GET /v2.0/networks/d199a4c6-4ca2-4fb7-9f50-d4bcac41a2a4/tags HTTP/1.1" status: 200 len: 205 time: 0.0727048
2026-06-23 23:26:41.252 10 INFO neutron.plugins.ml2.drivers.ovn.mech_driver.mech_driver [None req-2bf6d314-f408-4a0e-82b5-81f2864e4d6e - - - - - -] OVN reports status up for port: 1b80f613-b9d2-4082-adb8-3142190e94d1
2026-06-23 23:26:41.264 10 INFO neutron.plugins.ml2.plugin [None req-2bf6d314-f408-4a0e-82b5-81f2864e4d6e - - - - - -] Attempt 1 to provision port 1b80f613-b9d2-4082-adb8-3142190e94d1
2026-06-23 23:26:41.274 10 INFO neutron.db.ovn_revision_numbers_db [None req-b37ae959-e8cf-4ba5-a2d9-acc9c4730644 - - - - - -] Successfully bumped revision number for resource 011d3901-f99d-481b-ae7a-eccf9aed6943 (type: router_ports) to 4
2026-06-23 23:26:41.315 10 WARNING neutron.scheduler.dhcp_agent_scheduler [None req-06a8168e-cbc0-4026-bb8b-28f5b2942e44 81f75ddd0145418c91797058985712b5 5f7efaedf7214d7fa3eabec6b362bf28 - - default default] No more DHCP agents
2026-06-23 23:26:41.317 10 WARNING neutron.api.rpc.agentnotifiers.dhcp_rpc_agent_api [None req-06a8168e-cbc0-4026-bb8b-28f5b2942e44 81f75ddd0145418c91797058985712b5 5f7efaedf7214d7fa3eabec6b362bf28 - - default default] Unable to schedule network a461a515-e61e-4c06-9d68-36ee1ff9b264: no agents available; will retry on subsequent port and subnet creation events.
