2026-06-23 23:23:15.969 10 INFO neutron.wsgi [req-44708c80-e1f9-462b-aa80-9fb16c47af07 req-7db7fbb9-efd9-4245-935a-10a049a77ea5 0c496ab8e9f94ae185c9b81e17e8693b 356417a467e34fcda1291c7bf31d2326 - - default default] 10.0.0.4 "GET /v2.0/security-groups?name=tempest-securitygroup--1240335379&fields=id&tenant_id=356417a467e34fcda1291c7bf31d2326 HTTP/1.1" status: 200 len: 267 time: 0.0917690
2026-06-23 23:23:15.990 10 INFO neutron.wsgi [req-87c89a0d-695d-4bbc-917e-4a4864221d34 req-8da76b77-7c54-412a-980e-1be993f5aa1e bdd38730b00041c8a83be820a065bc77 5f8ac587b97d4c36a8d609c7451525df - - 833a5cfa7f2841d2921b45d8682549bb 833a5cfa7f2841d2921b45d8682549bb] 199.204.45.216 "GET /v2.0/networks/d05a0ebd-0223-46ef-acb4-07d1c56bd820?fields=provider%3Aphysical_network&fields=provider%3Anetwork_type HTTP/1.1" status: 200 len: 277 time: 0.1131663
2026-06-23 23:23:16.021 9 INFO neutron.db.ovn_revision_numbers_db [None req-1f9fc414-234c-45fd-9f8f-9e39d04e2d19 3b972939f26d40da8b06cad3f5cec522 42b88b88970843d08a680b7a85e6c230 - - default default] Successfully bumped revision number for resource 599c9eb2-f541-415e-8559-feee4a10955f (type: security_groups) to 1
2026-06-23 23:23:16.038 9 INFO neutron.db.ovn_revision_numbers_db [None req-1f9fc414-234c-45fd-9f8f-9e39d04e2d19 3b972939f26d40da8b06cad3f5cec522 42b88b88970843d08a680b7a85e6c230 - - default default] Successfully bumped revision number for resource 254efb3f-8e05-443b-abd4-fc3c83e908fc (type: security_group_rules) to 0
2026-06-23 23:23:16.055 9 INFO neutron.db.ovn_revision_numbers_db [None req-1f9fc414-234c-45fd-9f8f-9e39d04e2d19 3b972939f26d40da8b06cad3f5cec522 42b88b88970843d08a680b7a85e6c230 - - default default] Successfully bumped revision number for resource 90f8516e-76a2-40ff-acd8-93e84e923090 (type: security_group_rules) to 0
2026-06-23 23:23:16.073 9 INFO neutron.db.ovn_revision_numbers_db [None req-1f9fc414-234c-45fd-9f8f-9e39d04e2d19 3b972939f26d40da8b06cad3f5cec522 42b88b88970843d08a680b7a85e6c230 - - default default] Successfully bumped revision number for resource aec18296-98c8-4448-9b20-64618a60ae59 (type: security_group_rules) to 0
2026-06-23 23:23:16.090 9 INFO neutron.db.ovn_revision_numbers_db [None req-1f9fc414-234c-45fd-9f8f-9e39d04e2d19 3b972939f26d40da8b06cad3f5cec522 42b88b88970843d08a680b7a85e6c230 - - default default] Successfully bumped revision number for resource c98ac2f7-b5f1-42b5-baa2-332d1bcac9ee (type: security_group_rules) to 0
2026-06-23 23:23:16.093 10 INFO neutron.wsgi [req-44708c80-e1f9-462b-aa80-9fb16c47af07 req-06fb28b2-5197-4c28-9681-75e51e1d50fb 0c496ab8e9f94ae185c9b81e17e8693b 356417a467e34fcda1291c7bf31d2326 - - default default] 10.0.0.4 "GET /v2.0/networks?id=78c32b03-0351-4a94-8171-152de63af8a8 HTTP/1.1" status: 200 len: 882 time: 0.1146710
2026-06-23 23:23:16.105 10 INFO neutron.wsgi [req-d32070c0-0f04-4da2-825c-931504266eec req-0e8c182d-e299-443a-a827-58db7bf4f24b bdd38730b00041c8a83be820a065bc77 5f8ac587b97d4c36a8d609c7451525df - - 833a5cfa7f2841d2921b45d8682549bb 833a5cfa7f2841d2921b45d8682549bb] 199.204.45.216 "GET /v2.0/ports?tenant_id=28dd7563d4a549a6bdbd4e249978c1d8&device_id=81ae2f68-64f9-4efa-a842-ff13ce3685a6 HTTP/1.1" status: 200 len: 1411 time: 0.0561509
2026-06-23 23:23:16.124 10 INFO neutron.wsgi [req-44708c80-e1f9-462b-aa80-9fb16c47af07 req-ec1888ce-edbe-415a-86b6-1dd8dc5761df 0c496ab8e9f94ae185c9b81e17e8693b 356417a467e34fcda1291c7bf31d2326 - - default default] 10.0.0.4 "GET /v2.0/quotas/356417a467e34fcda1291c7bf31d2326 HTTP/1.1" status: 200 len: 386 time: 0.0243416
2026-06-23 23:23:16.151 9 INFO neutron.db.segments_db [None req-1f9fc414-234c-45fd-9f8f-9e39d04e2d19 3b972939f26d40da8b06cad3f5cec522 42b88b88970843d08a680b7a85e6c230 - - default default] Added segment 81db21f8-467c-48c7-889e-c9957cfe535e of type geneve for network b4885b42-122c-47c7-82e0-5329b5f7ad22
2026-06-23 23:23:16.239 10 INFO neutron.plugins.ml2.drivers.ovn.mech_driver.mech_driver [None req-2bf6d314-f408-4a0e-82b5-81f2864e4d6e - - - - - -] OVN reports status up for port: a8b37134-d450-4116-adc8-23eb7f002a7e
2026-06-23 23:23:16.244 10 INFO neutron.wsgi [req-d32070c0-0f04-4da2-825c-931504266eec req-73c77b82-0932-4853-bfe7-e7e4f34e9626 bdd38730b00041c8a83be820a065bc77 5f8ac587b97d4c36a8d609c7451525df - - 833a5cfa7f2841d2921b45d8682549bb 833a5cfa7f2841d2921b45d8682549bb] 199.204.45.216 "GET /v2.0/networks?id=d05a0ebd-0223-46ef-acb4-07d1c56bd820 HTTP/1.1" status: 200 len: 968 time: 0.1328001
2026-06-23 23:23:16.321 10 INFO neutron.plugins.ml2.plugin [None req-2bf6d314-f408-4a0e-82b5-81f2864e4d6e - - - - - -] Attempt 1 to provision port a8b37134-d450-4116-adc8-23eb7f002a7e
2026-06-23 23:23:16.331 10 INFO neutron.wsgi [req-d32070c0-0f04-4da2-825c-931504266eec req-ecd03371-f273-47a8-bbf0-b4ce14009bef bdd38730b00041c8a83be820a065bc77 5f8ac587b97d4c36a8d609c7451525df - - 833a5cfa7f2841d2921b45d8682549bb 833a5cfa7f2841d2921b45d8682549bb] 199.204.45.216 "GET /v2.0/floatingips?fixed_ip_address=10.100.0.11&port_id=a8b37134-d450-4116-adc8-23eb7f002a7e HTTP/1.1" status: 200 len: 217 time: 0.0734549
2026-06-23 23:23:16.348 9 INFO neutron.db.ovn_revision_numbers_db [None req-1f9fc414-234c-45fd-9f8f-9e39d04e2d19 3b972939f26d40da8b06cad3f5cec522 42b88b88970843d08a680b7a85e6c230 - - default default] Successfully bumped revision number for resource b4885b42-122c-47c7-82e0-5329b5f7ad22 (type: networks) to 1
2026-06-23 23:23:16.400 10 INFO neutron.wsgi [req-44708c80-e1f9-462b-aa80-9fb16c47af07 req-562ed2d3-cd68-42a5-816a-bde57688e380 0c496ab8e9f94ae185c9b81e17e8693b 356417a467e34fcda1291c7bf31d2326 - - default default] 10.0.0.4 "GET /v2.0/ports?tenant_id=356417a467e34fcda1291c7bf31d2326&fields=id HTTP/1.1" status: 200 len: 302 time: 0.2648168
2026-06-23 23:23:16.406 10 INFO neutron.wsgi [req-d32070c0-0f04-4da2-825c-931504266eec req-deec00a5-0da2-4d3c-8a57-556fa4584338 bdd38730b00041c8a83be820a065bc77 5f8ac587b97d4c36a8d609c7451525df - - 833a5cfa7f2841d2921b45d8682549bb 833a5cfa7f2841d2921b45d8682549bb] 199.204.45.216 "GET /v2.0/subnets?id=346c1e10-9bca-415d-8b2a-45593935dc9b HTTP/1.1" status: 200 len: 863 time: 0.0616121
2026-06-23 23:23:16.450 10 INFO neutron.wsgi [req-d32070c0-0f04-4da2-825c-931504266eec req-0138d2d2-2579-4c8d-911a-5604edcf8e1c bdd38730b00041c8a83be820a065bc77 5f8ac587b97d4c36a8d609c7451525df - - 833a5cfa7f2841d2921b45d8682549bb 833a5cfa7f2841d2921b45d8682549bb] 199.204.45.216 "GET /v2.0/ports?network_id=d05a0ebd-0223-46ef-acb4-07d1c56bd820&device_owner=network%3Adhcp HTTP/1.1" status: 200 len: 210 time: 0.0349579
2026-06-23 23:23:16.526 10 INFO neutron.wsgi [req-d32070c0-0f04-4da2-825c-931504266eec req-df089188-10b0-41ad-865b-6549480587f1 bdd38730b00041c8a83be820a065bc77 5f8ac587b97d4c36a8d609c7451525df - - 833a5cfa7f2841d2921b45d8682549bb 833a5cfa7f2841d2921b45d8682549bb] 199.204.45.216 "GET /v2.0/networks/d05a0ebd-0223-46ef-acb4-07d1c56bd820?fields=segments HTTP/1.1" status: 200 len: 212 time: 0.0678091
2026-06-23 23:23:16.576 9 WARNING neutron.scheduler.dhcp_agent_scheduler [None req-1f9fc414-234c-45fd-9f8f-9e39d04e2d19 3b972939f26d40da8b06cad3f5cec522 42b88b88970843d08a680b7a85e6c230 - - default default] No more DHCP agents
2026-06-23 23:23:16.577 9 WARNING neutron.api.rpc.agentnotifiers.dhcp_rpc_agent_api [None req-1f9fc414-234c-45fd-9f8f-9e39d04e2d19 3b972939f26d40da8b06cad3f5cec522 42b88b88970843d08a680b7a85e6c230 - - default default] Unable to schedule network b4885b42-122c-47c7-82e0-5329b5f7ad22: no agents available; will retry on subsequent port and subnet creation events.
2026-06-23 23:23:16.642 9 INFO neutron.wsgi [req-55c3a84b-7589-4756-b9a4-25d28740a882 req-21e77a26-198c-4f27-abdd-8910b42eac7f 0daca9de04a14293a4480db451761cad 28dd7563d4a549a6bdbd4e249978c1d8 - - default default] 10.0.0.4 "GET /v2.0/ports?device_id=81ae2f68-64f9-4efa-a842-ff13ce3685a6 HTTP/1.1" status: 200 len: 1174 time: 0.0616293
2026-06-23 23:23:16.700 9 INFO neutron.wsgi [req-55c3a84b-7589-4756-b9a4-25d28740a882 req-98ee8103-72f9-4eb6-88f5-3c8fe176d001 0daca9de04a14293a4480db451761cad 28dd7563d4a549a6bdbd4e249978c1d8 - - default default] 10.0.0.4 "GET /v2.0/security-groups?id=0716d04c-9c76-4d12-9815-29da24eb9287&fields=id&fields=name HTTP/1.1" status: 200 len: 313 time: 0.0458925
2026-06-23 23:23:16.738 9 INFO neutron.db.ovn_revision_numbers_db [None req-1f9fc414-234c-45fd-9f8f-9e39d04e2d19 3b972939f26d40da8b06cad3f5cec522 42b88b88970843d08a680b7a85e6c230 - - default default] Successfully bumped revision number for resource 8d60989c-8bd4-4bfb-805d-b266a964e26a (type: ports) to 1
2026-06-23 23:23:16.763 9 INFO neutron.wsgi [None req-1f9fc414-234c-45fd-9f8f-9e39d04e2d19 3b972939f26d40da8b06cad3f5cec522 42b88b88970843d08a680b7a85e6c230 - - default default] 10.0.0.176 "POST /v2.0/networks HTTP/1.1" status: 201 len: 843 time: 1.1003890
2026-06-23 23:23:16.875 10 INFO neutron.wsgi [req-d32070c0-0f04-4da2-825c-931504266eec req-c6640812-dc7c-4822-8066-9725f4837afb bdd38730b00041c8a83be820a065bc77 5f8ac587b97d4c36a8d609c7451525df - - 833a5cfa7f2841d2921b45d8682549bb 833a5cfa7f2841d2921b45d8682549bb] 199.204.45.216 "GET /v2.0/networks/d05a0ebd-0223-46ef-acb4-07d1c56bd820?fields=provider%3Aphysical_network&fields=provider%3Anetwork_type HTTP/1.1" status: 200 len: 277 time: 0.3415916
2026-06-23 23:23:16.901 10 INFO neutron.wsgi [req-44708c80-e1f9-462b-aa80-9fb16c47af07 req-dd0b0c73-8d51-403c-81d7-3f09881eafc0 bdd38730b00041c8a83be820a065bc77 5f8ac587b97d4c36a8d609c7451525df - - 833a5cfa7f2841d2921b45d8682549bb 833a5cfa7f2841d2921b45d8682549bb] 10.0.0.4 "GET /v2.0/extensions HTTP/1.1" status: 200 len: 16525 time: 0.0665944
2026-06-23 23:23:16.974 10 INFO neutron.wsgi [req-44708c80-e1f9-462b-aa80-9fb16c47af07 req-37d7913d-0441-42f1-a00b-601e4d08a6a9 bdd38730b00041c8a83be820a065bc77 5f8ac587b97d4c36a8d609c7451525df - - 833a5cfa7f2841d2921b45d8682549bb 833a5cfa7f2841d2921b45d8682549bb] 10.0.0.4 "GET /v2.0/networks/78c32b03-0351-4a94-8171-152de63af8a8?fields=segments HTTP/1.1" status: 200 len: 212 time: 0.0673616
2026-06-23 23:23:17.050 9 WARNING neutron.scheduler.dhcp_agent_scheduler [None req-db7721ee-82af-4be2-8f9f-b454be300bd4 3b972939f26d40da8b06cad3f5cec522 42b88b88970843d08a680b7a85e6c230 - - default default] No more DHCP agents
2026-06-23 23:23:17.052 9 WARNING neutron.api.rpc.agentnotifiers.dhcp_rpc_agent_api [None req-db7721ee-82af-4be2-8f9f-b454be300bd4 3b972939f26d40da8b06cad3f5cec522 42b88b88970843d08a680b7a85e6c230 - - default default] Unable to schedule network b4885b42-122c-47c7-82e0-5329b5f7ad22: no agents available; will retry on subsequent port and subnet creation events.
2026-06-23 23:23:17.067 10 INFO neutron.wsgi [req-44708c80-e1f9-462b-aa80-9fb16c47af07 req-9e98460e-ec16-455e-bf9c-ba0d34ba153f bdd38730b00041c8a83be820a065bc77 5f8ac587b97d4c36a8d609c7451525df - - 833a5cfa7f2841d2921b45d8682549bb 833a5cfa7f2841d2921b45d8682549bb] 10.0.0.4 "GET /v2.0/networks/78c32b03-0351-4a94-8171-152de63af8a8?fields=provider%3Aphysical_network&fields=provider%3Anetwork_type HTTP/1.1" status: 200 len: 277 time: 0.0839286
2026-06-23 23:23:17.068 10 INFO neutron.db.ovn_revision_numbers_db [None req-2bf6d314-f408-4a0e-82b5-81f2864e4d6e - - - - - -] Successfully bumped revision number for resource a8b37134-d450-4116-adc8-23eb7f002a7e (type: ports) to 4
2026-06-23 23:23:17.252 9 INFO neutron.wsgi [req-fd725892-573d-40dc-a8af-b3e26a6c0394 req-b4b41503-8cc8-4c41-b517-44cf03c5447a 0c496ab8e9f94ae185c9b81e17e8693b 356417a467e34fcda1291c7bf31d2326 - - default default] 10.0.0.4 "GET /v2.0/ports?device_id=1ee8848a-6e09-404f-891d-7f4b14027df0 HTTP/1.1" status: 200 len: 210 time: 0.0245814
2026-06-23 23:23:17.640 9 INFO neutron.db.ovn_revision_numbers_db [None req-db7721ee-82af-4be2-8f9f-b454be300bd4 3b972939f26d40da8b06cad3f5cec522 42b88b88970843d08a680b7a85e6c230 - - default default] Successfully bumped revision number for resource 8d60989c-8bd4-4bfb-805d-b266a964e26a (type: ports) to 2 /var/lib/openstack/lib/python3.10/site-packages/pycadf/identifier.py:71: UserWarning: Invalid uuid: neutron. To ensure interoperability, identifiers should be a valid uuid. warnings.warn(('Invalid uuid: %s. To ensure interoperability, '
2026-06-23 23:23:17.680 9 INFO neutron.db.ovn_revision_numbers_db [None req-db7721ee-82af-4be2-8f9f-b454be300bd4 3b972939f26d40da8b06cad3f5cec522 42b88b88970843d08a680b7a85e6c230 - - default default] Successfully bumped revision number for resource f50d3b35-4c18-456a-ab8e-6f8614028264 (type: subnets) to 0
2026-06-23 23:23:17.686 10 INFO neutron.notifiers.nova [-] Nova event matching ['req-36d1b9d2-9811-44bc-bf3a-9c5757d370fa'] response: {'server_uuid': '81ae2f68-64f9-4efa-a842-ff13ce3685a6', 'name': 'network-vif-plugged', 'status': 'completed', 'tag': 'a8b37134-d450-4116-adc8-23eb7f002a7e', 'code': 200}
2026-06-23 23:23:17.686 10 INFO neutron.notifiers.nova [-] Nova event matching ['req-36d1b9d2-9811-44bc-bf3a-9c5757d370fa'] response: {'server_uuid': '81ae2f68-64f9-4efa-a842-ff13ce3685a6', 'name': 'network-vif-plugged', 'status': 'completed', 'tag': 'a8b37134-d450-4116-adc8-23eb7f002a7e', 'code': 200}
2026-06-23 23:23:17.704 9 INFO neutron.wsgi [None req-db7721ee-82af-4be2-8f9f-b454be300bd4 3b972939f26d40da8b06cad3f5cec522 42b88b88970843d08a680b7a85e6c230 - - default default] 10.0.0.176 "POST /v2.0/subnets HTTP/1.1" status: 201 len: 816 time: 0.8796022
2026-06-23 23:23:17.713 10 INFO neutron.wsgi [req-fa6c0b03-491e-48b2-a4e1-089abd2a3d73 req-78f33768-84be-4052-b624-6807fb3b71ae bdd38730b00041c8a83be820a065bc77 5f8ac587b97d4c36a8d609c7451525df - - 833a5cfa7f2841d2921b45d8682549bb 833a5cfa7f2841d2921b45d8682549bb] 10.0.0.149 "GET /v2.0/ports?device_id=bc906590-5b9d-45ba-8424-c56565ca34ef HTTP/1.1" status: 200 len: 1409 time: 0.1621363
2026-06-23 23:23:17.809 10 INFO neutron.wsgi [req-fa6c0b03-491e-48b2-a4e1-089abd2a3d73 req-6960e66c-0585-4f4f-8975-788a68972508 bdd38730b00041c8a83be820a065bc77 5f8ac587b97d4c36a8d609c7451525df - - 833a5cfa7f2841d2921b45d8682549bb 833a5cfa7f2841d2921b45d8682549bb] 10.0.0.149 "GET /v2.0/security-groups?id=d4ff23a3-cfce-4568-ba4f-744ae1af587b&fields=id&fields=name HTTP/1.1" status: 200 len: 312 time: 0.0825715
2026-06-23 23:23:17.819 9 INFO neutron.db.segments_db [None req-f7b1f893-a562-4305-853b-f9f7a66ee793 3b972939f26d40da8b06cad3f5cec522 42b88b88970843d08a680b7a85e6c230 - - default default] Added segment 02bbe0d0-0939-419a-8219-400e6844ada6 of type geneve for network 9ef5236b-ee00-4605-ba27-d119d08ffa7f
2026-06-23 23:23:17.860 10 INFO neutron.wsgi [req-64e2ece1-717c-4cd4-87c2-1269736487b9 req-78e02903-ca2e-4a97-9b79-8402f31916ed 0daca9de04a14293a4480db451761cad 28dd7563d4a549a6bdbd4e249978c1d8 - - default default] 10.0.0.4 "GET /v2.0/ports?device_id=81ae2f68-64f9-4efa-a842-ff13ce3685a6 HTTP/1.1" status: 200 len: 1174 time: 0.0678277
2026-06-23 23:23:17.928 10 INFO neutron.wsgi [req-64e2ece1-717c-4cd4-87c2-1269736487b9 req-702f0ebd-a3ff-435b-baee-239e37f140eb 0daca9de04a14293a4480db451761cad 28dd7563d4a549a6bdbd4e249978c1d8 - - default default] 10.0.0.4 "GET /v2.0/security-groups?id=0716d04c-9c76-4d12-9815-29da24eb9287&fields=id&fields=name HTTP/1.1" status: 200 len: 313 time: 0.0585160
2026-06-23 23:23:17.966 9 INFO neutron.db.ovn_revision_numbers_db [None req-f7b1f893-a562-4305-853b-f9f7a66ee793 3b972939f26d40da8b06cad3f5cec522 42b88b88970843d08a680b7a85e6c230 - - default default] Successfully bumped revision number for resource 9ef5236b-ee00-4605-ba27-d119d08ffa7f (type: networks) to 1
2026-06-23 23:23:18.229 10 INFO neutron.wsgi [req-44708c80-e1f9-462b-aa80-9fb16c47af07 req-8b824d19-4ca3-4bc1-ad7a-47d670b7a395 0c496ab8e9f94ae185c9b81e17e8693b 356417a467e34fcda1291c7bf31d2326 - - default default] 199.204.45.216 "GET /v2.0/networks?id=78c32b03-0351-4a94-8171-152de63af8a8 HTTP/1.1" status: 200 len: 882 time: 0.1244152
2026-06-23 23:23:18.278 10 INFO neutron.wsgi [req-44708c80-e1f9-462b-aa80-9fb16c47af07 req-12946cc4-a0ec-4aaa-a71c-bbb924a653d9 0c496ab8e9f94ae185c9b81e17e8693b 356417a467e34fcda1291c7bf31d2326 - - default default] 199.204.45.216 "GET /v2.0/security-groups?fields=id&fields=name&tenant_id=356417a467e34fcda1291c7bf31d2326 HTTP/1.1" status: 200 len: 380 time: 0.0427077
2026-06-23 23:23:18.614 10 WARNING neutron.scheduler.dhcp_agent_scheduler [req-44708c80-e1f9-462b-aa80-9fb16c47af07 req-89883aea-8b8d-42c6-9e2d-63debfa44dfa 0c496ab8e9f94ae185c9b81e17e8693b 356417a467e34fcda1291c7bf31d2326 - - default default] No more DHCP agents
2026-06-23 23:23:18.618 10 WARNING neutron.api.rpc.agentnotifiers.dhcp_rpc_agent_api [req-44708c80-e1f9-462b-aa80-9fb16c47af07 req-89883aea-8b8d-42c6-9e2d-63debfa44dfa 0c496ab8e9f94ae185c9b81e17e8693b 356417a467e34fcda1291c7bf31d2326 - - default default] Unable to schedule network 78c32b03-0351-4a94-8171-152de63af8a8: no agents available; will retry on subsequent port and subnet creation events.
2026-06-23 23:23:18.621 9 WARNING neutron.scheduler.dhcp_agent_scheduler [None req-f7b1f893-a562-4305-853b-f9f7a66ee793 3b972939f26d40da8b06cad3f5cec522 42b88b88970843d08a680b7a85e6c230 - - default default] No more DHCP agents
2026-06-23 23:23:18.625 9 WARNING neutron.api.rpc.agentnotifiers.dhcp_rpc_agent_api [None req-f7b1f893-a562-4305-853b-f9f7a66ee793 3b972939f26d40da8b06cad3f5cec522 42b88b88970843d08a680b7a85e6c230 - - default default] Unable to schedule network 9ef5236b-ee00-4605-ba27-d119d08ffa7f: no agents available; will retry on subsequent port and subnet creation events.
2026-06-23 23:23:18.652 9 WARNING neutron.plugins.ml2.drivers.ovn.mech_driver.ovsdb.ovn_client [None req-16a56bf0-cf1a-45d0-b006-424b886b744b - - - - - -] No hosting information found for port ee0ebda9-4a45-4349-b308-e396e2f8bc17: RuntimeError: No hosting information found for port ee0ebda9-4a45-4349-b308-e396e2f8bc17
2026-06-23 23:23:18.725 9 INFO neutron.wsgi [req-6af5d763-2dcc-4d87-a79e-1ecc35b85342 req-ef6fb20d-6896-475a-8e7b-b3d383c2165c 0c496ab8e9f94ae185c9b81e17e8693b 356417a467e34fcda1291c7bf31d2326 - - default default] 10.0.0.4 "GET /v2.0/ports?device_id=1ee8848a-6e09-404f-891d-7f4b14027df0 HTTP/1.1" status: 200 len: 1156 time: 0.1219623
2026-06-23 23:23:18.738 9 INFO neutron.db.ovn_revision_numbers_db [None req-f7b1f893-a562-4305-853b-f9f7a66ee793 3b972939f26d40da8b06cad3f5cec522 42b88b88970843d08a680b7a85e6c230 - - default default] Successfully bumped revision number for resource 82284f39-3299-4983-9473-6684946ad8e7 (type: ports) to 1
2026-06-23 23:23:18.775 9 INFO neutron.wsgi [None req-f7b1f893-a562-4305-853b-f9f7a66ee793 3b972939f26d40da8b06cad3f5cec522 42b88b88970843d08a680b7a85e6c230 - - default default] 10.0.0.176 "POST /v2.0/networks HTTP/1.1" status: 201 len: 841 time: 1.0648327
2026-06-23 23:23:18.778 9 INFO neutron.wsgi [req-6af5d763-2dcc-4d87-a79e-1ecc35b85342 req-68894ccf-5ece-4919-9cea-d392af85c80c 0c496ab8e9f94ae185c9b81e17e8693b 356417a467e34fcda1291c7bf31d2326 - - default default] 10.0.0.4 "GET /v2.0/security-groups?id=c99b0ebf-cf45-4a23-961d-a4146e19da92&fields=id&fields=name HTTP/1.1" status: 200 len: 313 time: 0.0458267 /var/lib/openstack/lib/python3.10/site-packages/pycadf/identifier.py:71: UserWarning: Invalid uuid: neutron. To ensure interoperability, identifiers should be a valid uuid. warnings.warn(('Invalid uuid: %s. To ensure interoperability, '
2026-06-23 23:23:18.905 10 INFO neutron.db.ovn_revision_numbers_db [req-44708c80-e1f9-462b-aa80-9fb16c47af07 req-89883aea-8b8d-42c6-9e2d-63debfa44dfa 0c496ab8e9f94ae185c9b81e17e8693b 356417a467e34fcda1291c7bf31d2326 - - default default] Successfully bumped revision number for resource 582a0051-9ef1-4cce-b36e-eb316bebea3c (type: ports) to 1
2026-06-23 23:23:18.938 10 INFO neutron.wsgi [req-44708c80-e1f9-462b-aa80-9fb16c47af07 req-89883aea-8b8d-42c6-9e2d-63debfa44dfa 0c496ab8e9f94ae185c9b81e17e8693b 356417a467e34fcda1291c7bf31d2326 - - default default] 199.204.45.216 "POST /v2.0/ports HTTP/1.1" status: 201 len: 1158 time: 0.6566498
2026-06-23 23:23:19.083 10 INFO neutron.wsgi [req-ce11afc6-e518-4056-a3aa-312afcf7b61f req-42e71e1f-06c1-4630-a4b6-b409b7a4c996 0daca9de04a14293a4480db451761cad 28dd7563d4a549a6bdbd4e249978c1d8 - - default default] 10.0.0.4 "GET /v2.0/ports?device_id=81ae2f68-64f9-4efa-a842-ff13ce3685a6 HTTP/1.1" status: 200 len: 1174 time: 0.0652239
2026-06-23 23:23:19.086 10 INFO neutron.db.ovn_revision_numbers_db [None req-e6f5fc35-78b2-44f0-a02a-53646f9a2610 3b972939f26d40da8b06cad3f5cec522 42b88b88970843d08a680b7a85e6c230 - - default default] Successfully bumped revision number for resource 9ef5236b-ee00-4605-ba27-d119d08ffa7f (type: networks) to 2
2026-06-23 23:23:19.089 10 INFO neutron.wsgi [None req-e6f5fc35-78b2-44f0-a02a-53646f9a2610 3b972939f26d40da8b06cad3f5cec522 42b88b88970843d08a680b7a85e6c230 - - default default] 10.0.0.176 "PUT /v2.0/networks/9ef5236b-ee00-4605-ba27-d119d08ffa7f HTTP/1.1" status: 200 len: 792 time: 0.3046215
2026-06-23 23:23:19.159 10 INFO neutron.wsgi [req-ce11afc6-e518-4056-a3aa-312afcf7b61f req-a0679acf-05f3-42f7-9038-64b89a1df7bb 0daca9de04a14293a4480db451761cad 28dd7563d4a549a6bdbd4e249978c1d8 - - default default] 10.0.0.4 "GET /v2.0/security-groups?id=0716d04c-9c76-4d12-9815-29da24eb9287&fields=id&fields=name HTTP/1.1" status: 200 len: 313 time: 0.0624158
2026-06-23 23:23:19.360 9 INFO neutron.wsgi [req-c390c967-a722-4507-803b-31d3b096b7b6 req-b4caf777-e107-4662-892a-ff8f90a392a1 0daca9de04a14293a4480db451761cad 28dd7563d4a549a6bdbd4e249978c1d8 - - default default] 10.0.0.4 "GET /v2.0/ports?device_id=81ae2f68-64f9-4efa-a842-ff13ce3685a6 HTTP/1.1" status: 200 len: 1174 time: 0.1349628 /var/lib/openstack/lib/python3.10/site-packages/pycadf/identifier.py:71: UserWarning: Invalid uuid: neutron. To ensure interoperability, identifiers should be a valid uuid. warnings.warn(('Invalid uuid: %s. To ensure interoperability, '
2026-06-23 23:23:19.437 9 WARNING neutron.scheduler.dhcp_agent_scheduler [None req-1ce2070d-48a3-4054-ab5c-a5c586194915 3b972939f26d40da8b06cad3f5cec522 42b88b88970843d08a680b7a85e6c230 - - default default] No more DHCP agents
2026-06-23 23:23:19.439 9 WARNING neutron.api.rpc.agentnotifiers.dhcp_rpc_agent_api [None req-1ce2070d-48a3-4054-ab5c-a5c586194915 3b972939f26d40da8b06cad3f5cec522 42b88b88970843d08a680b7a85e6c230 - - default default] Unable to schedule network 9ef5236b-ee00-4605-ba27-d119d08ffa7f: no agents available; will retry on subsequent port and subnet creation events.
2026-06-23 23:23:19.583 10 INFO neutron.db.ovn_revision_numbers_db [req-44708c80-e1f9-462b-aa80-9fb16c47af07 req-d1b29838-6469-4423-b0b2-dc18a72efcc8 bdd38730b00041c8a83be820a065bc77 5f8ac587b97d4c36a8d609c7451525df - - 833a5cfa7f2841d2921b45d8682549bb 833a5cfa7f2841d2921b45d8682549bb] Successfully bumped revision number for resource 582a0051-9ef1-4cce-b36e-eb316bebea3c (type: ports) to 2
2026-06-23 23:23:19.936 10 INFO neutron.wsgi [req-d5ffd220-fbe0-4188-baac-025d231d5f80 req-8f12e2ef-e124-484f-8f26-5d499a1ac099 0c496ab8e9f94ae185c9b81e17e8693b 356417a467e34fcda1291c7bf31d2326 - - default default] 10.0.0.4 "GET /v2.0/ports?device_id=1ee8848a-6e09-404f-891d-7f4b14027df0 HTTP/1.1" status: 200 len: 1168 time: 0.0795929
2026-06-23 23:23:19.975 9 INFO neutron.db.ovn_revision_numbers_db [None req-1ce2070d-48a3-4054-ab5c-a5c586194915 3b972939f26d40da8b06cad3f5cec522 42b88b88970843d08a680b7a85e6c230 - - default default] Successfully bumped revision number for resource 82284f39-3299-4983-9473-6684946ad8e7 (type: ports) to 2
2026-06-23 23:23:20.022 10 INFO neutron.wsgi [req-d5ffd220-fbe0-4188-baac-025d231d5f80 req-58f5af28-f92d-4bb3-8ab3-a7fbd96ee829 0c496ab8e9f94ae185c9b81e17e8693b 356417a467e34fcda1291c7bf31d2326 - - default default] 10.0.0.4 "GET /v2.0/security-groups?id=c99b0ebf-cf45-4a23-961d-a4146e19da92&fields=id&fields=name HTTP/1.1" status: 200 len: 313 time: 0.0744238
2026-06-23 23:23:20.022 9 INFO neutron.db.ovn_revision_numbers_db [None req-1ce2070d-48a3-4054-ab5c-a5c586194915 3b972939f26d40da8b06cad3f5cec522 42b88b88970843d08a680b7a85e6c230 - - default default] Successfully bumped revision number for resource 277a87d9-67c9-4ea5-a0f7-4b2cf23572e5 (type: subnets) to 0
2026-06-23 23:23:20.026 10 INFO neutron.db.l3_db [None req-0117f2ee-c8f3-46b5-a937-78f2f7272e49 0daca9de04a14293a4480db451761cad 28dd7563d4a549a6bdbd4e249978c1d8 - - default default] Floating IP d6602990-6233-4bd6-8f56-7b73efd973c8 associated. External IP: 10.96.250.217, port: a8b37134-d450-4116-adc8-23eb7f002a7e.
2026-06-23 23:23:20.044 9 INFO neutron.wsgi [None req-1ce2070d-48a3-4054-ab5c-a5c586194915 3b972939f26d40da8b06cad3f5cec522 42b88b88970843d08a680b7a85e6c230 - - default default] 10.0.0.176 "POST /v2.0/subnets HTTP/1.1" status: 201 len: 801 time: 0.9466846
2026-06-23 23:23:20.277 10 INFO neutron.db.ovn_revision_numbers_db [req-44708c80-e1f9-462b-aa80-9fb16c47af07 req-d1b29838-6469-4423-b0b2-dc18a72efcc8 bdd38730b00041c8a83be820a065bc77 5f8ac587b97d4c36a8d609c7451525df - - 833a5cfa7f2841d2921b45d8682549bb 833a5cfa7f2841d2921b45d8682549bb] Successfully bumped revision number for resource 582a0051-9ef1-4cce-b36e-eb316bebea3c (type: ports) to 2
2026-06-23 23:23:20.353 10 INFO neutron.wsgi [req-44708c80-e1f9-462b-aa80-9fb16c47af07 req-d1b29838-6469-4423-b0b2-dc18a72efcc8 bdd38730b00041c8a83be820a065bc77 5f8ac587b97d4c36a8d609c7451525df - - 833a5cfa7f2841d2921b45d8682549bb 833a5cfa7f2841d2921b45d8682549bb] 199.204.45.216 "PUT /v2.0/ports/582a0051-9ef1-4cce-b36e-eb316bebea3c HTTP/1.1" status: 200 len: 1376 time: 1.4056358
2026-06-23 23:23:20.373 10 INFO neutron.db.ovn_revision_numbers_db [None req-0117f2ee-c8f3-46b5-a937-78f2f7272e49 0daca9de04a14293a4480db451761cad 28dd7563d4a549a6bdbd4e249978c1d8 - - default default] Successfully bumped revision number for resource d6602990-6233-4bd6-8f56-7b73efd973c8 (type: floatingips) to 1
2026-06-23 23:23:20.394 10 INFO neutron.notifiers.nova [-] Nova event matching ['req-5ec0bfc0-b33d-4589-9dd1-ed2fcfc0dd35'] response: {'name': 'network-changed', 'server_uuid': '1ee8848a-6e09-404f-891d-7f4b14027df0', 'tag': '582a0051-9ef1-4cce-b36e-eb316bebea3c', 'status': 'completed', 'code': 200}
2026-06-23 23:23:20.396 9 INFO neutron.db.ovn_revision_numbers_db [None req-290af7ec-fcfa-495d-abea-bed4401d9b1f 3b972939f26d40da8b06cad3f5cec522 42b88b88970843d08a680b7a85e6c230 - - default default] Successfully bumped revision number for resource 277a87d9-67c9-4ea5-a0f7-4b2cf23572e5 (type: subnets) to 1
2026-06-23 23:23:20.401 9 INFO neutron.wsgi [None req-290af7ec-fcfa-495d-abea-bed4401d9b1f 3b972939f26d40da8b06cad3f5cec522 42b88b88970843d08a680b7a85e6c230 - - default default] 10.0.0.176 "PUT /v2.0/subnets/277a87d9-67c9-4ea5-a0f7-4b2cf23572e5 HTTP/1.1" status: 200 len: 806 time: 0.3509619 /var/lib/openstack/lib/python3.10/site-packages/pycadf/identifier.py:71: UserWarning: Invalid uuid: neutron. To ensure interoperability, identifiers should be a valid uuid. warnings.warn(('Invalid uuid: %s. To ensure interoperability, '
2026-06-23 23:23:20.452 10 INFO neutron.wsgi [req-44708c80-e1f9-462b-aa80-9fb16c47af07 req-a8484951-1cc9-4133-bee6-6e8089cce82c bdd38730b00041c8a83be820a065bc77 5f8ac587b97d4c36a8d609c7451525df - - 833a5cfa7f2841d2921b45d8682549bb 833a5cfa7f2841d2921b45d8682549bb] 199.204.45.216 "GET /v2.0/ports?tenant_id=356417a467e34fcda1291c7bf31d2326&device_id=1ee8848a-6e09-404f-891d-7f4b14027df0 HTTP/1.1" status: 200 len: 1407 time: 0.0535350
2026-06-23 23:23:20.496 10 INFO neutron.wsgi [req-44708c80-e1f9-462b-aa80-9fb16c47af07 req-6360d032-a843-4d7e-9e4d-b0189774fb74 bdd38730b00041c8a83be820a065bc77 5f8ac587b97d4c36a8d609c7451525df - - 833a5cfa7f2841d2921b45d8682549bb 833a5cfa7f2841d2921b45d8682549bb] 199.204.45.216 "GET /v2.0/floatingips?fixed_ip_address=10.100.0.7&port_id=582a0051-9ef1-4cce-b36e-eb316bebea3c HTTP/1.1" status: 200 len: 217 time: 0.0290186
2026-06-23 23:23:20.496 10 INFO neutron.db.ovn_revision_numbers_db [None req-0117f2ee-c8f3-46b5-a937-78f2f7272e49 0daca9de04a14293a4480db451761cad 28dd7563d4a549a6bdbd4e249978c1d8 - - default default] Successfully bumped revision number for resource d6602990-6233-4bd6-8f56-7b73efd973c8 (type: floatingips) to 2
2026-06-23 23:23:20.529 10 INFO neutron.wsgi [None req-0117f2ee-c8f3-46b5-a937-78f2f7272e49 0daca9de04a14293a4480db451761cad 28dd7563d4a549a6bdbd4e249978c1d8 - - default default] 10.0.0.176 "PUT /v2.0/floatingips/d6602990-6233-4bd6-8f56-7b73efd973c8 HTTP/1.1" status: 200 len: 1050 time: 1.1526127
2026-06-23 23:23:20.539 10 INFO neutron.wsgi [req-44708c80-e1f9-462b-aa80-9fb16c47af07 req-fa9cab57-386e-4f2e-85dc-44753d108be3 bdd38730b00041c8a83be820a065bc77 5f8ac587b97d4c36a8d609c7451525df - - 833a5cfa7f2841d2921b45d8682549bb 833a5cfa7f2841d2921b45d8682549bb] 199.204.45.216 "GET /v2.0/subnets?id=708e8f54-f434-4863-90cd-058af06200f2 HTTP/1.1" status: 200 len: 876 time: 0.0317228
2026-06-23 23:23:20.568 10 INFO neutron.wsgi [req-44708c80-e1f9-462b-aa80-9fb16c47af07 req-085cff70-7013-4fc0-9b20-45aea1b63f17 bdd38730b00041c8a83be820a065bc77 5f8ac587b97d4c36a8d609c7451525df - - 833a5cfa7f2841d2921b45d8682549bb 833a5cfa7f2841d2921b45d8682549bb] 199.204.45.216 "GET /v2.0/ports?network_id=78c32b03-0351-4a94-8171-152de63af8a8&device_owner=network%3Adhcp HTTP/1.1" status: 200 len: 210 time: 0.0193343
2026-06-23 23:23:20.685 10 INFO neutron.wsgi [req-44708c80-e1f9-462b-aa80-9fb16c47af07 req-ac8ea708-6938-4f84-bb1b-c23d078170c1 bdd38730b00041c8a83be820a065bc77 5f8ac587b97d4c36a8d609c7451525df - - 833a5cfa7f2841d2921b45d8682549bb 833a5cfa7f2841d2921b45d8682549bb] 199.204.45.216 "GET /v2.0/networks/78c32b03-0351-4a94-8171-152de63af8a8?fields=segments HTTP/1.1" status: 200 len: 212 time: 0.1066637
2026-06-23 23:23:20.704 10 INFO neutron.wsgi [req-2819e3cd-f13e-40c5-beae-921f4c69a987 req-255bd073-f210-436a-95b1-e6c0f38e9924 0daca9de04a14293a4480db451761cad 28dd7563d4a549a6bdbd4e249978c1d8 - - default default] 10.0.0.4 "GET /v2.0/ports?device_id=81ae2f68-64f9-4efa-a842-ff13ce3685a6 HTTP/1.1" status: 200 len: 1174 time: 0.1192098
2026-06-23 23:23:20.817 10 INFO neutron.wsgi [req-2819e3cd-f13e-40c5-beae-921f4c69a987 req-2a5ac2d1-6a9c-4a4b-8600-64c4eef7ebca 0daca9de04a14293a4480db451761cad 28dd7563d4a549a6bdbd4e249978c1d8 - - default default] 10.0.0.4 "GET /v2.0/security-groups?id=0716d04c-9c76-4d12-9815-29da24eb9287&fields=id&fields=name HTTP/1.1" status: 200 len: 313 time: 0.1020620
2026-06-23 23:23:20.820 10 INFO neutron.wsgi [req-44708c80-e1f9-462b-aa80-9fb16c47af07 req-1ea3e08c-acce-4627-a35d-2bbb34ec0fb2 bdd38730b00041c8a83be820a065bc77 5f8ac587b97d4c36a8d609c7451525df - - 833a5cfa7f2841d2921b45d8682549bb 833a5cfa7f2841d2921b45d8682549bb] 199.204.45.216 "GET /v2.0/networks/78c32b03-0351-4a94-8171-152de63af8a8?fields=provider%3Aphysical_network&fields=provider%3Anetwork_type HTTP/1.1" status: 200 len: 277 time: 0.1274509
2026-06-23 23:23:20.900 10 INFO neutron.wsgi [req-6d58e768-fd4e-4ced-82d9-06f9c061c7bb req-6267d27b-cec1-4a64-8741-2f959267fff1 bdd38730b00041c8a83be820a065bc77 5f8ac587b97d4c36a8d609c7451525df - - 833a5cfa7f2841d2921b45d8682549bb 833a5cfa7f2841d2921b45d8682549bb] 199.204.45.216 "GET /v2.0/ports?tenant_id=356417a467e34fcda1291c7bf31d2326&device_id=1ee8848a-6e09-404f-891d-7f4b14027df0 HTTP/1.1" status: 200 len: 1407 time: 0.0343695
2026-06-23 23:23:20.966 10 INFO neutron.wsgi [req-6d58e768-fd4e-4ced-82d9-06f9c061c7bb req-e6a683c8-762d-43aa-bd4d-146c9b631eb7 bdd38730b00041c8a83be820a065bc77 5f8ac587b97d4c36a8d609c7451525df - - 833a5cfa7f2841d2921b45d8682549bb 833a5cfa7f2841d2921b45d8682549bb] 199.204.45.216 "GET /v2.0/networks?id=78c32b03-0351-4a94-8171-152de63af8a8 HTTP/1.1" status: 200 len: 981 time: 0.0589724
2026-06-23 23:23:21.002 10 INFO neutron.wsgi [req-6d58e768-fd4e-4ced-82d9-06f9c061c7bb req-c6935cd1-4c1c-4db0-b84d-11165ad310c8 bdd38730b00041c8a83be820a065bc77 5f8ac587b97d4c36a8d609c7451525df - - 833a5cfa7f2841d2921b45d8682549bb 833a5cfa7f2841d2921b45d8682549bb] 199.204.45.216 "GET /v2.0/floatingips?fixed_ip_address=10.100.0.7&port_id=582a0051-9ef1-4cce-b36e-eb316bebea3c HTTP/1.1" status: 200 len: 217 time: 0.0263357
2026-06-23 23:23:21.032 9 INFO neutron.services.segments.plugin [-] Segment 02bbe0d0-0939-419a-8219-400e6844ada6 resource provider aggregate not found
2026-06-23 23:23:21.037 9 INFO neutron.services.segments.plugin [-] Segment 02bbe0d0-0939-419a-8219-400e6844ada6 resource provider aggregate not found
2026-06-23 23:23:21.057 9 INFO neutron.services.segments.plugin [-] Segment 02bbe0d0-0939-419a-8219-400e6844ada6 resource provider not found; error: Placement Client Error (4xx): {"errors": [{"status": 404, "title": "Not Found", "detail": "The resource could not be found.\n\n No resource provider with uuid 02bbe0d0-0939-419a-8219-400e6844ada6 found for delete ", "request_id": "req-8d3e7817-dd51-45bf-b677-6aaf5b41dd3b"}]}
2026-06-23 23:23:21.060 10 INFO neutron.plugins.ml2.drivers.ovn.mech_driver.mech_driver [None req-2bf6d314-f408-4a0e-82b5-81f2864e4d6e - - - - - -] OVN reports status up for port: 582a0051-9ef1-4cce-b36e-eb316bebea3c
2026-06-23 23:23:21.071 9 INFO neutron.services.segments.plugin [-] Segment 02bbe0d0-0939-419a-8219-400e6844ada6 resource provider not found; error: Placement Client Error (4xx): {"errors": [{"status": 404, "title": "Not Found", "detail": "The resource could not be found.\n\n No resource provider with uuid 02bbe0d0-0939-419a-8219-400e6844ada6 found for delete ", "request_id": "req-7ff7ae2f-bd60-4ba2-8132-570f386a934a"}]}
2026-06-23 23:23:21.084 10 INFO neutron.wsgi [req-6d58e768-fd4e-4ced-82d9-06f9c061c7bb req-464b03d8-f110-4273-82cf-e352baaa91af bdd38730b00041c8a83be820a065bc77 5f8ac587b97d4c36a8d609c7451525df - - 833a5cfa7f2841d2921b45d8682549bb 833a5cfa7f2841d2921b45d8682549bb] 199.204.45.216 "GET /v2.0/subnets?id=708e8f54-f434-4863-90cd-058af06200f2 HTTP/1.1" status: 200 len: 876 time: 0.0699928
2026-06-23 23:23:21.085 10 INFO neutron.plugins.ml2.plugin [None req-2bf6d314-f408-4a0e-82b5-81f2864e4d6e - - - - - -] Attempt 1 to provision port 582a0051-9ef1-4cce-b36e-eb316bebea3c
2026-06-23 23:23:21.095 9 INFO neutron.wsgi [None req-d414f422-7ede-45c7-a89a-d817e9e63846 3b972939f26d40da8b06cad3f5cec522 42b88b88970843d08a680b7a85e6c230 - - default default] 10.0.0.176 "DELETE /v2.0/networks/9ef5236b-ee00-4605-ba27-d119d08ffa7f HTTP/1.1" status: 204 len: 168 time: 0.6855996
2026-06-23 23:23:21.126 9 INFO neutron.pecan_wsgi.hooks.translation [None req-a310b4c7-688b-4e42-ae97-2f354e0d414e 3b972939f26d40da8b06cad3f5cec522 42b88b88970843d08a680b7a85e6c230 - - default default] DELETE failed (client error): The resource could not be found.
2026-06-23 23:23:21.128 10 INFO neutron.wsgi [req-6d58e768-fd4e-4ced-82d9-06f9c061c7bb req-645f95be-3912-48f9-937f-0aaca89f9786 bdd38730b00041c8a83be820a065bc77 5f8ac587b97d4c36a8d609c7451525df - - 833a5cfa7f2841d2921b45d8682549bb 833a5cfa7f2841d2921b45d8682549bb] 199.204.45.216 "GET /v2.0/ports?network_id=78c32b03-0351-4a94-8171-152de63af8a8&device_owner=network%3Adhcp HTTP/1.1" status: 200 len: 210 time: 0.0289519
2026-06-23 23:23:21.129 9 INFO neutron.wsgi [None req-a310b4c7-688b-4e42-ae97-2f354e0d414e 3b972939f26d40da8b06cad3f5cec522 42b88b88970843d08a680b7a85e6c230 - - default default] 10.0.0.176 "DELETE /v2.0/networks/9ef5236b-ee00-4605-ba27-d119d08ffa7f HTTP/1.1" status: 404 len: 339 time: 0.0210204
2026-06-23 23:23:21.190 9 INFO neutron.wsgi [req-68de12a0-124c-4cd0-8089-326ce6759c5b req-a9f88982-916c-4fa9-9ac1-82fe6b219b24 0c496ab8e9f94ae185c9b81e17e8693b 356417a467e34fcda1291c7bf31d2326 - - default default] 10.0.0.4 "GET /v2.0/ports?device_id=1ee8848a-6e09-404f-891d-7f4b14027df0 HTTP/1.1" status: 200 len: 1168 time: 0.0745683
2026-06-23 23:23:21.249 10 INFO neutron.wsgi [req-6d58e768-fd4e-4ced-82d9-06f9c061c7bb req-5e480d01-2947-46aa-8d25-a1229aa3076c bdd38730b00041c8a83be820a065bc77 5f8ac587b97d4c36a8d609c7451525df - - 833a5cfa7f2841d2921b45d8682549bb 833a5cfa7f2841d2921b45d8682549bb] 199.204.45.216 "GET /v2.0/networks/78c32b03-0351-4a94-8171-152de63af8a8?fields=segments HTTP/1.1" status: 200 len: 212 time: 0.1088400
2026-06-23 23:23:21.277 9 INFO neutron.wsgi [None req-c10b794c-7514-4888-ad97-2aa84e80658d 3b972939f26d40da8b06cad3f5cec522 42b88b88970843d08a680b7a85e6c230 - - default default] 10.0.0.176 "GET /v2.0/networks?router%3Aexternal=True HTTP/1.1" status: 200 len: 845 time: 0.1370428
2026-06-23 23:23:21.294 9 INFO neutron.wsgi [req-68de12a0-124c-4cd0-8089-326ce6759c5b req-42e51390-1d6e-40e9-9779-f9df6e93cac3 0c496ab8e9f94ae185c9b81e17e8693b 356417a467e34fcda1291c7bf31d2326 - - default default] 10.0.0.4 "GET /v2.0/security-groups?id=c99b0ebf-cf45-4a23-961d-a4146e19da92&fields=id&fields=name HTTP/1.1" status: 200 len: 313 time: 0.0934212
2026-06-23 23:23:21.324 10 INFO neutron.wsgi [req-b7c76ab9-2322-472e-96ac-fd696709c375 req-f7396c60-d68c-4737-9f13-262d4d51f802 0daca9de04a14293a4480db451761cad 28dd7563d4a549a6bdbd4e249978c1d8 - - default default] 10.0.0.4 "GET /v2.0/ports?device_id=81ae2f68-64f9-4efa-a842-ff13ce3685a6 HTTP/1.1" status: 200 len: 1174 time: 0.0877655
2026-06-23 23:23:21.406 10 INFO neutron.wsgi [None req-8fb403c2-7f4f-4d1d-966c-26a874678c71 3b972939f26d40da8b06cad3f5cec522 42b88b88970843d08a680b7a85e6c230 - - default default] 10.0.0.176 "GET /v2.0/subnets?network_id=e4df1510-cce2-4b48-b7f1-2913b179bb16 HTTP/1.1" status: 200 len: 820 time: 0.1210577
2026-06-23 23:23:21.420 9 INFO neutron.wsgi [None req-7daa087c-75e5-42ab-9e41-7d8adcd54871 3b972939f26d40da8b06cad3f5cec522 42b88b88970843d08a680b7a85e6c230 - - default default] 10.0.0.176 "GET /v2.0/extensions HTTP/1.1" status: 200 len: 16520 time: 0.0077796
2026-06-23 23:23:21.438 10 INFO neutron.wsgi [req-6d58e768-fd4e-4ced-82d9-06f9c061c7bb req-6667db88-9794-4ba3-9387-561e70d5a849 bdd38730b00041c8a83be820a065bc77 5f8ac587b97d4c36a8d609c7451525df - - 833a5cfa7f2841d2921b45d8682549bb 833a5cfa7f2841d2921b45d8682549bb] 199.204.45.216 "GET /v2.0/networks/78c32b03-0351-4a94-8171-152de63af8a8?fields=provider%3Aphysical_network&fields=provider%3Anetwork_type HTTP/1.1" status: 200 len: 277 time: 0.1761181
2026-06-23 23:23:21.442 10 INFO neutron.wsgi [req-b7c76ab9-2322-472e-96ac-fd696709c375 req-9273315a-53a7-44c3-a8ff-9857d8dc74d7 0daca9de04a14293a4480db451761cad 28dd7563d4a549a6bdbd4e249978c1d8 - - default default] 10.0.0.4 "GET /v2.0/security-groups?id=0716d04c-9c76-4d12-9815-29da24eb9287&fields=id&fields=name HTTP/1.1" status: 200 len: 313 time: 0.1058226
2026-06-23 23:23:21.527 9 INFO neutron.wsgi [None req-6d57082f-efc3-4f9d-a886-d135c078c705 3b972939f26d40da8b06cad3f5cec522 42b88b88970843d08a680b7a85e6c230 - - default default] 10.0.0.176 "GET /v2.0/networks HTTP/1.1" status: 200 len: 1504 time: 0.0916715
2026-06-23 23:23:21.603 10 INFO neutron.wsgi [None req-ed9e6b45-4bc9-4949-abbe-8c35c22a5bb1 3b972939f26d40da8b06cad3f5cec522 42b88b88970843d08a680b7a85e6c230 - - default default] 10.0.0.176 "GET /v2.0/subnets HTTP/1.1" status: 200 len: 1428 time: 0.0668592
2026-06-23 23:23:21.699 10 INFO neutron.wsgi [req-93f2ed35-3c2d-4463-959c-dd19edb0bb38 req-e891079e-5dde-4be8-8079-fa16f9781d95 0daca9de04a14293a4480db451761cad 28dd7563d4a549a6bdbd4e249978c1d8 - - default default] 199.204.45.216 "GET /v2.0/ports?device_id=81ae2f68-64f9-4efa-a842-ff13ce3685a6 HTTP/1.1" status: 200 len: 1174 time: 0.0744152
2026-06-23 23:23:21.729 10 INFO neutron.db.ovn_revision_numbers_db [None req-2bf6d314-f408-4a0e-82b5-81f2864e4d6e - - - - - -] Successfully bumped revision number for resource 582a0051-9ef1-4cce-b36e-eb316bebea3c (type: ports) to 4
2026-06-23 23:23:21.741 10 INFO neutron.wsgi [None req-68b7ca18-6f2c-4537-9fee-9713b52952b3 3b972939f26d40da8b06cad3f5cec522 42b88b88970843d08a680b7a85e6c230 - - default default] 10.0.0.176 "GET /v2.0/networks/b4885b42-122c-47c7-82e0-5329b5f7ad22 HTTP/1.1" status: 200 len: 863 time: 0.1287708
2026-06-23 23:23:21.799 9 INFO neutron.wsgi [None req-8db2b078-8fa4-4816-baf7-f7fc705c7b3b 3b972939f26d40da8b06cad3f5cec522 42b88b88970843d08a680b7a85e6c230 - - default default] 10.0.0.176 "GET /v2.0/subnets/f50d3b35-4c18-456a-ab8e-6f8614028264 HTTP/1.1" status: 200 len: 811 time: 0.0483906
2026-06-23 23:23:21.814 10 INFO neutron.plugins.ml2.drivers.ovn.mech_driver.mech_driver [None req-2bf6d314-f408-4a0e-82b5-81f2864e4d6e - - - - - -] OVN reports status down for port: a8b37134-d450-4116-adc8-23eb7f002a7e
2026-06-23 23:23:21.826 9 INFO neutron.pecan_wsgi.hooks.translation [None req-147dea9b-a7fe-45da-891b-32c23bbee33c 3b972939f26d40da8b06cad3f5cec522 42b88b88970843d08a680b7a85e6c230 - - default default] DELETE failed (client error): The resource could not be found.
2026-06-23 23:23:21.830 9 INFO neutron.wsgi [None req-147dea9b-a7fe-45da-891b-32c23bbee33c 3b972939f26d40da8b06cad3f5cec522 42b88b88970843d08a680b7a85e6c230 - - default default] 10.0.0.176 "DELETE /v2.0/subnets/277a87d9-67c9-4ea5-a0f7-4b2cf23572e5 HTTP/1.1" status: 404 len: 337 time: 0.0199649
2026-06-23 23:23:21.856 9 INFO neutron.pecan_wsgi.hooks.translation [None req-eaf0f8e9-365c-4cf7-aabc-b1d154176a2c 3b972939f26d40da8b06cad3f5cec522 42b88b88970843d08a680b7a85e6c230 - - default default] DELETE failed (client error): The resource could not be found.
2026-06-23 23:23:21.861 9 INFO neutron.wsgi [None req-eaf0f8e9-365c-4cf7-aabc-b1d154176a2c 3b972939f26d40da8b06cad3f5cec522 42b88b88970843d08a680b7a85e6c230 - - default default] 10.0.0.176 "DELETE /v2.0/networks/9ef5236b-ee00-4605-ba27-d119d08ffa7f HTTP/1.1" status: 404 len: 339 time: 0.0250537
2026-06-23 23:23:22.092 9 INFO neutron.wsgi [None req-04f223d1-54af-4104-8f9c-52f0e9b9c090 3b972939f26d40da8b06cad3f5cec522 42b88b88970843d08a680b7a85e6c230 - - default default] 10.0.0.176 "DELETE /v2.0/subnets/f50d3b35-4c18-456a-ab8e-6f8614028264 HTTP/1.1" status: 204 len: 168 time: 0.2257659
2026-06-23 23:23:22.400 10 INFO neutron.db.l3_db [req-93f2ed35-3c2d-4463-959c-dd19edb0bb38 req-8b677682-2398-494e-b92a-bcaeb80e1a49 0daca9de04a14293a4480db451761cad 28dd7563d4a549a6bdbd4e249978c1d8 - - default default] Floating IP d6602990-6233-4bd6-8f56-7b73efd973c8 disassociated. External IP: 10.96.250.217, port: a8b37134-d450-4116-adc8-23eb7f002a7e.
2026-06-23 23:23:22.443 9 INFO neutron.wsgi [req-cf82898e-6178-49cd-acd6-6692a6d1e799 req-0c9d5b8b-ee0d-41e1-b854-2c2a14359ba6 0c496ab8e9f94ae185c9b81e17e8693b 356417a467e34fcda1291c7bf31d2326 - - default default] 10.0.0.4 "GET /v2.0/ports?device_id=1ee8848a-6e09-404f-891d-7f4b14027df0 HTTP/1.1" status: 200 len: 1170 time: 0.0642726
2026-06-23 23:23:22.451 10 INFO neutron.notifiers.nova [-] Nova event matching ['req-cd8ca636-c7b8-4133-99bc-6c6c4be3a665'] response: {'name': 'network-changed', 'server_uuid': '81ae2f68-64f9-4efa-a842-ff13ce3685a6', 'tag': 'a8b37134-d450-4116-adc8-23eb7f002a7e', 'status': 'completed', 'code': 200}
2026-06-23 23:23:22.451 10 INFO neutron.notifiers.nova [-] Nova event matching ['req-cd8ca636-c7b8-4133-99bc-6c6c4be3a665'] response: {'server_uuid': '1ee8848a-6e09-404f-891d-7f4b14027df0', 'name': 'network-vif-plugged', 'status': 'completed', 'tag': '582a0051-9ef1-4cce-b36e-eb316bebea3c', 'code': 200}
2026-06-23 23:23:22.451 10 INFO neutron.notifiers.nova [-] Nova event matching ['req-cd8ca636-c7b8-4133-99bc-6c6c4be3a665'] response: {'server_uuid': '1ee8848a-6e09-404f-891d-7f4b14027df0', 'name': 'network-vif-plugged', 'status': 'completed', 'tag': '582a0051-9ef1-4cce-b36e-eb316bebea3c', 'code': 200}
2026-06-23 23:23:22.451 10 INFO neutron.notifiers.nova [-] Nova event matching ['req-cd8ca636-c7b8-4133-99bc-6c6c4be3a665'] response: {'server_uuid': '81ae2f68-64f9-4efa-a842-ff13ce3685a6', 'name': 'network-vif-unplugged', 'status': 'completed', 'tag': 'a8b37134-d450-4116-adc8-23eb7f002a7e', 'code': 200} /var/lib/openstack/lib/python3.10/site-packages/pycadf/identifier.py:71: UserWarning: Invalid uuid: neutron. To ensure interoperability, identifiers should be a valid uuid. warnings.warn(('Invalid uuid: %s. To ensure interoperability, '
2026-06-23 23:23:22.506 9 INFO neutron.wsgi [req-cf82898e-6178-49cd-acd6-6692a6d1e799 req-1c31da92-5d0b-4af4-8d80-b4f9ae1b09be 0c496ab8e9f94ae185c9b81e17e8693b 356417a467e34fcda1291c7bf31d2326 - - default default] 10.0.0.4 "GET /v2.0/security-groups?id=c99b0ebf-cf45-4a23-961d-a4146e19da92&fields=id&fields=name HTTP/1.1" status: 200 len: 313 time: 0.0532956
2026-06-23 23:23:22.519 10 INFO neutron.db.ovn_revision_numbers_db [None req-2bf6d314-f408-4a0e-82b5-81f2864e4d6e - - - - - -] Successfully bumped revision number for resource a8b37134-d450-4116-adc8-23eb7f002a7e (type: ports) to 5
2026-06-23 23:23:22.525 10 INFO neutron.wsgi [req-a0737687-dd32-4d50-9b30-8885e7018a1a req-c7d7904e-5520-417c-a1b3-7fe8714b8652 bdd38730b00041c8a83be820a065bc77 5f8ac587b97d4c36a8d609c7451525df - - 833a5cfa7f2841d2921b45d8682549bb 833a5cfa7f2841d2921b45d8682549bb] 199.204.45.216 "GET /v2.0/ports?tenant_id=28dd7563d4a549a6bdbd4e249978c1d8&device_id=81ae2f68-64f9-4efa-a842-ff13ce3685a6 HTTP/1.1" status: 200 len: 1411 time: 0.0440850
2026-06-23 23:23:22.572 10 INFO neutron.wsgi [req-0549aeb6-10b5-4a7b-8fb3-5cf64128f634 req-4aac7700-0226-42d2-889c-e6b37f18ea9e 0daca9de04a14293a4480db451761cad 28dd7563d4a549a6bdbd4e249978c1d8 - - default default] 10.0.0.4 "GET /v2.0/ports?device_id=81ae2f68-64f9-4efa-a842-ff13ce3685a6 HTTP/1.1" status: 200 len: 1172 time: 0.0644825
2026-06-23 23:23:22.573 9 INFO neutron.wsgi [None req-9d1690c8-62ac-4929-9df5-140610b47dab 73a09b60f52042de9611465c8335dc40 5cc1ad8061a84c8a80cef83cd47b598f - - default default] 10.0.0.37 "GET /v2.0/ports HTTP/1.1" status: 200 len: 21605 time: 0.1278119
2026-06-23 23:23:22.589 9 INFO neutron.wsgi [None req-a00e0409-8637-468b-81b7-a27effe55bc2 3b972939f26d40da8b06cad3f5cec522 42b88b88970843d08a680b7a85e6c230 - - default default] 10.0.0.176 "DELETE /v2.0/networks/b4885b42-122c-47c7-82e0-5329b5f7ad22 HTTP/1.1" status: 204 len: 168 time: 0.4902740 /var/lib/openstack/lib/python3.10/site-packages/pycadf/identifier.py:71: UserWarning: Invalid uuid: neutron. To ensure interoperability, identifiers should be a valid uuid. warnings.warn(('Invalid uuid: %s. To ensure interoperability, '
2026-06-23 23:23:22.681 9 INFO neutron.wsgi [None req-9e13ecc6-2b5c-4ae8-89a5-54e3ac444ccb 73a09b60f52042de9611465c8335dc40 5cc1ad8061a84c8a80cef83cd47b598f - - default default] 10.0.0.37 "GET /v2.0/routers HTTP/1.1" status: 200 len: 2211 time: 0.0908077
2026-06-23 23:23:22.688 10 INFO neutron.wsgi [req-0549aeb6-10b5-4a7b-8fb3-5cf64128f634 req-bf0e0b0b-ade3-407c-b238-69837f55abcc 0daca9de04a14293a4480db451761cad 28dd7563d4a549a6bdbd4e249978c1d8 - - default default] 10.0.0.4 "GET /v2.0/security-groups?id=0716d04c-9c76-4d12-9815-29da24eb9287&fields=id&fields=name HTTP/1.1" status: 200 len: 313 time: 0.1073177
2026-06-23 23:23:22.691 10 INFO neutron.wsgi [req-a0737687-dd32-4d50-9b30-8885e7018a1a req-77029935-fbd7-453e-9287-ae8bc38032c7 bdd38730b00041c8a83be820a065bc77 5f8ac587b97d4c36a8d609c7451525df - - 833a5cfa7f2841d2921b45d8682549bb 833a5cfa7f2841d2921b45d8682549bb] 199.204.45.216 "GET /v2.0/networks?id=d05a0ebd-0223-46ef-acb4-07d1c56bd820 HTTP/1.1" status: 200 len: 968 time: 0.1558182
2026-06-23 23:23:22.698 9 INFO neutron.wsgi [None req-68070efd-c5ea-44f5-8ce7-6eba1a3d922b 73a09b60f52042de9611465c8335dc40 5cc1ad8061a84c8a80cef83cd47b598f - - default default] 10.0.0.37 "GET /v2.0/agents?binary=ovn-controller HTTP/1.1" status: 200 len: 591 time: 0.0150945 /var/lib/openstack/lib/python3.10/site-packages/pycadf/identifier.py:71: UserWarning: Invalid uuid: neutron. To ensure interoperability, identifiers should be a valid uuid. warnings.warn(('Invalid uuid: %s. To ensure interoperability, '
2026-06-23 23:23:22.710 9 INFO neutron.wsgi [None req-dc2ea0f2-294b-435a-927c-2ac44f94d8a8 73a09b60f52042de9611465c8335dc40 5cc1ad8061a84c8a80cef83cd47b598f - - default default] 10.0.0.37 "GET /v2.0/agents HTTP/1.1" status: 200 len: 997 time: 0.0112906
2026-06-23 23:23:22.720 9 INFO neutron.wsgi [None req-da7a2e07-c27a-4f53-bfb4-ba41b3815c42 73a09b60f52042de9611465c8335dc40 5cc1ad8061a84c8a80cef83cd47b598f - - default default] 10.0.0.37 "GET /v2.0/network-ip-availabilities HTTP/1.1" status: 200 len: 2714 time: 0.0084605
2026-06-23 23:23:22.722 10 INFO neutron.wsgi [req-a0737687-dd32-4d50-9b30-8885e7018a1a req-43777c39-4054-464f-a1db-5cc2f156fb52 bdd38730b00041c8a83be820a065bc77 5f8ac587b97d4c36a8d609c7451525df - - 833a5cfa7f2841d2921b45d8682549bb 833a5cfa7f2841d2921b45d8682549bb] 199.204.45.216 "GET /v2.0/floatingips?fixed_ip_address=10.100.0.11&port_id=a8b37134-d450-4116-adc8-23eb7f002a7e HTTP/1.1" status: 200 len: 217 time: 0.0227771
2026-06-23 23:23:22.727 10 INFO neutron.wsgi [req-93f2ed35-3c2d-4463-959c-dd19edb0bb38 req-8b677682-2398-494e-b92a-bcaeb80e1a49 0daca9de04a14293a4480db451761cad 28dd7563d4a549a6bdbd4e249978c1d8 - - default default] 199.204.45.216 "DELETE /v2.0/ports/a8b37134-d450-4116-adc8-23eb7f002a7e HTTP/1.1" status: 204 len: 173 time: 1.0203912
2026-06-23 23:23:22.759 10 INFO neutron.wsgi [req-a0737687-dd32-4d50-9b30-8885e7018a1a req-4439d845-fdf6-45f6-92da-202e00b89088 bdd38730b00041c8a83be820a065bc77 5f8ac587b97d4c36a8d609c7451525df - - 833a5cfa7f2841d2921b45d8682549bb 833a5cfa7f2841d2921b45d8682549bb] 199.204.45.216 "GET /v2.0/subnets?id=346c1e10-9bca-415d-8b2a-45593935dc9b HTTP/1.1" status: 200 len: 863 time: 0.0281749
2026-06-23 23:23:22.761 9 INFO neutron.wsgi [None req-7d23a360-cc8a-40eb-b90c-7d82e8a454ef 73a09b60f52042de9611465c8335dc40 5cc1ad8061a84c8a80cef83cd47b598f - - default default] 10.0.0.37 "GET /v2.0/floatingips HTTP/1.1" status: 200 len: 2112 time: 0.0394726
2026-06-23 23:23:22.786 10 INFO neutron.wsgi [req-a0737687-dd32-4d50-9b30-8885e7018a1a req-4652da41-ca42-4192-827f-1933158e2d15 bdd38730b00041c8a83be820a065bc77 5f8ac587b97d4c36a8d609c7451525df - - 833a5cfa7f2841d2921b45d8682549bb 833a5cfa7f2841d2921b45d8682549bb] 199.204.45.216 "GET /v2.0/ports?network_id=d05a0ebd-0223-46ef-acb4-07d1c56bd820&device_owner=network%3Adhcp HTTP/1.1" status: 200 len: 210 time: 0.0173981
2026-06-23 23:23:22.793 9 INFO neutron.wsgi [None req-315ab75c-35d8-40e7-a82f-f53ffe7403a5 73a09b60f52042de9611465c8335dc40 5cc1ad8061a84c8a80cef83cd47b598f - - default default] 10.0.0.37 "GET /v2.0/subnets HTTP/1.1" status: 200 len: 3408 time: 0.0298340
