2026-09-19 03:12:32.194 9 INFO neutron.api.wsgi [req-573e86b9-54a9-46e7-b6ad-331f529a821a req-482b6357-6d9c-4ab0-8638-f081deb09b9c 4532e34d970f492685081a27c291163a 9f548cb075c5431482fe8ea4ea88c375 - - b946b65d030e4b1d9c349941185b1eec b946b65d030e4b1d9c349941185b1eec] 162.253.55.193 "GET /v2.0/networks/f1ea5239-648c-4253-b887-1a8cc4d5c605?fields=segments HTTP/1.1" status: 200 len: 212 time: 0.0589597
2026-09-19 03:12:32.278 9 INFO neutron.services.segments.plugin [-] Segment 66e9b120-85e1-4832-81c7-1e90bc5aab37 resource provider aggregate not found
2026-09-19 03:12:32.281 9 INFO neutron.services.segments.plugin [-] Segment 66e9b120-85e1-4832-81c7-1e90bc5aab37 resource provider aggregate not found
2026-09-19 03:12:32.289 9 INFO neutron.api.wsgi [req-573e86b9-54a9-46e7-b6ad-331f529a821a req-31d7fdc7-3bb3-4501-8616-8b0f30ae2b1a 4532e34d970f492685081a27c291163a 9f548cb075c5431482fe8ea4ea88c375 - - b946b65d030e4b1d9c349941185b1eec b946b65d030e4b1d9c349941185b1eec] 162.253.55.193 "GET /v2.0/networks/f1ea5239-648c-4253-b887-1a8cc4d5c605?fields=provider%3Aphysical_network&fields=provider%3Anetwork_type HTTP/1.1" status: 200 len: 277 time: 0.0901179
2026-09-19 03:12:32.300 9 INFO neutron.services.segments.plugin [-] Segment 66e9b120-85e1-4832-81c7-1e90bc5aab37 resource provider not found; error: Placement Client Error (4xx): {"errors": [{"status": 404, "title": "Not Found", "detail": "The resource could not be found.\n\n No resource provider with uuid 66e9b120-85e1-4832-81c7-1e90bc5aab37 found for delete ", "request_id": "req-3dca5b4a-c744-4eaf-aa4d-7f8ff4336841"}]}
2026-09-19 03:12:32.303 9 INFO neutron.services.segments.plugin [-] Segment 66e9b120-85e1-4832-81c7-1e90bc5aab37 resource provider not found; error: Placement Client Error (4xx): {"errors": [{"status": 404, "title": "Not Found", "detail": "The resource could not be found.\n\n No resource provider with uuid 66e9b120-85e1-4832-81c7-1e90bc5aab37 found for delete ", "request_id": "req-9bf5470f-b391-48f7-ad7e-d356aee4672c"}]}
2026-09-19 03:12:32.316 9 INFO neutron.api.wsgi [None req-76840376-863c-4fc7-8cf6-d18f1eb0eb8d 30a933b7d386450abd6bdf7be061c363 2866368b0628460c81326003b4796bff - - default default] 10.0.0.217 "DELETE /v2.0/networks/931c705a-61e4-4d2a-a7cb-fc54336676c8 HTTP/1.1" status: 204 len: 168 time: 0.8782079
2026-09-19 03:12:32.338 10 INFO neutron.pecan_wsgi.hooks.translation [None req-09023c4a-30bc-4aa1-9019-f1ea1c6fe3c8 30a933b7d386450abd6bdf7be061c363 2866368b0628460c81326003b4796bff - - default default] DELETE failed (client error): The resource could not be found.
2026-09-19 03:12:32.342 10 INFO neutron.api.wsgi [None req-09023c4a-30bc-4aa1-9019-f1ea1c6fe3c8 30a933b7d386450abd6bdf7be061c363 2866368b0628460c81326003b4796bff - - default default] 10.0.0.217 "DELETE /v2.0/networks/931c705a-61e4-4d2a-a7cb-fc54336676c8 HTTP/1.1" status: 404 len: 339 time: 0.0192800
2026-09-19 03:12:32.417 9 INFO neutron.api.wsgi [None req-e7ac01b4-b0ab-457d-9b1b-25d6c7e220cd 30a933b7d386450abd6bdf7be061c363 2866368b0628460c81326003b4796bff - - default default] 10.0.0.217 "GET /v2.0/networks?router%3Aexternal=True HTTP/1.1" status: 200 len: 845 time: 0.0670471
2026-09-19 03:12:32.441 9 INFO neutron.api.wsgi [None req-7ca62633-c4ae-491b-8cf9-0e5569fe6d22 483331e8b9ad4e219124e227de3b60c5 cfba83abb5384052af5cff1009807ada - - default default] 10.0.0.217 "DELETE /v2.0/ports/8707ac6a-3832-4fcf-995e-ba66f73d2654 HTTP/1.1" status: 204 len: 168 time: 0.2587481
2026-09-19 03:12:32.472 10 INFO neutron.api.wsgi [None req-e7dc1509-eca6-4b95-8625-507186c4276b 30a933b7d386450abd6bdf7be061c363 2866368b0628460c81326003b4796bff - - default default] 10.0.0.217 "GET /v2.0/subnets?network_id=152e41f6-ced1-4bd7-ba0e-141280defaf7 HTTP/1.1" status: 200 len: 843 time: 0.0485463
2026-09-19 03:12:32.482 10 INFO neutron.api.wsgi [None req-b10a98a9-bfed-4a21-a705-ad271108e86c 30a933b7d386450abd6bdf7be061c363 2866368b0628460c81326003b4796bff - - default default] 10.0.0.217 "GET /v2.0/extensions HTTP/1.1" status: 200 len: 19293 time: 0.0056274
2026-09-19 03:12:32.553 9 INFO neutron.api.wsgi [None req-6d413da5-5ab1-44ec-861d-3122e19f5b85 30a933b7d386450abd6bdf7be061c363 2866368b0628460c81326003b4796bff - - default default] 10.0.0.217 "GET /v2.0/networks HTTP/1.1" status: 200 len: 1507 time: 0.0650432
2026-09-19 03:12:32.601 10 INFO neutron.api.wsgi [None req-4bf265c2-d723-40b8-8b08-18becbb4d6e9 30a933b7d386450abd6bdf7be061c363 2866368b0628460c81326003b4796bff - - default default] 10.0.0.217 "GET /v2.0/subnets HTTP/1.1" status: 200 len: 1507 time: 0.0314138
2026-09-19 03:12:32.646 9 INFO neutron.api.wsgi [None req-2093c71e-9c4e-4572-a419-cdeabeee5d29 30a933b7d386450abd6bdf7be061c363 2866368b0628460c81326003b4796bff - - default default] 10.0.0.217 "GET /v2.0/networks/cca786fa-6344-44d8-a053-10d4898decf8 HTTP/1.1" status: 200 len: 866 time: 0.0394998
2026-09-19 03:12:32.690 9 INFO neutron.api.wsgi [None req-04f429ed-06f2-461c-9217-5e19c54eb2d1 30a933b7d386450abd6bdf7be061c363 2866368b0628460c81326003b4796bff - - default default] 10.0.0.217 "GET /v2.0/subnets/6a26cccb-65e3-481c-87b7-d2e134f82c87 HTTP/1.1" status: 200 len: 867 time: 0.0361402
2026-09-19 03:12:32.710 9 INFO neutron.pecan_wsgi.hooks.translation [None req-b9559e1a-617c-4771-9402-b98109814148 30a933b7d386450abd6bdf7be061c363 2866368b0628460c81326003b4796bff - - default default] DELETE failed (client error): The resource could not be found.
2026-09-19 03:12:32.713 9 INFO neutron.api.wsgi [None req-b9559e1a-617c-4771-9402-b98109814148 30a933b7d386450abd6bdf7be061c363 2866368b0628460c81326003b4796bff - - default default] 10.0.0.217 "DELETE /v2.0/subnets/731ff475-7316-4ac4-a3c1-2b0467bf0349 HTTP/1.1" status: 404 len: 337 time: 0.0163064
2026-09-19 03:12:32.727 9 INFO neutron.pecan_wsgi.hooks.translation [None req-cf2b8824-847d-4959-a54c-69328095bfbc 30a933b7d386450abd6bdf7be061c363 2866368b0628460c81326003b4796bff - - default default] DELETE failed (client error): The resource could not be found.
2026-09-19 03:12:32.729 9 INFO neutron.api.wsgi [None req-cf2b8824-847d-4959-a54c-69328095bfbc 30a933b7d386450abd6bdf7be061c363 2866368b0628460c81326003b4796bff - - default default] 10.0.0.217 "DELETE /v2.0/networks/931c705a-61e4-4d2a-a7cb-fc54336676c8 HTTP/1.1" status: 404 len: 339 time: 0.0122392
2026-09-19 03:12:32.776 10 INFO neutron.api.wsgi [req-c2f56c38-1ca3-4a5e-9a78-f215cdc9ed9c req-41282f6b-a5f7-4606-95f5-c79a84e9b88d c21a2649964145c4ba2955859123e3c0 8f56c4e4d5c9416da122dd9e1503bc32 - - default default] 10.0.0.185 "GET /v2.0/ports?device_id=7a9e28a4-2d9d-470b-a615-79461b87ceb6 HTTP/1.1" status: 200 len: 1172 time: 0.0636823
2026-09-19 03:12:32.812 10 INFO neutron.api.wsgi [req-c2f56c38-1ca3-4a5e-9a78-f215cdc9ed9c req-862b6213-bbc5-4ec7-874f-83e4da0c8f17 c21a2649964145c4ba2955859123e3c0 8f56c4e4d5c9416da122dd9e1503bc32 - - default default] 10.0.0.185 "GET /v2.0/security-groups?id=c753a62b-5068-453d-b4c7-ae9bb64c012b&fields=id&fields=name HTTP/1.1" status: 200 len: 286 time: 0.0327961
2026-09-19 03:12:32.834 9 INFO neutron.api.wsgi [None req-f260a86c-888f-44c8-9c18-7ab61dc8e390 483331e8b9ad4e219124e227de3b60c5 cfba83abb5384052af5cff1009807ada - - default default] 10.0.0.217 "DELETE /v2.0/networks/7a402cbd-747c-44da-9e54-e2c8c18c76cc HTTP/1.1" status: 204 len: 168 time: 0.3891306
2026-09-19 03:12:32.870 9 INFO neutron.api.wsgi [None req-b568ac0f-8ea4-4032-8c96-8f9e86340fff 30a933b7d386450abd6bdf7be061c363 2866368b0628460c81326003b4796bff - - default default] 10.0.0.217 "DELETE /v2.0/subnets/6a26cccb-65e3-481c-87b7-d2e134f82c87 HTTP/1.1" status: 204 len: 168 time: 0.1367824
2026-09-19 03:12:33.165 9 INFO neutron.api.wsgi [None req-46e415f9-48a0-4a55-b727-44975d9e32b1 30a933b7d386450abd6bdf7be061c363 2866368b0628460c81326003b4796bff - - default default] 10.0.0.217 "DELETE /v2.0/networks/cca786fa-6344-44d8-a053-10d4898decf8 HTTP/1.1" status: 204 len: 168 time: 0.2909527
2026-09-19 03:12:33.557 9 INFO neutron.api.wsgi [None req-0df3e0f5-4fff-4f21-8626-2ccc0bb703e5 1a77308039fd423d831ad89f385a318b 94ff84ec4abe4a7bbe77f85d43b15b23 - - default default] 10.0.0.217 "GET /v2.0/security-groups?tenant_id=cfba83abb5384052af5cff1009807ada&name=default HTTP/1.1" status: 200 len: 3120 time: 0.2116330
2026-09-19 03:12:33.745 9 INFO neutron.api.wsgi [None req-e896cc60-cdd6-48ad-8e43-9d8fdfeac5a3 1a77308039fd423d831ad89f385a318b 94ff84ec4abe4a7bbe77f85d43b15b23 - - default default] 10.0.0.217 "DELETE /v2.0/security-groups/61ddd8ce-caf1-4365-86e3-5bd9c0ca7766 HTTP/1.1" status: 204 len: 168 time: 0.1814518
2026-09-19 03:12:33.753 10 INFO neutron.api.wsgi [None req-89314ace-4568-4ea1-9a91-ce6d15a8f133 1a77308039fd423d831ad89f385a318b 94ff84ec4abe4a7bbe77f85d43b15b23 - - default default] 10.0.0.217 "GET /v2.0/security-groups?tenant_id=2866368b0628460c81326003b4796bff&name=default HTTP/1.1" status: 200 len: 3120 time: 0.0905397
2026-09-19 03:12:33.905 10 INFO neutron.db.ovn_revision_numbers_db [None req-5e58ee35-c936-4d7d-aa52-420cc0e04d06 1a77308039fd423d831ad89f385a318b 94ff84ec4abe4a7bbe77f85d43b15b23 - - default default] Successfully bumped revision number for resource 1d5a863b-02cd-4488-8bdc-a4a5d3dafa45 (type: security_groups) to 1
2026-09-19 03:12:33.916 10 INFO neutron.api.wsgi [req-5735a1b4-df1f-4664-9fac-cf3a997442af req-e70e7305-38c3-46dc-9ef0-7a881b0bb6c9 c21a2649964145c4ba2955859123e3c0 8f56c4e4d5c9416da122dd9e1503bc32 - - default default] 10.0.0.185 "GET /v2.0/ports?device_id=7a9e28a4-2d9d-470b-a615-79461b87ceb6 HTTP/1.1" status: 200 len: 1172 time: 0.0368516
2026-09-19 03:12:33.932 10 INFO neutron.db.ovn_revision_numbers_db [None req-5e58ee35-c936-4d7d-aa52-420cc0e04d06 1a77308039fd423d831ad89f385a318b 94ff84ec4abe4a7bbe77f85d43b15b23 - - default default] Successfully bumped revision number for resource 5aa10e11-28ec-4574-9ef4-6d4a93e9d535 (type: security_group_rules) to 0
2026-09-19 03:12:33.952 10 INFO neutron.db.ovn_revision_numbers_db [None req-5e58ee35-c936-4d7d-aa52-420cc0e04d06 1a77308039fd423d831ad89f385a318b 94ff84ec4abe4a7bbe77f85d43b15b23 - - default default] Successfully bumped revision number for resource 92078f08-3131-49c3-a9c9-cab3a212ece0 (type: security_group_rules) to 0
2026-09-19 03:12:33.956 10 INFO neutron.api.wsgi [req-5735a1b4-df1f-4664-9fac-cf3a997442af req-9c0c0b06-7df5-499e-b65b-46e82d755939 c21a2649964145c4ba2955859123e3c0 8f56c4e4d5c9416da122dd9e1503bc32 - - default default] 10.0.0.185 "GET /v2.0/security-groups?id=c753a62b-5068-453d-b4c7-ae9bb64c012b&fields=id&fields=name HTTP/1.1" status: 200 len: 286 time: 0.0347886
2026-09-19 03:12:33.966 10 INFO neutron.db.ovn_revision_numbers_db [None req-5e58ee35-c936-4d7d-aa52-420cc0e04d06 1a77308039fd423d831ad89f385a318b 94ff84ec4abe4a7bbe77f85d43b15b23 - - default default] Successfully bumped revision number for resource af2c3710-ae44-4032-a965-ec6070594300 (type: security_group_rules) to 0
2026-09-19 03:12:33.981 10 INFO neutron.db.ovn_revision_numbers_db [None req-5e58ee35-c936-4d7d-aa52-420cc0e04d06 1a77308039fd423d831ad89f385a318b 94ff84ec4abe4a7bbe77f85d43b15b23 - - default default] Successfully bumped revision number for resource e8f3c17f-e552-42d6-b303-d80474aa652e (type: security_group_rules) to 0
2026-09-19 03:12:33.999 10 INFO neutron.api.wsgi [None req-65e29ee7-e5ca-4777-a3bb-feea4c358132 1a77308039fd423d831ad89f385a318b 94ff84ec4abe4a7bbe77f85d43b15b23 - - default default] 10.0.0.217 "DELETE /v2.0/security-groups/fa7e0e1d-704e-4870-95aa-7671eb3f2d5d HTTP/1.1" status: 204 len: 168 time: 0.2393699
2026-09-19 03:12:34.014 10 INFO neutron.api.wsgi [None req-5e58ee35-c936-4d7d-aa52-420cc0e04d06 1a77308039fd423d831ad89f385a318b 94ff84ec4abe4a7bbe77f85d43b15b23 - - default default] 10.0.0.217 "GET /v2.0/security-groups?tenant_id=b119276fe39a42d08c7016aae7015050&name=default HTTP/1.1" status: 200 len: 3120 time: 0.3777144
2026-09-19 03:12:34.178 10 INFO neutron.api.wsgi [None req-9529c9c8-621b-4a95-9282-39bd77f1ea03 1a77308039fd423d831ad89f385a318b 94ff84ec4abe4a7bbe77f85d43b15b23 - - default default] 10.0.0.217 "DELETE /v2.0/security-groups/1d5a863b-02cd-4488-8bdc-a4a5d3dafa45 HTTP/1.1" status: 204 len: 168 time: 0.1588731
2026-09-19 03:12:34.333 9 INFO neutron.services.segments.plugin [-] Segment 7e1b7a96-28aa-441d-a6de-b18e82efc244 resource provider aggregate not found
2026-09-19 03:12:34.347 9 INFO neutron.services.segments.plugin [-] Segment 7e1b7a96-28aa-441d-a6de-b18e82efc244 resource provider aggregate not found
2026-09-19 03:12:34.352 9 INFO neutron.services.segments.plugin [-] Segment 7e1b7a96-28aa-441d-a6de-b18e82efc244 resource provider not found; error: Placement Client Error (4xx): {"errors": [{"status": 404, "title": "Not Found", "detail": "The resource could not be found.\n\n No resource provider with uuid 7e1b7a96-28aa-441d-a6de-b18e82efc244 found for delete ", "request_id": "req-763d92a8-051c-481e-9199-38d1b445cd7d"}]}
2026-09-19 03:12:34.372 9 INFO neutron.services.segments.plugin [-] Segment 6f4166cf-05a5-4611-9f2c-625cb6381670 resource provider aggregate not found
2026-09-19 03:12:34.378 9 INFO neutron.services.segments.plugin [-] Segment 7e1b7a96-28aa-441d-a6de-b18e82efc244 resource provider not found; error: Placement Client Error (4xx): {"errors": [{"status": 404, "title": "Not Found", "detail": "The resource could not be found.\n\n No resource provider with uuid 7e1b7a96-28aa-441d-a6de-b18e82efc244 found for delete ", "request_id": "req-ac8cc820-81ae-4b88-9f9e-aac8444e0c96"}]}
2026-09-19 03:12:34.402 9 INFO neutron.services.segments.plugin [-] Segment 6f4166cf-05a5-4611-9f2c-625cb6381670 resource provider aggregate not found
2026-09-19 03:12:34.407 9 INFO neutron.services.segments.plugin [-] Segment 6f4166cf-05a5-4611-9f2c-625cb6381670 resource provider not found; error: Placement Client Error (4xx): {"errors": [{"status": 404, "title": "Not Found", "detail": "The resource could not be found.\n\n No resource provider with uuid 6f4166cf-05a5-4611-9f2c-625cb6381670 found for delete ", "request_id": "req-1f27855c-6b21-490e-a0a2-3ec3b4b44ffc"}]}
2026-09-19 03:12:34.423 9 INFO neutron.services.segments.plugin [-] Segment 6f4166cf-05a5-4611-9f2c-625cb6381670 resource provider not found; error: Placement Client Error (4xx): {"errors": [{"status": 404, "title": "Not Found", "detail": "The resource could not be found.\n\n No resource provider with uuid 6f4166cf-05a5-4611-9f2c-625cb6381670 found for delete ", "request_id": "req-2691528e-693b-453a-bc06-41b8acb46e4e"}]}
2026-09-19 03:12:34.463 10 INFO neutron.plugins.ml2.drivers.ovn.mech_driver.mech_driver [None req-bf55074d-5d5a-45b6-b273-96341858e4ab - - - - - -] OVN reports status up for port: 80428d88-785b-4564-b5b6-ae573bae3727
2026-09-19 03:12:34.477 10 INFO neutron.plugins.ml2.plugin [None req-bf55074d-5d5a-45b6-b273-96341858e4ab - - - - - -] Attempt 1 to provision port 80428d88-785b-4564-b5b6-ae573bae3727
2026-09-19 03:12:34.617 10 INFO neutron.notifiers.nova [-] Nova event matching ['req-c24d9092-c4f7-4f2b-abef-4241535e35ca'] response: {'server_uuid': '7a9e28a4-2d9d-470b-a615-79461b87ceb6', 'name': 'network-vif-plugged', 'status': 'completed', 'tag': '80428d88-785b-4564-b5b6-ae573bae3727', 'code': 200}
2026-09-19 03:12:34.718 10 INFO neutron.db.ovn_revision_numbers_db [None req-bf55074d-5d5a-45b6-b273-96341858e4ab - - - - - -] Successfully bumped revision number for resource 80428d88-785b-4564-b5b6-ae573bae3727 (type: ports) to 5 /var/lib/openstack/lib/python3.12/site-packages/pycadf/identifier.py:71: UserWarning: Invalid uuid: neutron. To ensure interoperability, identifiers should be a valid uuid. warnings.warn(('Invalid uuid: %s. To ensure interoperability, '
2026-09-19 03:12:35.076 10 INFO neutron.api.wsgi [req-70343335-9aa5-4720-ad19-6f140eabff86 req-9d3cd97a-eceb-4091-819d-413e054e758c c21a2649964145c4ba2955859123e3c0 8f56c4e4d5c9416da122dd9e1503bc32 - - default default] 10.0.0.185 "GET /v2.0/ports?device_id=7a9e28a4-2d9d-470b-a615-79461b87ceb6 HTTP/1.1" status: 200 len: 1174 time: 0.0465832
2026-09-19 03:12:35.137 10 INFO neutron.api.wsgi [req-70343335-9aa5-4720-ad19-6f140eabff86 req-0acd4155-0a38-4bd1-95de-c50190eb26b3 c21a2649964145c4ba2955859123e3c0 8f56c4e4d5c9416da122dd9e1503bc32 - - default default] 10.0.0.185 "GET /v2.0/security-groups?id=c753a62b-5068-453d-b4c7-ae9bb64c012b&fields=id&fields=name HTTP/1.1" status: 200 len: 286 time: 0.0558181
2026-09-19 03:12:35.820 10 WARNING neutron_lib.context [None req-2cdfbd6d-cac7-4bf5-b4eb-905eb5c62ace 743d6e44fcb0484da9588ba1d72f191b 4ed9837fdd4d4ca3a0751aeccaaf075d - - default default] Method 'is_advsvc' is deprecated since 2023.2 release (neutron-lib 3.8.0) and will be removed once support for the old RBAC API policies will be removed from Neutron. Please use method 'is_service_role' instead.
2026-09-19 03:12:35.882 10 INFO neutron.api.wsgi [None req-2cdfbd6d-cac7-4bf5-b4eb-905eb5c62ace 743d6e44fcb0484da9588ba1d72f191b 4ed9837fdd4d4ca3a0751aeccaaf075d - - default default] 10.0.0.217 "POST /v2.0/subnetpools HTTP/1.1" status: 201 len: 748 time: 0.2624693
2026-09-19 03:12:35.903 10 INFO neutron.api.wsgi [None req-2e342168-fb4e-4246-aebf-7a89a5e707e6 743d6e44fcb0484da9588ba1d72f191b 4ed9837fdd4d4ca3a0751aeccaaf075d - - default default] 10.0.0.217 "GET /v2.0/subnetpools/fedc6212-2904-4535-9667-2c17cd340a99 HTTP/1.1" status: 200 len: 743 time: 0.0165436
2026-09-19 03:12:35.914 10 WARNING neutron_lib.context [None req-eebb14e6-0af8-4dc2-9717-9c5ca013e088 b7b855787bcf4cda8f2c896447bfb4b0 ac73c655b62c4fafaabcd47ddfc9dc2a - - default default] Method 'is_advsvc' is deprecated since 2023.2 release (neutron-lib 3.8.0) and will be removed once support for the old RBAC API policies will be removed from Neutron. Please use method 'is_service_role' instead.
2026-09-19 03:12:35.965 9 INFO neutron.api.wsgi [None req-a9bd899f-6ba4-4bb6-be31-b715f1443b79 743d6e44fcb0484da9588ba1d72f191b 4ed9837fdd4d4ca3a0751aeccaaf075d - - default default] 10.0.0.217 "PUT /v2.0/subnetpools/fedc6212-2904-4535-9667-2c17cd340a99 HTTP/1.1" status: 200 len: 695 time: 0.0533521
2026-09-19 03:12:36.016 9 INFO neutron.api.wsgi [None req-7318277f-c8d9-4790-ada3-dd57190c7472 5258ed5c16f447b09fb71bc54a171e09 9418a2a724fe4cb68cb2cc92b506e85a - - default default] 10.0.0.217 "GET /v2.0/extensions HTTP/1.1" status: 200 len: 19293 time: 0.0466156
2026-09-19 03:12:36.027 10 INFO neutron.api.wsgi [None req-315789bf-872f-43f1-b087-e3d7aa752848 5258ed5c16f447b09fb71bc54a171e09 9418a2a724fe4cb68cb2cc92b506e85a - - default default] 10.0.0.217 "GET /v2.0/extensions/address-group HTTP/1.1" status: 200 len: 353 time: 0.0044625
2026-09-19 03:12:36.038 9 INFO neutron.api.wsgi [None req-2114eef3-997a-4dad-be2f-d043cc3c3440 5258ed5c16f447b09fb71bc54a171e09 9418a2a724fe4cb68cb2cc92b506e85a - - default default] 10.0.0.217 "GET /v2.0/extensions/address-scope HTTP/1.1" status: 200 len: 357 time: 0.0058529
2026-09-19 03:12:36.042 9 INFO neutron.api.wsgi [None req-04e838c2-34ad-46a8-8b90-24db357653a1 743d6e44fcb0484da9588ba1d72f191b 4ed9837fdd4d4ca3a0751aeccaaf075d - - default default] 10.0.0.217 "DELETE /v2.0/subnetpools/fedc6212-2904-4535-9667-2c17cd340a99 HTTP/1.1" status: 204 len: 168 time: 0.0719180
2026-09-19 03:12:36.046 10 INFO neutron.api.wsgi [None req-7c29c1c6-761b-4867-bf44-c47e877cc1e0 5258ed5c16f447b09fb71bc54a171e09 9418a2a724fe4cb68cb2cc92b506e85a - - default default] 10.0.0.217 "GET /v2.0/extensions/agent HTTP/1.1" status: 200 len: 347 time: 0.0036814
2026-09-19 03:12:36.047 10 INFO neutron.db.ovn_revision_numbers_db [None req-eebb14e6-0af8-4dc2-9717-9c5ca013e088 b7b855787bcf4cda8f2c896447bfb4b0 ac73c655b62c4fafaabcd47ddfc9dc2a - - default default] Successfully bumped revision number for resource d6aa6460-6ceb-45a5-9aaf-62bb5f408686 (type: security_groups) to 1
2026-09-19 03:12:36.053 9 INFO neutron.api.v2.resource [None req-8de7b409-04dc-453f-baf3-520bbae35ed6 743d6e44fcb0484da9588ba1d72f191b 4ed9837fdd4d4ca3a0751aeccaaf075d - - default default] show failed (client error): The resource could not be found.
2026-09-19 03:12:36.053 10 INFO neutron.api.wsgi [None req-1c4fc13c-a0bc-4727-935f-d1e646fe58e8 5258ed5c16f447b09fb71bc54a171e09 9418a2a724fe4cb68cb2cc92b506e85a - - default default] 10.0.0.217 "GET /v2.0/extensions/allowed-address-pairs HTTP/1.1" status: 200 len: 378 time: 0.0031705
2026-09-19 03:12:36.054 9 INFO neutron.api.wsgi [None req-8de7b409-04dc-453f-baf3-520bbae35ed6 743d6e44fcb0484da9588ba1d72f191b 4ed9837fdd4d4ca3a0751aeccaaf075d - - default default] 10.0.0.217 "GET /v2.0/subnetpools/fedc6212-2904-4535-9667-2c17cd340a99 HTTP/1.1" status: 404 len: 346 time: 0.0076525
2026-09-19 03:12:36.060 9 INFO neutron.api.wsgi [None req-1d1afb70-2125-4b99-9a11-04f5872903f9 5258ed5c16f447b09fb71bc54a171e09 9418a2a724fe4cb68cb2cc92b506e85a - - default default] 10.0.0.217 "GET /v2.0/extensions/auto-allocated-topology HTTP/1.1" status: 200 len: 394 time: 0.0038204
2026-09-19 03:12:36.065 10 INFO neutron.api.v2.resource [None req-e35b547c-04dc-4708-aee4-18942fe41716 743d6e44fcb0484da9588ba1d72f191b 4ed9837fdd4d4ca3a0751aeccaaf075d - - default default] delete failed (client error): The resource could not be found.
2026-09-19 03:12:36.067 10 INFO neutron.api.wsgi [None req-e35b547c-04dc-4708-aee4-18942fe41716 743d6e44fcb0484da9588ba1d72f191b 4ed9837fdd4d4ca3a0751aeccaaf075d - - default default] 10.0.0.217 "DELETE /v2.0/subnetpools/fedc6212-2904-4535-9667-2c17cd340a99 HTTP/1.1" status: 404 len: 346 time: 0.0084491
2026-09-19 03:12:36.068 10 INFO neutron.db.ovn_revision_numbers_db [None req-eebb14e6-0af8-4dc2-9717-9c5ca013e088 b7b855787bcf4cda8f2c896447bfb4b0 ac73c655b62c4fafaabcd47ddfc9dc2a - - default default] Successfully bumped revision number for resource 281a70bd-e318-4a34-a816-415e92489101 (type: security_group_rules) to 0
2026-09-19 03:12:36.068 9 INFO neutron.api.wsgi [None req-c68fa585-a3c1-4cb1-9f35-b37ad0a4f776 5258ed5c16f447b09fb71bc54a171e09 9418a2a724fe4cb68cb2cc92b506e85a - - default default] 10.0.0.217 "GET /v2.0/extensions/availability_zone HTTP/1.1" status: 200 len: 372 time: 0.0035281
2026-09-19 03:12:36.077 10 INFO neutron.api.wsgi [None req-05b3b647-99e7-421d-87dd-722564a412cd 5258ed5c16f447b09fb71bc54a171e09 9418a2a724fe4cb68cb2cc92b506e85a - - default default] 10.0.0.217 "GET /v2.0/extensions/default-subnetpools HTTP/1.1" status: 200 len: 405 time: 0.0031238
2026-09-19 03:12:36.085 10 INFO neutron.api.wsgi [None req-abf3ba90-a0d3-4d4d-ad81-e0c208a7de26 5258ed5c16f447b09fb71bc54a171e09 9418a2a724fe4cb68cb2cc92b506e85a - - default default] 10.0.0.217 "GET /v2.0/extensions/dhcp_agent_scheduler HTTP/1.1" status: 200 len: 381 time: 0.0041492
2026-09-19 03:12:36.087 10 INFO neutron.db.ovn_revision_numbers_db [None req-eebb14e6-0af8-4dc2-9717-9c5ca013e088 b7b855787bcf4cda8f2c896447bfb4b0 ac73c655b62c4fafaabcd47ddfc9dc2a - - default default] Successfully bumped revision number for resource 352b913f-b033-48b0-a915-3574c5e36590 (type: security_group_rules) to 0
2026-09-19 03:12:36.096 9 INFO neutron.api.wsgi [None req-3df56eab-09de-4d0b-b89c-ab1f6311fcc7 5258ed5c16f447b09fb71bc54a171e09 9418a2a724fe4cb68cb2cc92b506e85a - - default default] 10.0.0.217 "GET /v2.0/extensions/dns-integration HTTP/1.1" status: 200 len: 366 time: 0.0041435
2026-09-19 03:12:36.098 10 INFO neutron.db.ovn_revision_numbers_db [None req-eebb14e6-0af8-4dc2-9717-9c5ca013e088 b7b855787bcf4cda8f2c896447bfb4b0 ac73c655b62c4fafaabcd47ddfc9dc2a - - default default] Successfully bumped revision number for resource 5277ad08-8717-4ddd-8955-b716ea4c2332 (type: security_group_rules) to 0
2026-09-19 03:12:36.104 9 INFO neutron.api.wsgi [None req-35ab88f4-df43-4231-94e0-f684310c477a 5258ed5c16f447b09fb71bc54a171e09 9418a2a724fe4cb68cb2cc92b506e85a - - default default] 10.0.0.217 "GET /v2.0/extensions/dns-domain-ports HTTP/1.1" status: 200 len: 399 time: 0.0034902
2026-09-19 03:12:36.111 10 INFO neutron.api.wsgi [None req-c8f0d2fe-0deb-494f-8615-0f98b0221a35 5258ed5c16f447b09fb71bc54a171e09 9418a2a724fe4cb68cb2cc92b506e85a - - default default] 10.0.0.217 "GET /v2.0/extensions/dns-integration-domain-keywords HTTP/1.1" status: 200 len: 477 time: 0.0028248
2026-09-19 03:12:36.114 10 INFO neutron.db.ovn_revision_numbers_db [None req-eebb14e6-0af8-4dc2-9717-9c5ca013e088 b7b855787bcf4cda8f2c896447bfb4b0 ac73c655b62c4fafaabcd47ddfc9dc2a - - default default] Successfully bumped revision number for resource 7ec60dc9-8680-4c80-a4f6-aa40072b7886 (type: security_group_rules) to 0
2026-09-19 03:12:36.120 9 INFO neutron.api.wsgi [None req-096b8a8a-7e9d-46db-a9c4-2f042697b6dc 5258ed5c16f447b09fb71bc54a171e09 9418a2a724fe4cb68cb2cc92b506e85a - - default default] 10.0.0.217 "GET /v2.0/extensions/empty-string-filtering HTTP/1.1" status: 200 len: 413 time: 0.0045772
2026-09-19 03:12:36.128 9 INFO neutron.api.wsgi [None req-74254aab-3518-41c1-999c-0b88e02f9cd9 5258ed5c16f447b09fb71bc54a171e09 9418a2a724fe4cb68cb2cc92b506e85a - - default default] 10.0.0.217 "GET /v2.0/extensions/external-net HTTP/1.1" status: 200 len: 394 time: 0.0037584
2026-09-19 03:12:36.134 10 INFO neutron.api.wsgi [None req-863c3bee-9168-45bb-a96d-27051954d461 5258ed5c16f447b09fb71bc54a171e09 9418a2a724fe4cb68cb2cc92b506e85a - - default default] 10.0.0.217 "GET /v2.0/extensions/extra_dhcp_opt HTTP/1.1" status: 200 len: 498 time: 0.0030460
2026-09-19 03:12:36.140 9 INFO neutron.api.wsgi [None req-db153759-5891-4df8-9564-a0e6ddf3d661 5258ed5c16f447b09fb71bc54a171e09 9418a2a724fe4cb68cb2cc92b506e85a - - default default] 10.0.0.217 "GET /v2.0/extensions/extraroute HTTP/1.1" status: 200 len: 375 time: 0.0028050
2026-09-19 03:12:36.145 9 INFO neutron.api.wsgi [None req-8fccf0d0-72b8-46a0-9665-345c6a7d35b0 5258ed5c16f447b09fb71bc54a171e09 9418a2a724fe4cb68cb2cc92b506e85a - - default default] 10.0.0.217 "GET /v2.0/extensions/floating-ip-port-forwarding-detail HTTP/1.1" status: 200 len: 465 time: 0.0023222
2026-09-19 03:12:36.151 9 INFO neutron.api.wsgi [None req-1b47201f-f677-443a-ad52-970f0253bcd5 5258ed5c16f447b09fb71bc54a171e09 9418a2a724fe4cb68cb2cc92b506e85a - - default default] 10.0.0.217 "GET /v2.0/extensions/fip-port-details HTTP/1.1" status: 200 len: 406 time: 0.0025239
2026-09-19 03:12:36.159 10 INFO neutron.api.wsgi [None req-a0454233-844a-434b-be42-f4713053d491 5258ed5c16f447b09fb71bc54a171e09 9418a2a724fe4cb68cb2cc92b506e85a - - default default] 10.0.0.217 "GET /v2.0/extensions/flavors HTTP/1.1" status: 200 len: 387 time: 0.0030651
2026-09-19 03:12:36.165 10 INFO neutron.api.wsgi [None req-6176b0a9-5061-489b-9418-ccae7c30c770 5258ed5c16f447b09fb71bc54a171e09 9418a2a724fe4cb68cb2cc92b506e85a - - default default] 10.0.0.217 "GET /v2.0/extensions/floatingip-pools HTTP/1.1" status: 200 len: 382 time: 0.0033343
2026-09-19 03:12:36.172 9 INFO neutron.api.wsgi [None req-b5aa3864-a2fb-4c38-8568-cb0c28b8d4b5 5258ed5c16f447b09fb71bc54a171e09 9418a2a724fe4cb68cb2cc92b506e85a - - default default] 10.0.0.217 "GET /v2.0/extensions/ip_allocation HTTP/1.1" status: 200 len: 356 time: 0.0034223
2026-09-19 03:12:36.181 9 INFO neutron.api.wsgi [None req-ee274dd0-89dd-48c8-a295-2426f7ce9f98 5258ed5c16f447b09fb71bc54a171e09 9418a2a724fe4cb68cb2cc92b506e85a - - default default] 10.0.0.217 "GET /v2.0/extensions/l2_adjacency HTTP/1.1" status: 200 len: 372 time: 0.0043323
2026-09-19 03:12:36.185 10 INFO neutron.db.segments_db [None req-eebb14e6-0af8-4dc2-9717-9c5ca013e088 b7b855787bcf4cda8f2c896447bfb4b0 ac73c655b62c4fafaabcd47ddfc9dc2a - - default default] Added segment 45f19e11-93bc-449a-a00d-252e3cb45693 of type geneve for network 0d2b5402-0406-4ab2-a051-abcdf3556636
2026-09-19 03:12:36.189 9 INFO neutron.api.wsgi [None req-f5f01b6f-18e3-4646-a7f2-d1dff7c8ecba 5258ed5c16f447b09fb71bc54a171e09 9418a2a724fe4cb68cb2cc92b506e85a - - default default] 10.0.0.217 "GET /v2.0/extensions/router HTTP/1.1" status: 200 len: 450 time: 0.0034707
2026-09-19 03:12:36.200 9 INFO neutron.api.wsgi [None req-f189ce9f-4bda-4147-9476-816e1bed2c6a 5258ed5c16f447b09fb71bc54a171e09 9418a2a724fe4cb68cb2cc92b506e85a - - default default] 10.0.0.217 "GET /v2.0/extensions/enable-default-route-bfd HTTP/1.1" status: 200 len: 406 time: 0.0067282
2026-09-19 03:12:36.206 9 INFO neutron.api.wsgi [None req-2feb69d6-3a13-40fe-b942-ecd48c502453 5258ed5c16f447b09fb71bc54a171e09 9418a2a724fe4cb68cb2cc92b506e85a - - default default] 10.0.0.217 "GET /v2.0/extensions/enable-default-route-ecmp HTTP/1.1" status: 200 len: 409 time: 0.0027816
2026-09-19 03:12:36.211 9 INFO neutron.api.wsgi [None req-98782515-bee4-43ab-a96b-0b689bfc5707 5258ed5c16f447b09fb71bc54a171e09 9418a2a724fe4cb68cb2cc92b506e85a - - default default] 10.0.0.217 "GET /v2.0/extensions/ext-gw-mode HTTP/1.1" status: 200 len: 462 time: 0.0025072
2026-09-19 03:12:36.218 9 INFO neutron.api.wsgi [None req-f3852f13-2407-4f29-ac7e-05e94f3116a9 5258ed5c16f447b09fb71bc54a171e09 9418a2a724fe4cb68cb2cc92b506e85a - - default default] 10.0.0.217 "GET /v2.0/extensions/l3-ha HTTP/1.1" status: 200 len: 360 time: 0.0037501
2026-09-19 03:12:36.227 9 INFO neutron.api.wsgi [None req-fc528c5e-e929-454f-9eef-506add2142d2 5258ed5c16f447b09fb71bc54a171e09 9418a2a724fe4cb68cb2cc92b506e85a - - default default] 10.0.0.217 "GET /v2.0/extensions/external-gateway-multihoming HTTP/1.1" status: 200 len: 421 time: 0.0050600
2026-09-19 03:12:36.236 10 INFO neutron.api.wsgi [None req-596974ec-415b-4c39-8a26-cf0021cd430a 5258ed5c16f447b09fb71bc54a171e09 9418a2a724fe4cb68cb2cc92b506e85a - - default default] 10.0.0.217 "GET /v2.0/extensions/l3-flavors HTTP/1.1" status: 200 len: 366 time: 0.0040336
2026-09-19 03:12:36.243 9 INFO neutron.api.wsgi [None req-4dbc93cb-0c51-425e-aca2-df1bd9e10f50 5258ed5c16f447b09fb71bc54a171e09 9418a2a724fe4cb68cb2cc92b506e85a - - default default] 10.0.0.217 "GET /v2.0/extensions/logging HTTP/1.1" status: 200 len: 407 time: 0.0036409
2026-09-19 03:12:36.252 10 INFO neutron.api.wsgi [None req-aac26c03-a3ad-4e7b-b263-f705e81f0411 5258ed5c16f447b09fb71bc54a171e09 9418a2a724fe4cb68cb2cc92b506e85a - - default default] 10.0.0.217 "GET /v2.0/extensions/multi-provider HTTP/1.1" status: 200 len: 406 time: 0.0042548
2026-09-19 03:12:36.259 9 INFO neutron.api.wsgi [None req-8570cbd0-f0a0-421c-852d-a622694fb40d 5258ed5c16f447b09fb71bc54a171e09 9418a2a724fe4cb68cb2cc92b506e85a - - default default] 10.0.0.217 "GET /v2.0/extensions/net-mtu HTTP/1.1" status: 200 len: 370 time: 0.0032244
2026-09-19 03:12:36.267 9 INFO neutron.api.wsgi [None req-c2ed95bc-47ab-432a-8f76-1da0ecb8762e 5258ed5c16f447b09fb71bc54a171e09 9418a2a724fe4cb68cb2cc92b506e85a - - default default] 10.0.0.217 "GET /v2.0/extensions/net-mtu-writable HTTP/1.1" status: 200 len: 401 time: 0.0034575
2026-09-19 03:12:36.275 9 INFO neutron.api.wsgi [None req-53935895-fa34-4ac5-b80e-80870ab67fe7 5258ed5c16f447b09fb71bc54a171e09 9418a2a724fe4cb68cb2cc92b506e85a - - default default] 10.0.0.217 "GET /v2.0/extensions/network_availability_zone HTTP/1.1" status: 200 len: 394 time: 0.0040364
2026-09-19 03:12:36.282 9 INFO neutron.api.wsgi [None req-96e7b096-3a18-4616-b5c5-12bdc9c57db6 5258ed5c16f447b09fb71bc54a171e09 9418a2a724fe4cb68cb2cc92b506e85a - - default default] 10.0.0.217 "GET /v2.0/extensions/network-ip-availability HTTP/1.1" status: 200 len: 410 time: 0.0031388
2026-09-19 03:12:36.288 9 INFO neutron.api.wsgi [None req-2ddbf28f-7dea-49d9-9e3a-7d97b75e2e15 5258ed5c16f447b09fb71bc54a171e09 9418a2a724fe4cb68cb2cc92b506e85a - - default default] 10.0.0.217 "GET /v2.0/extensions/pagination HTTP/1.1" status: 200 len: 386 time: 0.0026505
2026-09-19 03:12:36.294 9 INFO neutron.api.wsgi [None req-e1e3ce8f-f577-4af8-8021-0b6b721cc8d3 5258ed5c16f447b09fb71bc54a171e09 9418a2a724fe4cb68cb2cc92b506e85a - - default default] 10.0.0.217 "GET /v2.0/extensions/port-device-profile HTTP/1.1" status: 200 len: 383 time: 0.0031092
2026-09-19 03:12:36.303 9 INFO neutron.api.wsgi [None req-e7c19b79-83eb-46c0-a97c-abc9adc6c403 5258ed5c16f447b09fb71bc54a171e09 9418a2a724fe4cb68cb2cc92b506e85a - - default default] 10.0.0.217 "GET /v2.0/extensions/port-mac-address-regenerate HTTP/1.1" status: 200 len: 403 time: 0.0035484
2026-09-19 03:12:36.306 10 INFO neutron.api.wsgi [req-1e9c6cfe-b74f-46be-9cc4-2e5e4f667201 req-1a6b51b4-5964-4776-b7bc-64b1920b9f3d c21a2649964145c4ba2955859123e3c0 8f56c4e4d5c9416da122dd9e1503bc32 - - default default] 10.0.0.185 "GET /v2.0/ports?device_id=7a9e28a4-2d9d-470b-a615-79461b87ceb6 HTTP/1.1" status: 200 len: 1174 time: 0.0976005
2026-09-19 03:12:36.309 9 INFO neutron.api.wsgi [None req-a67c09ae-fb84-42d1-90a1-b01a36466137 5258ed5c16f447b09fb71bc54a171e09 9418a2a724fe4cb68cb2cc92b506e85a - - default default] 10.0.0.217 "GET /v2.0/extensions/port-numa-affinity-policy HTTP/1.1" status: 200 len: 392 time: 0.0026937
2026-09-19 03:12:36.315 9 INFO neutron.api.wsgi [None req-71f81548-c690-4492-b5d6-fe28edb822d6 5258ed5c16f447b09fb71bc54a171e09 9418a2a724fe4cb68cb2cc92b506e85a - - default default] 10.0.0.217 "GET /v2.0/extensions/port-numa-affinity-policy-socket HTTP/1.1" status: 200 len: 434 time: 0.0024614
2026-09-19 03:12:36.320 9 INFO neutron.api.wsgi [None req-c20d8da8-b1c0-4174-a705-b666181a52cc 5258ed5c16f447b09fb71bc54a171e09 9418a2a724fe4cb68cb2cc92b506e85a - - default default] 10.0.0.217 "GET /v2.0/extensions/port-resource-request HTTP/1.1" status: 200 len: 379 time: 0.0027506
2026-09-19 03:12:36.327 9 INFO neutron.api.wsgi [None req-45482594-dd4f-4db8-821e-12e9b38e2d80 5258ed5c16f447b09fb71bc54a171e09 9418a2a724fe4cb68cb2cc92b506e85a - - default default] 10.0.0.217 "GET /v2.0/extensions/port-resource-request-groups HTTP/1.1" status: 200 len: 465 time: 0.0035663
2026-09-19 03:12:36.330 10 INFO neutron.db.ovn_revision_numbers_db [None req-eebb14e6-0af8-4dc2-9717-9c5ca013e088 b7b855787bcf4cda8f2c896447bfb4b0 ac73c655b62c4fafaabcd47ddfc9dc2a - - default default] Successfully bumped revision number for resource 0d2b5402-0406-4ab2-a051-abcdf3556636 (type: networks) to 1
2026-09-19 03:12:36.334 9 INFO neutron.api.wsgi [None req-f860a95e-1fc2-41c7-a03d-893256ffd2c9 5258ed5c16f447b09fb71bc54a171e09 9418a2a724fe4cb68cb2cc92b506e85a - - default default] 10.0.0.217 "GET /v2.0/extensions/binding HTTP/1.1" status: 200 len: 387 time: 0.0031850
2026-09-19 03:12:36.340 9 INFO neutron.api.wsgi [None req-3aa8cd6a-7e29-4a14-9556-b7f375924e59 5258ed5c16f447b09fb71bc54a171e09 9418a2a724fe4cb68cb2cc92b506e85a - - default default] 10.0.0.217 "GET /v2.0/extensions/binding-extended HTTP/1.1" status: 200 len: 406 time: 0.0029321
2026-09-19 03:12:36.348 9 INFO neutron.api.wsgi [None req-82b3b952-9f1f-441f-abec-f5571eed15fe 5258ed5c16f447b09fb71bc54a171e09 9418a2a724fe4cb68cb2cc92b506e85a - - default default] 10.0.0.217 "GET /v2.0/extensions/port-security HTTP/1.1" status: 200 len: 354 time: 0.0031786
2026-09-19 03:12:36.354 9 INFO neutron.api.wsgi [None req-01a3553a-f17f-4507-a0b1-c4410fa2b748 5258ed5c16f447b09fb71bc54a171e09 9418a2a724fe4cb68cb2cc92b506e85a - - default default] 10.0.0.217 "GET /v2.0/extensions/project-id HTTP/1.1" status: 200 len: 398 time: 0.0031250
2026-09-19 03:12:36.359 10 INFO neutron.api.wsgi [req-1e9c6cfe-b74f-46be-9cc4-2e5e4f667201 req-2eb412c5-ab88-4db9-acd7-d1d34252bbe5 c21a2649964145c4ba2955859123e3c0 8f56c4e4d5c9416da122dd9e1503bc32 - - default default] 10.0.0.185 "GET /v2.0/security-groups?id=c753a62b-5068-453d-b4c7-ae9bb64c012b&fields=id&fields=name HTTP/1.1" status: 200 len: 286 time: 0.0492961
2026-09-19 03:12:36.360 9 INFO neutron.api.wsgi [None req-88601713-533b-4b40-a058-957ac3a9c8f6 5258ed5c16f447b09fb71bc54a171e09 9418a2a724fe4cb68cb2cc92b506e85a - - default default] 10.0.0.217 "GET /v2.0/extensions/provider HTTP/1.1" status: 200 len: 385 time: 0.0026422
2026-09-19 03:12:36.365 9 INFO neutron.api.wsgi [None req-8617cb92-7427-452c-8e77-9351a253e12c 5258ed5c16f447b09fb71bc54a171e09 9418a2a724fe4cb68cb2cc92b506e85a - - default default] 10.0.0.217 "GET /v2.0/extensions/qos HTTP/1.1" status: 200 len: 360 time: 0.0028434
2026-09-19 03:12:36.371 9 INFO neutron.api.wsgi [None req-ce0d7580-3493-4f77-a886-15be8c6c998d 5258ed5c16f447b09fb71bc54a171e09 9418a2a724fe4cb68cb2cc92b506e85a - - default default] 10.0.0.217 "GET /v2.0/extensions/qos-bw-limit-direction HTTP/1.1" status: 200 len: 452 time: 0.0025852
2026-09-19 03:12:36.379 10 INFO neutron.api.wsgi [None req-450037ab-a211-433e-af97-283db3a21aed 5258ed5c16f447b09fb71bc54a171e09 9418a2a724fe4cb68cb2cc92b506e85a - - default default] 10.0.0.217 "GET /v2.0/extensions/qos-bw-minimum-ingress HTTP/1.1" status: 200 len: 445 time: 0.0043581
2026-09-19 03:12:36.385 9 INFO neutron.api.wsgi [None req-0bc7afeb-a50c-47ba-bc6a-bd6d54bee42e 5258ed5c16f447b09fb71bc54a171e09 9418a2a724fe4cb68cb2cc92b506e85a - - default default] 10.0.0.217 "GET /v2.0/extensions/qos-default HTTP/1.1" status: 200 len: 377 time: 0.0032108
2026-09-19 03:12:36.391 9 INFO neutron.api.wsgi [None req-2236c253-2556-4a48-9c16-47ee06519248 5258ed5c16f447b09fb71bc54a171e09 9418a2a724fe4cb68cb2cc92b506e85a - - default default] 10.0.0.217 "GET /v2.0/extensions/qos-fip HTTP/1.1" status: 200 len: 372 time: 0.0024462
2026-09-19 03:12:36.397 9 INFO neutron.api.wsgi [None req-60a7fc12-fc69-43a9-9bb5-08df401ea566 5258ed5c16f447b09fb71bc54a171e09 9418a2a724fe4cb68cb2cc92b506e85a - - default default] 10.0.0.217 "GET /v2.0/extensions/qos-gateway-ip HTTP/1.1" status: 200 len: 391 time: 0.0024414
2026-09-19 03:12:36.404 9 INFO neutron.api.wsgi [None req-dc2beb21-8fd7-4c6e-af01-6ac725e3f5bb 5258ed5c16f447b09fb71bc54a171e09 9418a2a724fe4cb68cb2cc92b506e85a - - default default] 10.0.0.217 "GET /v2.0/extensions/qos-port-network-policy HTTP/1.1" status: 200 len: 403 time: 0.0024552
2026-09-19 03:12:36.410 9 INFO neutron.api.wsgi [None req-7d3f070e-c0e5-49c4-bd96-4ef92e709a77 5258ed5c16f447b09fb71bc54a171e09 9418a2a724fe4cb68cb2cc92b506e85a - - default default] 10.0.0.217 "GET /v2.0/extensions/qos-pps-minimum HTTP/1.1" status: 200 len: 397 time: 0.0029476
2026-09-19 03:12:36.416 9 INFO neutron.api.wsgi [None req-9f0e7e21-d996-4de9-b2d5-c4b36e642dbf 5258ed5c16f447b09fb71bc54a171e09 9418a2a724fe4cb68cb2cc92b506e85a - - default default] 10.0.0.217 "GET /v2.0/extensions/qos-pps-minimum-rule-alias HTTP/1.1" status: 200 len: 471 time: 0.0029087
2026-09-19 03:12:36.423 9 INFO neutron.api.wsgi [None req-901b571b-4b51-49ee-a217-1c236185bf34 5258ed5c16f447b09fb71bc54a171e09 9418a2a724fe4cb68cb2cc92b506e85a - - default default] 10.0.0.217 "GET /v2.0/extensions/qos-pps HTTP/1.1" status: 200 len: 389 time: 0.0027020
2026-09-19 03:12:36.429 9 INFO neutron.api.wsgi [None req-9457639c-eeda-4c18-9d73-2d4058b9c144 5258ed5c16f447b09fb71bc54a171e09 9418a2a724fe4cb68cb2cc92b506e85a - - default default] 10.0.0.217 "GET /v2.0/extensions/qos-rule-type-details HTTP/1.1" status: 200 len: 423 time: 0.0027122
2026-09-19 03:12:36.436 9 INFO neutron.api.wsgi [None req-6a645ed2-7491-4a5c-a9e8-55d254292a6c 5258ed5c16f447b09fb71bc54a171e09 9418a2a724fe4cb68cb2cc92b506e85a - - default default] 10.0.0.217 "GET /v2.0/extensions/qos-rule-type-filter HTTP/1.1" status: 200 len: 567 time: 0.0028789
2026-09-19 03:12:36.442 9 INFO neutron.api.wsgi [None req-cc3eb133-378b-4732-a9e0-460603808549 5258ed5c16f447b09fb71bc54a171e09 9418a2a724fe4cb68cb2cc92b506e85a - - default default] 10.0.0.217 "GET /v2.0/extensions/qos-rules-alias HTTP/1.1" status: 200 len: 448 time: 0.0027661
2026-09-19 03:12:36.448 9 INFO neutron.api.wsgi [None req-c5fbee9d-4362-4ca6-86d6-b1d8c8a17714 5258ed5c16f447b09fb71bc54a171e09 9418a2a724fe4cb68cb2cc92b506e85a - - default default] 10.0.0.217 "GET /v2.0/extensions/quota-check-limit HTTP/1.1" status: 200 len: 420 time: 0.0024893
2026-09-19 03:12:36.454 9 INFO neutron.api.wsgi [None req-5cc26fb1-f4f6-4e28-8f94-81dd829fc08d 5258ed5c16f447b09fb71bc54a171e09 9418a2a724fe4cb68cb2cc92b506e85a - - default default] 10.0.0.217 "GET /v2.0/extensions/quotas HTTP/1.1" status: 200 len: 386 time: 0.0025735
2026-09-19 03:12:36.461 9 INFO neutron.api.wsgi [None req-a78b60ec-b8e1-4035-90aa-2d7d25628a52 5258ed5c16f447b09fb71bc54a171e09 9418a2a724fe4cb68cb2cc92b506e85a - - default default] 10.0.0.217 "GET /v2.0/extensions/quota_details HTTP/1.1" status: 200 len: 407 time: 0.0028865
2026-09-19 03:12:36.468 9 INFO neutron.api.wsgi [None req-e5246fb3-2da1-4e65-a5c8-45a9164f5195 5258ed5c16f447b09fb71bc54a171e09 9418a2a724fe4cb68cb2cc92b506e85a - - default default] 10.0.0.217 "GET /v2.0/extensions/rbac-policies HTTP/1.1" status: 200 len: 417 time: 0.0026963
2026-09-19 03:12:36.473 9 INFO neutron.api.wsgi [None req-44c6a1c9-0768-459b-bebe-b7e738111c7c 5258ed5c16f447b09fb71bc54a171e09 9418a2a724fe4cb68cb2cc92b506e85a - - default default] 10.0.0.217 "GET /v2.0/extensions/rbac-address-scope HTTP/1.1" status: 200 len: 384 time: 0.0025296
2026-09-19 03:12:36.479 9 INFO neutron.api.wsgi [None req-be88bcf2-2915-492a-a379-356f396eba10 5258ed5c16f447b09fb71bc54a171e09 9418a2a724fe4cb68cb2cc92b506e85a - - default default] 10.0.0.217 "GET /v2.0/extensions/rbac-security-groups HTTP/1.1" status: 200 len: 404 time: 0.0024524
2026-09-19 03:12:36.485 9 INFO neutron.api.wsgi [None req-e7399ca9-c879-4f53-834e-c94b0c3490e6 5258ed5c16f447b09fb71bc54a171e09 9418a2a724fe4cb68cb2cc92b506e85a - - default default] 10.0.0.217 "GET /v2.0/extensions/revision-if-match HTTP/1.1" status: 200 len: 441 time: 0.0030572
2026-09-19 03:12:36.491 9 INFO neutron.api.wsgi [None req-8511f7ea-9aee-487d-9543-7548ebbd49c3 5258ed5c16f447b09fb71bc54a171e09 9418a2a724fe4cb68cb2cc92b506e85a - - default default] 10.0.0.217 "GET /v2.0/extensions/standard-attr-revisions HTTP/1.1" status: 200 len: 423 time: 0.0031762
2026-09-19 03:12:36.497 9 INFO neutron.api.wsgi [None req-f6da7957-581d-4df6-b3f2-7be127657e27 5258ed5c16f447b09fb71bc54a171e09 9418a2a724fe4cb68cb2cc92b506e85a - - default default] 10.0.0.217 "GET /v2.0/extensions/router_availability_zone HTTP/1.1" status: 200 len: 391 time: 0.0030684
2026-09-19 03:12:36.503 9 INFO neutron.api.wsgi [None req-5c63acb9-9f4e-4670-a219-f089395d0150 5258ed5c16f447b09fb71bc54a171e09 9418a2a724fe4cb68cb2cc92b506e85a - - default default] 10.0.0.217 "GET /v2.0/extensions/security-groups-default-rules HTTP/1.1" status: 200 len: 456 time: 0.0030077
2026-09-19 03:12:36.509 9 INFO neutron.api.wsgi [None req-2b1a0455-7102-47f5-9fc4-aa452041f076 5258ed5c16f447b09fb71bc54a171e09 9418a2a724fe4cb68cb2cc92b506e85a - - default default] 10.0.0.217 "GET /v2.0/extensions/security-groups-normalized-cidr HTTP/1.1" status: 200 len: 445 time: 0.0034485
2026-09-19 03:12:36.516 9 INFO neutron.api.wsgi [None req-55d16a46-cc8d-43f6-b9be-c519dd15ce3e 5258ed5c16f447b09fb71bc54a171e09 9418a2a724fe4cb68cb2cc92b506e85a - - default default] 10.0.0.217 "GET /v2.0/extensions/security-groups-remote-address-group HTTP/1.1" status: 200 len: 448 time: 0.0029867
2026-09-19 03:12:36.523 9 INFO neutron.api.wsgi [None req-c1d10744-61d7-4b39-afea-7693844a208f 5258ed5c16f447b09fb71bc54a171e09 9418a2a724fe4cb68cb2cc92b506e85a - - default default] 10.0.0.217 "GET /v2.0/extensions/security-groups-rules-belongs-to-default-sg HTTP/1.1" status: 200 len: 508 time: 0.0031621
2026-09-19 03:12:36.533 9 INFO neutron.api.wsgi [None req-b359d36a-edf8-4345-8515-4e536c2a418e 5258ed5c16f447b09fb71bc54a171e09 9418a2a724fe4cb68cb2cc92b506e85a - - default default] 10.0.0.217 "GET /v2.0/extensions/security-groups-shared-filtering HTTP/1.1" status: 200 len: 435 time: 0.0030425
2026-09-19 03:12:36.540 9 INFO neutron.api.wsgi [None req-c416810c-499d-4eb5-a82c-e98bbe4b0321 5258ed5c16f447b09fb71bc54a171e09 9418a2a724fe4cb68cb2cc92b506e85a - - default default] 10.0.0.217 "GET /v2.0/extensions/security-group HTTP/1.1" status: 200 len: 364 time: 0.0039530
2026-09-19 03:12:36.551 9 INFO neutron.api.wsgi [None req-21704e47-7c3c-4a16-83a1-d6b4be738f42 5258ed5c16f447b09fb71bc54a171e09 9418a2a724fe4cb68cb2cc92b506e85a - - default default] 10.0.0.217 "GET /v2.0/extensions/segment HTTP/1.1" status: 200 len: 339 time: 0.0037093
2026-09-19 03:12:36.557 9 INFO neutron.api.wsgi [None req-fb3ef648-388c-4c0c-84aa-939154fbd827 5258ed5c16f447b09fb71bc54a171e09 9418a2a724fe4cb68cb2cc92b506e85a - - default default] 10.0.0.217 "GET /v2.0/extensions/segments-peer-subnet-host-routes HTTP/1.1" status: 200 len: 427 time: 0.0028462
2026-09-19 03:12:36.567 9 INFO neutron.api.wsgi [None req-c9a408a0-8a0c-46dd-93ec-fce7b6063530 5258ed5c16f447b09fb71bc54a171e09 9418a2a724fe4cb68cb2cc92b506e85a - - default default] 10.0.0.217 "GET /v2.0/extensions/service-type HTTP/1.1" status: 200 len: 415 time: 0.0042582
2026-09-19 03:12:36.575 9 INFO neutron.api.wsgi [None req-75586d4f-8109-4b18-8f6e-c102c34a701f 5258ed5c16f447b09fb71bc54a171e09 9418a2a724fe4cb68cb2cc92b506e85a - - default default] 10.0.0.217 "GET /v2.0/extensions/sorting HTTP/1.1" status: 200 len: 377 time: 0.0047746
2026-09-19 03:12:36.584 9 INFO neutron.api.wsgi [None req-85f8d652-6634-4f76-bb81-d3aa43536500 5258ed5c16f447b09fb71bc54a171e09 9418a2a724fe4cb68cb2cc92b506e85a - - default default] 10.0.0.217 "GET /v2.0/extensions/standard-attr-segment HTTP/1.1" status: 200 len: 406 time: 0.0031271
2026-09-19 03:12:36.589 9 INFO neutron.api.wsgi [None req-94eebc0f-2372-42e9-a451-c1b872f3556b 5258ed5c16f447b09fb71bc54a171e09 9418a2a724fe4cb68cb2cc92b506e85a - - default default] 10.0.0.217 "GET /v2.0/extensions/standard-attr-description HTTP/1.1" status: 200 len: 408 time: 0.0027905
2026-09-19 03:12:36.595 9 INFO neutron.api.wsgi [None req-6f2b8001-6918-408a-bc93-59cc406f6c0e 5258ed5c16f447b09fb71bc54a171e09 9418a2a724fe4cb68cb2cc92b506e85a - - default default] 10.0.0.217 "GET /v2.0/extensions/stateful-security-group HTTP/1.1" status: 200 len: 402 time: 0.0027237
2026-09-19 03:12:36.601 9 INFO neutron.api.wsgi [None req-85585b9e-c066-4752-a559-97b485f83297 5258ed5c16f447b09fb71bc54a171e09 9418a2a724fe4cb68cb2cc92b506e85a - - default default] 10.0.0.217 "GET /v2.0/extensions/subnet-dns-publish-fixed-ip HTTP/1.1" status: 200 len: 421 time: 0.0028315
2026-09-19 03:12:36.611 9 INFO neutron.api.wsgi [None req-963861c0-3030-41b1-be72-4a4e411e115a 5258ed5c16f447b09fb71bc54a171e09 9418a2a724fe4cb68cb2cc92b506e85a - - default default] 10.0.0.217 "GET /v2.0/extensions/subnet-external-network HTTP/1.1" status: 200 len: 418 time: 0.0058782
2026-09-19 03:12:36.619 9 INFO neutron.api.wsgi [None req-597061ff-d8be-456f-8885-8a626e7efee6 5258ed5c16f447b09fb71bc54a171e09 9418a2a724fe4cb68cb2cc92b506e85a - - default default] 10.0.0.217 "GET /v2.0/extensions/subnet-segmentid-writable HTTP/1.1" status: 200 len: 421 time: 0.0041468
2026-09-19 03:12:36.627 9 INFO neutron.api.wsgi [None req-ac4426e1-de0b-41e1-a60e-ccc1b6e35984 5258ed5c16f447b09fb71bc54a171e09 9418a2a724fe4cb68cb2cc92b506e85a - - default default] 10.0.0.217 "GET /v2.0/extensions/subnet-service-types HTTP/1.1" status: 200 len: 400 time: 0.0030277
2026-09-19 03:12:36.633 9 INFO neutron.api.wsgi [None req-fafb019c-34a6-425e-8ac5-73266e705551 5258ed5c16f447b09fb71bc54a171e09 9418a2a724fe4cb68cb2cc92b506e85a - - default default] 10.0.0.217 "GET /v2.0/extensions/subnet_allocation HTTP/1.1" status: 200 len: 388 time: 0.0031810
2026-09-19 03:12:36.639 9 INFO neutron.api.wsgi [None req-d1d2e9c9-97bb-4d8c-be7a-71fb058a7e4f 5258ed5c16f447b09fb71bc54a171e09 9418a2a724fe4cb68cb2cc92b506e85a - - default default] 10.0.0.217 "GET /v2.0/extensions/subnetpool-prefix-ops HTTP/1.1" status: 200 len: 418 time: 0.0025330
2026-09-19 03:12:36.644 9 INFO neutron.api.wsgi [None req-30340f6a-8533-4efc-ba83-cd6c0ca257bd 5258ed5c16f447b09fb71bc54a171e09 9418a2a724fe4cb68cb2cc92b506e85a - - default default] 10.0.0.217 "GET /v2.0/extensions/tag-creation HTTP/1.1" status: 200 len: 384 time: 0.0023720
2026-09-19 03:12:36.651 9 INFO neutron.api.wsgi [None req-e1b2b275-80cb-4486-82c2-7ec265c7ad65 5258ed5c16f447b09fb71bc54a171e09 9418a2a724fe4cb68cb2cc92b506e85a - - default default] 10.0.0.217 "GET /v2.0/extensions/standard-attr-tag HTTP/1.1" status: 200 len: 537 time: 0.0026510
2026-09-19 03:12:36.658 10 INFO neutron.notifiers.nova [-] Nova event matching ['req-1e43f58a-2d64-447d-b32d-4f1e77781597'] response: {'server_uuid': '7a9e28a4-2d9d-470b-a615-79461b87ceb6', 'name': 'network-vif-plugged', 'status': 'completed', 'tag': '80428d88-785b-4564-b5b6-ae573bae3727', 'code': 200}
2026-09-19 03:12:36.660 9 INFO neutron.api.wsgi [None req-9265b58c-990d-45ee-95dc-ea3c1467fa79 5258ed5c16f447b09fb71bc54a171e09 9418a2a724fe4cb68cb2cc92b506e85a - - default default] 10.0.0.217 "GET /v2.0/extensions/standard-attr-timestamp HTTP/1.1" status: 200 len: 449 time: 0.0028946
2026-09-19 03:12:36.666 9 INFO neutron.api.wsgi [None req-765a7c35-b708-47b9-9f45-05c2bb0da91e 5258ed5c16f447b09fb71bc54a171e09 9418a2a724fe4cb68cb2cc92b506e85a - - default default] 10.0.0.217 "GET /v2.0/extensions/trunk HTTP/1.1" status: 200 len: 358 time: 0.0025992
2026-09-19 03:12:36.672 9 INFO neutron.api.wsgi [None req-17da0fe0-66f9-4190-9da4-c83cecc48dfa 5258ed5c16f447b09fb71bc54a171e09 9418a2a724fe4cb68cb2cc92b506e85a - - default default] 10.0.0.217 "GET /v2.0/extensions/trunk-details HTTP/1.1" status: 200 len: 362 time: 0.0029776
2026-09-19 03:12:36.681 9 INFO neutron.api.wsgi [None req-ba93df45-9dc7-4b6a-9588-6190f14f780e 5258ed5c16f447b09fb71bc54a171e09 9418a2a724fe4cb68cb2cc92b506e85a - - default default] 10.0.0.217 "GET /v2.0/extensions/vpn-agent-scheduler HTTP/1.1" status: 200 len: 393 time: 0.0053477
2026-09-19 03:12:36.691 9 INFO neutron.api.wsgi [None req-faa237e4-51d5-4c1d-b3e0-e0647fbe1537 5258ed5c16f447b09fb71bc54a171e09 9418a2a724fe4cb68cb2cc92b506e85a - - default default] 10.0.0.217 "GET /v2.0/extensions/vpn-endpoint-groups HTTP/1.1" status: 200 len: 371 time: 0.0046668
2026-09-19 03:12:36.701 9 INFO neutron.api.wsgi [None req-cc2c82de-f39f-4fc6-a9d6-e5ba42411610 5258ed5c16f447b09fb71bc54a171e09 9418a2a724fe4cb68cb2cc92b506e85a - - default default] 10.0.0.217 "GET /v2.0/extensions/vpn-flavors HTTP/1.1" status: 200 len: 376 time: 0.0033031
2026-09-19 03:12:36.709 9 INFO neutron.api.wsgi [None req-22250028-bf51-4295-b512-fa9e39850ebd 5258ed5c16f447b09fb71bc54a171e09 9418a2a724fe4cb68cb2cc92b506e85a - - default default] 10.0.0.217 "GET /v2.0/extensions/vpnaas HTTP/1.1" status: 200 len: 348 time: 0.0035558
