2026-09-19 03:13:54.406 10 INFO neutron.plugins.ml2.drivers.ovn.mech_driver.mech_driver [None req-db2bba73-1e9a-4e51-82aa-e291ea2aece6 - - - - - -] OVN reports status up for port: 5399648d-bdfc-47f9-b97b-af86a706db9c
2026-09-19 03:13:54.418 10 INFO neutron.plugins.ml2.plugin [None req-db2bba73-1e9a-4e51-82aa-e291ea2aece6 - - - - - -] Attempt 1 to provision port 5399648d-bdfc-47f9-b97b-af86a706db9c
2026-09-19 03:13:54.541 10 INFO neutron.notifiers.nova [-] Nova event matching ['req-232e410d-a7ed-4277-829c-c6d9cd7e8c44'] response: {'server_uuid': 'fcef7bd3-561b-4188-b792-8e0c1fc10994', 'name': 'network-vif-plugged', 'status': 'completed', 'tag': '5399648d-bdfc-47f9-b97b-af86a706db9c', 'code': 200}
2026-09-19 03:13:54.651 10 INFO neutron.db.ovn_revision_numbers_db [None req-db2bba73-1e9a-4e51-82aa-e291ea2aece6 - - - - - -] Successfully bumped revision number for resource 5399648d-bdfc-47f9-b97b-af86a706db9c (type: ports) to 5 /var/lib/openstack/lib/python3.12/site-packages/pycadf/identifier.py:71: UserWarning: Invalid uuid: neutron. To ensure interoperability, identifiers should be a valid uuid. warnings.warn(('Invalid uuid: %s. To ensure interoperability, '
2026-09-19 03:13:55.340 10 WARNING neutron_lib.context [None req-bb22a5c6-6759-4768-899a-9b25b9b4970b f35c71a2c8d54060b83a9ae1648bb41f f0855ef8663f40878d14d1df46f2813a - - default default] Method 'is_advsvc' is deprecated since 2023.2 release (neutron-lib 3.8.0) and will be removed once support for the old RBAC API policies will be removed from Neutron. Please use method 'is_service_role' instead.
2026-09-19 03:13:55.503 10 INFO neutron.api.wsgi [req-292ee904-6dab-43c9-91db-a7d0f435198f req-2b706662-93df-4f27-8481-c45753dfdda5 38cc78dfb5774af48d181030f2608462 d01d0e6decfe4a7488f92b38b14acfa5 - - default default] 10.0.0.185 "GET /v2.0/ports?device_id=fcef7bd3-561b-4188-b792-8e0c1fc10994 HTTP/1.1" status: 200 len: 1210 time: 0.1065924
2026-09-19 03:13:55.545 10 INFO neutron.api.wsgi [req-292ee904-6dab-43c9-91db-a7d0f435198f req-3ce77d3b-f392-4efe-adaa-4c667255b94c 38cc78dfb5774af48d181030f2608462 d01d0e6decfe4a7488f92b38b14acfa5 - - default default] 10.0.0.185 "GET /v2.0/security-groups?id=fb289999-f103-40c4-8a36-a4a30bcd5d8b&id=ef43566f-28d7-4f41-842d-66430e361834&fields=id&fields=name HTTP/1.1" status: 200 len: 406 time: 0.0336218
2026-09-19 03:13:55.588 10 INFO neutron.api.wsgi [None req-bb22a5c6-6759-4768-899a-9b25b9b4970b f35c71a2c8d54060b83a9ae1648bb41f f0855ef8663f40878d14d1df46f2813a - - default default] 10.0.0.217 "POST /v2.0/subnetpools HTTP/1.1" status: 201 len: 715 time: 0.4425166
2026-09-19 03:13:55.598 10 WARNING neutron_lib.context [None req-26ee07af-55fa-4c88-84c6-916cd9758ffb f35c71a2c8d54060b83a9ae1648bb41f f0855ef8663f40878d14d1df46f2813a - - default default] Method 'is_advsvc' is deprecated since 2023.2 release (neutron-lib 3.8.0) and will be removed once support for the old RBAC API policies will be removed from Neutron. Please use method 'is_service_role' instead.
2026-09-19 03:13:55.670 10 INFO neutron.api.wsgi [None req-26ee07af-55fa-4c88-84c6-916cd9758ffb f35c71a2c8d54060b83a9ae1648bb41f f0855ef8663f40878d14d1df46f2813a - - default default] 10.0.0.217 "POST /v2.0/subnetpools HTTP/1.1" status: 201 len: 715 time: 0.0763562
2026-09-19 03:13:55.678 10 WARNING neutron_lib.context [None req-aac5dda6-0673-49b5-b6d2-673eaed538a3 f35c71a2c8d54060b83a9ae1648bb41f f0855ef8663f40878d14d1df46f2813a - - default default] Method 'is_advsvc' is deprecated since 2023.2 release (neutron-lib 3.8.0) and will be removed once support for the old RBAC API policies will be removed from Neutron. Please use method 'is_service_role' instead.
2026-09-19 03:13:55.740 10 INFO neutron.api.wsgi [None req-aac5dda6-0673-49b5-b6d2-673eaed538a3 f35c71a2c8d54060b83a9ae1648bb41f f0855ef8663f40878d14d1df46f2813a - - default default] 10.0.0.217 "POST /v2.0/subnetpools HTTP/1.1" status: 201 len: 715 time: 0.0665524
2026-09-19 03:13:55.750 10 WARNING neutron_lib.context [None req-6622ffc2-a585-42ce-8524-99cc3e08018a f35c71a2c8d54060b83a9ae1648bb41f f0855ef8663f40878d14d1df46f2813a - - default default] Method 'is_advsvc' is deprecated since 2023.2 release (neutron-lib 3.8.0) and will be removed once support for the old RBAC API policies will be removed from Neutron. Please use method 'is_service_role' instead.
2026-09-19 03:13:55.798 10 INFO neutron.api.wsgi [None req-6622ffc2-a585-42ce-8524-99cc3e08018a f35c71a2c8d54060b83a9ae1648bb41f f0855ef8663f40878d14d1df46f2813a - - default default] 10.0.0.217 "POST /v2.0/subnetpools HTTP/1.1" status: 201 len: 715 time: 0.0526218
2026-09-19 03:13:55.806 10 WARNING neutron_lib.context [None req-d865bc64-1625-4340-8efd-caafced54674 f35c71a2c8d54060b83a9ae1648bb41f f0855ef8663f40878d14d1df46f2813a - - default default] Method 'is_advsvc' is deprecated since 2023.2 release (neutron-lib 3.8.0) and will be removed once support for the old RBAC API policies will be removed from Neutron. Please use method 'is_service_role' instead.
2026-09-19 03:13:55.853 10 INFO neutron.api.wsgi [None req-d865bc64-1625-4340-8efd-caafced54674 f35c71a2c8d54060b83a9ae1648bb41f f0855ef8663f40878d14d1df46f2813a - - default default] 10.0.0.217 "POST /v2.0/subnetpools HTTP/1.1" status: 201 len: 715 time: 0.0505927
2026-09-19 03:13:55.882 10 INFO neutron.api.wsgi [None req-c3c63929-f0d5-40d1-8e93-061d9ce40247 f35c71a2c8d54060b83a9ae1648bb41f f0855ef8663f40878d14d1df46f2813a - - default default] 10.0.0.217 "PUT /v2.0/subnetpools/23b64d5b-6429-49b1-9c3d-1f3886e6ab20/tags HTTP/1.1" status: 200 len: 210 time: 0.0261171
2026-09-19 03:13:55.911 10 INFO neutron.api.wsgi [None req-d2f4f3ad-5269-401b-bbdf-ce33929da00c f35c71a2c8d54060b83a9ae1648bb41f f0855ef8663f40878d14d1df46f2813a - - default default] 10.0.0.217 "PUT /v2.0/subnetpools/84bdace2-dfab-4ba0-8fe2-cb14e98e8332/tags HTTP/1.1" status: 200 len: 218 time: 0.0247068
2026-09-19 03:13:55.962 10 INFO neutron.api.wsgi [None req-60437742-d1dc-42da-bfde-de94dc04e792 f35c71a2c8d54060b83a9ae1648bb41f f0855ef8663f40878d14d1df46f2813a - - default default] 10.0.0.217 "PUT /v2.0/subnetpools/9f58f8bd-fef4-403e-b956-a59e6ba3b419/tags HTTP/1.1" status: 200 len: 227 time: 0.0473549
2026-09-19 03:13:55.992 10 INFO neutron.api.wsgi [None req-22588325-80cf-4862-ac2f-7801aef83d69 f35c71a2c8d54060b83a9ae1648bb41f f0855ef8663f40878d14d1df46f2813a - - default default] 10.0.0.217 "PUT /v2.0/subnetpools/ec639c2f-12f2-4677-899a-33bc720d9276/tags HTTP/1.1" status: 200 len: 212 time: 0.0265577
2026-09-19 03:13:56.018 10 INFO neutron.api.wsgi [None req-7fedf6c0-4703-43ec-877d-9ed7eec7fc22 f35c71a2c8d54060b83a9ae1648bb41f f0855ef8663f40878d14d1df46f2813a - - default default] 10.0.0.217 "GET /v2.0/subnetpools?tags=red HTTP/1.1" status: 200 len: 1758 time: 0.0205257
2026-09-19 03:13:56.040 10 INFO neutron.api.wsgi [None req-b3f47b24-f5cc-4d78-8f46-20b099a40112 f35c71a2c8d54060b83a9ae1648bb41f f0855ef8663f40878d14d1df46f2813a - - default default] 10.0.0.217 "GET /v2.0/subnetpools?tags=red%2Cblue HTTP/1.1" status: 200 len: 1251 time: 0.0187149
2026-09-19 03:13:56.061 10 INFO neutron.api.wsgi [None req-fac73b82-5ca7-415d-9a3d-b78ee52a1874 f35c71a2c8d54060b83a9ae1648bb41f f0855ef8663f40878d14d1df46f2813a - - default default] 10.0.0.217 "GET /v2.0/subnetpools?tags-any=blue HTTP/1.1" status: 200 len: 1251 time: 0.0153298
2026-09-19 03:13:56.088 10 INFO neutron.api.wsgi [None req-b11b13d2-1135-4a7a-bae8-16d8cf0445e5 f35c71a2c8d54060b83a9ae1648bb41f f0855ef8663f40878d14d1df46f2813a - - default default] 10.0.0.217 "GET /v2.0/subnetpools?tags-any=red%2Cblue HTTP/1.1" status: 200 len: 1758 time: 0.0222824
2026-09-19 03:13:56.114 9 INFO neutron.api.wsgi [None req-126d2cae-80d5-413b-80d1-5bf7d32da50c f35c71a2c8d54060b83a9ae1648bb41f f0855ef8663f40878d14d1df46f2813a - - default default] 10.0.0.217 "GET /v2.0/subnetpools?not-tags=red HTTP/1.1" status: 200 len: 1223 time: 0.0221159
2026-09-19 03:13:56.139 10 INFO neutron.api.wsgi [None req-688383ef-6caa-4fd5-be9a-b97f45ac1f02 f35c71a2c8d54060b83a9ae1648bb41f f0855ef8663f40878d14d1df46f2813a - - default default] 10.0.0.217 "GET /v2.0/subnetpools?not-tags=red%2Cblue HTTP/1.1" status: 200 len: 1730 time: 0.0196106
2026-09-19 03:13:56.161 10 INFO neutron.api.wsgi [None req-5295ed55-8c3f-45c7-9cb3-f715285bfe02 f35c71a2c8d54060b83a9ae1648bb41f f0855ef8663f40878d14d1df46f2813a - - default default] 10.0.0.217 "GET /v2.0/subnetpools?not-tags-any=blue HTTP/1.1" status: 200 len: 1730 time: 0.0183465
2026-09-19 03:13:56.182 10 INFO neutron.api.wsgi [None req-055689a0-b5eb-47a6-a1f4-ed3ced21da40 f35c71a2c8d54060b83a9ae1648bb41f f0855ef8663f40878d14d1df46f2813a - - default default] 10.0.0.217 "GET /v2.0/subnetpools?not-tags-any=red%2Cblue HTTP/1.1" status: 200 len: 1223 time: 0.0169311
2026-09-19 03:13:56.236 10 INFO neutron.api.wsgi [None req-41c2c58d-e11a-4c50-8a73-f554578942ad f35c71a2c8d54060b83a9ae1648bb41f f0855ef8663f40878d14d1df46f2813a - - default default] 10.0.0.217 "DELETE /v2.0/subnetpools/23b64d5b-6429-49b1-9c3d-1f3886e6ab20 HTTP/1.1" status: 204 len: 168 time: 0.0480971
2026-09-19 03:13:56.301 10 INFO neutron.api.wsgi [None req-f9974140-aa2e-4cbf-9eab-2db993de76f7 f35c71a2c8d54060b83a9ae1648bb41f f0855ef8663f40878d14d1df46f2813a - - default default] 10.0.0.217 "DELETE /v2.0/subnetpools/84bdace2-dfab-4ba0-8fe2-cb14e98e8332 HTTP/1.1" status: 204 len: 168 time: 0.0613289
2026-09-19 03:13:56.348 10 INFO neutron.api.wsgi [None req-f000a610-a8f4-4da5-be0e-36014bffb1ad f35c71a2c8d54060b83a9ae1648bb41f f0855ef8663f40878d14d1df46f2813a - - default default] 10.0.0.217 "DELETE /v2.0/subnetpools/9f58f8bd-fef4-403e-b956-a59e6ba3b419 HTTP/1.1" status: 204 len: 168 time: 0.0393393
2026-09-19 03:13:56.388 10 INFO neutron.api.wsgi [None req-a1b49447-2bdc-4705-8347-3b96dcca9a98 f35c71a2c8d54060b83a9ae1648bb41f f0855ef8663f40878d14d1df46f2813a - - default default] 10.0.0.217 "DELETE /v2.0/subnetpools/ec639c2f-12f2-4677-899a-33bc720d9276 HTTP/1.1" status: 204 len: 168 time: 0.0363743
2026-09-19 03:13:56.425 10 INFO neutron.api.wsgi [None req-4b9d69ee-e439-4922-a6c5-79ac61e8cc79 f35c71a2c8d54060b83a9ae1648bb41f f0855ef8663f40878d14d1df46f2813a - - default default] 10.0.0.217 "DELETE /v2.0/subnetpools/b3ebfbc1-2900-42b9-82ce-1e39cfc58fe2 HTTP/1.1" status: 204 len: 168 time: 0.0335300
2026-09-19 03:13:56.574 10 INFO neutron.notifiers.nova [-] Nova event matching ['req-4c2394c9-5dc8-4ef3-bf2e-ae7e4064e0db'] response: {'server_uuid': 'fcef7bd3-561b-4188-b792-8e0c1fc10994', 'name': 'network-vif-plugged', 'status': 'completed', 'tag': '5399648d-bdfc-47f9-b97b-af86a706db9c', 'code': 200}
2026-09-19 03:13:56.690 10 INFO neutron.api.wsgi [req-087122ed-150e-404a-9957-5e08adfc85c5 req-e1a66dd3-53da-4151-af1b-643f70d8f54a 38cc78dfb5774af48d181030f2608462 d01d0e6decfe4a7488f92b38b14acfa5 - - default default] 10.0.0.185 "GET /v2.0/ports?device_id=fcef7bd3-561b-4188-b792-8e0c1fc10994 HTTP/1.1" status: 200 len: 1210 time: 0.0782111
2026-09-19 03:13:56.747 10 INFO neutron.api.wsgi [req-087122ed-150e-404a-9957-5e08adfc85c5 req-4dc5a4d2-3c0d-4c32-8149-83bfcbc36248 38cc78dfb5774af48d181030f2608462 d01d0e6decfe4a7488f92b38b14acfa5 - - default default] 10.0.0.185 "GET /v2.0/security-groups?id=fb289999-f103-40c4-8a36-a4a30bcd5d8b&id=ef43566f-28d7-4f41-842d-66430e361834&fields=id&fields=name HTTP/1.1" status: 200 len: 406 time: 0.0479910
2026-09-19 03:13:56.834 10 INFO neutron.api.wsgi [req-40130781-78d3-4538-8baf-f6fd333df38e req-1cc69ad7-e49c-4c28-9491-6e595472292f 38cc78dfb5774af48d181030f2608462 d01d0e6decfe4a7488f92b38b14acfa5 - - default default] 10.0.0.185 "GET /v2.0/ports?device_id=fcef7bd3-561b-4188-b792-8e0c1fc10994 HTTP/1.1" status: 200 len: 1210 time: 0.0253587
2026-09-19 03:13:57.267 10 INFO neutron.db.ovn_revision_numbers_db [None req-9bbe1e65-d84f-4c5d-a4d3-d940c3c90cc8 38cc78dfb5774af48d181030f2608462 d01d0e6decfe4a7488f92b38b14acfa5 - - default default] Successfully bumped revision number for resource 11e15d66-45e5-4fd6-b32f-0abbba4d4557 (type: floatingips) to 1
2026-09-19 03:13:57.384 10 INFO neutron.db.ovn_revision_numbers_db [None req-9bbe1e65-d84f-4c5d-a4d3-d940c3c90cc8 38cc78dfb5774af48d181030f2608462 d01d0e6decfe4a7488f92b38b14acfa5 - - default default] Successfully bumped revision number for resource 11e15d66-45e5-4fd6-b32f-0abbba4d4557 (type: floatingips) to 2
2026-09-19 03:13:57.384 10 INFO neutron.db.l3_db [None req-9bbe1e65-d84f-4c5d-a4d3-d940c3c90cc8 38cc78dfb5774af48d181030f2608462 d01d0e6decfe4a7488f92b38b14acfa5 - - default default] Floating IP 11e15d66-45e5-4fd6-b32f-0abbba4d4557 associated. External IP: 10.96.250.201, port: 5399648d-bdfc-47f9-b97b-af86a706db9c.
2026-09-19 03:13:57.412 10 INFO neutron.api.wsgi [None req-9bbe1e65-d84f-4c5d-a4d3-d940c3c90cc8 38cc78dfb5774af48d181030f2608462 d01d0e6decfe4a7488f92b38b14acfa5 - - default default] 10.0.0.217 "PUT /v2.0/floatingips/11e15d66-45e5-4fd6-b32f-0abbba4d4557 HTTP/1.1" status: 200 len: 1049 time: 0.5699646
2026-09-19 03:13:57.625 10 INFO neutron.db.ovn_revision_numbers_db [None req-caa1c53b-1913-4ee9-ba10-d1225ff0a5ab 1a77308039fd423d831ad89f385a318b 94ff84ec4abe4a7bbe77f85d43b15b23 - - default default] Successfully bumped revision number for resource f6dcb344-add8-4570-876c-60c26a44c912 (type: security_groups) to 1
2026-09-19 03:13:57.634 10 INFO neutron.db.ovn_revision_numbers_db [None req-caa1c53b-1913-4ee9-ba10-d1225ff0a5ab 1a77308039fd423d831ad89f385a318b 94ff84ec4abe4a7bbe77f85d43b15b23 - - default default] Successfully bumped revision number for resource 36efab29-46f3-406a-8cae-bcdce715ffbd (type: security_group_rules) to 0
2026-09-19 03:13:57.645 10 INFO neutron.db.ovn_revision_numbers_db [None req-caa1c53b-1913-4ee9-ba10-d1225ff0a5ab 1a77308039fd423d831ad89f385a318b 94ff84ec4abe4a7bbe77f85d43b15b23 - - default default] Successfully bumped revision number for resource 8efcf621-6b27-4206-be88-12b7c40492ed (type: security_group_rules) to 0
2026-09-19 03:13:57.656 10 INFO neutron.db.ovn_revision_numbers_db [None req-caa1c53b-1913-4ee9-ba10-d1225ff0a5ab 1a77308039fd423d831ad89f385a318b 94ff84ec4abe4a7bbe77f85d43b15b23 - - default default] Successfully bumped revision number for resource a67ef236-e899-4615-b94c-8c1f084478e7 (type: security_group_rules) to 0
2026-09-19 03:13:57.667 10 INFO neutron.db.ovn_revision_numbers_db [None req-caa1c53b-1913-4ee9-ba10-d1225ff0a5ab 1a77308039fd423d831ad89f385a318b 94ff84ec4abe4a7bbe77f85d43b15b23 - - default default] Successfully bumped revision number for resource d69b516e-967c-4549-a752-5d9cae78e8f1 (type: security_group_rules) to 0
2026-09-19 03:13:57.702 10 INFO neutron.api.wsgi [None req-caa1c53b-1913-4ee9-ba10-d1225ff0a5ab 1a77308039fd423d831ad89f385a318b 94ff84ec4abe4a7bbe77f85d43b15b23 - - default default] 10.0.0.217 "GET /v2.0/security-groups?tenant_id=f0855ef8663f40878d14d1df46f2813a&name=default HTTP/1.1" status: 200 len: 3120 time: 0.3713028
2026-09-19 03:13:57.918 10 INFO neutron.api.wsgi [None req-a59ed3fe-47ca-488c-8b79-e9ba830361e1 1a77308039fd423d831ad89f385a318b 94ff84ec4abe4a7bbe77f85d43b15b23 - - default default] 10.0.0.217 "DELETE /v2.0/security-groups/f6dcb344-add8-4570-876c-60c26a44c912 HTTP/1.1" status: 204 len: 168 time: 0.2093105
2026-09-19 03:13:58.143 10 INFO neutron.db.ovn_revision_numbers_db [None req-f3a00dd0-c2f9-40ea-90f8-50dc7b8ef7a1 1a77308039fd423d831ad89f385a318b 94ff84ec4abe4a7bbe77f85d43b15b23 - - default default] Successfully bumped revision number for resource 4886765e-6704-4365-bc38-86bd8554dba7 (type: security_groups) to 1
2026-09-19 03:13:58.157 10 INFO neutron.db.ovn_revision_numbers_db [None req-f3a00dd0-c2f9-40ea-90f8-50dc7b8ef7a1 1a77308039fd423d831ad89f385a318b 94ff84ec4abe4a7bbe77f85d43b15b23 - - default default] Successfully bumped revision number for resource 2791c8e5-1022-47fd-aeff-70e384ce610e (type: security_group_rules) to 0
2026-09-19 03:13:58.172 10 INFO neutron.db.ovn_revision_numbers_db [None req-f3a00dd0-c2f9-40ea-90f8-50dc7b8ef7a1 1a77308039fd423d831ad89f385a318b 94ff84ec4abe4a7bbe77f85d43b15b23 - - default default] Successfully bumped revision number for resource 7098817c-9db7-44d3-bf4f-bb16e8799f4c (type: security_group_rules) to 0
2026-09-19 03:13:58.192 10 INFO neutron.db.ovn_revision_numbers_db [None req-f3a00dd0-c2f9-40ea-90f8-50dc7b8ef7a1 1a77308039fd423d831ad89f385a318b 94ff84ec4abe4a7bbe77f85d43b15b23 - - default default] Successfully bumped revision number for resource cc7fb195-f0d8-4722-834a-5989d8b6e956 (type: security_group_rules) to 0
2026-09-19 03:13:58.213 10 INFO neutron.db.ovn_revision_numbers_db [None req-f3a00dd0-c2f9-40ea-90f8-50dc7b8ef7a1 1a77308039fd423d831ad89f385a318b 94ff84ec4abe4a7bbe77f85d43b15b23 - - default default] Successfully bumped revision number for resource e9237d6d-4e2c-4ffe-ab0c-f99061319495 (type: security_group_rules) to 0
2026-09-19 03:13:58.254 10 INFO neutron.api.wsgi [None req-f3a00dd0-c2f9-40ea-90f8-50dc7b8ef7a1 1a77308039fd423d831ad89f385a318b 94ff84ec4abe4a7bbe77f85d43b15b23 - - default default] 10.0.0.217 "GET /v2.0/security-groups?tenant_id=cb027f7d10324334926b8c3f3316d943&name=default HTTP/1.1" status: 200 len: 3120 time: 0.2360325
2026-09-19 03:13:58.486 10 INFO neutron.api.wsgi [None req-b9b485d9-e1cc-42a9-a476-b53e193a6e91 1a77308039fd423d831ad89f385a318b 94ff84ec4abe4a7bbe77f85d43b15b23 - - default default] 10.0.0.217 "DELETE /v2.0/security-groups/4886765e-6704-4365-bc38-86bd8554dba7 HTTP/1.1" status: 204 len: 168 time: 0.2266741
2026-09-19 03:13:58.616 10 INFO neutron.notifiers.nova [-] Nova event matching ['req-6ec7439b-2b0d-4dc2-88c3-d06b1a6c2b44'] response: {'name': 'network-changed', 'server_uuid': 'fcef7bd3-561b-4188-b792-8e0c1fc10994', 'tag': '5399648d-bdfc-47f9-b97b-af86a706db9c', 'status': 'completed', 'code': 200}
2026-09-19 03:13:58.771 10 INFO neutron.db.ovn_revision_numbers_db [None req-49408ab1-61c3-4c2d-8c97-7d7d3714843f 1a77308039fd423d831ad89f385a318b 94ff84ec4abe4a7bbe77f85d43b15b23 - - default default] Successfully bumped revision number for resource 73ad3de7-9004-4b79-80a1-eea90723fc49 (type: security_groups) to 1
2026-09-19 03:13:58.782 10 INFO neutron.db.ovn_revision_numbers_db [None req-49408ab1-61c3-4c2d-8c97-7d7d3714843f 1a77308039fd423d831ad89f385a318b 94ff84ec4abe4a7bbe77f85d43b15b23 - - default default] Successfully bumped revision number for resource 1e745bd3-3c37-4142-82bc-c234a342b93a (type: security_group_rules) to 0
2026-09-19 03:13:58.809 10 INFO neutron.db.ovn_revision_numbers_db [None req-49408ab1-61c3-4c2d-8c97-7d7d3714843f 1a77308039fd423d831ad89f385a318b 94ff84ec4abe4a7bbe77f85d43b15b23 - - default default] Successfully bumped revision number for resource 6e107bc3-0d9e-40ec-acca-e21a449724e1 (type: security_group_rules) to 0
2026-09-19 03:13:58.819 10 INFO neutron.db.ovn_revision_numbers_db [None req-49408ab1-61c3-4c2d-8c97-7d7d3714843f 1a77308039fd423d831ad89f385a318b 94ff84ec4abe4a7bbe77f85d43b15b23 - - default default] Successfully bumped revision number for resource 76c23802-d968-46ea-9291-0e4701361e97 (type: security_group_rules) to 0
2026-09-19 03:13:58.830 10 INFO neutron.db.ovn_revision_numbers_db [None req-49408ab1-61c3-4c2d-8c97-7d7d3714843f 1a77308039fd423d831ad89f385a318b 94ff84ec4abe4a7bbe77f85d43b15b23 - - default default] Successfully bumped revision number for resource dd40500e-ce69-462b-9a72-67c44d3c83a7 (type: security_group_rules) to 0
2026-09-19 03:13:58.855 10 INFO neutron.api.wsgi [None req-49408ab1-61c3-4c2d-8c97-7d7d3714843f 1a77308039fd423d831ad89f385a318b 94ff84ec4abe4a7bbe77f85d43b15b23 - - default default] 10.0.0.217 "GET /v2.0/security-groups?tenant_id=7f5d73a700854e72bbc5f635e27decf7&name=default HTTP/1.1" status: 200 len: 3120 time: 0.1949880
2026-09-19 03:13:59.013 10 INFO neutron.api.wsgi [None req-82a07e2a-a775-4090-8170-afa80508c953 1a77308039fd423d831ad89f385a318b 94ff84ec4abe4a7bbe77f85d43b15b23 - - default default] 10.0.0.217 "DELETE /v2.0/security-groups/73ad3de7-9004-4b79-80a1-eea90723fc49 HTTP/1.1" status: 204 len: 168 time: 0.1547515 /var/lib/openstack/lib/python3.12/site-packages/pycadf/identifier.py:71: UserWarning: Invalid uuid: neutron. To ensure interoperability, identifiers should be a valid uuid. warnings.warn(('Invalid uuid: %s. To ensure interoperability, '
2026-09-19 03:13:59.174 9 INFO neutron.api.wsgi [req-6153428c-3fd5-4398-b01e-429b5217fd29 req-f0a58cad-0a97-45c8-8526-399b45a08b5d 4532e34d970f492685081a27c291163a 9f548cb075c5431482fe8ea4ea88c375 - - b946b65d030e4b1d9c349941185b1eec b946b65d030e4b1d9c349941185b1eec] 162.253.55.193 "GET /v2.0/ports?tenant_id=d01d0e6decfe4a7488f92b38b14acfa5&device_id=fcef7bd3-561b-4188-b792-8e0c1fc10994 HTTP/1.1" status: 200 len: 1448 time: 0.0439029
2026-09-19 03:13:59.216 9 INFO neutron.api.wsgi [req-6153428c-3fd5-4398-b01e-429b5217fd29 req-dc6740a6-e48b-4fe3-af06-eaf74a07a407 4532e34d970f492685081a27c291163a 9f548cb075c5431482fe8ea4ea88c375 - - b946b65d030e4b1d9c349941185b1eec b946b65d030e4b1d9c349941185b1eec] 162.253.55.193 "GET /v2.0/networks?id=6cf93945-e143-4c28-a3ba-ae02ce380880 HTTP/1.1" status: 200 len: 969 time: 0.0391526
2026-09-19 03:13:59.252 9 INFO neutron.api.wsgi [req-6153428c-3fd5-4398-b01e-429b5217fd29 req-63122278-3d3d-40a7-a533-468cf87bf5d4 4532e34d970f492685081a27c291163a 9f548cb075c5431482fe8ea4ea88c375 - - b946b65d030e4b1d9c349941185b1eec b946b65d030e4b1d9c349941185b1eec] 162.253.55.193 "GET /v2.0/floatingips?fixed_ip_address=10.100.0.8&port_id=5399648d-bdfc-47f9-b97b-af86a706db9c HTTP/1.1" status: 200 len: 1059 time: 0.0322831
2026-09-19 03:13:59.282 9 INFO neutron.api.wsgi [req-6153428c-3fd5-4398-b01e-429b5217fd29 req-193a4ce4-3e6d-43c2-a898-72f549749ce8 4532e34d970f492685081a27c291163a 9f548cb075c5431482fe8ea4ea88c375 - - b946b65d030e4b1d9c349941185b1eec b946b65d030e4b1d9c349941185b1eec] 162.253.55.193 "GET /v2.0/subnets?id=4995f40e-c67c-4961-a40d-865f59906afd HTTP/1.1" status: 200 len: 888 time: 0.0267832
2026-09-19 03:13:59.310 9 INFO neutron.api.wsgi [req-6153428c-3fd5-4398-b01e-429b5217fd29 req-d4bc0f2b-e37b-4e16-b5fd-34dc123c6745 4532e34d970f492685081a27c291163a 9f548cb075c5431482fe8ea4ea88c375 - - b946b65d030e4b1d9c349941185b1eec b946b65d030e4b1d9c349941185b1eec] 162.253.55.193 "GET /v2.0/ports?network_id=6cf93945-e143-4c28-a3ba-ae02ce380880&device_owner=network%3Adhcp HTTP/1.1" status: 200 len: 210 time: 0.0234845
2026-09-19 03:13:59.353 9 INFO neutron.api.wsgi [req-6153428c-3fd5-4398-b01e-429b5217fd29 req-72ae6bf1-d4b3-464d-a857-082da2b6ad3c 4532e34d970f492685081a27c291163a 9f548cb075c5431482fe8ea4ea88c375 - - b946b65d030e4b1d9c349941185b1eec b946b65d030e4b1d9c349941185b1eec] 162.253.55.193 "GET /v2.0/networks/6cf93945-e143-4c28-a3ba-ae02ce380880?fields=segments HTTP/1.1" status: 200 len: 212 time: 0.0385032
2026-09-19 03:13:59.416 9 INFO neutron.api.wsgi [req-6153428c-3fd5-4398-b01e-429b5217fd29 req-1d68698f-944e-41d9-aae8-f6f288de1607 4532e34d970f492685081a27c291163a 9f548cb075c5431482fe8ea4ea88c375 - - b946b65d030e4b1d9c349941185b1eec b946b65d030e4b1d9c349941185b1eec] 162.253.55.193 "GET /v2.0/networks/6cf93945-e143-4c28-a3ba-ae02ce380880?fields=provider%3Aphysical_network&fields=provider%3Anetwork_type HTTP/1.1" status: 200 len: 277 time: 0.0572748
2026-09-19 03:14:00.030 9 INFO neutron.db.ovn_revision_numbers_db [None req-576389e9-6db7-490c-9a43-e7b13cdcb34f 1a77308039fd423d831ad89f385a318b 94ff84ec4abe4a7bbe77f85d43b15b23 - - default default] Successfully bumped revision number for resource 47a26e52-461a-4ed8-b9e5-e9724658a7ae (type: security_groups) to 1
2026-09-19 03:14:00.049 9 INFO neutron.db.ovn_revision_numbers_db [None req-576389e9-6db7-490c-9a43-e7b13cdcb34f 1a77308039fd423d831ad89f385a318b 94ff84ec4abe4a7bbe77f85d43b15b23 - - default default] Successfully bumped revision number for resource 175510d4-8bd7-4906-b51e-ecb4005e6fec (type: security_group_rules) to 0
2026-09-19 03:14:00.071 9 INFO neutron.db.ovn_revision_numbers_db [None req-576389e9-6db7-490c-9a43-e7b13cdcb34f 1a77308039fd423d831ad89f385a318b 94ff84ec4abe4a7bbe77f85d43b15b23 - - default default] Successfully bumped revision number for resource 68f29a17-69ec-4080-b486-7104b50a0fc8 (type: security_group_rules) to 0
2026-09-19 03:14:00.084 9 INFO neutron.db.ovn_revision_numbers_db [None req-576389e9-6db7-490c-9a43-e7b13cdcb34f 1a77308039fd423d831ad89f385a318b 94ff84ec4abe4a7bbe77f85d43b15b23 - - default default] Successfully bumped revision number for resource 92ab9c10-9324-4ca6-bbde-1cf480a77869 (type: security_group_rules) to 0
2026-09-19 03:14:00.112 9 INFO neutron.db.ovn_revision_numbers_db [None req-576389e9-6db7-490c-9a43-e7b13cdcb34f 1a77308039fd423d831ad89f385a318b 94ff84ec4abe4a7bbe77f85d43b15b23 - - default default] Successfully bumped revision number for resource c834ddb4-c276-4038-9366-1baef5ff60e2 (type: security_group_rules) to 0
2026-09-19 03:14:00.145 9 INFO neutron.api.wsgi [None req-576389e9-6db7-490c-9a43-e7b13cdcb34f 1a77308039fd423d831ad89f385a318b 94ff84ec4abe4a7bbe77f85d43b15b23 - - default default] 10.0.0.217 "GET /v2.0/security-groups?tenant_id=b05b1b67f7b54bfeba0410e86d0a70eb&name=default HTTP/1.1" status: 200 len: 3120 time: 0.3498433
2026-09-19 03:14:00.356 9 INFO neutron.api.wsgi [None req-2ee76435-3d65-4145-b6c0-d80b4c0258c1 1a77308039fd423d831ad89f385a318b 94ff84ec4abe4a7bbe77f85d43b15b23 - - default default] 10.0.0.217 "DELETE /v2.0/security-groups/47a26e52-461a-4ed8-b9e5-e9724658a7ae HTTP/1.1" status: 204 len: 168 time: 0.2060645
2026-09-19 03:14:01.720 10 INFO neutron.api.wsgi [-] 10.0.0.236 "GET / HTTP/1.1" status: 200 len: 247 time: 0.0020707
2026-09-19 03:14:01.722 9 INFO neutron.api.wsgi [-] 10.0.0.236 "GET / HTTP/1.1" status: 200 len: 247 time: 0.0030482
2026-09-19 03:14:03.311 10 WARNING neutron_lib.context [None req-02decae0-aac1-40d5-8176-1e50faf04956 22cf80467ee149b09545a78619381027 acf586732e754b55802900cd091f3b4e - - default default] Method 'is_advsvc' is deprecated since 2023.2 release (neutron-lib 3.8.0) and will be removed once support for the old RBAC API policies will be removed from Neutron. Please use method 'is_service_role' instead.
2026-09-19 03:14:03.391 10 WARNING neutron_lib.context [None req-8de2318b-9dad-49da-a8d6-eebb8f2fe120 5421943ace764866b0a76b406cb321ee cede59e7dfe64af085137622810b619a - - default default] Method 'is_advsvc' is deprecated since 2023.2 release (neutron-lib 3.8.0) and will be removed once support for the old RBAC API policies will be removed from Neutron. Please use method 'is_service_role' instead.
2026-09-19 03:14:03.507 10 INFO neutron.db.ovn_revision_numbers_db [None req-02decae0-aac1-40d5-8176-1e50faf04956 22cf80467ee149b09545a78619381027 acf586732e754b55802900cd091f3b4e - - default default] Successfully bumped revision number for resource 70f11465-2f75-49a7-b557-7f539fa67487 (type: security_groups) to 1
2026-09-19 03:14:03.529 10 INFO neutron.db.ovn_revision_numbers_db [None req-02decae0-aac1-40d5-8176-1e50faf04956 22cf80467ee149b09545a78619381027 acf586732e754b55802900cd091f3b4e - - default default] Successfully bumped revision number for resource 085e3080-54f0-4381-8e8f-cbe5692e65d9 (type: security_group_rules) to 0
2026-09-19 03:14:03.542 10 INFO neutron.db.ovn_revision_numbers_db [None req-8de2318b-9dad-49da-a8d6-eebb8f2fe120 5421943ace764866b0a76b406cb321ee cede59e7dfe64af085137622810b619a - - default default] Successfully bumped revision number for resource cfebc7ee-e5bf-4a84-9c51-c07bd34d19ed (type: security_groups) to 1
2026-09-19 03:14:03.547 10 INFO neutron.db.ovn_revision_numbers_db [None req-02decae0-aac1-40d5-8176-1e50faf04956 22cf80467ee149b09545a78619381027 acf586732e754b55802900cd091f3b4e - - default default] Successfully bumped revision number for resource 9f689b92-fa23-4518-a204-80c8d80e3585 (type: security_group_rules) to 0
2026-09-19 03:14:03.553 10 INFO neutron.db.ovn_revision_numbers_db [None req-8de2318b-9dad-49da-a8d6-eebb8f2fe120 5421943ace764866b0a76b406cb321ee cede59e7dfe64af085137622810b619a - - default default] Successfully bumped revision number for resource 04fc67e4-614e-4001-a5ef-7652e6237a1a (type: security_group_rules) to 0
2026-09-19 03:14:03.560 10 INFO neutron.db.ovn_revision_numbers_db [None req-02decae0-aac1-40d5-8176-1e50faf04956 22cf80467ee149b09545a78619381027 acf586732e754b55802900cd091f3b4e - - default default] Successfully bumped revision number for resource b2f61e9a-1f90-4561-85d0-0ee85c238220 (type: security_group_rules) to 0
2026-09-19 03:14:03.563 10 INFO neutron.db.ovn_revision_numbers_db [None req-8de2318b-9dad-49da-a8d6-eebb8f2fe120 5421943ace764866b0a76b406cb321ee cede59e7dfe64af085137622810b619a - - default default] Successfully bumped revision number for resource 06bf62f2-c564-4181-b273-f8c901f6bd8d (type: security_group_rules) to 0
2026-09-19 03:14:03.571 10 INFO neutron.db.ovn_revision_numbers_db [None req-02decae0-aac1-40d5-8176-1e50faf04956 22cf80467ee149b09545a78619381027 acf586732e754b55802900cd091f3b4e - - default default] Successfully bumped revision number for resource d56e55c7-60cd-469e-a16d-a39e0f3e8ecb (type: security_group_rules) to 0
2026-09-19 03:14:03.577 10 INFO neutron.db.ovn_revision_numbers_db [None req-8de2318b-9dad-49da-a8d6-eebb8f2fe120 5421943ace764866b0a76b406cb321ee cede59e7dfe64af085137622810b619a - - default default] Successfully bumped revision number for resource 5199f953-462a-4730-813c-6a9104b9d3ca (type: security_group_rules) to 0
2026-09-19 03:14:03.592 10 INFO neutron.db.ovn_revision_numbers_db [None req-8de2318b-9dad-49da-a8d6-eebb8f2fe120 5421943ace764866b0a76b406cb321ee cede59e7dfe64af085137622810b619a - - default default] Successfully bumped revision number for resource f586504d-1183-4f00-b21b-597c825ba924 (type: security_group_rules) to 0
2026-09-19 03:14:03.657 10 INFO neutron.db.segments_db [None req-8de2318b-9dad-49da-a8d6-eebb8f2fe120 5421943ace764866b0a76b406cb321ee cede59e7dfe64af085137622810b619a - - default default] Added segment fcebdc6c-4b27-40b1-9b59-7f7c505cccd9 of type geneve for network fa49663f-ad3d-4250-a612-e7553ddfba4b
2026-09-19 03:14:03.658 10 INFO neutron.db.segments_db [None req-02decae0-aac1-40d5-8176-1e50faf04956 22cf80467ee149b09545a78619381027 acf586732e754b55802900cd091f3b4e - - default default] Added segment 5d8c74bb-018e-4397-a481-9eea05a96c6d of type geneve for network 91b83f67-36bd-41f2-adac-080f45162a6e
2026-09-19 03:14:03.814 10 INFO neutron.db.ovn_revision_numbers_db [None req-02decae0-aac1-40d5-8176-1e50faf04956 22cf80467ee149b09545a78619381027 acf586732e754b55802900cd091f3b4e - - default default] Successfully bumped revision number for resource 91b83f67-36bd-41f2-adac-080f45162a6e (type: networks) to 1
2026-09-19 03:14:03.816 10 INFO neutron.db.ovn_revision_numbers_db [None req-8de2318b-9dad-49da-a8d6-eebb8f2fe120 5421943ace764866b0a76b406cb321ee cede59e7dfe64af085137622810b619a - - default default] Successfully bumped revision number for resource fa49663f-ad3d-4250-a612-e7553ddfba4b (type: networks) to 1
2026-09-19 03:14:04.004 10 WARNING neutron.scheduler.dhcp_agent_scheduler [None req-02decae0-aac1-40d5-8176-1e50faf04956 22cf80467ee149b09545a78619381027 acf586732e754b55802900cd091f3b4e - - default default] No more DHCP agents
2026-09-19 03:14:04.005 10 WARNING neutron.api.rpc.agentnotifiers.dhcp_rpc_agent_api [None req-02decae0-aac1-40d5-8176-1e50faf04956 22cf80467ee149b09545a78619381027 acf586732e754b55802900cd091f3b4e - - default default] Unable to schedule network 91b83f67-36bd-41f2-adac-080f45162a6e: no agents available; will retry on subsequent port and subnet creation events.
2026-09-19 03:14:04.009 10 WARNING neutron.scheduler.dhcp_agent_scheduler [None req-8de2318b-9dad-49da-a8d6-eebb8f2fe120 5421943ace764866b0a76b406cb321ee cede59e7dfe64af085137622810b619a - - default default] No more DHCP agents
2026-09-19 03:14:04.010 10 WARNING neutron.api.rpc.agentnotifiers.dhcp_rpc_agent_api [None req-8de2318b-9dad-49da-a8d6-eebb8f2fe120 5421943ace764866b0a76b406cb321ee cede59e7dfe64af085137622810b619a - - default default] Unable to schedule network fa49663f-ad3d-4250-a612-e7553ddfba4b: no agents available; will retry on subsequent port and subnet creation events.
2026-09-19 03:14:04.094 10 INFO neutron.db.ovn_revision_numbers_db [None req-8de2318b-9dad-49da-a8d6-eebb8f2fe120 5421943ace764866b0a76b406cb321ee cede59e7dfe64af085137622810b619a - - default default] Successfully bumped revision number for resource 5e332dda-e9e7-4707-9e74-0874a60d0c33 (type: ports) to 1
2026-09-19 03:14:04.103 10 INFO neutron.db.ovn_revision_numbers_db [None req-02decae0-aac1-40d5-8176-1e50faf04956 22cf80467ee149b09545a78619381027 acf586732e754b55802900cd091f3b4e - - default default] Successfully bumped revision number for resource 7b46109d-465f-4089-a615-84117669d6db (type: ports) to 1
2026-09-19 03:14:04.125 10 INFO neutron.api.wsgi [None req-8de2318b-9dad-49da-a8d6-eebb8f2fe120 5421943ace764866b0a76b406cb321ee cede59e7dfe64af085137622810b619a - - default default] 10.0.0.217 "POST /v2.0/networks HTTP/1.1" status: 201 len: 832 time: 0.8959756
2026-09-19 03:14:04.133 10 WARNING neutron_lib.context [None req-956d598b-765a-4b5e-8dbd-b253e4a38759 5421943ace764866b0a76b406cb321ee cede59e7dfe64af085137622810b619a - - default default] Method 'is_advsvc' is deprecated since 2023.2 release (neutron-lib 3.8.0) and will be removed once support for the old RBAC API policies will be removed from Neutron. Please use method 'is_service_role' instead.
2026-09-19 03:14:04.138 10 INFO neutron.api.wsgi [None req-02decae0-aac1-40d5-8176-1e50faf04956 22cf80467ee149b09545a78619381027 acf586732e754b55802900cd091f3b4e - - default default] 10.0.0.217 "POST /v2.0/networks HTTP/1.1" status: 201 len: 830 time: 0.9400945
2026-09-19 03:14:04.147 9 WARNING neutron_lib.context [None req-3d283f74-d878-4f16-b405-bc8a4c38f6e0 22cf80467ee149b09545a78619381027 acf586732e754b55802900cd091f3b4e - - default default] Method 'is_advsvc' is deprecated since 2023.2 release (neutron-lib 3.8.0) and will be removed once support for the old RBAC API policies will be removed from Neutron. Please use method 'is_service_role' instead.
2026-09-19 03:14:04.412 9 WARNING neutron.scheduler.dhcp_agent_scheduler [None req-3d283f74-d878-4f16-b405-bc8a4c38f6e0 22cf80467ee149b09545a78619381027 acf586732e754b55802900cd091f3b4e - - default default] No more DHCP agents
2026-09-19 03:14:04.414 9 WARNING neutron.api.rpc.agentnotifiers.dhcp_rpc_agent_api [None req-3d283f74-d878-4f16-b405-bc8a4c38f6e0 22cf80467ee149b09545a78619381027 acf586732e754b55802900cd091f3b4e - - default default] Unable to schedule network 91b83f67-36bd-41f2-adac-080f45162a6e: no agents available; will retry on subsequent port and subnet creation events.
2026-09-19 03:14:04.471 10 WARNING neutron.scheduler.dhcp_agent_scheduler [None req-956d598b-765a-4b5e-8dbd-b253e4a38759 5421943ace764866b0a76b406cb321ee cede59e7dfe64af085137622810b619a - - default default] No more DHCP agents
2026-09-19 03:14:04.472 10 WARNING neutron.api.rpc.agentnotifiers.dhcp_rpc_agent_api [None req-956d598b-765a-4b5e-8dbd-b253e4a38759 5421943ace764866b0a76b406cb321ee cede59e7dfe64af085137622810b619a - - default default] Unable to schedule network 152e41f6-ced1-4bd7-ba0e-141280defaf7: no agents available; will retry on subsequent port and subnet creation events.
2026-09-19 03:14:04.492 9 INFO neutron.db.ovn_revision_numbers_db [None req-3d283f74-d878-4f16-b405-bc8a4c38f6e0 22cf80467ee149b09545a78619381027 acf586732e754b55802900cd091f3b4e - - default default] Successfully bumped revision number for resource 9ce2bede-5a7e-4ee4-84f3-06fc1373b6e2 (type: ports) to 1
2026-09-19 03:14:04.510 9 INFO neutron.api.wsgi [None req-3d283f74-d878-4f16-b405-bc8a4c38f6e0 22cf80467ee149b09545a78619381027 acf586732e754b55802900cd091f3b4e - - default default] 10.0.0.217 "POST /v2.0/ports HTTP/1.1" status: 201 len: 942 time: 0.3669317 /var/lib/openstack/lib/python3.12/site-packages/pycadf/identifier.py:71: UserWarning: Invalid uuid: neutron. To ensure interoperability, identifiers should be a valid uuid. warnings.warn(('Invalid uuid: %s. To ensure interoperability, '
2026-09-19 03:14:04.519 9 WARNING neutron_lib.context [None req-24057ac7-ab22-4b65-931e-a3263f758b34 22cf80467ee149b09545a78619381027 acf586732e754b55802900cd091f3b4e - - default default] Method 'is_advsvc' is deprecated since 2023.2 release (neutron-lib 3.8.0) and will be removed once support for the old RBAC API policies will be removed from Neutron. Please use method 'is_service_role' instead.
2026-09-19 03:14:04.566 10 INFO neutron.db.ovn_revision_numbers_db [None req-956d598b-765a-4b5e-8dbd-b253e4a38759 5421943ace764866b0a76b406cb321ee cede59e7dfe64af085137622810b619a - - default default] Successfully bumped revision number for resource bcb51878-2f94-4ba6-a344-d4a60cc716c1 (type: ports) to 1
2026-09-19 03:14:04.770 9 INFO neutron.api.wsgi [None req-24057ac7-ab22-4b65-931e-a3263f758b34 22cf80467ee149b09545a78619381027 acf586732e754b55802900cd091f3b4e - - default default] 10.0.0.217 "POST /v2.0/trunks HTTP/1.1" status: 201 len: 608 time: 0.2549489
2026-09-19 03:14:04.784 9 WARNING neutron_lib.context [None req-5edbc0af-5333-4cad-a648-c74af703fcd0 22cf80467ee149b09545a78619381027 acf586732e754b55802900cd091f3b4e - - default default] Method 'is_advsvc' is deprecated since 2023.2 release (neutron-lib 3.8.0) and will be removed once support for the old RBAC API policies will be removed from Neutron. Please use method 'is_service_role' instead.
2026-09-19 03:14:04.870 9 INFO neutron.db.segments_db [None req-5edbc0af-5333-4cad-a648-c74af703fcd0 22cf80467ee149b09545a78619381027 acf586732e754b55802900cd091f3b4e - - default default] Added segment 65475a76-5e6c-4c46-8785-fcff2bcc224e of type geneve for network 8c5640e8-ec57-4fdf-9ae2-8ce3f1ef2739
2026-09-19 03:14:04.970 9 INFO neutron.db.ovn_revision_numbers_db [None req-5edbc0af-5333-4cad-a648-c74af703fcd0 22cf80467ee149b09545a78619381027 acf586732e754b55802900cd091f3b4e - - default default] Successfully bumped revision number for resource 8c5640e8-ec57-4fdf-9ae2-8ce3f1ef2739 (type: networks) to 1
2026-09-19 03:14:05.151 9 WARNING neutron.scheduler.dhcp_agent_scheduler [None req-5edbc0af-5333-4cad-a648-c74af703fcd0 22cf80467ee149b09545a78619381027 acf586732e754b55802900cd091f3b4e - - default default] No more DHCP agents
2026-09-19 03:14:05.152 9 WARNING neutron.api.rpc.agentnotifiers.dhcp_rpc_agent_api [None req-5edbc0af-5333-4cad-a648-c74af703fcd0 22cf80467ee149b09545a78619381027 acf586732e754b55802900cd091f3b4e - - default default] Unable to schedule network 8c5640e8-ec57-4fdf-9ae2-8ce3f1ef2739: no agents available; will retry on subsequent port and subnet creation events.
2026-09-19 03:14:05.153 10 INFO neutron.plugins.ml2.drivers.ovn.mech_driver.ovsdb.commands [None req-11bd08ae-7e1d-4794-8918-7bab4273158f - - - - - -] Schedule LRP lrp-bcb51878-2f94-4ba6-a344-d4a60cc716c1 on gateway 7632005c-459b-42b2-8004-539b823486b0 with priority 1
2026-09-19 03:14:05.168 9 INFO neutron.plugins.ml2.drivers.ovn.mech_driver.mech_driver [None req-23c29002-9f1c-4763-bf21-219cd6a41f21 - - - - - -] OVN reports status up for port: bcb51878-2f94-4ba6-a344-d4a60cc716c1
2026-09-19 03:14:05.178 10 INFO neutron.plugins.ml2.drivers.ovn.mech_driver.ovsdb.ovsdb_monitor [None req-79d29a3d-fec7-4793-a158-bb43d3f2db07 - - - - - -] Router 9836515c-2ceb-4a0c-bd88-4f4798bb30e6 is bound to host instance
2026-09-19 03:14:05.191 9 INFO neutron.plugins.ml2.plugin [None req-23c29002-9f1c-4763-bf21-219cd6a41f21 - - - - - -] Attempt 1 to provision port bcb51878-2f94-4ba6-a344-d4a60cc716c1
2026-09-19 03:14:05.197 10 INFO neutron.db.ovn_revision_numbers_db [None req-956d598b-765a-4b5e-8dbd-b253e4a38759 5421943ace764866b0a76b406cb321ee cede59e7dfe64af085137622810b619a - - default default] Successfully bumped revision number for resource bcb51878-2f94-4ba6-a344-d4a60cc716c1 (type: router_ports) to 1
2026-09-19 03:14:05.257 9 INFO neutron.db.ovn_revision_numbers_db [None req-5edbc0af-5333-4cad-a648-c74af703fcd0 22cf80467ee149b09545a78619381027 acf586732e754b55802900cd091f3b4e - - default default] Successfully bumped revision number for resource cf52b5ac-f80c-416b-a417-807cc1f474d3 (type: ports) to 1
2026-09-19 03:14:05.275 10 INFO neutron.db.ovn_revision_numbers_db [None req-956d598b-765a-4b5e-8dbd-b253e4a38759 5421943ace764866b0a76b406cb321ee cede59e7dfe64af085137622810b619a - - default default] Successfully bumped revision number for resource 9836515c-2ceb-4a0c-bd88-4f4798bb30e6 (type: routers) to 2
2026-09-19 03:14:05.282 9 INFO neutron.api.wsgi [None req-5edbc0af-5333-4cad-a648-c74af703fcd0 22cf80467ee149b09545a78619381027 acf586732e754b55802900cd091f3b4e - - default default] 10.0.0.217 "POST /v2.0/networks HTTP/1.1" status: 201 len: 830 time: 0.5055766
2026-09-19 03:14:05.292 9 WARNING neutron_lib.context [None req-2b8290ea-ae26-42d3-9c6c-5acbd320a837 22cf80467ee149b09545a78619381027 acf586732e754b55802900cd091f3b4e - - default default] Method 'is_advsvc' is deprecated since 2023.2 release (neutron-lib 3.8.0) and will be removed once support for the old RBAC API policies will be removed from Neutron. Please use method 'is_service_role' instead.
2026-09-19 03:14:05.293 10 INFO neutron.api.wsgi [None req-956d598b-765a-4b5e-8dbd-b253e4a38759 5421943ace764866b0a76b406cb321ee cede59e7dfe64af085137622810b619a - - default default] 10.0.0.217 "POST /v2.0/routers HTTP/1.1" status: 201 len: 1154 time: 1.1629965
2026-09-19 03:14:05.356 9 INFO neutron.api.wsgi [None req-da4dc07c-5f46-4fb5-9eb5-7d46ed9052e4 a4b8c0dba4a540f78916be7882d28acc ee74cf81fb5a46e1950ca6cb9431b501 - - default default] 10.0.0.217 "GET /v2.0/subnets?project_id=cede59e7dfe64af085137622810b619a&cidr=10.100.0.0%2F28 HTTP/1.1" status: 200 len: 207 time: 0.0581291
2026-09-19 03:14:05.414 9 INFO neutron.api.wsgi [None req-1a11ff00-333a-44d1-9845-b1c5fd0d61c3 a4b8c0dba4a540f78916be7882d28acc ee74cf81fb5a46e1950ca6cb9431b501 - - default default] 10.0.0.217 "GET /v2.0/networks?router%3Aexternal=True HTTP/1.1" status: 200 len: 947 time: 0.0520833
2026-09-19 03:14:05.439 10 INFO neutron.api.wsgi [None req-01b4bcc1-c394-41f2-bc20-5fa5c48488e7 a4b8c0dba4a540f78916be7882d28acc ee74cf81fb5a46e1950ca6cb9431b501 - - default default] 10.0.0.217 "GET /v2.0/subnets?network_id=152e41f6-ced1-4bd7-ba0e-141280defaf7&cidr=10.100.0.0%2F28 HTTP/1.1" status: 200 len: 207 time: 0.0192387
2026-09-19 03:14:05.450 9 WARNING neutron_lib.context [None req-ddb8ba88-9c41-4165-907d-30696f7ec7ca 5421943ace764866b0a76b406cb321ee cede59e7dfe64af085137622810b619a - - default default] Method 'is_advsvc' is deprecated since 2023.2 release (neutron-lib 3.8.0) and will be removed once support for the old RBAC API policies will be removed from Neutron. Please use method 'is_service_role' instead.
2026-09-19 03:14:05.568 10 INFO neutron.db.ovn_revision_numbers_db [None req-1b397425-30fa-4109-8abc-bc295d6e336b - - - - - -] Successfully bumped revision number for resource bcb51878-2f94-4ba6-a344-d4a60cc716c1 (type: ports) to 1
2026-09-19 03:14:05.606 9 WARNING neutron.scheduler.dhcp_agent_scheduler [None req-2b8290ea-ae26-42d3-9c6c-5acbd320a837 22cf80467ee149b09545a78619381027 acf586732e754b55802900cd091f3b4e - - default default] No more DHCP agents
2026-09-19 03:14:05.608 9 WARNING neutron.api.rpc.agentnotifiers.dhcp_rpc_agent_api [None req-2b8290ea-ae26-42d3-9c6c-5acbd320a837 22cf80467ee149b09545a78619381027 acf586732e754b55802900cd091f3b4e - - default default] Unable to schedule network 8c5640e8-ec57-4fdf-9ae2-8ce3f1ef2739: no agents available; will retry on subsequent port and subnet creation events.
2026-09-19 03:14:05.676 9 INFO neutron.db.ovn_revision_numbers_db [None req-2b8290ea-ae26-42d3-9c6c-5acbd320a837 22cf80467ee149b09545a78619381027 acf586732e754b55802900cd091f3b4e - - default default] Successfully bumped revision number for resource c9d703b5-757d-4180-8fb1-39c3b07494c3 (type: ports) to 1
2026-09-19 03:14:05.703 9 INFO neutron.api.wsgi [None req-2b8290ea-ae26-42d3-9c6c-5acbd320a837 22cf80467ee149b09545a78619381027 acf586732e754b55802900cd091f3b4e - - default default] 10.0.0.217 "POST /v2.0/ports HTTP/1.1" status: 201 len: 942 time: 0.4145319 /var/lib/openstack/lib/python3.12/site-packages/pycadf/identifier.py:71: UserWarning: Invalid uuid: neutron. To ensure interoperability, identifiers should be a valid uuid. warnings.warn(('Invalid uuid: %s. To ensure interoperability, '
2026-09-19 03:14:05.713 9 WARNING neutron_lib.context [None req-8465b371-6812-4dde-8ac2-846dbd2380ff 22cf80467ee149b09545a78619381027 acf586732e754b55802900cd091f3b4e - - default default] Method 'is_advsvc' is deprecated since 2023.2 release (neutron-lib 3.8.0) and will be removed once support for the old RBAC API policies will be removed from Neutron. Please use method 'is_service_role' instead.
2026-09-19 03:14:05.724 9 WARNING neutron.scheduler.dhcp_agent_scheduler [None req-ddb8ba88-9c41-4165-907d-30696f7ec7ca 5421943ace764866b0a76b406cb321ee cede59e7dfe64af085137622810b619a - - default default] No more DHCP agents
2026-09-19 03:14:05.726 9 WARNING neutron.api.rpc.agentnotifiers.dhcp_rpc_agent_api [None req-ddb8ba88-9c41-4165-907d-30696f7ec7ca 5421943ace764866b0a76b406cb321ee cede59e7dfe64af085137622810b619a - - default default] Unable to schedule network fa49663f-ad3d-4250-a612-e7553ddfba4b: no agents available; will retry on subsequent port and subnet creation events.
2026-09-19 03:14:05.931 9 INFO neutron.api.wsgi [None req-8465b371-6812-4dde-8ac2-846dbd2380ff 22cf80467ee149b09545a78619381027 acf586732e754b55802900cd091f3b4e - - default default] 10.0.0.217 "POST /v2.0/trunks HTTP/1.1" status: 201 len: 608 time: 0.2227304
2026-09-19 03:14:05.938 10 WARNING neutron_lib.context [None req-4b68f219-3524-4f7a-8944-ae9ddb456654 22cf80467ee149b09545a78619381027 acf586732e754b55802900cd091f3b4e - - default default] Method 'is_advsvc' is deprecated since 2023.2 release (neutron-lib 3.8.0) and will be removed once support for the old RBAC API policies will be removed from Neutron. Please use method 'is_service_role' instead.
2026-09-19 03:14:06.052 10 INFO neutron.db.segments_db [None req-4b68f219-3524-4f7a-8944-ae9ddb456654 22cf80467ee149b09545a78619381027 acf586732e754b55802900cd091f3b4e - - default default] Added segment 25824e06-7e6f-4860-a99a-e36e5495d33e of type geneve for network 04ca9630-c0bb-4639-a7bf-8b64ffaa9819
2026-09-19 03:14:06.137 9 INFO neutron.db.ovn_revision_numbers_db [None req-7bcdcf62-8c02-49cc-acf4-f7c112b8dd2a - - - - - -] Successfully bumped revision number for resource 5e332dda-e9e7-4707-9e74-0874a60d0c33 (type: ports) to 2
2026-09-19 03:14:06.148 10 INFO neutron.db.ovn_revision_numbers_db [None req-1b397425-30fa-4109-8abc-bc295d6e336b - - - - - -] Successfully bumped revision number for resource bcb51878-2f94-4ba6-a344-d4a60cc716c1 (type: ports) to 4
2026-09-19 03:14:06.163 9 INFO neutron.db.ovn_revision_numbers_db [None req-7bcdcf62-8c02-49cc-acf4-f7c112b8dd2a - - - - - -] Successfully bumped revision number for resource 9960eb47-5948-4208-aa49-21d7e0a03366 (type: subnets) to 0
2026-09-19 03:14:06.175 10 INFO neutron.db.ovn_revision_numbers_db [None req-4b68f219-3524-4f7a-8944-ae9ddb456654 22cf80467ee149b09545a78619381027 acf586732e754b55802900cd091f3b4e - - default default] Successfully bumped revision number for resource 04ca9630-c0bb-4639-a7bf-8b64ffaa9819 (type: networks) to 1
2026-09-19 03:14:06.181 9 INFO neutron.api.wsgi [None req-ddb8ba88-9c41-4165-907d-30696f7ec7ca 5421943ace764866b0a76b406cb321ee cede59e7dfe64af085137622810b619a - - default default] 10.0.0.217 "POST /v2.0/subnets HTTP/1.1" status: 201 len: 855 time: 0.7381103
2026-09-19 03:14:06.347 10 WARNING neutron.scheduler.dhcp_agent_scheduler [None req-4b68f219-3524-4f7a-8944-ae9ddb456654 22cf80467ee149b09545a78619381027 acf586732e754b55802900cd091f3b4e - - default default] No more DHCP agents
2026-09-19 03:14:06.348 10 WARNING neutron.api.rpc.agentnotifiers.dhcp_rpc_agent_api [None req-4b68f219-3524-4f7a-8944-ae9ddb456654 22cf80467ee149b09545a78619381027 acf586732e754b55802900cd091f3b4e - - default default] Unable to schedule network 04ca9630-c0bb-4639-a7bf-8b64ffaa9819: no agents available; will retry on subsequent port and subnet creation events.
2026-09-19 03:14:06.414 10 INFO neutron.db.ovn_revision_numbers_db [None req-4b68f219-3524-4f7a-8944-ae9ddb456654 22cf80467ee149b09545a78619381027 acf586732e754b55802900cd091f3b4e - - default default] Successfully bumped revision number for resource 2979eca5-2ea6-453a-954a-b47353a7df83 (type: ports) to 1
2026-09-19 03:14:06.434 10 INFO neutron.api.wsgi [None req-4b68f219-3524-4f7a-8944-ae9ddb456654 22cf80467ee149b09545a78619381027 acf586732e754b55802900cd091f3b4e - - default default] 10.0.0.217 "POST /v2.0/networks HTTP/1.1" status: 201 len: 831 time: 0.4991388
2026-09-19 03:14:06.446 10 WARNING neutron_lib.context [None req-2ccdf4fb-1165-4a0b-8f6f-fa7d38c862a1 22cf80467ee149b09545a78619381027 acf586732e754b55802900cd091f3b4e - - default default] Method 'is_advsvc' is deprecated since 2023.2 release (neutron-lib 3.8.0) and will be removed once support for the old RBAC API policies will be removed from Neutron. Please use method 'is_service_role' instead.
2026-09-19 03:14:06.467 10 INFO neutron.db.ovn_revision_numbers_db [None req-1b397425-30fa-4109-8abc-bc295d6e336b - - - - - -] Successfully bumped revision number for resource bcb51878-2f94-4ba6-a344-d4a60cc716c1 (type: ports) to 5
2026-09-19 03:14:06.579 9 INFO neutron.api.wsgi [None req-f2dcd599-dcc8-4ceb-9954-899d2f227769 1a77308039fd423d831ad89f385a318b 94ff84ec4abe4a7bbe77f85d43b15b23 - - default default] 10.0.0.222 "GET /v2.0/subnets HTTP/1.1" status: 200 len: 3502 time: 0.0687773
2026-09-19 03:14:06.640 9 INFO neutron.api.wsgi [None req-14869f2e-09c0-411a-8b91-22fc1a725a20 1a77308039fd423d831ad89f385a318b 94ff84ec4abe4a7bbe77f85d43b15b23 - - default default] 10.0.0.222 "GET /v2.0/routers HTTP/1.1" status: 200 len: 3074 time: 0.0580215
2026-09-19 03:14:06.646 9 WARNING neutron.scheduler.dhcp_agent_scheduler [None req-6e346f22-a054-42c2-9de7-01876ea1ffe8 5421943ace764866b0a76b406cb321ee cede59e7dfe64af085137622810b619a - - default default] No more DHCP agents
