2026-09-19 03:12:26.479 10 INFO neutron.services.segments.plugin [-] Segment 094c7e24-d56d-4c01-9ced-1d6387808960 resource provider not found; error: Placement Client Error (4xx): {"errors": [{"status": 404, "title": "Not Found", "detail": "The resource could not be found.\n\n No resource provider with uuid 094c7e24-d56d-4c01-9ced-1d6387808960 found for delete ", "request_id": "req-29f69dfb-b356-4e7b-b131-0d8a33ba84de"}]}
2026-09-19 03:12:26.517 10 INFO neutron.db.ovn_revision_numbers_db [None req-749aad29-b53e-453f-b6a7-4ca7abc6154e 483331e8b9ad4e219124e227de3b60c5 cfba83abb5384052af5cff1009807ada - - default default] Successfully bumped revision number for resource c55239a3-ce80-4209-a700-55b9484c3bc2 (type: networks) to 1
2026-09-19 03:12:26.655 10 WARNING neutron.scheduler.dhcp_agent_scheduler [None req-749aad29-b53e-453f-b6a7-4ca7abc6154e 483331e8b9ad4e219124e227de3b60c5 cfba83abb5384052af5cff1009807ada - - default default] No more DHCP agents
2026-09-19 03:12:26.656 10 WARNING neutron.api.rpc.agentnotifiers.dhcp_rpc_agent_api [None req-749aad29-b53e-453f-b6a7-4ca7abc6154e 483331e8b9ad4e219124e227de3b60c5 cfba83abb5384052af5cff1009807ada - - default default] Unable to schedule network c55239a3-ce80-4209-a700-55b9484c3bc2: no agents available; will retry on subsequent port and subnet creation events.
2026-09-19 03:12:26.712 10 INFO neutron.db.ovn_revision_numbers_db [None req-749aad29-b53e-453f-b6a7-4ca7abc6154e 483331e8b9ad4e219124e227de3b60c5 cfba83abb5384052af5cff1009807ada - - default default] Successfully bumped revision number for resource c2e5c47f-35fb-483f-b9c1-bc0ce97804a4 (type: ports) to 1
2026-09-19 03:12:26.734 10 INFO neutron.api.wsgi [None req-749aad29-b53e-453f-b6a7-4ca7abc6154e 483331e8b9ad4e219124e227de3b60c5 cfba83abb5384052af5cff1009807ada - - default default] 10.0.0.217 "POST /v2.0/networks HTTP/1.1" status: 201 len: 835 time: 0.5225492
2026-09-19 03:12:26.746 10 WARNING neutron_lib.context [None req-6397430d-16c7-413a-baf4-86def56b3d14 483331e8b9ad4e219124e227de3b60c5 cfba83abb5384052af5cff1009807ada - - default default] Method 'is_advsvc' is deprecated since 2023.2 release (neutron-lib 3.8.0) and will be removed once support for the old RBAC API policies will be removed from Neutron. Please use method 'is_service_role' instead.
2026-09-19 03:12:26.895 10 WARNING neutron.scheduler.dhcp_agent_scheduler [None req-6397430d-16c7-413a-baf4-86def56b3d14 483331e8b9ad4e219124e227de3b60c5 cfba83abb5384052af5cff1009807ada - - default default] No more DHCP agents
2026-09-19 03:12:26.895 10 WARNING neutron.api.rpc.agentnotifiers.dhcp_rpc_agent_api [None req-6397430d-16c7-413a-baf4-86def56b3d14 483331e8b9ad4e219124e227de3b60c5 cfba83abb5384052af5cff1009807ada - - default default] Unable to schedule network c55239a3-ce80-4209-a700-55b9484c3bc2: no agents available; will retry on subsequent port and subnet creation events.
2026-09-19 03:12:26.915 10 INFO neutron.db.ovn_revision_numbers_db [None req-6397430d-16c7-413a-baf4-86def56b3d14 483331e8b9ad4e219124e227de3b60c5 cfba83abb5384052af5cff1009807ada - - default default] Successfully bumped revision number for resource 3b00506d-0613-450f-8a1d-1c987c53b6de (type: subnets) to 0
2026-09-19 03:12:26.930 10 INFO neutron.api.wsgi [None req-6397430d-16c7-413a-baf4-86def56b3d14 483331e8b9ad4e219124e227de3b60c5 cfba83abb5384052af5cff1009807ada - - default default] 10.0.0.217 "POST /v2.0/subnets HTTP/1.1" status: 201 len: 845 time: 0.1879144
2026-09-19 03:12:26.940 9 WARNING neutron_lib.context [None req-0bc7a438-f57a-4306-80a3-a4957eab889d 483331e8b9ad4e219124e227de3b60c5 cfba83abb5384052af5cff1009807ada - - default default] Method 'is_advsvc' is deprecated since 2023.2 release (neutron-lib 3.8.0) and will be removed once support for the old RBAC API policies will be removed from Neutron. Please use method 'is_service_role' instead.
2026-09-19 03:12:26.944 10 INFO neutron.api.wsgi [req-ea852a2c-89a9-40bc-860e-643856597d64 req-e23430d3-65f7-4443-b193-107375403395 c21a2649964145c4ba2955859123e3c0 8f56c4e4d5c9416da122dd9e1503bc32 - - default default] 10.0.0.185 "GET /v2.0/ports?device_id=7a9e28a4-2d9d-470b-a615-79461b87ceb6 HTTP/1.1" status: 200 len: 210 time: 0.0161431
2026-09-19 03:12:27.213 9 WARNING neutron.scheduler.dhcp_agent_scheduler [None req-0bc7a438-f57a-4306-80a3-a4957eab889d 483331e8b9ad4e219124e227de3b60c5 cfba83abb5384052af5cff1009807ada - - default default] No more DHCP agents
2026-09-19 03:12:27.215 9 WARNING neutron.api.rpc.agentnotifiers.dhcp_rpc_agent_api [None req-0bc7a438-f57a-4306-80a3-a4957eab889d 483331e8b9ad4e219124e227de3b60c5 cfba83abb5384052af5cff1009807ada - - default default] Unable to schedule network c55239a3-ce80-4209-a700-55b9484c3bc2: no agents available; will retry on subsequent port and subnet creation events.
2026-09-19 03:12:27.308 9 INFO neutron.db.ovn_revision_numbers_db [None req-0bc7a438-f57a-4306-80a3-a4957eab889d 483331e8b9ad4e219124e227de3b60c5 cfba83abb5384052af5cff1009807ada - - default default] Successfully bumped revision number for resource d3d00575-568f-413b-820a-6b26033d18cd (type: ports) to 1
2026-09-19 03:12:27.330 9 INFO neutron.api.wsgi [None req-0bc7a438-f57a-4306-80a3-a4957eab889d 483331e8b9ad4e219124e227de3b60c5 cfba83abb5384052af5cff1009807ada - - default default] 10.0.0.217 "POST /v2.0/ports HTTP/1.1" status: 201 len: 1165 time: 0.3936174 /var/lib/openstack/lib/python3.12/site-packages/pycadf/identifier.py:71: UserWarning: Invalid uuid: neutron. To ensure interoperability, identifiers should be a valid uuid. warnings.warn(('Invalid uuid: %s. To ensure interoperability, '
2026-09-19 03:12:27.435 10 INFO neutron.db.ovn_revision_numbers_db [None req-78a44bab-398f-40e5-9023-5d409fbad46f 1a77308039fd423d831ad89f385a318b 94ff84ec4abe4a7bbe77f85d43b15b23 - - default default] Successfully bumped revision number for resource 74303ffd-de26-4d0a-8aaa-bf145ecac295 (type: security_groups) to 1
2026-09-19 03:12:27.445 10 INFO neutron.db.ovn_revision_numbers_db [None req-78a44bab-398f-40e5-9023-5d409fbad46f 1a77308039fd423d831ad89f385a318b 94ff84ec4abe4a7bbe77f85d43b15b23 - - default default] Successfully bumped revision number for resource 25943611-99c1-4194-ac7e-88de61987d46 (type: security_group_rules) to 0
2026-09-19 03:12:27.457 10 INFO neutron.db.ovn_revision_numbers_db [None req-78a44bab-398f-40e5-9023-5d409fbad46f 1a77308039fd423d831ad89f385a318b 94ff84ec4abe4a7bbe77f85d43b15b23 - - default default] Successfully bumped revision number for resource 4f4f3bac-98ff-4184-83c8-e729af421835 (type: security_group_rules) to 0
2026-09-19 03:12:27.468 10 INFO neutron.db.ovn_revision_numbers_db [None req-78a44bab-398f-40e5-9023-5d409fbad46f 1a77308039fd423d831ad89f385a318b 94ff84ec4abe4a7bbe77f85d43b15b23 - - default default] Successfully bumped revision number for resource 82c98391-be7c-4239-9a53-eb7e57e080db (type: security_group_rules) to 0
2026-09-19 03:12:27.479 10 INFO neutron.db.ovn_revision_numbers_db [None req-78a44bab-398f-40e5-9023-5d409fbad46f 1a77308039fd423d831ad89f385a318b 94ff84ec4abe4a7bbe77f85d43b15b23 - - default default] Successfully bumped revision number for resource afe2d710-ae60-429b-86f0-c06168b6ed02 (type: security_group_rules) to 0
2026-09-19 03:12:27.517 10 INFO neutron.api.wsgi [None req-78a44bab-398f-40e5-9023-5d409fbad46f 1a77308039fd423d831ad89f385a318b 94ff84ec4abe4a7bbe77f85d43b15b23 - - default default] 10.0.0.217 "GET /v2.0/security-groups?tenant_id=64ba96632b8d47b29463712a7798d28a&name=default HTTP/1.1" status: 200 len: 3120 time: 0.3525891
2026-09-19 03:12:27.684 9 INFO neutron.api.wsgi [None req-7c47815a-dd83-4467-bd7d-7ef0d4348d86 483331e8b9ad4e219124e227de3b60c5 cfba83abb5384052af5cff1009807ada - - default default] 10.0.0.217 "DELETE /v2.0/ports/d3d00575-568f-413b-820a-6b26033d18cd HTTP/1.1" status: 204 len: 168 time: 0.3512876
2026-09-19 03:12:27.705 9 INFO neutron.pecan_wsgi.hooks.translation [None req-f4980afb-a840-415f-9f55-3236ed54e024 483331e8b9ad4e219124e227de3b60c5 cfba83abb5384052af5cff1009807ada - - default default] DELETE failed (client error): The resource could not be found.
2026-09-19 03:12:27.708 9 INFO neutron.api.wsgi [None req-f4980afb-a840-415f-9f55-3236ed54e024 483331e8b9ad4e219124e227de3b60c5 cfba83abb5384052af5cff1009807ada - - default default] 10.0.0.217 "DELETE /v2.0/ports/d3d00575-568f-413b-820a-6b26033d18cd HTTP/1.1" status: 404 len: 333 time: 0.0175264
2026-09-19 03:12:27.729 10 INFO neutron.pecan_wsgi.hooks.translation [None req-e202856a-bbcc-4609-b7ad-55d1cdac232b 483331e8b9ad4e219124e227de3b60c5 cfba83abb5384052af5cff1009807ada - - default default] GET failed (client error): The resource could not be found.
2026-09-19 03:12:27.731 10 INFO neutron.api.wsgi [None req-e202856a-bbcc-4609-b7ad-55d1cdac232b 483331e8b9ad4e219124e227de3b60c5 cfba83abb5384052af5cff1009807ada - - default default] 10.0.0.217 "GET /v2.0/ports/d3d00575-568f-413b-820a-6b26033d18cd HTTP/1.1" status: 404 len: 333 time: 0.0179591
2026-09-19 03:12:27.767 10 INFO neutron.api.wsgi [None req-52d82515-fffb-45c5-9450-c4772e148cee 1a77308039fd423d831ad89f385a318b 94ff84ec4abe4a7bbe77f85d43b15b23 - - default default] 10.0.0.217 "DELETE /v2.0/security-groups/74303ffd-de26-4d0a-8aaa-bf145ecac295 HTTP/1.1" status: 204 len: 168 time: 0.2455680
2026-09-19 03:12:27.882 9 INFO neutron.api.wsgi [None req-c4ceb164-12d3-4220-93de-a938ab30f11f 483331e8b9ad4e219124e227de3b60c5 cfba83abb5384052af5cff1009807ada - - default default] 10.0.0.217 "DELETE /v2.0/subnets/3b00506d-0613-450f-8a1d-1c987c53b6de HTTP/1.1" status: 204 len: 168 time: 0.1467919
2026-09-19 03:12:27.902 10 WARNING neutron_lib.context [None req-e0f24819-dc66-4f80-a200-3a2273e08140 30a933b7d386450abd6bdf7be061c363 2866368b0628460c81326003b4796bff - - default default] Method 'is_advsvc' is deprecated since 2023.2 release (neutron-lib 3.8.0) and will be removed once support for the old RBAC API policies will be removed from Neutron. Please use method 'is_service_role' instead.
2026-09-19 03:12:28.012 9 INFO neutron.db.ovn_revision_numbers_db [None req-b0f55abb-921c-4384-b158-93cd8889c2ae 1a77308039fd423d831ad89f385a318b 94ff84ec4abe4a7bbe77f85d43b15b23 - - default default] Successfully bumped revision number for resource 08dbf18c-2d5b-483c-835e-a7691cf3030d (type: security_groups) to 1
2026-09-19 03:12:28.022 9 INFO neutron.db.ovn_revision_numbers_db [None req-b0f55abb-921c-4384-b158-93cd8889c2ae 1a77308039fd423d831ad89f385a318b 94ff84ec4abe4a7bbe77f85d43b15b23 - - default default] Successfully bumped revision number for resource 331e465d-0800-4c98-af3a-0a35613cba28 (type: security_group_rules) to 0
2026-09-19 03:12:28.033 9 INFO neutron.db.ovn_revision_numbers_db [None req-b0f55abb-921c-4384-b158-93cd8889c2ae 1a77308039fd423d831ad89f385a318b 94ff84ec4abe4a7bbe77f85d43b15b23 - - default default] Successfully bumped revision number for resource 40b2371e-6cb2-4599-901a-e5c090eec407 (type: security_group_rules) to 0
2026-09-19 03:12:28.035 10 INFO neutron.api.wsgi [req-f9e94510-4ebe-451c-96f6-0fe442eedc50 req-61b739e0-f161-472b-a13c-949602400dc3 c21a2649964145c4ba2955859123e3c0 8f56c4e4d5c9416da122dd9e1503bc32 - - default default] 10.0.0.185 "GET /v2.0/ports?device_id=7a9e28a4-2d9d-470b-a615-79461b87ceb6 HTTP/1.1" status: 200 len: 210 time: 0.0364480
2026-09-19 03:12:28.050 9 INFO neutron.db.ovn_revision_numbers_db [None req-b0f55abb-921c-4384-b158-93cd8889c2ae 1a77308039fd423d831ad89f385a318b 94ff84ec4abe4a7bbe77f85d43b15b23 - - default default] Successfully bumped revision number for resource 8a240ecd-cb26-4b28-8ef6-1f678a4687b8 (type: security_group_rules) to 0
2026-09-19 03:12:28.062 9 INFO neutron.db.ovn_revision_numbers_db [None req-b0f55abb-921c-4384-b158-93cd8889c2ae 1a77308039fd423d831ad89f385a318b 94ff84ec4abe4a7bbe77f85d43b15b23 - - default default] Successfully bumped revision number for resource d05e45ee-1e8e-45e6-a7fc-37f99b198f48 (type: security_group_rules) to 0
2026-09-19 03:12:28.096 9 INFO neutron.api.wsgi [None req-b0f55abb-921c-4384-b158-93cd8889c2ae 1a77308039fd423d831ad89f385a318b 94ff84ec4abe4a7bbe77f85d43b15b23 - - default default] 10.0.0.217 "GET /v2.0/security-groups?tenant_id=b06d9fae3c37460cb6db62d4bbef4896&name=default HTTP/1.1" status: 200 len: 3120 time: 0.2025089
2026-09-19 03:12:28.112 10 INFO neutron.db.ovn_revision_numbers_db [None req-e0f24819-dc66-4f80-a200-3a2273e08140 30a933b7d386450abd6bdf7be061c363 2866368b0628460c81326003b4796bff - - default default] Successfully bumped revision number for resource fa7e0e1d-704e-4870-95aa-7671eb3f2d5d (type: security_groups) to 1
2026-09-19 03:12:28.141 10 INFO neutron.db.ovn_revision_numbers_db [None req-e0f24819-dc66-4f80-a200-3a2273e08140 30a933b7d386450abd6bdf7be061c363 2866368b0628460c81326003b4796bff - - default default] Successfully bumped revision number for resource 290e7c04-51d3-49df-beb8-75806723cc19 (type: security_group_rules) to 0
2026-09-19 03:12:28.167 10 INFO neutron.db.ovn_revision_numbers_db [None req-e0f24819-dc66-4f80-a200-3a2273e08140 30a933b7d386450abd6bdf7be061c363 2866368b0628460c81326003b4796bff - - default default] Successfully bumped revision number for resource 74940148-67ff-4f8e-b13b-9c6bd486cc5f (type: security_group_rules) to 0
2026-09-19 03:12:28.191 10 INFO neutron.db.ovn_revision_numbers_db [None req-e0f24819-dc66-4f80-a200-3a2273e08140 30a933b7d386450abd6bdf7be061c363 2866368b0628460c81326003b4796bff - - default default] Successfully bumped revision number for resource aa4a3a8e-aa64-4423-9e0c-9d41356a40e4 (type: security_group_rules) to 0
2026-09-19 03:12:28.215 10 INFO neutron.db.ovn_revision_numbers_db [None req-e0f24819-dc66-4f80-a200-3a2273e08140 30a933b7d386450abd6bdf7be061c363 2866368b0628460c81326003b4796bff - - default default] Successfully bumped revision number for resource ac4a5da2-42aa-4c73-a046-58c077e1593a (type: security_group_rules) to 0
2026-09-19 03:12:28.222 10 WARNING neutron.plugins.ml2.drivers.ovn.mech_driver.ovsdb.ovn_client [None req-bf55074d-5d5a-45b6-b273-96341858e4ab - - - - - -] No hosting information found for port 0dc1fb06-19ad-46e5-9b8f-a8152a3d598d: RuntimeError: No hosting information found for port 0dc1fb06-19ad-46e5-9b8f-a8152a3d598d
2026-09-19 03:12:28.276 9 INFO neutron.api.wsgi [None req-8ab656bb-6e35-4853-be63-67d0c20aab24 1a77308039fd423d831ad89f385a318b 94ff84ec4abe4a7bbe77f85d43b15b23 - - default default] 10.0.0.217 "DELETE /v2.0/security-groups/08dbf18c-2d5b-483c-835e-a7691cf3030d HTTP/1.1" status: 204 len: 168 time: 0.1736431
2026-09-19 03:12:28.318 10 INFO neutron.db.segments_db [None req-e0f24819-dc66-4f80-a200-3a2273e08140 30a933b7d386450abd6bdf7be061c363 2866368b0628460c81326003b4796bff - - default default] Added segment 6f4166cf-05a5-4611-9f2c-625cb6381670 of type geneve for network cca786fa-6344-44d8-a053-10d4898decf8
2026-09-19 03:12:28.323 10 INFO neutron.db.ovn_revision_numbers_db [None req-bf55074d-5d5a-45b6-b273-96341858e4ab - - - - - -] Successfully bumped revision number for resource 0dc1fb06-19ad-46e5-9b8f-a8152a3d598d (type: router_ports) to 2
2026-09-19 03:12:28.371 10 INFO neutron.api.wsgi [None req-665f4e9f-e16e-4098-b8c3-43c023ad0725 483331e8b9ad4e219124e227de3b60c5 cfba83abb5384052af5cff1009807ada - - default default] 10.0.0.217 "DELETE /v2.0/networks/c55239a3-ce80-4209-a700-55b9484c3bc2 HTTP/1.1" status: 204 len: 168 time: 0.4839187
2026-09-19 03:12:28.382 10 WARNING neutron_lib.context [None req-ad1e1ed7-abe6-405b-87f5-6f859b50352e 483331e8b9ad4e219124e227de3b60c5 cfba83abb5384052af5cff1009807ada - - default default] Method 'is_advsvc' is deprecated since 2023.2 release (neutron-lib 3.8.0) and will be removed once support for the old RBAC API policies will be removed from Neutron. Please use method 'is_service_role' instead.
2026-09-19 03:12:28.441 10 INFO neutron.db.ovn_revision_numbers_db [None req-e0f24819-dc66-4f80-a200-3a2273e08140 30a933b7d386450abd6bdf7be061c363 2866368b0628460c81326003b4796bff - - default default] Successfully bumped revision number for resource cca786fa-6344-44d8-a053-10d4898decf8 (type: networks) to 1
2026-09-19 03:12:28.498 10 INFO neutron.db.segments_db [None req-ad1e1ed7-abe6-405b-87f5-6f859b50352e 483331e8b9ad4e219124e227de3b60c5 cfba83abb5384052af5cff1009807ada - - default default] Added segment fdb15453-564d-440a-80b5-cd8056a6aa61 of type geneve for network ac5fbcff-57de-4859-8a9f-499b701c05d5
2026-09-19 03:12:28.504 10 INFO neutron.services.segments.plugin [-] Segment 9efb9d2d-21e4-4dd9-ac4b-685d4b3d301e resource provider aggregate not found
2026-09-19 03:12:28.507 10 INFO neutron.services.segments.plugin [-] Segment 9efb9d2d-21e4-4dd9-ac4b-685d4b3d301e resource provider aggregate not found
2026-09-19 03:12:28.532 10 INFO neutron.services.segments.plugin [-] Segment 9efb9d2d-21e4-4dd9-ac4b-685d4b3d301e resource provider not found; error: Placement Client Error (4xx): {"errors": [{"status": 404, "title": "Not Found", "detail": "The resource could not be found.\n\n No resource provider with uuid 9efb9d2d-21e4-4dd9-ac4b-685d4b3d301e found for delete ", "request_id": "req-219928a7-864a-412a-953a-0760ee243de9"}]}
2026-09-19 03:12:28.538 10 INFO neutron.services.segments.plugin [-] Segment 9efb9d2d-21e4-4dd9-ac4b-685d4b3d301e resource provider not found; error: Placement Client Error (4xx): {"errors": [{"status": 404, "title": "Not Found", "detail": "The resource could not be found.\n\n No resource provider with uuid 9efb9d2d-21e4-4dd9-ac4b-685d4b3d301e found for delete ", "request_id": "req-7aa23c7f-86d7-47e2-8d93-4fc40a8a82e8"}]}
2026-09-19 03:12:28.646 10 WARNING neutron.scheduler.dhcp_agent_scheduler [None req-e0f24819-dc66-4f80-a200-3a2273e08140 30a933b7d386450abd6bdf7be061c363 2866368b0628460c81326003b4796bff - - default default] No more DHCP agents
2026-09-19 03:12:28.647 10 INFO neutron.db.ovn_revision_numbers_db [None req-ad1e1ed7-abe6-405b-87f5-6f859b50352e 483331e8b9ad4e219124e227de3b60c5 cfba83abb5384052af5cff1009807ada - - default default] Successfully bumped revision number for resource ac5fbcff-57de-4859-8a9f-499b701c05d5 (type: networks) to 1
2026-09-19 03:12:28.648 10 WARNING neutron.api.rpc.agentnotifiers.dhcp_rpc_agent_api [None req-e0f24819-dc66-4f80-a200-3a2273e08140 30a933b7d386450abd6bdf7be061c363 2866368b0628460c81326003b4796bff - - default default] Unable to schedule network cca786fa-6344-44d8-a053-10d4898decf8: no agents available; will retry on subsequent port and subnet creation events.
2026-09-19 03:12:28.733 10 INFO neutron.db.ovn_revision_numbers_db [None req-e0f24819-dc66-4f80-a200-3a2273e08140 30a933b7d386450abd6bdf7be061c363 2866368b0628460c81326003b4796bff - - default default] Successfully bumped revision number for resource 4e908bf4-86c4-4594-91f4-bd5c0f659ff4 (type: ports) to 1
2026-09-19 03:12:28.763 10 INFO neutron.api.wsgi [None req-e0f24819-dc66-4f80-a200-3a2273e08140 30a933b7d386450abd6bdf7be061c363 2866368b0628460c81326003b4796bff - - default default] 10.0.0.217 "POST /v2.0/networks HTTP/1.1" status: 201 len: 846 time: 0.9660752
2026-09-19 03:12:28.847 10 WARNING neutron.scheduler.dhcp_agent_scheduler [None req-ad1e1ed7-abe6-405b-87f5-6f859b50352e 483331e8b9ad4e219124e227de3b60c5 cfba83abb5384052af5cff1009807ada - - default default] No more DHCP agents
2026-09-19 03:12:28.849 10 WARNING neutron.api.rpc.agentnotifiers.dhcp_rpc_agent_api [None req-ad1e1ed7-abe6-405b-87f5-6f859b50352e 483331e8b9ad4e219124e227de3b60c5 cfba83abb5384052af5cff1009807ada - - default default] Unable to schedule network ac5fbcff-57de-4859-8a9f-499b701c05d5: no agents available; will retry on subsequent port and subnet creation events.
2026-09-19 03:12:28.898 10 INFO neutron.db.ovn_revision_numbers_db [None req-ad1e1ed7-abe6-405b-87f5-6f859b50352e 483331e8b9ad4e219124e227de3b60c5 cfba83abb5384052af5cff1009807ada - - default default] Successfully bumped revision number for resource 4facfd80-f838-47ef-bed9-b93c0316ee09 (type: ports) to 1
2026-09-19 03:12:28.913 10 INFO neutron.api.wsgi [None req-ad1e1ed7-abe6-405b-87f5-6f859b50352e 483331e8b9ad4e219124e227de3b60c5 cfba83abb5384052af5cff1009807ada - - default default] 10.0.0.217 "POST /v2.0/networks HTTP/1.1" status: 201 len: 835 time: 0.5342486
2026-09-19 03:12:28.925 9 WARNING neutron_lib.context [None req-c8dbb81d-3c17-4e6f-8897-ab8f7850addd 483331e8b9ad4e219124e227de3b60c5 cfba83abb5384052af5cff1009807ada - - default default] Method 'is_advsvc' is deprecated since 2023.2 release (neutron-lib 3.8.0) and will be removed once support for the old RBAC API policies will be removed from Neutron. Please use method 'is_service_role' instead.
2026-09-19 03:12:29.107 9 INFO neutron.api.wsgi [req-573e86b9-54a9-46e7-b6ad-331f529a821a req-7991abf0-a9de-437a-94ec-497d7650eb3f c21a2649964145c4ba2955859123e3c0 8f56c4e4d5c9416da122dd9e1503bc32 - - default default] 162.253.55.193 "GET /v2.0/networks?id=f1ea5239-648c-4253-b887-1a8cc4d5c605 HTTP/1.1" status: 200 len: 877 time: 0.0699759
2026-09-19 03:12:29.118 9 WARNING neutron_lib.context [req-573e86b9-54a9-46e7-b6ad-331f529a821a req-3ee847e5-9d58-4a6f-a56b-9db55c9853f3 c21a2649964145c4ba2955859123e3c0 8f56c4e4d5c9416da122dd9e1503bc32 - - default default] Method 'is_advsvc' is deprecated since 2023.2 release (neutron-lib 3.8.0) and will be removed once support for the old RBAC API policies will be removed from Neutron. Please use method 'is_service_role' instead.
2026-09-19 03:12:29.133 10 INFO neutron.api.wsgi [req-7ac6e66e-2c79-428a-a099-fd9f489eebd6 req-83296ec2-068b-49e8-8baa-7fcbaf9462d7 c21a2649964145c4ba2955859123e3c0 8f56c4e4d5c9416da122dd9e1503bc32 - - default default] 10.0.0.185 "GET /v2.0/ports?device_id=7a9e28a4-2d9d-470b-a615-79461b87ceb6 HTTP/1.1" status: 200 len: 210 time: 0.0402918
2026-09-19 03:12:29.160 9 WARNING neutron.scheduler.dhcp_agent_scheduler [None req-c8dbb81d-3c17-4e6f-8897-ab8f7850addd 483331e8b9ad4e219124e227de3b60c5 cfba83abb5384052af5cff1009807ada - - default default] No more DHCP agents
2026-09-19 03:12:29.161 9 WARNING neutron.api.rpc.agentnotifiers.dhcp_rpc_agent_api [None req-c8dbb81d-3c17-4e6f-8897-ab8f7850addd 483331e8b9ad4e219124e227de3b60c5 cfba83abb5384052af5cff1009807ada - - default default] Unable to schedule network ac5fbcff-57de-4859-8a9f-499b701c05d5: no agents available; will retry on subsequent port and subnet creation events.
2026-09-19 03:12:29.200 9 INFO neutron.db.ovn_revision_numbers_db [None req-c8dbb81d-3c17-4e6f-8897-ab8f7850addd 483331e8b9ad4e219124e227de3b60c5 cfba83abb5384052af5cff1009807ada - - default default] Successfully bumped revision number for resource 831788ae-c225-4065-bf09-a9da48004268 (type: subnets) to 0
2026-09-19 03:12:29.230 9 INFO neutron.api.wsgi [None req-c8dbb81d-3c17-4e6f-8897-ab8f7850addd 483331e8b9ad4e219124e227de3b60c5 cfba83abb5384052af5cff1009807ada - - default default] 10.0.0.217 "POST /v2.0/subnets HTTP/1.1" status: 201 len: 845 time: 0.3104918
2026-09-19 03:12:29.248 10 WARNING neutron_lib.context [None req-d0c87ead-7080-4d16-9bf6-a5f17689a47d 483331e8b9ad4e219124e227de3b60c5 cfba83abb5384052af5cff1009807ada - - default default] Method 'is_advsvc' is deprecated since 2023.2 release (neutron-lib 3.8.0) and will be removed once support for the old RBAC API policies will be removed from Neutron. Please use method 'is_service_role' instead.
2026-09-19 03:12:29.295 9 WARNING neutron_lib.context [None req-e4f7cf96-8577-45c4-94fb-ed7fb151b1d7 30a933b7d386450abd6bdf7be061c363 2866368b0628460c81326003b4796bff - - default default] Method 'is_advsvc' is deprecated since 2023.2 release (neutron-lib 3.8.0) and will be removed once support for the old RBAC API policies will be removed from Neutron. Please use method 'is_service_role' instead.
2026-09-19 03:12:29.484 9 WARNING neutron.scheduler.dhcp_agent_scheduler [req-573e86b9-54a9-46e7-b6ad-331f529a821a req-3ee847e5-9d58-4a6f-a56b-9db55c9853f3 c21a2649964145c4ba2955859123e3c0 8f56c4e4d5c9416da122dd9e1503bc32 - - default default] No more DHCP agents
2026-09-19 03:12:29.485 9 WARNING neutron.api.rpc.agentnotifiers.dhcp_rpc_agent_api [req-573e86b9-54a9-46e7-b6ad-331f529a821a req-3ee847e5-9d58-4a6f-a56b-9db55c9853f3 c21a2649964145c4ba2955859123e3c0 8f56c4e4d5c9416da122dd9e1503bc32 - - default default] Unable to schedule network f1ea5239-648c-4253-b887-1a8cc4d5c605: no agents available; will retry on subsequent port and subnet creation events.
2026-09-19 03:12:29.510 10 WARNING neutron.scheduler.dhcp_agent_scheduler [None req-d0c87ead-7080-4d16-9bf6-a5f17689a47d 483331e8b9ad4e219124e227de3b60c5 cfba83abb5384052af5cff1009807ada - - default default] No more DHCP agents
2026-09-19 03:12:29.511 10 WARNING neutron.api.rpc.agentnotifiers.dhcp_rpc_agent_api [None req-d0c87ead-7080-4d16-9bf6-a5f17689a47d 483331e8b9ad4e219124e227de3b60c5 cfba83abb5384052af5cff1009807ada - - default default] Unable to schedule network ac5fbcff-57de-4859-8a9f-499b701c05d5: no agents available; will retry on subsequent port and subnet creation events.
2026-09-19 03:12:29.559 9 WARNING neutron.scheduler.dhcp_agent_scheduler [None req-e4f7cf96-8577-45c4-94fb-ed7fb151b1d7 30a933b7d386450abd6bdf7be061c363 2866368b0628460c81326003b4796bff - - default default] No more DHCP agents
2026-09-19 03:12:29.561 9 WARNING neutron.api.rpc.agentnotifiers.dhcp_rpc_agent_api [None req-e4f7cf96-8577-45c4-94fb-ed7fb151b1d7 30a933b7d386450abd6bdf7be061c363 2866368b0628460c81326003b4796bff - - default default] Unable to schedule network cca786fa-6344-44d8-a053-10d4898decf8: no agents available; will retry on subsequent port and subnet creation events.
2026-09-19 03:12:29.595 9 INFO neutron.db.ovn_revision_numbers_db [None req-e4f7cf96-8577-45c4-94fb-ed7fb151b1d7 30a933b7d386450abd6bdf7be061c363 2866368b0628460c81326003b4796bff - - default default] Successfully bumped revision number for resource 6a26cccb-65e3-481c-87b7-d2e134f82c87 (type: subnets) to 0
2026-09-19 03:12:29.602 10 INFO neutron.db.ovn_revision_numbers_db [None req-d0c87ead-7080-4d16-9bf6-a5f17689a47d 483331e8b9ad4e219124e227de3b60c5 cfba83abb5384052af5cff1009807ada - - default default] Successfully bumped revision number for resource 035f99c3-1b34-44d3-b22e-7e02b4a6d988 (type: ports) to 1
2026-09-19 03:12:29.618 9 INFO neutron.api.wsgi [None req-e4f7cf96-8577-45c4-94fb-ed7fb151b1d7 30a933b7d386450abd6bdf7be061c363 2866368b0628460c81326003b4796bff - - default default] 10.0.0.217 "POST /v2.0/subnets HTTP/1.1" status: 201 len: 872 time: 0.3290141
2026-09-19 03:12:29.622 10 INFO neutron.api.wsgi [None req-d0c87ead-7080-4d16-9bf6-a5f17689a47d 483331e8b9ad4e219124e227de3b60c5 cfba83abb5384052af5cff1009807ada - - default default] 10.0.0.217 "POST /v2.0/ports HTTP/1.1" status: 201 len: 1127 time: 0.3815391
2026-09-19 03:12:29.627 10 WARNING neutron_lib.context [None req-94de0ce3-5383-41c7-b0a1-2b5bcb635728 30a933b7d386450abd6bdf7be061c363 2866368b0628460c81326003b4796bff - - default default] Method 'is_advsvc' is deprecated since 2023.2 release (neutron-lib 3.8.0) and will be removed once support for the old RBAC API policies will be removed from Neutron. Please use method 'is_service_role' instead. /var/lib/openstack/lib/python3.12/site-packages/pycadf/identifier.py:71: UserWarning: Invalid uuid: neutron. To ensure interoperability, identifiers should be a valid uuid. warnings.warn(('Invalid uuid: %s. To ensure interoperability, '
2026-09-19 03:12:29.646 9 INFO neutron.db.ovn_revision_numbers_db [req-573e86b9-54a9-46e7-b6ad-331f529a821a req-3ee847e5-9d58-4a6f-a56b-9db55c9853f3 c21a2649964145c4ba2955859123e3c0 8f56c4e4d5c9416da122dd9e1503bc32 - - default default] Successfully bumped revision number for resource 80428d88-785b-4564-b5b6-ae573bae3727 (type: ports) to 1
2026-09-19 03:12:29.672 9 INFO neutron.api.wsgi [req-573e86b9-54a9-46e7-b6ad-331f529a821a req-3ee847e5-9d58-4a6f-a56b-9db55c9853f3 c21a2649964145c4ba2955859123e3c0 8f56c4e4d5c9416da122dd9e1503bc32 - - default default] 162.253.55.193 "POST /v2.0/ports HTTP/1.1" status: 201 len: 1162 time: 0.5621951
2026-09-19 03:12:29.726 10 INFO neutron.db.segments_db [None req-94de0ce3-5383-41c7-b0a1-2b5bcb635728 30a933b7d386450abd6bdf7be061c363 2866368b0628460c81326003b4796bff - - default default] Added segment 66e9b120-85e1-4832-81c7-1e90bc5aab37 of type geneve for network 931c705a-61e4-4d2a-a7cb-fc54336676c8
2026-09-19 03:12:29.866 10 INFO neutron.db.ovn_revision_numbers_db [None req-94de0ce3-5383-41c7-b0a1-2b5bcb635728 30a933b7d386450abd6bdf7be061c363 2866368b0628460c81326003b4796bff - - default default] Successfully bumped revision number for resource 931c705a-61e4-4d2a-a7cb-fc54336676c8 (type: networks) to 1
2026-09-19 03:12:29.971 9 INFO neutron.api.wsgi [None req-53f949a3-e7ed-418c-ac54-492e82c4bb1a 483331e8b9ad4e219124e227de3b60c5 cfba83abb5384052af5cff1009807ada - - default default] 10.0.0.217 "DELETE /v2.0/ports/035f99c3-1b34-44d3-b22e-7e02b4a6d988 HTTP/1.1" status: 204 len: 168 time: 0.3448453
2026-09-19 03:12:29.996 10 INFO neutron.pecan_wsgi.hooks.translation [None req-6ae62e28-858e-4be2-b69c-0c4053b7968b 483331e8b9ad4e219124e227de3b60c5 cfba83abb5384052af5cff1009807ada - - default default] GET failed (client error): The resource could not be found.
2026-09-19 03:12:29.998 10 INFO neutron.api.wsgi [None req-6ae62e28-858e-4be2-b69c-0c4053b7968b 483331e8b9ad4e219124e227de3b60c5 cfba83abb5384052af5cff1009807ada - - default default] 10.0.0.217 "GET /v2.0/ports/035f99c3-1b34-44d3-b22e-7e02b4a6d988 HTTP/1.1" status: 404 len: 333 time: 0.0204592
2026-09-19 03:12:30.039 10 WARNING neutron.scheduler.dhcp_agent_scheduler [None req-94de0ce3-5383-41c7-b0a1-2b5bcb635728 30a933b7d386450abd6bdf7be061c363 2866368b0628460c81326003b4796bff - - default default] No more DHCP agents
2026-09-19 03:12:30.041 10 WARNING neutron.api.rpc.agentnotifiers.dhcp_rpc_agent_api [None req-94de0ce3-5383-41c7-b0a1-2b5bcb635728 30a933b7d386450abd6bdf7be061c363 2866368b0628460c81326003b4796bff - - default default] Unable to schedule network 931c705a-61e4-4d2a-a7cb-fc54336676c8: no agents available; will retry on subsequent port and subnet creation events.
2026-09-19 03:12:30.087 9 INFO neutron.db.ovn_revision_numbers_db [req-573e86b9-54a9-46e7-b6ad-331f529a821a req-f73c9133-e63c-48ca-8039-3c097e30749b 4532e34d970f492685081a27c291163a 9f548cb075c5431482fe8ea4ea88c375 - - b946b65d030e4b1d9c349941185b1eec b946b65d030e4b1d9c349941185b1eec] Successfully bumped revision number for resource 80428d88-785b-4564-b5b6-ae573bae3727 (type: ports) to 2
2026-09-19 03:12:30.138 10 INFO neutron.db.ovn_revision_numbers_db [None req-94de0ce3-5383-41c7-b0a1-2b5bcb635728 30a933b7d386450abd6bdf7be061c363 2866368b0628460c81326003b4796bff - - default default] Successfully bumped revision number for resource 4db97a0b-613c-4626-8ab5-e515b35b0039 (type: ports) to 1
2026-09-19 03:12:30.169 10 INFO neutron.api.wsgi [None req-94de0ce3-5383-41c7-b0a1-2b5bcb635728 30a933b7d386450abd6bdf7be061c363 2866368b0628460c81326003b4796bff - - default default] 10.0.0.217 "POST /v2.0/networks HTTP/1.1" status: 201 len: 847 time: 0.5445988
2026-09-19 03:12:30.200 10 INFO neutron.api.wsgi [None req-98ae6270-1e3b-47f6-ad01-dfa8969d57e0 483331e8b9ad4e219124e227de3b60c5 cfba83abb5384052af5cff1009807ada - - default default] 10.0.0.217 "DELETE /v2.0/subnets/831788ae-c225-4065-bf09-a9da48004268 HTTP/1.1" status: 204 len: 168 time: 0.1963730
2026-09-19 03:12:30.283 9 INFO neutron.db.ovn_revision_numbers_db [req-573e86b9-54a9-46e7-b6ad-331f529a821a req-f73c9133-e63c-48ca-8039-3c097e30749b 4532e34d970f492685081a27c291163a 9f548cb075c5431482fe8ea4ea88c375 - - b946b65d030e4b1d9c349941185b1eec b946b65d030e4b1d9c349941185b1eec] Successfully bumped revision number for resource 80428d88-785b-4564-b5b6-ae573bae3727 (type: ports) to 4
2026-09-19 03:12:30.296 9 INFO neutron.api.wsgi [req-573e86b9-54a9-46e7-b6ad-331f529a821a req-f73c9133-e63c-48ca-8039-3c097e30749b 4532e34d970f492685081a27c291163a 9f548cb075c5431482fe8ea4ea88c375 - - b946b65d030e4b1d9c349941185b1eec b946b65d030e4b1d9c349941185b1eec] 162.253.55.193 "PUT /v2.0/ports/80428d88-785b-4564-b5b6-ae573bae3727 HTTP/1.1" status: 200 len: 1408 time: 0.6205268
2026-09-19 03:12:30.322 9 INFO neutron.notifiers.nova [-] Nova event matching ['req-3d04cac6-061f-4e10-8160-6d9cd772fb5b'] response: {'name': 'network-changed', 'server_uuid': '7a9e28a4-2d9d-470b-a615-79461b87ceb6', 'tag': '80428d88-785b-4564-b5b6-ae573bae3727', 'status': 'completed', 'code': 200}
2026-09-19 03:12:30.392 10 INFO neutron.api.wsgi [req-d24a5367-1606-4951-85ce-06558a1eb063 req-288e3fd2-7f34-4a70-827f-53b1e776bbd7 c21a2649964145c4ba2955859123e3c0 8f56c4e4d5c9416da122dd9e1503bc32 - - default default] 10.0.0.185 "GET /v2.0/ports?device_id=7a9e28a4-2d9d-470b-a615-79461b87ceb6 HTTP/1.1" status: 200 len: 1172 time: 0.1798487
2026-09-19 03:12:30.463 10 INFO neutron.api.wsgi [req-d24a5367-1606-4951-85ce-06558a1eb063 req-f7ee80f2-a6f8-453e-a004-0725b642e535 c21a2649964145c4ba2955859123e3c0 8f56c4e4d5c9416da122dd9e1503bc32 - - default default] 10.0.0.185 "GET /v2.0/security-groups?id=c753a62b-5068-453d-b4c7-ae9bb64c012b&fields=id&fields=name HTTP/1.1" status: 200 len: 286 time: 0.0613809
2026-09-19 03:12:30.474 10 INFO neutron.db.ovn_revision_numbers_db [None req-925e1002-a95e-4fc4-8267-4269b16c1c73 30a933b7d386450abd6bdf7be061c363 2866368b0628460c81326003b4796bff - - default default] Successfully bumped revision number for resource 931c705a-61e4-4d2a-a7cb-fc54336676c8 (type: networks) to 2
2026-09-19 03:12:30.477 10 INFO neutron.api.wsgi [None req-925e1002-a95e-4fc4-8267-4269b16c1c73 30a933b7d386450abd6bdf7be061c363 2866368b0628460c81326003b4796bff - - default default] 10.0.0.217 "PUT /v2.0/networks/931c705a-61e4-4d2a-a7cb-fc54336676c8 HTTP/1.1" status: 200 len: 792 time: 0.3020196 /var/lib/openstack/lib/python3.12/site-packages/pycadf/identifier.py:71: UserWarning: Invalid uuid: neutron. To ensure interoperability, identifiers should be a valid uuid. warnings.warn(('Invalid uuid: %s. To ensure interoperability, '
2026-09-19 03:12:30.487 9 WARNING neutron_lib.context [None req-b0379366-7f11-40dc-aec6-4649d1587e4c 30a933b7d386450abd6bdf7be061c363 2866368b0628460c81326003b4796bff - - default default] Method 'is_advsvc' is deprecated since 2023.2 release (neutron-lib 3.8.0) and will be removed once support for the old RBAC API policies will be removed from Neutron. Please use method 'is_service_role' instead.
2026-09-19 03:12:30.657 10 INFO neutron.services.segments.plugin [-] Segment fdb15453-564d-440a-80b5-cd8056a6aa61 resource provider aggregate not found
2026-09-19 03:12:30.663 10 INFO neutron.services.segments.plugin [-] Segment fdb15453-564d-440a-80b5-cd8056a6aa61 resource provider aggregate not found
2026-09-19 03:12:30.668 9 WARNING neutron.scheduler.dhcp_agent_scheduler [None req-b0379366-7f11-40dc-aec6-4649d1587e4c 30a933b7d386450abd6bdf7be061c363 2866368b0628460c81326003b4796bff - - default default] No more DHCP agents
2026-09-19 03:12:30.670 9 WARNING neutron.api.rpc.agentnotifiers.dhcp_rpc_agent_api [None req-b0379366-7f11-40dc-aec6-4649d1587e4c 30a933b7d386450abd6bdf7be061c363 2866368b0628460c81326003b4796bff - - default default] Unable to schedule network 931c705a-61e4-4d2a-a7cb-fc54336676c8: no agents available; will retry on subsequent port and subnet creation events.
2026-09-19 03:12:30.671 10 INFO neutron.services.segments.plugin [-] Segment fdb15453-564d-440a-80b5-cd8056a6aa61 resource provider not found; error: Placement Client Error (4xx): {"errors": [{"status": 404, "title": "Not Found", "detail": "The resource could not be found.\n\n No resource provider with uuid fdb15453-564d-440a-80b5-cd8056a6aa61 found for delete ", "request_id": "req-25c8cb02-3fed-4171-9157-d9fbb5d9380b"}]}
2026-09-19 03:12:30.675 10 INFO neutron.services.segments.plugin [-] Segment fdb15453-564d-440a-80b5-cd8056a6aa61 resource provider not found; error: Placement Client Error (4xx): {"errors": [{"status": 404, "title": "Not Found", "detail": "The resource could not be found.\n\n No resource provider with uuid fdb15453-564d-440a-80b5-cd8056a6aa61 found for delete ", "request_id": "req-d8132829-1320-40b0-8cb2-322515128d9d"}]}
2026-09-19 03:12:30.700 9 INFO neutron.db.ovn_revision_numbers_db [None req-b0379366-7f11-40dc-aec6-4649d1587e4c 30a933b7d386450abd6bdf7be061c363 2866368b0628460c81326003b4796bff - - default default] Successfully bumped revision number for resource 731ff475-7316-4ac4-a3c1-2b0467bf0349 (type: subnets) to 0
2026-09-19 03:12:30.703 10 INFO neutron.api.wsgi [None req-8d68af10-036a-40f3-a1fe-f2d020ade99a 483331e8b9ad4e219124e227de3b60c5 cfba83abb5384052af5cff1009807ada - - default default] 10.0.0.217 "DELETE /v2.0/networks/ac5fbcff-57de-4859-8a9f-499b701c05d5 HTTP/1.1" status: 204 len: 168 time: 0.4946830
2026-09-19 03:12:30.713 10 WARNING neutron_lib.context [None req-582cf1c5-d8d5-4d96-8396-964255c1d09a 483331e8b9ad4e219124e227de3b60c5 cfba83abb5384052af5cff1009807ada - - default default] Method 'is_advsvc' is deprecated since 2023.2 release (neutron-lib 3.8.0) and will be removed once support for the old RBAC API policies will be removed from Neutron. Please use method 'is_service_role' instead.
2026-09-19 03:12:30.717 9 INFO neutron.api.wsgi [None req-b0379366-7f11-40dc-aec6-4649d1587e4c 30a933b7d386450abd6bdf7be061c363 2866368b0628460c81326003b4796bff - - default default] 10.0.0.217 "POST /v2.0/subnets HTTP/1.1" status: 201 len: 845 time: 0.2339127
2026-09-19 03:12:30.872 9 INFO neutron.api.wsgi [req-f90022a7-2417-4ba7-8b41-9f05005fc978 req-d00ce966-ed9d-4259-973b-d03b5c3da3f0 4532e34d970f492685081a27c291163a 9f548cb075c5431482fe8ea4ea88c375 - - b946b65d030e4b1d9c349941185b1eec b946b65d030e4b1d9c349941185b1eec] 162.253.55.193 "GET /v2.0/ports?tenant_id=8f56c4e4d5c9416da122dd9e1503bc32&device_id=7a9e28a4-2d9d-470b-a615-79461b87ceb6 HTTP/1.1" status: 200 len: 1411 time: 0.0416856
2026-09-19 03:12:30.931 9 INFO neutron.api.wsgi [req-f90022a7-2417-4ba7-8b41-9f05005fc978 req-5f735841-f383-4981-a213-e36d107fb220 4532e34d970f492685081a27c291163a 9f548cb075c5431482fe8ea4ea88c375 - - b946b65d030e4b1d9c349941185b1eec b946b65d030e4b1d9c349941185b1eec] 162.253.55.193 "GET /v2.0/networks?tenant_id=8f56c4e4d5c9416da122dd9e1503bc32&shared=False HTTP/1.1" status: 200 len: 976 time: 0.0547159
2026-09-19 03:12:30.949 10 INFO neutron.db.ovn_revision_numbers_db [None req-5991e2dd-e761-4723-bde5-b1857f80fbd2 1a77308039fd423d831ad89f385a318b 94ff84ec4abe4a7bbe77f85d43b15b23 - - default default] Successfully bumped revision number for resource 0da2274b-ed06-4d73-8e78-c8da66da8e0b (type: security_groups) to 1
2026-09-19 03:12:30.959 10 WARNING neutron.scheduler.dhcp_agent_scheduler [None req-582cf1c5-d8d5-4d96-8396-964255c1d09a 483331e8b9ad4e219124e227de3b60c5 cfba83abb5384052af5cff1009807ada - - default default] No more DHCP agents
2026-09-19 03:12:30.960 10 WARNING neutron.api.rpc.agentnotifiers.dhcp_rpc_agent_api [None req-582cf1c5-d8d5-4d96-8396-964255c1d09a 483331e8b9ad4e219124e227de3b60c5 cfba83abb5384052af5cff1009807ada - - default default] Unable to schedule network 7a402cbd-747c-44da-9e54-e2c8c18c76cc: no agents available; will retry on subsequent port and subnet creation events.
2026-09-19 03:12:30.962 10 INFO neutron.db.ovn_revision_numbers_db [None req-5991e2dd-e761-4723-bde5-b1857f80fbd2 1a77308039fd423d831ad89f385a318b 94ff84ec4abe4a7bbe77f85d43b15b23 - - default default] Successfully bumped revision number for resource 0e5fbdb5-5711-4df1-ad0d-1ee6de108034 (type: security_group_rules) to 0
2026-09-19 03:12:30.977 10 INFO neutron.db.ovn_revision_numbers_db [None req-5991e2dd-e761-4723-bde5-b1857f80fbd2 1a77308039fd423d831ad89f385a318b 94ff84ec4abe4a7bbe77f85d43b15b23 - - default default] Successfully bumped revision number for resource a3340cf1-bdc2-4527-98d9-f8dbbeb1918a (type: security_group_rules) to 0
2026-09-19 03:12:30.982 9 INFO neutron.api.wsgi [req-f90022a7-2417-4ba7-8b41-9f05005fc978 req-bf4b393a-38b9-44c0-a20f-c36d5ddc2b10 4532e34d970f492685081a27c291163a 9f548cb075c5431482fe8ea4ea88c375 - - b946b65d030e4b1d9c349941185b1eec b946b65d030e4b1d9c349941185b1eec] 162.253.55.193 "GET /v2.0/networks?shared=True HTTP/1.1" status: 200 len: 952 time: 0.0470288
2026-09-19 03:12:30.992 10 INFO neutron.db.ovn_revision_numbers_db [None req-5991e2dd-e761-4723-bde5-b1857f80fbd2 1a77308039fd423d831ad89f385a318b 94ff84ec4abe4a7bbe77f85d43b15b23 - - default default] Successfully bumped revision number for resource b297d6c3-bb9e-477b-86ce-04e0c4fc369a (type: security_group_rules) to 0
2026-09-19 03:12:31.015 10 INFO neutron.db.ovn_revision_numbers_db [None req-5991e2dd-e761-4723-bde5-b1857f80fbd2 1a77308039fd423d831ad89f385a318b 94ff84ec4abe4a7bbe77f85d43b15b23 - - default default] Successfully bumped revision number for resource e8b2cf8d-f4f7-41c6-bce9-1a76968a9c31 (type: security_group_rules) to 0
2026-09-19 03:12:31.028 10 INFO neutron.db.ovn_revision_numbers_db [None req-582cf1c5-d8d5-4d96-8396-964255c1d09a 483331e8b9ad4e219124e227de3b60c5 cfba83abb5384052af5cff1009807ada - - default default] Successfully bumped revision number for resource 04951a1c-4325-4535-bc96-5d78f47bc635 (type: ports) to 1
2026-09-19 03:12:31.062 10 INFO neutron.api.wsgi [None req-582cf1c5-d8d5-4d96-8396-964255c1d09a 483331e8b9ad4e219124e227de3b60c5 cfba83abb5384052af5cff1009807ada - - default default] 10.0.0.217 "POST /v2.0/ports HTTP/1.1" status: 201 len: 977 time: 0.3537021
2026-09-19 03:12:31.067 10 INFO neutron.api.wsgi [None req-5991e2dd-e761-4723-bde5-b1857f80fbd2 1a77308039fd423d831ad89f385a318b 94ff84ec4abe4a7bbe77f85d43b15b23 - - default default] 10.0.0.217 "GET /v2.0/security-groups?tenant_id=e692e77a04f442579db126c5c72098ec&name=default HTTP/1.1" status: 200 len: 3120 time: 0.4189332 /var/lib/openstack/lib/python3.12/site-packages/pycadf/identifier.py:71: UserWarning: Invalid uuid: neutron. To ensure interoperability, identifiers should be a valid uuid. warnings.warn(('Invalid uuid: %s. To ensure interoperability, '
2026-09-19 03:12:31.312 10 INFO neutron.plugins.ml2.drivers.ovn.mech_driver.mech_driver [None req-bf55074d-5d5a-45b6-b273-96341858e4ab - - - - - -] OVN reports status down for port: 04951a1c-4325-4535-bc96-5d78f47bc635
2026-09-19 03:12:31.326 9 INFO neutron.api.wsgi [None req-465fc1d9-b32e-43fc-a137-b7e5ad2785a4 1a77308039fd423d831ad89f385a318b 94ff84ec4abe4a7bbe77f85d43b15b23 - - default default] 10.0.0.217 "DELETE /v2.0/security-groups/0da2274b-ed06-4d73-8e78-c8da66da8e0b HTTP/1.1" status: 204 len: 168 time: 0.2545419
2026-09-19 03:12:31.346 10 INFO neutron.db.ovn_revision_numbers_db [None req-17aec74d-ec25-4dd4-8456-1421e0493dc6 483331e8b9ad4e219124e227de3b60c5 cfba83abb5384052af5cff1009807ada - - default default] Successfully bumped revision number for resource 04951a1c-4325-4535-bc96-5d78f47bc635 (type: ports) to 2
2026-09-19 03:12:31.359 10 INFO neutron.api.wsgi [None req-17aec74d-ec25-4dd4-8456-1421e0493dc6 483331e8b9ad4e219124e227de3b60c5 cfba83abb5384052af5cff1009807ada - - default default] 10.0.0.217 "PUT /v2.0/ports/04951a1c-4325-4535-bc96-5d78f47bc635 HTTP/1.1" status: 200 len: 946 time: 0.2909071
2026-09-19 03:12:31.394 9 INFO neutron.db.ovn_revision_numbers_db [None req-9cb98003-ee7a-4926-acae-bf73c3f82827 - - - - - -] Successfully bumped revision number for resource 4db97a0b-613c-4626-8ab5-e515b35b0039 (type: ports) to 2
2026-09-19 03:12:31.432 9 INFO neutron.db.ovn_revision_numbers_db [None req-9cb98003-ee7a-4926-acae-bf73c3f82827 - - - - - -] Successfully bumped revision number for resource 731ff475-7316-4ac4-a3c1-2b0467bf0349 (type: subnets) to 1
2026-09-19 03:12:31.434 9 INFO neutron.api.wsgi [None req-9d05225c-1eb8-4872-89ce-f055e0a8b601 30a933b7d386450abd6bdf7be061c363 2866368b0628460c81326003b4796bff - - default default] 10.0.0.217 "PUT /v2.0/subnets/731ff475-7316-4ac4-a3c1-2b0467bf0349 HTTP/1.1" status: 200 len: 850 time: 0.7129867 /var/lib/openstack/lib/python3.12/site-packages/pycadf/identifier.py:71: UserWarning: Invalid uuid: neutron. To ensure interoperability, identifiers should be a valid uuid. warnings.warn(('Invalid uuid: %s. To ensure interoperability, '
2026-09-19 03:12:31.577 10 INFO neutron.api.wsgi [req-f1b9592a-c22e-4dec-9e05-3b56c8186fd9 req-c8f7a71e-3e85-45ba-8e3e-067752e10f9b c21a2649964145c4ba2955859123e3c0 8f56c4e4d5c9416da122dd9e1503bc32 - - default default] 10.0.0.185 "GET /v2.0/ports?device_id=7a9e28a4-2d9d-470b-a615-79461b87ceb6 HTTP/1.1" status: 200 len: 1172 time: 0.0457666
2026-09-19 03:12:31.623 10 INFO neutron.api.wsgi [req-f1b9592a-c22e-4dec-9e05-3b56c8186fd9 req-fa93fed7-09c1-4e13-8999-b137737c512b c21a2649964145c4ba2955859123e3c0 8f56c4e4d5c9416da122dd9e1503bc32 - - default default] 10.0.0.185 "GET /v2.0/security-groups?id=c753a62b-5068-453d-b4c7-ae9bb64c012b&fields=id&fields=name HTTP/1.1" status: 200 len: 286 time: 0.0422223
2026-09-19 03:12:31.722 10 INFO neutron.api.wsgi [-] 10.0.0.236 "GET / HTTP/1.1" status: 200 len: 247 time: 0.0023813
2026-09-19 03:12:31.725 10 INFO neutron.api.wsgi [-] 10.0.0.236 "GET / HTTP/1.1" status: 200 len: 247 time: 0.0018117
2026-09-19 03:12:31.927 9 INFO neutron.api.wsgi [None req-c01e40f4-dfb0-4f33-8031-65e4298a3159 483331e8b9ad4e219124e227de3b60c5 cfba83abb5384052af5cff1009807ada - - default default] 10.0.0.217 "DELETE /v2.0/ports/04951a1c-4325-4535-bc96-5d78f47bc635 HTTP/1.1" status: 204 len: 168 time: 0.5630403
2026-09-19 03:12:31.971 9 INFO neutron.api.wsgi [None req-6e57c4ad-1913-44d1-bf91-232a322fb60b 483331e8b9ad4e219124e227de3b60c5 cfba83abb5384052af5cff1009807ada - - default default] 10.0.0.217 "GET /v2.0/ports HTTP/1.1" status: 200 len: 1732 time: 0.0357602
2026-09-19 03:12:32.000 10 INFO neutron.pecan_wsgi.hooks.translation [None req-ee212e5d-d370-458f-a68b-c21ccb0464b4 483331e8b9ad4e219124e227de3b60c5 cfba83abb5384052af5cff1009807ada - - default default] GET failed (client error): The resource could not be found.
2026-09-19 03:12:32.002 10 INFO neutron.api.wsgi [None req-ee212e5d-d370-458f-a68b-c21ccb0464b4 483331e8b9ad4e219124e227de3b60c5 cfba83abb5384052af5cff1009807ada - - default default] 10.0.0.217 "GET /v2.0/ports/04951a1c-4325-4535-bc96-5d78f47bc635 HTTP/1.1" status: 404 len: 333 time: 0.0254843
2026-09-19 03:12:32.040 9 INFO neutron.api.wsgi [req-573e86b9-54a9-46e7-b6ad-331f529a821a req-c81abb10-0c23-4dce-8d59-8bf03f074429 4532e34d970f492685081a27c291163a 9f548cb075c5431482fe8ea4ea88c375 - - b946b65d030e4b1d9c349941185b1eec b946b65d030e4b1d9c349941185b1eec] 162.253.55.193 "GET /v2.0/ports?tenant_id=8f56c4e4d5c9416da122dd9e1503bc32&device_id=7a9e28a4-2d9d-470b-a615-79461b87ceb6 HTTP/1.1" status: 200 len: 1411 time: 0.0444553
2026-09-19 03:12:32.065 9 INFO neutron.api.wsgi [req-573e86b9-54a9-46e7-b6ad-331f529a821a req-d993e510-7e30-4fcf-ac2c-e658c2388044 4532e34d970f492685081a27c291163a 9f548cb075c5431482fe8ea4ea88c375 - - b946b65d030e4b1d9c349941185b1eec b946b65d030e4b1d9c349941185b1eec] 162.253.55.193 "GET /v2.0/floatingips?fixed_ip_address=10.100.0.14&port_id=80428d88-785b-4564-b5b6-ae573bae3727 HTTP/1.1" status: 200 len: 217 time: 0.0182548
2026-09-19 03:12:32.071 9 INFO neutron.api.wsgi [None req-d407aca4-eed3-4d57-ae64-56bcce627651 483331e8b9ad4e219124e227de3b60c5 cfba83abb5384052af5cff1009807ada - - default default] 10.0.0.217 "GET /v2.0/ports HTTP/1.1" status: 200 len: 1732 time: 0.0582814
2026-09-19 03:12:32.101 9 INFO neutron.api.wsgi [req-573e86b9-54a9-46e7-b6ad-331f529a821a req-6ea63b85-5020-431b-9053-5bd897d60d53 4532e34d970f492685081a27c291163a 9f548cb075c5431482fe8ea4ea88c375 - - b946b65d030e4b1d9c349941185b1eec b946b65d030e4b1d9c349941185b1eec] 162.253.55.193 "GET /v2.0/subnets?id=40d1147d-b535-45ed-a307-7abd8ded1bcb HTTP/1.1" status: 200 len: 895 time: 0.0285368
2026-09-19 03:12:32.122 9 INFO neutron.api.wsgi [req-573e86b9-54a9-46e7-b6ad-331f529a821a req-e66d2279-15b6-478a-907b-13d7ce6e171b 4532e34d970f492685081a27c291163a 9f548cb075c5431482fe8ea4ea88c375 - - b946b65d030e4b1d9c349941185b1eec b946b65d030e4b1d9c349941185b1eec] 162.253.55.193 "GET /v2.0/ports?network_id=f1ea5239-648c-4253-b887-1a8cc4d5c605&device_owner=network%3Adhcp HTTP/1.1" status: 200 len: 210 time: 0.0155246
2026-09-19 03:12:32.138 10 INFO neutron.api.wsgi [None req-6468fa3b-77f3-4cca-acf4-80ebb9df5654 483331e8b9ad4e219124e227de3b60c5 cfba83abb5384052af5cff1009807ada - - default default] 10.0.0.217 "GET /v2.0/ports/8707ac6a-3832-4fcf-995e-ba66f73d2654 HTTP/1.1" status: 200 len: 972 time: 0.0605121
2026-09-19 03:12:32.150 10 INFO neutron.pecan_wsgi.hooks.translation [None req-8adf69ac-d17e-4f5a-bdda-184f16e40646 483331e8b9ad4e219124e227de3b60c5 cfba83abb5384052af5cff1009807ada - - default default] DELETE failed (client error): The resource could not be found.
2026-09-19 03:12:32.153 10 INFO neutron.api.wsgi [None req-8adf69ac-d17e-4f5a-bdda-184f16e40646 483331e8b9ad4e219124e227de3b60c5 cfba83abb5384052af5cff1009807ada - - default default] 10.0.0.217 "DELETE /v2.0/ports/035f99c3-1b34-44d3-b22e-7e02b4a6d988 HTTP/1.1" status: 404 len: 333 time: 0.0115561
2026-09-19 03:12:32.164 10 INFO neutron.pecan_wsgi.hooks.translation [None req-e5c26aa8-073d-4134-8f81-4540880d99d7 483331e8b9ad4e219124e227de3b60c5 cfba83abb5384052af5cff1009807ada - - default default] DELETE failed (client error): The resource could not be found.
2026-09-19 03:12:32.166 10 INFO neutron.api.wsgi [None req-e5c26aa8-073d-4134-8f81-4540880d99d7 483331e8b9ad4e219124e227de3b60c5 cfba83abb5384052af5cff1009807ada - - default default] 10.0.0.217 "DELETE /v2.0/subnets/831788ae-c225-4065-bf09-a9da48004268 HTTP/1.1" status: 404 len: 337 time: 0.0095088
2026-09-19 03:12:32.176 10 INFO neutron.pecan_wsgi.hooks.translation [None req-bf3d01e2-e12f-4e0f-a695-24f83c920f55 483331e8b9ad4e219124e227de3b60c5 cfba83abb5384052af5cff1009807ada - - default default] DELETE failed (client error): The resource could not be found.
2026-09-19 03:12:32.179 10 INFO neutron.api.wsgi [None req-bf3d01e2-e12f-4e0f-a695-24f83c920f55 483331e8b9ad4e219124e227de3b60c5 cfba83abb5384052af5cff1009807ada - - default default] 10.0.0.217 "DELETE /v2.0/subnets/3b00506d-0613-450f-8a1d-1c987c53b6de HTTP/1.1" status: 404 len: 337 time: 0.0095572
