2026-09-19 03:00:06.668 9 INFO neutron.api.wsgi [None req-9a3a97d1-5317-4fe8-923c-9337e64868bd 1a77308039fd423d831ad89f385a318b 94ff84ec4abe4a7bbe77f85d43b15b23 - - default default] 10.0.0.222 "GET /v2.0/agents HTTP/1.1" status: 200 len: 1390 time: 0.0140002
2026-09-19 03:00:06.691 9 INFO neutron.api.wsgi [None req-744a0cb8-1d8b-4457-8486-df165a9377eb 1a77308039fd423d831ad89f385a318b 94ff84ec4abe4a7bbe77f85d43b15b23 - - default default] 10.0.0.222 "GET /v2.0/subnets HTTP/1.1" status: 200 len: 1484 time: 0.0219815
2026-09-19 03:00:06.698 9 INFO neutron.api.wsgi [None req-8fac1ce9-7d19-4f5f-9123-0458823a7995 1a77308039fd423d831ad89f385a318b 94ff84ec4abe4a7bbe77f85d43b15b23 - - default default] 10.0.0.222 "GET /v2.0/subnetpools HTTP/1.1" status: 200 len: 193 time: 0.0063138
2026-09-19 03:00:06.749 9 INFO neutron.api.wsgi [None req-2b399a34-654f-4c10-9668-6a3f4e433f46 1a77308039fd423d831ad89f385a318b 94ff84ec4abe4a7bbe77f85d43b15b23 - - default default] 10.0.0.222 "GET /v2.0/networks HTTP/1.1" status: 200 len: 2349 time: 0.0498958
2026-09-19 03:00:06.771 9 INFO neutron.api.wsgi [None req-30d150f3-ebbd-40c5-b196-46e99d72e140 1a77308039fd423d831ad89f385a318b 94ff84ec4abe4a7bbe77f85d43b15b23 - - default default] 10.0.0.222 "GET /v2.0/subnets HTTP/1.1" status: 200 len: 1484 time: 0.0208380
2026-09-19 03:00:06.782 9 INFO neutron.api.wsgi [None req-d0bc0102-05de-4446-a45b-ebf41a942cfb 1a77308039fd423d831ad89f385a318b 94ff84ec4abe4a7bbe77f85d43b15b23 - - default default] 10.0.0.222 "GET /v2.0/network-ip-availabilities HTTP/1.1" status: 200 len: 1280 time: 0.0098712
2026-09-19 03:00:06.794 9 INFO neutron.api.wsgi [None req-e8927a00-d192-4f94-90ab-dad0e3610bcb 1a77308039fd423d831ad89f385a318b 94ff84ec4abe4a7bbe77f85d43b15b23 - - default default] 10.0.0.222 "GET /v2.0/floatingips HTTP/1.1" status: 200 len: 193 time: 0.0113132
2026-09-19 03:00:16.721 10 INFO neutron.api.wsgi [-] 10.0.0.236 "GET / HTTP/1.1" status: 200 len: 247 time: 0.0027425
2026-09-19 03:00:16.723 9 INFO neutron.api.wsgi [-] 10.0.0.236 "GET / HTTP/1.1" status: 200 len: 247 time: 0.0039046
2026-09-19 03:00:31.720 9 INFO neutron.api.wsgi [-] 10.0.0.236 "GET / HTTP/1.1" status: 200 len: 247 time: 0.0012994
2026-09-19 03:00:31.721 9 INFO neutron.api.wsgi [-] 10.0.0.236 "GET / HTTP/1.1" status: 200 len: 247 time: 0.0009072
2026-09-19 03:00:46.720 9 INFO neutron.api.wsgi [-] 10.0.0.236 "GET / HTTP/1.1" status: 200 len: 247 time: 0.0014615
2026-09-19 03:00:46.722 9 INFO neutron.api.wsgi [-] 10.0.0.236 "GET / HTTP/1.1" status: 200 len: 247 time: 0.0010300
2026-09-19 03:01:01.722 10 INFO neutron.api.wsgi [-] 10.0.0.236 "GET / HTTP/1.1" status: 200 len: 247 time: 0.0025904
2026-09-19 03:01:01.722 9 INFO neutron.api.wsgi [-] 10.0.0.236 "GET / HTTP/1.1" status: 200 len: 247 time: 0.0026255
2026-09-19 03:01:06.485 9 INFO neutron.api.wsgi [None req-7f9e4bec-3cc0-4d88-9bf2-fbf50dd59a5d 1a77308039fd423d831ad89f385a318b 94ff84ec4abe4a7bbe77f85d43b15b23 - - default default] 10.0.0.222 "GET /v2.0/security-groups HTTP/1.1" status: 200 len: 17574 time: 0.0831876
2026-09-19 03:01:06.522 9 INFO neutron.api.wsgi [None req-d046478c-1582-417f-8cb2-69d0e7e07cf2 1a77308039fd423d831ad89f385a318b 94ff84ec4abe4a7bbe77f85d43b15b23 - - default default] 10.0.0.222 "GET /v2.0/ports HTTP/1.1" status: 200 len: 5347 time: 0.0319128
2026-09-19 03:01:06.535 9 INFO neutron.api.wsgi [None req-1f77486c-bf91-4618-8fec-caf8aeba90a5 1a77308039fd423d831ad89f385a318b 94ff84ec4abe4a7bbe77f85d43b15b23 - - default default] 10.0.0.222 "GET /v2.0/routers HTTP/1.1" status: 200 len: 189 time: 0.0108614
2026-09-19 03:01:06.563 9 INFO neutron.api.wsgi [None req-251978fb-bf30-4693-8794-9eb0491419fe 1a77308039fd423d831ad89f385a318b 94ff84ec4abe4a7bbe77f85d43b15b23 - - default default] 10.0.0.222 "GET /v2.0/agents?binary=ovn-controller HTTP/1.1" status: 200 len: 591 time: 0.0278006
2026-09-19 03:01:06.586 9 INFO neutron.api.wsgi [None req-be0068e5-0dcc-42ce-bf5d-8840f00ba758 1a77308039fd423d831ad89f385a318b 94ff84ec4abe4a7bbe77f85d43b15b23 - - default default] 10.0.0.222 "GET /v2.0/subnets HTTP/1.1" status: 200 len: 1484 time: 0.0219221
2026-09-19 03:01:06.594 9 INFO neutron.api.wsgi [None req-152f55e4-c12e-4a0f-8a33-f567c588d83e 1a77308039fd423d831ad89f385a318b 94ff84ec4abe4a7bbe77f85d43b15b23 - - default default] 10.0.0.222 "GET /v2.0/subnetpools HTTP/1.1" status: 200 len: 193 time: 0.0070210
2026-09-19 03:01:06.615 9 INFO neutron.api.wsgi [None req-4d9bc7f4-2589-4947-a970-2cf455e10423 1a77308039fd423d831ad89f385a318b 94ff84ec4abe4a7bbe77f85d43b15b23 - - default default] 10.0.0.222 "GET /v2.0/subnets HTTP/1.1" status: 200 len: 1484 time: 0.0207558
2026-09-19 03:01:06.623 9 INFO neutron.api.wsgi [None req-23de6274-f60d-4a74-bcfa-7f202791cf56 1a77308039fd423d831ad89f385a318b 94ff84ec4abe4a7bbe77f85d43b15b23 - - default default] 10.0.0.222 "GET /v2.0/network-ip-availabilities HTTP/1.1" status: 200 len: 1280 time: 0.0072949
2026-09-19 03:01:06.633 9 INFO neutron.api.wsgi [None req-2f3e982e-0feb-447d-913e-5d61b46a233e 1a77308039fd423d831ad89f385a318b 94ff84ec4abe4a7bbe77f85d43b15b23 - - default default] 10.0.0.222 "GET /v2.0/floatingips HTTP/1.1" status: 200 len: 193 time: 0.0092955
2026-09-19 03:01:06.666 9 INFO neutron.api.wsgi [None req-90159b02-20ef-4010-a9d9-3e445f44203c 1a77308039fd423d831ad89f385a318b 94ff84ec4abe4a7bbe77f85d43b15b23 - - default default] 10.0.0.222 "GET /v2.0/networks HTTP/1.1" status: 200 len: 2349 time: 0.0322781
2026-09-19 03:01:06.676 9 INFO neutron.api.wsgi [None req-80897f39-e7cf-4154-902b-3564628db92b 1a77308039fd423d831ad89f385a318b 94ff84ec4abe4a7bbe77f85d43b15b23 - - default default] 10.0.0.222 "GET /v2.0/agents HTTP/1.1" status: 200 len: 1390 time: 0.0085042
2026-09-19 03:01:16.721 10 INFO neutron.api.wsgi [-] 10.0.0.236 "GET / HTTP/1.1" status: 200 len: 247 time: 0.0012541
2026-09-19 03:01:16.723 9 INFO neutron.api.wsgi [-] 10.0.0.236 "GET / HTTP/1.1" status: 200 len: 247 time: 0.0022421
2026-09-19 03:01:31.720 10 INFO neutron.api.wsgi [-] 10.0.0.236 "GET / HTTP/1.1" status: 200 len: 247 time: 0.0013793
2026-09-19 03:01:31.724 10 INFO neutron.api.wsgi [-] 10.0.0.236 "GET / HTTP/1.1" status: 200 len: 247 time: 0.0029781
2026-09-19 03:01:46.723 10 INFO neutron.api.wsgi [-] 10.0.0.236 "GET / HTTP/1.1" status: 200 len: 247 time: 0.0030913
2026-09-19 03:01:46.724 9 INFO neutron.api.wsgi [-] 10.0.0.236 "GET / HTTP/1.1" status: 200 len: 247 time: 0.0037735
2026-09-19 03:02:01.722 10 INFO neutron.api.wsgi [-] 10.0.0.236 "GET / HTTP/1.1" status: 200 len: 247 time: 0.0029640
2026-09-19 03:02:01.723 9 INFO neutron.api.wsgi [-] 10.0.0.236 "GET / HTTP/1.1" status: 200 len: 247 time: 0.0035024
2026-09-19 03:02:06.524 9 INFO neutron.api.wsgi [None req-a48990a5-d814-4d2c-bc2b-8dfe81a440e6 1a77308039fd423d831ad89f385a318b 94ff84ec4abe4a7bbe77f85d43b15b23 - - default default] 10.0.0.222 "GET /v2.0/ports HTTP/1.1" status: 200 len: 5347 time: 0.0899920
2026-09-19 03:02:06.568 9 INFO neutron.api.wsgi [None req-496ddfc1-7c9d-4632-bd6a-05d2a5ab4acd 1a77308039fd423d831ad89f385a318b 94ff84ec4abe4a7bbe77f85d43b15b23 - - default default] 10.0.0.222 "GET /v2.0/networks HTTP/1.1" status: 200 len: 2349 time: 0.0396175
2026-09-19 03:02:06.585 9 INFO neutron.api.wsgi [None req-b4860397-fc85-4b49-8fe8-609d969b58da 1a77308039fd423d831ad89f385a318b 94ff84ec4abe4a7bbe77f85d43b15b23 - - default default] 10.0.0.222 "GET /v2.0/routers HTTP/1.1" status: 200 len: 189 time: 0.0160680
2026-09-19 03:02:06.622 9 INFO neutron.api.wsgi [None req-5d982338-2085-437d-9d8b-155852fef096 1a77308039fd423d831ad89f385a318b 94ff84ec4abe4a7bbe77f85d43b15b23 - - default default] 10.0.0.222 "GET /v2.0/agents?binary=ovn-controller HTTP/1.1" status: 200 len: 591 time: 0.0358338
2026-09-19 03:02:06.636 9 INFO neutron.api.wsgi [None req-6c6e7517-5ae6-4ca1-b557-6daa6060f244 1a77308039fd423d831ad89f385a318b 94ff84ec4abe4a7bbe77f85d43b15b23 - - default default] 10.0.0.222 "GET /v2.0/floatingips HTTP/1.1" status: 200 len: 193 time: 0.0139236
2026-09-19 03:02:06.647 9 INFO neutron.api.wsgi [None req-eb73b7de-cf59-4d3b-b080-a5b51b25cb18 1a77308039fd423d831ad89f385a318b 94ff84ec4abe4a7bbe77f85d43b15b23 - - default default] 10.0.0.222 "GET /v2.0/agents HTTP/1.1" status: 200 len: 1390 time: 0.0101335
2026-09-19 03:02:06.658 9 INFO neutron.api.wsgi [None req-a9d00d1f-2a66-473b-8cd3-c01902ff2f66 1a77308039fd423d831ad89f385a318b 94ff84ec4abe4a7bbe77f85d43b15b23 - - default default] 10.0.0.222 "GET /v2.0/network-ip-availabilities HTTP/1.1" status: 200 len: 1280 time: 0.0099843
2026-09-19 03:02:06.680 9 INFO neutron.api.wsgi [None req-341b2fa3-a00f-4290-8450-1dde4b884d45 1a77308039fd423d831ad89f385a318b 94ff84ec4abe4a7bbe77f85d43b15b23 - - default default] 10.0.0.222 "GET /v2.0/subnets HTTP/1.1" status: 200 len: 1484 time: 0.0213373
2026-09-19 03:02:06.689 9 INFO neutron.api.wsgi [None req-5190c831-e981-488f-b0e1-b85784d4d4ff 1a77308039fd423d831ad89f385a318b 94ff84ec4abe4a7bbe77f85d43b15b23 - - default default] 10.0.0.222 "GET /v2.0/subnetpools HTTP/1.1" status: 200 len: 193 time: 0.0082238
2026-09-19 03:02:06.720 9 INFO neutron.api.wsgi [None req-edd18cf0-5b44-4449-891f-e28b1ebdaefe 1a77308039fd423d831ad89f385a318b 94ff84ec4abe4a7bbe77f85d43b15b23 - - default default] 10.0.0.222 "GET /v2.0/security-groups HTTP/1.1" status: 200 len: 17574 time: 0.0300872
2026-09-19 03:02:06.745 9 INFO neutron.api.wsgi [None req-177373ed-0c22-4b23-84c2-44fc9c02f224 1a77308039fd423d831ad89f385a318b 94ff84ec4abe4a7bbe77f85d43b15b23 - - default default] 10.0.0.222 "GET /v2.0/subnets HTTP/1.1" status: 200 len: 1484 time: 0.0219045
2026-09-19 03:02:16.720 10 INFO neutron.api.wsgi [-] 10.0.0.236 "GET / HTTP/1.1" status: 200 len: 247 time: 0.0011575
2026-09-19 03:02:16.721 9 INFO neutron.api.wsgi [-] 10.0.0.236 "GET / HTTP/1.1" status: 200 len: 247 time: 0.0017829
2026-09-19 03:02:31.721 9 INFO neutron.api.wsgi [-] 10.0.0.236 "GET / HTTP/1.1" status: 200 len: 247 time: 0.0018353
2026-09-19 03:02:31.722 10 INFO neutron.api.wsgi [-] 10.0.0.236 "GET / HTTP/1.1" status: 200 len: 247 time: 0.0025008
2026-09-19 03:02:46.721 10 INFO neutron.api.wsgi [-] 10.0.0.236 "GET / HTTP/1.1" status: 200 len: 247 time: 0.0019345
2026-09-19 03:02:46.722 10 INFO neutron.api.wsgi [-] 10.0.0.236 "GET / HTTP/1.1" status: 200 len: 247 time: 0.0009997
2026-09-19 03:03:01.721 9 INFO neutron.api.wsgi [-] 10.0.0.236 "GET / HTTP/1.1" status: 200 len: 247 time: 0.0021510
2026-09-19 03:03:01.722 10 INFO neutron.api.wsgi [-] 10.0.0.236 "GET / HTTP/1.1" status: 200 len: 247 time: 0.0028110
2026-09-19 03:03:06.546 9 INFO neutron.api.wsgi [None req-d7af1ef9-0650-403f-8ad7-921ff48f7670 1a77308039fd423d831ad89f385a318b 94ff84ec4abe4a7bbe77f85d43b15b23 - - default default] 10.0.0.222 "GET /v2.0/security-groups HTTP/1.1" status: 200 len: 17574 time: 0.1011295
2026-09-19 03:03:06.595 9 INFO neutron.api.wsgi [None req-0b3b2130-3d7a-4c8f-89e9-893e77f9ff03 1a77308039fd423d831ad89f385a318b 94ff84ec4abe4a7bbe77f85d43b15b23 - - default default] 10.0.0.222 "GET /v2.0/agents HTTP/1.1" status: 200 len: 1390 time: 0.0457602
2026-09-19 03:03:06.608 9 INFO neutron.api.wsgi [None req-ad4e280c-952d-429e-8223-8413d9c2cf9b 1a77308039fd423d831ad89f385a318b 94ff84ec4abe4a7bbe77f85d43b15b23 - - default default] 10.0.0.222 "GET /v2.0/network-ip-availabilities HTTP/1.1" status: 200 len: 1280 time: 0.0115530
2026-09-19 03:03:06.624 9 INFO neutron.api.wsgi [None req-09dcb0ef-66f1-4b3f-86ce-f41676c7e6ee 1a77308039fd423d831ad89f385a318b 94ff84ec4abe4a7bbe77f85d43b15b23 - - default default] 10.0.0.222 "GET /v2.0/floatingips HTTP/1.1" status: 200 len: 193 time: 0.0152481
2026-09-19 03:03:06.647 9 INFO neutron.api.wsgi [None req-ff3ba530-c57d-4ce8-ab4f-e32af1c87f9e 1a77308039fd423d831ad89f385a318b 94ff84ec4abe4a7bbe77f85d43b15b23 - - default default] 10.0.0.222 "GET /v2.0/routers HTTP/1.1" status: 200 len: 189 time: 0.0217056
2026-09-19 03:03:06.663 9 INFO neutron.api.wsgi [None req-ddd458fb-06b4-462f-8721-8973372e2417 1a77308039fd423d831ad89f385a318b 94ff84ec4abe4a7bbe77f85d43b15b23 - - default default] 10.0.0.222 "GET /v2.0/agents?binary=ovn-controller HTTP/1.1" status: 200 len: 591 time: 0.0149386
2026-09-19 03:03:06.700 9 INFO neutron.api.wsgi [None req-944a23b4-07b2-47fe-af68-eda967625ea5 1a77308039fd423d831ad89f385a318b 94ff84ec4abe4a7bbe77f85d43b15b23 - - default default] 10.0.0.222 "GET /v2.0/subnets HTTP/1.1" status: 200 len: 1484 time: 0.0365019
2026-09-19 03:03:06.722 9 INFO neutron.api.wsgi [None req-4aac9242-d84a-4c7f-8f03-7b1bf9ec7d39 1a77308039fd423d831ad89f385a318b 94ff84ec4abe4a7bbe77f85d43b15b23 - - default default] 10.0.0.222 "GET /v2.0/subnets HTTP/1.1" status: 200 len: 1484 time: 0.0208673
2026-09-19 03:03:06.732 9 INFO neutron.api.wsgi [None req-e3bf93c0-e353-4ba7-9d64-3c12d946b522 1a77308039fd423d831ad89f385a318b 94ff84ec4abe4a7bbe77f85d43b15b23 - - default default] 10.0.0.222 "GET /v2.0/subnetpools HTTP/1.1" status: 200 len: 193 time: 0.0087938
2026-09-19 03:03:06.777 9 INFO neutron.api.wsgi [None req-f1af22d6-6898-4d0b-b92b-03bee4beee52 1a77308039fd423d831ad89f385a318b 94ff84ec4abe4a7bbe77f85d43b15b23 - - default default] 10.0.0.222 "GET /v2.0/networks HTTP/1.1" status: 200 len: 2349 time: 0.0447559
2026-09-19 03:03:06.824 9 INFO neutron.api.wsgi [None req-74208da4-cbf6-488d-b314-11f6bfd2e7ea 1a77308039fd423d831ad89f385a318b 94ff84ec4abe4a7bbe77f85d43b15b23 - - default default] 10.0.0.222 "GET /v2.0/ports HTTP/1.1" status: 200 len: 5347 time: 0.0440161
2026-09-19 03:03:16.720 10 INFO neutron.api.wsgi [-] 10.0.0.236 "GET / HTTP/1.1" status: 200 len: 247 time: 0.0013299
2026-09-19 03:03:16.722 10 INFO neutron.api.wsgi [-] 10.0.0.236 "GET / HTTP/1.1" status: 200 len: 247 time: 0.0010812
2026-09-19 03:03:31.721 10 INFO neutron.api.wsgi [-] 10.0.0.236 "GET / HTTP/1.1" status: 200 len: 247 time: 0.0021951
2026-09-19 03:03:31.723 9 INFO neutron.api.wsgi [-] 10.0.0.236 "GET / HTTP/1.1" status: 200 len: 247 time: 0.0041039
2026-09-19 03:03:46.720 9 INFO neutron.api.wsgi [-] 10.0.0.236 "GET / HTTP/1.1" status: 200 len: 247 time: 0.0015805
2026-09-19 03:03:46.720 10 INFO neutron.api.wsgi [-] 10.0.0.236 "GET / HTTP/1.1" status: 200 len: 247 time: 0.0017152
2026-09-19 03:04:01.720 10 INFO neutron.api.wsgi [-] 10.0.0.236 "GET / HTTP/1.1" status: 200 len: 247 time: 0.0015306
2026-09-19 03:04:01.722 10 INFO neutron.api.wsgi [-] 10.0.0.236 "GET / HTTP/1.1" status: 200 len: 247 time: 0.0017684
2026-09-19 03:04:06.577 9 INFO neutron.api.wsgi [None req-9803c227-9849-495d-a62c-7c17b926c9d0 1a77308039fd423d831ad89f385a318b 94ff84ec4abe4a7bbe77f85d43b15b23 - - default default] 10.0.0.222 "GET /v2.0/security-groups HTTP/1.1" status: 200 len: 17574 time: 0.1400371
2026-09-19 03:04:06.619 9 INFO neutron.api.wsgi [None req-1eabcc9c-036a-4de2-a2b2-f5a3107c3543 1a77308039fd423d831ad89f385a318b 94ff84ec4abe4a7bbe77f85d43b15b23 - - default default] 10.0.0.222 "GET /v2.0/ports HTTP/1.1" status: 200 len: 5347 time: 0.0392876
2026-09-19 03:04:06.632 9 INFO neutron.api.wsgi [None req-15c25d1e-bc14-4b5c-8bd4-9e21c1acfa70 1a77308039fd423d831ad89f385a318b 94ff84ec4abe4a7bbe77f85d43b15b23 - - default default] 10.0.0.222 "GET /v2.0/network-ip-availabilities HTTP/1.1" status: 200 len: 1280 time: 0.0099943
2026-09-19 03:04:06.645 9 INFO neutron.api.wsgi [None req-31849ea1-5e32-4d76-b627-feae6037ca1a 1a77308039fd423d831ad89f385a318b 94ff84ec4abe4a7bbe77f85d43b15b23 - - default default] 10.0.0.222 "GET /v2.0/floatingips HTTP/1.1" status: 200 len: 193 time: 0.0122604
2026-09-19 03:04:06.681 9 INFO neutron.api.wsgi [None req-a9ede74a-b40f-48bd-83ec-fc2341f71d8f 1a77308039fd423d831ad89f385a318b 94ff84ec4abe4a7bbe77f85d43b15b23 - - default default] 10.0.0.222 "GET /v2.0/networks HTTP/1.1" status: 200 len: 2349 time: 0.0352528
2026-09-19 03:04:06.723 9 INFO neutron.api.wsgi [None req-404d298d-0a87-44f2-9733-3a5491eed54e 1a77308039fd423d831ad89f385a318b 94ff84ec4abe4a7bbe77f85d43b15b23 - - default default] 10.0.0.222 "GET /v2.0/agents HTTP/1.1" status: 200 len: 1390 time: 0.0400441
2026-09-19 03:04:06.755 9 INFO neutron.api.wsgi [None req-460858d5-219c-4b47-9712-fdaf000ec202 1a77308039fd423d831ad89f385a318b 94ff84ec4abe4a7bbe77f85d43b15b23 - - default default] 10.0.0.222 "GET /v2.0/subnets HTTP/1.1" status: 200 len: 1484 time: 0.0309110
2026-09-19 03:04:06.766 9 INFO neutron.api.wsgi [None req-55e03572-d142-4bb2-800e-cb852bc2e0c0 1a77308039fd423d831ad89f385a318b 94ff84ec4abe4a7bbe77f85d43b15b23 - - default default] 10.0.0.222 "GET /v2.0/subnetpools HTTP/1.1" status: 200 len: 193 time: 0.0087662
2026-09-19 03:04:06.797 9 INFO neutron.api.wsgi [None req-f66b3f99-9e9e-4cc3-9d97-4846a43ce405 1a77308039fd423d831ad89f385a318b 94ff84ec4abe4a7bbe77f85d43b15b23 - - default default] 10.0.0.222 "GET /v2.0/subnets HTTP/1.1" status: 200 len: 1484 time: 0.0302880
2026-09-19 03:04:06.812 9 INFO neutron.api.wsgi [None req-9c9ed8c0-ea0b-4f65-8fff-b1c3a03a29f4 1a77308039fd423d831ad89f385a318b 94ff84ec4abe4a7bbe77f85d43b15b23 - - default default] 10.0.0.222 "GET /v2.0/routers HTTP/1.1" status: 200 len: 189 time: 0.0140867
2026-09-19 03:04:06.825 9 INFO neutron.api.wsgi [None req-44370851-4691-4b6b-90a9-b9d7849afddd 1a77308039fd423d831ad89f385a318b 94ff84ec4abe4a7bbe77f85d43b15b23 - - default default] 10.0.0.222 "GET /v2.0/agents?binary=ovn-controller HTTP/1.1" status: 200 len: 591 time: 0.0115585
2026-09-19 03:04:16.722 10 INFO neutron.api.wsgi [-] 10.0.0.236 "GET / HTTP/1.1" status: 200 len: 247 time: 0.0027003
2026-09-19 03:04:16.724 9 INFO neutron.api.wsgi [-] 10.0.0.236 "GET / HTTP/1.1" status: 200 len: 247 time: 0.0038719
2026-09-19 03:04:31.721 10 INFO neutron.api.wsgi [-] 10.0.0.236 "GET / HTTP/1.1" status: 200 len: 247 time: 0.0024261
2026-09-19 03:04:31.724 9 INFO neutron.api.wsgi [-] 10.0.0.236 "GET / HTTP/1.1" status: 200 len: 247 time: 0.0047760
2026-09-19 03:04:46.722 9 INFO neutron.api.wsgi [-] 10.0.0.236 "GET / HTTP/1.1" status: 200 len: 247 time: 0.0025091
2026-09-19 03:04:46.723 10 INFO neutron.api.wsgi [-] 10.0.0.236 "GET / HTTP/1.1" status: 200 len: 247 time: 0.0027704
2026-09-19 03:04:58.515 15 INFO neutron.plugins.ml2.drivers.ovn.mech_driver.ovsdb.maintenance [None req-39100e76-5fb2-4d1d-8427-29b649e24827 - - - - - -] OVN maintenance task check_for_inconsistencies finished in 0.019 seconds
2026-09-19 03:05:01.721 10 INFO neutron.api.wsgi [-] 10.0.0.236 "GET / HTTP/1.1" status: 200 len: 247 time: 0.0020278
2026-09-19 03:05:01.721 9 INFO neutron.api.wsgi [-] 10.0.0.236 "GET / HTTP/1.1" status: 200 len: 247 time: 0.0025852
2026-09-19 03:05:06.511 9 INFO neutron.api.wsgi [None req-b0d7b299-e5d0-4666-b760-94619546cb6d 1a77308039fd423d831ad89f385a318b 94ff84ec4abe4a7bbe77f85d43b15b23 - - default default] 10.0.0.222 "GET /v2.0/networks HTTP/1.1" status: 200 len: 2349 time: 0.1185362
2026-09-19 03:05:06.549 9 INFO neutron.api.wsgi [None req-98cd42b1-6ebc-4eac-a0ca-597bc0bf16ad 1a77308039fd423d831ad89f385a318b 94ff84ec4abe4a7bbe77f85d43b15b23 - - default default] 10.0.0.222 "GET /v2.0/ports HTTP/1.1" status: 200 len: 5347 time: 0.0364518
2026-09-19 03:05:06.584 9 INFO neutron.api.wsgi [None req-beef7ad8-4721-4b07-a86c-dcde26c192cd 1a77308039fd423d831ad89f385a318b 94ff84ec4abe4a7bbe77f85d43b15b23 - - default default] 10.0.0.222 "GET /v2.0/agents HTTP/1.1" status: 200 len: 1390 time: 0.0301421
2026-09-19 03:05:06.611 9 INFO neutron.api.wsgi [None req-85e6b360-b865-48e0-9403-30bd28156f26 1a77308039fd423d831ad89f385a318b 94ff84ec4abe4a7bbe77f85d43b15b23 - - default default] 10.0.0.222 "GET /v2.0/routers HTTP/1.1" status: 200 len: 189 time: 0.0260630
2026-09-19 03:05:06.623 9 INFO neutron.api.wsgi [None req-edbfe11f-2e2e-41d5-a10a-8f777bad41ed 1a77308039fd423d831ad89f385a318b 94ff84ec4abe4a7bbe77f85d43b15b23 - - default default] 10.0.0.222 "GET /v2.0/agents?binary=ovn-controller HTTP/1.1" status: 200 len: 591 time: 0.0116892
2026-09-19 03:05:06.654 9 INFO neutron.api.wsgi [None req-bca47bf2-9923-426b-a5c5-2902fcfe0d42 1a77308039fd423d831ad89f385a318b 94ff84ec4abe4a7bbe77f85d43b15b23 - - default default] 10.0.0.222 "GET /v2.0/security-groups HTTP/1.1" status: 200 len: 17574 time: 0.0294085
2026-09-19 03:05:06.678 9 INFO neutron.api.wsgi [None req-7dbae7e5-178d-4289-b02e-9eafa77b74e3 1a77308039fd423d831ad89f385a318b 94ff84ec4abe4a7bbe77f85d43b15b23 - - default default] 10.0.0.222 "GET /v2.0/subnets HTTP/1.1" status: 200 len: 1484 time: 0.0187793
2026-09-19 03:05:06.690 9 INFO neutron.api.wsgi [None req-e017d257-4b0e-48f2-b350-8abcbd06e9f0 1a77308039fd423d831ad89f385a318b 94ff84ec4abe4a7bbe77f85d43b15b23 - - default default] 10.0.0.222 "GET /v2.0/network-ip-availabilities HTTP/1.1" status: 200 len: 1280 time: 0.0112646
2026-09-19 03:05:06.718 9 INFO neutron.api.wsgi [None req-7d86c463-bd9a-4eee-afe5-473b3bca48a6 1a77308039fd423d831ad89f385a318b 94ff84ec4abe4a7bbe77f85d43b15b23 - - default default] 10.0.0.222 "GET /v2.0/subnets HTTP/1.1" status: 200 len: 1484 time: 0.0273335
2026-09-19 03:05:06.729 9 INFO neutron.api.wsgi [None req-aa737822-ef9d-4177-8043-3482da97c289 1a77308039fd423d831ad89f385a318b 94ff84ec4abe4a7bbe77f85d43b15b23 - - default default] 10.0.0.222 "GET /v2.0/subnetpools HTTP/1.1" status: 200 len: 193 time: 0.0089607
2026-09-19 03:05:06.746 9 INFO neutron.api.wsgi [None req-b34a103e-f0c3-4298-b590-d1147d9545dd 1a77308039fd423d831ad89f385a318b 94ff84ec4abe4a7bbe77f85d43b15b23 - - default default] 10.0.0.222 "GET /v2.0/floatingips HTTP/1.1" status: 200 len: 193 time: 0.0167594
2026-09-19 03:05:16.721 10 INFO neutron.api.wsgi [-] 10.0.0.236 "GET / HTTP/1.1" status: 200 len: 247 time: 0.0019257
2026-09-19 03:05:16.723 9 INFO neutron.api.wsgi [-] 10.0.0.236 "GET / HTTP/1.1" status: 200 len: 247 time: 0.0030482
2026-09-19 03:05:31.721 10 INFO neutron.api.wsgi [-] 10.0.0.236 "GET / HTTP/1.1" status: 200 len: 247 time: 0.0016720
2026-09-19 03:05:31.723 9 INFO neutron.api.wsgi [-] 10.0.0.236 "GET / HTTP/1.1" status: 200 len: 247 time: 0.0035255
2026-09-19 03:05:46.722 9 INFO neutron.api.wsgi [-] 10.0.0.236 "GET / HTTP/1.1" status: 200 len: 247 time: 0.0021596
2026-09-19 03:05:46.724 10 INFO neutron.api.wsgi [-] 10.0.0.236 "GET / HTTP/1.1" status: 200 len: 247 time: 0.0020626
2026-09-19 03:06:01.721 9 INFO neutron.api.wsgi [-] 10.0.0.236 "GET / HTTP/1.1" status: 200 len: 247 time: 0.0018573
2026-09-19 03:06:01.724 9 INFO neutron.api.wsgi [-] 10.0.0.236 "GET / HTTP/1.1" status: 200 len: 247 time: 0.0026429
2026-09-19 03:06:06.527 9 INFO neutron.api.wsgi [None req-ebfc1911-26fb-4ff2-8269-ee6440c6b82c 1a77308039fd423d831ad89f385a318b 94ff84ec4abe4a7bbe77f85d43b15b23 - - default default] 10.0.0.222 "GET /v2.0/ports HTTP/1.1" status: 200 len: 5347 time: 0.0989654
2026-09-19 03:06:06.563 9 INFO neutron.api.wsgi [None req-980668fb-d669-4c37-aa5e-c7470c93e435 1a77308039fd423d831ad89f385a318b 94ff84ec4abe4a7bbe77f85d43b15b23 - - default default] 10.0.0.222 "GET /v2.0/subnets HTTP/1.1" status: 200 len: 1484 time: 0.0325973
2026-09-19 03:06:06.583 9 INFO neutron.api.wsgi [None req-2f36778d-fbff-43a9-9262-e1c331db4ac2 1a77308039fd423d831ad89f385a318b 94ff84ec4abe4a7bbe77f85d43b15b23 - - default default] 10.0.0.222 "GET /v2.0/floatingips HTTP/1.1" status: 200 len: 193 time: 0.0186796
2026-09-19 03:06:06.622 9 INFO neutron.api.wsgi [None req-5dad6d02-531b-4bb5-a165-bee0a094d6f3 1a77308039fd423d831ad89f385a318b 94ff84ec4abe4a7bbe77f85d43b15b23 - - default default] 10.0.0.222 "GET /v2.0/security-groups HTTP/1.1" status: 200 len: 17574 time: 0.0382314
2026-09-19 03:06:06.641 9 INFO neutron.api.wsgi [None req-0b4465a5-3a47-4371-a3c1-a804d223defe 1a77308039fd423d831ad89f385a318b 94ff84ec4abe4a7bbe77f85d43b15b23 - - default default] 10.0.0.222 "GET /v2.0/routers HTTP/1.1" status: 200 len: 189 time: 0.0140884
2026-09-19 03:06:06.685 9 INFO neutron.api.wsgi [None req-471a0940-7bf2-4e19-927e-49709f649d91 1a77308039fd423d831ad89f385a318b 94ff84ec4abe4a7bbe77f85d43b15b23 - - default default] 10.0.0.222 "GET /v2.0/agents?binary=ovn-controller HTTP/1.1" status: 200 len: 591 time: 0.0434031
2026-09-19 03:06:06.720 9 INFO neutron.api.wsgi [None req-ec683248-09bc-47ef-9ea0-2dffecc8db7c 1a77308039fd423d831ad89f385a318b 94ff84ec4abe4a7bbe77f85d43b15b23 - - default default] 10.0.0.222 "GET /v2.0/subnets HTTP/1.1" status: 200 len: 1484 time: 0.0343456
2026-09-19 03:06:06.730 9 INFO neutron.api.wsgi [None req-e698345e-53b9-47a2-b65a-cbe753b8a88f 1a77308039fd423d831ad89f385a318b 94ff84ec4abe4a7bbe77f85d43b15b23 - - default default] 10.0.0.222 "GET /v2.0/subnetpools HTTP/1.1" status: 200 len: 193 time: 0.0094695
2026-09-19 03:06:06.741 9 INFO neutron.api.wsgi [None req-c9847f0d-1ce4-4686-bc43-40595f65316d 1a77308039fd423d831ad89f385a318b 94ff84ec4abe4a7bbe77f85d43b15b23 - - default default] 10.0.0.222 "GET /v2.0/agents HTTP/1.1" status: 200 len: 1390 time: 0.0108066
2026-09-19 03:06:06.752 9 INFO neutron.api.wsgi [None req-dada563d-0ecc-42de-b94a-4a94531fe81b 1a77308039fd423d831ad89f385a318b 94ff84ec4abe4a7bbe77f85d43b15b23 - - default default] 10.0.0.222 "GET /v2.0/network-ip-availabilities HTTP/1.1" status: 200 len: 1280 time: 0.0098276
2026-09-19 03:06:06.796 9 INFO neutron.api.wsgi [None req-84b915c3-1d61-4522-acd9-39260e4db1c5 1a77308039fd423d831ad89f385a318b 94ff84ec4abe4a7bbe77f85d43b15b23 - - default default] 10.0.0.222 "GET /v2.0/networks HTTP/1.1" status: 200 len: 2349 time: 0.0421112
2026-09-19 03:06:16.720 10 INFO neutron.api.wsgi [-] 10.0.0.236 "GET / HTTP/1.1" status: 200 len: 247 time: 0.0014608
2026-09-19 03:06:16.722 9 INFO neutron.api.wsgi [-] 10.0.0.236 "GET / HTTP/1.1" status: 200 len: 247 time: 0.0028281
2026-09-19 03:06:31.721 10 INFO neutron.api.wsgi [-] 10.0.0.236 "GET / HTTP/1.1" status: 200 len: 247 time: 0.0016279
2026-09-19 03:06:31.726 9 INFO neutron.api.wsgi [-] 10.0.0.236 "GET / HTTP/1.1" status: 200 len: 247 time: 0.0061512 /var/lib/openstack/lib/python3.12/site-packages/pycadf/identifier.py:71: UserWarning: Invalid uuid: unknown. To ensure interoperability, identifiers should be a valid uuid. warnings.warn(('Invalid uuid: %s. To ensure interoperability, '
2026-09-19 03:06:39.753 10 INFO neutron.pecan_wsgi.hooks.translation [None req-35062267-3902-44e4-882f-8701088ad547 1a77308039fd423d831ad89f385a318b 94ff84ec4abe4a7bbe77f85d43b15b23 - - default default] GET failed (client error): The resource could not be found.
2026-09-19 03:06:39.756 10 INFO neutron.api.wsgi [None req-35062267-3902-44e4-882f-8701088ad547 1a77308039fd423d831ad89f385a318b 94ff84ec4abe4a7bbe77f85d43b15b23 - - default default] 162.253.55.193,10.0.0.236 "GET /v2.0/networks/public HTTP/1.1" status: 404 len: 290 time: 0.1005471
2026-09-19 03:06:39.817 10 INFO neutron.api.wsgi [None req-55215db5-4836-4cf7-875c-eee60bb01c6c 1a77308039fd423d831ad89f385a318b 94ff84ec4abe4a7bbe77f85d43b15b23 - - default default] 162.253.55.193,10.0.0.236 "GET /v2.0/networks?name=public HTTP/1.1" status: 200 len: 928 time: 0.0578711
2026-09-19 03:06:41.027 10 INFO neutron.pecan_wsgi.hooks.translation [None req-a3a2b5e1-a945-4961-82da-b00f0fd0ee5c 1a77308039fd423d831ad89f385a318b 94ff84ec4abe4a7bbe77f85d43b15b23 - - default default] GET failed (client error): The resource could not be found.
2026-09-19 03:06:41.029 10 INFO neutron.api.wsgi [None req-a3a2b5e1-a945-4961-82da-b00f0fd0ee5c 1a77308039fd423d831ad89f385a318b 94ff84ec4abe4a7bbe77f85d43b15b23 - - default default] 162.253.55.193,10.0.0.236 "GET /v2.0/networks/public HTTP/1.1" status: 404 len: 290 time: 0.0350878
2026-09-19 03:06:41.068 10 INFO neutron.api.wsgi [None req-5ef0fe93-3dba-483a-92a1-6b5eae7e1f8c 1a77308039fd423d831ad89f385a318b 94ff84ec4abe4a7bbe77f85d43b15b23 - - default default] 162.253.55.193,10.0.0.236 "GET /v2.0/networks?name=public HTTP/1.1" status: 200 len: 928 time: 0.0361660
2026-09-19 03:06:41.091 10 INFO neutron.pecan_wsgi.hooks.translation [None req-f729beba-09fc-49f1-b164-f32c853ddc28 1a77308039fd423d831ad89f385a318b 94ff84ec4abe4a7bbe77f85d43b15b23 - - default default] GET failed (client error): The resource could not be found.
2026-09-19 03:06:41.092 10 INFO neutron.api.wsgi [None req-f729beba-09fc-49f1-b164-f32c853ddc28 1a77308039fd423d831ad89f385a318b 94ff84ec4abe4a7bbe77f85d43b15b23 - - default default] 162.253.55.193,10.0.0.236 "GET /v2.0/subnets/public-subnet?network_id=152e41f6-ced1-4bd7-ba0e-141280defaf7 HTTP/1.1" status: 404 len: 295 time: 0.0155010
2026-09-19 03:06:41.120 10 INFO neutron.api.wsgi [None req-e32178bb-17a2-4ab6-a7a1-9cd345512629 1a77308039fd423d831ad89f385a318b 94ff84ec4abe4a7bbe77f85d43b15b23 - - default default] 162.253.55.193,10.0.0.236 "GET /v2.0/subnets?name=public-subnet&network_id=152e41f6-ced1-4bd7-ba0e-141280defaf7 HTTP/1.1" status: 200 len: 842 time: 0.0237079
2026-09-19 03:06:46.720 10 INFO neutron.api.wsgi [-] 10.0.0.236 "GET / HTTP/1.1" status: 200 len: 247 time: 0.0015781
2026-09-19 03:06:46.724 9 INFO neutron.api.wsgi [-] 10.0.0.236 "GET / HTTP/1.1" status: 200 len: 247 time: 0.0054066
2026-09-19 03:07:01.722 9 INFO neutron.api.wsgi [-] 10.0.0.236 "GET / HTTP/1.1" status: 200 len: 247 time: 0.0035284
2026-09-19 03:07:01.726 9 INFO neutron.api.wsgi [-] 10.0.0.236 "GET / HTTP/1.1" status: 200 len: 247 time: 0.0019846
2026-09-19 03:07:06.523 9 INFO neutron.api.wsgi [None req-77ac8739-f837-463e-b2c0-49e530e79416 1a77308039fd423d831ad89f385a318b 94ff84ec4abe4a7bbe77f85d43b15b23 - - default default] 10.0.0.222 "GET /v2.0/agents HTTP/1.1" status: 200 len: 1390 time: 0.1149819
2026-09-19 03:07:06.547 9 INFO neutron.api.wsgi [None req-65f4b693-89aa-45d4-a660-9e8d5cea108f 1a77308039fd423d831ad89f385a318b 94ff84ec4abe4a7bbe77f85d43b15b23 - - default default] 10.0.0.222 "GET /v2.0/subnets HTTP/1.1" status: 200 len: 1484 time: 0.0220077
2026-09-19 03:07:06.554 9 INFO neutron.api.wsgi [None req-eec4fea0-609e-4464-8e73-ed70498a062e 1a77308039fd423d831ad89f385a318b 94ff84ec4abe4a7bbe77f85d43b15b23 - - default default] 10.0.0.222 "GET /v2.0/subnetpools HTTP/1.1" status: 200 len: 193 time: 0.0064628
2026-09-19 03:07:06.569 9 INFO neutron.api.wsgi [None req-208b7c26-e4ac-4f85-a801-c971d061a0cd 1a77308039fd423d831ad89f385a318b 94ff84ec4abe4a7bbe77f85d43b15b23 - - default default] 10.0.0.222 "GET /v2.0/floatingips HTTP/1.1" status: 200 len: 193 time: 0.0144329
2026-09-19 03:07:06.607 9 INFO neutron.api.wsgi [None req-8f6eaaba-3ec5-4272-900b-729016be35a4 1a77308039fd423d831ad89f385a318b 94ff84ec4abe4a7bbe77f85d43b15b23 - - default default] 10.0.0.222 "GET /v2.0/ports HTTP/1.1" status: 200 len: 5347 time: 0.0371339
2026-09-19 03:07:06.627 9 INFO neutron.api.wsgi [None req-927d67b2-99d9-494e-8d2e-ae4a3850b361 1a77308039fd423d831ad89f385a318b 94ff84ec4abe4a7bbe77f85d43b15b23 - - default default] 10.0.0.222 "GET /v2.0/routers HTTP/1.1" status: 200 len: 189 time: 0.0149503
2026-09-19 03:07:06.635 9 INFO neutron.api.wsgi [None req-9b39a3b5-bf60-497f-9921-be028df4a6f5 1a77308039fd423d831ad89f385a318b 94ff84ec4abe4a7bbe77f85d43b15b23 - - default default] 10.0.0.222 "GET /v2.0/agents?binary=ovn-controller HTTP/1.1" status: 200 len: 591 time: 0.0080831
2026-09-19 03:07:06.679 9 INFO neutron.api.wsgi [None req-96f64a21-a7fe-4a0d-b4f6-d9879a28a420 1a77308039fd423d831ad89f385a318b 94ff84ec4abe4a7bbe77f85d43b15b23 - - default default] 10.0.0.222 "GET /v2.0/networks HTTP/1.1" status: 200 len: 2349 time: 0.0429919
2026-09-19 03:07:06.736 9 INFO neutron.api.wsgi [None req-d3eded94-4c10-4d68-9184-4a627f7303f6 1a77308039fd423d831ad89f385a318b 94ff84ec4abe4a7bbe77f85d43b15b23 - - default default] 10.0.0.222 "GET /v2.0/security-groups HTTP/1.1" status: 200 len: 17574 time: 0.0516524
2026-09-19 03:07:06.779 9 INFO neutron.api.wsgi [None req-75297666-a0ec-4209-9d88-f5bb810c4946 1a77308039fd423d831ad89f385a318b 94ff84ec4abe4a7bbe77f85d43b15b23 - - default default] 10.0.0.222 "GET /v2.0/subnets HTTP/1.1" status: 200 len: 1484 time: 0.0370049
2026-09-19 03:07:06.792 9 INFO neutron.api.wsgi [None req-9cf9f3b0-800d-4c79-a7ba-0c3060137e06 1a77308039fd423d831ad89f385a318b 94ff84ec4abe4a7bbe77f85d43b15b23 - - default default] 10.0.0.222 "GET /v2.0/network-ip-availabilities HTTP/1.1" status: 200 len: 1280 time: 0.0120759
2026-09-19 03:07:10.754 10 INFO neutron.pecan_wsgi.hooks.translation [None req-d2182935-1fdf-446b-82ff-265afcce200a 1a77308039fd423d831ad89f385a318b 94ff84ec4abe4a7bbe77f85d43b15b23 - - default default] GET failed (client error): The resource could not be found.
2026-09-19 03:07:10.755 10 INFO neutron.api.wsgi [None req-d2182935-1fdf-446b-82ff-265afcce200a 1a77308039fd423d831ad89f385a318b 94ff84ec4abe4a7bbe77f85d43b15b23 - - default default] 162.253.55.193,10.0.0.236 "GET /v2.0/networks/lb-mgmt-net HTTP/1.1" status: 404 len: 295 time: 0.0454919
2026-09-19 03:07:10.807 10 INFO neutron.api.wsgi [None req-e313ebad-0377-4445-a1b4-8918536128f6 1a77308039fd423d831ad89f385a318b 94ff84ec4abe4a7bbe77f85d43b15b23 - - default default] 162.253.55.193,10.0.0.236 "GET /v2.0/networks?name=lb-mgmt-net HTTP/1.1" status: 200 len: 913 time: 0.0486307
2026-09-19 03:07:11.861 10 INFO neutron.pecan_wsgi.hooks.translation [None req-3b385969-a636-41cb-a5cf-7cf6ed0a1b0f 1a77308039fd423d831ad89f385a318b 94ff84ec4abe4a7bbe77f85d43b15b23 - - default default] GET failed (client error): The resource could not be found.
2026-09-19 03:07:11.863 10 INFO neutron.api.wsgi [None req-3b385969-a636-41cb-a5cf-7cf6ed0a1b0f 1a77308039fd423d831ad89f385a318b 94ff84ec4abe4a7bbe77f85d43b15b23 - - default default] 162.253.55.193,10.0.0.236 "GET /v2.0/networks/lb-mgmt-net HTTP/1.1" status: 404 len: 295 time: 0.0542686
2026-09-19 03:07:11.919 10 INFO neutron.api.wsgi [None req-0ffc2c88-762d-4733-a5e0-2f493dcc42ad 1a77308039fd423d831ad89f385a318b 94ff84ec4abe4a7bbe77f85d43b15b23 - - default default] 162.253.55.193,10.0.0.236 "GET /v2.0/networks?name=lb-mgmt-net HTTP/1.1" status: 200 len: 913 time: 0.0528593
2026-09-19 03:07:11.936 10 INFO neutron.pecan_wsgi.hooks.translation [None req-a8507fda-9ab4-4900-a37e-af0ba9d8c98e 1a77308039fd423d831ad89f385a318b 94ff84ec4abe4a7bbe77f85d43b15b23 - - default default] GET failed (client error): The resource could not be found.
2026-09-19 03:07:11.938 10 INFO neutron.api.wsgi [None req-a8507fda-9ab4-4900-a37e-af0ba9d8c98e 1a77308039fd423d831ad89f385a318b 94ff84ec4abe4a7bbe77f85d43b15b23 - - default default] 162.253.55.193,10.0.0.236 "GET /v2.0/subnets/lb-mgmt-subnet?network_id=c320fd51-afe0-4f37-a38d-6bf4a148bc5a HTTP/1.1" status: 404 len: 296 time: 0.0129454
2026-09-19 03:07:11.971 10 INFO neutron.api.wsgi [None req-a08c40e3-949a-4094-b606-05d6b9cd3ebd 1a77308039fd423d831ad89f385a318b 94ff84ec4abe4a7bbe77f85d43b15b23 - - default default] 162.253.55.193,10.0.0.236 "GET /v2.0/subnets?name=lb-mgmt-subnet&network_id=c320fd51-afe0-4f37-a38d-6bf4a148bc5a HTTP/1.1" status: 200 len: 829 time: 0.0272124
2026-09-19 03:07:13.076 10 INFO neutron.api.v2.resource [None req-2e27ecf9-117c-40c0-866c-c7d5a01b8979 1a77308039fd423d831ad89f385a318b 94ff84ec4abe4a7bbe77f85d43b15b23 - - default default] show failed (client error): The resource could not be found.
2026-09-19 03:07:13.078 10 INFO neutron.api.wsgi [None req-2e27ecf9-117c-40c0-866c-c7d5a01b8979 1a77308039fd423d831ad89f385a318b 94ff84ec4abe4a7bbe77f85d43b15b23 - - default default] 162.253.55.193,10.0.0.236 "GET /v2.0/security-groups/lb-health-mgr-sec-grp HTTP/1.1" status: 404 len: 313 time: 0.0558929
2026-09-19 03:07:13.126 10 INFO neutron.api.wsgi [None req-413dfee9-b17d-44d6-9e76-6d5ced391d30 1a77308039fd423d831ad89f385a318b 94ff84ec4abe4a7bbe77f85d43b15b23 - - default default] 162.253.55.193,10.0.0.236 "GET /v2.0/security-groups?name=lb-health-mgr-sec-grp HTTP/1.1" status: 200 len: 4866 time: 0.0402987
2026-09-19 03:07:14.294 10 INFO neutron.api.wsgi [None req-208d55cb-fbf5-4b87-8e4b-ae2af0d00e15 1a77308039fd423d831ad89f385a318b 94ff84ec4abe4a7bbe77f85d43b15b23 - - default default] 162.253.55.193,10.0.0.236 "GET /v2.0/security-groups/51e44b97-9f9b-479a-86e5-906d7957e3ad HTTP/1.1" status: 200 len: 4870 time: 0.0646923
2026-09-19 03:07:14.332 10 INFO neutron.api.wsgi [None req-98e544be-148d-4355-a017-a812c3c06dcd 1a77308039fd423d831ad89f385a318b 94ff84ec4abe4a7bbe77f85d43b15b23 - - default default] 162.253.55.193,10.0.0.236 "GET /v2.0/security-groups/51e44b97-9f9b-479a-86e5-906d7957e3ad HTTP/1.1" status: 200 len: 4870 time: 0.0305371
2026-09-19 03:07:14.354 10 INFO neutron.api.wsgi [None req-2de7135b-c3bd-45b0-a3ac-9cc290bce0a7 1a77308039fd423d831ad89f385a318b 94ff84ec4abe4a7bbe77f85d43b15b23 - - default default] 162.253.55.193,10.0.0.236 "GET /v2.0/security-group-rules/a58c850c-84f6-49ff-8e2a-ade53c8197f1 HTTP/1.1" status: 200 len: 776 time: 0.0135107
2026-09-19 03:07:15.353 10 INFO neutron.api.wsgi [None req-52494efe-ed9e-4182-bec3-30427871c266 1a77308039fd423d831ad89f385a318b 94ff84ec4abe4a7bbe77f85d43b15b23 - - default default] 162.253.55.193,10.0.0.236 "GET /v2.0/security-groups/51e44b97-9f9b-479a-86e5-906d7957e3ad HTTP/1.1" status: 200 len: 4870 time: 0.0745599
2026-09-19 03:07:15.397 10 INFO neutron.api.wsgi [None req-cd64d1bd-46b8-4d39-95e0-21d52717a226 1a77308039fd423d831ad89f385a318b 94ff84ec4abe4a7bbe77f85d43b15b23 - - default default] 162.253.55.193,10.0.0.236 "GET /v2.0/security-groups/51e44b97-9f9b-479a-86e5-906d7957e3ad HTTP/1.1" status: 200 len: 4870 time: 0.0333695
2026-09-19 03:07:15.417 10 INFO neutron.api.wsgi [None req-1d59d9c2-9679-428e-92f6-afcae08360ef 1a77308039fd423d831ad89f385a318b 94ff84ec4abe4a7bbe77f85d43b15b23 - - default default] 162.253.55.193,10.0.0.236 "GET /v2.0/security-group-rules/db576204-5c21-44f0-a474-37c01ceecb7e HTTP/1.1" status: 200 len: 778 time: 0.0150299
2026-09-19 03:07:16.363 10 INFO neutron.api.wsgi [None req-7b03158f-5a42-4b14-8818-9b3d974377a1 1a77308039fd423d831ad89f385a318b 94ff84ec4abe4a7bbe77f85d43b15b23 - - default default] 162.253.55.193,10.0.0.236 "GET /v2.0/security-groups/51e44b97-9f9b-479a-86e5-906d7957e3ad HTTP/1.1" status: 200 len: 4870 time: 0.0825531
2026-09-19 03:07:16.393 10 INFO neutron.api.wsgi [None req-aba68414-db34-4d1d-92e0-3995359911f6 1a77308039fd423d831ad89f385a318b 94ff84ec4abe4a7bbe77f85d43b15b23 - - default default] 162.253.55.193,10.0.0.236 "GET /v2.0/security-groups/51e44b97-9f9b-479a-86e5-906d7957e3ad HTTP/1.1" status: 200 len: 4870 time: 0.0261891
2026-09-19 03:07:16.411 10 INFO neutron.api.wsgi [None req-690c2df4-ab05-4057-99b4-a468198bd2ee 1a77308039fd423d831ad89f385a318b 94ff84ec4abe4a7bbe77f85d43b15b23 - - default default] 162.253.55.193,10.0.0.236 "GET /v2.0/security-group-rules/337b10ac-715b-4d9c-a06a-9486acce6bad HTTP/1.1" status: 200 len: 778 time: 0.0135880
2026-09-19 03:07:16.722 9 INFO neutron.api.wsgi [-] 10.0.0.236 "GET / HTTP/1.1" status: 200 len: 247 time: 0.0029974
2026-09-19 03:07:16.726 9 INFO neutron.api.wsgi [-] 10.0.0.236 "GET / HTTP/1.1" status: 200 len: 247 time: 0.0022848
2026-09-19 03:07:17.373 10 INFO neutron.api.wsgi [None req-d8f7dbe7-e05d-49d8-9065-53d4eaeeff98 1a77308039fd423d831ad89f385a318b 94ff84ec4abe4a7bbe77f85d43b15b23 - - default default] 162.253.55.193,10.0.0.236 "GET /v2.0/security-groups/51e44b97-9f9b-479a-86e5-906d7957e3ad HTTP/1.1" status: 200 len: 4870 time: 0.0593476
2026-09-19 03:07:17.412 10 INFO neutron.api.wsgi [None req-2790776b-2acc-4c39-a5fc-48246950511b 1a77308039fd423d831ad89f385a318b 94ff84ec4abe4a7bbe77f85d43b15b23 - - default default] 162.253.55.193,10.0.0.236 "GET /v2.0/security-groups/51e44b97-9f9b-479a-86e5-906d7957e3ad HTTP/1.1" status: 200 len: 4870 time: 0.0336623
2026-09-19 03:07:17.435 10 INFO neutron.api.wsgi [None req-59b50c9c-c125-4951-8502-8d36789cc458 1a77308039fd423d831ad89f385a318b 94ff84ec4abe4a7bbe77f85d43b15b23 - - default default] 162.253.55.193,10.0.0.236 "GET /v2.0/security-group-rules/22074268-13e0-4c0f-878d-0b8781c102b7 HTTP/1.1" status: 200 len: 778 time: 0.0142190
2026-09-19 03:07:18.416 10 INFO neutron.api.wsgi [None req-c0384bc8-3e36-427e-8646-dcef911c6bc1 1a77308039fd423d831ad89f385a318b 94ff84ec4abe4a7bbe77f85d43b15b23 - - default default] 162.253.55.193,10.0.0.236 "GET /v2.0/security-groups/51e44b97-9f9b-479a-86e5-906d7957e3ad HTTP/1.1" status: 200 len: 4870 time: 0.0825531
2026-09-19 03:07:18.474 10 INFO neutron.api.wsgi [None req-5dd00b07-6a4b-4159-8197-f21d3ea6f708 1a77308039fd423d831ad89f385a318b 94ff84ec4abe4a7bbe77f85d43b15b23 - - default default] 162.253.55.193,10.0.0.236 "GET /v2.0/security-groups/51e44b97-9f9b-479a-86e5-906d7957e3ad HTTP/1.1" status: 200 len: 4870 time: 0.0494874
2026-09-19 03:07:18.506 10 INFO neutron.api.wsgi [None req-98e1739a-2730-4c69-bba2-69a25e756e55 1a77308039fd423d831ad89f385a318b 94ff84ec4abe4a7bbe77f85d43b15b23 - - default default] 162.253.55.193,10.0.0.236 "GET /v2.0/security-group-rules/136142c4-8ab0-46ea-a008-94bb3407c95a HTTP/1.1" status: 200 len: 778 time: 0.0222964
2026-09-19 03:07:19.865 10 INFO neutron.api.wsgi [None req-d92dbf64-b243-4418-985a-2a1523bfbbe4 1a77308039fd423d831ad89f385a318b 94ff84ec4abe4a7bbe77f85d43b15b23 - - default default] 162.253.55.193,10.0.0.236 "GET /v2.0/networks/c320fd51-afe0-4f37-a38d-6bf4a148bc5a HTTP/1.1" status: 200 len: 910 time: 0.1061585
2026-09-19 03:07:19.893 10 INFO neutron.pecan_wsgi.hooks.translation [None req-041bf38d-5824-4603-98fc-c8de212133a3 1a77308039fd423d831ad89f385a318b 94ff84ec4abe4a7bbe77f85d43b15b23 - - default default] GET failed (client error): The resource could not be found.
2026-09-19 03:07:19.895 10 INFO neutron.api.wsgi [None req-041bf38d-5824-4603-98fc-c8de212133a3 1a77308039fd423d831ad89f385a318b 94ff84ec4abe4a7bbe77f85d43b15b23 - - default default] 162.253.55.193,10.0.0.236 "GET /v2.0/ports/octavia-health-manager-port-instance?network_id=c320fd51-afe0-4f37-a38d-6bf4a148bc5a HTTP/1.1" status: 404 len: 314 time: 0.0216908
2026-09-19 03:07:19.948 10 INFO neutron.api.wsgi [None req-5475c473-810a-45e9-958d-314c8b8c67cd 1a77308039fd423d831ad89f385a318b 94ff84ec4abe4a7bbe77f85d43b15b23 - - default default] 162.253.55.193,10.0.0.236 "GET /v2.0/ports?name=octavia-health-manager-port-instance&network_id=c320fd51-afe0-4f37-a38d-6bf4a148bc5a HTTP/1.1" status: 200 len: 1395 time: 0.0488896
2026-09-19 03:07:19.986 10 INFO neutron.api.wsgi [None req-67772502-e4ea-4028-aa18-126f2736112b 1a77308039fd423d831ad89f385a318b 94ff84ec4abe4a7bbe77f85d43b15b23 - - default default] 162.253.55.193,10.0.0.236 "GET /v2.0/security-groups/51e44b97-9f9b-479a-86e5-906d7957e3ad HTTP/1.1" status: 200 len: 4870 time: 0.0293031
2026-09-19 03:07:28.214 10 INFO neutron.pecan_wsgi.hooks.translation [None req-0585846b-4d4e-469f-a190-3a49079272d1 1a77308039fd423d831ad89f385a318b 94ff84ec4abe4a7bbe77f85d43b15b23 - - default default] GET failed (client error): The resource could not be found.
2026-09-19 03:07:28.216 10 INFO neutron.api.wsgi [None req-0585846b-4d4e-469f-a190-3a49079272d1 1a77308039fd423d831ad89f385a318b 94ff84ec4abe4a7bbe77f85d43b15b23 - - default default] 162.253.55.193,10.0.0.236 "GET /v2.0/ports/octavia-health-manager-port-instance HTTP/1.1" status: 404 len: 314 time: 0.0571864
2026-09-19 03:07:28.262 10 INFO neutron.api.wsgi [None req-fa0d2606-e506-4072-beda-2509a76f9cff 1a77308039fd423d831ad89f385a318b 94ff84ec4abe4a7bbe77f85d43b15b23 - - default default] 162.253.55.193,10.0.0.236 "GET /v2.0/ports?name=octavia-health-manager-port-instance HTTP/1.1" status: 200 len: 1395 time: 0.0417099
2026-09-19 03:07:30.938 10 INFO neutron.api.wsgi [None req-1792bbb3-8290-49f5-bea6-d5d7ba9a0551 1a77308039fd423d831ad89f385a318b 94ff84ec4abe4a7bbe77f85d43b15b23 - - default default] 162.253.55.193,10.0.0.236 "GET /v2.0/ports HTTP/1.1" status: 200 len: 5347 time: 0.0892172
2026-09-19 03:07:31.720 10 INFO neutron.api.wsgi [-] 10.0.0.236 "GET / HTTP/1.1" status: 200 len: 247 time: 0.0012543
2026-09-19 03:07:31.721 10 INFO neutron.api.wsgi [-] 10.0.0.236 "GET / HTTP/1.1" status: 200 len: 247 time: 0.0011387
2026-09-19 03:07:32.170 10 INFO neutron.api.v2.resource [None req-7adb2783-98ca-4587-8ade-84c6846b9b38 1a77308039fd423d831ad89f385a318b 94ff84ec4abe4a7bbe77f85d43b15b23 - - default default] show failed (client error): The resource could not be found.
2026-09-19 03:07:32.171 10 INFO neutron.api.wsgi [None req-7adb2783-98ca-4587-8ade-84c6846b9b38 1a77308039fd423d831ad89f385a318b 94ff84ec4abe4a7bbe77f85d43b15b23 - - default default] 162.253.55.193,10.0.0.236 "GET /v2.0/security-groups/lb-mgmt-sec-grp HTTP/1.1" status: 404 len: 307 time: 0.0472059
2026-09-19 03:07:32.209 10 INFO neutron.api.wsgi [None req-bcee14e0-b8e1-4480-a609-4dd1d1812c7f 1a77308039fd423d831ad89f385a318b 94ff84ec4abe4a7bbe77f85d43b15b23 - - default default] 162.253.55.193,10.0.0.236 "GET /v2.0/security-groups?name=lb-mgmt-sec-grp HTTP/1.1" status: 200 len: 3057 time: 0.0327303
2026-09-19 03:07:33.206 10 INFO neutron.api.wsgi [None req-d4c77d07-0887-49d7-a430-6fade7a77a0c 1a77308039fd423d831ad89f385a318b 94ff84ec4abe4a7bbe77f85d43b15b23 - - default default] 162.253.55.193,10.0.0.236 "GET /v2.0/security-groups/791bc269-5ca5-44cf-9726-bb4acbf1d841 HTTP/1.1" status: 200 len: 3058 time: 0.0794704
2026-09-19 03:07:33.253 10 INFO neutron.api.wsgi [None req-31470cc1-6972-4569-8f3e-35e4effb71b2 1a77308039fd423d831ad89f385a318b 94ff84ec4abe4a7bbe77f85d43b15b23 - - default default] 162.253.55.193,10.0.0.236 "GET /v2.0/security-groups/791bc269-5ca5-44cf-9726-bb4acbf1d841 HTTP/1.1" status: 200 len: 3058 time: 0.0411606
2026-09-19 03:07:33.275 10 INFO neutron.api.wsgi [None req-035a1db4-c799-4a94-a560-64a90b08792e 1a77308039fd423d831ad89f385a318b 94ff84ec4abe4a7bbe77f85d43b15b23 - - default default] 162.253.55.193,10.0.0.236 "GET /v2.0/security-group-rules/5d462f06-a1ec-4267-b75d-0973635527d0 HTTP/1.1" status: 200 len: 796 time: 0.0162091
2026-09-19 03:07:34.225 10 INFO neutron.api.wsgi [None req-3475cf80-6cee-464f-afeb-3317e9439d09 1a77308039fd423d831ad89f385a318b 94ff84ec4abe4a7bbe77f85d43b15b23 - - default default] 162.253.55.193,10.0.0.236 "GET /v2.0/security-groups/791bc269-5ca5-44cf-9726-bb4acbf1d841 HTTP/1.1" status: 200 len: 3058 time: 0.0776091
2026-09-19 03:07:34.276 10 INFO neutron.api.wsgi [None req-47958623-0859-425a-8834-6c4a7e27fba0 1a77308039fd423d831ad89f385a318b 94ff84ec4abe4a7bbe77f85d43b15b23 - - default default] 162.253.55.193,10.0.0.236 "GET /v2.0/security-groups/791bc269-5ca5-44cf-9726-bb4acbf1d841 HTTP/1.1" status: 200 len: 3058 time: 0.0424919
2026-09-19 03:07:34.305 10 INFO neutron.api.wsgi [None req-b9d7693a-01b5-49a0-ba1f-d39809779cf7 1a77308039fd423d831ad89f385a318b 94ff84ec4abe4a7bbe77f85d43b15b23 - - default default] 162.253.55.193,10.0.0.236 "GET /v2.0/security-group-rules/a7e9c8b2-ccce-4160-a838-ec5c70d90ece HTTP/1.1" status: 200 len: 800 time: 0.0194068
2026-09-19 03:07:46.721 10 INFO neutron.api.wsgi [-] 10.0.0.236 "GET / HTTP/1.1" status: 200 len: 247 time: 0.0019267
2026-09-19 03:07:46.722 9 INFO neutron.api.wsgi [-] 10.0.0.236 "GET / HTTP/1.1" status: 200 len: 247 time: 0.0023706
2026-09-19 03:07:48.715 10 INFO neutron.api.wsgi [None req-019b1ceb-bf81-43ad-831f-f76b3e126f52 1a77308039fd423d831ad89f385a318b 94ff84ec4abe4a7bbe77f85d43b15b23 - - default default] 162.253.55.193,10.0.0.236 "GET /v2.0/quotas/94ff84ec4abe4a7bbe77f85d43b15b23 HTTP/1.1" status: 200 len: 466 time: 0.0143640
2026-09-19 03:08:01.722 9 INFO neutron.api.wsgi [-] 10.0.0.236 "GET / HTTP/1.1" status: 200 len: 247 time: 0.0029864
2026-09-19 03:08:01.724 10 INFO neutron.api.wsgi [-] 10.0.0.236 "GET / HTTP/1.1" status: 200 len: 247 time: 0.0025320
2026-09-19 03:08:06.518 9 INFO neutron.api.wsgi [None req-030bdb80-67ef-4389-a943-e49c5a5dfcbd 1a77308039fd423d831ad89f385a318b 94ff84ec4abe4a7bbe77f85d43b15b23 - - default default] 10.0.0.222 "GET /v2.0/routers HTTP/1.1" status: 200 len: 189 time: 0.0732169
2026-09-19 03:08:06.555 9 INFO neutron.api.wsgi [None req-0f7f4d4c-650f-4448-8e59-49b8f99eeba0 1a77308039fd423d831ad89f385a318b 94ff84ec4abe4a7bbe77f85d43b15b23 - - default default] 10.0.0.222 "GET /v2.0/agents?binary=ovn-controller HTTP/1.1" status: 200 len: 591 time: 0.0362239
2026-09-19 03:08:06.592 9 INFO neutron.api.wsgi [None req-cba0f91e-8d9d-4680-b3a9-77a8936ae7df 1a77308039fd423d831ad89f385a318b 94ff84ec4abe4a7bbe77f85d43b15b23 - - default default] 10.0.0.222 "GET /v2.0/subnets HTTP/1.1" status: 200 len: 1484 time: 0.0358291
2026-09-19 03:08:06.607 9 INFO neutron.api.wsgi [None req-bf5dc6ba-bb25-4aa6-b1e3-4416016a1b93 1a77308039fd423d831ad89f385a318b 94ff84ec4abe4a7bbe77f85d43b15b23 - - default default] 10.0.0.222 "GET /v2.0/agents HTTP/1.1" status: 200 len: 1390 time: 0.0139170
2026-09-19 03:08:06.619 9 INFO neutron.api.wsgi [None req-2a874645-5175-4b87-9daf-0566a5640e01 1a77308039fd423d831ad89f385a318b 94ff84ec4abe4a7bbe77f85d43b15b23 - - default default] 10.0.0.222 "GET /v2.0/network-ip-availabilities HTTP/1.1" status: 200 len: 1280 time: 0.0097735
2026-09-19 03:08:06.634 9 INFO neutron.api.wsgi [None req-d9068884-bb10-44e4-991e-8f1d7074cf8b 1a77308039fd423d831ad89f385a318b 94ff84ec4abe4a7bbe77f85d43b15b23 - - default default] 10.0.0.222 "GET /v2.0/floatingips HTTP/1.1" status: 200 len: 193 time: 0.0133710
2026-09-19 03:08:06.688 9 INFO neutron.api.wsgi [None req-d954a803-7ec5-4ef5-a2ba-60cda31ca131 1a77308039fd423d831ad89f385a318b 94ff84ec4abe4a7bbe77f85d43b15b23 - - default default] 10.0.0.222 "GET /v2.0/security-groups HTTP/1.1" status: 200 len: 17574 time: 0.0539341
2026-09-19 03:08:06.747 9 INFO neutron.api.wsgi [None req-e8349779-01c7-419f-9618-014ba115ca26 1a77308039fd423d831ad89f385a318b 94ff84ec4abe4a7bbe77f85d43b15b23 - - default default] 10.0.0.222 "GET /v2.0/ports HTTP/1.1" status: 200 len: 5347 time: 0.0515723
2026-09-19 03:08:06.811 9 INFO neutron.api.wsgi [None req-35710a9a-a60c-460f-a327-a7b8308aad8e 1a77308039fd423d831ad89f385a318b 94ff84ec4abe4a7bbe77f85d43b15b23 - - default default] 10.0.0.222 "GET /v2.0/networks HTTP/1.1" status: 200 len: 2349 time: 0.0543513
2026-09-19 03:08:06.837 9 INFO neutron.api.wsgi [None req-7bdd2cce-dd03-4aaa-b29c-aa1689ebc3a0 1a77308039fd423d831ad89f385a318b 94ff84ec4abe4a7bbe77f85d43b15b23 - - default default] 10.0.0.222 "GET /v2.0/subnets HTTP/1.1" status: 200 len: 1484 time: 0.0255594
2026-09-19 03:08:06.848 9 INFO neutron.api.wsgi [None req-b6ad34ff-4a13-42ae-be35-a475a5df1450 1a77308039fd423d831ad89f385a318b 94ff84ec4abe4a7bbe77f85d43b15b23 - - default default] 10.0.0.222 "GET /v2.0/subnetpools HTTP/1.1" status: 200 len: 193 time: 0.0097599
