2026-09-19 03:11:06.471 10 INFO neutron.api.wsgi [req-bfdccc6b-614a-47a4-9b01-c6d8313c71f6 req-32147968-0763-4cfe-83ad-fd59328645dd 4532e34d970f492685081a27c291163a 9f548cb075c5431482fe8ea4ea88c375 - - b946b65d030e4b1d9c349941185b1eec b946b65d030e4b1d9c349941185b1eec] 162.253.55.193 "GET /v2.0/networks/b2cf9599-06b7-4d38-9e2e-2c28bd08ac10?fields=segments HTTP/1.1" status: 200 len: 212 time: 0.0502481 /var/lib/openstack/lib/python3.12/site-packages/pycadf/identifier.py:71: UserWarning: Invalid uuid: neutron. To ensure interoperability, identifiers should be a valid uuid. warnings.warn(('Invalid uuid: %s. To ensure interoperability, '
2026-09-19 03:11:06.522 10 INFO neutron.api.wsgi [req-bfdccc6b-614a-47a4-9b01-c6d8313c71f6 req-65d578a2-c241-4a3c-8461-145d5d8f7514 4532e34d970f492685081a27c291163a 9f548cb075c5431482fe8ea4ea88c375 - - b946b65d030e4b1d9c349941185b1eec b946b65d030e4b1d9c349941185b1eec] 162.253.55.193 "GET /v2.0/networks/b2cf9599-06b7-4d38-9e2e-2c28bd08ac10?fields=provider%3Aphysical_network&fields=provider%3Anetwork_type HTTP/1.1" status: 200 len: 277 time: 0.0474300
2026-09-19 03:11:06.531 9 INFO neutron.api.wsgi [None req-2d671594-a0ce-47bc-99da-2b139d5b039a 1a77308039fd423d831ad89f385a318b 94ff84ec4abe4a7bbe77f85d43b15b23 - - default default] 10.0.0.222 "GET /v2.0/network-ip-availabilities HTTP/1.1" status: 200 len: 3204 time: 0.0867963
2026-09-19 03:11:06.596 9 INFO neutron.api.wsgi [None req-09f20e50-c56e-442a-bb03-be93006863ef 1a77308039fd423d831ad89f385a318b 94ff84ec4abe4a7bbe77f85d43b15b23 - - default default] 10.0.0.222 "GET /v2.0/security-groups HTTP/1.1" status: 200 len: 34911 time: 0.0632503
2026-09-19 03:11:06.597 9 INFO neutron.db.ovn_revision_numbers_db [None req-1809a384-2269-42d2-aa8d-96a6b463f524 - - - - - -] Successfully bumped revision number for resource 1c99c4a6-3a9f-4bfe-869a-c4cb122be021 (type: ports) to 4
2026-09-19 03:11:06.624 10 INFO neutron.api.wsgi [req-c15972e5-5c9f-48a0-8ab3-3278ea56fcd2 req-14b1be85-e206-4255-a8f7-c143d9fe754e b0bf3c819d8b4e20b1da664b436e7072 e020c6dd77af4a2ba61d0f4fea77ab56 - - default default] 10.0.0.185 "GET /v2.0/ports?device_id=a57dfa4a-627f-4119-ba73-d74e245613f1 HTTP/1.1" status: 200 len: 1172 time: 0.0386639
2026-09-19 03:11:06.650 9 WARNING neutron_lib.context [None req-7aef54b5-9607-47c1-83d0-6807179f97e8 2cbbf2aa3c724ead97d43d114fe4e49d df88e1515e1147439f3b8f20781d28a7 - - default default] Method 'is_advsvc' is deprecated since 2023.2 release (neutron-lib 3.8.0) and will be removed once support for the old RBAC API policies will be removed from Neutron. Please use method 'is_service_role' instead.
2026-09-19 03:11:06.676 10 INFO neutron.api.wsgi [req-c15972e5-5c9f-48a0-8ab3-3278ea56fcd2 req-fc59bbdc-6eba-49d1-8232-f520ad9edc64 b0bf3c819d8b4e20b1da664b436e7072 e020c6dd77af4a2ba61d0f4fea77ab56 - - default default] 10.0.0.185 "GET /v2.0/security-groups?id=30cf308b-26f0-4896-a708-cddb396c675d&fields=id&fields=name HTTP/1.1" status: 200 len: 313 time: 0.0476000
2026-09-19 03:11:06.721 9 INFO neutron.api.wsgi [None req-362593fd-5719-495c-8f37-17d0cefb65d0 1a77308039fd423d831ad89f385a318b 94ff84ec4abe4a7bbe77f85d43b15b23 - - default default] 10.0.0.222 "GET /v2.0/routers HTTP/1.1" status: 200 len: 4055 time: 0.1099503
2026-09-19 03:11:06.737 9 INFO neutron.api.wsgi [None req-9828b35f-c993-443a-8862-139fa9eed460 1a77308039fd423d831ad89f385a318b 94ff84ec4abe4a7bbe77f85d43b15b23 - - default default] 10.0.0.222 "GET /v2.0/agents?binary=ovn-controller HTTP/1.1" status: 200 len: 591 time: 0.0147738
2026-09-19 03:11:06.765 9 INFO neutron.api.wsgi [None req-707ebca0-502d-4bec-b617-9fb665339d17 1a77308039fd423d831ad89f385a318b 94ff84ec4abe4a7bbe77f85d43b15b23 - - default default] 10.0.0.222 "GET /v2.0/floatingips HTTP/1.1" status: 200 len: 1269 time: 0.0215585
2026-09-19 03:11:06.855 9 INFO neutron.api.wsgi [None req-06639072-ce59-4605-94c9-56ba172740e2 1a77308039fd423d831ad89f385a318b 94ff84ec4abe4a7bbe77f85d43b15b23 - - default default] 10.0.0.222 "GET /v2.0/networks HTTP/1.1" status: 200 len: 5399 time: 0.0880980
2026-09-19 03:11:06.881 9 INFO neutron.db.ovn_revision_numbers_db [None req-7aef54b5-9607-47c1-83d0-6807179f97e8 2cbbf2aa3c724ead97d43d114fe4e49d df88e1515e1147439f3b8f20781d28a7 - - default default] Successfully bumped revision number for resource 3b8c1d89-cd45-4594-a711-fc42d0b73f20 (type: security_groups) to 1
2026-09-19 03:11:06.892 9 INFO neutron.api.wsgi [None req-88fc8248-d1ea-476d-b7d1-84ccd555d8f4 1a77308039fd423d831ad89f385a318b 94ff84ec4abe4a7bbe77f85d43b15b23 - - default default] 10.0.0.222 "GET /v2.0/subnets HTTP/1.1" status: 200 len: 4214 time: 0.0345194
2026-09-19 03:11:06.910 9 INFO neutron.api.wsgi [None req-c8cab399-0156-4184-85b2-a842804df759 1a77308039fd423d831ad89f385a318b 94ff84ec4abe4a7bbe77f85d43b15b23 - - default default] 10.0.0.222 "GET /v2.0/subnetpools HTTP/1.1" status: 200 len: 193 time: 0.0135610
2026-09-19 03:11:06.918 9 INFO neutron.db.ovn_revision_numbers_db [None req-7aef54b5-9607-47c1-83d0-6807179f97e8 2cbbf2aa3c724ead97d43d114fe4e49d df88e1515e1147439f3b8f20781d28a7 - - default default] Successfully bumped revision number for resource 1dfc006a-8c46-4617-91ed-92f522e43a6c (type: security_group_rules) to 0
2026-09-19 03:11:06.918 10 INFO neutron.db.ovn_revision_numbers_db [None req-54f73dcd-e6be-42df-a83c-7e8e6f0cdc4d 1a77308039fd423d831ad89f385a318b 94ff84ec4abe4a7bbe77f85d43b15b23 - - default default] Successfully bumped revision number for resource c5cf3625-c49c-4aac-90af-55b4c8623905 (type: ports) to 1
2026-09-19 03:11:06.924 9 INFO neutron.api.wsgi [None req-af57e882-0be4-463d-83c0-b28176ed7b98 1a77308039fd423d831ad89f385a318b 94ff84ec4abe4a7bbe77f85d43b15b23 - - default default] 10.0.0.222 "GET /v2.0/agents HTTP/1.1" status: 200 len: 1390 time: 0.0124557
2026-09-19 03:11:06.947 9 INFO neutron.notifiers.nova [-] Nova event matching ['req-fe9f1826-1721-4213-b179-50dc8a517c2c'] response: {'name': 'network-changed', 'server_uuid': '5fb39692-8447-4854-bf8f-a41425f40d7a', 'tag': '8441fd43-6098-4f26-bb0e-d14c3b64a6a4', 'status': 'completed', 'code': 200}
2026-09-19 03:11:06.949 9 INFO neutron.db.ovn_revision_numbers_db [None req-7aef54b5-9607-47c1-83d0-6807179f97e8 2cbbf2aa3c724ead97d43d114fe4e49d df88e1515e1147439f3b8f20781d28a7 - - default default] Successfully bumped revision number for resource c46f572e-9e26-4bdc-bea8-dd7f15519909 (type: security_group_rules) to 0
2026-09-19 03:11:06.972 9 INFO neutron.api.wsgi [None req-326ddd4c-ee1d-4920-951e-d25507058053 1a77308039fd423d831ad89f385a318b 94ff84ec4abe4a7bbe77f85d43b15b23 - - default default] 10.0.0.222 "GET /v2.0/subnets HTTP/1.1" status: 200 len: 4214 time: 0.0434756
2026-09-19 03:11:06.975 10 WARNING neutron.scheduler.dhcp_agent_scheduler [None req-54f73dcd-e6be-42df-a83c-7e8e6f0cdc4d 1a77308039fd423d831ad89f385a318b 94ff84ec4abe4a7bbe77f85d43b15b23 - - default default] No more DHCP agents
2026-09-19 03:11:06.976 10 WARNING neutron.api.rpc.agentnotifiers.dhcp_rpc_agent_api [None req-54f73dcd-e6be-42df-a83c-7e8e6f0cdc4d 1a77308039fd423d831ad89f385a318b 94ff84ec4abe4a7bbe77f85d43b15b23 - - default default] Unable to schedule network 321a5d95-e280-4e35-a260-dd763304f9d8: no agents available; will retry on subsequent port and subnet creation events.
2026-09-19 03:11:07.008 9 INFO neutron.api.wsgi [None req-7aef54b5-9607-47c1-83d0-6807179f97e8 2cbbf2aa3c724ead97d43d114fe4e49d df88e1515e1147439f3b8f20781d28a7 - - default default] 10.0.0.217 "POST /v2.0/security-groups HTTP/1.1" status: 201 len: 1861 time: 0.3628614
2026-09-19 03:11:07.019 10 WARNING neutron_lib.context [None req-f23d09c7-01ba-487a-b108-23afaa6084ff 2cbbf2aa3c724ead97d43d114fe4e49d df88e1515e1147439f3b8f20781d28a7 - - default default] Method 'is_advsvc' is deprecated since 2023.2 release (neutron-lib 3.8.0) and will be removed once support for the old RBAC API policies will be removed from Neutron. Please use method 'is_service_role' instead.
2026-09-19 03:11:07.054 9 INFO neutron.api.wsgi [None req-de8e816d-81f5-4c58-9759-8c22eb8df2e2 1a77308039fd423d831ad89f385a318b 94ff84ec4abe4a7bbe77f85d43b15b23 - - default default] 10.0.0.222 "GET /v2.0/ports HTTP/1.1" status: 200 len: 22630 time: 0.0800662
2026-09-19 03:11:07.211 9 INFO neutron.db.ovn_revision_numbers_db [None req-1809a384-2269-42d2-aa8d-96a6b463f524 - - - - - -] Successfully bumped revision number for resource 1c99c4a6-3a9f-4bfe-869a-c4cb122be021 (type: ports) to 5
2026-09-19 03:11:07.253 10 INFO neutron.db.ovn_revision_numbers_db [None req-f23d09c7-01ba-487a-b108-23afaa6084ff 2cbbf2aa3c724ead97d43d114fe4e49d df88e1515e1147439f3b8f20781d28a7 - - default default] Successfully bumped revision number for resource f8d28828-d8f3-48d5-bd67-9ad3ebee89fd (type: security_group_rules) to 0
2026-09-19 03:11:07.291 10 INFO neutron.api.wsgi [None req-f23d09c7-01ba-487a-b108-23afaa6084ff 2cbbf2aa3c724ead97d43d114fe4e49d df88e1515e1147439f3b8f20781d28a7 - - default default] 10.0.0.217 "POST /v2.0/security-group-rules HTTP/1.1" status: 201 len: 796 time: 0.2759593
2026-09-19 03:11:07.300 9 WARNING neutron_lib.context [None req-c1538cf4-7056-47c1-98f6-8125d11a6b59 2cbbf2aa3c724ead97d43d114fe4e49d df88e1515e1147439f3b8f20781d28a7 - - default default] Method 'is_advsvc' is deprecated since 2023.2 release (neutron-lib 3.8.0) and will be removed once support for the old RBAC API policies will be removed from Neutron. Please use method 'is_service_role' instead.
2026-09-19 03:11:07.418 9 INFO neutron.db.ovn_revision_numbers_db [None req-c1538cf4-7056-47c1-98f6-8125d11a6b59 2cbbf2aa3c724ead97d43d114fe4e49d df88e1515e1147439f3b8f20781d28a7 - - default default] Successfully bumped revision number for resource df29d792-2513-4e5e-b849-96ec4852c3ba (type: security_group_rules) to 0
2026-09-19 03:11:07.451 9 INFO neutron.api.wsgi [None req-c1538cf4-7056-47c1-98f6-8125d11a6b59 2cbbf2aa3c724ead97d43d114fe4e49d df88e1515e1147439f3b8f20781d28a7 - - default default] 10.0.0.217 "POST /v2.0/security-group-rules HTTP/1.1" status: 201 len: 801 time: 0.1553369
2026-09-19 03:11:07.459 9 WARNING neutron_lib.context [None req-0340a470-cdde-4e4b-9c88-d54e70675bec 2cbbf2aa3c724ead97d43d114fe4e49d df88e1515e1147439f3b8f20781d28a7 - - default default] Method 'is_advsvc' is deprecated since 2023.2 release (neutron-lib 3.8.0) and will be removed once support for the old RBAC API policies will be removed from Neutron. Please use method 'is_service_role' instead.
2026-09-19 03:11:07.495 10 INFO neutron.api.wsgi [req-3b83dd9d-777c-441e-b836-453248da2d27 req-cd73a533-3f55-4b65-a849-128ecb605f98 8805c96355664a8c8ab58620f634fb11 7998728d804740caa0911ac31ebd5873 - - default default] 10.0.0.185 "GET /v2.0/ports?device_id=5fb39692-8447-4854-bf8f-a41425f40d7a HTTP/1.1" status: 200 len: 1168 time: 0.0499220
2026-09-19 03:11:07.515 10 INFO neutron.api.wsgi [req-ba0f950e-b3cf-4903-9c61-f7ed196f63d8 req-ca54b111-ecce-4012-9977-b0003228c2a0 4532e34d970f492685081a27c291163a 9f548cb075c5431482fe8ea4ea88c375 - - b946b65d030e4b1d9c349941185b1eec b946b65d030e4b1d9c349941185b1eec] 162.253.55.193 "GET /v2.0/ports?tenant_id=7998728d804740caa0911ac31ebd5873&device_id=5fb39692-8447-4854-bf8f-a41425f40d7a HTTP/1.1" status: 200 len: 1407 time: 0.0542948
2026-09-19 03:11:07.575 10 INFO neutron.api.wsgi [req-3b83dd9d-777c-441e-b836-453248da2d27 req-8f01c832-c048-475e-a22c-770c4609fef8 8805c96355664a8c8ab58620f634fb11 7998728d804740caa0911ac31ebd5873 - - default default] 10.0.0.185 "GET /v2.0/security-groups?id=949eb053-c9b2-4ead-b3f2-e6e9a43b9e88&fields=id&fields=name HTTP/1.1" status: 200 len: 311 time: 0.0725555
2026-09-19 03:11:07.592 10 INFO neutron.api.wsgi [req-ba0f950e-b3cf-4903-9c61-f7ed196f63d8 req-827d8f6f-2a17-4fab-87c9-2841a8b661d5 4532e34d970f492685081a27c291163a 9f548cb075c5431482fe8ea4ea88c375 - - b946b65d030e4b1d9c349941185b1eec b946b65d030e4b1d9c349941185b1eec] 162.253.55.193 "GET /v2.0/networks?tenant_id=7998728d804740caa0911ac31ebd5873&shared=False HTTP/1.1" status: 200 len: 978 time: 0.0732067
2026-09-19 03:11:07.638 9 WARNING neutron.scheduler.dhcp_agent_scheduler [None req-0340a470-cdde-4e4b-9c88-d54e70675bec 2cbbf2aa3c724ead97d43d114fe4e49d df88e1515e1147439f3b8f20781d28a7 - - default default] No more DHCP agents
2026-09-19 03:11:07.640 9 WARNING neutron.api.rpc.agentnotifiers.dhcp_rpc_agent_api [None req-0340a470-cdde-4e4b-9c88-d54e70675bec 2cbbf2aa3c724ead97d43d114fe4e49d df88e1515e1147439f3b8f20781d28a7 - - default default] Unable to schedule network 152e41f6-ced1-4bd7-ba0e-141280defaf7: no agents available; will retry on subsequent port and subnet creation events.
2026-09-19 03:11:07.680 10 INFO neutron.api.wsgi [req-ba0f950e-b3cf-4903-9c61-f7ed196f63d8 req-b7b44a96-74a1-44a7-b321-e55ef2288ee4 4532e34d970f492685081a27c291163a 9f548cb075c5431482fe8ea4ea88c375 - - b946b65d030e4b1d9c349941185b1eec b946b65d030e4b1d9c349941185b1eec] 162.253.55.193 "GET /v2.0/networks?shared=True HTTP/1.1" status: 200 len: 952 time: 0.0836411
2026-09-19 03:11:07.793 10 INFO neutron.api.wsgi [req-20d564e0-44ff-448a-bbc6-df4344a6c4eb req-c0740ab7-87a6-48c2-9f40-85d0ee83c2aa b0bf3c819d8b4e20b1da664b436e7072 e020c6dd77af4a2ba61d0f4fea77ab56 - - default default] 10.0.0.185 "GET /v2.0/ports?device_id=a57dfa4a-627f-4119-ba73-d74e245613f1 HTTP/1.1" status: 200 len: 1172 time: 0.0411959
2026-09-19 03:11:07.845 10 INFO neutron.api.wsgi [req-20d564e0-44ff-448a-bbc6-df4344a6c4eb req-7833f709-836e-46ec-acf7-2116ffdb3a1a b0bf3c819d8b4e20b1da664b436e7072 e020c6dd77af4a2ba61d0f4fea77ab56 - - default default] 10.0.0.185 "GET /v2.0/security-groups?id=30cf308b-26f0-4896-a708-cddb396c675d&fields=id&fields=name HTTP/1.1" status: 200 len: 313 time: 0.0363500
2026-09-19 03:11:07.872 10 INFO neutron.db.ovn_revision_numbers_db [None req-54f73dcd-e6be-42df-a83c-7e8e6f0cdc4d 1a77308039fd423d831ad89f385a318b 94ff84ec4abe4a7bbe77f85d43b15b23 - - default default] Successfully bumped revision number for resource c5cf3625-c49c-4aac-90af-55b4c8623905 (type: router_ports) to 1
2026-09-19 03:11:07.876 10 INFO neutron.api.wsgi [None req-54f73dcd-e6be-42df-a83c-7e8e6f0cdc4d 1a77308039fd423d831ad89f385a318b 94ff84ec4abe4a7bbe77f85d43b15b23 - - default default] 10.0.0.217 "PUT /v2.0/routers/b05cf9ef-64d0-4d46-b65d-cd1d7f7e3924/add_router_interface HTTP/1.1" status: 200 len: 503 time: 2.3092256
2026-09-19 03:11:07.978 9 INFO neutron.api.wsgi [None req-0340a470-cdde-4e4b-9c88-d54e70675bec 2cbbf2aa3c724ead97d43d114fe4e49d df88e1515e1147439f3b8f20781d28a7 - - default default] 10.0.0.217 "POST /v2.0/floatingips HTTP/1.1" status: 201 len: 751 time: 0.5226243
2026-09-19 03:11:08.381 10 WARNING neutron_lib.context [None req-27d8f3c8-7032-4c73-8841-fe898c69df5d a45b071a675f455a8a4df7f035098b3e fd589f0034d341619569cc8b81ae07c9 - - default default] Method 'is_advsvc' is deprecated since 2023.2 release (neutron-lib 3.8.0) and will be removed once support for the old RBAC API policies will be removed from Neutron. Please use method 'is_service_role' instead.
2026-09-19 03:11:08.455 10 INFO neutron.api.wsgi [req-4d77274a-d442-40d3-a63c-ffc9f5434eb6 req-8df186c3-87f9-4257-adcb-ae6286812cfe 2cbbf2aa3c724ead97d43d114fe4e49d df88e1515e1147439f3b8f20781d28a7 - - default default] 10.0.0.185 "GET /v2.0/security-groups?name=tempest-securitygroup--2038526929&fields=id&tenant_id=df88e1515e1147439f3b8f20781d28a7 HTTP/1.1" status: 200 len: 267 time: 0.0413427
2026-09-19 03:11:08.521 10 INFO neutron.api.wsgi [req-4d77274a-d442-40d3-a63c-ffc9f5434eb6 req-c087140a-33a3-4bd7-af13-7c3982cb350e 2cbbf2aa3c724ead97d43d114fe4e49d df88e1515e1147439f3b8f20781d28a7 - - default default] 10.0.0.185 "GET /v2.0/networks?id=56f2b8c0-1802-4582-b230-8c00f1a1a868 HTTP/1.1" status: 200 len: 869 time: 0.0548112
2026-09-19 03:11:08.539 10 INFO neutron.api.wsgi [req-4d77274a-d442-40d3-a63c-ffc9f5434eb6 req-33915383-36fd-4cef-a428-74d78621f96b 2cbbf2aa3c724ead97d43d114fe4e49d df88e1515e1147439f3b8f20781d28a7 - - default default] 10.0.0.185 "GET /v2.0/quotas/df88e1515e1147439f3b8f20781d28a7 HTTP/1.1" status: 200 len: 491 time: 0.0115595
2026-09-19 03:11:08.541 10 INFO neutron.db.ovn_revision_numbers_db [None req-27d8f3c8-7032-4c73-8841-fe898c69df5d a45b071a675f455a8a4df7f035098b3e fd589f0034d341619569cc8b81ae07c9 - - default default] Successfully bumped revision number for resource 3f2a30cd-8f4d-46ed-9a4e-8688d10aa904 (type: security_groups) to 1
2026-09-19 03:11:08.567 10 INFO neutron.db.ovn_revision_numbers_db [None req-27d8f3c8-7032-4c73-8841-fe898c69df5d a45b071a675f455a8a4df7f035098b3e fd589f0034d341619569cc8b81ae07c9 - - default default] Successfully bumped revision number for resource 29656f1d-5e19-4972-b4cf-de5352b4908e (type: security_group_rules) to 0
2026-09-19 03:11:08.580 10 INFO neutron.db.ovn_revision_numbers_db [None req-27d8f3c8-7032-4c73-8841-fe898c69df5d a45b071a675f455a8a4df7f035098b3e fd589f0034d341619569cc8b81ae07c9 - - default default] Successfully bumped revision number for resource c3a5a5cc-64df-4f1e-98c8-fc59467cd609 (type: security_group_rules) to 0
2026-09-19 03:11:08.618 10 INFO neutron.api.wsgi [None req-27d8f3c8-7032-4c73-8841-fe898c69df5d a45b071a675f455a8a4df7f035098b3e fd589f0034d341619569cc8b81ae07c9 - - default default] 10.0.0.217 "POST /v2.0/security-groups HTTP/1.1" status: 201 len: 1861 time: 0.2421052
2026-09-19 03:11:08.621 10 INFO neutron.api.wsgi [req-4d77274a-d442-40d3-a63c-ffc9f5434eb6 req-c0fb79ff-4209-4b51-88a4-c7fd5ba28984 2cbbf2aa3c724ead97d43d114fe4e49d df88e1515e1147439f3b8f20781d28a7 - - default default] 10.0.0.185 "GET /v2.0/ports?tenant_id=df88e1515e1147439f3b8f20781d28a7&fields=id HTTP/1.1" status: 200 len: 302 time: 0.0757143
2026-09-19 03:11:08.627 10 WARNING neutron_lib.context [None req-fced1afe-05eb-4ee8-9db8-5ef4bcef9093 a45b071a675f455a8a4df7f035098b3e fd589f0034d341619569cc8b81ae07c9 - - default default] Method 'is_advsvc' is deprecated since 2023.2 release (neutron-lib 3.8.0) and will be removed once support for the old RBAC API policies will be removed from Neutron. Please use method 'is_service_role' instead.
2026-09-19 03:11:08.660 10 INFO neutron.api.wsgi [req-308c8a15-2010-4e2f-94ec-3896e76ce261 req-4dd2e583-2386-4fe6-8d90-ba23d68b9f1b 8805c96355664a8c8ab58620f634fb11 7998728d804740caa0911ac31ebd5873 - - default default] 10.0.0.185 "GET /v2.0/ports?device_id=5fb39692-8447-4854-bf8f-a41425f40d7a HTTP/1.1" status: 200 len: 1168 time: 0.0311174
2026-09-19 03:11:08.693 10 INFO neutron.api.wsgi [req-308c8a15-2010-4e2f-94ec-3896e76ce261 req-d832382e-cf66-4686-9e57-394805373388 8805c96355664a8c8ab58620f634fb11 7998728d804740caa0911ac31ebd5873 - - default default] 10.0.0.185 "GET /v2.0/security-groups?id=949eb053-c9b2-4ead-b3f2-e6e9a43b9e88&fields=id&fields=name HTTP/1.1" status: 200 len: 311 time: 0.0280342
2026-09-19 03:11:08.738 10 INFO neutron.api.wsgi [req-b23e3991-32f0-43de-8ce8-c7e576bcbf0b req-ffe92e7c-de05-4d45-8eba-0cf6285221a6 4532e34d970f492685081a27c291163a 9f548cb075c5431482fe8ea4ea88c375 - - b946b65d030e4b1d9c349941185b1eec b946b65d030e4b1d9c349941185b1eec] 162.253.55.193 "GET /v2.0/ports?tenant_id=7998728d804740caa0911ac31ebd5873&device_id=5fb39692-8447-4854-bf8f-a41425f40d7a HTTP/1.1" status: 200 len: 1407 time: 0.0365934
2026-09-19 03:11:08.765 10 INFO neutron.api.wsgi [req-b23e3991-32f0-43de-8ce8-c7e576bcbf0b req-96a0a0a0-9737-43f9-8e0d-ce4a0fc4d574 4532e34d970f492685081a27c291163a 9f548cb075c5431482fe8ea4ea88c375 - - b946b65d030e4b1d9c349941185b1eec b946b65d030e4b1d9c349941185b1eec] 162.253.55.193 "GET /v2.0/floatingips?fixed_ip_address=10.100.0.8&port_id=8441fd43-6098-4f26-bb0e-d14c3b64a6a4 HTTP/1.1" status: 200 len: 217 time: 0.0185280
2026-09-19 03:11:08.790 10 INFO neutron.db.ovn_revision_numbers_db [None req-fced1afe-05eb-4ee8-9db8-5ef4bcef9093 a45b071a675f455a8a4df7f035098b3e fd589f0034d341619569cc8b81ae07c9 - - default default] Successfully bumped revision number for resource a681eec7-8288-4495-bc97-04c7dfc8a62a (type: security_group_rules) to 0
2026-09-19 03:11:08.793 10 INFO neutron.api.wsgi [req-b23e3991-32f0-43de-8ce8-c7e576bcbf0b req-85130adf-1718-4733-ad15-e93adbb9ee00 4532e34d970f492685081a27c291163a 9f548cb075c5431482fe8ea4ea88c375 - - b946b65d030e4b1d9c349941185b1eec b946b65d030e4b1d9c349941185b1eec] 162.253.55.193 "GET /v2.0/subnets?id=138daca9-55f0-4b5d-86ab-18c90117360a HTTP/1.1" status: 200 len: 897 time: 0.0245352
2026-09-19 03:11:08.813 10 INFO neutron.api.wsgi [req-b23e3991-32f0-43de-8ce8-c7e576bcbf0b req-e153ee41-3ee3-43ae-9915-eddde4219909 4532e34d970f492685081a27c291163a 9f548cb075c5431482fe8ea4ea88c375 - - b946b65d030e4b1d9c349941185b1eec b946b65d030e4b1d9c349941185b1eec] 162.253.55.193 "GET /v2.0/ports?network_id=c521d1a6-76ea-4553-81f5-5431caa6875f&device_owner=network%3Adhcp HTTP/1.1" status: 200 len: 210 time: 0.0152121
2026-09-19 03:11:08.834 10 INFO neutron.api.wsgi [None req-fced1afe-05eb-4ee8-9db8-5ef4bcef9093 a45b071a675f455a8a4df7f035098b3e fd589f0034d341619569cc8b81ae07c9 - - default default] 10.0.0.217 "POST /v2.0/security-group-rules HTTP/1.1" status: 201 len: 796 time: 0.2106109
2026-09-19 03:11:08.841 10 WARNING neutron_lib.context [None req-442b237a-6fa1-459c-b828-bf6ce9163b17 a45b071a675f455a8a4df7f035098b3e fd589f0034d341619569cc8b81ae07c9 - - default default] Method 'is_advsvc' is deprecated since 2023.2 release (neutron-lib 3.8.0) and will be removed once support for the old RBAC API policies will be removed from Neutron. Please use method 'is_service_role' instead.
2026-09-19 03:11:08.868 10 INFO neutron.api.wsgi [req-b23e3991-32f0-43de-8ce8-c7e576bcbf0b req-6eeda6bb-dba3-4663-bb3b-ae7903605233 4532e34d970f492685081a27c291163a 9f548cb075c5431482fe8ea4ea88c375 - - b946b65d030e4b1d9c349941185b1eec b946b65d030e4b1d9c349941185b1eec] 162.253.55.193 "GET /v2.0/networks/c521d1a6-76ea-4553-81f5-5431caa6875f?fields=segments HTTP/1.1" status: 200 len: 212 time: 0.0516732
2026-09-19 03:11:08.938 10 INFO neutron.api.wsgi [req-b23e3991-32f0-43de-8ce8-c7e576bcbf0b req-bdc805ce-8fe7-415a-8941-6c562e430ddf 4532e34d970f492685081a27c291163a 9f548cb075c5431482fe8ea4ea88c375 - - b946b65d030e4b1d9c349941185b1eec b946b65d030e4b1d9c349941185b1eec] 162.253.55.193 "GET /v2.0/networks/c521d1a6-76ea-4553-81f5-5431caa6875f?fields=provider%3Aphysical_network&fields=provider%3Anetwork_type HTTP/1.1" status: 200 len: 277 time: 0.0657856
2026-09-19 03:11:08.996 10 INFO neutron.db.ovn_revision_numbers_db [None req-442b237a-6fa1-459c-b828-bf6ce9163b17 a45b071a675f455a8a4df7f035098b3e fd589f0034d341619569cc8b81ae07c9 - - default default] Successfully bumped revision number for resource 9421e5d8-742c-434d-95d2-f0bbf4117c5d (type: security_group_rules) to 0
2026-09-19 03:11:09.015 10 INFO neutron.api.wsgi [req-d6a04499-3dbc-42d4-9bd1-604ab7e3a795 req-62caad9d-c91c-4dc0-9c49-00f38fe418b8 b0bf3c819d8b4e20b1da664b436e7072 e020c6dd77af4a2ba61d0f4fea77ab56 - - default default] 10.0.0.185 "GET /v2.0/ports?device_id=a57dfa4a-627f-4119-ba73-d74e245613f1 HTTP/1.1" status: 200 len: 1172 time: 0.1177378
2026-09-19 03:11:09.024 10 INFO neutron.api.wsgi [req-4d77274a-d442-40d3-a63c-ffc9f5434eb6 req-c1e5a136-ed5a-4b6e-8211-9f8ca1f5760d 4532e34d970f492685081a27c291163a 9f548cb075c5431482fe8ea4ea88c375 - - b946b65d030e4b1d9c349941185b1eec b946b65d030e4b1d9c349941185b1eec] 10.0.0.185 "GET /v2.0/extensions HTTP/1.1" status: 200 len: 19298 time: 0.0486271
2026-09-19 03:11:09.030 10 INFO neutron.api.wsgi [None req-442b237a-6fa1-459c-b828-bf6ce9163b17 a45b071a675f455a8a4df7f035098b3e fd589f0034d341619569cc8b81ae07c9 - - default default] 10.0.0.217 "POST /v2.0/security-group-rules HTTP/1.1" status: 201 len: 801 time: 0.1928196
2026-09-19 03:11:09.049 9 WARNING neutron_lib.context [None req-52ac790b-3545-4f05-beea-65c0aafee8d7 a45b071a675f455a8a4df7f035098b3e fd589f0034d341619569cc8b81ae07c9 - - default default] Method 'is_advsvc' is deprecated since 2023.2 release (neutron-lib 3.8.0) and will be removed once support for the old RBAC API policies will be removed from Neutron. Please use method 'is_service_role' instead.
2026-09-19 03:11:09.093 10 INFO neutron.api.wsgi [req-4d77274a-d442-40d3-a63c-ffc9f5434eb6 req-326c1eaf-7beb-485f-a729-af03008cbd6b 4532e34d970f492685081a27c291163a 9f548cb075c5431482fe8ea4ea88c375 - - b946b65d030e4b1d9c349941185b1eec b946b65d030e4b1d9c349941185b1eec] 10.0.0.185 "GET /v2.0/networks/56f2b8c0-1802-4582-b230-8c00f1a1a868?fields=segments HTTP/1.1" status: 200 len: 212 time: 0.0607555
2026-09-19 03:11:09.111 10 INFO neutron.api.wsgi [req-d6a04499-3dbc-42d4-9bd1-604ab7e3a795 req-1777db1b-72ab-4df5-8826-1502e872bfa8 b0bf3c819d8b4e20b1da664b436e7072 e020c6dd77af4a2ba61d0f4fea77ab56 - - default default] 10.0.0.185 "GET /v2.0/security-groups?id=30cf308b-26f0-4896-a708-cddb396c675d&fields=id&fields=name HTTP/1.1" status: 200 len: 313 time: 0.0862176
2026-09-19 03:11:09.143 10 INFO neutron.api.wsgi [req-4d77274a-d442-40d3-a63c-ffc9f5434eb6 req-d84263ba-9072-4ce4-9955-9b3ea167cbb8 4532e34d970f492685081a27c291163a 9f548cb075c5431482fe8ea4ea88c375 - - b946b65d030e4b1d9c349941185b1eec b946b65d030e4b1d9c349941185b1eec] 10.0.0.185 "GET /v2.0/networks/56f2b8c0-1802-4582-b230-8c00f1a1a868?fields=provider%3Aphysical_network&fields=provider%3Anetwork_type HTTP/1.1" status: 200 len: 277 time: 0.0342524
2026-09-19 03:11:09.293 9 WARNING neutron.scheduler.dhcp_agent_scheduler [None req-52ac790b-3545-4f05-beea-65c0aafee8d7 a45b071a675f455a8a4df7f035098b3e fd589f0034d341619569cc8b81ae07c9 - - default default] No more DHCP agents
2026-09-19 03:11:09.294 9 WARNING neutron.api.rpc.agentnotifiers.dhcp_rpc_agent_api [None req-52ac790b-3545-4f05-beea-65c0aafee8d7 a45b071a675f455a8a4df7f035098b3e fd589f0034d341619569cc8b81ae07c9 - - default default] Unable to schedule network 152e41f6-ced1-4bd7-ba0e-141280defaf7: no agents available; will retry on subsequent port and subnet creation events.
2026-09-19 03:11:09.355 10 INFO neutron.api.wsgi [req-57571cd7-a269-40db-95dc-a104b1c7ef28 req-10aa9947-e4a8-4494-870a-8864cfe3f2c3 2cbbf2aa3c724ead97d43d114fe4e49d df88e1515e1147439f3b8f20781d28a7 - - default default] 10.0.0.185 "GET /v2.0/ports?device_id=314fa387-ed27-423b-aa28-d107b01f50e7 HTTP/1.1" status: 200 len: 210 time: 0.0224898
2026-09-19 03:11:09.559 9 INFO neutron.api.wsgi [None req-52ac790b-3545-4f05-beea-65c0aafee8d7 a45b071a675f455a8a4df7f035098b3e fd589f0034d341619569cc8b81ae07c9 - - default default] 10.0.0.217 "POST /v2.0/floatingips HTTP/1.1" status: 201 len: 751 time: 0.5171604
2026-09-19 03:11:09.824 10 INFO neutron.api.wsgi [req-dbc846e2-1add-42ff-aa27-ae42beb21ece req-592c8d6e-c617-4e38-9424-c760fb007d6c 8805c96355664a8c8ab58620f634fb11 7998728d804740caa0911ac31ebd5873 - - default default] 10.0.0.185 "GET /v2.0/ports?device_id=5fb39692-8447-4854-bf8f-a41425f40d7a HTTP/1.1" status: 200 len: 1168 time: 0.0403349
2026-09-19 03:11:09.865 10 INFO neutron.api.wsgi [req-dbc846e2-1add-42ff-aa27-ae42beb21ece req-0fcf2d5b-345b-4583-8e18-02ccdb54e385 8805c96355664a8c8ab58620f634fb11 7998728d804740caa0911ac31ebd5873 - - default default] 10.0.0.185 "GET /v2.0/security-groups?id=949eb053-c9b2-4ead-b3f2-e6e9a43b9e88&fields=id&fields=name HTTP/1.1" status: 200 len: 311 time: 0.0337088
2026-09-19 03:11:10.020 10 INFO neutron.api.wsgi [req-03312eaf-9206-4340-a831-ece4fe1272bd req-766b0988-8631-422f-ad3e-6a7c4adf4a13 a45b071a675f455a8a4df7f035098b3e fd589f0034d341619569cc8b81ae07c9 - - default default] 10.0.0.185 "GET /v2.0/security-groups?name=tempest-securitygroup--1425424741&fields=id&tenant_id=fd589f0034d341619569cc8b81ae07c9 HTTP/1.1" status: 200 len: 267 time: 0.0327175
2026-09-19 03:11:10.064 10 INFO neutron.api.wsgi [req-03312eaf-9206-4340-a831-ece4fe1272bd req-00d6d032-6561-4217-af04-83d076c0630c a45b071a675f455a8a4df7f035098b3e fd589f0034d341619569cc8b81ae07c9 - - default default] 10.0.0.185 "GET /v2.0/networks?id=321a5d95-e280-4e35-a260-dd763304f9d8 HTTP/1.1" status: 200 len: 875 time: 0.0395620
2026-09-19 03:11:10.075 10 INFO neutron.api.wsgi [req-03312eaf-9206-4340-a831-ece4fe1272bd req-b992a39b-46bc-4d45-81d6-4a95f8e5c603 a45b071a675f455a8a4df7f035098b3e fd589f0034d341619569cc8b81ae07c9 - - default default] 10.0.0.185 "GET /v2.0/quotas/fd589f0034d341619569cc8b81ae07c9 HTTP/1.1" status: 200 len: 491 time: 0.0079072
2026-09-19 03:11:10.138 10 INFO neutron.api.wsgi [req-03312eaf-9206-4340-a831-ece4fe1272bd req-b2d7ebb7-e242-45e2-99f5-b7d0bed276c7 a45b071a675f455a8a4df7f035098b3e fd589f0034d341619569cc8b81ae07c9 - - default default] 10.0.0.185 "GET /v2.0/ports?tenant_id=fd589f0034d341619569cc8b81ae07c9&fields=id HTTP/1.1" status: 200 len: 302 time: 0.0597003
2026-09-19 03:11:10.189 10 INFO neutron.api.wsgi [req-03312eaf-9206-4340-a831-ece4fe1272bd req-4352bafa-4a42-4ee9-ac9a-c64ed8e127e9 4532e34d970f492685081a27c291163a 9f548cb075c5431482fe8ea4ea88c375 - - b946b65d030e4b1d9c349941185b1eec b946b65d030e4b1d9c349941185b1eec] 10.0.0.185 "GET /v2.0/networks/321a5d95-e280-4e35-a260-dd763304f9d8?fields=segments HTTP/1.1" status: 200 len: 212 time: 0.0409658
2026-09-19 03:11:10.223 10 INFO neutron.api.wsgi [req-302c5ce9-bc5d-4185-b0c1-594bc5bcda3e req-36d8618c-a58f-4edc-939f-60a8f3cc2e15 b0bf3c819d8b4e20b1da664b436e7072 e020c6dd77af4a2ba61d0f4fea77ab56 - - default default] 10.0.0.185 "GET /v2.0/ports?device_id=a57dfa4a-627f-4119-ba73-d74e245613f1 HTTP/1.1" status: 200 len: 1172 time: 0.0450096
2026-09-19 03:11:10.275 10 INFO neutron.api.wsgi [req-03312eaf-9206-4340-a831-ece4fe1272bd req-41e3b709-2822-43d3-8ea7-23c52f1108cb 4532e34d970f492685081a27c291163a 9f548cb075c5431482fe8ea4ea88c375 - - b946b65d030e4b1d9c349941185b1eec b946b65d030e4b1d9c349941185b1eec] 10.0.0.185 "GET /v2.0/networks/321a5d95-e280-4e35-a260-dd763304f9d8?fields=provider%3Aphysical_network&fields=provider%3Anetwork_type HTTP/1.1" status: 200 len: 277 time: 0.0780194
2026-09-19 03:11:10.294 10 INFO neutron.api.wsgi [req-302c5ce9-bc5d-4185-b0c1-594bc5bcda3e req-02ad7c11-20a2-41ab-a615-de6eb84da3d3 b0bf3c819d8b4e20b1da664b436e7072 e020c6dd77af4a2ba61d0f4fea77ab56 - - default default] 10.0.0.185 "GET /v2.0/security-groups?id=30cf308b-26f0-4896-a708-cddb396c675d&fields=id&fields=name HTTP/1.1" status: 200 len: 313 time: 0.0669785
2026-09-19 03:11:10.420 10 INFO neutron.api.wsgi [req-cf802e00-8d40-4051-9dd4-f3126feb954e req-0c7bfead-da56-4ea3-a47e-19e5fc71e107 a45b071a675f455a8a4df7f035098b3e fd589f0034d341619569cc8b81ae07c9 - - default default] 10.0.0.185 "GET /v2.0/ports?device_id=328a36d1-19c4-4dbb-8f1c-961b54bf4f20 HTTP/1.1" status: 200 len: 210 time: 0.0179007
2026-09-19 03:11:10.445 10 INFO neutron.api.wsgi [req-8349b6cb-b7c5-49f9-a81d-6d7556669549 req-17dfed77-bed3-41ee-950b-c766f1a60896 2cbbf2aa3c724ead97d43d114fe4e49d df88e1515e1147439f3b8f20781d28a7 - - default default] 10.0.0.185 "GET /v2.0/ports?device_id=314fa387-ed27-423b-aa28-d107b01f50e7 HTTP/1.1" status: 200 len: 210 time: 0.0182078
2026-09-19 03:11:10.751 10 WARNING neutron.plugins.ml2.drivers.ovn.mech_driver.ovsdb.ovn_client [None req-5ccedc49-b565-47ab-8a09-1721ccda4918 - - - - - -] No hosting information found for port a93005fd-5aed-478f-b7b5-cfea2344c7b9: RuntimeError: No hosting information found for port a93005fd-5aed-478f-b7b5-cfea2344c7b9
2026-09-19 03:11:10.751 10 INFO neutron.plugins.ml2.drivers.ovn.mech_driver.mech_driver [None req-5ccedc49-b565-47ab-8a09-1721ccda4918 - - - - - -] OVN reports status up for port: 1c99c4a6-3a9f-4bfe-869a-c4cb122be021
2026-09-19 03:11:10.765 10 INFO neutron.plugins.ml2.plugin [None req-5ccedc49-b565-47ab-8a09-1721ccda4918 - - - - - -] Attempt 1 to provision port 1c99c4a6-3a9f-4bfe-869a-c4cb122be021
2026-09-19 03:11:10.885 10 INFO neutron.db.ovn_revision_numbers_db [None req-5ccedc49-b565-47ab-8a09-1721ccda4918 - - - - - -] Successfully bumped revision number for resource a93005fd-5aed-478f-b7b5-cfea2344c7b9 (type: router_ports) to 2
2026-09-19 03:11:10.885 10 INFO neutron.plugins.ml2.drivers.ovn.mech_driver.mech_driver [None req-5ccedc49-b565-47ab-8a09-1721ccda4918 - - - - - -] OVN reports status up for port: c5cf3625-c49c-4aac-90af-55b4c8623905
2026-09-19 03:11:10.890 10 INFO neutron.plugins.ml2.plugin [None req-5ccedc49-b565-47ab-8a09-1721ccda4918 - - - - - -] Attempt 1 to provision port c5cf3625-c49c-4aac-90af-55b4c8623905
2026-09-19 03:11:10.946 10 INFO neutron.api.wsgi [req-7f29e115-3331-40e4-afa2-0d99cb6efc6a req-4d81cdee-ff0d-42d4-bce0-21e3e8705c3d 8805c96355664a8c8ab58620f634fb11 7998728d804740caa0911ac31ebd5873 - - default default] 10.0.0.185 "GET /v2.0/ports?device_id=5fb39692-8447-4854-bf8f-a41425f40d7a HTTP/1.1" status: 200 len: 1168 time: 0.0339866
2026-09-19 03:11:10.986 10 INFO neutron.api.wsgi [req-7f29e115-3331-40e4-afa2-0d99cb6efc6a req-f89d7759-2c86-463d-9cd4-314e4fb22e9b 8805c96355664a8c8ab58620f634fb11 7998728d804740caa0911ac31ebd5873 - - default default] 10.0.0.185 "GET /v2.0/security-groups?id=949eb053-c9b2-4ead-b3f2-e6e9a43b9e88&fields=id&fields=name HTTP/1.1" status: 200 len: 311 time: 0.0342865
2026-09-19 03:11:11.231 10 INFO neutron.db.ovn_revision_numbers_db [None req-5ccedc49-b565-47ab-8a09-1721ccda4918 - - - - - -] Successfully bumped revision number for resource c5cf3625-c49c-4aac-90af-55b4c8623905 (type: ports) to 2
2026-09-19 03:11:11.401 10 INFO neutron.api.wsgi [req-5354b0ac-826a-409a-88f0-ba4ba0473240 req-21f0ebea-9778-412f-b812-18d351f3a5ea b0bf3c819d8b4e20b1da664b436e7072 e020c6dd77af4a2ba61d0f4fea77ab56 - - default default] 10.0.0.185 "GET /v2.0/ports?device_id=a57dfa4a-627f-4119-ba73-d74e245613f1 HTTP/1.1" status: 200 len: 1172 time: 0.0322223
2026-09-19 03:11:11.438 10 INFO neutron.api.wsgi [req-5354b0ac-826a-409a-88f0-ba4ba0473240 req-3a9a75d3-12cb-4ff0-b710-6739988180d5 b0bf3c819d8b4e20b1da664b436e7072 e020c6dd77af4a2ba61d0f4fea77ab56 - - default default] 10.0.0.185 "GET /v2.0/security-groups?id=30cf308b-26f0-4896-a708-cddb396c675d&fields=id&fields=name HTTP/1.1" status: 200 len: 313 time: 0.0312922
2026-09-19 03:11:11.509 10 INFO neutron.api.wsgi [req-b9bf2fae-00c6-4cf4-8e05-44058bb033bd req-54c065e2-cf60-4251-96a5-5b916fe78427 a45b071a675f455a8a4df7f035098b3e fd589f0034d341619569cc8b81ae07c9 - - default default] 10.0.0.185 "GET /v2.0/ports?device_id=328a36d1-19c4-4dbb-8f1c-961b54bf4f20 HTTP/1.1" status: 200 len: 210 time: 0.0206110
2026-09-19 03:11:11.549 10 INFO neutron.api.wsgi [req-735425c4-bc09-4d9d-9145-d4b04881d731 req-ef3d3c14-973e-4d5e-89b1-e91504a90852 2cbbf2aa3c724ead97d43d114fe4e49d df88e1515e1147439f3b8f20781d28a7 - - default default] 10.0.0.185 "GET /v2.0/ports?device_id=314fa387-ed27-423b-aa28-d107b01f50e7 HTTP/1.1" status: 200 len: 210 time: 0.0232759
2026-09-19 03:11:12.140 10 INFO neutron.api.wsgi [req-910e925f-be62-4f8e-80b7-df7c934fd140 req-005fd351-0a7b-45e7-8f47-87afab05a68a 8805c96355664a8c8ab58620f634fb11 7998728d804740caa0911ac31ebd5873 - - default default] 10.0.0.185 "GET /v2.0/ports?device_id=5fb39692-8447-4854-bf8f-a41425f40d7a HTTP/1.1" status: 200 len: 1168 time: 0.0896711
2026-09-19 03:11:12.173 10 INFO neutron.api.wsgi [req-910e925f-be62-4f8e-80b7-df7c934fd140 req-e5682ebb-8537-4efa-9968-82afb05dbac7 8805c96355664a8c8ab58620f634fb11 7998728d804740caa0911ac31ebd5873 - - default default] 10.0.0.185 "GET /v2.0/security-groups?id=949eb053-c9b2-4ead-b3f2-e6e9a43b9e88&fields=id&fields=name HTTP/1.1" status: 200 len: 311 time: 0.0282679
2026-09-19 03:11:12.558 10 INFO neutron.api.wsgi [req-f27543d7-0977-4f21-bcb7-934fc5462877 req-4a716f5f-aec7-4b64-a333-91a90282a104 b0bf3c819d8b4e20b1da664b436e7072 e020c6dd77af4a2ba61d0f4fea77ab56 - - default default] 10.0.0.185 "GET /v2.0/ports?device_id=a57dfa4a-627f-4119-ba73-d74e245613f1 HTTP/1.1" status: 200 len: 1172 time: 0.0488839
2026-09-19 03:11:12.624 10 INFO neutron.api.wsgi [req-d0bec6ff-bc89-4f8c-b8e5-ffd6efcdb2bd req-890bc891-aa4a-4957-ad47-4e6cdf6e3d2e a45b071a675f455a8a4df7f035098b3e fd589f0034d341619569cc8b81ae07c9 - - default default] 10.0.0.185 "GET /v2.0/ports?device_id=328a36d1-19c4-4dbb-8f1c-961b54bf4f20 HTTP/1.1" status: 200 len: 210 time: 0.0240867
2026-09-19 03:11:12.627 10 INFO neutron.api.wsgi [req-f27543d7-0977-4f21-bcb7-934fc5462877 req-da89e8ca-ad41-46e5-96a9-30c7d422af43 b0bf3c819d8b4e20b1da664b436e7072 e020c6dd77af4a2ba61d0f4fea77ab56 - - default default] 10.0.0.185 "GET /v2.0/security-groups?id=30cf308b-26f0-4896-a708-cddb396c675d&fields=id&fields=name HTTP/1.1" status: 200 len: 313 time: 0.0586100
2026-09-19 03:11:12.682 10 INFO neutron.api.wsgi [req-9eaa4644-46b6-40bb-8f0d-8d4476766d3e req-fdab3f8c-5c24-4786-a001-6620774219b4 2cbbf2aa3c724ead97d43d114fe4e49d df88e1515e1147439f3b8f20781d28a7 - - default default] 10.0.0.185 "GET /v2.0/ports?device_id=314fa387-ed27-423b-aa28-d107b01f50e7 HTTP/1.1" status: 200 len: 210 time: 0.0156324
2026-09-19 03:11:13.224 9 INFO neutron.plugins.ml2.drivers.ovn.mech_driver.mech_driver [None req-e5152b8d-9c7d-4674-aba5-73149b5dacf0 - - - - - -] OVN reports status up for port: 8441fd43-6098-4f26-bb0e-d14c3b64a6a4
2026-09-19 03:11:13.242 9 INFO neutron.plugins.ml2.plugin [None req-e5152b8d-9c7d-4674-aba5-73149b5dacf0 - - - - - -] Attempt 1 to provision port 8441fd43-6098-4f26-bb0e-d14c3b64a6a4
2026-09-19 03:11:13.284 10 INFO neutron.api.wsgi [req-a58ccdbc-5131-474e-99d5-46ad212b92c8 req-d863144b-5388-4bbc-b8eb-adf650b6f64d 8805c96355664a8c8ab58620f634fb11 7998728d804740caa0911ac31ebd5873 - - default default] 10.0.0.185 "GET /v2.0/ports?device_id=5fb39692-8447-4854-bf8f-a41425f40d7a HTTP/1.1" status: 200 len: 1168 time: 0.0315301
2026-09-19 03:11:13.342 10 INFO neutron.api.wsgi [req-a58ccdbc-5131-474e-99d5-46ad212b92c8 req-14570a27-fa3f-4f99-97b0-fb83a19b84f9 8805c96355664a8c8ab58620f634fb11 7998728d804740caa0911ac31ebd5873 - - default default] 10.0.0.185 "GET /v2.0/security-groups?id=949eb053-c9b2-4ead-b3f2-e6e9a43b9e88&fields=id&fields=name HTTP/1.1" status: 200 len: 311 time: 0.0530217
2026-09-19 03:11:13.353 9 INFO neutron.notifiers.nova [-] Nova event matching ['req-2410ad50-2620-41a7-a7ee-ce157621b9c6'] response: {'server_uuid': '5fb39692-8447-4854-bf8f-a41425f40d7a', 'name': 'network-vif-plugged', 'status': 'completed', 'tag': '8441fd43-6098-4f26-bb0e-d14c3b64a6a4', 'code': 200}
2026-09-19 03:11:13.595 9 INFO neutron.db.ovn_revision_numbers_db [None req-e5152b8d-9c7d-4674-aba5-73149b5dacf0 - - - - - -] Successfully bumped revision number for resource 8441fd43-6098-4f26-bb0e-d14c3b64a6a4 (type: ports) to 5
2026-09-19 03:11:13.727 10 INFO neutron.api.wsgi [req-ed8e8227-12f5-4067-b858-17d7b10dd080 req-7fab642c-26cf-4c4b-ae30-f4d5cdc70ffc a45b071a675f455a8a4df7f035098b3e fd589f0034d341619569cc8b81ae07c9 - - default default] 10.0.0.185 "GET /v2.0/ports?device_id=328a36d1-19c4-4dbb-8f1c-961b54bf4f20 HTTP/1.1" status: 200 len: 210 time: 0.0482638
2026-09-19 03:11:13.743 10 INFO neutron.api.wsgi [req-0b715535-cd14-4a93-ac5e-10dc848b9bc8 req-6ba2262e-76c5-4265-bcca-5a498d3cb887 b0bf3c819d8b4e20b1da664b436e7072 e020c6dd77af4a2ba61d0f4fea77ab56 - - default default] 10.0.0.185 "GET /v2.0/ports?device_id=a57dfa4a-627f-4119-ba73-d74e245613f1 HTTP/1.1" status: 200 len: 1172 time: 0.0588443
2026-09-19 03:11:13.794 10 INFO neutron.api.wsgi [req-4d77274a-d442-40d3-a63c-ffc9f5434eb6 req-5393859a-2063-48f1-9508-a3cda66c72c4 2cbbf2aa3c724ead97d43d114fe4e49d df88e1515e1147439f3b8f20781d28a7 - - default default] 162.253.55.193 "GET /v2.0/networks?id=56f2b8c0-1802-4582-b230-8c00f1a1a868 HTTP/1.1" status: 200 len: 869 time: 0.1079581
2026-09-19 03:11:13.811 10 INFO neutron.api.wsgi [req-298b04d9-7e98-4e49-8df0-c3bc1c30d9bd req-340b3cd1-aa5c-4e4f-98ce-fbad371d1819 2cbbf2aa3c724ead97d43d114fe4e49d df88e1515e1147439f3b8f20781d28a7 - - default default] 10.0.0.185 "GET /v2.0/ports?device_id=314fa387-ed27-423b-aa28-d107b01f50e7 HTTP/1.1" status: 200 len: 210 time: 0.0236430
2026-09-19 03:11:13.814 10 INFO neutron.api.wsgi [req-0b715535-cd14-4a93-ac5e-10dc848b9bc8 req-97f3d3e9-0692-4ba9-8773-037fbca71672 b0bf3c819d8b4e20b1da664b436e7072 e020c6dd77af4a2ba61d0f4fea77ab56 - - default default] 10.0.0.185 "GET /v2.0/security-groups?id=30cf308b-26f0-4896-a708-cddb396c675d&fields=id&fields=name HTTP/1.1" status: 200 len: 313 time: 0.0649481
2026-09-19 03:11:13.849 10 INFO neutron.api.wsgi [req-4d77274a-d442-40d3-a63c-ffc9f5434eb6 req-4bda1253-06a2-45cb-b596-7969e852ba55 2cbbf2aa3c724ead97d43d114fe4e49d df88e1515e1147439f3b8f20781d28a7 - - default default] 162.253.55.193 "GET /v2.0/security-groups?fields=id&fields=name&tenant_id=df88e1515e1147439f3b8f20781d28a7 HTTP/1.1" status: 200 len: 380 time: 0.0480957
2026-09-19 03:11:13.855 10 WARNING neutron_lib.context [req-4d77274a-d442-40d3-a63c-ffc9f5434eb6 req-4daafbb3-6da7-4a74-b78c-ca435c376dd9 2cbbf2aa3c724ead97d43d114fe4e49d df88e1515e1147439f3b8f20781d28a7 - - default default] Method 'is_advsvc' is deprecated since 2023.2 release (neutron-lib 3.8.0) and will be removed once support for the old RBAC API policies will be removed from Neutron. Please use method 'is_service_role' instead.
2026-09-19 03:11:14.093 10 WARNING neutron.scheduler.dhcp_agent_scheduler [req-4d77274a-d442-40d3-a63c-ffc9f5434eb6 req-4daafbb3-6da7-4a74-b78c-ca435c376dd9 2cbbf2aa3c724ead97d43d114fe4e49d df88e1515e1147439f3b8f20781d28a7 - - default default] No more DHCP agents
2026-09-19 03:11:14.095 10 WARNING neutron.api.rpc.agentnotifiers.dhcp_rpc_agent_api [req-4d77274a-d442-40d3-a63c-ffc9f5434eb6 req-4daafbb3-6da7-4a74-b78c-ca435c376dd9 2cbbf2aa3c724ead97d43d114fe4e49d df88e1515e1147439f3b8f20781d28a7 - - default default] Unable to schedule network 56f2b8c0-1802-4582-b230-8c00f1a1a868: no agents available; will retry on subsequent port and subnet creation events.
2026-09-19 03:11:14.204 10 INFO neutron.db.ovn_revision_numbers_db [req-4d77274a-d442-40d3-a63c-ffc9f5434eb6 req-4daafbb3-6da7-4a74-b78c-ca435c376dd9 2cbbf2aa3c724ead97d43d114fe4e49d df88e1515e1147439f3b8f20781d28a7 - - default default] Successfully bumped revision number for resource 3007d1df-3844-435c-9934-073f94ce412a (type: ports) to 1
2026-09-19 03:11:14.243 10 INFO neutron.api.wsgi [req-4d77274a-d442-40d3-a63c-ffc9f5434eb6 req-4daafbb3-6da7-4a74-b78c-ca435c376dd9 2cbbf2aa3c724ead97d43d114fe4e49d df88e1515e1147439f3b8f20781d28a7 - - default default] 162.253.55.193 "POST /v2.0/ports HTTP/1.1" status: 201 len: 1158 time: 0.3906510 /var/lib/openstack/lib/python3.12/site-packages/pycadf/identifier.py:71: UserWarning: Invalid uuid: neutron. To ensure interoperability, identifiers should be a valid uuid. warnings.warn(('Invalid uuid: %s. To ensure interoperability, '
2026-09-19 03:11:14.446 10 INFO neutron.api.wsgi [req-ff43d5e9-2778-4516-a85c-4316e85d96a6 req-00a6f4fb-5e3e-402d-99d8-bfcc6cb39ec1 8805c96355664a8c8ab58620f634fb11 7998728d804740caa0911ac31ebd5873 - - default default] 10.0.0.185 "GET /v2.0/ports?device_id=5fb39692-8447-4854-bf8f-a41425f40d7a HTTP/1.1" status: 200 len: 1170 time: 0.0428877
2026-09-19 03:11:14.498 10 INFO neutron.api.wsgi [req-ff43d5e9-2778-4516-a85c-4316e85d96a6 req-e378aa6d-779b-4d1f-9800-550ed8c38fb2 8805c96355664a8c8ab58620f634fb11 7998728d804740caa0911ac31ebd5873 - - default default] 10.0.0.185 "GET /v2.0/security-groups?id=949eb053-c9b2-4ead-b3f2-e6e9a43b9e88&fields=id&fields=name HTTP/1.1" status: 200 len: 311 time: 0.0456221
2026-09-19 03:11:14.615 10 INFO neutron.db.ovn_revision_numbers_db [req-4d77274a-d442-40d3-a63c-ffc9f5434eb6 req-78c10b29-4cf4-44b0-a239-41d41fe97bde 4532e34d970f492685081a27c291163a 9f548cb075c5431482fe8ea4ea88c375 - - b946b65d030e4b1d9c349941185b1eec b946b65d030e4b1d9c349941185b1eec] Successfully bumped revision number for resource 3007d1df-3844-435c-9934-073f94ce412a (type: ports) to 2 /var/lib/openstack/lib/python3.12/site-packages/pycadf/identifier.py:71: UserWarning: Invalid uuid: neutron. To ensure interoperability, identifiers should be a valid uuid. warnings.warn(('Invalid uuid: %s. To ensure interoperability, '
2026-09-19 03:11:14.818 10 INFO neutron.api.wsgi [req-9b114b7c-e2d3-4deb-88e9-f79f410c8633 req-25e3c49b-c56a-4035-9893-d2034db6d462 a45b071a675f455a8a4df7f035098b3e fd589f0034d341619569cc8b81ae07c9 - - default default] 10.0.0.185 "GET /v2.0/ports?device_id=328a36d1-19c4-4dbb-8f1c-961b54bf4f20 HTTP/1.1" status: 200 len: 210 time: 0.0186357
2026-09-19 03:11:14.871 10 INFO neutron.db.ovn_revision_numbers_db [req-4d77274a-d442-40d3-a63c-ffc9f5434eb6 req-78c10b29-4cf4-44b0-a239-41d41fe97bde 4532e34d970f492685081a27c291163a 9f548cb075c5431482fe8ea4ea88c375 - - b946b65d030e4b1d9c349941185b1eec b946b65d030e4b1d9c349941185b1eec] Successfully bumped revision number for resource 3007d1df-3844-435c-9934-073f94ce412a (type: ports) to 4
2026-09-19 03:11:14.913 10 INFO neutron.api.wsgi [req-4d77274a-d442-40d3-a63c-ffc9f5434eb6 req-78c10b29-4cf4-44b0-a239-41d41fe97bde 4532e34d970f492685081a27c291163a 9f548cb075c5431482fe8ea4ea88c375 - - b946b65d030e4b1d9c349941185b1eec b946b65d030e4b1d9c349941185b1eec] 162.253.55.193 "PUT /v2.0/ports/3007d1df-3844-435c-9934-073f94ce412a HTTP/1.1" status: 200 len: 1404 time: 0.6635532
2026-09-19 03:11:15.150 10 INFO neutron.api.wsgi [req-c0dbf475-34dc-4844-aab8-90567ed088b2 req-a4306e3f-2b00-4128-81f3-3a1293d09db2 2cbbf2aa3c724ead97d43d114fe4e49d df88e1515e1147439f3b8f20781d28a7 - - default default] 10.0.0.185 "GET /v2.0/ports?device_id=314fa387-ed27-423b-aa28-d107b01f50e7 HTTP/1.1" status: 200 len: 1168 time: 0.2700279
2026-09-19 03:11:15.164 10 INFO neutron.api.wsgi [req-6a7a2731-d08a-44c5-84bf-22ebffc0fd3f req-6dadad53-8047-4f14-b471-eec734e4d5a3 b0bf3c819d8b4e20b1da664b436e7072 e020c6dd77af4a2ba61d0f4fea77ab56 - - default default] 10.0.0.185 "GET /v2.0/ports?device_id=a57dfa4a-627f-4119-ba73-d74e245613f1 HTTP/1.1" status: 200 len: 1172 time: 0.2746477
2026-09-19 03:11:15.191 10 INFO neutron.api.wsgi [req-c0dbf475-34dc-4844-aab8-90567ed088b2 req-f79164a6-980c-4b02-95f4-658fbfcab707 2cbbf2aa3c724ead97d43d114fe4e49d df88e1515e1147439f3b8f20781d28a7 - - default default] 10.0.0.185 "GET /v2.0/security-groups?id=3b8c1d89-cd45-4594-a711-fc42d0b73f20&fields=id&fields=name HTTP/1.1" status: 200 len: 313 time: 0.0350711
2026-09-19 03:11:15.230 10 INFO neutron.api.wsgi [req-6a7a2731-d08a-44c5-84bf-22ebffc0fd3f req-2081a855-82c7-4173-aff3-7fe8a00a8a7d b0bf3c819d8b4e20b1da664b436e7072 e020c6dd77af4a2ba61d0f4fea77ab56 - - default default] 10.0.0.185 "GET /v2.0/security-groups?id=30cf308b-26f0-4896-a708-cddb396c675d&fields=id&fields=name HTTP/1.1" status: 200 len: 313 time: 0.0528316
2026-09-19 03:11:15.231 10 INFO neutron.notifiers.nova [-] Nova event matching ['req-754f18a8-f949-4a94-97ef-a9032a86184d'] response: {'name': 'network-changed', 'server_uuid': '314fa387-ed27-423b-aa28-d107b01f50e7', 'tag': '3007d1df-3844-435c-9934-073f94ce412a', 'status': 'completed', 'code': 200}
2026-09-19 03:11:15.396 9 INFO neutron.notifiers.nova [-] Nova event matching ['req-a81b560a-2a39-4d6f-9d3b-d8196a0c25a5'] response: {'server_uuid': '5fb39692-8447-4854-bf8f-a41425f40d7a', 'name': 'network-vif-plugged', 'status': 'completed', 'tag': '8441fd43-6098-4f26-bb0e-d14c3b64a6a4', 'code': 200}
2026-09-19 03:11:15.594 10 INFO neutron.api.wsgi [req-a6824935-4d1e-409b-b976-7e4839b17336 req-ceb3a8ad-57e3-4e3e-9c3c-4808a086a24f 8805c96355664a8c8ab58620f634fb11 7998728d804740caa0911ac31ebd5873 - - default default] 10.0.0.185 "GET /v2.0/ports?device_id=5fb39692-8447-4854-bf8f-a41425f40d7a HTTP/1.1" status: 200 len: 1170 time: 0.0324914
2026-09-19 03:11:15.633 10 INFO neutron.api.wsgi [req-a6824935-4d1e-409b-b976-7e4839b17336 req-b465fce5-2fa5-4f1a-b1da-4dd7fa2332f3 8805c96355664a8c8ab58620f634fb11 7998728d804740caa0911ac31ebd5873 - - default default] 10.0.0.185 "GET /v2.0/security-groups?id=949eb053-c9b2-4ead-b3f2-e6e9a43b9e88&fields=id&fields=name HTTP/1.1" status: 200 len: 311 time: 0.0351908
2026-09-19 03:11:15.794 10 INFO neutron.api.wsgi [req-2a8d0cec-5ec3-4ec0-8aab-74526a1586fc req-e59e2f36-7cc5-4a76-8833-225094aa4208 8805c96355664a8c8ab58620f634fb11 7998728d804740caa0911ac31ebd5873 - - default default] 10.0.0.185 "GET /v2.0/ports?device_id=5fb39692-8447-4854-bf8f-a41425f40d7a HTTP/1.1" status: 200 len: 1170 time: 0.0582914
2026-09-19 03:11:15.799 10 INFO neutron.api.wsgi [req-996b1e1e-2bd0-4361-b0e7-c520c8f3855c req-0baa5f82-a943-48b7-a5f8-f13022ae463e 4532e34d970f492685081a27c291163a 9f548cb075c5431482fe8ea4ea88c375 - - b946b65d030e4b1d9c349941185b1eec b946b65d030e4b1d9c349941185b1eec] 162.253.55.193 "GET /v2.0/ports?tenant_id=df88e1515e1147439f3b8f20781d28a7&device_id=314fa387-ed27-423b-aa28-d107b01f50e7 HTTP/1.1" status: 200 len: 1407 time: 0.0483208 /var/lib/openstack/lib/python3.12/site-packages/pycadf/identifier.py:71: UserWarning: Invalid uuid: neutron. To ensure interoperability, identifiers should be a valid uuid. warnings.warn(('Invalid uuid: %s. To ensure interoperability, '
2026-09-19 03:11:15.864 10 INFO neutron.api.wsgi [req-996b1e1e-2bd0-4361-b0e7-c520c8f3855c req-c32ab397-0209-4142-806f-4f832bf24356 4532e34d970f492685081a27c291163a 9f548cb075c5431482fe8ea4ea88c375 - - b946b65d030e4b1d9c349941185b1eec b946b65d030e4b1d9c349941185b1eec] 162.253.55.193 "GET /v2.0/networks?tenant_id=df88e1515e1147439f3b8f20781d28a7&shared=False HTTP/1.1" status: 200 len: 968 time: 0.0539398
2026-09-19 03:11:15.914 10 INFO neutron.api.wsgi [req-d1ece010-9184-423b-8774-2c0fa9fafb78 req-e6edc455-39a2-4d1d-bc64-bd7c60dca168 a45b071a675f455a8a4df7f035098b3e fd589f0034d341619569cc8b81ae07c9 - - default default] 10.0.0.185 "GET /v2.0/ports?device_id=328a36d1-19c4-4dbb-8f1c-961b54bf4f20 HTTP/1.1" status: 200 len: 210 time: 0.0221283
2026-09-19 03:11:15.934 10 INFO neutron.api.wsgi [req-996b1e1e-2bd0-4361-b0e7-c520c8f3855c req-edbeb2ed-02b3-4ed1-8b7f-81b02d56b5fb 4532e34d970f492685081a27c291163a 9f548cb075c5431482fe8ea4ea88c375 - - b946b65d030e4b1d9c349941185b1eec b946b65d030e4b1d9c349941185b1eec] 162.253.55.193 "GET /v2.0/networks?shared=True HTTP/1.1" status: 200 len: 952 time: 0.0607619
2026-09-19 03:11:15.939 9 INFO neutron.api.wsgi [req-03312eaf-9206-4340-a831-ece4fe1272bd req-d7f3a527-ab0a-4269-8bd1-4edd010d53d8 a45b071a675f455a8a4df7f035098b3e fd589f0034d341619569cc8b81ae07c9 - - default default] 162.253.55.193 "GET /v2.0/networks?id=321a5d95-e280-4e35-a260-dd763304f9d8 HTTP/1.1" status: 200 len: 875 time: 0.0605249
