2026-09-19 03:14:06.649 9 INFO neutron.api.wsgi [None req-617b9389-6826-4cef-afcd-c47c434b3061 1a77308039fd423d831ad89f385a318b 94ff84ec4abe4a7bbe77f85d43b15b23 - - default default] 10.0.0.222 "GET /v2.0/agents?binary=ovn-controller HTTP/1.1" status: 200 len: 591 time: 0.0082569
2026-09-19 03:14:06.650 9 WARNING neutron.api.rpc.agentnotifiers.dhcp_rpc_agent_api [None req-6e346f22-a054-42c2-9de7-01876ea1ffe8 5421943ace764866b0a76b406cb321ee cede59e7dfe64af085137622810b619a - - default default] Unable to schedule network fa49663f-ad3d-4250-a612-e7553ddfba4b: no agents available; will retry on subsequent port and subnet creation events.
2026-09-19 03:14:06.658 10 WARNING neutron.scheduler.dhcp_agent_scheduler [None req-2ccdf4fb-1165-4a0b-8f6f-fa7d38c862a1 22cf80467ee149b09545a78619381027 acf586732e754b55802900cd091f3b4e - - default default] No more DHCP agents
2026-09-19 03:14:06.660 10 WARNING neutron.api.rpc.agentnotifiers.dhcp_rpc_agent_api [None req-2ccdf4fb-1165-4a0b-8f6f-fa7d38c862a1 22cf80467ee149b09545a78619381027 acf586732e754b55802900cd091f3b4e - - default default] Unable to schedule network 04ca9630-c0bb-4639-a7bf-8b64ffaa9819: no agents available; will retry on subsequent port and subnet creation events.
2026-09-19 03:14:06.690 9 INFO neutron.api.wsgi [None req-eaaaa7a4-3391-4ba6-b7fd-9b227363042a 1a77308039fd423d831ad89f385a318b 94ff84ec4abe4a7bbe77f85d43b15b23 - - default default] 10.0.0.222 "GET /v2.0/floatingips HTTP/1.1" status: 200 len: 1035 time: 0.0389597
2026-09-19 03:14:06.721 10 INFO neutron.db.ovn_revision_numbers_db [None req-2ccdf4fb-1165-4a0b-8f6f-fa7d38c862a1 22cf80467ee149b09545a78619381027 acf586732e754b55802900cd091f3b4e - - default default] Successfully bumped revision number for resource a6879d18-4385-4b41-b8ee-30b2ac80bfc5 (type: ports) to 1
2026-09-19 03:14:06.740 10 INFO neutron.api.wsgi [None req-2ccdf4fb-1165-4a0b-8f6f-fa7d38c862a1 22cf80467ee149b09545a78619381027 acf586732e754b55802900cd091f3b4e - - default default] 10.0.0.217 "POST /v2.0/ports HTTP/1.1" status: 201 len: 942 time: 0.2972302 /var/lib/openstack/lib/python3.12/site-packages/pycadf/identifier.py:71: UserWarning: Invalid uuid: neutron. To ensure interoperability, identifiers should be a valid uuid. warnings.warn(('Invalid uuid: %s. To ensure interoperability, '
2026-09-19 03:14:06.750 10 WARNING neutron_lib.context [None req-358f735a-ac2a-43fe-9791-34155c096a7c 22cf80467ee149b09545a78619381027 acf586732e754b55802900cd091f3b4e - - default default] Method 'is_advsvc' is deprecated since 2023.2 release (neutron-lib 3.8.0) and will be removed once support for the old RBAC API policies will be removed from Neutron. Please use method 'is_service_role' instead.
2026-09-19 03:14:06.762 9 INFO neutron.api.wsgi [None req-37be65e7-d274-4f6f-b5ae-3a6e3d5e65ef 1a77308039fd423d831ad89f385a318b 94ff84ec4abe4a7bbe77f85d43b15b23 - - default default] 10.0.0.222 "GET /v2.0/networks HTTP/1.1" status: 200 len: 6728 time: 0.0704434
2026-09-19 03:14:06.782 9 INFO neutron.api.wsgi [None req-14941f10-7be8-4a29-a254-0a314f0da5da 1a77308039fd423d831ad89f385a318b 94ff84ec4abe4a7bbe77f85d43b15b23 - - default default] 10.0.0.222 "GET /v2.0/agents HTTP/1.1" status: 200 len: 1390 time: 0.0156095
2026-09-19 03:14:06.829 9 INFO neutron.api.wsgi [None req-878f01ee-0ab3-4a92-86eb-829675612b8e 1a77308039fd423d831ad89f385a318b 94ff84ec4abe4a7bbe77f85d43b15b23 - - default default] 10.0.0.222 "GET /v2.0/subnets HTTP/1.1" status: 200 len: 3502 time: 0.0450327
2026-09-19 03:14:06.840 9 INFO neutron.api.wsgi [None req-047e3785-a3d3-4ec2-9676-e161c6b3fb4c 1a77308039fd423d831ad89f385a318b 94ff84ec4abe4a7bbe77f85d43b15b23 - - default default] 10.0.0.222 "GET /v2.0/subnetpools HTTP/1.1" status: 200 len: 193 time: 0.0093758
2026-09-19 03:14:06.852 9 INFO neutron.api.wsgi [None req-261458d0-cc95-440b-812e-6ad58618994b 1a77308039fd423d831ad89f385a318b 94ff84ec4abe4a7bbe77f85d43b15b23 - - default default] 10.0.0.222 "GET /v2.0/network-ip-availabilities HTTP/1.1" status: 200 len: 3468 time: 0.0113018
2026-09-19 03:14:06.854 9 INFO neutron.db.ovn_revision_numbers_db [None req-6e346f22-a054-42c2-9de7-01876ea1ffe8 5421943ace764866b0a76b406cb321ee cede59e7dfe64af085137622810b619a - - default default] Successfully bumped revision number for resource 359aa7b3-b812-4e5c-990d-f1c71d06b964 (type: ports) to 1
2026-09-19 03:14:06.900 9 INFO neutron.api.wsgi [None req-a5a15dd2-b7ba-4b5c-b69d-e5525b7d4de4 1a77308039fd423d831ad89f385a318b 94ff84ec4abe4a7bbe77f85d43b15b23 - - default default] 10.0.0.222 "GET /v2.0/security-groups HTTP/1.1" status: 200 len: 37397 time: 0.0464401
2026-09-19 03:14:06.939 10 INFO neutron.api.wsgi [None req-358f735a-ac2a-43fe-9791-34155c096a7c 22cf80467ee149b09545a78619381027 acf586732e754b55802900cd091f3b4e - - default default] 10.0.0.217 "POST /v2.0/trunks HTTP/1.1" status: 201 len: 608 time: 0.1926842
2026-09-19 03:14:06.947 10 WARNING neutron_lib.context [None req-4f74d5b6-4349-4cb8-826d-b852c9e7b200 22cf80467ee149b09545a78619381027 acf586732e754b55802900cd091f3b4e - - default default] Method 'is_advsvc' is deprecated since 2023.2 release (neutron-lib 3.8.0) and will be removed once support for the old RBAC API policies will be removed from Neutron. Please use method 'is_service_role' instead.
2026-09-19 03:14:07.003 9 INFO neutron.api.wsgi [None req-85cd1c26-0288-4dd3-b8c5-6cdca5e38f7c 1a77308039fd423d831ad89f385a318b 94ff84ec4abe4a7bbe77f85d43b15b23 - - default default] 10.0.0.222 "GET /v2.0/ports HTTP/1.1" status: 200 len: 22694 time: 0.0940323
2026-09-19 03:14:07.043 10 INFO neutron.db.segments_db [None req-4f74d5b6-4349-4cb8-826d-b852c9e7b200 22cf80467ee149b09545a78619381027 acf586732e754b55802900cd091f3b4e - - default default] Added segment 020d1490-e1b9-48c9-bc99-3ab64c3fec97 of type geneve for network 92cefa54-33bc-43c6-9a7c-dc9329d9ec1d
2026-09-19 03:14:07.154 10 INFO neutron.db.ovn_revision_numbers_db [None req-4f74d5b6-4349-4cb8-826d-b852c9e7b200 22cf80467ee149b09545a78619381027 acf586732e754b55802900cd091f3b4e - - default default] Successfully bumped revision number for resource 92cefa54-33bc-43c6-9a7c-dc9329d9ec1d (type: networks) to 1
2026-09-19 03:14:07.296 10 WARNING neutron.scheduler.dhcp_agent_scheduler [None req-4f74d5b6-4349-4cb8-826d-b852c9e7b200 22cf80467ee149b09545a78619381027 acf586732e754b55802900cd091f3b4e - - default default] No more DHCP agents
2026-09-19 03:14:07.297 10 WARNING neutron.api.rpc.agentnotifiers.dhcp_rpc_agent_api [None req-4f74d5b6-4349-4cb8-826d-b852c9e7b200 22cf80467ee149b09545a78619381027 acf586732e754b55802900cd091f3b4e - - default default] Unable to schedule network 92cefa54-33bc-43c6-9a7c-dc9329d9ec1d: no agents available; will retry on subsequent port and subnet creation events.
2026-09-19 03:14:07.352 10 INFO neutron.db.ovn_revision_numbers_db [None req-4f74d5b6-4349-4cb8-826d-b852c9e7b200 22cf80467ee149b09545a78619381027 acf586732e754b55802900cd091f3b4e - - default default] Successfully bumped revision number for resource 7a4ed00e-6366-4dfc-a52a-bb0fb0dac034 (type: ports) to 1
2026-09-19 03:14:07.371 10 INFO neutron.api.wsgi [None req-4f74d5b6-4349-4cb8-826d-b852c9e7b200 22cf80467ee149b09545a78619381027 acf586732e754b55802900cd091f3b4e - - default default] 10.0.0.217 "POST /v2.0/networks HTTP/1.1" status: 201 len: 831 time: 0.4276907
2026-09-19 03:14:07.379 10 WARNING neutron_lib.context [None req-854f4cc9-5b3d-40f7-88a0-b6aab7bc0a60 22cf80467ee149b09545a78619381027 acf586732e754b55802900cd091f3b4e - - default default] Method 'is_advsvc' is deprecated since 2023.2 release (neutron-lib 3.8.0) and will be removed once support for the old RBAC API policies will be removed from Neutron. Please use method 'is_service_role' instead.
2026-09-19 03:14:07.510 9 INFO neutron.plugins.ml2.drivers.ovn.mech_driver.mech_driver [None req-23c29002-9f1c-4763-bf21-219cd6a41f21 - - - - - -] OVN reports status up for port: 359aa7b3-b812-4e5c-990d-f1c71d06b964
2026-09-19 03:14:07.517 9 INFO neutron.plugins.ml2.plugin [None req-23c29002-9f1c-4763-bf21-219cd6a41f21 - - - - - -] Attempt 1 to provision port 359aa7b3-b812-4e5c-990d-f1c71d06b964
2026-09-19 03:14:07.533 9 INFO neutron.db.ovn_revision_numbers_db [None req-6e346f22-a054-42c2-9de7-01876ea1ffe8 5421943ace764866b0a76b406cb321ee cede59e7dfe64af085137622810b619a - - default default] Successfully bumped revision number for resource 359aa7b3-b812-4e5c-990d-f1c71d06b964 (type: ports) to 1
2026-09-19 03:14:07.583 10 WARNING neutron.scheduler.dhcp_agent_scheduler [None req-854f4cc9-5b3d-40f7-88a0-b6aab7bc0a60 22cf80467ee149b09545a78619381027 acf586732e754b55802900cd091f3b4e - - default default] No more DHCP agents
2026-09-19 03:14:07.584 10 WARNING neutron.api.rpc.agentnotifiers.dhcp_rpc_agent_api [None req-854f4cc9-5b3d-40f7-88a0-b6aab7bc0a60 22cf80467ee149b09545a78619381027 acf586732e754b55802900cd091f3b4e - - default default] Unable to schedule network 92cefa54-33bc-43c6-9a7c-dc9329d9ec1d: no agents available; will retry on subsequent port and subnet creation events.
2026-09-19 03:14:07.588 9 WARNING neutron.scheduler.dhcp_agent_scheduler [None req-6e346f22-a054-42c2-9de7-01876ea1ffe8 5421943ace764866b0a76b406cb321ee cede59e7dfe64af085137622810b619a - - default default] No more DHCP agents
2026-09-19 03:14:07.590 9 WARNING neutron.api.rpc.agentnotifiers.dhcp_rpc_agent_api [None req-6e346f22-a054-42c2-9de7-01876ea1ffe8 5421943ace764866b0a76b406cb321ee cede59e7dfe64af085137622810b619a - - default default] Unable to schedule network fa49663f-ad3d-4250-a612-e7553ddfba4b: no agents available; will retry on subsequent port and subnet creation events.
2026-09-19 03:14:07.640 10 INFO neutron.db.ovn_revision_numbers_db [None req-854f4cc9-5b3d-40f7-88a0-b6aab7bc0a60 22cf80467ee149b09545a78619381027 acf586732e754b55802900cd091f3b4e - - default default] Successfully bumped revision number for resource eb6f9514-af49-4899-bc94-c9a0d7b137d1 (type: ports) to 1
2026-09-19 03:14:07.657 10 INFO neutron.api.wsgi [None req-854f4cc9-5b3d-40f7-88a0-b6aab7bc0a60 22cf80467ee149b09545a78619381027 acf586732e754b55802900cd091f3b4e - - default default] 10.0.0.217 "POST /v2.0/ports HTTP/1.1" status: 201 len: 942 time: 0.2821615 /var/lib/openstack/lib/python3.12/site-packages/pycadf/identifier.py:71: UserWarning: Invalid uuid: neutron. To ensure interoperability, identifiers should be a valid uuid. warnings.warn(('Invalid uuid: %s. To ensure interoperability, '
2026-09-19 03:14:07.665 10 WARNING neutron_lib.context [None req-3bf99c06-3f2a-4050-a994-8b3ab10a1193 22cf80467ee149b09545a78619381027 acf586732e754b55802900cd091f3b4e - - default default] Method 'is_advsvc' is deprecated since 2023.2 release (neutron-lib 3.8.0) and will be removed once support for the old RBAC API policies will be removed from Neutron. Please use method 'is_service_role' instead.
2026-09-19 03:14:07.825 10 INFO neutron.api.wsgi [None req-3bf99c06-3f2a-4050-a994-8b3ab10a1193 22cf80467ee149b09545a78619381027 acf586732e754b55802900cd091f3b4e - - default default] 10.0.0.217 "POST /v2.0/trunks HTTP/1.1" status: 201 len: 608 time: 0.1643176
2026-09-19 03:14:07.832 10 WARNING neutron_lib.context [None req-3dc89e08-99b5-42cc-97fd-b5126026858d 22cf80467ee149b09545a78619381027 acf586732e754b55802900cd091f3b4e - - default default] Method 'is_advsvc' is deprecated since 2023.2 release (neutron-lib 3.8.0) and will be removed once support for the old RBAC API policies will be removed from Neutron. Please use method 'is_service_role' instead.
2026-09-19 03:14:07.923 10 INFO neutron.db.segments_db [None req-3dc89e08-99b5-42cc-97fd-b5126026858d 22cf80467ee149b09545a78619381027 acf586732e754b55802900cd091f3b4e - - default default] Added segment 9203295a-bedc-4f93-84d1-e59a8b4e74f8 of type geneve for network b803ec0d-cc9d-40f7-a8f1-f1ab7f1bb4bb
2026-09-19 03:14:08.022 10 INFO neutron.db.ovn_revision_numbers_db [None req-3dc89e08-99b5-42cc-97fd-b5126026858d 22cf80467ee149b09545a78619381027 acf586732e754b55802900cd091f3b4e - - default default] Successfully bumped revision number for resource b803ec0d-cc9d-40f7-a8f1-f1ab7f1bb4bb (type: networks) to 1
2026-09-19 03:14:08.170 10 WARNING neutron.scheduler.dhcp_agent_scheduler [None req-3dc89e08-99b5-42cc-97fd-b5126026858d 22cf80467ee149b09545a78619381027 acf586732e754b55802900cd091f3b4e - - default default] No more DHCP agents
2026-09-19 03:14:08.171 10 WARNING neutron.api.rpc.agentnotifiers.dhcp_rpc_agent_api [None req-3dc89e08-99b5-42cc-97fd-b5126026858d 22cf80467ee149b09545a78619381027 acf586732e754b55802900cd091f3b4e - - default default] Unable to schedule network b803ec0d-cc9d-40f7-a8f1-f1ab7f1bb4bb: no agents available; will retry on subsequent port and subnet creation events.
2026-09-19 03:14:08.238 10 INFO neutron.db.ovn_revision_numbers_db [None req-3dc89e08-99b5-42cc-97fd-b5126026858d 22cf80467ee149b09545a78619381027 acf586732e754b55802900cd091f3b4e - - default default] Successfully bumped revision number for resource c711e7d4-49da-416c-8f10-17b454cf3a44 (type: ports) to 1
2026-09-19 03:14:08.245 9 INFO neutron.db.ovn_revision_numbers_db [None req-23c29002-9f1c-4763-bf21-219cd6a41f21 - - - - - -] Successfully bumped revision number for resource 359aa7b3-b812-4e5c-990d-f1c71d06b964 (type: ports) to 2
2026-09-19 03:14:08.257 10 INFO neutron.api.wsgi [None req-3dc89e08-99b5-42cc-97fd-b5126026858d 22cf80467ee149b09545a78619381027 acf586732e754b55802900cd091f3b4e - - default default] 10.0.0.217 "POST /v2.0/networks HTTP/1.1" status: 201 len: 831 time: 0.4281797
2026-09-19 03:14:08.267 10 WARNING neutron_lib.context [None req-a6333766-dd0d-4210-9f7a-ed8a3b0f68cd 22cf80467ee149b09545a78619381027 acf586732e754b55802900cd091f3b4e - - default default] Method 'is_advsvc' is deprecated since 2023.2 release (neutron-lib 3.8.0) and will be removed once support for the old RBAC API policies will be removed from Neutron. Please use method 'is_service_role' instead.
2026-09-19 03:14:08.320 9 INFO neutron.db.ovn_revision_numbers_db [None req-6e346f22-a054-42c2-9de7-01876ea1ffe8 5421943ace764866b0a76b406cb321ee cede59e7dfe64af085137622810b619a - - default default] Successfully bumped revision number for resource 359aa7b3-b812-4e5c-990d-f1c71d06b964 (type: router_ports) to 1
2026-09-19 03:14:08.324 9 INFO neutron.api.wsgi [None req-6e346f22-a054-42c2-9de7-01876ea1ffe8 5421943ace764866b0a76b406cb321ee cede59e7dfe64af085137622810b619a - - default default] 10.0.0.217 "PUT /v2.0/routers/9836515c-2ceb-4a0c-bd88-4f4798bb30e6/add_router_interface HTTP/1.1" status: 200 len: 503 time: 2.1389537
2026-09-19 03:14:08.389 9 INFO neutron.api.wsgi [None req-ba354a01-6add-416d-8cf8-2d525ae5c853 a4b8c0dba4a540f78916be7882d28acc ee74cf81fb5a46e1950ca6cb9431b501 - - default default] 10.0.0.217 "GET /v2.0/networks HTTP/1.1" status: 200 len: 8161 time: 0.0575762
2026-09-19 03:14:08.427 10 INFO neutron.api.wsgi [None req-16077823-3368-44da-b4a2-3972e90dde91 a4b8c0dba4a540f78916be7882d28acc ee74cf81fb5a46e1950ca6cb9431b501 - - default default] 10.0.0.217 "GET /v2.0/subnets HTTP/1.1" status: 200 len: 3521 time: 0.0342593
2026-09-19 03:14:08.541 10 INFO neutron.api.wsgi [None req-e4ea1637-8c24-4a65-8677-cfc6aa864573 a4b8c0dba4a540f78916be7882d28acc ee74cf81fb5a46e1950ca6cb9431b501 - - default default] 10.0.0.217 "GET /v2.0/routers HTTP/1.1" status: 200 len: 3093 time: 0.1087301
2026-09-19 03:14:08.544 10 WARNING neutron.scheduler.dhcp_agent_scheduler [None req-a6333766-dd0d-4210-9f7a-ed8a3b0f68cd 22cf80467ee149b09545a78619381027 acf586732e754b55802900cd091f3b4e - - default default] No more DHCP agents
2026-09-19 03:14:08.545 10 WARNING neutron.api.rpc.agentnotifiers.dhcp_rpc_agent_api [None req-a6333766-dd0d-4210-9f7a-ed8a3b0f68cd 22cf80467ee149b09545a78619381027 acf586732e754b55802900cd091f3b4e - - default default] Unable to schedule network b803ec0d-cc9d-40f7-a8f1-f1ab7f1bb4bb: no agents available; will retry on subsequent port and subnet creation events.
2026-09-19 03:14:08.602 10 INFO neutron.db.ovn_revision_numbers_db [None req-a6333766-dd0d-4210-9f7a-ed8a3b0f68cd 22cf80467ee149b09545a78619381027 acf586732e754b55802900cd091f3b4e - - default default] Successfully bumped revision number for resource 4ab62c24-0687-43ba-9bdd-74720aaefe6e (type: ports) to 1 /var/lib/openstack/lib/python3.12/site-packages/pycadf/identifier.py:71: UserWarning: Invalid uuid: neutron. To ensure interoperability, identifiers should be a valid uuid. warnings.warn(('Invalid uuid: %s. To ensure interoperability, '
2026-09-19 03:14:08.610 10 WARNING neutron_lib.context [None req-ba71a0e2-d3ee-4e83-a672-24c2b6277193 5421943ace764866b0a76b406cb321ee cede59e7dfe64af085137622810b619a - - default default] Method 'is_advsvc' is deprecated since 2023.2 release (neutron-lib 3.8.0) and will be removed once support for the old RBAC API policies will be removed from Neutron. Please use method 'is_service_role' instead.
2026-09-19 03:14:08.628 10 INFO neutron.api.wsgi [None req-a6333766-dd0d-4210-9f7a-ed8a3b0f68cd 22cf80467ee149b09545a78619381027 acf586732e754b55802900cd091f3b4e - - default default] 10.0.0.217 "POST /v2.0/ports HTTP/1.1" status: 201 len: 942 time: 0.3639562
2026-09-19 03:14:08.642 9 WARNING neutron_lib.context [None req-bf0015a7-ea8d-4b68-b619-b968d87b78e4 22cf80467ee149b09545a78619381027 acf586732e754b55802900cd091f3b4e - - default default] Method 'is_advsvc' is deprecated since 2023.2 release (neutron-lib 3.8.0) and will be removed once support for the old RBAC API policies will be removed from Neutron. Please use method 'is_service_role' instead.
2026-09-19 03:14:08.728 10 INFO neutron.db.ovn_revision_numbers_db [None req-ba71a0e2-d3ee-4e83-a672-24c2b6277193 5421943ace764866b0a76b406cb321ee cede59e7dfe64af085137622810b619a - - default default] Successfully bumped revision number for resource 5e4ee867-7aa3-4f65-b5f4-1c94d20427c8 (type: security_groups) to 1
2026-09-19 03:14:08.743 10 INFO neutron.db.ovn_revision_numbers_db [None req-ba71a0e2-d3ee-4e83-a672-24c2b6277193 5421943ace764866b0a76b406cb321ee cede59e7dfe64af085137622810b619a - - default default] Successfully bumped revision number for resource 25954dc6-3627-4d21-9d97-2d4ee56963df (type: security_group_rules) to 0
2026-09-19 03:14:08.765 10 INFO neutron.db.ovn_revision_numbers_db [None req-ba71a0e2-d3ee-4e83-a672-24c2b6277193 5421943ace764866b0a76b406cb321ee cede59e7dfe64af085137622810b619a - - default default] Successfully bumped revision number for resource fd8601f7-d841-4fa3-a875-8e0c2a5b1d4d (type: security_group_rules) to 0
2026-09-19 03:14:08.816 10 INFO neutron.api.wsgi [None req-ba71a0e2-d3ee-4e83-a672-24c2b6277193 5421943ace764866b0a76b406cb321ee cede59e7dfe64af085137622810b619a - - default default] 10.0.0.217 "POST /v2.0/security-groups HTTP/1.1" status: 201 len: 1873 time: 0.2097151
2026-09-19 03:14:08.831 9 WARNING neutron_lib.context [None req-04f7913a-ef84-4c29-9168-8b1fc7848447 5421943ace764866b0a76b406cb321ee cede59e7dfe64af085137622810b619a - - default default] Method 'is_advsvc' is deprecated since 2023.2 release (neutron-lib 3.8.0) and will be removed once support for the old RBAC API policies will be removed from Neutron. Please use method 'is_service_role' instead.
2026-09-19 03:14:08.902 9 INFO neutron.api.wsgi [None req-bf0015a7-ea8d-4b68-b619-b968d87b78e4 22cf80467ee149b09545a78619381027 acf586732e754b55802900cd091f3b4e - - default default] 10.0.0.217 "POST /v2.0/trunks HTTP/1.1" status: 201 len: 608 time: 0.2675762
2026-09-19 03:14:08.934 10 INFO neutron.api.wsgi [None req-13aa4672-44a0-4d3b-b1d6-1ca282cbb8c7 22cf80467ee149b09545a78619381027 acf586732e754b55802900cd091f3b4e - - default default] 10.0.0.217 "PUT /v2.0/trunks/25d0c753-7340-443b-ae43-e07697e5a263/tags HTTP/1.1" status: 200 len: 210 time: 0.0259881
2026-09-19 03:14:08.969 9 INFO neutron.db.ovn_revision_numbers_db [None req-04f7913a-ef84-4c29-9168-8b1fc7848447 5421943ace764866b0a76b406cb321ee cede59e7dfe64af085137622810b619a - - default default] Successfully bumped revision number for resource dad9995f-2a1b-4ddd-b49c-fd4e50aae68a (type: security_group_rules) to 0
2026-09-19 03:14:08.971 10 INFO neutron.api.wsgi [None req-18f4a58a-ca33-440d-b798-f1b751d972cf 22cf80467ee149b09545a78619381027 acf586732e754b55802900cd091f3b4e - - default default] 10.0.0.217 "PUT /v2.0/trunks/0582e638-790b-441b-b185-90307d1280e9/tags HTTP/1.1" status: 200 len: 218 time: 0.0323362
2026-09-19 03:14:08.999 9 INFO neutron.api.wsgi [None req-04f7913a-ef84-4c29-9168-8b1fc7848447 5421943ace764866b0a76b406cb321ee cede59e7dfe64af085137622810b619a - - default default] 10.0.0.217 "POST /v2.0/security-group-rules HTTP/1.1" status: 201 len: 796 time: 0.1748738
2026-09-19 03:14:09.010 10 WARNING neutron_lib.context [None req-b33cb573-6c3e-4fb1-a404-60c5526963ee 5421943ace764866b0a76b406cb321ee cede59e7dfe64af085137622810b619a - - default default] Method 'is_advsvc' is deprecated since 2023.2 release (neutron-lib 3.8.0) and will be removed once support for the old RBAC API policies will be removed from Neutron. Please use method 'is_service_role' instead.
2026-09-19 03:14:09.014 10 INFO neutron.api.wsgi [None req-6b42beba-318f-4bd9-9c87-3f22ffd7896a 22cf80467ee149b09545a78619381027 acf586732e754b55802900cd091f3b4e - - default default] 10.0.0.217 "PUT /v2.0/trunks/836ae303-be01-41ae-b7db-fcc8a0da502e/tags HTTP/1.1" status: 200 len: 227 time: 0.0389986
2026-09-19 03:14:09.045 9 INFO neutron.api.wsgi [None req-84c576e7-934b-4cbb-8c6f-1c273d75ee82 22cf80467ee149b09545a78619381027 acf586732e754b55802900cd091f3b4e - - default default] 10.0.0.217 "PUT /v2.0/trunks/cce491d6-ff1e-43a7-a6e5-04b5eb1177d4/tags HTTP/1.1" status: 200 len: 212 time: 0.0274770
2026-09-19 03:14:09.067 9 INFO neutron.api.wsgi [None req-6e74902a-b344-48fa-a9a5-afbf02b52fbe 22cf80467ee149b09545a78619381027 acf586732e754b55802900cd091f3b4e - - default default] 10.0.0.217 "GET /v2.0/trunks?tags=red HTTP/1.1" status: 200 len: 1447 time: 0.0174999
2026-09-19 03:14:09.093 9 INFO neutron.api.wsgi [None req-38356862-548c-42ed-9d5a-b8cb07f6c883 22cf80467ee149b09545a78619381027 acf586732e754b55802900cd091f3b4e - - default default] 10.0.0.217 "GET /v2.0/trunks?tags=red%2Cblue HTTP/1.1" status: 200 len: 1041 time: 0.0214152
2026-09-19 03:14:09.110 9 INFO neutron.api.wsgi [None req-c264c784-056a-4ab5-a899-f51c4a7560ed 22cf80467ee149b09545a78619381027 acf586732e754b55802900cd091f3b4e - - default default] 10.0.0.217 "GET /v2.0/trunks?tags-any=blue HTTP/1.1" status: 200 len: 1041 time: 0.0127428
2026-09-19 03:14:09.126 9 INFO neutron.api.wsgi [None req-96026115-5ce8-41eb-8431-ed70d476fc40 22cf80467ee149b09545a78619381027 acf586732e754b55802900cd091f3b4e - - default default] 10.0.0.217 "GET /v2.0/trunks?tags-any=red%2Cblue HTTP/1.1" status: 200 len: 1447 time: 0.0118890
2026-09-19 03:14:09.141 9 INFO neutron.api.wsgi [None req-aeccfb1e-679b-41b1-8c68-9e9988fca535 22cf80467ee149b09545a78619381027 acf586732e754b55802900cd091f3b4e - - default default] 10.0.0.217 "GET /v2.0/trunks?not-tags=red HTTP/1.1" status: 200 len: 1013 time: 0.0114169
2026-09-19 03:14:09.159 9 INFO neutron.api.wsgi [None req-9d269bb1-6f07-4a29-8128-4bbda0b87797 22cf80467ee149b09545a78619381027 acf586732e754b55802900cd091f3b4e - - default default] 10.0.0.217 "GET /v2.0/trunks?not-tags=red%2Cblue HTTP/1.1" status: 200 len: 1419 time: 0.0133510
2026-09-19 03:14:09.176 9 INFO neutron.api.wsgi [None req-db4d6779-25db-40c4-b85e-965e2ec33cd8 22cf80467ee149b09545a78619381027 acf586732e754b55802900cd091f3b4e - - default default] 10.0.0.217 "GET /v2.0/trunks?not-tags-any=blue HTTP/1.1" status: 200 len: 1419 time: 0.0139396
2026-09-19 03:14:09.177 10 INFO neutron.db.ovn_revision_numbers_db [None req-b33cb573-6c3e-4fb1-a404-60c5526963ee 5421943ace764866b0a76b406cb321ee cede59e7dfe64af085137622810b619a - - default default] Successfully bumped revision number for resource 2fdaa3fc-928f-447e-a250-c84f958e3b0f (type: security_group_rules) to 0
2026-09-19 03:14:09.192 9 INFO neutron.api.wsgi [None req-5108de73-7395-4382-9c53-0a163cb5e52a 22cf80467ee149b09545a78619381027 acf586732e754b55802900cd091f3b4e - - default default] 10.0.0.217 "GET /v2.0/trunks?not-tags-any=red%2Cblue HTTP/1.1" status: 200 len: 1013 time: 0.0107644
2026-09-19 03:14:09.209 10 INFO neutron.api.wsgi [None req-b33cb573-6c3e-4fb1-a404-60c5526963ee 5421943ace764866b0a76b406cb321ee cede59e7dfe64af085137622810b619a - - default default] 10.0.0.217 "POST /v2.0/security-group-rules HTTP/1.1" status: 201 len: 795 time: 0.2047105
2026-09-19 03:14:09.210 9 INFO neutron.api.wsgi [None req-2e377762-3572-402d-b329-294c614131f0 22cf80467ee149b09545a78619381027 acf586732e754b55802900cd091f3b4e - - default default] 10.0.0.217 "GET /v2.0/trunks/25d0c753-7340-443b-ae43-e07697e5a263 HTTP/1.1" status: 200 len: 608 time: 0.0106928
2026-09-19 03:14:09.219 10 WARNING neutron_lib.context [None req-72fcbe67-dda5-4cce-abc4-36a2e3a250e5 5421943ace764866b0a76b406cb321ee cede59e7dfe64af085137622810b619a - - default default] Method 'is_advsvc' is deprecated since 2023.2 release (neutron-lib 3.8.0) and will be removed once support for the old RBAC API policies will be removed from Neutron. Please use method 'is_service_role' instead.
2026-09-19 03:14:09.286 9 INFO neutron.api.wsgi [None req-a117b0c1-0ed8-43bd-81db-54417fa8eddc 22cf80467ee149b09545a78619381027 acf586732e754b55802900cd091f3b4e - - default default] 10.0.0.217 "GET /v2.0/ports/9ce2bede-5a7e-4ee4-84f3-06fc1373b6e2 HTTP/1.1" status: 200 len: 1020 time: 0.0713794
2026-09-19 03:14:09.353 9 INFO neutron.api.wsgi [None req-a8f03bb8-1770-430f-b5e5-214ac313ae5c 22cf80467ee149b09545a78619381027 acf586732e754b55802900cd091f3b4e - - default default] 10.0.0.217 "DELETE /v2.0/trunks/25d0c753-7340-443b-ae43-e07697e5a263 HTTP/1.1" status: 204 len: 168 time: 0.0619178
2026-09-19 03:14:09.371 10 INFO neutron.db.ovn_revision_numbers_db [None req-72fcbe67-dda5-4cce-abc4-36a2e3a250e5 5421943ace764866b0a76b406cb321ee cede59e7dfe64af085137622810b619a - - default default] Successfully bumped revision number for resource 3fe341a9-0208-474d-8466-b7a983a8f985 (type: security_group_rules) to 0
2026-09-19 03:14:09.372 9 INFO neutron.api.wsgi [None req-a4c592e6-8a25-4ded-bf92-c81004ad4a08 22cf80467ee149b09545a78619381027 acf586732e754b55802900cd091f3b4e - - default default] 10.0.0.217 "GET /v2.0/trunks/0582e638-790b-441b-b185-90307d1280e9 HTTP/1.1" status: 200 len: 616 time: 0.0147891
2026-09-19 03:14:09.450 10 INFO neutron.api.wsgi [None req-72fcbe67-dda5-4cce-abc4-36a2e3a250e5 5421943ace764866b0a76b406cb321ee cede59e7dfe64af085137622810b619a - - default default] 10.0.0.217 "POST /v2.0/security-group-rules HTTP/1.1" status: 201 len: 801 time: 0.2346425
2026-09-19 03:14:09.461 9 WARNING neutron_lib.context [None req-3313954e-3597-4b69-a1e0-36de6b723390 5421943ace764866b0a76b406cb321ee cede59e7dfe64af085137622810b619a - - default default] Method 'is_advsvc' is deprecated since 2023.2 release (neutron-lib 3.8.0) and will be removed once support for the old RBAC API policies will be removed from Neutron. Please use method 'is_service_role' instead.
2026-09-19 03:14:09.486 10 INFO neutron.api.wsgi [None req-2f69952f-c176-411f-ba13-5ddd9c4c9233 22cf80467ee149b09545a78619381027 acf586732e754b55802900cd091f3b4e - - default default] 10.0.0.217 "GET /v2.0/ports/c9d703b5-757d-4180-8fb1-39c3b07494c3 HTTP/1.1" status: 200 len: 1020 time: 0.1094222
2026-09-19 03:14:09.566 9 INFO neutron.api.wsgi [None req-085eeef2-5ec2-47f2-ba52-d99b2e862a73 22cf80467ee149b09545a78619381027 acf586732e754b55802900cd091f3b4e - - default default] 10.0.0.217 "DELETE /v2.0/trunks/0582e638-790b-441b-b185-90307d1280e9 HTTP/1.1" status: 204 len: 168 time: 0.0744414
2026-09-19 03:14:09.589 10 INFO neutron.api.wsgi [None req-0d845959-cd9f-4262-bcc7-35abd8f4f452 22cf80467ee149b09545a78619381027 acf586732e754b55802900cd091f3b4e - - default default] 10.0.0.217 "GET /v2.0/trunks/836ae303-be01-41ae-b7db-fcc8a0da502e HTTP/1.1" status: 200 len: 625 time: 0.0175307
2026-09-19 03:14:09.599 9 INFO neutron.db.ovn_revision_numbers_db [None req-3313954e-3597-4b69-a1e0-36de6b723390 5421943ace764866b0a76b406cb321ee cede59e7dfe64af085137622810b619a - - default default] Successfully bumped revision number for resource 79dfe8e3-cbb9-487b-8c30-15b1fbe24f6b (type: security_group_rules) to 0
2026-09-19 03:14:09.635 9 INFO neutron.api.wsgi [None req-3313954e-3597-4b69-a1e0-36de6b723390 5421943ace764866b0a76b406cb321ee cede59e7dfe64af085137622810b619a - - default default] 10.0.0.217 "POST /v2.0/security-group-rules HTTP/1.1" status: 201 len: 800 time: 0.1800842
2026-09-19 03:14:09.645 9 WARNING neutron_lib.context [None req-877865f9-5d6f-4771-acbc-51f8b299d29d 5421943ace764866b0a76b406cb321ee cede59e7dfe64af085137622810b619a - - default default] Method 'is_advsvc' is deprecated since 2023.2 release (neutron-lib 3.8.0) and will be removed once support for the old RBAC API policies will be removed from Neutron. Please use method 'is_service_role' instead.
2026-09-19 03:14:09.668 9 INFO neutron.api.wsgi [None req-1fd542c1-37f0-4480-bf78-8a4b2ddb9fba 22cf80467ee149b09545a78619381027 acf586732e754b55802900cd091f3b4e - - default default] 10.0.0.217 "GET /v2.0/ports/a6879d18-4385-4b41-b8ee-30b2ac80bfc5 HTTP/1.1" status: 200 len: 1020 time: 0.0740387
2026-09-19 03:14:09.685 9 INFO neutron.db.securitygroups_db [None req-877865f9-5d6f-4771-acbc-51f8b299d29d 5421943ace764866b0a76b406cb321ee cede59e7dfe64af085137622810b619a - - default default] Project cede59e7dfe64af085137622810b619a added a security group rule with legacy IPv6 ICMP protocol name icmp, ipv6-icmp should be used instead. It was automatically converted.
2026-09-19 03:14:09.747 9 INFO neutron.api.wsgi [None req-7d70d06a-a284-4b18-94c5-603f6198e9ca 22cf80467ee149b09545a78619381027 acf586732e754b55802900cd091f3b4e - - default default] 10.0.0.217 "DELETE /v2.0/trunks/836ae303-be01-41ae-b7db-fcc8a0da502e HTTP/1.1" status: 204 len: 168 time: 0.0732832
2026-09-19 03:14:09.771 10 INFO neutron.api.wsgi [None req-cdfcc8ae-81cf-4b83-8806-cbbb000f6300 22cf80467ee149b09545a78619381027 acf586732e754b55802900cd091f3b4e - - default default] 10.0.0.217 "GET /v2.0/trunks/cce491d6-ff1e-43a7-a6e5-04b5eb1177d4 HTTP/1.1" status: 200 len: 610 time: 0.0178907
2026-09-19 03:14:09.799 9 INFO neutron.db.ovn_revision_numbers_db [None req-877865f9-5d6f-4771-acbc-51f8b299d29d 5421943ace764866b0a76b406cb321ee cede59e7dfe64af085137622810b619a - - default default] Successfully bumped revision number for resource 7a5beb0c-93bb-4d7d-b9ac-a42f36f72a39 (type: security_group_rules) to 0
2026-09-19 03:14:09.833 9 INFO neutron.api.wsgi [None req-099ef412-542b-455c-a5e8-6153de475c96 22cf80467ee149b09545a78619381027 acf586732e754b55802900cd091f3b4e - - default default] 10.0.0.217 "GET /v2.0/ports/eb6f9514-af49-4899-bc94-c9a0d7b137d1 HTTP/1.1" status: 200 len: 1020 time: 0.0572741
2026-09-19 03:14:09.835 9 INFO neutron.api.wsgi [None req-877865f9-5d6f-4771-acbc-51f8b299d29d 5421943ace764866b0a76b406cb321ee cede59e7dfe64af085137622810b619a - - default default] 10.0.0.217 "POST /v2.0/security-group-rules HTTP/1.1" status: 201 len: 806 time: 0.1952970
2026-09-19 03:14:09.845 10 WARNING neutron_lib.context [None req-9c37f237-cbb2-4567-9d24-71581e067732 5421943ace764866b0a76b406cb321ee cede59e7dfe64af085137622810b619a - - default default] Method 'is_advsvc' is deprecated since 2023.2 release (neutron-lib 3.8.0) and will be removed once support for the old RBAC API policies will be removed from Neutron. Please use method 'is_service_role' instead.
2026-09-19 03:14:09.884 10 INFO neutron.db.securitygroups_db [None req-9c37f237-cbb2-4567-9d24-71581e067732 5421943ace764866b0a76b406cb321ee cede59e7dfe64af085137622810b619a - - default default] Project cede59e7dfe64af085137622810b619a added a security group rule with legacy IPv6 ICMP protocol name icmp, ipv6-icmp should be used instead. It was automatically converted.
2026-09-19 03:14:09.888 9 INFO neutron.api.wsgi [None req-212b3843-78bc-4304-be76-f0e5e8b0c3b9 22cf80467ee149b09545a78619381027 acf586732e754b55802900cd091f3b4e - - default default] 10.0.0.217 "DELETE /v2.0/trunks/cce491d6-ff1e-43a7-a6e5-04b5eb1177d4 HTTP/1.1" status: 204 len: 168 time: 0.0517983
2026-09-19 03:14:09.906 9 INFO neutron.api.wsgi [None req-797734c7-9c57-44ab-900c-61865844ff52 22cf80467ee149b09545a78619381027 acf586732e754b55802900cd091f3b4e - - default default] 10.0.0.217 "GET /v2.0/trunks/e35e86fc-4897-4078-ad84-6ce7391524ae HTTP/1.1" status: 200 len: 603 time: 0.0126066
2026-09-19 03:14:09.967 9 INFO neutron.api.wsgi [None req-42247f99-6db3-4da0-9abc-b382068f589c 22cf80467ee149b09545a78619381027 acf586732e754b55802900cd091f3b4e - - default default] 10.0.0.217 "GET /v2.0/ports/4ab62c24-0687-43ba-9bdd-74720aaefe6e HTTP/1.1" status: 200 len: 1020 time: 0.0559578
2026-09-19 03:14:09.983 10 INFO neutron.db.ovn_revision_numbers_db [None req-9c37f237-cbb2-4567-9d24-71581e067732 5421943ace764866b0a76b406cb321ee cede59e7dfe64af085137622810b619a - - default default] Successfully bumped revision number for resource 686b47fc-8568-40c7-bf4f-c9e94d89425b (type: security_group_rules) to 0
2026-09-19 03:14:10.021 10 INFO neutron.api.wsgi [None req-9c37f237-cbb2-4567-9d24-71581e067732 5421943ace764866b0a76b406cb321ee cede59e7dfe64af085137622810b619a - - default default] 10.0.0.217 "POST /v2.0/security-group-rules HTTP/1.1" status: 201 len: 805 time: 0.1820381
2026-09-19 03:14:10.026 9 INFO neutron.api.wsgi [None req-02cbd9f9-aef4-461d-ae26-7e507b23fc59 22cf80467ee149b09545a78619381027 acf586732e754b55802900cd091f3b4e - - default default] 10.0.0.217 "DELETE /v2.0/trunks/e35e86fc-4897-4078-ad84-6ce7391524ae HTTP/1.1" status: 204 len: 168 time: 0.0532179
2026-09-19 03:14:10.246 9 INFO neutron.api.wsgi [None req-e32676a4-5326-4526-9c54-fff1204230a0 22cf80467ee149b09545a78619381027 acf586732e754b55802900cd091f3b4e - - default default] 10.0.0.217 "DELETE /v2.0/ports/9ce2bede-5a7e-4ee4-84f3-06fc1373b6e2 HTTP/1.1" status: 204 len: 168 time: 0.2173741
2026-09-19 03:14:10.439 10 INFO neutron.api.wsgi [None req-997b1340-b4cc-47b9-83b0-24cc11bd8fd9 5421943ace764866b0a76b406cb321ee cede59e7dfe64af085137622810b619a - - default default] 10.0.0.217 "GET /v2.0/networks HTTP/1.1" status: 200 len: 1493 time: 0.1099985
2026-09-19 03:14:10.502 9 INFO neutron.api.wsgi [None req-840715f3-3b4c-42ff-90df-9be20c062a1f 22cf80467ee149b09545a78619381027 acf586732e754b55802900cd091f3b4e - - default default] 10.0.0.217 "DELETE /v2.0/ports/c9d703b5-757d-4180-8fb1-39c3b07494c3 HTTP/1.1" status: 204 len: 168 time: 0.2511041
2026-09-19 03:14:10.562 10 INFO neutron.api.wsgi [req-df7710d8-6e88-4574-87e0-d71611c1406f req-6b8ac7f9-8928-46f3-9200-06865b34b286 5421943ace764866b0a76b406cb321ee cede59e7dfe64af085137622810b619a - - default default] 10.0.0.185 "GET /v2.0/security-groups?name=tempest-secgroup-smoke-227699739&fields=id&tenant_id=cede59e7dfe64af085137622810b619a HTTP/1.1" status: 200 len: 267 time: 0.0606427
2026-09-19 03:14:10.609 10 INFO neutron.api.wsgi [req-df7710d8-6e88-4574-87e0-d71611c1406f req-ffe555b4-ee68-43bb-9f2a-56ab7a570fc4 5421943ace764866b0a76b406cb321ee cede59e7dfe64af085137622810b619a - - default default] 10.0.0.185 "GET /v2.0/networks?id=fa49663f-ad3d-4250-a612-e7553ddfba4b HTTP/1.1" status: 200 len: 860 time: 0.0416269
2026-09-19 03:14:10.624 10 INFO neutron.api.wsgi [req-df7710d8-6e88-4574-87e0-d71611c1406f req-44915e05-085f-4a21-b3a4-86f22301db62 5421943ace764866b0a76b406cb321ee cede59e7dfe64af085137622810b619a - - default default] 10.0.0.185 "GET /v2.0/quotas/cede59e7dfe64af085137622810b619a HTTP/1.1" status: 200 len: 491 time: 0.0081728
2026-09-19 03:14:10.698 10 INFO neutron.api.wsgi [req-df7710d8-6e88-4574-87e0-d71611c1406f req-7a646a24-0c9d-44e9-9d8d-4fff8e6a3b30 5421943ace764866b0a76b406cb321ee cede59e7dfe64af085137622810b619a - - default default] 10.0.0.185 "GET /v2.0/ports?tenant_id=cede59e7dfe64af085137622810b619a&fields=id HTTP/1.1" status: 200 len: 302 time: 0.0700476
2026-09-19 03:14:10.750 10 INFO neutron.api.wsgi [req-df7710d8-6e88-4574-87e0-d71611c1406f req-ac39ce99-82b4-4be3-aaf1-228f4e95a8b7 4532e34d970f492685081a27c291163a 9f548cb075c5431482fe8ea4ea88c375 - - b946b65d030e4b1d9c349941185b1eec b946b65d030e4b1d9c349941185b1eec] 10.0.0.185 "GET /v2.0/networks/fa49663f-ad3d-4250-a612-e7553ddfba4b?fields=segments HTTP/1.1" status: 200 len: 212 time: 0.0438197
2026-09-19 03:14:10.788 9 INFO neutron.api.wsgi [None req-81a4866a-7624-47e8-824e-e44ba49e0e22 22cf80467ee149b09545a78619381027 acf586732e754b55802900cd091f3b4e - - default default] 10.0.0.217 "DELETE /v2.0/ports/a6879d18-4385-4b41-b8ee-30b2ac80bfc5 HTTP/1.1" status: 204 len: 168 time: 0.2816126
2026-09-19 03:14:10.806 10 INFO neutron.api.wsgi [req-df7710d8-6e88-4574-87e0-d71611c1406f req-7a6355ea-a942-4c65-810d-0fc09f8ed7c8 4532e34d970f492685081a27c291163a 9f548cb075c5431482fe8ea4ea88c375 - - b946b65d030e4b1d9c349941185b1eec b946b65d030e4b1d9c349941185b1eec] 10.0.0.185 "GET /v2.0/networks/fa49663f-ad3d-4250-a612-e7553ddfba4b?fields=provider%3Aphysical_network&fields=provider%3Anetwork_type HTTP/1.1" status: 200 len: 277 time: 0.0507536
2026-09-19 03:14:10.923 10 INFO neutron.api.wsgi [req-70024edf-a2c4-412c-88c0-4be95401c3b6 req-bdcb492d-d191-4b5a-a642-0384799f76c3 5421943ace764866b0a76b406cb321ee cede59e7dfe64af085137622810b619a - - default default] 10.0.0.185 "GET /v2.0/ports?device_id=a8781cda-140f-4de1-9990-0288b871a540 HTTP/1.1" status: 200 len: 210 time: 0.0210264
2026-09-19 03:14:11.011 9 INFO neutron.api.wsgi [None req-ca40cbdb-4a29-4f97-8aaa-3e6ad9352dd5 22cf80467ee149b09545a78619381027 acf586732e754b55802900cd091f3b4e - - default default] 10.0.0.217 "DELETE /v2.0/ports/eb6f9514-af49-4899-bc94-c9a0d7b137d1 HTTP/1.1" status: 204 len: 168 time: 0.2189662
2026-09-19 03:14:11.191 9 INFO neutron.api.wsgi [None req-6f50a0cb-9082-4dd1-8f4a-42d23e90f9a3 22cf80467ee149b09545a78619381027 acf586732e754b55802900cd091f3b4e - - default default] 10.0.0.217 "DELETE /v2.0/ports/4ab62c24-0687-43ba-9bdd-74720aaefe6e HTTP/1.1" status: 204 len: 168 time: 0.1754615
2026-09-19 03:14:11.479 9 INFO neutron.services.segments.plugin [-] Segment 5d8c74bb-018e-4397-a481-9eea05a96c6d resource provider aggregate not found
2026-09-19 03:14:11.485 9 INFO neutron.services.segments.plugin [-] Segment 5d8c74bb-018e-4397-a481-9eea05a96c6d resource provider aggregate not found
2026-09-19 03:14:11.495 9 INFO neutron.services.segments.plugin [-] Segment 5d8c74bb-018e-4397-a481-9eea05a96c6d resource provider not found; error: Placement Client Error (4xx): {"errors": [{"status": 404, "title": "Not Found", "detail": "The resource could not be found.\n\n No resource provider with uuid 5d8c74bb-018e-4397-a481-9eea05a96c6d found for delete ", "request_id": "req-c98929c9-6250-400a-ab9f-a9725f87dae8"}]}
2026-09-19 03:14:11.505 9 INFO neutron.services.segments.plugin [-] Segment 5d8c74bb-018e-4397-a481-9eea05a96c6d resource provider not found; error: Placement Client Error (4xx): {"errors": [{"status": 404, "title": "Not Found", "detail": "The resource could not be found.\n\n No resource provider with uuid 5d8c74bb-018e-4397-a481-9eea05a96c6d found for delete ", "request_id": "req-5c9fd432-d423-4a73-a00b-fde9cb77ce72"}]}
2026-09-19 03:14:11.533 9 INFO neutron.api.wsgi [None req-26df9e51-4f57-468a-8c1b-759829a33521 22cf80467ee149b09545a78619381027 acf586732e754b55802900cd091f3b4e - - default default] 10.0.0.217 "DELETE /v2.0/networks/91b83f67-36bd-41f2-adac-080f45162a6e HTTP/1.1" status: 204 len: 168 time: 0.3383975
2026-09-19 03:14:11.977 9 INFO neutron.api.wsgi [None req-8fc9488b-f02c-4a09-bac7-c00b5deefc86 22cf80467ee149b09545a78619381027 acf586732e754b55802900cd091f3b4e - - default default] 10.0.0.217 "DELETE /v2.0/networks/8c5640e8-ec57-4fdf-9ae2-8ce3f1ef2739 HTTP/1.1" status: 204 len: 168 time: 0.4377725
2026-09-19 03:14:12.027 10 INFO neutron.api.wsgi [req-cb96375f-ea26-4f39-831d-5dba3840f223 req-80448296-265f-40e0-8ebd-d2803f867ff0 5421943ace764866b0a76b406cb321ee cede59e7dfe64af085137622810b619a - - default default] 10.0.0.185 "GET /v2.0/ports?device_id=a8781cda-140f-4de1-9990-0288b871a540 HTTP/1.1" status: 200 len: 210 time: 0.0322709
2026-09-19 03:14:12.344 10 INFO neutron.services.segments.plugin [-] Segment 25824e06-7e6f-4860-a99a-e36e5495d33e resource provider aggregate not found
2026-09-19 03:14:12.352 10 INFO neutron.services.segments.plugin [-] Segment 25824e06-7e6f-4860-a99a-e36e5495d33e resource provider aggregate not found
2026-09-19 03:14:12.357 10 INFO neutron.services.segments.plugin [-] Segment 25824e06-7e6f-4860-a99a-e36e5495d33e resource provider not found; error: Placement Client Error (4xx): {"errors": [{"status": 404, "title": "Not Found", "detail": "The resource could not be found.\n\n No resource provider with uuid 25824e06-7e6f-4860-a99a-e36e5495d33e found for delete ", "request_id": "req-48e6438d-2591-44f7-8868-106158179957"}]}
2026-09-19 03:14:12.367 10 INFO neutron.services.segments.plugin [-] Segment 25824e06-7e6f-4860-a99a-e36e5495d33e resource provider not found; error: Placement Client Error (4xx): {"errors": [{"status": 404, "title": "Not Found", "detail": "The resource could not be found.\n\n No resource provider with uuid 25824e06-7e6f-4860-a99a-e36e5495d33e found for delete ", "request_id": "req-9e7ef861-d67e-47e1-afcd-15247ce7195b"}]}
2026-09-19 03:14:12.380 10 INFO neutron.api.wsgi [None req-003bd8ba-cb59-49c3-8847-cf6534e7a932 22cf80467ee149b09545a78619381027 acf586732e754b55802900cd091f3b4e - - default default] 10.0.0.217 "DELETE /v2.0/networks/04ca9630-c0bb-4639-a7bf-8b64ffaa9819 HTTP/1.1" status: 204 len: 168 time: 0.3957312
2026-09-19 03:14:12.748 10 INFO neutron.api.wsgi [None req-1e210fe5-ce69-475a-9511-22b33f9c9114 22cf80467ee149b09545a78619381027 acf586732e754b55802900cd091f3b4e - - default default] 10.0.0.217 "DELETE /v2.0/networks/92cefa54-33bc-43c6-9a7c-dc9329d9ec1d HTTP/1.1" status: 204 len: 168 time: 0.3630068
2026-09-19 03:14:13.054 10 INFO neutron.api.wsgi [None req-b1b42976-915a-4228-8776-642431dcb4de 22cf80467ee149b09545a78619381027 acf586732e754b55802900cd091f3b4e - - default default] 10.0.0.217 "DELETE /v2.0/networks/b803ec0d-cc9d-40f7-a8f1-f1ab7f1bb4bb HTTP/1.1" status: 204 len: 168 time: 0.3007143
2026-09-19 03:14:13.070 10 INFO neutron.api.wsgi [req-4bee8970-1dc8-4485-a792-af297925c525 req-8dd5fe09-710f-4bb8-b968-49ddac40a890 38cc78dfb5774af48d181030f2608462 d01d0e6decfe4a7488f92b38b14acfa5 - - default default] 10.0.0.185 "GET /v2.0/ports?device_id=fcef7bd3-561b-4188-b792-8e0c1fc10994 HTTP/1.1" status: 200 len: 1210 time: 0.0761955
2026-09-19 03:14:13.090 9 WARNING neutron.plugins.ml2.drivers.ovn.mech_driver.ovsdb.ovn_client [None req-db9df471-333f-4c26-b31b-dc5fbb3c434c - - - - - -] No hosting information found for port 359aa7b3-b812-4e5c-990d-f1c71d06b964: RuntimeError: No hosting information found for port 359aa7b3-b812-4e5c-990d-f1c71d06b964
2026-09-19 03:14:13.114 10 INFO neutron.api.wsgi [req-4bee8970-1dc8-4485-a792-af297925c525 req-9ab5afcb-4ec3-4527-94aa-b4f9b2db17d0 38cc78dfb5774af48d181030f2608462 d01d0e6decfe4a7488f92b38b14acfa5 - - default default] 10.0.0.185 "GET /v2.0/security-groups?id=fb289999-f103-40c4-8a36-a4a30bcd5d8b&id=ef43566f-28d7-4f41-842d-66430e361834&fields=id&fields=name HTTP/1.1" status: 200 len: 406 time: 0.0367517
2026-09-19 03:14:13.134 10 INFO neutron.api.wsgi [req-1a09c030-b153-4c5b-8f6c-efa5b35e082c req-dbab0d3b-dc25-4c6e-a919-ccee6bc59118 5421943ace764866b0a76b406cb321ee cede59e7dfe64af085137622810b619a - - default default] 10.0.0.185 "GET /v2.0/ports?device_id=a8781cda-140f-4de1-9990-0288b871a540 HTTP/1.1" status: 200 len: 210 time: 0.0189123
2026-09-19 03:14:13.182 9 INFO neutron.db.ovn_revision_numbers_db [None req-db9df471-333f-4c26-b31b-dc5fbb3c434c - - - - - -] Successfully bumped revision number for resource 359aa7b3-b812-4e5c-990d-f1c71d06b964 (type: router_ports) to 2
2026-09-19 03:14:13.390 9 INFO neutron.api.wsgi [None req-87869111-bfa7-4799-9b5b-92775ae9bacb 41f67a57fc5c44cab70a075ab7684a3d fa550cfda4ff4cd8b43ded7d3781aac3 - - default default] 10.0.0.217 "GET /v2.0/ports?device_id=fcef7bd3-561b-4188-b792-8e0c1fc10994 HTTP/1.1" status: 200 len: 1443 time: 0.2557931
2026-09-19 03:14:13.447 9 INFO neutron.api.wsgi [None req-caf63721-b402-4e7a-8dac-e7d4ffc9e457 38cc78dfb5774af48d181030f2608462 d01d0e6decfe4a7488f92b38b14acfa5 - - default default] 10.0.0.217 "GET /v2.0/floatingips?floating_network_id=152e41f6-ced1-4bd7-ba0e-141280defaf7&port_id=5399648d-bdfc-47f9-b97b-af86a706db9c HTTP/1.1" status: 200 len: 1054 time: 0.0522897
2026-09-19 03:14:13.518 9 INFO neutron.services.segments.plugin [-] Segment 65475a76-5e6c-4c46-8785-fcff2bcc224e resource provider aggregate not found
2026-09-19 03:14:13.522 9 INFO neutron.services.segments.plugin [-] Segment 65475a76-5e6c-4c46-8785-fcff2bcc224e resource provider aggregate not found
2026-09-19 03:14:13.530 9 INFO neutron.services.segments.plugin [-] Segment 65475a76-5e6c-4c46-8785-fcff2bcc224e resource provider not found; error: Placement Client Error (4xx): {"errors": [{"status": 404, "title": "Not Found", "detail": "The resource could not be found.\n\n No resource provider with uuid 65475a76-5e6c-4c46-8785-fcff2bcc224e found for delete ", "request_id": "req-285532bd-47e0-46f3-ada6-40259bc2e846"}]}
2026-09-19 03:14:13.532 9 INFO neutron.services.segments.plugin [-] Segment 65475a76-5e6c-4c46-8785-fcff2bcc224e resource provider not found; error: Placement Client Error (4xx): {"errors": [{"status": 404, "title": "Not Found", "detail": "The resource could not be found.\n\n No resource provider with uuid 65475a76-5e6c-4c46-8785-fcff2bcc224e found for delete ", "request_id": "req-6fdff6db-424d-4e3e-a102-f426f27118da"}]}
2026-09-19 03:14:13.738 10 INFO neutron.api.wsgi [req-f115eb75-c198-45a0-9971-5af50f227fb5 req-09bd1cbe-98a2-4be9-9b37-e0f46d47b132 4532e34d970f492685081a27c291163a 9f548cb075c5431482fe8ea4ea88c375 - - b946b65d030e4b1d9c349941185b1eec b946b65d030e4b1d9c349941185b1eec] 10.0.0.110 "GET /v2.0/ports?device_id=fcef7bd3-561b-4188-b792-8e0c1fc10994 HTTP/1.1" status: 200 len: 1448 time: 0.0327199
2026-09-19 03:14:13.776 10 INFO neutron.api.wsgi [req-f115eb75-c198-45a0-9971-5af50f227fb5 req-f0fb4c6e-47c7-4b8e-b26b-36118b7af553 4532e34d970f492685081a27c291163a 9f548cb075c5431482fe8ea4ea88c375 - - b946b65d030e4b1d9c349941185b1eec b946b65d030e4b1d9c349941185b1eec] 10.0.0.110 "GET /v2.0/security-groups?id=ef43566f-28d7-4f41-842d-66430e361834&id=fb289999-f103-40c4-8a36-a4a30bcd5d8b&fields=id&fields=name HTTP/1.1" status: 200 len: 406 time: 0.0328307
2026-09-19 03:14:14.042 9 INFO neutron.db.ovn_revision_numbers_db [None req-d4926a6f-3525-4cff-b93b-409413ca1384 1a77308039fd423d831ad89f385a318b 94ff84ec4abe4a7bbe77f85d43b15b23 - - default default] Successfully bumped revision number for resource 7ea8d4f5-38d7-4b90-96a4-ee3c840e70b8 (type: security_groups) to 1
2026-09-19 03:14:14.055 9 INFO neutron.db.ovn_revision_numbers_db [None req-d4926a6f-3525-4cff-b93b-409413ca1384 1a77308039fd423d831ad89f385a318b 94ff84ec4abe4a7bbe77f85d43b15b23 - - default default] Successfully bumped revision number for resource 25ee1a8d-ea47-48ba-8513-dfff2b166b1d (type: security_group_rules) to 0
2026-09-19 03:14:14.067 9 INFO neutron.db.ovn_revision_numbers_db [None req-d4926a6f-3525-4cff-b93b-409413ca1384 1a77308039fd423d831ad89f385a318b 94ff84ec4abe4a7bbe77f85d43b15b23 - - default default] Successfully bumped revision number for resource 2af99302-8c14-4813-81bf-ce68e5004065 (type: security_group_rules) to 0
2026-09-19 03:14:14.078 9 INFO neutron.db.ovn_revision_numbers_db [None req-d4926a6f-3525-4cff-b93b-409413ca1384 1a77308039fd423d831ad89f385a318b 94ff84ec4abe4a7bbe77f85d43b15b23 - - default default] Successfully bumped revision number for resource d72eaf42-7cbc-45f3-a6db-8251500392a2 (type: security_group_rules) to 0
2026-09-19 03:14:14.089 9 INFO neutron.db.ovn_revision_numbers_db [None req-d4926a6f-3525-4cff-b93b-409413ca1384 1a77308039fd423d831ad89f385a318b 94ff84ec4abe4a7bbe77f85d43b15b23 - - default default] Successfully bumped revision number for resource f9388ecc-ef23-4f23-926a-6c0ec900aa8d (type: security_group_rules) to 0
2026-09-19 03:14:14.115 9 INFO neutron.api.wsgi [None req-d4926a6f-3525-4cff-b93b-409413ca1384 1a77308039fd423d831ad89f385a318b 94ff84ec4abe4a7bbe77f85d43b15b23 - - default default] 10.0.0.217 "GET /v2.0/security-groups?tenant_id=da0c2c77c8f546cc8f5368d62214fe24&name=default HTTP/1.1" status: 200 len: 3120 time: 0.2895980
2026-09-19 03:14:14.215 10 INFO neutron.api.wsgi [req-3dc6b8d7-52a5-411d-95ac-7404211c8b9e req-31b44971-b3a0-49a1-83a1-f3cc54e72514 5421943ace764866b0a76b406cb321ee cede59e7dfe64af085137622810b619a - - default default] 10.0.0.185 "GET /v2.0/ports?device_id=a8781cda-140f-4de1-9990-0288b871a540 HTTP/1.1" status: 200 len: 210 time: 0.0154283
2026-09-19 03:14:14.302 9 INFO neutron.api.wsgi [None req-d44fe83f-f405-45b9-a9f0-ebd53ca402ed 1a77308039fd423d831ad89f385a318b 94ff84ec4abe4a7bbe77f85d43b15b23 - - default default] 10.0.0.217 "DELETE /v2.0/security-groups/7ea8d4f5-38d7-4b90-96a4-ee3c840e70b8 HTTP/1.1" status: 204 len: 168 time: 0.1800714
2026-09-19 03:14:14.389 10 INFO neutron.services.segments.plugin [-] Segment 020d1490-e1b9-48c9-bc99-3ab64c3fec97 resource provider aggregate not found
2026-09-19 03:14:14.395 10 INFO neutron.services.segments.plugin [-] Segment 020d1490-e1b9-48c9-bc99-3ab64c3fec97 resource provider aggregate not found
2026-09-19 03:14:14.414 10 INFO neutron.services.segments.plugin [-] Segment 020d1490-e1b9-48c9-bc99-3ab64c3fec97 resource provider not found; error: Placement Client Error (4xx): {"errors": [{"status": 404, "title": "Not Found", "detail": "The resource could not be found.\n\n No resource provider with uuid 020d1490-e1b9-48c9-bc99-3ab64c3fec97 found for delete ", "request_id": "req-635a35db-399f-4dc4-b32c-76c2ee28854f"}]}
