2026-09-19 03:11:25.059 9 INFO neutron.api.wsgi [None req-2302e785-6972-46ac-989f-f3de63e81416 8805c96355664a8c8ab58620f634fb11 7998728d804740caa0911ac31ebd5873 - - default default] 10.0.0.217 "GET /v2.0/security-groups/949eb053-c9b2-4ead-b3f2-e6e9a43b9e88 HTTP/1.1" status: 404 len: 347 time: 0.0089386
2026-09-19 03:11:25.095 10 INFO neutron.db.ovn_revision_numbers_db [None req-57989b51-00e6-4445-b9fb-85cdd1c4e6d6 a45b071a675f455a8a4df7f035098b3e fd589f0034d341619569cc8b81ae07c9 - - default default] Successfully bumped revision number for resource 665d7d32-3589-45c4-b038-698e280ff101 (type: floatingips) to 2
2026-09-19 03:11:25.095 10 INFO neutron.db.l3_db [None req-57989b51-00e6-4445-b9fb-85cdd1c4e6d6 a45b071a675f455a8a4df7f035098b3e fd589f0034d341619569cc8b81ae07c9 - - default default] Floating IP 665d7d32-3589-45c4-b038-698e280ff101 associated. External IP: 10.96.250.213, port: 70ab3516-2688-4ca1-89d4-75775ed8396d.
2026-09-19 03:11:25.122 10 INFO neutron.api.wsgi [None req-57989b51-00e6-4445-b9fb-85cdd1c4e6d6 a45b071a675f455a8a4df7f035098b3e fd589f0034d341619569cc8b81ae07c9 - - default default] 10.0.0.217 "PUT /v2.0/floatingips/665d7d32-3589-45c4-b038-698e280ff101 HTTP/1.1" status: 200 len: 1050 time: 0.7673175 /var/lib/openstack/lib/python3.12/site-packages/pycadf/identifier.py:71: UserWarning: Invalid uuid: neutron. To ensure interoperability, identifiers should be a valid uuid. warnings.warn(('Invalid uuid: %s. To ensure interoperability, '
2026-09-19 03:11:25.194 10 INFO neutron.api.wsgi [req-804cfbd0-c35e-45dc-9596-097105528554 req-543e40d9-053b-495f-9665-4893cac3eebb 2cbbf2aa3c724ead97d43d114fe4e49d df88e1515e1147439f3b8f20781d28a7 - - default default] 10.0.0.185 "GET /v2.0/ports?device_id=314fa387-ed27-423b-aa28-d107b01f50e7 HTTP/1.1" status: 200 len: 1170 time: 0.0248845
2026-09-19 03:11:25.252 10 INFO neutron.api.wsgi [req-804cfbd0-c35e-45dc-9596-097105528554 req-dfc34b64-724e-4fc6-9532-a1f7616dc25a 2cbbf2aa3c724ead97d43d114fe4e49d df88e1515e1147439f3b8f20781d28a7 - - default default] 10.0.0.185 "GET /v2.0/security-groups?id=3b8c1d89-cd45-4594-a711-fc42d0b73f20&fields=id&fields=name HTTP/1.1" status: 200 len: 313 time: 0.0538497
2026-09-19 03:11:25.285 10 INFO neutron.api.wsgi [req-83682b9d-7020-4e2a-8d06-ba63afd90121 req-305dbff6-534a-44e9-909b-4aee1325893b 4532e34d970f492685081a27c291163a 9f548cb075c5431482fe8ea4ea88c375 - - b946b65d030e4b1d9c349941185b1eec b946b65d030e4b1d9c349941185b1eec] 162.253.55.193 "GET /v2.0/ports?tenant_id=df88e1515e1147439f3b8f20781d28a7&device_id=314fa387-ed27-423b-aa28-d107b01f50e7 HTTP/1.1" status: 200 len: 1409 time: 0.0442793
2026-09-19 03:11:25.319 10 INFO neutron.api.wsgi [req-83682b9d-7020-4e2a-8d06-ba63afd90121 req-59bb4cbf-e402-47fe-a9b8-c92f13adcd52 4532e34d970f492685081a27c291163a 9f548cb075c5431482fe8ea4ea88c375 - - b946b65d030e4b1d9c349941185b1eec b946b65d030e4b1d9c349941185b1eec] 162.253.55.193 "GET /v2.0/networks?id=56f2b8c0-1802-4582-b230-8c00f1a1a868 HTTP/1.1" status: 200 len: 968 time: 0.0291975
2026-09-19 03:11:25.334 9 INFO neutron.api.wsgi [None req-a276e910-33aa-448c-89b4-7d6876e95ec8 8805c96355664a8c8ab58620f634fb11 7998728d804740caa0911ac31ebd5873 - - default default] 10.0.0.217 "DELETE /v2.0/floatingips/c52e0c08-d2aa-481e-bac2-ca95b329ac8b HTTP/1.1" status: 204 len: 168 time: 0.2709818
2026-09-19 03:11:25.358 10 INFO neutron.api.wsgi [req-83682b9d-7020-4e2a-8d06-ba63afd90121 req-7c091818-c537-4a9b-a1d8-409d796d4f26 4532e34d970f492685081a27c291163a 9f548cb075c5431482fe8ea4ea88c375 - - b946b65d030e4b1d9c349941185b1eec b946b65d030e4b1d9c349941185b1eec] 162.253.55.193 "GET /v2.0/floatingips?fixed_ip_address=10.100.0.6&port_id=3007d1df-3844-435c-9934-073f94ce412a HTTP/1.1" status: 200 len: 1059 time: 0.0360057
2026-09-19 03:11:25.380 10 INFO neutron.api.wsgi [req-83682b9d-7020-4e2a-8d06-ba63afd90121 req-8cc17d58-3e9d-4c00-a574-b0f192ab7343 4532e34d970f492685081a27c291163a 9f548cb075c5431482fe8ea4ea88c375 - - b946b65d030e4b1d9c349941185b1eec b946b65d030e4b1d9c349941185b1eec] 162.253.55.193 "GET /v2.0/subnets?id=52044d09-0495-4d44-84b8-c0ca31376260 HTTP/1.1" status: 200 len: 887 time: 0.0187919
2026-09-19 03:11:25.395 10 INFO neutron.api.wsgi [req-83682b9d-7020-4e2a-8d06-ba63afd90121 req-4efa299a-fa35-483a-8df0-7e7234389721 4532e34d970f492685081a27c291163a 9f548cb075c5431482fe8ea4ea88c375 - - b946b65d030e4b1d9c349941185b1eec b946b65d030e4b1d9c349941185b1eec] 162.253.55.193 "GET /v2.0/ports?network_id=56f2b8c0-1802-4582-b230-8c00f1a1a868&device_owner=network%3Adhcp HTTP/1.1" status: 200 len: 210 time: 0.0121124
2026-09-19 03:11:25.427 10 INFO neutron.api.wsgi [req-83682b9d-7020-4e2a-8d06-ba63afd90121 req-9f964051-39cf-4ad2-a003-7852053a87d5 4532e34d970f492685081a27c291163a 9f548cb075c5431482fe8ea4ea88c375 - - b946b65d030e4b1d9c349941185b1eec b946b65d030e4b1d9c349941185b1eec] 162.253.55.193 "GET /v2.0/networks/56f2b8c0-1802-4582-b230-8c00f1a1a868?fields=segments HTTP/1.1" status: 200 len: 212 time: 0.0282500
2026-09-19 03:11:25.459 10 INFO neutron.api.wsgi [req-83682b9d-7020-4e2a-8d06-ba63afd90121 req-f290ae97-9855-4dfe-ad52-805100569d6d 4532e34d970f492685081a27c291163a 9f548cb075c5431482fe8ea4ea88c375 - - b946b65d030e4b1d9c349941185b1eec b946b65d030e4b1d9c349941185b1eec] 162.253.55.193 "GET /v2.0/networks/56f2b8c0-1802-4582-b230-8c00f1a1a868?fields=provider%3Aphysical_network&fields=provider%3Anetwork_type HTTP/1.1" status: 200 len: 277 time: 0.0285747
2026-09-19 03:11:25.716 9 INFO neutron.plugins.ml2.drivers.ovn.mech_driver.mech_driver [None req-f687be44-4244-4cfe-b01d-cc8789cf3c2c - - - - - -] OVN reports status down for port: 3007d1df-3844-435c-9934-073f94ce412a
2026-09-19 03:11:25.864 9 INFO neutron.notifiers.nova [-] Nova event matching ['req-f5bdedea-5b40-4f57-8ad0-e74d898bda35'] response: {'server_uuid': '314fa387-ed27-423b-aa28-d107b01f50e7', 'name': 'network-vif-unplugged', 'status': 'completed', 'tag': '3007d1df-3844-435c-9934-073f94ce412a', 'code': 200}
2026-09-19 03:11:26.007 9 INFO neutron.db.ovn_revision_numbers_db [None req-f687be44-4244-4cfe-b01d-cc8789cf3c2c - - - - - -] Successfully bumped revision number for resource 3007d1df-3844-435c-9934-073f94ce412a (type: ports) to 6
2026-09-19 03:11:26.388 10 INFO neutron.api.wsgi [req-9a0df8b6-76d2-4ca5-ad2b-475e4714be9e req-83044c05-a77f-4c91-a07b-5169fd8b0ee8 2cbbf2aa3c724ead97d43d114fe4e49d df88e1515e1147439f3b8f20781d28a7 - - default default] 10.0.0.185 "GET /v2.0/ports?device_id=314fa387-ed27-423b-aa28-d107b01f50e7 HTTP/1.1" status: 200 len: 1168 time: 0.0814981
2026-09-19 03:11:26.428 10 INFO neutron.api.wsgi [req-9a0df8b6-76d2-4ca5-ad2b-475e4714be9e req-02200169-17a4-4bd0-9310-ae2f56384ca0 2cbbf2aa3c724ead97d43d114fe4e49d df88e1515e1147439f3b8f20781d28a7 - - default default] 10.0.0.185 "GET /v2.0/security-groups?id=3b8c1d89-cd45-4594-a711-fc42d0b73f20&fields=id&fields=name HTTP/1.1" status: 200 len: 313 time: 0.0332260
2026-09-19 03:11:26.476 9 INFO neutron.api.wsgi [None req-c71554df-43a1-4e00-86a4-def066dfbdf5 1a77308039fd423d831ad89f385a318b 94ff84ec4abe4a7bbe77f85d43b15b23 - - default default] 10.0.0.217 "PUT /v2.0/routers/1c2f150c-bd63-4506-bdc5-bbcff1f1ae3c/remove_router_interface HTTP/1.1" status: 200 len: 503 time: 1.1340380 /var/lib/openstack/lib/python3.12/site-packages/pycadf/identifier.py:71: UserWarning: Invalid uuid: neutron. To ensure interoperability, identifiers should be a valid uuid. warnings.warn(('Invalid uuid: %s. To ensure interoperability, '
2026-09-19 03:11:26.767 10 INFO neutron.notifiers.nova [-] Nova event matching ['req-7fc54c95-4d69-4276-a7bc-b3555a1bb841'] response: {'name': 'network-changed', 'server_uuid': '328a36d1-19c4-4dbb-8f1c-961b54bf4f20', 'tag': '70ab3516-2688-4ca1-89d4-75775ed8396d', 'status': 'completed', 'code': 200}
2026-09-19 03:11:26.989 10 INFO neutron.api.wsgi [req-80b6a2df-c843-4a58-82ea-3ffb7958da94 req-a1d62dd9-15bc-4309-ac30-f4126110aea9 2cbbf2aa3c724ead97d43d114fe4e49d df88e1515e1147439f3b8f20781d28a7 - - default default] 162.253.55.193 "GET /v2.0/ports?device_id=314fa387-ed27-423b-aa28-d107b01f50e7 HTTP/1.1" status: 200 len: 1168 time: 0.0796828
2026-09-19 03:11:27.225 9 INFO neutron.api.wsgi [None req-605c348e-9f99-4aac-ad80-bb77e3454687 1a77308039fd423d831ad89f385a318b 94ff84ec4abe4a7bbe77f85d43b15b23 - - default default] 10.0.0.217 "DELETE /v2.0/routers/1c2f150c-bd63-4506-bdc5-bbcff1f1ae3c HTTP/1.1" status: 204 len: 168 time: 0.7437010
2026-09-19 03:11:27.317 9 INFO neutron.api.wsgi [req-da9e9c98-cfee-4004-831b-23986219311c req-1bc0c201-82b6-46a3-a00b-1918878c9781 4532e34d970f492685081a27c291163a 9f548cb075c5431482fe8ea4ea88c375 - - b946b65d030e4b1d9c349941185b1eec b946b65d030e4b1d9c349941185b1eec] 162.253.55.193 "GET /v2.0/ports?tenant_id=fd589f0034d341619569cc8b81ae07c9&device_id=328a36d1-19c4-4dbb-8f1c-961b54bf4f20 HTTP/1.1" status: 200 len: 1413 time: 0.0418775
2026-09-19 03:11:27.391 9 INFO neutron.api.wsgi [req-da9e9c98-cfee-4004-831b-23986219311c req-7c23e336-1ac1-4a0b-a0f3-e9cec39e92c5 4532e34d970f492685081a27c291163a 9f548cb075c5431482fe8ea4ea88c375 - - b946b65d030e4b1d9c349941185b1eec b946b65d030e4b1d9c349941185b1eec] 162.253.55.193 "GET /v2.0/networks?id=321a5d95-e280-4e35-a260-dd763304f9d8 HTTP/1.1" status: 200 len: 974 time: 0.0690303
2026-09-19 03:11:27.434 10 INFO neutron.db.l3_db [req-80b6a2df-c843-4a58-82ea-3ffb7958da94 req-f445d752-77d4-4ecb-9bf5-16c856d46eaf 2cbbf2aa3c724ead97d43d114fe4e49d df88e1515e1147439f3b8f20781d28a7 - - default default] Floating IP b6658520-38e5-479c-9e76-43d39cc96a49 disassociated. External IP: 10.96.250.209, port: 3007d1df-3844-435c-9934-073f94ce412a.
2026-09-19 03:11:27.440 9 INFO neutron.api.wsgi [req-da9e9c98-cfee-4004-831b-23986219311c req-c5c2fdf2-57a0-4ca3-afb6-84167afc1a17 4532e34d970f492685081a27c291163a 9f548cb075c5431482fe8ea4ea88c375 - - b946b65d030e4b1d9c349941185b1eec b946b65d030e4b1d9c349941185b1eec] 162.253.55.193 "GET /v2.0/floatingips?fixed_ip_address=10.100.0.10&port_id=70ab3516-2688-4ca1-89d4-75775ed8396d HTTP/1.1" status: 200 len: 1060 time: 0.0453403
2026-09-19 03:11:27.469 9 INFO neutron.api.wsgi [req-da9e9c98-cfee-4004-831b-23986219311c req-cacc3889-0b9b-4472-a47f-3784626ab6cb 4532e34d970f492685081a27c291163a 9f548cb075c5431482fe8ea4ea88c375 - - b946b65d030e4b1d9c349941185b1eec b946b65d030e4b1d9c349941185b1eec] 162.253.55.193 "GET /v2.0/subnets?id=a9e88d88-f697-4372-ae0c-e537eb8e0105 HTTP/1.1" status: 200 len: 893 time: 0.0253901
2026-09-19 03:11:27.495 9 INFO neutron.api.wsgi [req-da9e9c98-cfee-4004-831b-23986219311c req-ce93cea9-db38-411a-8cb4-349ee28ac0ef 4532e34d970f492685081a27c291163a 9f548cb075c5431482fe8ea4ea88c375 - - b946b65d030e4b1d9c349941185b1eec b946b65d030e4b1d9c349941185b1eec] 162.253.55.193 "GET /v2.0/ports?network_id=321a5d95-e280-4e35-a260-dd763304f9d8&device_owner=network%3Adhcp HTTP/1.1" status: 200 len: 210 time: 0.0199015
2026-09-19 03:11:27.497 10 INFO neutron.api.wsgi [None req-7292ed0d-79e0-4fc9-9fa1-b96ae5d1eb5f 1a77308039fd423d831ad89f385a318b 94ff84ec4abe4a7bbe77f85d43b15b23 - - default default] 10.0.0.217 "DELETE /v2.0/subnets/138daca9-55f0-4b5d-86ab-18c90117360a HTTP/1.1" status: 204 len: 168 time: 0.2657206 /var/lib/openstack/lib/python3.12/site-packages/pycadf/identifier.py:71: UserWarning: Invalid uuid: neutron. To ensure interoperability, identifiers should be a valid uuid. warnings.warn(('Invalid uuid: %s. To ensure interoperability, '
2026-09-19 03:11:27.523 10 INFO neutron.api.wsgi [req-7e6da1c8-02ef-4c1b-a823-daac35485353 req-39d84e4f-a255-40d5-ba87-17afe43c6c6e 2cbbf2aa3c724ead97d43d114fe4e49d df88e1515e1147439f3b8f20781d28a7 - - default default] 10.0.0.185 "GET /v2.0/ports?device_id=314fa387-ed27-423b-aa28-d107b01f50e7 HTTP/1.1" status: 200 len: 210 time: 0.0204301
2026-09-19 03:11:27.529 9 INFO neutron.api.wsgi [req-da9e9c98-cfee-4004-831b-23986219311c req-8b54a1da-136e-4411-9706-4893d575126c 4532e34d970f492685081a27c291163a 9f548cb075c5431482fe8ea4ea88c375 - - b946b65d030e4b1d9c349941185b1eec b946b65d030e4b1d9c349941185b1eec] 162.253.55.193 "GET /v2.0/networks/321a5d95-e280-4e35-a260-dd763304f9d8?fields=segments HTTP/1.1" status: 200 len: 212 time: 0.0303001
2026-09-19 03:11:27.559 10 INFO neutron.api.wsgi [req-80b6a2df-c843-4a58-82ea-3ffb7958da94 req-f445d752-77d4-4ecb-9bf5-16c856d46eaf 2cbbf2aa3c724ead97d43d114fe4e49d df88e1515e1147439f3b8f20781d28a7 - - default default] 162.253.55.193 "DELETE /v2.0/ports/3007d1df-3844-435c-9934-073f94ce412a HTTP/1.1" status: 204 len: 173 time: 0.5673430
2026-09-19 03:11:27.572 9 INFO neutron.api.wsgi [req-da9e9c98-cfee-4004-831b-23986219311c req-96339f05-b400-4802-b140-b95792f27010 4532e34d970f492685081a27c291163a 9f548cb075c5431482fe8ea4ea88c375 - - b946b65d030e4b1d9c349941185b1eec b946b65d030e4b1d9c349941185b1eec] 162.253.55.193 "GET /v2.0/networks/321a5d95-e280-4e35-a260-dd763304f9d8?fields=provider%3Aphysical_network&fields=provider%3Anetwork_type HTTP/1.1" status: 200 len: 277 time: 0.0371575
2026-09-19 03:11:27.850 10 INFO neutron.api.wsgi [None req-5ec67e69-5d9e-4813-9132-f708788c4749 1a77308039fd423d831ad89f385a318b 94ff84ec4abe4a7bbe77f85d43b15b23 - - default default] 10.0.0.217 "DELETE /v2.0/networks/c521d1a6-76ea-4553-81f5-5431caa6875f HTTP/1.1" status: 204 len: 168 time: 0.3495209
2026-09-19 03:11:27.897 9 INFO neutron.notifiers.nova [-] Nova event matching ['req-7efa43a4-be21-4b4d-85c5-3fdf6835561d'] response: {'server_uuid': '314fa387-ed27-423b-aa28-d107b01f50e7', 'name': 'network-vif-unplugged', 'status': 'completed', 'tag': '3007d1df-3844-435c-9934-073f94ce412a', 'code': 200}
2026-09-19 03:11:27.987 10 INFO neutron.api.wsgi [None req-1b9ebc40-d6e4-406f-8ee1-ed10d59aee48 1a77308039fd423d831ad89f385a318b 94ff84ec4abe4a7bbe77f85d43b15b23 - - default default] 10.0.0.217 "GET /v2.0/security-groups?tenant_id=7998728d804740caa0911ac31ebd5873&name=default HTTP/1.1" status: 200 len: 3116 time: 0.0360129
2026-09-19 03:11:28.203 9 INFO neutron.api.wsgi [None req-98f41449-8fbc-4224-8f7d-2a3cf7e09768 1a77308039fd423d831ad89f385a318b 94ff84ec4abe4a7bbe77f85d43b15b23 - - default default] 10.0.0.217 "DELETE /v2.0/security-groups/5fa51728-d770-4cc1-84b2-66b3f0003a7b HTTP/1.1" status: 204 len: 168 time: 0.2122481
2026-09-19 03:11:28.285 10 INFO neutron.services.segments.plugin [-] Segment 284376a2-74ab-4473-a6a5-97667e0fe5ef resource provider aggregate not found
2026-09-19 03:11:28.301 10 INFO neutron.services.segments.plugin [-] Segment 284376a2-74ab-4473-a6a5-97667e0fe5ef resource provider not found; error: Placement Client Error (4xx): {"errors": [{"status": 404, "title": "Not Found", "detail": "The resource could not be found.\n\n No resource provider with uuid 284376a2-74ab-4473-a6a5-97667e0fe5ef found for delete ", "request_id": "req-40c2b31a-f8ef-4a0d-922b-a86627d83745"}]}
2026-09-19 03:11:28.330 10 INFO neutron.services.segments.plugin [-] Segment 284376a2-74ab-4473-a6a5-97667e0fe5ef resource provider aggregate not found
2026-09-19 03:11:28.344 10 INFO neutron.services.segments.plugin [-] Segment 284376a2-74ab-4473-a6a5-97667e0fe5ef resource provider not found; error: Placement Client Error (4xx): {"errors": [{"status": 404, "title": "Not Found", "detail": "The resource could not be found.\n\n No resource provider with uuid 284376a2-74ab-4473-a6a5-97667e0fe5ef found for delete ", "request_id": "req-d753975e-caec-4575-9fa8-a3d8cf176178"}]}
2026-09-19 03:11:28.607 10 INFO neutron.api.wsgi [req-2aaa6c1b-ea0d-4ce9-ae39-ed1486c2a105 req-749f7b71-7570-48c1-90c6-ee3b2b16d3ab 2cbbf2aa3c724ead97d43d114fe4e49d df88e1515e1147439f3b8f20781d28a7 - - default default] 10.0.0.185 "GET /v2.0/ports?device_id=314fa387-ed27-423b-aa28-d107b01f50e7 HTTP/1.1" status: 200 len: 210 time: 0.0208225
2026-09-19 03:11:28.815 10 INFO neutron.notifiers.nova [-] Nova event matching ['req-4b9c4e39-8962-4da6-9e27-92ff47530ef0'] response: {'server_uuid': '314fa387-ed27-423b-aa28-d107b01f50e7', 'name': 'network-vif-deleted', 'tag': '3007d1df-3844-435c-9934-073f94ce412a', 'status': 'completed', 'code': 200}
2026-09-19 03:11:29.712 10 INFO neutron.api.wsgi [req-d10c197a-ac97-4192-8170-881d65cfe706 req-191a40d8-c7b7-45a3-b100-af4f8212a186 2cbbf2aa3c724ead97d43d114fe4e49d df88e1515e1147439f3b8f20781d28a7 - - default default] 10.0.0.185 "GET /v2.0/ports?device_id=314fa387-ed27-423b-aa28-d107b01f50e7 HTTP/1.1" status: 200 len: 210 time: 0.0185683
2026-09-19 03:11:30.810 10 INFO neutron.api.wsgi [req-f72ecd3d-534b-43b7-8f42-aa36de6b29a4 req-f840182f-f608-4c1f-89f8-5e0cab7d71c8 2cbbf2aa3c724ead97d43d114fe4e49d df88e1515e1147439f3b8f20781d28a7 - - default default] 10.0.0.185 "GET /v2.0/ports?device_id=314fa387-ed27-423b-aa28-d107b01f50e7 HTTP/1.1" status: 200 len: 210 time: 0.0179999
2026-09-19 03:11:31.413 9 INFO neutron.api.wsgi [req-76448875-083e-45ee-a801-66b519b2e326 req-46a0d5af-5c0f-4299-8fa9-80a233b88997 4532e34d970f492685081a27c291163a 9f548cb075c5431482fe8ea4ea88c375 - - b946b65d030e4b1d9c349941185b1eec b946b65d030e4b1d9c349941185b1eec] 10.0.0.110 "GET /v2.0/ports?device_id=a57dfa4a-627f-4119-ba73-d74e245613f1 HTTP/1.1" status: 200 len: 1413 time: 0.3265979
2026-09-19 03:11:31.453 9 INFO neutron.api.wsgi [req-76448875-083e-45ee-a801-66b519b2e326 req-40ef46d0-ddae-41ea-8516-f653518299e7 4532e34d970f492685081a27c291163a 9f548cb075c5431482fe8ea4ea88c375 - - b946b65d030e4b1d9c349941185b1eec b946b65d030e4b1d9c349941185b1eec] 10.0.0.110 "GET /v2.0/security-groups?id=30cf308b-26f0-4896-a708-cddb396c675d&fields=id&fields=name HTTP/1.1" status: 200 len: 313 time: 0.0351119
2026-09-19 03:11:31.721 10 INFO neutron.api.wsgi [-] 10.0.0.236 "GET / HTTP/1.1" status: 200 len: 247 time: 0.0021656
2026-09-19 03:11:31.724 9 INFO neutron.api.wsgi [-] 10.0.0.236 "GET / HTTP/1.1" status: 200 len: 247 time: 0.0027850
2026-09-19 03:11:31.991 10 INFO neutron.api.wsgi [None req-8f6e8f70-7b52-4d3e-94cb-3b1398201047 2cbbf2aa3c724ead97d43d114fe4e49d df88e1515e1147439f3b8f20781d28a7 - - default default] 10.0.0.217 "DELETE /v2.0/security-groups/3b8c1d89-cd45-4594-a711-fc42d0b73f20 HTTP/1.1" status: 204 len: 168 time: 0.0999880
2026-09-19 03:11:32.002 10 INFO neutron.api.v2.resource [None req-0c575325-0c84-4f2b-99b0-c2206aa45b77 2cbbf2aa3c724ead97d43d114fe4e49d df88e1515e1147439f3b8f20781d28a7 - - default default] show failed (client error): The resource could not be found.
2026-09-19 03:11:32.003 10 INFO neutron.api.wsgi [None req-0c575325-0c84-4f2b-99b0-c2206aa45b77 2cbbf2aa3c724ead97d43d114fe4e49d df88e1515e1147439f3b8f20781d28a7 - - default default] 10.0.0.217 "GET /v2.0/security-groups/3b8c1d89-cd45-4594-a711-fc42d0b73f20 HTTP/1.1" status: 404 len: 347 time: 0.0075693
2026-09-19 03:11:32.239 10 INFO neutron.api.wsgi [None req-c6935ee1-b435-4b24-ad19-5939b0ab8158 2cbbf2aa3c724ead97d43d114fe4e49d df88e1515e1147439f3b8f20781d28a7 - - default default] 10.0.0.217 "DELETE /v2.0/floatingips/b6658520-38e5-479c-9e76-43d39cc96a49 HTTP/1.1" status: 204 len: 168 time: 0.2323732
2026-09-19 03:11:33.454 10 INFO neutron.api.wsgi [None req-5b577e97-5a81-4e1a-85cb-4e0d43b5cf3f 1a77308039fd423d831ad89f385a318b 94ff84ec4abe4a7bbe77f85d43b15b23 - - default default] 10.0.0.217 "PUT /v2.0/routers/353169ea-0c2c-4897-8c97-c5f2c8cbea51/remove_router_interface HTTP/1.1" status: 200 len: 503 time: 1.2110162 /var/lib/openstack/lib/python3.12/site-packages/pycadf/identifier.py:71: UserWarning: Invalid uuid: neutron. To ensure interoperability, identifiers should be a valid uuid. warnings.warn(('Invalid uuid: %s. To ensure interoperability, '
2026-09-19 03:11:33.779 10 INFO neutron.api.wsgi [req-9f6606d3-72c2-4519-9754-ab53a492f950 req-51cf5cd6-6643-4e43-8576-e3610998230e 4532e34d970f492685081a27c291163a 9f548cb075c5431482fe8ea4ea88c375 - - b946b65d030e4b1d9c349941185b1eec b946b65d030e4b1d9c349941185b1eec] 10.0.0.110 "GET /v2.0/ports?device_id=328a36d1-19c4-4dbb-8f1c-961b54bf4f20 HTTP/1.1" status: 200 len: 1413 time: 0.1962767
2026-09-19 03:11:33.846 10 INFO neutron.api.wsgi [req-9f6606d3-72c2-4519-9754-ab53a492f950 req-51ccfac7-5867-4a79-9850-7a82e7781e36 4532e34d970f492685081a27c291163a 9f548cb075c5431482fe8ea4ea88c375 - - b946b65d030e4b1d9c349941185b1eec b946b65d030e4b1d9c349941185b1eec] 10.0.0.110 "GET /v2.0/security-groups?id=3f2a30cd-8f4d-46ed-9a4e-8688d10aa904&fields=id&fields=name HTTP/1.1" status: 200 len: 313 time: 0.0594466
2026-09-19 03:11:33.857 10 INFO neutron.db.ovn_revision_numbers_db [None req-c9c7040b-d6b7-46dd-80bc-957d3d661be2 1a77308039fd423d831ad89f385a318b 94ff84ec4abe4a7bbe77f85d43b15b23 - - default default] Successfully bumped revision number for resource 383967dd-4c73-4494-aca9-237358bee47e (type: security_groups) to 1
2026-09-19 03:11:33.877 10 INFO neutron.db.ovn_revision_numbers_db [None req-c9c7040b-d6b7-46dd-80bc-957d3d661be2 1a77308039fd423d831ad89f385a318b 94ff84ec4abe4a7bbe77f85d43b15b23 - - default default] Successfully bumped revision number for resource 1292b250-095c-49ae-ac80-3dc130ed16ef (type: security_group_rules) to 0
2026-09-19 03:11:33.892 10 INFO neutron.db.ovn_revision_numbers_db [None req-c9c7040b-d6b7-46dd-80bc-957d3d661be2 1a77308039fd423d831ad89f385a318b 94ff84ec4abe4a7bbe77f85d43b15b23 - - default default] Successfully bumped revision number for resource 5fc0397b-d6ae-4199-a7e2-e114903e1c9d (type: security_group_rules) to 0
2026-09-19 03:11:33.908 10 INFO neutron.db.ovn_revision_numbers_db [None req-c9c7040b-d6b7-46dd-80bc-957d3d661be2 1a77308039fd423d831ad89f385a318b 94ff84ec4abe4a7bbe77f85d43b15b23 - - default default] Successfully bumped revision number for resource 8e2c9bb8-2403-4165-877d-01219256d45b (type: security_group_rules) to 0
2026-09-19 03:11:33.931 10 INFO neutron.db.ovn_revision_numbers_db [None req-c9c7040b-d6b7-46dd-80bc-957d3d661be2 1a77308039fd423d831ad89f385a318b 94ff84ec4abe4a7bbe77f85d43b15b23 - - default default] Successfully bumped revision number for resource 9cf74105-f277-46df-ab41-eec0a9c1eab6 (type: security_group_rules) to 0
2026-09-19 03:11:33.977 10 INFO neutron.api.wsgi [None req-c9c7040b-d6b7-46dd-80bc-957d3d661be2 1a77308039fd423d831ad89f385a318b 94ff84ec4abe4a7bbe77f85d43b15b23 - - default default] 10.0.0.217 "GET /v2.0/security-groups?tenant_id=0256b717ce4c4dc9a8a7e609047c68b6&name=default HTTP/1.1" status: 200 len: 3120 time: 0.4074101
2026-09-19 03:11:34.194 9 INFO neutron.api.wsgi [None req-59bbf77e-c138-4f6c-a745-c20643ed7209 1a77308039fd423d831ad89f385a318b 94ff84ec4abe4a7bbe77f85d43b15b23 - - default default] 10.0.0.217 "DELETE /v2.0/routers/353169ea-0c2c-4897-8c97-c5f2c8cbea51 HTTP/1.1" status: 204 len: 168 time: 0.7318621
2026-09-19 03:11:34.260 10 INFO neutron.api.wsgi [None req-5fd241fb-8e31-46e8-85dc-f0dd50dfbfd7 1a77308039fd423d831ad89f385a318b 94ff84ec4abe4a7bbe77f85d43b15b23 - - default default] 10.0.0.217 "DELETE /v2.0/security-groups/383967dd-4c73-4494-aca9-237358bee47e HTTP/1.1" status: 204 len: 168 time: 0.2778015
2026-09-19 03:11:34.337 9 INFO neutron.api.wsgi [None req-403ea796-532e-43fa-a6f7-c3f0eceb26b7 1a77308039fd423d831ad89f385a318b 94ff84ec4abe4a7bbe77f85d43b15b23 - - default default] 10.0.0.217 "DELETE /v2.0/subnets/52044d09-0495-4d44-84b8-c0ca31376260 HTTP/1.1" status: 204 len: 168 time: 0.1393321
2026-09-19 03:11:34.513 10 INFO neutron.db.ovn_revision_numbers_db [None req-a6e85355-bd41-41fa-93ee-29b22219189f 1a77308039fd423d831ad89f385a318b 94ff84ec4abe4a7bbe77f85d43b15b23 - - default default] Successfully bumped revision number for resource b9f801b1-ad7b-4aa6-b712-aece32a8daf2 (type: security_groups) to 1
2026-09-19 03:11:34.524 10 INFO neutron.db.ovn_revision_numbers_db [None req-a6e85355-bd41-41fa-93ee-29b22219189f 1a77308039fd423d831ad89f385a318b 94ff84ec4abe4a7bbe77f85d43b15b23 - - default default] Successfully bumped revision number for resource 7a6101a4-f16c-48f6-a91b-f62e77edeb01 (type: security_group_rules) to 0
2026-09-19 03:11:34.543 10 INFO neutron.db.ovn_revision_numbers_db [None req-a6e85355-bd41-41fa-93ee-29b22219189f 1a77308039fd423d831ad89f385a318b 94ff84ec4abe4a7bbe77f85d43b15b23 - - default default] Successfully bumped revision number for resource 8081ec58-59d8-4799-ba31-f24d41261d6f (type: security_group_rules) to 0
2026-09-19 03:11:34.557 10 INFO neutron.db.ovn_revision_numbers_db [None req-a6e85355-bd41-41fa-93ee-29b22219189f 1a77308039fd423d831ad89f385a318b 94ff84ec4abe4a7bbe77f85d43b15b23 - - default default] Successfully bumped revision number for resource 83a2b81b-ec97-43c4-8206-931b0d3a2b6c (type: security_group_rules) to 0
2026-09-19 03:11:34.568 10 INFO neutron.db.ovn_revision_numbers_db [None req-a6e85355-bd41-41fa-93ee-29b22219189f 1a77308039fd423d831ad89f385a318b 94ff84ec4abe4a7bbe77f85d43b15b23 - - default default] Successfully bumped revision number for resource 879393f6-a47f-447a-81af-89fae3f13113 (type: security_group_rules) to 0
2026-09-19 03:11:34.596 10 INFO neutron.api.wsgi [None req-a6e85355-bd41-41fa-93ee-29b22219189f 1a77308039fd423d831ad89f385a318b 94ff84ec4abe4a7bbe77f85d43b15b23 - - default default] 10.0.0.217 "GET /v2.0/security-groups?tenant_id=1dba2bdb4c4743b0b06273974c80138e&name=default HTTP/1.1" status: 200 len: 3120 time: 0.2159839
2026-09-19 03:11:34.611 9 INFO neutron.services.segments.plugin [-] Segment 5ca0e742-71ca-4f42-a738-cd2b36445347 resource provider aggregate not found
2026-09-19 03:11:34.617 9 INFO neutron.services.segments.plugin [-] Segment 5ca0e742-71ca-4f42-a738-cd2b36445347 resource provider aggregate not found
2026-09-19 03:11:34.623 9 INFO neutron.services.segments.plugin [-] Segment 5ca0e742-71ca-4f42-a738-cd2b36445347 resource provider not found; error: Placement Client Error (4xx): {"errors": [{"status": 404, "title": "Not Found", "detail": "The resource could not be found.\n\n No resource provider with uuid 5ca0e742-71ca-4f42-a738-cd2b36445347 found for delete ", "request_id": "req-2920c310-e1cb-4343-8f68-a1e99b3f7f5d"}]}
2026-09-19 03:11:34.640 9 INFO neutron.services.segments.plugin [-] Segment 5ca0e742-71ca-4f42-a738-cd2b36445347 resource provider not found; error: Placement Client Error (4xx): {"errors": [{"status": 404, "title": "Not Found", "detail": "The resource could not be found.\n\n No resource provider with uuid 5ca0e742-71ca-4f42-a738-cd2b36445347 found for delete ", "request_id": "req-fd9340e2-e042-463b-b81b-95134fc9f02b"}]}
2026-09-19 03:11:34.653 9 INFO neutron.api.wsgi [None req-0a243567-da7e-438d-a8c2-9954bdd2af9f 1a77308039fd423d831ad89f385a318b 94ff84ec4abe4a7bbe77f85d43b15b23 - - default default] 10.0.0.217 "DELETE /v2.0/networks/56f2b8c0-1802-4582-b230-8c00f1a1a868 HTTP/1.1" status: 204 len: 168 time: 0.3091614
2026-09-19 03:11:34.815 9 INFO neutron.api.wsgi [None req-ed31fe87-046c-4651-b5c2-5f13e9abb31f 1a77308039fd423d831ad89f385a318b 94ff84ec4abe4a7bbe77f85d43b15b23 - - default default] 10.0.0.217 "DELETE /v2.0/security-groups/b9f801b1-ad7b-4aa6-b712-aece32a8daf2 HTTP/1.1" status: 204 len: 168 time: 0.2140293
2026-09-19 03:11:34.861 9 INFO neutron.api.wsgi [None req-be3816fb-65e7-45a1-9c53-35c88bbb0990 1a77308039fd423d831ad89f385a318b 94ff84ec4abe4a7bbe77f85d43b15b23 - - default default] 10.0.0.217 "GET /v2.0/security-groups?tenant_id=df88e1515e1147439f3b8f20781d28a7&name=default HTTP/1.1" status: 200 len: 3120 time: 0.0263374
2026-09-19 03:11:35.048 9 INFO neutron.api.wsgi [None req-8353bb96-f745-46e9-9f5f-4906469fb90e 1a77308039fd423d831ad89f385a318b 94ff84ec4abe4a7bbe77f85d43b15b23 - - default default] 10.0.0.217 "DELETE /v2.0/security-groups/fb481e1b-dbdb-4353-94e2-6984f9908119 HTTP/1.1" status: 204 len: 168 time: 0.1833038
2026-09-19 03:11:35.589 10 INFO neutron.api.wsgi [req-42d535f9-ab8f-44f3-8cd9-b51911eda611 req-0cfa1988-052d-4469-a8c1-c8bd51349892 b0bf3c819d8b4e20b1da664b436e7072 e020c6dd77af4a2ba61d0f4fea77ab56 - - default default] 10.0.0.185 "GET /v2.0/ports?device_id=a57dfa4a-627f-4119-ba73-d74e245613f1 HTTP/1.1" status: 200 len: 1174 time: 0.1139069
2026-09-19 03:11:35.704 10 INFO neutron.api.wsgi [req-cc9d7e9e-4eb9-45b0-9db4-04ba2aff49e9 req-7bc5c7fe-4930-4ab5-81a4-0f9947bb6123 b0bf3c819d8b4e20b1da664b436e7072 e020c6dd77af4a2ba61d0f4fea77ab56 - - default default] 10.0.0.185 "GET /v2.0/ports/ad965b72-0dd6-4055-b8c7-6fbe52bab8c8 HTTP/1.1" status: 200 len: 1171 time: 0.0478499
2026-09-19 03:11:36.341 9 INFO neutron.api.wsgi [req-973ea277-52c4-4b33-96ba-94ada2526191 req-35640f7e-e573-4287-bb7b-36cdef5f2895 b0bf3c819d8b4e20b1da664b436e7072 e020c6dd77af4a2ba61d0f4fea77ab56 - - default default] 162.253.55.193 "GET /v2.0/subnets?network_id=b2cf9599-06b7-4d38-9e2e-2c28bd08ac10 HTTP/1.1" status: 200 len: 883 time: 0.0253711
2026-09-19 03:11:36.416 9 INFO neutron.api.wsgi [req-973ea277-52c4-4b33-96ba-94ada2526191 req-4d30b0ef-6712-4ec4-b6ff-bea368364536 b0bf3c819d8b4e20b1da664b436e7072 e020c6dd77af4a2ba61d0f4fea77ab56 - - default default] 162.253.55.193 "GET /v2.0/ports?device_id=a57dfa4a-627f-4119-ba73-d74e245613f1&device_owner=compute%3Anova&network_id=b2cf9599-06b7-4d38-9e2e-2c28bd08ac10 HTTP/1.1" status: 200 len: 1174 time: 0.0690651
2026-09-19 03:11:37.146 9 INFO neutron.db.ovn_revision_numbers_db [req-973ea277-52c4-4b33-96ba-94ada2526191 req-c6ee4182-9ce0-45e1-9072-92170b6f7302 b0bf3c819d8b4e20b1da664b436e7072 e020c6dd77af4a2ba61d0f4fea77ab56 - - default default] Successfully bumped revision number for resource ad965b72-0dd6-4055-b8c7-6fbe52bab8c8 (type: ports) to 6
2026-09-19 03:11:37.155 9 INFO neutron.api.wsgi [req-973ea277-52c4-4b33-96ba-94ada2526191 req-c6ee4182-9ce0-45e1-9072-92170b6f7302 b0bf3c819d8b4e20b1da664b436e7072 e020c6dd77af4a2ba61d0f4fea77ab56 - - default default] 162.253.55.193 "PUT /v2.0/ports/ad965b72-0dd6-4055-b8c7-6fbe52bab8c8 HTTP/1.1" status: 200 len: 1349 time: 0.7352793
2026-09-19 03:11:37.200 9 INFO neutron.notifiers.nova [-] Nova event matching ['req-a043cfe0-502e-4876-b9d6-75ba97b5b480'] response: {'name': 'network-changed', 'server_uuid': 'a57dfa4a-627f-4119-ba73-d74e245613f1', 'tag': 'ad965b72-0dd6-4055-b8c7-6fbe52bab8c8', 'status': 'completed', 'code': 200} /var/lib/openstack/lib/python3.12/site-packages/pycadf/identifier.py:71: UserWarning: Invalid uuid: neutron. To ensure interoperability, identifiers should be a valid uuid. warnings.warn(('Invalid uuid: %s. To ensure interoperability, '
2026-09-19 03:11:37.721 9 INFO neutron.api.wsgi [req-973ea277-52c4-4b33-96ba-94ada2526191 req-35f1a31a-652a-40f1-a7fd-d2b4f568b304 4532e34d970f492685081a27c291163a 9f548cb075c5431482fe8ea4ea88c375 - - b946b65d030e4b1d9c349941185b1eec b946b65d030e4b1d9c349941185b1eec] 162.253.55.193 "GET /v2.0/ports?tenant_id=e020c6dd77af4a2ba61d0f4fea77ab56&device_id=a57dfa4a-627f-4119-ba73-d74e245613f1 HTTP/1.1" status: 200 len: 1590 time: 0.0548151
2026-09-19 03:11:37.772 9 INFO neutron.api.wsgi [req-973ea277-52c4-4b33-96ba-94ada2526191 req-35331bd3-6565-49d3-901a-205f0e01cdd0 4532e34d970f492685081a27c291163a 9f548cb075c5431482fe8ea4ea88c375 - - b946b65d030e4b1d9c349941185b1eec b946b65d030e4b1d9c349941185b1eec] 162.253.55.193 "GET /v2.0/networks?id=b2cf9599-06b7-4d38-9e2e-2c28bd08ac10 HTTP/1.1" status: 200 len: 982 time: 0.0464964
2026-09-19 03:11:37.813 9 INFO neutron.api.wsgi [req-973ea277-52c4-4b33-96ba-94ada2526191 req-106d9121-607b-45a2-994a-6415527ba6aa 4532e34d970f492685081a27c291163a 9f548cb075c5431482fe8ea4ea88c375 - - b946b65d030e4b1d9c349941185b1eec b946b65d030e4b1d9c349941185b1eec] 162.253.55.193 "GET /v2.0/floatingips?fixed_ip_address=10.100.0.12&port_id=ad965b72-0dd6-4055-b8c7-6fbe52bab8c8 HTTP/1.1" status: 200 len: 1060 time: 0.0373862
2026-09-19 03:11:37.834 9 INFO neutron.api.wsgi [req-973ea277-52c4-4b33-96ba-94ada2526191 req-730a1067-9873-4178-b8b1-9a6bb3f8f549 4532e34d970f492685081a27c291163a 9f548cb075c5431482fe8ea4ea88c375 - - b946b65d030e4b1d9c349941185b1eec b946b65d030e4b1d9c349941185b1eec] 162.253.55.193 "GET /v2.0/floatingips?fixed_ip_address=10.100.0.6&port_id=ad965b72-0dd6-4055-b8c7-6fbe52bab8c8 HTTP/1.1" status: 200 len: 217 time: 0.0150506
2026-09-19 03:11:37.862 9 INFO neutron.api.wsgi [req-973ea277-52c4-4b33-96ba-94ada2526191 req-cb7bc610-affd-47a6-9c61-4cf36ce81b7d 4532e34d970f492685081a27c291163a 9f548cb075c5431482fe8ea4ea88c375 - - b946b65d030e4b1d9c349941185b1eec b946b65d030e4b1d9c349941185b1eec] 162.253.55.193 "GET /v2.0/subnets?id=c318d120-3666-4ce6-be5a-17f8cee22fb0 HTTP/1.1" status: 200 len: 901 time: 0.0241635
2026-09-19 03:11:37.878 9 INFO neutron.api.wsgi [req-973ea277-52c4-4b33-96ba-94ada2526191 req-423bc393-fa92-4b35-9f6e-e6a7b8fbaf1e 4532e34d970f492685081a27c291163a 9f548cb075c5431482fe8ea4ea88c375 - - b946b65d030e4b1d9c349941185b1eec b946b65d030e4b1d9c349941185b1eec] 162.253.55.193 "GET /v2.0/ports?network_id=b2cf9599-06b7-4d38-9e2e-2c28bd08ac10&device_owner=network%3Adhcp HTTP/1.1" status: 200 len: 210 time: 0.0123775
2026-09-19 03:11:37.929 9 INFO neutron.api.wsgi [req-973ea277-52c4-4b33-96ba-94ada2526191 req-6a8a3820-07f0-4361-9683-1be92a9a26c2 4532e34d970f492685081a27c291163a 9f548cb075c5431482fe8ea4ea88c375 - - b946b65d030e4b1d9c349941185b1eec b946b65d030e4b1d9c349941185b1eec] 162.253.55.193 "GET /v2.0/networks/b2cf9599-06b7-4d38-9e2e-2c28bd08ac10?fields=segments HTTP/1.1" status: 200 len: 212 time: 0.0459194
2026-09-19 03:11:37.973 9 INFO neutron.api.wsgi [req-973ea277-52c4-4b33-96ba-94ada2526191 req-2f277809-c0c5-49cf-98e5-199696c45165 4532e34d970f492685081a27c291163a 9f548cb075c5431482fe8ea4ea88c375 - - b946b65d030e4b1d9c349941185b1eec b946b65d030e4b1d9c349941185b1eec] 162.253.55.193 "GET /v2.0/networks/b2cf9599-06b7-4d38-9e2e-2c28bd08ac10?fields=provider%3Aphysical_network&fields=provider%3Anetwork_type HTTP/1.1" status: 200 len: 277 time: 0.0376091
2026-09-19 03:11:38.211 9 INFO neutron.db.ovn_revision_numbers_db [None req-86059edf-3dee-4510-a5dd-a8c0f7993cff 1a77308039fd423d831ad89f385a318b 94ff84ec4abe4a7bbe77f85d43b15b23 - - default default] Successfully bumped revision number for resource 21f142cf-5a54-4c6d-a808-c38ab4040879 (type: security_groups) to 1
2026-09-19 03:11:38.222 9 INFO neutron.db.ovn_revision_numbers_db [None req-86059edf-3dee-4510-a5dd-a8c0f7993cff 1a77308039fd423d831ad89f385a318b 94ff84ec4abe4a7bbe77f85d43b15b23 - - default default] Successfully bumped revision number for resource 0530d72d-5ba6-4955-8aa3-939a1ee70bb3 (type: security_group_rules) to 0
2026-09-19 03:11:38.232 9 INFO neutron.db.ovn_revision_numbers_db [None req-86059edf-3dee-4510-a5dd-a8c0f7993cff 1a77308039fd423d831ad89f385a318b 94ff84ec4abe4a7bbe77f85d43b15b23 - - default default] Successfully bumped revision number for resource 6a800a72-9ef1-4a67-9c86-2d3f14c2db2f (type: security_group_rules) to 0
2026-09-19 03:11:38.243 9 INFO neutron.db.ovn_revision_numbers_db [None req-86059edf-3dee-4510-a5dd-a8c0f7993cff 1a77308039fd423d831ad89f385a318b 94ff84ec4abe4a7bbe77f85d43b15b23 - - default default] Successfully bumped revision number for resource b329fa9a-a9c4-41f7-b44c-898186ffff89 (type: security_group_rules) to 0
2026-09-19 03:11:38.256 9 INFO neutron.db.ovn_revision_numbers_db [None req-86059edf-3dee-4510-a5dd-a8c0f7993cff 1a77308039fd423d831ad89f385a318b 94ff84ec4abe4a7bbe77f85d43b15b23 - - default default] Successfully bumped revision number for resource dfe5ba2f-5fbf-4592-ac4f-913618918c17 (type: security_group_rules) to 0
2026-09-19 03:11:38.285 9 INFO neutron.api.wsgi [None req-86059edf-3dee-4510-a5dd-a8c0f7993cff 1a77308039fd423d831ad89f385a318b 94ff84ec4abe4a7bbe77f85d43b15b23 - - default default] 10.0.0.217 "GET /v2.0/security-groups?tenant_id=0150a3a61539495ca658f074f4b33ebd&name=default HTTP/1.1" status: 200 len: 3120 time: 0.2797306
2026-09-19 03:11:38.459 9 INFO neutron.api.wsgi [None req-96f1c472-61b2-4899-8966-23566973f261 1a77308039fd423d831ad89f385a318b 94ff84ec4abe4a7bbe77f85d43b15b23 - - default default] 10.0.0.217 "DELETE /v2.0/security-groups/21f142cf-5a54-4c6d-a808-c38ab4040879 HTTP/1.1" status: 204 len: 168 time: 0.1703210
2026-09-19 03:11:39.012 9 INFO neutron.api.wsgi [req-384130b1-b618-41be-b3cf-cc1bd954ee72 req-a545915c-faac-4186-a00a-b809a1d265aa 4532e34d970f492685081a27c291163a 9f548cb075c5431482fe8ea4ea88c375 - - b946b65d030e4b1d9c349941185b1eec b946b65d030e4b1d9c349941185b1eec] 162.253.55.193 "GET /v2.0/ports?tenant_id=e020c6dd77af4a2ba61d0f4fea77ab56&device_id=a57dfa4a-627f-4119-ba73-d74e245613f1 HTTP/1.1" status: 200 len: 1590 time: 0.0266564
2026-09-19 03:11:39.052 9 INFO neutron.api.wsgi [req-384130b1-b618-41be-b3cf-cc1bd954ee72 req-ff59eaea-1f48-4963-a08b-5d32291085db 4532e34d970f492685081a27c291163a 9f548cb075c5431482fe8ea4ea88c375 - - b946b65d030e4b1d9c349941185b1eec b946b65d030e4b1d9c349941185b1eec] 162.253.55.193 "GET /v2.0/networks?id=b2cf9599-06b7-4d38-9e2e-2c28bd08ac10 HTTP/1.1" status: 200 len: 982 time: 0.0365045
2026-09-19 03:11:39.067 10 INFO neutron.api.wsgi [req-464abd72-15cf-437e-a450-6d3337c49aff req-18dc7973-6252-4dc6-b0b5-768e1d83d1b7 b0bf3c819d8b4e20b1da664b436e7072 e020c6dd77af4a2ba61d0f4fea77ab56 - - default default] 10.0.0.185 "GET /v2.0/ports?device_id=a57dfa4a-627f-4119-ba73-d74e245613f1 HTTP/1.1" status: 200 len: 1352 time: 0.0470784
2026-09-19 03:11:39.120 10 INFO neutron.api.wsgi [req-464abd72-15cf-437e-a450-6d3337c49aff req-a8374216-dd07-4ac2-8469-25448fb49d55 b0bf3c819d8b4e20b1da664b436e7072 e020c6dd77af4a2ba61d0f4fea77ab56 - - default default] 10.0.0.185 "GET /v2.0/security-groups?id=30cf308b-26f0-4896-a708-cddb396c675d&fields=id&fields=name HTTP/1.1" status: 200 len: 313 time: 0.0486808
2026-09-19 03:11:39.123 9 INFO neutron.api.wsgi [req-384130b1-b618-41be-b3cf-cc1bd954ee72 req-e67a47bf-98d3-4db4-8766-2ace2c7f227b 4532e34d970f492685081a27c291163a 9f548cb075c5431482fe8ea4ea88c375 - - b946b65d030e4b1d9c349941185b1eec b946b65d030e4b1d9c349941185b1eec] 162.253.55.193 "GET /v2.0/floatingips?fixed_ip_address=10.100.0.12&port_id=ad965b72-0dd6-4055-b8c7-6fbe52bab8c8 HTTP/1.1" status: 200 len: 1060 time: 0.0645273
2026-09-19 03:11:39.142 9 INFO neutron.api.wsgi [req-384130b1-b618-41be-b3cf-cc1bd954ee72 req-cfc78b86-3100-41bf-901b-7bc600397c01 4532e34d970f492685081a27c291163a 9f548cb075c5431482fe8ea4ea88c375 - - b946b65d030e4b1d9c349941185b1eec b946b65d030e4b1d9c349941185b1eec] 162.253.55.193 "GET /v2.0/floatingips?fixed_ip_address=10.100.0.6&port_id=ad965b72-0dd6-4055-b8c7-6fbe52bab8c8 HTTP/1.1" status: 200 len: 217 time: 0.0138621
2026-09-19 03:11:39.181 9 INFO neutron.api.wsgi [req-384130b1-b618-41be-b3cf-cc1bd954ee72 req-5fb7f4a8-e811-4a81-bec8-f3eaaa0c07c9 4532e34d970f492685081a27c291163a 9f548cb075c5431482fe8ea4ea88c375 - - b946b65d030e4b1d9c349941185b1eec b946b65d030e4b1d9c349941185b1eec] 162.253.55.193 "GET /v2.0/subnets?id=c318d120-3666-4ce6-be5a-17f8cee22fb0 HTTP/1.1" status: 200 len: 901 time: 0.0345478
2026-09-19 03:11:39.210 9 INFO neutron.api.wsgi [req-384130b1-b618-41be-b3cf-cc1bd954ee72 req-4cc815c4-40d6-4197-815f-c0c1655f1fca 4532e34d970f492685081a27c291163a 9f548cb075c5431482fe8ea4ea88c375 - - b946b65d030e4b1d9c349941185b1eec b946b65d030e4b1d9c349941185b1eec] 162.253.55.193 "GET /v2.0/ports?network_id=b2cf9599-06b7-4d38-9e2e-2c28bd08ac10&device_owner=network%3Adhcp HTTP/1.1" status: 200 len: 210 time: 0.0234659
2026-09-19 03:11:39.248 9 INFO neutron.api.wsgi [req-384130b1-b618-41be-b3cf-cc1bd954ee72 req-d789977a-63fb-4b62-8a62-a542ae03ce21 4532e34d970f492685081a27c291163a 9f548cb075c5431482fe8ea4ea88c375 - - b946b65d030e4b1d9c349941185b1eec b946b65d030e4b1d9c349941185b1eec] 162.253.55.193 "GET /v2.0/networks/b2cf9599-06b7-4d38-9e2e-2c28bd08ac10?fields=segments HTTP/1.1" status: 200 len: 212 time: 0.0314946
2026-09-19 03:11:39.290 9 INFO neutron.api.wsgi [req-384130b1-b618-41be-b3cf-cc1bd954ee72 req-3656f597-c93c-467b-8e30-9e8ec4fb2a1f 4532e34d970f492685081a27c291163a 9f548cb075c5431482fe8ea4ea88c375 - - b946b65d030e4b1d9c349941185b1eec b946b65d030e4b1d9c349941185b1eec] 162.253.55.193 "GET /v2.0/networks/b2cf9599-06b7-4d38-9e2e-2c28bd08ac10?fields=provider%3Aphysical_network&fields=provider%3Anetwork_type HTTP/1.1" status: 200 len: 277 time: 0.0364997
2026-09-19 03:11:39.837 10 INFO neutron.db.ovn_revision_numbers_db [None req-0cda56bb-9f92-4565-8053-2e9d649d789e 1a77308039fd423d831ad89f385a318b 94ff84ec4abe4a7bbe77f85d43b15b23 - - default default] Successfully bumped revision number for resource a50807d8-36eb-483b-bcba-6fd319854451 (type: security_groups) to 1
2026-09-19 03:11:39.850 10 INFO neutron.db.ovn_revision_numbers_db [None req-0cda56bb-9f92-4565-8053-2e9d649d789e 1a77308039fd423d831ad89f385a318b 94ff84ec4abe4a7bbe77f85d43b15b23 - - default default] Successfully bumped revision number for resource 0c7c172d-dc59-47b0-afee-a66ae7d9ea92 (type: security_group_rules) to 0
2026-09-19 03:11:39.864 9 INFO neutron.api.wsgi [req-51ab5240-5550-4f6a-804f-fe6ddee5a709 req-85705e98-972b-4720-a067-b3754c17947b b0bf3c819d8b4e20b1da664b436e7072 e020c6dd77af4a2ba61d0f4fea77ab56 - - default default] 162.253.55.193 "GET /v2.0/ports?device_id=a57dfa4a-627f-4119-ba73-d74e245613f1&device_owner=compute%3Anova&fixed_ips=ip_address%3D10.100.0.6 HTTP/1.1" status: 200 len: 1352 time: 0.0666201
2026-09-19 03:11:39.867 10 INFO neutron.db.ovn_revision_numbers_db [None req-0cda56bb-9f92-4565-8053-2e9d649d789e 1a77308039fd423d831ad89f385a318b 94ff84ec4abe4a7bbe77f85d43b15b23 - - default default] Successfully bumped revision number for resource 53e0fa17-22b7-4ca7-8bcd-690e658e1611 (type: security_group_rules) to 0
2026-09-19 03:11:39.880 10 INFO neutron.db.ovn_revision_numbers_db [None req-0cda56bb-9f92-4565-8053-2e9d649d789e 1a77308039fd423d831ad89f385a318b 94ff84ec4abe4a7bbe77f85d43b15b23 - - default default] Successfully bumped revision number for resource 9d9eefcd-60e7-48a0-9125-35ec72b33389 (type: security_group_rules) to 0
2026-09-19 03:11:39.894 10 INFO neutron.db.ovn_revision_numbers_db [None req-0cda56bb-9f92-4565-8053-2e9d649d789e 1a77308039fd423d831ad89f385a318b 94ff84ec4abe4a7bbe77f85d43b15b23 - - default default] Successfully bumped revision number for resource b833ad8a-3321-40cd-a2a3-19f06e1101fd (type: security_group_rules) to 0
2026-09-19 03:11:39.924 10 INFO neutron.api.wsgi [None req-0cda56bb-9f92-4565-8053-2e9d649d789e 1a77308039fd423d831ad89f385a318b 94ff84ec4abe4a7bbe77f85d43b15b23 - - default default] 10.0.0.217 "GET /v2.0/security-groups?tenant_id=03cf87940abc44d1a2fd0c2791d83bb5&name=default HTTP/1.1" status: 200 len: 3120 time: 0.4036970
2026-09-19 03:11:40.105 10 INFO neutron.api.wsgi [None req-da73d1fd-006d-4c67-976d-155c0e2f6e90 1a77308039fd423d831ad89f385a318b 94ff84ec4abe4a7bbe77f85d43b15b23 - - default default] 10.0.0.217 "DELETE /v2.0/security-groups/a50807d8-36eb-483b-bcba-6fd319854451 HTTP/1.1" status: 204 len: 168 time: 0.1764684
2026-09-19 03:11:40.264 9 INFO neutron.db.ovn_revision_numbers_db [req-51ab5240-5550-4f6a-804f-fe6ddee5a709 req-079ce23e-5638-4904-8bc7-af68d76798e2 b0bf3c819d8b4e20b1da664b436e7072 e020c6dd77af4a2ba61d0f4fea77ab56 - - default default] Successfully bumped revision number for resource ad965b72-0dd6-4055-b8c7-6fbe52bab8c8 (type: ports) to 7
2026-09-19 03:11:40.275 9 INFO neutron.api.wsgi [req-51ab5240-5550-4f6a-804f-fe6ddee5a709 req-079ce23e-5638-4904-8bc7-af68d76798e2 b0bf3c819d8b4e20b1da664b436e7072 e020c6dd77af4a2ba61d0f4fea77ab56 - - default default] 162.253.55.193 "PUT /v2.0/ports/ad965b72-0dd6-4055-b8c7-6fbe52bab8c8 HTTP/1.1" status: 200 len: 1171 time: 0.4065704
2026-09-19 03:11:40.305 9 INFO neutron.notifiers.nova [-] Nova event matching ['req-c4ec0fd3-7e72-46e9-95ce-59d007dacc03'] response: {'name': 'network-changed', 'server_uuid': 'a57dfa4a-627f-4119-ba73-d74e245613f1', 'tag': 'ad965b72-0dd6-4055-b8c7-6fbe52bab8c8', 'status': 'completed', 'code': 200}
2026-09-19 03:11:40.355 10 INFO neutron.db.ovn_revision_numbers_db [None req-2b335825-0b1a-48e8-b028-13071b4d13a8 1a77308039fd423d831ad89f385a318b 94ff84ec4abe4a7bbe77f85d43b15b23 - - default default] Successfully bumped revision number for resource 1507482f-d2c4-49aa-8dda-b6cdb4f9a652 (type: security_groups) to 1
2026-09-19 03:11:40.370 10 INFO neutron.db.ovn_revision_numbers_db [None req-2b335825-0b1a-48e8-b028-13071b4d13a8 1a77308039fd423d831ad89f385a318b 94ff84ec4abe4a7bbe77f85d43b15b23 - - default default] Successfully bumped revision number for resource 0a0ecee5-b49c-49c5-8290-7f4a91f8daf4 (type: security_group_rules) to 0
2026-09-19 03:11:40.386 10 INFO neutron.db.ovn_revision_numbers_db [None req-2b335825-0b1a-48e8-b028-13071b4d13a8 1a77308039fd423d831ad89f385a318b 94ff84ec4abe4a7bbe77f85d43b15b23 - - default default] Successfully bumped revision number for resource 29fe8e12-bae6-49b4-b60b-4edc59a8910e (type: security_group_rules) to 0
2026-09-19 03:11:40.400 10 INFO neutron.db.ovn_revision_numbers_db [None req-2b335825-0b1a-48e8-b028-13071b4d13a8 1a77308039fd423d831ad89f385a318b 94ff84ec4abe4a7bbe77f85d43b15b23 - - default default] Successfully bumped revision number for resource 321aa466-ea7b-4731-afcd-c78f5bc2fb5c (type: security_group_rules) to 0
2026-09-19 03:11:40.416 10 INFO neutron.db.ovn_revision_numbers_db [None req-2b335825-0b1a-48e8-b028-13071b4d13a8 1a77308039fd423d831ad89f385a318b 94ff84ec4abe4a7bbe77f85d43b15b23 - - default default] Successfully bumped revision number for resource ebf0857b-ea89-483b-8fcd-e0390e48d1ca (type: security_group_rules) to 0
2026-09-19 03:11:40.454 10 INFO neutron.api.wsgi [None req-2b335825-0b1a-48e8-b028-13071b4d13a8 1a77308039fd423d831ad89f385a318b 94ff84ec4abe4a7bbe77f85d43b15b23 - - default default] 10.0.0.217 "GET /v2.0/security-groups?tenant_id=98dc55f61be84ab19ea36223a10f0245&name=default HTTP/1.1" status: 200 len: 3120 time: 0.2221797
2026-09-19 03:11:40.739 10 INFO neutron.api.wsgi [req-d50cb03f-e77a-4f8d-8342-bef5a11e83df req-a5e593fa-192a-45e1-8afd-45a8349619b4 a45b071a675f455a8a4df7f035098b3e fd589f0034d341619569cc8b81ae07c9 - - default default] 10.0.0.185 "GET /v2.0/ports?device_id=328a36d1-19c4-4dbb-8f1c-961b54bf4f20 HTTP/1.1" status: 200 len: 1174 time: 0.1151533
2026-09-19 03:11:40.776 10 INFO neutron.api.wsgi [req-d50cb03f-e77a-4f8d-8342-bef5a11e83df req-667fec62-d617-4d0a-b58e-6215912f59db a45b071a675f455a8a4df7f035098b3e fd589f0034d341619569cc8b81ae07c9 - - default default] 10.0.0.185 "GET /v2.0/security-groups?id=3f2a30cd-8f4d-46ed-9a4e-8688d10aa904&fields=id&fields=name HTTP/1.1" status: 200 len: 313 time: 0.0337753
2026-09-19 03:11:40.782 10 INFO neutron.api.wsgi [None req-25aae74f-43d7-48b4-866d-a733b25e2b72 1a77308039fd423d831ad89f385a318b 94ff84ec4abe4a7bbe77f85d43b15b23 - - default default] 10.0.0.217 "DELETE /v2.0/security-groups/1507482f-d2c4-49aa-8dda-b6cdb4f9a652 HTTP/1.1" status: 204 len: 168 time: 0.3219411 /var/lib/openstack/lib/python3.12/site-packages/pycadf/identifier.py:71: UserWarning: Invalid uuid: neutron. To ensure interoperability, identifiers should be a valid uuid. warnings.warn(('Invalid uuid: %s. To ensure interoperability, '
2026-09-19 03:11:40.823 9 INFO neutron.api.wsgi [req-51ab5240-5550-4f6a-804f-fe6ddee5a709 req-202ab02f-92b1-4982-afb0-3fe662ecc695 4532e34d970f492685081a27c291163a 9f548cb075c5431482fe8ea4ea88c375 - - b946b65d030e4b1d9c349941185b1eec b946b65d030e4b1d9c349941185b1eec] 162.253.55.193 "GET /v2.0/ports?tenant_id=e020c6dd77af4a2ba61d0f4fea77ab56&device_id=a57dfa4a-627f-4119-ba73-d74e245613f1 HTTP/1.1" status: 200 len: 1413 time: 0.0401101
2026-09-19 03:11:40.863 9 INFO neutron.api.wsgi [req-51ab5240-5550-4f6a-804f-fe6ddee5a709 req-f1d33139-1c48-4a3e-9385-89da23cca9d1 4532e34d970f492685081a27c291163a 9f548cb075c5431482fe8ea4ea88c375 - - b946b65d030e4b1d9c349941185b1eec b946b65d030e4b1d9c349941185b1eec] 162.253.55.193 "GET /v2.0/networks?id=b2cf9599-06b7-4d38-9e2e-2c28bd08ac10 HTTP/1.1" status: 200 len: 982 time: 0.0357432
2026-09-19 03:11:40.888 10 INFO neutron.api.wsgi [req-fd2e4399-3111-419b-b0bb-707cb9326137 req-5dd20966-43c6-4d74-87b5-6eb4dcfd990f a45b071a675f455a8a4df7f035098b3e fd589f0034d341619569cc8b81ae07c9 - - default default] 10.0.0.185 "GET /v2.0/ports?device_id=328a36d1-19c4-4dbb-8f1c-961b54bf4f20 HTTP/1.1" status: 200 len: 1174 time: 0.0441196
2026-09-19 03:11:40.900 9 INFO neutron.api.wsgi [req-51ab5240-5550-4f6a-804f-fe6ddee5a709 req-61c55503-e77a-4516-8e8c-5ff13b5ee360 4532e34d970f492685081a27c291163a 9f548cb075c5431482fe8ea4ea88c375 - - b946b65d030e4b1d9c349941185b1eec b946b65d030e4b1d9c349941185b1eec] 162.253.55.193 "GET /v2.0/floatingips?fixed_ip_address=10.100.0.12&port_id=ad965b72-0dd6-4055-b8c7-6fbe52bab8c8 HTTP/1.1" status: 200 len: 1060 time: 0.0318635
2026-09-19 03:11:40.919 10 INFO neutron.api.wsgi [req-fd2e4399-3111-419b-b0bb-707cb9326137 req-d7786810-fa1e-4408-99da-f57c9cbd2804 a45b071a675f455a8a4df7f035098b3e fd589f0034d341619569cc8b81ae07c9 - - default default] 10.0.0.185 "GET /v2.0/security-groups?id=3f2a30cd-8f4d-46ed-9a4e-8688d10aa904&fields=id&fields=name HTTP/1.1" status: 200 len: 313 time: 0.0260570
2026-09-19 03:11:40.925 9 INFO neutron.api.wsgi [req-51ab5240-5550-4f6a-804f-fe6ddee5a709 req-3efaaa6d-af1c-43ef-a923-766e8ca95ea2 4532e34d970f492685081a27c291163a 9f548cb075c5431482fe8ea4ea88c375 - - b946b65d030e4b1d9c349941185b1eec b946b65d030e4b1d9c349941185b1eec] 162.253.55.193 "GET /v2.0/subnets?id=c318d120-3666-4ce6-be5a-17f8cee22fb0 HTTP/1.1" status: 200 len: 901 time: 0.0212688
2026-09-19 03:11:40.949 9 INFO neutron.api.wsgi [req-51ab5240-5550-4f6a-804f-fe6ddee5a709 req-c4d6ed0b-86e6-44d7-9258-34c802d93f8d 4532e34d970f492685081a27c291163a 9f548cb075c5431482fe8ea4ea88c375 - - b946b65d030e4b1d9c349941185b1eec b946b65d030e4b1d9c349941185b1eec] 162.253.55.193 "GET /v2.0/ports?network_id=b2cf9599-06b7-4d38-9e2e-2c28bd08ac10&device_owner=network%3Adhcp HTTP/1.1" status: 200 len: 210 time: 0.0171897
2026-09-19 03:11:40.992 9 INFO neutron.api.wsgi [req-51ab5240-5550-4f6a-804f-fe6ddee5a709 req-cf3a6eee-11ed-4eed-932e-95c46f3be1b2 4532e34d970f492685081a27c291163a 9f548cb075c5431482fe8ea4ea88c375 - - b946b65d030e4b1d9c349941185b1eec b946b65d030e4b1d9c349941185b1eec] 162.253.55.193 "GET /v2.0/networks/b2cf9599-06b7-4d38-9e2e-2c28bd08ac10?fields=segments HTTP/1.1" status: 200 len: 212 time: 0.0374069
