2026-09-19 02:44:31.726 9 INFO neutron.api.wsgi [-] 10.0.0.236 "GET / HTTP/1.1" status: 200 len: 247 time: 0.0011117
2026-09-19 02:44:46.723 9 INFO neutron.api.wsgi [-] 10.0.0.236 "GET / HTTP/1.1" status: 200 len: 247 time: 0.0022581
2026-09-19 02:44:46.728 9 INFO neutron.api.wsgi [-] 10.0.0.236 "GET / HTTP/1.1" status: 200 len: 247 time: 0.0032344
2026-09-19 02:44:58.537 15 INFO neutron.db.ovn_revision_numbers_db [None req-39100e76-5fb2-4d1d-8427-29b649e24827 - - - - - -] Successfully bumped revision number for resource c320fd51-afe0-4f37-a38d-6bf4a148bc5a (type: networks) to 2
2026-09-19 02:44:58.609 15 INFO neutron.db.ovn_revision_numbers_db [None req-39100e76-5fb2-4d1d-8427-29b649e24827 - - - - - -] Successfully bumped revision number for resource 51e44b97-9f9b-479a-86e5-906d7957e3ad (type: security_groups) to 6
2026-09-19 02:44:58.642 15 INFO neutron.db.ovn_revision_numbers_db [None req-39100e76-5fb2-4d1d-8427-29b649e24827 - - - - - -] Successfully bumped revision number for resource 791bc269-5ca5-44cf-9726-bb4acbf1d841 (type: security_groups) to 3
2026-09-19 02:44:58.642 15 INFO neutron.plugins.ml2.drivers.ovn.mech_driver.ovsdb.maintenance [None req-39100e76-5fb2-4d1d-8427-29b649e24827 - - - - - -] OVN maintenance task check_for_inconsistencies finished in 0.261 seconds
2026-09-19 02:45:01.720 10 INFO neutron.api.wsgi [-] 10.0.0.236 "GET / HTTP/1.1" status: 200 len: 247 time: 0.0016553
2026-09-19 02:45:01.724 9 INFO neutron.api.wsgi [-] 10.0.0.236 "GET / HTTP/1.1" status: 200 len: 247 time: 0.0052664
2026-09-19 02:45:16.720 10 INFO neutron.api.wsgi [-] 10.0.0.236 "GET / HTTP/1.1" status: 200 len: 247 time: 0.0014613
2026-09-19 02:45:16.721 9 INFO neutron.api.wsgi [-] 10.0.0.236 "GET / HTTP/1.1" status: 200 len: 247 time: 0.0017886
2026-09-19 02:45:31.722 9 INFO neutron.api.wsgi [-] 10.0.0.236 "GET / HTTP/1.1" status: 200 len: 247 time: 0.0023768
2026-09-19 02:45:31.722 10 INFO neutron.api.wsgi [-] 10.0.0.236 "GET / HTTP/1.1" status: 200 len: 247 time: 0.0024793
2026-09-19 02:45:46.720 9 INFO neutron.api.wsgi [-] 10.0.0.236 "GET / HTTP/1.1" status: 200 len: 247 time: 0.0014668
2026-09-19 02:45:46.722 9 INFO neutron.api.wsgi [-] 10.0.0.236 "GET / HTTP/1.1" status: 200 len: 247 time: 0.0012636
2026-09-19 02:46:01.722 10 INFO neutron.api.wsgi [-] 10.0.0.236 "GET / HTTP/1.1" status: 200 len: 247 time: 0.0027955
2026-09-19 02:46:01.724 9 INFO neutron.api.wsgi [-] 10.0.0.236 "GET / HTTP/1.1" status: 200 len: 247 time: 0.0043211
2026-09-19 02:46:16.720 9 INFO neutron.api.wsgi [-] 10.0.0.236 "GET / HTTP/1.1" status: 200 len: 247 time: 0.0015826
2026-09-19 02:46:16.723 9 INFO neutron.api.wsgi [-] 10.0.0.236 "GET / HTTP/1.1" status: 200 len: 247 time: 0.0017283
2026-09-19 02:46:31.722 9 INFO neutron.api.wsgi [-] 10.0.0.236 "GET / HTTP/1.1" status: 200 len: 247 time: 0.0033379
2026-09-19 02:46:31.723 10 INFO neutron.api.wsgi [-] 10.0.0.236 "GET / HTTP/1.1" status: 200 len: 247 time: 0.0031211
2026-09-19 02:46:46.723 10 INFO neutron.api.wsgi [-] 10.0.0.236 "GET / HTTP/1.1" status: 200 len: 247 time: 0.0022364
2026-09-19 02:46:46.724 9 INFO neutron.api.wsgi [-] 10.0.0.236 "GET / HTTP/1.1" status: 200 len: 247 time: 0.0037520
2026-09-19 02:47:01.723 9 INFO neutron.api.wsgi [-] 10.0.0.236 "GET / HTTP/1.1" status: 200 len: 247 time: 0.0030885
2026-09-19 02:47:01.723 10 INFO neutron.api.wsgi [-] 10.0.0.236 "GET / HTTP/1.1" status: 200 len: 247 time: 0.0028617
2026-09-19 02:47:16.723 10 INFO neutron.api.wsgi [-] 10.0.0.236 "GET / HTTP/1.1" status: 200 len: 247 time: 0.0035830
2026-09-19 02:47:16.726 10 INFO neutron.api.wsgi [-] 10.0.0.236 "GET / HTTP/1.1" status: 200 len: 247 time: 0.0019946
2026-09-19 02:47:31.720 9 INFO neutron.api.wsgi [-] 10.0.0.236 "GET / HTTP/1.1" status: 200 len: 247 time: 0.0013599
2026-09-19 02:47:31.722 9 INFO neutron.api.wsgi [-] 10.0.0.236 "GET / HTTP/1.1" status: 200 len: 247 time: 0.0010879
2026-09-19 02:47:46.722 10 INFO neutron.api.wsgi [-] 10.0.0.236 "GET / HTTP/1.1" status: 200 len: 247 time: 0.0034435
2026-09-19 02:47:46.723 9 INFO neutron.api.wsgi [-] 10.0.0.236 "GET / HTTP/1.1" status: 200 len: 247 time: 0.0045109
2026-09-19 02:48:01.720 10 INFO neutron.api.wsgi [-] 10.0.0.236 "GET / HTTP/1.1" status: 200 len: 247 time: 0.0013762
2026-09-19 02:48:01.721 9 INFO neutron.api.wsgi [-] 10.0.0.236 "GET / HTTP/1.1" status: 200 len: 247 time: 0.0022712
2026-09-19 02:48:16.722 9 INFO neutron.api.wsgi [-] 10.0.0.236 "GET / HTTP/1.1" status: 200 len: 247 time: 0.0025451
2026-09-19 02:48:16.723 10 INFO neutron.api.wsgi [-] 10.0.0.236 "GET / HTTP/1.1" status: 200 len: 247 time: 0.0029168
2026-09-19 02:48:31.723 9 INFO neutron.api.wsgi [-] 10.0.0.236 "GET / HTTP/1.1" status: 200 len: 247 time: 0.0035367
2026-09-19 02:48:31.723 10 INFO neutron.api.wsgi [-] 10.0.0.236 "GET / HTTP/1.1" status: 200 len: 247 time: 0.0038862
2026-09-19 02:48:46.720 10 INFO neutron.api.wsgi [-] 10.0.0.236 "GET / HTTP/1.1" status: 200 len: 247 time: 0.0013945
2026-09-19 02:48:46.722 10 INFO neutron.api.wsgi [-] 10.0.0.236 "GET / HTTP/1.1" status: 200 len: 247 time: 0.0010748
2026-09-19 02:49:01.720 9 INFO neutron.api.wsgi [-] 10.0.0.236 "GET / HTTP/1.1" status: 200 len: 247 time: 0.0018716
2026-09-19 02:49:01.723 9 INFO neutron.api.wsgi [-] 10.0.0.236 "GET / HTTP/1.1" status: 200 len: 247 time: 0.0016127
2026-09-19 02:49:16.721 9 INFO neutron.api.wsgi [-] 10.0.0.236 "GET / HTTP/1.1" status: 200 len: 247 time: 0.0021048
2026-09-19 02:49:16.723 10 INFO neutron.api.wsgi [-] 10.0.0.236 "GET / HTTP/1.1" status: 200 len: 247 time: 0.0030024
2026-09-19 02:49:31.723 9 INFO neutron.api.wsgi [-] 10.0.0.236 "GET / HTTP/1.1" status: 200 len: 247 time: 0.0021851
2026-09-19 02:49:31.724 10 INFO neutron.api.wsgi [-] 10.0.0.236 "GET / HTTP/1.1" status: 200 len: 247 time: 0.0022986
2026-09-19 02:49:46.721 9 INFO neutron.api.wsgi [-] 10.0.0.236 "GET / HTTP/1.1" status: 200 len: 247 time: 0.0015783
2026-09-19 02:49:46.723 10 INFO neutron.api.wsgi [-] 10.0.0.236 "GET / HTTP/1.1" status: 200 len: 247 time: 0.0037496
2026-09-19 02:49:58.444 15 INFO neutron.plugins.ml2.drivers.ovn.mech_driver.ovsdb.maintenance [None req-39100e76-5fb2-4d1d-8427-29b649e24827 - - - - - -] OVN maintenance task check_for_inconsistencies finished in 0.035 seconds
2026-09-19 02:50:01.722 9 INFO neutron.api.wsgi [-] 10.0.0.236 "GET / HTTP/1.1" status: 200 len: 247 time: 0.0024142
2026-09-19 02:50:01.723 10 INFO neutron.api.wsgi [-] 10.0.0.236 "GET / HTTP/1.1" status: 200 len: 247 time: 0.0023117
2026-09-19 02:50:16.720 10 INFO neutron.api.wsgi [-] 10.0.0.236 "GET / HTTP/1.1" status: 200 len: 247 time: 0.0012162
2026-09-19 02:50:16.721 9 INFO neutron.api.wsgi [-] 10.0.0.236 "GET / HTTP/1.1" status: 200 len: 247 time: 0.0018632
2026-09-19 02:50:31.721 9 INFO neutron.api.wsgi [-] 10.0.0.236 "GET / HTTP/1.1" status: 200 len: 247 time: 0.0017443
2026-09-19 02:50:31.724 9 INFO neutron.api.wsgi [-] 10.0.0.236 "GET / HTTP/1.1" status: 200 len: 247 time: 0.0020981
2026-09-19 02:50:46.723 9 INFO neutron.api.wsgi [-] 10.0.0.236 "GET / HTTP/1.1" status: 200 len: 247 time: 0.0027835
2026-09-19 02:50:46.725 10 INFO neutron.api.wsgi [-] 10.0.0.236 "GET / HTTP/1.1" status: 200 len: 247 time: 0.0042303
2026-09-19 02:51:01.503 9 INFO neutron.api.v2.resource [None req-0814934f-646b-4b03-a096-a0ff9513dc16 1a77308039fd423d831ad89f385a318b 94ff84ec4abe4a7bbe77f85d43b15b23 - - default default] show failed (client error): The resource could not be found.
2026-09-19 02:51:01.505 9 INFO neutron.api.wsgi [None req-0814934f-646b-4b03-a096-a0ff9513dc16 1a77308039fd423d831ad89f385a318b 94ff84ec4abe4a7bbe77f85d43b15b23 - - default default] 162.253.55.193,10.0.0.236 "GET /v2.0/security-groups/manila-service-security-group?project_id=9f548cb075c5431482fe8ea4ea88c375 HTTP/1.1" status: 404 len: 321 time: 0.1799510
2026-09-19 02:51:01.661 9 INFO neutron.db.ovn_revision_numbers_db [None req-470bf320-3408-43b9-879b-cd55e3157937 1a77308039fd423d831ad89f385a318b 94ff84ec4abe4a7bbe77f85d43b15b23 - - default default] Successfully bumped revision number for resource b1207349-2784-469d-a160-6c8a27353eb5 (type: security_groups) to 1
2026-09-19 02:51:01.682 9 INFO neutron.db.ovn_revision_numbers_db [None req-470bf320-3408-43b9-879b-cd55e3157937 1a77308039fd423d831ad89f385a318b 94ff84ec4abe4a7bbe77f85d43b15b23 - - default default] Successfully bumped revision number for resource 0c10944c-31bb-437a-90ad-55ac48cfdb9c (type: security_group_rules) to 0
2026-09-19 02:51:01.701 9 INFO neutron.db.ovn_revision_numbers_db [None req-470bf320-3408-43b9-879b-cd55e3157937 1a77308039fd423d831ad89f385a318b 94ff84ec4abe4a7bbe77f85d43b15b23 - - default default] Successfully bumped revision number for resource aaacde1c-19a6-448e-917b-344d248db29e (type: security_group_rules) to 0
2026-09-19 02:51:01.720 9 INFO neutron.api.wsgi [-] 10.0.0.236 "GET / HTTP/1.1" status: 200 len: 247 time: 0.0015793
2026-09-19 02:51:01.720 10 INFO neutron.api.wsgi [-] 10.0.0.236 "GET / HTTP/1.1" status: 200 len: 247 time: 0.0015383
2026-09-19 02:51:01.721 9 INFO neutron.db.ovn_revision_numbers_db [None req-470bf320-3408-43b9-879b-cd55e3157937 1a77308039fd423d831ad89f385a318b 94ff84ec4abe4a7bbe77f85d43b15b23 - - default default] Successfully bumped revision number for resource b416147e-7d86-4c43-b936-fd7a35d93acd (type: security_group_rules) to 0
2026-09-19 02:51:01.739 9 INFO neutron.db.ovn_revision_numbers_db [None req-470bf320-3408-43b9-879b-cd55e3157937 1a77308039fd423d831ad89f385a318b 94ff84ec4abe4a7bbe77f85d43b15b23 - - default default] Successfully bumped revision number for resource d7803f08-f347-4994-8bb3-4762fce9cc0e (type: security_group_rules) to 0
2026-09-19 02:51:01.811 9 INFO neutron.api.wsgi [None req-470bf320-3408-43b9-879b-cd55e3157937 1a77308039fd423d831ad89f385a318b 94ff84ec4abe4a7bbe77f85d43b15b23 - - default default] 162.253.55.193,10.0.0.236 "GET /v2.0/security-groups?name=manila-service-security-group&project_id=9f548cb075c5431482fe8ea4ea88c375 HTTP/1.1" status: 200 len: 197 time: 0.3002393
2026-09-19 02:51:01.977 9 INFO neutron.db.ovn_revision_numbers_db [None req-d4c85bc0-2d07-4ddd-ad5d-d478864c64e3 1a77308039fd423d831ad89f385a318b 94ff84ec4abe4a7bbe77f85d43b15b23 - - default default] Successfully bumped revision number for resource f24a4534-3ac4-46c5-a551-d5d263b82489 (type: security_groups) to 1
2026-09-19 02:51:01.991 9 INFO neutron.db.ovn_revision_numbers_db [None req-d4c85bc0-2d07-4ddd-ad5d-d478864c64e3 1a77308039fd423d831ad89f385a318b 94ff84ec4abe4a7bbe77f85d43b15b23 - - default default] Successfully bumped revision number for resource 9195173e-cbb6-4fdb-9f06-d7105da903f8 (type: security_group_rules) to 0
2026-09-19 02:51:02.006 9 INFO neutron.db.ovn_revision_numbers_db [None req-d4c85bc0-2d07-4ddd-ad5d-d478864c64e3 1a77308039fd423d831ad89f385a318b 94ff84ec4abe4a7bbe77f85d43b15b23 - - default default] Successfully bumped revision number for resource e7bca9a2-a48c-4494-b7f0-7a16c7e90037 (type: security_group_rules) to 0
2026-09-19 02:51:02.038 9 INFO neutron.api.wsgi [None req-d4c85bc0-2d07-4ddd-ad5d-d478864c64e3 1a77308039fd423d831ad89f385a318b 94ff84ec4abe4a7bbe77f85d43b15b23 - - default default] 162.253.55.193,10.0.0.236 "POST /v2.0/security-groups HTTP/1.1" status: 201 len: 1805 time: 0.1548254
2026-09-19 02:51:03.099 9 INFO neutron.api.wsgi [None req-e7ab3e30-0596-43a6-a6cf-b5e1c5823ab4 1a77308039fd423d831ad89f385a318b 94ff84ec4abe4a7bbe77f85d43b15b23 - - default default] 162.253.55.193,10.0.0.236 "GET /v2.0/security-groups/f24a4534-3ac4-46c5-a551-d5d263b82489?project_id=9f548cb075c5431482fe8ea4ea88c375 HTTP/1.1" status: 200 len: 1800 time: 0.0679634
2026-09-19 02:51:03.133 9 INFO neutron.api.wsgi [None req-22b4f985-e502-49a6-81dd-fb6c5c91f2cf 1a77308039fd423d831ad89f385a318b 94ff84ec4abe4a7bbe77f85d43b15b23 - - default default] 162.253.55.193,10.0.0.236 "GET /v2.0/security-groups/f24a4534-3ac4-46c5-a551-d5d263b82489 HTTP/1.1" status: 200 len: 1800 time: 0.0271502
2026-09-19 02:51:03.242 9 INFO neutron.api.wsgi [None req-42a54c98-436d-4fcd-9759-d85a58414413 1a77308039fd423d831ad89f385a318b 94ff84ec4abe4a7bbe77f85d43b15b23 - - default default] 162.253.55.193,10.0.0.236 "GET /v2.0/security-groups/f24a4534-3ac4-46c5-a551-d5d263b82489?project_id=9f548cb075c5431482fe8ea4ea88c375 HTTP/1.1" status: 200 len: 1800 time: 0.0216446
2026-09-19 02:51:03.381 9 INFO neutron.db.ovn_revision_numbers_db [None req-5c746aae-71bd-427b-a185-40d3c7295e92 1a77308039fd423d831ad89f385a318b 94ff84ec4abe4a7bbe77f85d43b15b23 - - default default] Successfully bumped revision number for resource f435c485-912f-4df6-8b71-4210167113a0 (type: security_group_rules) to 0
2026-09-19 02:51:03.426 9 INFO neutron.api.wsgi [None req-5c746aae-71bd-427b-a185-40d3c7295e92 1a77308039fd423d831ad89f385a318b 94ff84ec4abe4a7bbe77f85d43b15b23 - - default default] 162.253.55.193,10.0.0.236 "POST /v2.0/security-group-rules HTTP/1.1" status: 201 len: 777 time: 0.1766846
2026-09-19 02:51:04.508 9 INFO neutron.api.wsgi [None req-ce1354c4-4f09-4f16-afdc-610375f9ed1f 1a77308039fd423d831ad89f385a318b 94ff84ec4abe4a7bbe77f85d43b15b23 - - default default] 162.253.55.193,10.0.0.236 "GET /v2.0/security-groups/f24a4534-3ac4-46c5-a551-d5d263b82489?project_id=9f548cb075c5431482fe8ea4ea88c375 HTTP/1.1" status: 200 len: 2410 time: 0.0722673
2026-09-19 02:51:04.550 9 INFO neutron.api.wsgi [None req-d171ebd9-1f38-498b-a6fb-f9d54350c467 1a77308039fd423d831ad89f385a318b 94ff84ec4abe4a7bbe77f85d43b15b23 - - default default] 162.253.55.193,10.0.0.236 "GET /v2.0/security-groups/f24a4534-3ac4-46c5-a551-d5d263b82489 HTTP/1.1" status: 200 len: 2410 time: 0.0341649
2026-09-19 02:51:04.650 9 INFO neutron.api.wsgi [None req-7b834a4c-4e67-4083-b32b-5b216075d3fb 1a77308039fd423d831ad89f385a318b 94ff84ec4abe4a7bbe77f85d43b15b23 - - default default] 162.253.55.193,10.0.0.236 "GET /v2.0/security-groups/f24a4534-3ac4-46c5-a551-d5d263b82489?project_id=9f548cb075c5431482fe8ea4ea88c375 HTTP/1.1" status: 200 len: 2410 time: 0.0329382
2026-09-19 02:51:04.810 9 INFO neutron.db.ovn_revision_numbers_db [None req-c461a418-f37e-4665-8acc-c00151f95e7d 1a77308039fd423d831ad89f385a318b 94ff84ec4abe4a7bbe77f85d43b15b23 - - default default] Successfully bumped revision number for resource 836a99d1-d507-470f-b00d-06a032d67286 (type: security_group_rules) to 0
2026-09-19 02:51:04.840 9 INFO neutron.api.wsgi [None req-c461a418-f37e-4665-8acc-c00151f95e7d 1a77308039fd423d831ad89f385a318b 94ff84ec4abe4a7bbe77f85d43b15b23 - - default default] 162.253.55.193,10.0.0.236 "POST /v2.0/security-group-rules HTTP/1.1" status: 201 len: 779 time: 0.1848478
2026-09-19 02:51:05.819 9 INFO neutron.api.wsgi [None req-04a3abf2-fdc0-4860-953c-dfcb36f3b2df 1a77308039fd423d831ad89f385a318b 94ff84ec4abe4a7bbe77f85d43b15b23 - - default default] 162.253.55.193,10.0.0.236 "GET /v2.0/security-groups/f24a4534-3ac4-46c5-a551-d5d263b82489?project_id=9f548cb075c5431482fe8ea4ea88c375 HTTP/1.1" status: 200 len: 3022 time: 0.0576408
2026-09-19 02:51:05.846 9 INFO neutron.api.wsgi [None req-baa2c657-eead-467e-bb63-d103fec99d35 1a77308039fd423d831ad89f385a318b 94ff84ec4abe4a7bbe77f85d43b15b23 - - default default] 162.253.55.193,10.0.0.236 "GET /v2.0/security-groups/f24a4534-3ac4-46c5-a551-d5d263b82489 HTTP/1.1" status: 200 len: 3022 time: 0.0224175
2026-09-19 02:51:05.920 9 INFO neutron.api.wsgi [None req-04c6adc7-6936-40c8-83c9-dfe78ec51b5f 1a77308039fd423d831ad89f385a318b 94ff84ec4abe4a7bbe77f85d43b15b23 - - default default] 162.253.55.193,10.0.0.236 "GET /v2.0/security-groups/f24a4534-3ac4-46c5-a551-d5d263b82489?project_id=9f548cb075c5431482fe8ea4ea88c375 HTTP/1.1" status: 200 len: 3022 time: 0.0232248
2026-09-19 02:51:06.025 9 INFO neutron.db.ovn_revision_numbers_db [None req-5861915b-4da9-40f9-ab16-7921cd53a960 1a77308039fd423d831ad89f385a318b 94ff84ec4abe4a7bbe77f85d43b15b23 - - default default] Successfully bumped revision number for resource 234af2a7-bc6b-4fad-a191-4e54e7bd0b7a (type: security_group_rules) to 0
2026-09-19 02:51:06.054 9 INFO neutron.api.wsgi [None req-5861915b-4da9-40f9-ab16-7921cd53a960 1a77308039fd423d831ad89f385a318b 94ff84ec4abe4a7bbe77f85d43b15b23 - - default default] 162.253.55.193,10.0.0.236 "POST /v2.0/security-group-rules HTTP/1.1" status: 201 len: 781 time: 0.1280873
2026-09-19 02:51:07.166 9 INFO neutron.api.wsgi [None req-9bcf5ca9-2b51-495d-84ee-501710b7a4b1 1a77308039fd423d831ad89f385a318b 94ff84ec4abe4a7bbe77f85d43b15b23 - - default default] 162.253.55.193,10.0.0.236 "GET /v2.0/security-groups/f24a4534-3ac4-46c5-a551-d5d263b82489?project_id=9f548cb075c5431482fe8ea4ea88c375 HTTP/1.1" status: 200 len: 3636 time: 0.0698879
2026-09-19 02:51:07.200 9 INFO neutron.api.wsgi [None req-df5ce97d-fb31-4a91-922f-70826b71d077 1a77308039fd423d831ad89f385a318b 94ff84ec4abe4a7bbe77f85d43b15b23 - - default default] 162.253.55.193,10.0.0.236 "GET /v2.0/security-groups/f24a4534-3ac4-46c5-a551-d5d263b82489 HTTP/1.1" status: 200 len: 3636 time: 0.0275378
2026-09-19 02:51:07.321 9 INFO neutron.api.wsgi [None req-17bf1f1c-97b9-41ff-b60f-91bbcc39765e 1a77308039fd423d831ad89f385a318b 94ff84ec4abe4a7bbe77f85d43b15b23 - - default default] 162.253.55.193,10.0.0.236 "GET /v2.0/security-groups/f24a4534-3ac4-46c5-a551-d5d263b82489?project_id=9f548cb075c5431482fe8ea4ea88c375 HTTP/1.1" status: 200 len: 3636 time: 0.0403163
2026-09-19 02:51:07.470 9 INFO neutron.db.ovn_revision_numbers_db [None req-d49aca1f-9fd0-4906-bed4-166618e45754 1a77308039fd423d831ad89f385a318b 94ff84ec4abe4a7bbe77f85d43b15b23 - - default default] Successfully bumped revision number for resource 9e2c2e42-2cf3-4cf9-a928-2805a896bb42 (type: security_group_rules) to 0
2026-09-19 02:51:07.510 9 INFO neutron.api.wsgi [None req-d49aca1f-9fd0-4906-bed4-166618e45754 1a77308039fd423d831ad89f385a318b 94ff84ec4abe4a7bbe77f85d43b15b23 - - default default] 162.253.55.193,10.0.0.236 "POST /v2.0/security-group-rules HTTP/1.1" status: 201 len: 782 time: 0.1815035
2026-09-19 02:51:16.724 10 INFO neutron.api.wsgi [-] 10.0.0.236 "GET / HTTP/1.1" status: 200 len: 247 time: 0.0038955
2026-09-19 02:51:16.728 10 INFO neutron.api.wsgi [-] 10.0.0.236 "GET / HTTP/1.1" status: 200 len: 247 time: 0.0032616
2026-09-19 02:51:31.721 10 INFO neutron.api.wsgi [-] 10.0.0.236 "GET / HTTP/1.1" status: 200 len: 247 time: 0.0023665
2026-09-19 02:51:31.725 10 INFO neutron.api.wsgi [-] 10.0.0.236 "GET / HTTP/1.1" status: 200 len: 247 time: 0.0022306
2026-09-19 02:51:46.722 10 INFO neutron.api.wsgi [-] 10.0.0.236 "GET / HTTP/1.1" status: 200 len: 247 time: 0.0033238
2026-09-19 02:51:46.722 9 INFO neutron.api.wsgi [-] 10.0.0.236 "GET / HTTP/1.1" status: 200 len: 247 time: 0.0032601
2026-09-19 02:52:01.721 9 INFO neutron.api.wsgi [-] 10.0.0.236 "GET / HTTP/1.1" status: 200 len: 247 time: 0.0023150
2026-09-19 02:52:01.725 9 INFO neutron.api.wsgi [-] 10.0.0.236 "GET / HTTP/1.1" status: 200 len: 247 time: 0.0033734
2026-09-19 02:52:16.720 9 INFO neutron.api.wsgi [-] 10.0.0.236 "GET / HTTP/1.1" status: 200 len: 247 time: 0.0018182
2026-09-19 02:52:16.722 10 INFO neutron.api.wsgi [-] 10.0.0.236 "GET / HTTP/1.1" status: 200 len: 247 time: 0.0032051
2026-09-19 02:52:31.723 9 INFO neutron.api.wsgi [-] 10.0.0.236 "GET / HTTP/1.1" status: 200 len: 247 time: 0.0033956
2026-09-19 02:52:31.727 9 INFO neutron.api.wsgi [-] 10.0.0.236 "GET / HTTP/1.1" status: 200 len: 247 time: 0.0023854
2026-09-19 02:52:46.721 9 INFO neutron.api.wsgi [-] 10.0.0.236 "GET / HTTP/1.1" status: 200 len: 247 time: 0.0014191
2026-09-19 02:52:46.721 10 INFO neutron.api.wsgi [-] 10.0.0.236 "GET / HTTP/1.1" status: 200 len: 247 time: 0.0017323
2026-09-19 02:53:01.722 9 INFO neutron.api.wsgi [-] 10.0.0.236 "GET / HTTP/1.1" status: 200 len: 247 time: 0.0033536
2026-09-19 02:53:01.723 10 INFO neutron.api.wsgi [-] 10.0.0.236 "GET / HTTP/1.1" status: 200 len: 247 time: 0.0033257
2026-09-19 02:53:16.722 9 INFO neutron.api.wsgi [-] 10.0.0.236 "GET / HTTP/1.1" status: 200 len: 247 time: 0.0029421
2026-09-19 02:53:16.723 10 INFO neutron.api.wsgi [-] 10.0.0.236 "GET / HTTP/1.1" status: 200 len: 247 time: 0.0032561 /var/lib/openstack/lib/python3.12/site-packages/pycadf/identifier.py:71: UserWarning: Invalid uuid: neutron. To ensure interoperability, identifiers should be a valid uuid. warnings.warn(('Invalid uuid: %s. To ensure interoperability, '
2026-09-19 02:53:27.723 10 INFO neutron.api.wsgi [None req-e1ca0412-4679-4c82-b635-112ebfe1aea0 c20b093940714dddb700a8a8ddccb2be 9f548cb075c5431482fe8ea4ea88c375 - - b946b65d030e4b1d9c349941185b1eec b946b65d030e4b1d9c349941185b1eec] 162.253.55.193 "GET /v2.0/networks?tenant_id=9f548cb075c5431482fe8ea4ea88c375&shared=False HTTP/1.1" status: 200 len: 213 time: 0.2441015
2026-09-19 02:53:27.856 10 INFO neutron.db.segments_db [None req-cd2290ad-a440-4144-9ebe-c0d10617cf74 c20b093940714dddb700a8a8ddccb2be 9f548cb075c5431482fe8ea4ea88c375 - - b946b65d030e4b1d9c349941185b1eec b946b65d030e4b1d9c349941185b1eec] Added segment 12242030-a489-4068-8dfa-0211bf1b03e1 of type geneve for network 3f092a42-64c4-442c-bd25-0f586baa91ea
2026-09-19 02:53:28.011 10 INFO neutron.db.ovn_revision_numbers_db [None req-cd2290ad-a440-4144-9ebe-c0d10617cf74 c20b093940714dddb700a8a8ddccb2be 9f548cb075c5431482fe8ea4ea88c375 - - b946b65d030e4b1d9c349941185b1eec b946b65d030e4b1d9c349941185b1eec] Successfully bumped revision number for resource 3f092a42-64c4-442c-bd25-0f586baa91ea (type: networks) to 1
2026-09-19 02:53:28.130 10 WARNING neutron.scheduler.dhcp_agent_scheduler [None req-cd2290ad-a440-4144-9ebe-c0d10617cf74 c20b093940714dddb700a8a8ddccb2be 9f548cb075c5431482fe8ea4ea88c375 - - b946b65d030e4b1d9c349941185b1eec b946b65d030e4b1d9c349941185b1eec] No more DHCP agents
2026-09-19 02:53:28.131 10 WARNING neutron.api.rpc.agentnotifiers.dhcp_rpc_agent_api [None req-cd2290ad-a440-4144-9ebe-c0d10617cf74 c20b093940714dddb700a8a8ddccb2be 9f548cb075c5431482fe8ea4ea88c375 - - b946b65d030e4b1d9c349941185b1eec b946b65d030e4b1d9c349941185b1eec] Unable to schedule network 3f092a42-64c4-442c-bd25-0f586baa91ea: no agents available; will retry on subsequent port and subnet creation events.
2026-09-19 02:53:28.179 10 INFO neutron.db.ovn_revision_numbers_db [None req-cd2290ad-a440-4144-9ebe-c0d10617cf74 c20b093940714dddb700a8a8ddccb2be 9f548cb075c5431482fe8ea4ea88c375 - - b946b65d030e4b1d9c349941185b1eec b946b65d030e4b1d9c349941185b1eec] Successfully bumped revision number for resource 61fd9b77-5fdf-4528-8549-f998ddc831d9 (type: ports) to 1
2026-09-19 02:53:28.195 10 INFO neutron.api.wsgi [None req-cd2290ad-a440-4144-9ebe-c0d10617cf74 c20b093940714dddb700a8a8ddccb2be 9f548cb075c5431482fe8ea4ea88c375 - - b946b65d030e4b1d9c349941185b1eec b946b65d030e4b1d9c349941185b1eec] 162.253.55.193 "POST /v2.0/networks HTTP/1.1" status: 201 len: 924 time: 0.4623566
2026-09-19 02:53:28.227 10 INFO neutron.api.wsgi [None req-0b7ecd06-16b7-4aca-8cc5-07a595da86af c20b093940714dddb700a8a8ddccb2be 9f548cb075c5431482fe8ea4ea88c375 - - b946b65d030e4b1d9c349941185b1eec b946b65d030e4b1d9c349941185b1eec] 162.253.55.193 "GET /v2.0/ports?device_id=manila-share&binding%3Ahost_id=instance HTTP/1.1" status: 200 len: 210 time: 0.0253153
2026-09-19 02:53:28.239 10 INFO neutron.api.wsgi [None req-2076e8cd-38c8-460a-ba70-3fb3c23defde c20b093940714dddb700a8a8ddccb2be 9f548cb075c5431482fe8ea4ea88c375 - - b946b65d030e4b1d9c349941185b1eec b946b65d030e4b1d9c349941185b1eec] 162.253.55.193 "GET /v2.0/extensions HTTP/1.1" status: 200 len: 19298 time: 0.0044093
2026-09-19 02:53:28.546 10 WARNING neutron.scheduler.dhcp_agent_scheduler [None req-4b956c69-3fc9-4129-804f-8cc912be53da c20b093940714dddb700a8a8ddccb2be 9f548cb075c5431482fe8ea4ea88c375 - - b946b65d030e4b1d9c349941185b1eec b946b65d030e4b1d9c349941185b1eec] No more DHCP agents
2026-09-19 02:53:28.547 10 WARNING neutron.api.rpc.agentnotifiers.dhcp_rpc_agent_api [None req-4b956c69-3fc9-4129-804f-8cc912be53da c20b093940714dddb700a8a8ddccb2be 9f548cb075c5431482fe8ea4ea88c375 - - b946b65d030e4b1d9c349941185b1eec b946b65d030e4b1d9c349941185b1eec] Unable to schedule network 3f092a42-64c4-442c-bd25-0f586baa91ea: no agents available; will retry on subsequent port and subnet creation events.
2026-09-19 02:53:28.616 10 INFO neutron.db.ovn_revision_numbers_db [None req-4b956c69-3fc9-4129-804f-8cc912be53da c20b093940714dddb700a8a8ddccb2be 9f548cb075c5431482fe8ea4ea88c375 - - b946b65d030e4b1d9c349941185b1eec b946b65d030e4b1d9c349941185b1eec] Successfully bumped revision number for resource b42c7d1b-2e94-4f4c-902b-30ccb999d9a8 (type: ports) to 1
2026-09-19 02:53:28.834 10 INFO neutron.db.ovn_revision_numbers_db [None req-4b956c69-3fc9-4129-804f-8cc912be53da c20b093940714dddb700a8a8ddccb2be 9f548cb075c5431482fe8ea4ea88c375 - - b946b65d030e4b1d9c349941185b1eec b946b65d030e4b1d9c349941185b1eec] Successfully bumped revision number for resource b42c7d1b-2e94-4f4c-902b-30ccb999d9a8 (type: ports) to 3
2026-09-19 02:53:28.866 10 INFO neutron.api.wsgi [None req-4b956c69-3fc9-4129-804f-8cc912be53da c20b093940714dddb700a8a8ddccb2be 9f548cb075c5431482fe8ea4ea88c375 - - b946b65d030e4b1d9c349941185b1eec b946b65d030e4b1d9c349941185b1eec] 162.253.55.193 "POST /v2.0/ports HTTP/1.1" status: 201 len: 1172 time: 0.6226757
2026-09-19 02:53:28.905 10 INFO neutron.api.wsgi [None req-a5fa6411-e55a-4a14-9313-2121edcce5fd c20b093940714dddb700a8a8ddccb2be 9f548cb075c5431482fe8ea4ea88c375 - - b946b65d030e4b1d9c349941185b1eec b946b65d030e4b1d9c349941185b1eec] 162.253.55.193 "GET /v2.0/networks/3f092a42-64c4-442c-bd25-0f586baa91ea HTTP/1.1" status: 200 len: 906 time: 0.0326765
2026-09-19 02:53:29.699 10 INFO neutron.plugins.ml2.drivers.ovn.mech_driver.mech_driver [None req-222f8147-4c77-4724-b790-97be6b78f88f - - - - - -] OVN reports status up for port: b42c7d1b-2e94-4f4c-902b-30ccb999d9a8
2026-09-19 02:53:29.715 10 INFO neutron.plugins.ml2.plugin [None req-222f8147-4c77-4724-b790-97be6b78f88f - - - - - -] Attempt 1 to provision port b42c7d1b-2e94-4f4c-902b-30ccb999d9a8
2026-09-19 02:53:29.913 10 INFO neutron.db.ovn_revision_numbers_db [None req-222f8147-4c77-4724-b790-97be6b78f88f - - - - - -] Successfully bumped revision number for resource b42c7d1b-2e94-4f4c-902b-30ccb999d9a8 (type: ports) to 4
2026-09-19 02:53:31.183 10 INFO neutron.api.wsgi [None req-9447bb8b-4275-4435-b94c-dab7ed738d7d c20b093940714dddb700a8a8ddccb2be 9f548cb075c5431482fe8ea4ea88c375 - - b946b65d030e4b1d9c349941185b1eec b946b65d030e4b1d9c349941185b1eec] 162.253.55.193 "GET /v2.0/ports?device_id=manila-share&binding%3Ahost_id=instance HTTP/1.1" status: 200 len: 1172 time: 0.0272505
2026-09-19 02:53:31.211 10 INFO neutron.api.wsgi [None req-b35fd035-a721-4659-83de-ae07caf6a8d2 c20b093940714dddb700a8a8ddccb2be 9f548cb075c5431482fe8ea4ea88c375 - - b946b65d030e4b1d9c349941185b1eec b946b65d030e4b1d9c349941185b1eec] 162.253.55.193 "GET /v2.0/networks/3f092a42-64c4-442c-bd25-0f586baa91ea HTTP/1.1" status: 200 len: 906 time: 0.0223229
2026-09-19 02:53:31.720 10 INFO neutron.api.wsgi [-] 10.0.0.236 "GET / HTTP/1.1" status: 200 len: 247 time: 0.0017111
2026-09-19 02:53:31.721 9 INFO neutron.api.wsgi [-] 10.0.0.236 "GET / HTTP/1.1" status: 200 len: 247 time: 0.0024133
2026-09-19 02:53:46.723 10 INFO neutron.api.wsgi [-] 10.0.0.236 "GET / HTTP/1.1" status: 200 len: 247 time: 0.0029247
2026-09-19 02:53:46.728 10 INFO neutron.api.wsgi [-] 10.0.0.236 "GET / HTTP/1.1" status: 200 len: 247 time: 0.0028591
2026-09-19 02:53:56.453 9 INFO neutron.api.wsgi [None req-4da4cce7-5e6b-4ee2-afd1-9941804a1867 1a77308039fd423d831ad89f385a318b 94ff84ec4abe4a7bbe77f85d43b15b23 - - default default] 162.253.55.193,10.0.0.236 "GET /v2.0/quotas/9f548cb075c5431482fe8ea4ea88c375 HTTP/1.1" status: 200 len: 467 time: 0.0175016
2026-09-19 02:53:57.021 9 INFO neutron.api.wsgi [None req-ed9f6c63-18e3-4a14-97ee-28844431ca07 1a77308039fd423d831ad89f385a318b 94ff84ec4abe4a7bbe77f85d43b15b23 - - default default] 162.253.55.193,10.0.0.236 "PUT /v2.0/quotas/9f548cb075c5431482fe8ea4ea88c375 HTTP/1.1" status: 200 len: 466 time: 0.0351989
2026-09-19 02:54:01.721 10 INFO neutron.api.wsgi [-] 10.0.0.236 "GET / HTTP/1.1" status: 200 len: 247 time: 0.0022805
2026-09-19 02:54:01.722 9 INFO neutron.api.wsgi [-] 10.0.0.236 "GET / HTTP/1.1" status: 200 len: 247 time: 0.0030999
2026-09-19 02:54:16.722 10 INFO neutron.api.wsgi [-] 10.0.0.236 "GET / HTTP/1.1" status: 200 len: 247 time: 0.0027695
2026-09-19 02:54:16.724 9 INFO neutron.api.wsgi [-] 10.0.0.236 "GET / HTTP/1.1" status: 200 len: 247 time: 0.0048978
2026-09-19 02:54:31.720 10 INFO neutron.api.wsgi [-] 10.0.0.236 "GET / HTTP/1.1" status: 200 len: 247 time: 0.0012884
2026-09-19 02:54:31.726 9 INFO neutron.api.wsgi [-] 10.0.0.236 "GET / HTTP/1.1" status: 200 len: 247 time: 0.0061691
2026-09-19 02:54:46.722 10 INFO neutron.api.wsgi [-] 10.0.0.236 "GET / HTTP/1.1" status: 200 len: 247 time: 0.0026367
2026-09-19 02:54:46.727 10 INFO neutron.api.wsgi [-] 10.0.0.236 "GET / HTTP/1.1" status: 200 len: 247 time: 0.0028474
2026-09-19 02:54:58.530 15 INFO neutron.db.ovn_revision_numbers_db [None req-39100e76-5fb2-4d1d-8427-29b649e24827 - - - - - -] Successfully bumped revision number for resource f24a4534-3ac4-46c5-a551-d5d263b82489 (type: security_groups) to 5
2026-09-19 02:54:58.531 15 INFO neutron.plugins.ml2.drivers.ovn.mech_driver.ovsdb.maintenance [None req-39100e76-5fb2-4d1d-8427-29b649e24827 - - - - - -] OVN maintenance task check_for_inconsistencies finished in 0.093 seconds
2026-09-19 02:55:01.722 10 INFO neutron.api.wsgi [-] 10.0.0.236 "GET / HTTP/1.1" status: 200 len: 247 time: 0.0030048
2026-09-19 02:55:01.722 9 INFO neutron.api.wsgi [-] 10.0.0.236 "GET / HTTP/1.1" status: 200 len: 247 time: 0.0027196
2026-09-19 02:55:06.551 9 INFO neutron.api.wsgi [None req-a5c9a273-5861-4325-8c82-c55c54211e2e 1a77308039fd423d831ad89f385a318b 94ff84ec4abe4a7bbe77f85d43b15b23 - - default default] 10.0.0.222 "GET /v2.0/floatingips HTTP/1.1" status: 200 len: 193 time: 0.1100807
2026-09-19 02:55:06.631 9 INFO neutron.api.wsgi [None req-00a0f725-1852-479f-a9de-cb85e8e4e263 1a77308039fd423d831ad89f385a318b 94ff84ec4abe4a7bbe77f85d43b15b23 - - default default] 10.0.0.222 "GET /v2.0/networks HTTP/1.1" status: 200 len: 2349 time: 0.0735075
2026-09-19 02:55:06.693 9 INFO neutron.api.wsgi [None req-1c664f6e-0931-4e83-8536-89a07a343780 1a77308039fd423d831ad89f385a318b 94ff84ec4abe4a7bbe77f85d43b15b23 - - default default] 10.0.0.222 "GET /v2.0/subnets HTTP/1.1" status: 200 len: 1484 time: 0.0597136
2026-09-19 02:55:06.743 9 INFO neutron.api.wsgi [None req-271f6b56-6c40-49c2-91a2-1a96fd31d12c 1a77308039fd423d831ad89f385a318b 94ff84ec4abe4a7bbe77f85d43b15b23 - - default default] 10.0.0.222 "GET /v2.0/routers HTTP/1.1" status: 200 len: 189 time: 0.0480218
2026-09-19 02:55:06.798 9 INFO neutron.api.wsgi [None req-8cf324bc-afc5-400c-bde1-43dd2dad55b3 1a77308039fd423d831ad89f385a318b 94ff84ec4abe4a7bbe77f85d43b15b23 - - default default] 10.0.0.222 "GET /v2.0/agents?binary=ovn-controller HTTP/1.1" status: 200 len: 591 time: 0.0534563
2026-09-19 02:55:06.849 9 INFO neutron.api.wsgi [None req-57e81180-d076-42b8-9875-5def6c5fef1d 1a77308039fd423d831ad89f385a318b 94ff84ec4abe4a7bbe77f85d43b15b23 - - default default] 10.0.0.222 "GET /v2.0/security-groups HTTP/1.1" status: 200 len: 17574 time: 0.0486472
2026-09-19 02:55:06.911 9 INFO neutron.api.wsgi [None req-92d0ac32-070a-484b-bd78-ce06f0dd7939 1a77308039fd423d831ad89f385a318b 94ff84ec4abe4a7bbe77f85d43b15b23 - - default default] 10.0.0.222 "GET /v2.0/ports HTTP/1.1" status: 200 len: 5347 time: 0.0526197
2026-09-19 02:55:06.924 9 INFO neutron.api.wsgi [None req-a27204c9-5c86-419a-a512-def064d27d6e 1a77308039fd423d831ad89f385a318b 94ff84ec4abe4a7bbe77f85d43b15b23 - - default default] 10.0.0.222 "GET /v2.0/agents HTTP/1.1" status: 200 len: 1390 time: 0.0084388
2026-09-19 02:55:06.950 9 INFO neutron.api.wsgi [None req-dab2d075-5ccc-40aa-a371-f71e2a496bcb 1a77308039fd423d831ad89f385a318b 94ff84ec4abe4a7bbe77f85d43b15b23 - - default default] 10.0.0.222 "GET /v2.0/subnets HTTP/1.1" status: 200 len: 1484 time: 0.0231707
2026-09-19 02:55:06.959 9 INFO neutron.api.wsgi [None req-52571c12-c6ed-4d7f-9601-94af6c39d310 1a77308039fd423d831ad89f385a318b 94ff84ec4abe4a7bbe77f85d43b15b23 - - default default] 10.0.0.222 "GET /v2.0/subnetpools HTTP/1.1" status: 200 len: 193 time: 0.0071077
2026-09-19 02:55:06.970 9 INFO neutron.api.wsgi [None req-4698fa9f-9535-4a2e-8526-74fc8d98579a 1a77308039fd423d831ad89f385a318b 94ff84ec4abe4a7bbe77f85d43b15b23 - - default default] 10.0.0.222 "GET /v2.0/network-ip-availabilities HTTP/1.1" status: 200 len: 1280 time: 0.0100596
2026-09-19 02:55:16.724 10 INFO neutron.api.wsgi [-] 10.0.0.236 "GET / HTTP/1.1" status: 200 len: 247 time: 0.0050933
2026-09-19 02:55:16.729 9 INFO neutron.api.wsgi [-] 10.0.0.236 "GET / HTTP/1.1" status: 200 len: 247 time: 0.0036118
2026-09-19 02:55:31.721 9 INFO neutron.api.wsgi [-] 10.0.0.236 "GET / HTTP/1.1" status: 200 len: 247 time: 0.0022838
2026-09-19 02:55:31.723 10 INFO neutron.api.wsgi [-] 10.0.0.236 "GET / HTTP/1.1" status: 200 len: 247 time: 0.0026526
2026-09-19 02:55:46.721 9 INFO neutron.api.wsgi [-] 10.0.0.236 "GET / HTTP/1.1" status: 200 len: 247 time: 0.0018992
2026-09-19 02:55:46.724 10 INFO neutron.api.wsgi [-] 10.0.0.236 "GET / HTTP/1.1" status: 200 len: 247 time: 0.0040884
2026-09-19 02:56:01.726 9 INFO neutron.api.wsgi [-] 10.0.0.236 "GET / HTTP/1.1" status: 200 len: 247 time: 0.0058537
2026-09-19 02:56:01.731 9 INFO neutron.api.wsgi [-] 10.0.0.236 "GET / HTTP/1.1" status: 200 len: 247 time: 0.0028894
2026-09-19 02:56:06.656 9 INFO neutron.api.wsgi [None req-f46a884d-a760-4674-bacf-8cd03f0ab989 1a77308039fd423d831ad89f385a318b 94ff84ec4abe4a7bbe77f85d43b15b23 - - default default] 10.0.0.222 "GET /v2.0/networks HTTP/1.1" status: 200 len: 2349 time: 0.1383755
2026-09-19 02:56:06.714 9 INFO neutron.api.wsgi [None req-671115f5-6c45-44d1-b14c-3d510edfeb2e 1a77308039fd423d831ad89f385a318b 94ff84ec4abe4a7bbe77f85d43b15b23 - - default default] 10.0.0.222 "GET /v2.0/ports HTTP/1.1" status: 200 len: 5347 time: 0.0546331
2026-09-19 02:56:06.778 9 INFO neutron.api.wsgi [None req-75160ef5-0966-4373-ba12-fc9482d5c3a1 1a77308039fd423d831ad89f385a318b 94ff84ec4abe4a7bbe77f85d43b15b23 - - default default] 10.0.0.222 "GET /v2.0/security-groups HTTP/1.1" status: 200 len: 17574 time: 0.0575447
2026-09-19 02:56:06.848 9 INFO neutron.api.wsgi [None req-56222ead-997d-4bb1-8d3f-02ed2edf2b64 1a77308039fd423d831ad89f385a318b 94ff84ec4abe4a7bbe77f85d43b15b23 - - default default] 10.0.0.222 "GET /v2.0/agents HTTP/1.1" status: 200 len: 1390 time: 0.0637319
2026-09-19 02:56:06.867 9 INFO neutron.api.wsgi [None req-b98790a6-cfd7-400e-b0c4-3575917ff6e5 1a77308039fd423d831ad89f385a318b 94ff84ec4abe4a7bbe77f85d43b15b23 - - default default] 10.0.0.222 "GET /v2.0/network-ip-availabilities HTTP/1.1" status: 200 len: 1280 time: 0.0179062
2026-09-19 02:56:06.895 9 INFO neutron.api.wsgi [None req-2511e33b-06b3-4b2a-9735-aead23f86923 1a77308039fd423d831ad89f385a318b 94ff84ec4abe4a7bbe77f85d43b15b23 - - default default] 10.0.0.222 "GET /v2.0/subnets HTTP/1.1" status: 200 len: 1484 time: 0.0271266
2026-09-19 02:56:06.904 9 INFO neutron.api.wsgi [None req-cd0a4b89-ca10-469d-a9ef-5055861c2843 1a77308039fd423d831ad89f385a318b 94ff84ec4abe4a7bbe77f85d43b15b23 - - default default] 10.0.0.222 "GET /v2.0/subnetpools HTTP/1.1" status: 200 len: 193 time: 0.0078192
2026-09-19 02:56:06.921 9 INFO neutron.api.wsgi [None req-57bbff73-5d35-4f85-9cc5-5de2301e7636 1a77308039fd423d831ad89f385a318b 94ff84ec4abe4a7bbe77f85d43b15b23 - - default default] 10.0.0.222 "GET /v2.0/floatingips HTTP/1.1" status: 200 len: 193 time: 0.0155869
2026-09-19 02:56:06.948 9 INFO neutron.api.wsgi [None req-dce2925f-bbdc-47c9-bf32-bc93d6173216 1a77308039fd423d831ad89f385a318b 94ff84ec4abe4a7bbe77f85d43b15b23 - - default default] 10.0.0.222 "GET /v2.0/subnets HTTP/1.1" status: 200 len: 1484 time: 0.0257549
2026-09-19 02:56:06.961 9 INFO neutron.api.wsgi [None req-4cbb75ce-8ad6-44a5-8e17-88bfdb3f9329 1a77308039fd423d831ad89f385a318b 94ff84ec4abe4a7bbe77f85d43b15b23 - - default default] 10.0.0.222 "GET /v2.0/routers HTTP/1.1" status: 200 len: 189 time: 0.0115478
2026-09-19 02:56:06.969 9 INFO neutron.api.wsgi [None req-8fae80c6-2bb5-4749-a1e9-27fcb65d405a 1a77308039fd423d831ad89f385a318b 94ff84ec4abe4a7bbe77f85d43b15b23 - - default default] 10.0.0.222 "GET /v2.0/agents?binary=ovn-controller HTTP/1.1" status: 200 len: 591 time: 0.0072939
2026-09-19 02:56:16.721 9 INFO neutron.api.wsgi [-] 10.0.0.236 "GET / HTTP/1.1" status: 200 len: 247 time: 0.0018253
2026-09-19 02:56:16.724 10 INFO neutron.api.wsgi [-] 10.0.0.236 "GET / HTTP/1.1" status: 200 len: 247 time: 0.0040457
2026-09-19 02:56:31.722 10 INFO neutron.api.wsgi [-] 10.0.0.236 "GET / HTTP/1.1" status: 200 len: 247 time: 0.0029440
2026-09-19 02:56:31.726 9 INFO neutron.api.wsgi [-] 10.0.0.236 "GET / HTTP/1.1" status: 200 len: 247 time: 0.0040045
2026-09-19 02:56:46.724 9 INFO neutron.api.wsgi [-] 10.0.0.236 "GET / HTTP/1.1" status: 200 len: 247 time: 0.0043995
2026-09-19 02:56:46.724 10 INFO neutron.api.wsgi [-] 10.0.0.236 "GET / HTTP/1.1" status: 200 len: 247 time: 0.0045433
2026-09-19 02:57:01.723 10 INFO neutron.api.wsgi [-] 10.0.0.236 "GET / HTTP/1.1" status: 200 len: 247 time: 0.0030024
2026-09-19 02:57:01.727 10 INFO neutron.api.wsgi [-] 10.0.0.236 "GET / HTTP/1.1" status: 200 len: 247 time: 0.0034719
2026-09-19 02:57:06.534 9 INFO neutron.api.wsgi [None req-c3bdf929-0c89-4322-bc6d-dfdb0ca60aa3 1a77308039fd423d831ad89f385a318b 94ff84ec4abe4a7bbe77f85d43b15b23 - - default default] 10.0.0.222 "GET /v2.0/floatingips HTTP/1.1" status: 200 len: 193 time: 0.0497882
2026-09-19 02:57:06.572 9 INFO neutron.api.wsgi [None req-473a8c06-2541-4b89-9fd5-7a5f9cee00d8 1a77308039fd423d831ad89f385a318b 94ff84ec4abe4a7bbe77f85d43b15b23 - - default default] 10.0.0.222 "GET /v2.0/ports HTTP/1.1" status: 200 len: 5347 time: 0.0374610
2026-09-19 02:57:06.615 9 INFO neutron.api.wsgi [None req-7fdf92e5-000a-43bf-92fe-e29512b6627b 1a77308039fd423d831ad89f385a318b 94ff84ec4abe4a7bbe77f85d43b15b23 - - default default] 10.0.0.222 "GET /v2.0/agents HTTP/1.1" status: 200 len: 1390 time: 0.0402496
2026-09-19 02:57:06.628 9 INFO neutron.api.wsgi [None req-1c159b88-35c6-4ea3-9b9a-873986ddac52 1a77308039fd423d831ad89f385a318b 94ff84ec4abe4a7bbe77f85d43b15b23 - - default default] 10.0.0.222 "GET /v2.0/network-ip-availabilities HTTP/1.1" status: 200 len: 1280 time: 0.0113597
2026-09-19 02:57:06.654 9 INFO neutron.api.wsgi [None req-d562a5d3-2780-440f-a69f-2c6293555bc9 1a77308039fd423d831ad89f385a318b 94ff84ec4abe4a7bbe77f85d43b15b23 - - default default] 10.0.0.222 "GET /v2.0/subnets HTTP/1.1" status: 200 len: 1484 time: 0.0255349
2026-09-19 02:57:06.664 9 INFO neutron.api.wsgi [None req-f8cf2350-bb97-4284-9ae1-ff8ff6e65d11 1a77308039fd423d831ad89f385a318b 94ff84ec4abe4a7bbe77f85d43b15b23 - - default default] 10.0.0.222 "GET /v2.0/subnetpools HTTP/1.1" status: 200 len: 193 time: 0.0088661
2026-09-19 02:57:06.707 9 INFO neutron.api.wsgi [None req-d69b2e48-a3d2-47b3-bfef-1e09b0daa042 1a77308039fd423d831ad89f385a318b 94ff84ec4abe4a7bbe77f85d43b15b23 - - default default] 10.0.0.222 "GET /v2.0/networks HTTP/1.1" status: 200 len: 2349 time: 0.0426352
2026-09-19 02:57:06.741 9 INFO neutron.api.wsgi [None req-51d38da3-ade6-4b7d-a001-1145872f586f 1a77308039fd423d831ad89f385a318b 94ff84ec4abe4a7bbe77f85d43b15b23 - - default default] 10.0.0.222 "GET /v2.0/security-groups HTTP/1.1" status: 200 len: 17574 time: 0.0302184
2026-09-19 02:57:06.774 9 INFO neutron.api.wsgi [None req-5720261e-e7b1-4768-8ac5-25faf5ff31ea 1a77308039fd423d831ad89f385a318b 94ff84ec4abe4a7bbe77f85d43b15b23 - - default default] 10.0.0.222 "GET /v2.0/subnets HTTP/1.1" status: 200 len: 1484 time: 0.0286908
2026-09-19 02:57:06.797 9 INFO neutron.api.wsgi [None req-cc1fb0e0-268b-424e-bd91-7a049c07eca9 1a77308039fd423d831ad89f385a318b 94ff84ec4abe4a7bbe77f85d43b15b23 - - default default] 10.0.0.222 "GET /v2.0/routers HTTP/1.1" status: 200 len: 189 time: 0.0221255
2026-09-19 02:57:06.807 9 INFO neutron.api.wsgi [None req-eaa63229-37e0-43f6-a5f9-59dd68493533 1a77308039fd423d831ad89f385a318b 94ff84ec4abe4a7bbe77f85d43b15b23 - - default default] 10.0.0.222 "GET /v2.0/agents?binary=ovn-controller HTTP/1.1" status: 200 len: 591 time: 0.0098076
2026-09-19 02:57:16.722 10 INFO neutron.api.wsgi [-] 10.0.0.236 "GET / HTTP/1.1" status: 200 len: 247 time: 0.0031672
2026-09-19 02:57:16.726 9 INFO neutron.api.wsgi [-] 10.0.0.236 "GET / HTTP/1.1" status: 200 len: 247 time: 0.0067227
2026-09-19 02:57:31.723 9 INFO neutron.api.wsgi [-] 10.0.0.236 "GET / HTTP/1.1" status: 200 len: 247 time: 0.0037742
2026-09-19 02:57:31.729 9 INFO neutron.api.wsgi [-] 10.0.0.236 "GET / HTTP/1.1" status: 200 len: 247 time: 0.0052676
2026-09-19 02:57:46.722 10 INFO neutron.api.wsgi [-] 10.0.0.236 "GET / HTTP/1.1" status: 200 len: 247 time: 0.0024221
2026-09-19 02:57:46.722 9 INFO neutron.api.wsgi [-] 10.0.0.236 "GET / HTTP/1.1" status: 200 len: 247 time: 0.0028322
2026-09-19 02:58:01.722 10 INFO neutron.api.wsgi [-] 10.0.0.236 "GET / HTTP/1.1" status: 200 len: 247 time: 0.0025530
2026-09-19 02:58:01.722 9 INFO neutron.api.wsgi [-] 10.0.0.236 "GET / HTTP/1.1" status: 200 len: 247 time: 0.0023012
2026-09-19 02:58:06.451 9 INFO neutron.api.wsgi [None req-c9cc17c4-0619-4a6d-8cc2-489b2dd1036f 1a77308039fd423d831ad89f385a318b 94ff84ec4abe4a7bbe77f85d43b15b23 - - default default] 10.0.0.222 "GET /v2.0/subnets HTTP/1.1" status: 200 len: 1484 time: 0.0713058
2026-09-19 02:58:06.462 9 INFO neutron.api.wsgi [None req-3f8539db-75b3-4563-a542-9591d80bd64c 1a77308039fd423d831ad89f385a318b 94ff84ec4abe4a7bbe77f85d43b15b23 - - default default] 10.0.0.222 "GET /v2.0/subnetpools HTTP/1.1" status: 200 len: 193 time: 0.0098100
2026-09-19 02:58:06.475 9 INFO neutron.api.wsgi [None req-b04124d6-e346-4d1c-a0aa-029fa613327c 1a77308039fd423d831ad89f385a318b 94ff84ec4abe4a7bbe77f85d43b15b23 - - default default] 10.0.0.222 "GET /v2.0/floatingips HTTP/1.1" status: 200 len: 193 time: 0.0120897
2026-09-19 02:58:06.549 9 INFO neutron.api.wsgi [None req-7102931a-ee51-4fc1-b5ed-03b7f66390f4 1a77308039fd423d831ad89f385a318b 94ff84ec4abe4a7bbe77f85d43b15b23 - - default default] 10.0.0.222 "GET /v2.0/networks HTTP/1.1" status: 200 len: 2349 time: 0.0728409
2026-09-19 02:58:06.586 9 INFO neutron.api.wsgi [None req-d534816d-6e6f-4c5a-a64b-3f89a52e8899 1a77308039fd423d831ad89f385a318b 94ff84ec4abe4a7bbe77f85d43b15b23 - - default default] 10.0.0.222 "GET /v2.0/security-groups HTTP/1.1" status: 200 len: 17574 time: 0.0313973
2026-09-19 02:58:06.630 9 INFO neutron.api.wsgi [None req-183fecb9-def3-4b4b-9aee-cd9f86d4e3c6 1a77308039fd423d831ad89f385a318b 94ff84ec4abe4a7bbe77f85d43b15b23 - - default default] 10.0.0.222 "GET /v2.0/ports HTTP/1.1" status: 200 len: 5347 time: 0.0383828
2026-09-19 02:58:06.696 9 INFO neutron.api.wsgi [None req-d09b7186-a422-4240-9539-3bed1f69058e 1a77308039fd423d831ad89f385a318b 94ff84ec4abe4a7bbe77f85d43b15b23 - - default default] 10.0.0.222 "GET /v2.0/routers HTTP/1.1" status: 200 len: 189 time: 0.0627599
2026-09-19 02:58:06.737 9 INFO neutron.api.wsgi [None req-8b7bb587-d7d8-4be1-90e3-c0fc810aa080 1a77308039fd423d831ad89f385a318b 94ff84ec4abe4a7bbe77f85d43b15b23 - - default default] 10.0.0.222 "GET /v2.0/agents?binary=ovn-controller HTTP/1.1" status: 200 len: 591 time: 0.0402181
2026-09-19 02:58:06.755 9 INFO neutron.api.wsgi [None req-152059ef-ceb7-41c5-a3b2-db14747c5658 1a77308039fd423d831ad89f385a318b 94ff84ec4abe4a7bbe77f85d43b15b23 - - default default] 10.0.0.222 "GET /v2.0/network-ip-availabilities HTTP/1.1" status: 200 len: 1280 time: 0.0168538
2026-09-19 02:58:06.772 9 INFO neutron.api.wsgi [None req-c29a81ac-101a-4cca-8038-4a0c8c09159e 1a77308039fd423d831ad89f385a318b 94ff84ec4abe4a7bbe77f85d43b15b23 - - default default] 10.0.0.222 "GET /v2.0/agents HTTP/1.1" status: 200 len: 1390 time: 0.0163517
2026-09-19 02:58:06.800 9 INFO neutron.api.wsgi [None req-9774958d-f538-4475-919e-c7c93992e425 1a77308039fd423d831ad89f385a318b 94ff84ec4abe4a7bbe77f85d43b15b23 - - default default] 10.0.0.222 "GET /v2.0/subnets HTTP/1.1" status: 200 len: 1484 time: 0.0268090
2026-09-19 02:58:16.724 10 INFO neutron.api.wsgi [-] 10.0.0.236 "GET / HTTP/1.1" status: 200 len: 247 time: 0.0044191
2026-09-19 02:58:16.727 10 INFO neutron.api.wsgi [-] 10.0.0.236 "GET / HTTP/1.1" status: 200 len: 247 time: 0.0025027
2026-09-19 02:58:31.720 10 INFO neutron.api.wsgi [-] 10.0.0.236 "GET / HTTP/1.1" status: 200 len: 247 time: 0.0017114
2026-09-19 02:58:31.723 10 INFO neutron.api.wsgi [-] 10.0.0.236 "GET / HTTP/1.1" status: 200 len: 247 time: 0.0018888
2026-09-19 02:58:46.722 10 INFO neutron.api.wsgi [-] 10.0.0.236 "GET / HTTP/1.1" status: 200 len: 247 time: 0.0028238
2026-09-19 02:58:46.723 9 INFO neutron.api.wsgi [-] 10.0.0.236 "GET / HTTP/1.1" status: 200 len: 247 time: 0.0041440
2026-09-19 02:59:01.722 10 INFO neutron.api.wsgi [-] 10.0.0.236 "GET / HTTP/1.1" status: 200 len: 247 time: 0.0025408
2026-09-19 02:59:01.726 10 INFO neutron.api.wsgi [-] 10.0.0.236 "GET / HTTP/1.1" status: 200 len: 247 time: 0.0029600
2026-09-19 02:59:06.624 9 INFO neutron.api.wsgi [None req-3dcb8c99-4da0-40c4-aa2b-96afba129b7e 1a77308039fd423d831ad89f385a318b 94ff84ec4abe4a7bbe77f85d43b15b23 - - default default] 10.0.0.222 "GET /v2.0/networks HTTP/1.1" status: 200 len: 2349 time: 0.0885620
2026-09-19 02:59:06.653 9 INFO neutron.api.wsgi [None req-de47cbe9-3973-4a2c-ac2e-32f4c2979d69 1a77308039fd423d831ad89f385a318b 94ff84ec4abe4a7bbe77f85d43b15b23 - - default default] 10.0.0.222 "GET /v2.0/security-groups HTTP/1.1" status: 200 len: 17574 time: 0.0263333
2026-09-19 02:59:06.676 9 INFO neutron.api.wsgi [None req-75327d81-ff9e-4c1a-a61f-791e8a59ca69 1a77308039fd423d831ad89f385a318b 94ff84ec4abe4a7bbe77f85d43b15b23 - - default default] 10.0.0.222 "GET /v2.0/routers HTTP/1.1" status: 200 len: 189 time: 0.0154006
2026-09-19 02:59:06.723 9 INFO neutron.api.wsgi [None req-b109b71c-ba3c-45d6-bec3-58d6a4315a52 1a77308039fd423d831ad89f385a318b 94ff84ec4abe4a7bbe77f85d43b15b23 - - default default] 10.0.0.222 "GET /v2.0/agents?binary=ovn-controller HTTP/1.1" status: 200 len: 591 time: 0.0457563
2026-09-19 02:59:06.746 9 INFO neutron.api.wsgi [None req-da32e2d2-f3a9-442b-8db1-edefa550a22d 1a77308039fd423d831ad89f385a318b 94ff84ec4abe4a7bbe77f85d43b15b23 - - default default] 10.0.0.222 "GET /v2.0/floatingips HTTP/1.1" status: 200 len: 193 time: 0.0197668
2026-09-19 02:59:06.774 9 INFO neutron.api.wsgi [None req-3cea2295-1fbe-4815-b6a9-ca2db872f208 1a77308039fd423d831ad89f385a318b 94ff84ec4abe4a7bbe77f85d43b15b23 - - default default] 10.0.0.222 "GET /v2.0/subnets HTTP/1.1" status: 200 len: 1484 time: 0.0272171
2026-09-19 02:59:06.783 9 INFO neutron.api.wsgi [None req-09084724-e2e5-45a7-9bb5-e2450e2e7ae8 1a77308039fd423d831ad89f385a318b 94ff84ec4abe4a7bbe77f85d43b15b23 - - default default] 10.0.0.222 "GET /v2.0/subnetpools HTTP/1.1" status: 200 len: 193 time: 0.0066702
2026-09-19 02:59:06.792 9 INFO neutron.api.wsgi [None req-ed5a805c-cd85-44cf-b499-7bedb77f1e05 1a77308039fd423d831ad89f385a318b 94ff84ec4abe4a7bbe77f85d43b15b23 - - default default] 10.0.0.222 "GET /v2.0/agents HTTP/1.1" status: 200 len: 1390 time: 0.0081780
2026-09-19 02:59:06.819 9 INFO neutron.api.wsgi [None req-2a8a5a35-cc80-44ed-aebe-7fef19441505 1a77308039fd423d831ad89f385a318b 94ff84ec4abe4a7bbe77f85d43b15b23 - - default default] 10.0.0.222 "GET /v2.0/subnets HTTP/1.1" status: 200 len: 1484 time: 0.0259342
2026-09-19 02:59:06.851 9 INFO neutron.api.wsgi [None req-25c82007-d76d-45f9-b183-2d0fb205f7bb 1a77308039fd423d831ad89f385a318b 94ff84ec4abe4a7bbe77f85d43b15b23 - - default default] 10.0.0.222 "GET /v2.0/ports HTTP/1.1" status: 200 len: 5347 time: 0.0313833
2026-09-19 02:59:06.869 9 INFO neutron.api.wsgi [None req-c1ccf039-33ff-4d8b-ab4a-0f1a9010734a 1a77308039fd423d831ad89f385a318b 94ff84ec4abe4a7bbe77f85d43b15b23 - - default default] 10.0.0.222 "GET /v2.0/network-ip-availabilities HTTP/1.1" status: 200 len: 1280 time: 0.0146382
2026-09-19 02:59:16.722 9 INFO neutron.api.wsgi [-] 10.0.0.236 "GET / HTTP/1.1" status: 200 len: 247 time: 0.0028267
2026-09-19 02:59:16.726 9 INFO neutron.api.wsgi [-] 10.0.0.236 "GET / HTTP/1.1" status: 200 len: 247 time: 0.0029001
2026-09-19 02:59:31.721 9 INFO neutron.api.wsgi [-] 10.0.0.236 "GET / HTTP/1.1" status: 200 len: 247 time: 0.0021291
2026-09-19 02:59:31.723 9 INFO neutron.api.wsgi [-] 10.0.0.236 "GET / HTTP/1.1" status: 200 len: 247 time: 0.0009558
2026-09-19 02:59:46.721 10 INFO neutron.api.wsgi [-] 10.0.0.236 "GET / HTTP/1.1" status: 200 len: 247 time: 0.0023432
2026-09-19 02:59:46.724 10 INFO neutron.api.wsgi [-] 10.0.0.236 "GET / HTTP/1.1" status: 200 len: 247 time: 0.0019391
2026-09-19 02:59:58.499 15 INFO neutron.plugins.ml2.drivers.ovn.mech_driver.ovsdb.maintenance [None req-39100e76-5fb2-4d1d-8427-29b649e24827 - - - - - -] OVN maintenance task check_for_inconsistencies finished in 0.034 seconds
2026-09-19 03:00:01.723 9 INFO neutron.api.wsgi [-] 10.0.0.236 "GET / HTTP/1.1" status: 200 len: 247 time: 0.0016451
2026-09-19 03:00:01.723 10 INFO neutron.api.wsgi [-] 10.0.0.236 "GET / HTTP/1.1" status: 200 len: 247 time: 0.0018311
2026-09-19 03:00:06.561 9 INFO neutron.api.wsgi [None req-340f3115-65b9-489d-8e0d-54df5cc83ec7 1a77308039fd423d831ad89f385a318b 94ff84ec4abe4a7bbe77f85d43b15b23 - - default default] 10.0.0.222 "GET /v2.0/ports HTTP/1.1" status: 200 len: 5347 time: 0.0986531
2026-09-19 03:00:06.601 9 INFO neutron.api.wsgi [None req-636c6fdc-459d-4b2b-834c-8ff1c7973b96 1a77308039fd423d831ad89f385a318b 94ff84ec4abe4a7bbe77f85d43b15b23 - - default default] 10.0.0.222 "GET /v2.0/security-groups HTTP/1.1" status: 200 len: 17574 time: 0.0358269
2026-09-19 03:00:06.623 9 INFO neutron.api.wsgi [None req-6e263ca0-e7ac-472e-9cad-90513962254a 1a77308039fd423d831ad89f385a318b 94ff84ec4abe4a7bbe77f85d43b15b23 - - default default] 10.0.0.222 "GET /v2.0/routers HTTP/1.1" status: 200 len: 189 time: 0.0155294
2026-09-19 03:00:06.653 9 INFO neutron.api.wsgi [None req-738c7f5d-3006-4cc2-8af4-6f696197fdf1 1a77308039fd423d831ad89f385a318b 94ff84ec4abe4a7bbe77f85d43b15b23 - - default default] 10.0.0.222 "GET /v2.0/agents?binary=ovn-controller HTTP/1.1" status: 200 len: 591 time: 0.0297155
