2026-09-19 03:15:19.577 10 INFO neutron.db.ovn_revision_numbers_db [None req-90b09379-12c0-4867-8305-ae21562cbeed - - - - - -] Successfully bumped revision number for resource b7be71e3-0191-47dc-b4a1-e5c8e3b105de (type: ports) to 1
2026-09-19 03:15:19.650 9 INFO neutron.services.segments.plugin [-] Segment fcebdc6c-4b27-40b1-9b59-7f7c505cccd9 resource provider aggregate not found
2026-09-19 03:15:19.660 9 INFO neutron.services.segments.plugin [-] Segment fcebdc6c-4b27-40b1-9b59-7f7c505cccd9 resource provider aggregate not found
2026-09-19 03:15:19.672 9 INFO neutron.services.segments.plugin [-] Segment fcebdc6c-4b27-40b1-9b59-7f7c505cccd9 resource provider not found; error: Placement Client Error (4xx): {"errors": [{"status": 404, "title": "Not Found", "detail": "The resource could not be found.\n\n No resource provider with uuid fcebdc6c-4b27-40b1-9b59-7f7c505cccd9 found for delete ", "request_id": "req-13ee5aa4-9186-4451-a360-2da21d32ce0a"}]}
2026-09-19 03:15:19.684 9 INFO neutron.services.segments.plugin [-] Segment fcebdc6c-4b27-40b1-9b59-7f7c505cccd9 resource provider not found; error: Placement Client Error (4xx): {"errors": [{"status": 404, "title": "Not Found", "detail": "The resource could not be found.\n\n No resource provider with uuid fcebdc6c-4b27-40b1-9b59-7f7c505cccd9 found for delete ", "request_id": "req-d7eb2cee-f6bc-480f-b7cc-4df0fab8e31a"}]}
2026-09-19 03:15:19.723 9 INFO neutron.api.wsgi [None req-cb54a0a4-6219-4121-9af6-edccbb96d478 5421943ace764866b0a76b406cb321ee cede59e7dfe64af085137622810b619a - - default default] 10.0.0.217 "DELETE /v2.0/networks/fa49663f-ad3d-4250-a612-e7553ddfba4b HTTP/1.1" status: 204 len: 168 time: 0.3032675
2026-09-19 03:15:19.933 10 WARNING neutron.plugins.ml2.drivers.ovn.mech_driver.ovsdb.ovn_client [None req-504043c9-c98a-49b6-86f7-6f047b079d46 - - - - - -] No hosting information found for port 0a93ea35-b89a-456a-a3ed-f79a83bba9e8: RuntimeError: No hosting information found for port 0a93ea35-b89a-456a-a3ed-f79a83bba9e8
2026-09-19 03:15:20.107 10 INFO neutron.plugins.ml2.drivers.ovn.mech_driver.mech_driver [None req-504043c9-c98a-49b6-86f7-6f047b079d46 - - - - - -] OVN reports status up for port: b7be71e3-0191-47dc-b4a1-e5c8e3b105de
2026-09-19 03:15:20.118 10 INFO neutron.plugins.ml2.plugin [None req-504043c9-c98a-49b6-86f7-6f047b079d46 - - - - - -] Attempt 1 to provision port b7be71e3-0191-47dc-b4a1-e5c8e3b105de
2026-09-19 03:15:20.130 10 INFO neutron.db.ovn_revision_numbers_db [None req-90b09379-12c0-4867-8305-ae21562cbeed - - - - - -] Successfully bumped revision number for resource b7be71e3-0191-47dc-b4a1-e5c8e3b105de (type: ports) to 1
2026-09-19 03:15:20.182 10 WARNING neutron.scheduler.dhcp_agent_scheduler [None req-90b09379-12c0-4867-8305-ae21562cbeed - - - - - -] No more DHCP agents
2026-09-19 03:15:20.183 10 WARNING neutron.api.rpc.agentnotifiers.dhcp_rpc_agent_api [None req-90b09379-12c0-4867-8305-ae21562cbeed - - - - - -] Unable to schedule network a8c19df6-6889-43d3-a596-d2007fa0f259: no agents available; will retry on subsequent port and subnet creation events.
2026-09-19 03:15:20.473 10 INFO neutron.db.ovn_revision_numbers_db [None req-504043c9-c98a-49b6-86f7-6f047b079d46 - - - - - -] Successfully bumped revision number for resource b7be71e3-0191-47dc-b4a1-e5c8e3b105de (type: ports) to 2
2026-09-19 03:15:20.633 10 INFO neutron.db.ovn_revision_numbers_db [None req-90b09379-12c0-4867-8305-ae21562cbeed - - - - - -] Successfully bumped revision number for resource b7be71e3-0191-47dc-b4a1-e5c8e3b105de (type: router_ports) to 1
2026-09-19 03:15:20.650 9 INFO neutron.db.ovn_revision_numbers_db [None req-2e953a44-614a-44b4-8b5d-858f292638a8 1a77308039fd423d831ad89f385a318b 94ff84ec4abe4a7bbe77f85d43b15b23 - - default default] Successfully bumped revision number for resource d13fa343-1e73-4283-b973-921012ecbffd (type: security_groups) to 1
2026-09-19 03:15:20.662 9 INFO neutron.db.ovn_revision_numbers_db [None req-2e953a44-614a-44b4-8b5d-858f292638a8 1a77308039fd423d831ad89f385a318b 94ff84ec4abe4a7bbe77f85d43b15b23 - - default default] Successfully bumped revision number for resource 20b0eb9f-3b37-4834-8d45-b23e42994dd5 (type: security_group_rules) to 0
2026-09-19 03:15:20.673 9 INFO neutron.db.ovn_revision_numbers_db [None req-2e953a44-614a-44b4-8b5d-858f292638a8 1a77308039fd423d831ad89f385a318b 94ff84ec4abe4a7bbe77f85d43b15b23 - - default default] Successfully bumped revision number for resource 20e16c85-8333-4fd4-aa65-8f975a3ad7bb (type: security_group_rules) to 0
2026-09-19 03:15:20.688 9 INFO neutron.db.ovn_revision_numbers_db [None req-2e953a44-614a-44b4-8b5d-858f292638a8 1a77308039fd423d831ad89f385a318b 94ff84ec4abe4a7bbe77f85d43b15b23 - - default default] Successfully bumped revision number for resource 644ada68-9fc1-411a-bbde-8b68e5f973cf (type: security_group_rules) to 0
2026-09-19 03:15:20.703 9 INFO neutron.db.ovn_revision_numbers_db [None req-2e953a44-614a-44b4-8b5d-858f292638a8 1a77308039fd423d831ad89f385a318b 94ff84ec4abe4a7bbe77f85d43b15b23 - - default default] Successfully bumped revision number for resource 95cb845a-4bd0-4fba-872a-b12a16a57d8f (type: security_group_rules) to 0
2026-09-19 03:15:20.740 9 INFO neutron.api.wsgi [None req-2e953a44-614a-44b4-8b5d-858f292638a8 1a77308039fd423d831ad89f385a318b 94ff84ec4abe4a7bbe77f85d43b15b23 - - default default] 10.0.0.217 "GET /v2.0/security-groups?tenant_id=ee74cf81fb5a46e1950ca6cb9431b501&name=default HTTP/1.1" status: 200 len: 3124 time: 0.2812483
2026-09-19 03:15:20.826 10 WARNING neutron.scheduler.dhcp_agent_scheduler [None req-90b09379-12c0-4867-8305-ae21562cbeed - - - - - -] No more DHCP agents
2026-09-19 03:15:20.827 10 WARNING neutron.api.rpc.agentnotifiers.dhcp_rpc_agent_api [None req-90b09379-12c0-4867-8305-ae21562cbeed - - - - - -] Unable to schedule network a8c19df6-6889-43d3-a596-d2007fa0f259: no agents available; will retry on subsequent port and subnet creation events.
2026-09-19 03:15:20.931 10 INFO neutron.db.ovn_revision_numbers_db [None req-90b09379-12c0-4867-8305-ae21562cbeed - - - - - -] Successfully bumped revision number for resource 8e7b67be-0dae-4a69-8c18-5c9f41e57a69 (type: ports) to 1
2026-09-19 03:15:20.975 9 INFO neutron.api.wsgi [None req-c1f3ff4e-b557-41a5-b41f-ab082cb4cc66 1a77308039fd423d831ad89f385a318b 94ff84ec4abe4a7bbe77f85d43b15b23 - - default default] 10.0.0.217 "DELETE /v2.0/security-groups/d13fa343-1e73-4283-b973-921012ecbffd HTTP/1.1" status: 204 len: 168 time: 0.2278969 /var/lib/openstack/lib/python3.12/site-packages/pycadf/identifier.py:71: UserWarning: Invalid uuid: neutron. To ensure interoperability, identifiers should be a valid uuid. warnings.warn(('Invalid uuid: %s. To ensure interoperability, '
2026-09-19 03:15:21.121 10 INFO neutron.api.wsgi [None req-99453f7a-fc52-4e63-b841-88fc24294cd4 1a77308039fd423d831ad89f385a318b 94ff84ec4abe4a7bbe77f85d43b15b23 - - default default] 10.0.0.217 "GET /v2.0/security-groups?tenant_id=cede59e7dfe64af085137622810b619a&name=default HTTP/1.1" status: 200 len: 3120 time: 0.0459735
2026-09-19 03:15:21.123 10 INFO neutron.db.ovn_revision_numbers_db [None req-90b09379-12c0-4867-8305-ae21562cbeed - - - - - -] Successfully bumped revision number for resource 8e7b67be-0dae-4a69-8c18-5c9f41e57a69 (type: ports) to 3
2026-09-19 03:15:21.431 10 INFO neutron.api.wsgi [None req-80272669-9172-4e6a-8f33-cd066f3f01c1 cd9e78bd50644dccae74de41757d82e6 ed341ef66a114bb49c9191724cb0acee - - default default] 10.0.0.217 "POST /v2.0/vpn/vpnservices HTTP/1.1" status: 201 len: 657 time: 4.4391289
2026-09-19 03:15:21.440 10 WARNING neutron_lib.context [None req-2ea48652-ce1f-46c1-85ce-c67e3ba560f6 cd9e78bd50644dccae74de41757d82e6 ed341ef66a114bb49c9191724cb0acee - - default default] Method 'is_advsvc' is deprecated since 2023.2 release (neutron-lib 3.8.0) and will be removed once support for the old RBAC API policies will be removed from Neutron. Please use method 'is_service_role' instead.
2026-09-19 03:15:21.528 10 INFO neutron.api.wsgi [None req-957eb50a-e914-4e1a-8077-9c7ae36c3bcb 1a77308039fd423d831ad89f385a318b 94ff84ec4abe4a7bbe77f85d43b15b23 - - default default] 10.0.0.217 "DELETE /v2.0/security-groups/cfebc7ee-e5bf-4a84-9c51-c07bd34d19ed HTTP/1.1" status: 204 len: 168 time: 0.4013333
2026-09-19 03:15:21.825 10 INFO neutron.api.wsgi [None req-2ea48652-ce1f-46c1-85ce-c67e3ba560f6 cd9e78bd50644dccae74de41757d82e6 ed341ef66a114bb49c9191724cb0acee - - default default] 10.0.0.217 "POST /v2.0/vpn/vpnservices HTTP/1.1" status: 201 len: 623 time: 0.3887801
2026-09-19 03:15:21.839 10 WARNING neutron_lib.context [None req-3834334d-73b7-4f13-8565-714535c1c700 cd9e78bd50644dccae74de41757d82e6 ed341ef66a114bb49c9191724cb0acee - - default default] Method 'is_advsvc' is deprecated since 2023.2 release (neutron-lib 3.8.0) and will be removed once support for the old RBAC API policies will be removed from Neutron. Please use method 'is_service_role' instead.
2026-09-19 03:15:21.888 10 INFO neutron.api.wsgi [None req-3834334d-73b7-4f13-8565-714535c1c700 cd9e78bd50644dccae74de41757d82e6 ed341ef66a114bb49c9191724cb0acee - - default default] 10.0.0.217 "POST /v2.0/vpn/ikepolicies HTTP/1.1" status: 201 len: 603 time: 0.0563147
2026-09-19 03:15:21.901 9 WARNING neutron_lib.context [None req-21888ac2-20bb-41e6-b38d-56705aff7c64 cd9e78bd50644dccae74de41757d82e6 ed341ef66a114bb49c9191724cb0acee - - default default] Method 'is_advsvc' is deprecated since 2023.2 release (neutron-lib 3.8.0) and will be removed once support for the old RBAC API policies will be removed from Neutron. Please use method 'is_service_role' instead.
2026-09-19 03:15:21.950 9 INFO neutron.api.wsgi [None req-21888ac2-20bb-41e6-b38d-56705aff7c64 cd9e78bd50644dccae74de41757d82e6 ed341ef66a114bb49c9191724cb0acee - - default default] 10.0.0.217 "POST /v2.0/vpn/ipsecpolicies HTTP/1.1" status: 201 len: 612 time: 0.0577533
2026-09-19 03:15:21.963 9 WARNING neutron_lib.context [None req-cd19ec9d-35c6-4a89-bebf-a8b1ce784515 cd9e78bd50644dccae74de41757d82e6 ed341ef66a114bb49c9191724cb0acee - - default default] Method 'is_advsvc' is deprecated since 2023.2 release (neutron-lib 3.8.0) and will be removed once support for the old RBAC API policies will be removed from Neutron. Please use method 'is_service_role' instead.
2026-09-19 03:15:22.050 9 INFO neutron.api.wsgi [None req-cd19ec9d-35c6-4a89-bebf-a8b1ce784515 cd9e78bd50644dccae74de41757d82e6 ed341ef66a114bb49c9191724cb0acee - - default default] 10.0.0.217 "POST /v2.0/vpn/endpoint-groups HTTP/1.1" status: 201 len: 528 time: 0.0920506
2026-09-19 03:15:22.062 10 WARNING neutron_lib.context [None req-54856cd8-237f-481a-9316-e9463fa9fc61 cd9e78bd50644dccae74de41757d82e6 ed341ef66a114bb49c9191724cb0acee - - default default] Method 'is_advsvc' is deprecated since 2023.2 release (neutron-lib 3.8.0) and will be removed once support for the old RBAC API policies will be removed from Neutron. Please use method 'is_service_role' instead.
2026-09-19 03:15:22.091 9 WARNING neutron.plugins.ml2.drivers.ovn.mech_driver.ovsdb.ovn_client [None req-0583c20f-37ed-4fa8-9d68-aebaf1944c87 - - - - - -] No hosting information found for port 836455a2-df76-4328-a981-ede31fee8c70: RuntimeError: No hosting information found for port 836455a2-df76-4328-a981-ede31fee8c70
2026-09-19 03:15:22.115 10 INFO neutron.api.wsgi [None req-54856cd8-237f-481a-9316-e9463fa9fc61 cd9e78bd50644dccae74de41757d82e6 ed341ef66a114bb49c9191724cb0acee - - default default] 10.0.0.217 "POST /v2.0/vpn/endpoint-groups HTTP/1.1" status: 201 len: 519 time: 0.0571837
2026-09-19 03:15:22.127 10 WARNING neutron_lib.context [None req-241c90f2-dfff-480b-9044-b2e415b6807a cd9e78bd50644dccae74de41757d82e6 ed341ef66a114bb49c9191724cb0acee - - default default] Method 'is_advsvc' is deprecated since 2023.2 release (neutron-lib 3.8.0) and will be removed once support for the old RBAC API policies will be removed from Neutron. Please use method 'is_service_role' instead.
2026-09-19 03:15:22.187 9 INFO neutron.db.ovn_revision_numbers_db [None req-0583c20f-37ed-4fa8-9d68-aebaf1944c87 - - - - - -] Successfully bumped revision number for resource 836455a2-df76-4328-a981-ede31fee8c70 (type: router_ports) to 2
2026-09-19 03:15:23.065 10 INFO neutron.db.ovn_revision_numbers_db [None req-241c90f2-dfff-480b-9044-b2e415b6807a cd9e78bd50644dccae74de41757d82e6 ed341ef66a114bb49c9191724cb0acee - - default default] Successfully bumped revision number for resource 4ad043dc-e189-45fd-a39e-db23c772924f (type: routers) to 5
2026-09-19 03:15:23.130 10 INFO neutron.api.wsgi [None req-241c90f2-dfff-480b-9044-b2e415b6807a cd9e78bd50644dccae74de41757d82e6 ed341ef66a114bb49c9191724cb0acee - - default default] 10.0.0.217 "POST /v2.0/vpn/ipsec-site-connections HTTP/1.1" status: 201 len: 1002 time: 1.0082841
2026-09-19 03:15:23.140 10 WARNING neutron_lib.context [None req-b39d99fa-0fcd-4306-8ea8-4d9228b87104 cd9e78bd50644dccae74de41757d82e6 ed341ef66a114bb49c9191724cb0acee - - default default] Method 'is_advsvc' is deprecated since 2023.2 release (neutron-lib 3.8.0) and will be removed once support for the old RBAC API policies will be removed from Neutron. Please use method 'is_service_role' instead.
2026-09-19 03:15:23.181 10 INFO neutron.api.wsgi [None req-b39d99fa-0fcd-4306-8ea8-4d9228b87104 cd9e78bd50644dccae74de41757d82e6 ed341ef66a114bb49c9191724cb0acee - - default default] 10.0.0.217 "POST /v2.0/vpn/endpoint-groups HTTP/1.1" status: 201 len: 488 time: 0.0457835
2026-09-19 03:15:23.226 10 INFO neutron.api.wsgi [None req-49eac3a3-a0f5-4b0e-a533-b6c7e3132d0c cd9e78bd50644dccae74de41757d82e6 ed341ef66a114bb49c9191724cb0acee - - default default] 10.0.0.217 "DELETE /v2.0/vpn/endpoint-groups/3b279011-bded-4fc6-9cd9-3f5418d4a5a5 HTTP/1.1" status: 204 len: 168 time: 0.0414023
2026-09-19 03:15:23.239 10 INFO neutron.api.wsgi [None req-5c96f1a3-d4de-4906-a9da-9f722bd58608 cd9e78bd50644dccae74de41757d82e6 ed341ef66a114bb49c9191724cb0acee - - default default] 10.0.0.217 "GET /v2.0/vpn/endpoint-groups HTTP/1.1" status: 200 len: 828 time: 0.0079963
2026-09-19 03:15:23.251 10 INFO neutron.api.wsgi [None req-470191ee-851a-44a3-b600-5ccf76963259 cd9e78bd50644dccae74de41757d82e6 ed341ef66a114bb49c9191724cb0acee - - default default] 10.0.0.217 "GET /v2.0/vpn/endpoint-groups HTTP/1.1" status: 200 len: 828 time: 0.0067239
2026-09-19 03:15:23.912 10 INFO neutron.api.wsgi [None req-502712e3-c76b-427a-be7c-19735e671a22 24543da53bbb4d2d9189a579cf6cbf74 307e9dc5d4de4200906fc8811691b4fa - - default default] 10.0.0.217 "POST /v2.0/vpn/ikepolicies HTTP/1.1" status: 201 len: 601 time: 0.2472472
2026-09-19 03:15:23.926 10 INFO neutron.api.wsgi [None req-fe793a81-a298-4bad-aa42-5b851544b4f1 cd9e78bd50644dccae74de41757d82e6 ed341ef66a114bb49c9191724cb0acee - - default default] 10.0.0.217 "GET /v2.0/vpn/ikepolicies HTTP/1.1" status: 200 len: 991 time: 0.0084891
2026-09-19 03:15:23.965 10 INFO neutron.api.wsgi [None req-a5cde04b-8fee-4133-9b87-ad5c3f931d1f 24543da53bbb4d2d9189a579cf6cbf74 307e9dc5d4de4200906fc8811691b4fa - - default default] 10.0.0.217 "DELETE /v2.0/vpn/ikepolicies/a28ab1a6-7a79-4001-a0f9-e871dd145dc3 HTTP/1.1" status: 204 len: 168 time: 0.0340500
2026-09-19 03:15:24.011 10 INFO neutron.api.wsgi [None req-4146eb5b-55bb-4d4b-9de5-daba02e7ca2d 24543da53bbb4d2d9189a579cf6cbf74 307e9dc5d4de4200906fc8811691b4fa - - default default] 10.0.0.217 "POST /v2.0/vpn/ipsecpolicies HTTP/1.1" status: 201 len: 610 time: 0.0380492
2026-09-19 03:15:24.030 10 INFO neutron.api.wsgi [None req-3f90c06b-20a4-45cf-a117-fb744f6d37ba cd9e78bd50644dccae74de41757d82e6 ed341ef66a114bb49c9191724cb0acee - - default default] 10.0.0.217 "GET /v2.0/vpn/ipsecpolicies HTTP/1.1" status: 200 len: 1007 time: 0.0107768
2026-09-19 03:15:24.082 10 INFO neutron.api.wsgi [None req-68697f27-bb54-47d6-80d6-cac8f2547d96 24543da53bbb4d2d9189a579cf6cbf74 307e9dc5d4de4200906fc8811691b4fa - - default default] 10.0.0.217 "DELETE /v2.0/vpn/ipsecpolicies/7e21fc48-1c9f-417e-a0e4-0fcda552ac51 HTTP/1.1" status: 204 len: 168 time: 0.0458212
2026-09-19 03:15:24.095 10 WARNING neutron_lib.context [None req-370f7e90-ea94-4cb5-9fd0-77d1bd59243d cd9e78bd50644dccae74de41757d82e6 ed341ef66a114bb49c9191724cb0acee - - default default] Method 'is_advsvc' is deprecated since 2023.2 release (neutron-lib 3.8.0) and will be removed once support for the old RBAC API policies will be removed from Neutron. Please use method 'is_service_role' instead.
2026-09-19 03:15:24.222 10 INFO neutron.db.segments_db [None req-370f7e90-ea94-4cb5-9fd0-77d1bd59243d cd9e78bd50644dccae74de41757d82e6 ed341ef66a114bb49c9191724cb0acee - - default default] Added segment 7643f954-c957-4002-ab8b-a6afbddc6973 of type geneve for network 0cedae9c-72ba-4436-8757-85514c797d33
2026-09-19 03:15:24.368 10 INFO neutron.db.ovn_revision_numbers_db [None req-370f7e90-ea94-4cb5-9fd0-77d1bd59243d cd9e78bd50644dccae74de41757d82e6 ed341ef66a114bb49c9191724cb0acee - - default default] Successfully bumped revision number for resource 0cedae9c-72ba-4436-8757-85514c797d33 (type: networks) to 1
2026-09-19 03:15:24.542 10 WARNING neutron.scheduler.dhcp_agent_scheduler [None req-370f7e90-ea94-4cb5-9fd0-77d1bd59243d cd9e78bd50644dccae74de41757d82e6 ed341ef66a114bb49c9191724cb0acee - - default default] No more DHCP agents
2026-09-19 03:15:24.543 10 WARNING neutron.api.rpc.agentnotifiers.dhcp_rpc_agent_api [None req-370f7e90-ea94-4cb5-9fd0-77d1bd59243d cd9e78bd50644dccae74de41757d82e6 ed341ef66a114bb49c9191724cb0acee - - default default] Unable to schedule network 0cedae9c-72ba-4436-8757-85514c797d33: no agents available; will retry on subsequent port and subnet creation events.
2026-09-19 03:15:24.618 10 INFO neutron.db.ovn_revision_numbers_db [None req-370f7e90-ea94-4cb5-9fd0-77d1bd59243d cd9e78bd50644dccae74de41757d82e6 ed341ef66a114bb49c9191724cb0acee - - default default] Successfully bumped revision number for resource 4e055b04-3544-444b-ab9d-ebc9bd66ea82 (type: ports) to 1
2026-09-19 03:15:24.643 10 INFO neutron.api.wsgi [None req-370f7e90-ea94-4cb5-9fd0-77d1bd59243d cd9e78bd50644dccae74de41757d82e6 ed341ef66a114bb49c9191724cb0acee - - default default] 10.0.0.217 "POST /v2.0/networks HTTP/1.1" status: 201 len: 831 time: 0.5522912
2026-09-19 03:15:24.651 10 WARNING neutron_lib.context [None req-c3892473-86c7-41cb-8244-31de797e8f67 cd9e78bd50644dccae74de41757d82e6 ed341ef66a114bb49c9191724cb0acee - - default default] Method 'is_advsvc' is deprecated since 2023.2 release (neutron-lib 3.8.0) and will be removed once support for the old RBAC API policies will be removed from Neutron. Please use method 'is_service_role' instead.
2026-09-19 03:15:24.822 10 WARNING neutron.scheduler.dhcp_agent_scheduler [None req-c3892473-86c7-41cb-8244-31de797e8f67 cd9e78bd50644dccae74de41757d82e6 ed341ef66a114bb49c9191724cb0acee - - default default] No more DHCP agents
2026-09-19 03:15:24.823 10 WARNING neutron.api.rpc.agentnotifiers.dhcp_rpc_agent_api [None req-c3892473-86c7-41cb-8244-31de797e8f67 cd9e78bd50644dccae74de41757d82e6 ed341ef66a114bb49c9191724cb0acee - - default default] Unable to schedule network 0cedae9c-72ba-4436-8757-85514c797d33: no agents available; will retry on subsequent port and subnet creation events.
2026-09-19 03:15:25.200 10 INFO neutron.db.ovn_revision_numbers_db [None req-d1aa473c-2d5c-4063-935a-85b1ad225f55 - - - - - -] Successfully bumped revision number for resource 4e055b04-3544-444b-ab9d-ebc9bd66ea82 (type: ports) to 2
2026-09-19 03:15:25.232 10 INFO neutron.db.ovn_revision_numbers_db [None req-d1aa473c-2d5c-4063-935a-85b1ad225f55 - - - - - -] Successfully bumped revision number for resource aae949b7-2227-4e88-a6ea-eb1acae3021e (type: subnets) to 0
2026-09-19 03:15:25.250 10 INFO neutron.api.wsgi [None req-c3892473-86c7-41cb-8244-31de797e8f67 cd9e78bd50644dccae74de41757d82e6 ed341ef66a114bb49c9191724cb0acee - - default default] 10.0.0.217 "POST /v2.0/subnets HTTP/1.1" status: 201 len: 828 time: 0.6026604
2026-09-19 03:15:25.260 10 WARNING neutron_lib.context [None req-5853fd47-50fc-4b68-a443-b28929355ebc cd9e78bd50644dccae74de41757d82e6 ed341ef66a114bb49c9191724cb0acee - - default default] Method 'is_advsvc' is deprecated since 2023.2 release (neutron-lib 3.8.0) and will be removed once support for the old RBAC API policies will be removed from Neutron. Please use method 'is_service_role' instead.
2026-09-19 03:15:25.288 10 WARNING neutron.plugins.ml2.drivers.ovn.mech_driver.ovsdb.ovn_client [None req-d620816e-8ce2-499d-937b-abd096d9476c - - - - - -] No hosting information found for port b7be71e3-0191-47dc-b4a1-e5c8e3b105de: RuntimeError: No hosting information found for port b7be71e3-0191-47dc-b4a1-e5c8e3b105de
2026-09-19 03:15:25.408 10 INFO neutron.db.ovn_revision_numbers_db [None req-d620816e-8ce2-499d-937b-abd096d9476c - - - - - -] Successfully bumped revision number for resource b7be71e3-0191-47dc-b4a1-e5c8e3b105de (type: router_ports) to 2
2026-09-19 03:15:25.627 10 WARNING neutron.scheduler.dhcp_agent_scheduler [None req-5853fd47-50fc-4b68-a443-b28929355ebc cd9e78bd50644dccae74de41757d82e6 ed341ef66a114bb49c9191724cb0acee - - default default] No more DHCP agents
2026-09-19 03:15:25.629 10 WARNING neutron.api.rpc.agentnotifiers.dhcp_rpc_agent_api [None req-5853fd47-50fc-4b68-a443-b28929355ebc cd9e78bd50644dccae74de41757d82e6 ed341ef66a114bb49c9191724cb0acee - - default default] Unable to schedule network 152e41f6-ced1-4bd7-ba0e-141280defaf7: no agents available; will retry on subsequent port and subnet creation events.
2026-09-19 03:15:25.753 10 INFO neutron.db.ovn_revision_numbers_db [None req-5853fd47-50fc-4b68-a443-b28929355ebc cd9e78bd50644dccae74de41757d82e6 ed341ef66a114bb49c9191724cb0acee - - default default] Successfully bumped revision number for resource 09ca1d9b-1995-4b71-b3aa-250ae1f05e71 (type: ports) to 1
2026-09-19 03:15:26.036 9 INFO neutron.db.ovn_revision_numbers_db [None req-5e09f4b0-2cd4-46d9-92d4-a6598b507a1d ef6fcaf107474be1ada7c604997a528a 5e67ae01f88944898abb3135307a17ca - - default default] Successfully bumped revision number for resource 6f6f7b2c-b63a-4328-b66a-ccd4a728f074 (type: security_groups) to 1
2026-09-19 03:15:26.046 9 INFO neutron.db.ovn_revision_numbers_db [None req-5e09f4b0-2cd4-46d9-92d4-a6598b507a1d ef6fcaf107474be1ada7c604997a528a 5e67ae01f88944898abb3135307a17ca - - default default] Successfully bumped revision number for resource 640ed575-5dc8-4204-beb0-a7280fcf7c68 (type: security_group_rules) to 0
2026-09-19 03:15:26.060 9 INFO neutron.db.ovn_revision_numbers_db [None req-5e09f4b0-2cd4-46d9-92d4-a6598b507a1d ef6fcaf107474be1ada7c604997a528a 5e67ae01f88944898abb3135307a17ca - - default default] Successfully bumped revision number for resource 649a8119-05e2-46cf-a459-ec343c2df3a5 (type: security_group_rules) to 0
2026-09-19 03:15:26.073 9 INFO neutron.db.ovn_revision_numbers_db [None req-5e09f4b0-2cd4-46d9-92d4-a6598b507a1d ef6fcaf107474be1ada7c604997a528a 5e67ae01f88944898abb3135307a17ca - - default default] Successfully bumped revision number for resource 873e60d1-86ef-4ef8-8d7a-e6e52fc53c21 (type: security_group_rules) to 0
2026-09-19 03:15:26.084 9 INFO neutron.db.ovn_revision_numbers_db [None req-5e09f4b0-2cd4-46d9-92d4-a6598b507a1d ef6fcaf107474be1ada7c604997a528a 5e67ae01f88944898abb3135307a17ca - - default default] Successfully bumped revision number for resource d3e88c1a-528e-46b2-82dd-64aa18c70f83 (type: security_group_rules) to 0
2026-09-19 03:15:26.164 9 INFO neutron.db.segments_db [None req-5e09f4b0-2cd4-46d9-92d4-a6598b507a1d ef6fcaf107474be1ada7c604997a528a 5e67ae01f88944898abb3135307a17ca - - default default] Added segment 1b195804-8a6c-48f9-aaae-f1cbbe01bc66 of type geneve for network ef7ff9f3-d2a3-4c3d-83a6-da93c922a8f9
2026-09-19 03:15:26.273 9 INFO neutron.db.ovn_revision_numbers_db [None req-5e09f4b0-2cd4-46d9-92d4-a6598b507a1d ef6fcaf107474be1ada7c604997a528a 5e67ae01f88944898abb3135307a17ca - - default default] Successfully bumped revision number for resource ef7ff9f3-d2a3-4c3d-83a6-da93c922a8f9 (type: networks) to 1
2026-09-19 03:15:26.274 10 INFO neutron.plugins.ml2.drivers.ovn.mech_driver.ovsdb.commands [None req-11bd08ae-7e1d-4794-8918-7bab4273158f - - - - - -] Schedule LRP lrp-09ca1d9b-1995-4b71-b3aa-250ae1f05e71 on gateway 7632005c-459b-42b2-8004-539b823486b0 with priority 1
2026-09-19 03:15:26.280 10 INFO neutron.plugins.ml2.drivers.ovn.mech_driver.mech_driver [None req-d620816e-8ce2-499d-937b-abd096d9476c - - - - - -] OVN reports status up for port: 09ca1d9b-1995-4b71-b3aa-250ae1f05e71
2026-09-19 03:15:26.290 10 INFO neutron.plugins.ml2.plugin [None req-d620816e-8ce2-499d-937b-abd096d9476c - - - - - -] Attempt 1 to provision port 09ca1d9b-1995-4b71-b3aa-250ae1f05e71
2026-09-19 03:15:26.316 10 INFO neutron.db.ovn_revision_numbers_db [None req-5853fd47-50fc-4b68-a443-b28929355ebc cd9e78bd50644dccae74de41757d82e6 ed341ef66a114bb49c9191724cb0acee - - default default] Successfully bumped revision number for resource 09ca1d9b-1995-4b71-b3aa-250ae1f05e71 (type: router_ports) to 1
2026-09-19 03:15:26.375 10 INFO neutron.db.ovn_revision_numbers_db [None req-5853fd47-50fc-4b68-a443-b28929355ebc cd9e78bd50644dccae74de41757d82e6 ed341ef66a114bb49c9191724cb0acee - - default default] Successfully bumped revision number for resource 2f62241d-3b36-4d1a-a4dc-f651a7373cb9 (type: routers) to 2
2026-09-19 03:15:26.390 10 INFO neutron.api.wsgi [None req-5853fd47-50fc-4b68-a443-b28929355ebc cd9e78bd50644dccae74de41757d82e6 ed341ef66a114bb49c9191724cb0acee - - default default] 10.0.0.217 "POST /v2.0/routers HTTP/1.1" status: 201 len: 1135 time: 1.1337419
2026-09-19 03:15:26.460 9 WARNING neutron.scheduler.dhcp_agent_scheduler [None req-5e09f4b0-2cd4-46d9-92d4-a6598b507a1d ef6fcaf107474be1ada7c604997a528a 5e67ae01f88944898abb3135307a17ca - - default default] No more DHCP agents
2026-09-19 03:15:26.461 9 WARNING neutron.api.rpc.agentnotifiers.dhcp_rpc_agent_api [None req-5e09f4b0-2cd4-46d9-92d4-a6598b507a1d ef6fcaf107474be1ada7c604997a528a 5e67ae01f88944898abb3135307a17ca - - default default] Unable to schedule network ef7ff9f3-d2a3-4c3d-83a6-da93c922a8f9: no agents available; will retry on subsequent port and subnet creation events.
2026-09-19 03:15:26.518 9 INFO neutron.db.ovn_revision_numbers_db [None req-5e09f4b0-2cd4-46d9-92d4-a6598b507a1d ef6fcaf107474be1ada7c604997a528a 5e67ae01f88944898abb3135307a17ca - - default default] Successfully bumped revision number for resource e68df699-0294-4b1c-9525-bccf33b25d6e (type: ports) to 1
2026-09-19 03:15:26.542 9 INFO neutron.api.wsgi [None req-5e09f4b0-2cd4-46d9-92d4-a6598b507a1d ef6fcaf107474be1ada7c604997a528a 5e67ae01f88944898abb3135307a17ca - - default default] 10.0.0.217 "POST /v2.0/networks HTTP/1.1" status: 201 len: 929 time: 0.7867439
2026-09-19 03:15:26.673 9 WARNING neutron.scheduler.dhcp_agent_scheduler [None req-e90b67bb-577c-4b9a-a8a5-9de1aabef47d ef6fcaf107474be1ada7c604997a528a 5e67ae01f88944898abb3135307a17ca - - default default] No more DHCP agents
2026-09-19 03:15:26.674 9 WARNING neutron.api.rpc.agentnotifiers.dhcp_rpc_agent_api [None req-e90b67bb-577c-4b9a-a8a5-9de1aabef47d ef6fcaf107474be1ada7c604997a528a 5e67ae01f88944898abb3135307a17ca - - default default] Unable to schedule network ef7ff9f3-d2a3-4c3d-83a6-da93c922a8f9: no agents available; will retry on subsequent port and subnet creation events.
2026-09-19 03:15:26.829 10 WARNING neutron.scheduler.dhcp_agent_scheduler [None req-fb96011b-eb86-4e35-9dbe-d6e20bae7e71 cd9e78bd50644dccae74de41757d82e6 ed341ef66a114bb49c9191724cb0acee - - default default] No more DHCP agents
2026-09-19 03:15:26.830 10 WARNING neutron.api.rpc.agentnotifiers.dhcp_rpc_agent_api [None req-fb96011b-eb86-4e35-9dbe-d6e20bae7e71 cd9e78bd50644dccae74de41757d82e6 ed341ef66a114bb49c9191724cb0acee - - default default] Unable to schedule network 0cedae9c-72ba-4436-8757-85514c797d33: no agents available; will retry on subsequent port and subnet creation events.
2026-09-19 03:15:26.928 10 INFO neutron.db.ovn_revision_numbers_db [None req-fb96011b-eb86-4e35-9dbe-d6e20bae7e71 cd9e78bd50644dccae74de41757d82e6 ed341ef66a114bb49c9191724cb0acee - - default default] Successfully bumped revision number for resource d7afaed8-fb92-4822-a273-3a6c5010f940 (type: ports) to 1
2026-09-19 03:15:27.054 9 INFO neutron.db.ovn_revision_numbers_db [None req-41084f17-9d67-4740-b91a-0f58ca07f61a - - - - - -] Successfully bumped revision number for resource e68df699-0294-4b1c-9525-bccf33b25d6e (type: ports) to 2
2026-09-19 03:15:27.081 9 INFO neutron.db.ovn_revision_numbers_db [None req-41084f17-9d67-4740-b91a-0f58ca07f61a - - - - - -] Successfully bumped revision number for resource 28c1a16e-de98-405e-869b-4cc809050f62 (type: subnets) to 0
2026-09-19 03:15:27.097 9 INFO neutron.api.wsgi [None req-e90b67bb-577c-4b9a-a8a5-9de1aabef47d ef6fcaf107474be1ada7c604997a528a 5e67ae01f88944898abb3135307a17ca - - default default] 10.0.0.217 "POST /v2.0/subnets HTTP/1.1" status: 201 len: 843 time: 0.5490446
2026-09-19 03:15:27.107 9 WARNING neutron.api.v2.base [None req-d36ff08f-2cf5-4010-a363-183fc6cb17bf ef6fcaf107474be1ada7c604997a528a 5e67ae01f88944898abb3135307a17ca - - default default] An exception happened while processing the request body. The exception message is [Invalid input for target_tenant. Reason: 'None' is not a valid string.].: webob.exc.HTTPBadRequest: Invalid input for target_tenant. Reason: 'None' is not a valid string.
2026-09-19 03:15:27.107 9 INFO neutron.api.v2.resource [None req-d36ff08f-2cf5-4010-a363-183fc6cb17bf ef6fcaf107474be1ada7c604997a528a 5e67ae01f88944898abb3135307a17ca - - default default] create failed (client error): Invalid input for target_tenant. Reason: 'None' is not a valid string.
2026-09-19 03:15:27.108 9 INFO neutron.api.wsgi [None req-d36ff08f-2cf5-4010-a363-183fc6cb17bf ef6fcaf107474be1ada7c604997a528a 5e67ae01f88944898abb3135307a17ca - - default default] 10.0.0.217 "POST /v2.0/rbac-policies HTTP/1.1" status: 400 len: 346 time: 0.0056319
2026-09-19 03:15:27.527 9 INFO neutron.services.segments.plugin [-] Segment 1b195804-8a6c-48f9-aaae-f1cbbe01bc66 resource provider aggregate not found
2026-09-19 03:15:27.547 9 INFO neutron.services.segments.plugin [-] Segment 1b195804-8a6c-48f9-aaae-f1cbbe01bc66 resource provider aggregate not found
2026-09-19 03:15:27.553 9 INFO neutron.services.segments.plugin [-] Segment 1b195804-8a6c-48f9-aaae-f1cbbe01bc66 resource provider not found; error: Placement Client Error (4xx): {"errors": [{"status": 404, "title": "Not Found", "detail": "The resource could not be found.\n\n No resource provider with uuid 1b195804-8a6c-48f9-aaae-f1cbbe01bc66 found for delete ", "request_id": "req-1ddcf5d5-b32f-4bf2-9cec-3a155b873042"}]}
2026-09-19 03:15:27.554 10 INFO neutron.db.ovn_revision_numbers_db [None req-fb96011b-eb86-4e35-9dbe-d6e20bae7e71 cd9e78bd50644dccae74de41757d82e6 ed341ef66a114bb49c9191724cb0acee - - default default] Successfully bumped revision number for resource d7afaed8-fb92-4822-a273-3a6c5010f940 (type: ports) to 1
2026-09-19 03:15:27.568 9 INFO neutron.services.segments.plugin [-] Segment 1b195804-8a6c-48f9-aaae-f1cbbe01bc66 resource provider not found; error: Placement Client Error (4xx): {"errors": [{"status": 404, "title": "Not Found", "detail": "The resource could not be found.\n\n No resource provider with uuid 1b195804-8a6c-48f9-aaae-f1cbbe01bc66 found for delete ", "request_id": "req-e2790220-3159-4457-bb7e-8549cd902a05"}]}
2026-09-19 03:15:27.580 9 INFO neutron.api.wsgi [None req-f6602db3-d398-4e26-bb1d-f32e71f0c8ee ef6fcaf107474be1ada7c604997a528a 5e67ae01f88944898abb3135307a17ca - - default default] 10.0.0.217 "DELETE /v2.0/networks/ef7ff9f3-d2a3-4c3d-83a6-da93c922a8f9 HTTP/1.1" status: 204 len: 168 time: 0.4658797
2026-09-19 03:15:27.602 10 WARNING neutron.scheduler.dhcp_agent_scheduler [None req-fb96011b-eb86-4e35-9dbe-d6e20bae7e71 cd9e78bd50644dccae74de41757d82e6 ed341ef66a114bb49c9191724cb0acee - - default default] No more DHCP agents
2026-09-19 03:15:27.603 10 WARNING neutron.api.rpc.agentnotifiers.dhcp_rpc_agent_api [None req-fb96011b-eb86-4e35-9dbe-d6e20bae7e71 cd9e78bd50644dccae74de41757d82e6 ed341ef66a114bb49c9191724cb0acee - - default default] Unable to schedule network 0cedae9c-72ba-4436-8757-85514c797d33: no agents available; will retry on subsequent port and subnet creation events.
2026-09-19 03:15:27.678 10 INFO neutron.db.segments_db [None req-67ba898e-9695-4b6b-a771-038be9d29b26 ef6fcaf107474be1ada7c604997a528a 5e67ae01f88944898abb3135307a17ca - - default default] Added segment 262775b6-9c8d-4a83-99ec-d49c50edfc54 of type geneve for network 62390690-d8ae-4dfc-8528-2c310a18ab16
2026-09-19 03:15:27.812 10 INFO neutron.db.ovn_revision_numbers_db [None req-67ba898e-9695-4b6b-a771-038be9d29b26 ef6fcaf107474be1ada7c604997a528a 5e67ae01f88944898abb3135307a17ca - - default default] Successfully bumped revision number for resource 62390690-d8ae-4dfc-8528-2c310a18ab16 (type: networks) to 1
2026-09-19 03:15:27.986 10 INFO neutron.db.ovn_revision_numbers_db [None req-fb96011b-eb86-4e35-9dbe-d6e20bae7e71 cd9e78bd50644dccae74de41757d82e6 ed341ef66a114bb49c9191724cb0acee - - default default] Successfully bumped revision number for resource d7afaed8-fb92-4822-a273-3a6c5010f940 (type: router_ports) to 1
2026-09-19 03:15:27.991 10 INFO neutron.api.wsgi [None req-fb96011b-eb86-4e35-9dbe-d6e20bae7e71 cd9e78bd50644dccae74de41757d82e6 ed341ef66a114bb49c9191724cb0acee - - default default] 10.0.0.217 "PUT /v2.0/routers/2f62241d-3b36-4d1a-a4dc-f651a7373cb9/add_router_interface HTTP/1.1" status: 200 len: 503 time: 1.5976744
2026-09-19 03:15:28.053 10 WARNING neutron.scheduler.dhcp_agent_scheduler [None req-67ba898e-9695-4b6b-a771-038be9d29b26 ef6fcaf107474be1ada7c604997a528a 5e67ae01f88944898abb3135307a17ca - - default default] No more DHCP agents
2026-09-19 03:15:28.059 10 WARNING neutron.api.rpc.agentnotifiers.dhcp_rpc_agent_api [None req-67ba898e-9695-4b6b-a771-038be9d29b26 ef6fcaf107474be1ada7c604997a528a 5e67ae01f88944898abb3135307a17ca - - default default] Unable to schedule network 62390690-d8ae-4dfc-8528-2c310a18ab16: no agents available; will retry on subsequent port and subnet creation events.
2026-09-19 03:15:28.148 10 INFO neutron.db.ovn_revision_numbers_db [None req-67ba898e-9695-4b6b-a771-038be9d29b26 ef6fcaf107474be1ada7c604997a528a 5e67ae01f88944898abb3135307a17ca - - default default] Successfully bumped revision number for resource 7bda151c-2db9-4ae4-bb2c-94c24d089d5e (type: ports) to 1
2026-09-19 03:15:28.169 10 INFO neutron.api.wsgi [None req-67ba898e-9695-4b6b-a771-038be9d29b26 ef6fcaf107474be1ada7c604997a528a 5e67ae01f88944898abb3135307a17ca - - default default] 10.0.0.217 "POST /v2.0/networks HTTP/1.1" status: 201 len: 929 time: 0.5815291
2026-09-19 03:15:28.216 9 INFO neutron.plugins.ml2.drivers.ovn.mech_driver.mech_driver [None req-0583c20f-37ed-4fa8-9d68-aebaf1944c87 - - - - - -] OVN reports status up for port: 728460e7-6b89-4eba-87cc-6014cfc2b90e
2026-09-19 03:15:28.242 9 INFO neutron.plugins.ml2.plugin [None req-0583c20f-37ed-4fa8-9d68-aebaf1944c87 - - - - - -] Attempt 1 to provision port 728460e7-6b89-4eba-87cc-6014cfc2b90e
2026-09-19 03:15:28.355 9 WARNING neutron.scheduler.dhcp_agent_scheduler [None req-96a0b3f0-89d8-482c-8d16-f759179ae66d ef6fcaf107474be1ada7c604997a528a 5e67ae01f88944898abb3135307a17ca - - default default] No more DHCP agents
2026-09-19 03:15:28.359 9 WARNING neutron.api.rpc.agentnotifiers.dhcp_rpc_agent_api [None req-96a0b3f0-89d8-482c-8d16-f759179ae66d ef6fcaf107474be1ada7c604997a528a 5e67ae01f88944898abb3135307a17ca - - default default] Unable to schedule network 62390690-d8ae-4dfc-8528-2c310a18ab16: no agents available; will retry on subsequent port and subnet creation events.
2026-09-19 03:15:28.481 10 WARNING neutron.scheduler.dhcp_agent_scheduler [None req-122449f6-622b-41eb-85c4-043815b148d4 - - - - - -] No more DHCP agents
2026-09-19 03:15:28.484 10 WARNING neutron.api.rpc.agentnotifiers.dhcp_rpc_agent_api [None req-122449f6-622b-41eb-85c4-043815b148d4 - - - - - -] Unable to schedule network 152e41f6-ced1-4bd7-ba0e-141280defaf7: no agents available; will retry on subsequent port and subnet creation events.
2026-09-19 03:15:28.493 9 INFO neutron.db.ovn_revision_numbers_db [None req-0583c20f-37ed-4fa8-9d68-aebaf1944c87 - - - - - -] Successfully bumped revision number for resource 728460e7-6b89-4eba-87cc-6014cfc2b90e (type: ports) to 4
2026-09-19 03:15:28.591 10 INFO neutron.db.ovn_revision_numbers_db [None req-122449f6-622b-41eb-85c4-043815b148d4 - - - - - -] Successfully bumped revision number for resource 44ee0ab2-a458-48ed-b641-58c840b59c67 (type: ports) to 1
2026-09-19 03:15:28.800 9 INFO neutron.db.ovn_revision_numbers_db [None req-ab929200-3574-4a03-b262-51d9f416c3de - - - - - -] Successfully bumped revision number for resource 7bda151c-2db9-4ae4-bb2c-94c24d089d5e (type: ports) to 2
2026-09-19 03:15:28.833 9 INFO neutron.db.ovn_revision_numbers_db [None req-ab929200-3574-4a03-b262-51d9f416c3de - - - - - -] Successfully bumped revision number for resource 44817afa-8bb2-46c3-bef2-5243a14e5e48 (type: subnets) to 0
2026-09-19 03:15:28.844 10 INFO neutron.db.ovn_revision_numbers_db [None req-122449f6-622b-41eb-85c4-043815b148d4 - - - - - -] Successfully bumped revision number for resource 44ee0ab2-a458-48ed-b641-58c840b59c67 (type: ports) to 3
2026-09-19 03:15:28.848 9 INFO neutron.api.wsgi [None req-96a0b3f0-89d8-482c-8d16-f759179ae66d ef6fcaf107474be1ada7c604997a528a 5e67ae01f88944898abb3135307a17ca - - default default] 10.0.0.217 "POST /v2.0/subnets HTTP/1.1" status: 201 len: 846 time: 0.6740208
2026-09-19 03:15:28.856 9 WARNING neutron.api.v2.base [None req-185c09e8-b377-44b6-b619-aa2eab59d43f ef6fcaf107474be1ada7c604997a528a 5e67ae01f88944898abb3135307a17ca - - default default] An exception happened while processing the request body. The exception message is [Invalid input for target_tenant. Reason: '1234123412341234123412341234123412341234123412341234123412341234123412341234123412341234123412341234123412341234123412341234123412341234123412341234123412341234123412341234123412341234123412341234123412341234123412341234123412341234123412341234123412341234123412341234123412341234123412341234123412341234123412341234123412341234123412341234123412341234123412341234123412341234123412341234123412341234' exceeds maximum length of 255.].: webob.exc.HTTPBadRequest: Invalid input for target_tenant. Reason: '1234123412341234123412341234123412341234123412341234123412341234123412341234123412341234123412341234123412341234123412341234123412341234123412341234123412341234123412341234123412341234123412341234123412341234123412341234123412341234123412341234123412341234123412341234123412341234123412341234123412341234123412341234123412341234123412341234123412341234123412341234123412341234123412341234123412341234' exceeds maximum length of 255.
2026-09-19 03:15:28.856 9 INFO neutron.api.v2.resource [None req-185c09e8-b377-44b6-b619-aa2eab59d43f ef6fcaf107474be1ada7c604997a528a 5e67ae01f88944898abb3135307a17ca - - default default] create failed (client error): Invalid input for target_tenant. Reason: '1234123412341234123412341234123412341234123412341234123412341234123412341234123412341234123412341234123412341234123412341234123412341234123412341234123412341234123412341234123412341234123412341234123412341234123412341234123412341234123412341234123412341234123412341234123412341234123412341234123412341234123412341234123412341234123412341234123412341234123412341234123412341234123412341234123412341234' exceeds maximum length of 255.
2026-09-19 03:15:28.857 9 INFO neutron.api.wsgi [None req-185c09e8-b377-44b6-b619-aa2eab59d43f ef6fcaf107474be1ada7c604997a528a 5e67ae01f88944898abb3135307a17ca - - default default] 10.0.0.217 "POST /v2.0/rbac-policies HTTP/1.1" status: 400 len: 750 time: 0.0053937
2026-09-19 03:15:28.916 10 INFO neutron.db.segments_db [None req-122449f6-622b-41eb-85c4-043815b148d4 - - - - - -] Added segment 937cf177-910d-493a-bb23-b0bfa034fefa of type geneve for network 77281418-f61d-4d6a-a82b-bda9641f5aa2
2026-09-19 03:15:29.026 10 INFO neutron.db.ovn_revision_numbers_db [None req-507a2b5e-44a0-48e6-bf38-8b47602b4d6c - - - - - -] Successfully bumped revision number for resource 77281418-f61d-4d6a-a82b-bda9641f5aa2 (type: networks) to 1
2026-09-19 03:15:29.144 10 WARNING neutron.scheduler.dhcp_agent_scheduler [None req-507a2b5e-44a0-48e6-bf38-8b47602b4d6c - - - - - -] No more DHCP agents
2026-09-19 03:15:29.149 10 WARNING neutron.api.rpc.agentnotifiers.dhcp_rpc_agent_api [None req-507a2b5e-44a0-48e6-bf38-8b47602b4d6c - - - - - -] Unable to schedule network 77281418-f61d-4d6a-a82b-bda9641f5aa2: no agents available; will retry on subsequent port and subnet creation events.
2026-09-19 03:15:29.231 10 INFO neutron.db.ovn_revision_numbers_db [None req-507a2b5e-44a0-48e6-bf38-8b47602b4d6c - - - - - -] Successfully bumped revision number for resource 6105516c-e5d8-4b5b-a4b2-45d0500897ae (type: ports) to 1
2026-09-19 03:15:29.361 9 INFO neutron.api.wsgi [None req-45c1f7d9-e1c0-492b-92fc-3c5e84fa261f ef6fcaf107474be1ada7c604997a528a 5e67ae01f88944898abb3135307a17ca - - default default] 10.0.0.217 "DELETE /v2.0/networks/62390690-d8ae-4dfc-8528-2c310a18ab16 HTTP/1.1" status: 204 len: 168 time: 0.4994240
2026-09-19 03:15:29.366 10 WARNING neutron.scheduler.dhcp_agent_scheduler [None req-507a2b5e-44a0-48e6-bf38-8b47602b4d6c - - - - - -] No more DHCP agents
2026-09-19 03:15:29.367 10 WARNING neutron.api.rpc.agentnotifiers.dhcp_rpc_agent_api [None req-507a2b5e-44a0-48e6-bf38-8b47602b4d6c - - - - - -] Unable to schedule network 77281418-f61d-4d6a-a82b-bda9641f5aa2: no agents available; will retry on subsequent port and subnet creation events.
2026-09-19 03:15:29.387 10 INFO neutron.db.ovn_revision_numbers_db [None req-507a2b5e-44a0-48e6-bf38-8b47602b4d6c - - - - - -] Successfully bumped revision number for resource 8759ef1f-44ee-4a81-ba25-f91f766a300c (type: subnets) to 0
2026-09-19 03:15:29.451 9 INFO neutron.db.segments_db [None req-c0909503-d691-4b7f-923c-91947b168e34 ef6fcaf107474be1ada7c604997a528a 5e67ae01f88944898abb3135307a17ca - - default default] Added segment 772b5119-5ea4-4a6d-80c3-8819acc14c03 of type geneve for network 2cd82399-3244-48ca-9de0-d194d7c62219
2026-09-19 03:15:29.558 9 INFO neutron.db.ovn_revision_numbers_db [None req-c0909503-d691-4b7f-923c-91947b168e34 ef6fcaf107474be1ada7c604997a528a 5e67ae01f88944898abb3135307a17ca - - default default] Successfully bumped revision number for resource 2cd82399-3244-48ca-9de0-d194d7c62219 (type: networks) to 1
2026-09-19 03:15:29.572 9 INFO neutron.services.segments.plugin [-] Segment 262775b6-9c8d-4a83-99ec-d49c50edfc54 resource provider aggregate not found
2026-09-19 03:15:29.585 9 INFO neutron.services.segments.plugin [-] Segment 262775b6-9c8d-4a83-99ec-d49c50edfc54 resource provider not found; error: Placement Client Error (4xx): {"errors": [{"status": 404, "title": "Not Found", "detail": "The resource could not be found.\n\n No resource provider with uuid 262775b6-9c8d-4a83-99ec-d49c50edfc54 found for delete ", "request_id": "req-592a507c-c412-40ee-97b4-ade505e4c199"}]}
2026-09-19 03:15:29.586 9 INFO neutron.services.segments.plugin [-] Segment 262775b6-9c8d-4a83-99ec-d49c50edfc54 resource provider aggregate not found
2026-09-19 03:15:29.604 9 INFO neutron.services.segments.plugin [-] Segment 262775b6-9c8d-4a83-99ec-d49c50edfc54 resource provider not found; error: Placement Client Error (4xx): {"errors": [{"status": 404, "title": "Not Found", "detail": "The resource could not be found.\n\n No resource provider with uuid 262775b6-9c8d-4a83-99ec-d49c50edfc54 found for delete ", "request_id": "req-f81a7967-d762-4f19-bda7-ac61f590fb51"}]}
2026-09-19 03:15:29.664 10 WARNING neutron.scheduler.dhcp_agent_scheduler [None req-507a2b5e-44a0-48e6-bf38-8b47602b4d6c - - - - - -] No more DHCP agents
2026-09-19 03:15:29.665 10 WARNING neutron.api.rpc.agentnotifiers.dhcp_rpc_agent_api [None req-507a2b5e-44a0-48e6-bf38-8b47602b4d6c - - - - - -] Unable to schedule network 77281418-f61d-4d6a-a82b-bda9641f5aa2: no agents available; will retry on subsequent port and subnet creation events.
2026-09-19 03:15:29.724 9 WARNING neutron.scheduler.dhcp_agent_scheduler [None req-c0909503-d691-4b7f-923c-91947b168e34 ef6fcaf107474be1ada7c604997a528a 5e67ae01f88944898abb3135307a17ca - - default default] No more DHCP agents
2026-09-19 03:15:29.726 9 WARNING neutron.api.rpc.agentnotifiers.dhcp_rpc_agent_api [None req-c0909503-d691-4b7f-923c-91947b168e34 ef6fcaf107474be1ada7c604997a528a 5e67ae01f88944898abb3135307a17ca - - default default] Unable to schedule network 2cd82399-3244-48ca-9de0-d194d7c62219: no agents available; will retry on subsequent port and subnet creation events.
2026-09-19 03:15:29.775 10 INFO neutron.db.ovn_revision_numbers_db [None req-507a2b5e-44a0-48e6-bf38-8b47602b4d6c - - - - - -] Successfully bumped revision number for resource 2c143741-303b-4ca7-b38d-d6deef2a4fe7 (type: ports) to 1
2026-09-19 03:15:29.799 9 INFO neutron.db.ovn_revision_numbers_db [None req-c0909503-d691-4b7f-923c-91947b168e34 ef6fcaf107474be1ada7c604997a528a 5e67ae01f88944898abb3135307a17ca - - default default] Successfully bumped revision number for resource 09dbad7e-02d3-4507-b293-219de5c0bd24 (type: ports) to 1
2026-09-19 03:15:29.819 9 INFO neutron.api.wsgi [None req-c0909503-d691-4b7f-923c-91947b168e34 ef6fcaf107474be1ada7c604997a528a 5e67ae01f88944898abb3135307a17ca - - default default] 10.0.0.217 "POST /v2.0/networks HTTP/1.1" status: 201 len: 929 time: 0.4539595
2026-09-19 03:15:29.935 9 WARNING neutron.scheduler.dhcp_agent_scheduler [None req-b4096f18-f1f1-4c1a-b08e-9e76b265b85b ef6fcaf107474be1ada7c604997a528a 5e67ae01f88944898abb3135307a17ca - - default default] No more DHCP agents
2026-09-19 03:15:29.936 9 WARNING neutron.api.rpc.agentnotifiers.dhcp_rpc_agent_api [None req-b4096f18-f1f1-4c1a-b08e-9e76b265b85b ef6fcaf107474be1ada7c604997a528a 5e67ae01f88944898abb3135307a17ca - - default default] Unable to schedule network 2cd82399-3244-48ca-9de0-d194d7c62219: no agents available; will retry on subsequent port and subnet creation events.
2026-09-19 03:15:30.213 9 INFO neutron.plugins.ml2.drivers.ovn.mech_driver.mech_driver [None req-6085f732-06a4-4b66-b802-4d1d09e9b039 - - - - - -] OVN reports status up for port: 2c143741-303b-4ca7-b38d-d6deef2a4fe7
2026-09-19 03:15:30.223 9 INFO neutron.plugins.ml2.plugin [None req-6085f732-06a4-4b66-b802-4d1d09e9b039 - - - - - -] Attempt 1 to provision port 2c143741-303b-4ca7-b38d-d6deef2a4fe7
2026-09-19 03:15:30.230 10 INFO neutron.db.ovn_revision_numbers_db [None req-507a2b5e-44a0-48e6-bf38-8b47602b4d6c - - - - - -] Successfully bumped revision number for resource 2c143741-303b-4ca7-b38d-d6deef2a4fe7 (type: ports) to 1
2026-09-19 03:15:30.270 10 WARNING neutron.scheduler.dhcp_agent_scheduler [None req-507a2b5e-44a0-48e6-bf38-8b47602b4d6c - - - - - -] No more DHCP agents
2026-09-19 03:15:30.271 10 WARNING neutron.api.rpc.agentnotifiers.dhcp_rpc_agent_api [None req-507a2b5e-44a0-48e6-bf38-8b47602b4d6c - - - - - -] Unable to schedule network 77281418-f61d-4d6a-a82b-bda9641f5aa2: no agents available; will retry on subsequent port and subnet creation events.
2026-09-19 03:15:30.378 9 INFO neutron.db.ovn_revision_numbers_db [None req-cdb4a9a7-5a2e-49ab-841b-b44f9badd035 - - - - - -] Successfully bumped revision number for resource 09dbad7e-02d3-4507-b293-219de5c0bd24 (type: ports) to 2
2026-09-19 03:15:30.409 9 INFO neutron.db.ovn_revision_numbers_db [None req-cdb4a9a7-5a2e-49ab-841b-b44f9badd035 - - - - - -] Successfully bumped revision number for resource 4635e841-1a50-4b18-912f-b92922ad576f (type: subnets) to 0
2026-09-19 03:15:30.423 9 INFO neutron.api.wsgi [None req-b4096f18-f1f1-4c1a-b08e-9e76b265b85b ef6fcaf107474be1ada7c604997a528a 5e67ae01f88944898abb3135307a17ca - - default default] 10.0.0.217 "POST /v2.0/subnets HTTP/1.1" status: 201 len: 846 time: 0.5995681
2026-09-19 03:15:30.569 9 INFO neutron.db.ovn_revision_numbers_db [None req-6085f732-06a4-4b66-b802-4d1d09e9b039 - - - - - -] Successfully bumped revision number for resource 2c143741-303b-4ca7-b38d-d6deef2a4fe7 (type: ports) to 2
2026-09-19 03:15:30.680 9 INFO neutron.api.wsgi [None req-0e3cdb66-eabc-4e72-a9dd-e1614364648d ef6fcaf107474be1ada7c604997a528a 5e67ae01f88944898abb3135307a17ca - - default default] 10.0.0.217 "POST /v2.0/rbac-policies HTTP/1.1" status: 201 len: 523 time: 0.2529690
2026-09-19 03:15:30.961 10 INFO neutron.db.ovn_revision_numbers_db [None req-507a2b5e-44a0-48e6-bf38-8b47602b4d6c - - - - - -] Successfully bumped revision number for resource 2c143741-303b-4ca7-b38d-d6deef2a4fe7 (type: router_ports) to 1
2026-09-19 03:15:31.139 10 WARNING neutron.scheduler.dhcp_agent_scheduler [None req-507a2b5e-44a0-48e6-bf38-8b47602b4d6c - - - - - -] No more DHCP agents
2026-09-19 03:15:31.140 10 WARNING neutron.api.rpc.agentnotifiers.dhcp_rpc_agent_api [None req-507a2b5e-44a0-48e6-bf38-8b47602b4d6c - - - - - -] Unable to schedule network 77281418-f61d-4d6a-a82b-bda9641f5aa2: no agents available; will retry on subsequent port and subnet creation events.
2026-09-19 03:15:31.158 9 INFO neutron.api.wsgi [None req-891ba3a2-a917-4990-8d22-4f95e558997a 3e62096b8db64140853da7f36a85b7d9 4ee223d6fd414d62ac4d5628a4e7e80f - - default default] 10.0.0.217 "GET /v2.0/networks/2cd82399-3244-48ca-9de0-d194d7c62219 HTTP/1.1" status: 200 len: 849 time: 0.1116138
2026-09-19 03:15:31.246 10 INFO neutron.db.ovn_revision_numbers_db [None req-507a2b5e-44a0-48e6-bf38-8b47602b4d6c - - - - - -] Successfully bumped revision number for resource 709ea828-dad3-4d9e-82a8-a9045562f783 (type: ports) to 1
2026-09-19 03:15:31.412 10 INFO neutron.db.ovn_revision_numbers_db [None req-507a2b5e-44a0-48e6-bf38-8b47602b4d6c - - - - - -] Successfully bumped revision number for resource 709ea828-dad3-4d9e-82a8-a9045562f783 (type: ports) to 3
2026-09-19 03:15:31.529 10 WARNING neutron.plugins.ml2.drivers.ovn.mech_driver.ovsdb.ovn_client [None req-d620816e-8ce2-499d-937b-abd096d9476c - - - - - -] No hosting information found for port 09ca1d9b-1995-4b71-b3aa-250ae1f05e71: RuntimeError: No hosting information found for port 09ca1d9b-1995-4b71-b3aa-250ae1f05e71
