2026-09-19 03:12:05.561 10 WARNING neutron.api.rpc.agentnotifiers.dhcp_rpc_agent_api [None req-41064aea-6fea-4efd-9be6-13dd1a74ef73 06145f4fa8da4acd9d0164e4fc69742a 31668b879a94421ab1e9df2cec149f82 - - default default] Unable to schedule network a1207ba1-eabd-452b-b324-bd6e15062e27: no agents available; will retry on subsequent port and subnet creation events. /var/lib/openstack/lib/python3.12/site-packages/pycadf/identifier.py:71: UserWarning: Invalid uuid: neutron. To ensure interoperability, identifiers should be a valid uuid. warnings.warn(('Invalid uuid: %s. To ensure interoperability, '
2026-09-19 03:12:05.611 10 INFO neutron.db.ovn_revision_numbers_db [None req-41064aea-6fea-4efd-9be6-13dd1a74ef73 06145f4fa8da4acd9d0164e4fc69742a 31668b879a94421ab1e9df2cec149f82 - - default default] Successfully bumped revision number for resource 6095490b-fee9-4c54-b5a0-b67117af5824 (type: ports) to 1
2026-09-19 03:12:05.644 10 INFO neutron.api.wsgi [None req-41064aea-6fea-4efd-9be6-13dd1a74ef73 06145f4fa8da4acd9d0164e4fc69742a 31668b879a94421ab1e9df2cec149f82 - - default default] 10.0.0.217 "POST /v2.0/networks HTTP/1.1" status: 201 len: 1446 time: 1.2592616
2026-09-19 03:12:05.694 10 INFO neutron.api.wsgi [None req-2d7f14d2-a9ee-4a32-bb25-24b7e7046da1 06145f4fa8da4acd9d0164e4fc69742a 31668b879a94421ab1e9df2cec149f82 - - default default] 10.0.0.217 "GET /v2.0/networks HTTP/1.1" status: 200 len: 2052 time: 0.0466151
2026-09-19 03:12:05.723 9 INFO neutron.db.ovn_revision_numbers_db [req-ee6374d4-364d-4d4c-8b29-2febf57e2e3c req-b385f8da-a6c2-43da-9f01-0d40a4403b7d 4532e34d970f492685081a27c291163a 9f548cb075c5431482fe8ea4ea88c375 - - b946b65d030e4b1d9c349941185b1eec b946b65d030e4b1d9c349941185b1eec] Successfully bumped revision number for resource c4c01860-7ec3-4c45-bbda-75764c2c3ee3 (type: ports) to 2
2026-09-19 03:12:05.790 9 INFO neutron.db.ovn_revision_numbers_db [None req-0b52e3f4-39ed-4c79-98e1-2dc37e7b8fc9 c4fdec262ba640579c40966864c891e9 b58e92ead3f04342b03b07d61cda083e - - default default] Successfully bumped revision number for resource 885349aa-06d0-42af-8cf7-2b7c1a41f1b9 (type: floatingips) to 2
2026-09-19 03:12:05.872 9 INFO neutron.db.l3_db [None req-0b52e3f4-39ed-4c79-98e1-2dc37e7b8fc9 c4fdec262ba640579c40966864c891e9 b58e92ead3f04342b03b07d61cda083e - - default default] Floating IP 885349aa-06d0-42af-8cf7-2b7c1a41f1b9 disassociated. External IP: 10.96.250.208, port: d433458a-67ee-4f9e-a330-2b705e95b887.
2026-09-19 03:12:05.897 9 INFO neutron.api.wsgi [None req-0b52e3f4-39ed-4c79-98e1-2dc37e7b8fc9 c4fdec262ba640579c40966864c891e9 b58e92ead3f04342b03b07d61cda083e - - default default] 10.0.0.217 "PUT /v2.0/floatingips/885349aa-06d0-42af-8cf7-2b7c1a41f1b9 HTTP/1.1" status: 200 len: 748 time: 0.3353841 /var/lib/openstack/lib/python3.12/site-packages/pycadf/identifier.py:71: UserWarning: Invalid uuid: neutron. To ensure interoperability, identifiers should be a valid uuid. warnings.warn(('Invalid uuid: %s. To ensure interoperability, '
2026-09-19 03:12:06.014 9 INFO neutron.db.ovn_revision_numbers_db [req-ee6374d4-364d-4d4c-8b29-2febf57e2e3c req-b385f8da-a6c2-43da-9f01-0d40a4403b7d 4532e34d970f492685081a27c291163a 9f548cb075c5431482fe8ea4ea88c375 - - b946b65d030e4b1d9c349941185b1eec b946b65d030e4b1d9c349941185b1eec] Successfully bumped revision number for resource c4c01860-7ec3-4c45-bbda-75764c2c3ee3 (type: ports) to 4
2026-09-19 03:12:06.040 9 INFO neutron.api.wsgi [req-ee6374d4-364d-4d4c-8b29-2febf57e2e3c req-b385f8da-a6c2-43da-9f01-0d40a4403b7d 4532e34d970f492685081a27c291163a 9f548cb075c5431482fe8ea4ea88c375 - - b946b65d030e4b1d9c349941185b1eec b946b65d030e4b1d9c349941185b1eec] 162.253.55.193 "PUT /v2.0/ports/c4c01860-7ec3-4c45-bbda-75764c2c3ee3 HTTP/1.1" status: 200 len: 1404 time: 1.1087372
2026-09-19 03:12:06.075 10 INFO neutron.services.segments.plugin [-] Segment 98c50344-f37c-4b5e-bd23-75a86152e9e4 resource provider aggregate not found
2026-09-19 03:12:06.078 10 INFO neutron.services.segments.plugin [-] Segment 98c50344-f37c-4b5e-bd23-75a86152e9e4 resource provider aggregate not found
2026-09-19 03:12:06.079 9 INFO neutron.notifiers.nova [-] Nova event matching ['req-9b21ea58-1d4c-4f21-829d-399414659878'] response: {'name': 'network-changed', 'server_uuid': '2fd88738-4d7a-49a9-b738-57a27d65716a', 'tag': 'c4c01860-7ec3-4c45-bbda-75764c2c3ee3', 'status': 'completed', 'code': 200}
2026-09-19 03:12:06.095 10 INFO neutron.services.segments.plugin [-] Segment 98c50344-f37c-4b5e-bd23-75a86152e9e4 resource provider not found; error: Placement Client Error (4xx): {"errors": [{"status": 404, "title": "Not Found", "detail": "The resource could not be found.\n\n No resource provider with uuid 98c50344-f37c-4b5e-bd23-75a86152e9e4 found for delete ", "request_id": "req-9cec7b87-7ed6-4395-82e4-3cf28352ffa0"}]}
2026-09-19 03:12:06.097 10 INFO neutron.services.segments.plugin [-] Segment 98c50344-f37c-4b5e-bd23-75a86152e9e4 resource provider not found; error: Placement Client Error (4xx): {"errors": [{"status": 404, "title": "Not Found", "detail": "The resource could not be found.\n\n No resource provider with uuid 98c50344-f37c-4b5e-bd23-75a86152e9e4 found for delete ", "request_id": "req-7cd49154-aed9-4f7d-b67e-53167c906858"}]}
2026-09-19 03:12:06.116 10 INFO neutron.api.wsgi [None req-6d4990f9-d71d-494e-abd1-0ae1a0b0a7f8 06145f4fa8da4acd9d0164e4fc69742a 31668b879a94421ab1e9df2cec149f82 - - default default] 10.0.0.217 "DELETE /v2.0/networks/e0e22fe7-9792-41d2-970e-61ddf95acc4a HTTP/1.1" status: 204 len: 168 time: 0.4158802
2026-09-19 03:12:06.225 9 INFO neutron.api.wsgi [None req-b144df35-c0b1-4f80-8cc6-17ecc621c270 c4fdec262ba640579c40966864c891e9 b58e92ead3f04342b03b07d61cda083e - - default default] 10.0.0.217 "DELETE /v2.0/floatingips/885349aa-06d0-42af-8cf7-2b7c1a41f1b9 HTTP/1.1" status: 204 len: 168 time: 0.3200076
2026-09-19 03:12:06.234 9 WARNING neutron_lib.context [None req-681400db-d2d7-4f70-a08b-d19e1c0e948d c4fdec262ba640579c40966864c891e9 b58e92ead3f04342b03b07d61cda083e - - default default] Method 'is_advsvc' is deprecated since 2023.2 release (neutron-lib 3.8.0) and will be removed once support for the old RBAC API policies will be removed from Neutron. Please use method 'is_service_role' instead.
2026-09-19 03:12:06.416 9 WARNING neutron.scheduler.dhcp_agent_scheduler [None req-681400db-d2d7-4f70-a08b-d19e1c0e948d c4fdec262ba640579c40966864c891e9 b58e92ead3f04342b03b07d61cda083e - - default default] No more DHCP agents
2026-09-19 03:12:06.417 9 WARNING neutron.api.rpc.agentnotifiers.dhcp_rpc_agent_api [None req-681400db-d2d7-4f70-a08b-d19e1c0e948d c4fdec262ba640579c40966864c891e9 b58e92ead3f04342b03b07d61cda083e - - default default] Unable to schedule network 152e41f6-ced1-4bd7-ba0e-141280defaf7: no agents available; will retry on subsequent port and subnet creation events.
2026-09-19 03:12:06.444 10 INFO neutron.api.wsgi [req-64603375-4d4c-4d05-bb96-6a6c74b4b72c req-ffe8c507-be1b-4f3a-abb6-3429d88d398f a45b071a675f455a8a4df7f035098b3e fd589f0034d341619569cc8b81ae07c9 - - default default] 10.0.0.185 "GET /v2.0/ports?device_id=328a36d1-19c4-4dbb-8f1c-961b54bf4f20 HTTP/1.1" status: 200 len: 1174 time: 0.0340936
2026-09-19 03:12:06.470 10 INFO neutron.api.wsgi [None req-9ed0fe07-223b-44da-829b-984dc0362324 06145f4fa8da4acd9d0164e4fc69742a 31668b879a94421ab1e9df2cec149f82 - - default default] 10.0.0.217 "DELETE /v2.0/networks/a1207ba1-eabd-452b-b324-bd6e15062e27 HTTP/1.1" status: 204 len: 168 time: 0.3488238
2026-09-19 03:12:06.479 10 INFO neutron.api.wsgi [req-64603375-4d4c-4d05-bb96-6a6c74b4b72c req-7a14ed85-28c3-4fd7-bc10-262ea1282921 a45b071a675f455a8a4df7f035098b3e fd589f0034d341619569cc8b81ae07c9 - - default default] 10.0.0.185 "GET /v2.0/security-groups?id=3f2a30cd-8f4d-46ed-9a4e-8688d10aa904&fields=id&fields=name HTTP/1.1" status: 200 len: 313 time: 0.0310123
2026-09-19 03:12:06.568 9 INFO neutron.api.wsgi [None req-40d6df06-d246-4e54-979a-19ec75d4779c 1a77308039fd423d831ad89f385a318b 94ff84ec4abe4a7bbe77f85d43b15b23 - - default default] 10.0.0.222 "GET /v2.0/ports HTTP/1.1" status: 200 len: 22210 time: 0.1360054
2026-09-19 03:12:06.612 9 INFO neutron.api.wsgi [None req-775d7e76-0e1d-44db-bcf3-e707694ef13e 1a77308039fd423d831ad89f385a318b 94ff84ec4abe4a7bbe77f85d43b15b23 - - default default] 10.0.0.222 "GET /v2.0/network-ip-availabilities HTTP/1.1" status: 200 len: 2667 time: 0.0320096
2026-09-19 03:12:06.623 9 INFO neutron.api.wsgi [None req-6678f991-b454-415d-ae1b-1016715e4a89 06145f4fa8da4acd9d0164e4fc69742a 31668b879a94421ab1e9df2cec149f82 - - default default] 10.0.0.217 "GET /v2.0/networks HTTP/1.1" status: 200 len: 845 time: 0.1488702
2026-09-19 03:12:06.636 10 WARNING neutron_lib.context [None req-d84de2e2-5009-4a10-8d4b-6c04deed24ac 06145f4fa8da4acd9d0164e4fc69742a 31668b879a94421ab1e9df2cec149f82 - - default default] Method 'is_advsvc' is deprecated since 2023.2 release (neutron-lib 3.8.0) and will be removed once support for the old RBAC API policies will be removed from Neutron. Please use method 'is_service_role' instead.
2026-09-19 03:12:06.651 10 INFO neutron.api.wsgi [req-60c95029-0d74-4905-bc07-abbbbd7c3921 req-e0702bc4-f7e0-48cf-8b40-f93314de74f0 0a26496315a64f5eb95a40244fd59a44 91aa01e5aff64447b8f7c2e3fc113e81 - - default default] 10.0.0.185 "GET /v2.0/ports?device_id=2fd88738-4d7a-49a9-b738-57a27d65716a HTTP/1.1" status: 200 len: 1168 time: 0.0554445
2026-09-19 03:12:06.653 9 INFO neutron.api.wsgi [req-7d6fe1fc-96ef-4280-b5ee-67fa5b7ec826 req-4cf558fd-9c0c-4e31-a36a-ef46c9fd7a4f 4532e34d970f492685081a27c291163a 9f548cb075c5431482fe8ea4ea88c375 - - b946b65d030e4b1d9c349941185b1eec b946b65d030e4b1d9c349941185b1eec] 162.253.55.193 "GET /v2.0/ports?tenant_id=91aa01e5aff64447b8f7c2e3fc113e81&device_id=2fd88738-4d7a-49a9-b738-57a27d65716a HTTP/1.1" status: 200 len: 1407 time: 0.0582337
2026-09-19 03:12:06.692 9 INFO neutron.api.wsgi [None req-7370bacb-923f-4ff3-a925-c7fb8dc855af 1a77308039fd423d831ad89f385a318b 94ff84ec4abe4a7bbe77f85d43b15b23 - - default default] 10.0.0.222 "GET /v2.0/security-groups HTTP/1.1" status: 200 len: 34922 time: 0.0684190
2026-09-19 03:12:06.695 10 INFO neutron.api.wsgi [req-60c95029-0d74-4905-bc07-abbbbd7c3921 req-5e270d6c-bb2d-4cae-b5d0-d74acd25cedc 0a26496315a64f5eb95a40244fd59a44 91aa01e5aff64447b8f7c2e3fc113e81 - - default default] 10.0.0.185 "GET /v2.0/security-groups?id=231b8db7-5ff7-4e69-a7fc-ca072ab0477d&fields=id&fields=name HTTP/1.1" status: 200 len: 313 time: 0.0397241
2026-09-19 03:12:06.760 10 INFO neutron.db.segments_db [None req-d84de2e2-5009-4a10-8d4b-6c04deed24ac 06145f4fa8da4acd9d0164e4fc69742a 31668b879a94421ab1e9df2cec149f82 - - default default] Added segment a011204e-af60-475b-b58c-17af15dbca6a of type geneve for network ccbfd592-48e4-407f-a4f4-6a3c16187cfe
2026-09-19 03:12:06.764 9 INFO neutron.api.wsgi [None req-020a13fe-090d-455d-83b8-d057a946a531 1a77308039fd423d831ad89f385a318b 94ff84ec4abe4a7bbe77f85d43b15b23 - - default default] 10.0.0.222 "GET /v2.0/subnets HTTP/1.1" status: 200 len: 3480 time: 0.0454471
2026-09-19 03:12:06.767 9 INFO neutron.api.wsgi [req-7d6fe1fc-96ef-4280-b5ee-67fa5b7ec826 req-d6e8d624-7672-48e4-83b0-4cd43ad94bea 4532e34d970f492685081a27c291163a 9f548cb075c5431482fe8ea4ea88c375 - - b946b65d030e4b1d9c349941185b1eec b946b65d030e4b1d9c349941185b1eec] 162.253.55.193 "GET /v2.0/networks?tenant_id=91aa01e5aff64447b8f7c2e3fc113e81&shared=False HTTP/1.1" status: 200 len: 973 time: 0.1053379
2026-09-19 03:12:06.776 9 INFO neutron.api.wsgi [None req-077793b8-3cf2-42d2-9fe5-49cb39cac4d4 1a77308039fd423d831ad89f385a318b 94ff84ec4abe4a7bbe77f85d43b15b23 - - default default] 10.0.0.222 "GET /v2.0/subnetpools HTTP/1.1" status: 200 len: 193 time: 0.0072949
2026-09-19 03:12:06.862 9 INFO neutron.api.wsgi [req-7d6fe1fc-96ef-4280-b5ee-67fa5b7ec826 req-c9dc15d7-64db-4253-b524-6cef211abdb4 4532e34d970f492685081a27c291163a 9f548cb075c5431482fe8ea4ea88c375 - - b946b65d030e4b1d9c349941185b1eec b946b65d030e4b1d9c349941185b1eec] 162.253.55.193 "GET /v2.0/networks?shared=True HTTP/1.1" status: 200 len: 952 time: 0.0870926
2026-09-19 03:12:06.877 10 INFO neutron.db.ovn_revision_numbers_db [None req-d84de2e2-5009-4a10-8d4b-6c04deed24ac 06145f4fa8da4acd9d0164e4fc69742a 31668b879a94421ab1e9df2cec149f82 - - default default] Successfully bumped revision number for resource ccbfd592-48e4-407f-a4f4-6a3c16187cfe (type: networks) to 1
2026-09-19 03:12:06.880 9 INFO neutron.api.wsgi [None req-a4eab1e4-fa8b-48f9-b8eb-06e350bc2c91 1a77308039fd423d831ad89f385a318b 94ff84ec4abe4a7bbe77f85d43b15b23 - - default default] 10.0.0.222 "GET /v2.0/routers HTTP/1.1" status: 200 len: 3081 time: 0.0990489
2026-09-19 03:12:06.894 9 INFO neutron.api.wsgi [None req-4c5e1181-e9a1-4de8-b6a6-ce1219899ed2 1a77308039fd423d831ad89f385a318b 94ff84ec4abe4a7bbe77f85d43b15b23 - - default default] 10.0.0.222 "GET /v2.0/agents?binary=ovn-controller HTTP/1.1" status: 200 len: 591 time: 0.0122392
2026-09-19 03:12:06.922 9 INFO neutron.api.wsgi [None req-79457ad5-bc41-460b-acd9-72efb9687029 1a77308039fd423d831ad89f385a318b 94ff84ec4abe4a7bbe77f85d43b15b23 - - default default] 10.0.0.222 "GET /v2.0/subnets HTTP/1.1" status: 200 len: 3480 time: 0.0275319
2026-09-19 03:12:06.936 9 INFO neutron.api.wsgi [None req-61d2344f-0bd0-4159-b857-c00144956573 1a77308039fd423d831ad89f385a318b 94ff84ec4abe4a7bbe77f85d43b15b23 - - default default] 10.0.0.222 "GET /v2.0/agents HTTP/1.1" status: 200 len: 1390 time: 0.0104809
2026-09-19 03:12:07.008 9 INFO neutron.api.wsgi [None req-ee85d91f-cd62-4e43-b161-5b1337316176 1a77308039fd423d831ad89f385a318b 94ff84ec4abe4a7bbe77f85d43b15b23 - - default default] 10.0.0.222 "GET /v2.0/networks HTTP/1.1" status: 200 len: 5362 time: 0.0707695
2026-09-19 03:12:07.008 10 WARNING neutron.scheduler.dhcp_agent_scheduler [None req-d84de2e2-5009-4a10-8d4b-6c04deed24ac 06145f4fa8da4acd9d0164e4fc69742a 31668b879a94421ab1e9df2cec149f82 - - default default] No more DHCP agents
2026-09-19 03:12:07.011 10 WARNING neutron.api.rpc.agentnotifiers.dhcp_rpc_agent_api [None req-d84de2e2-5009-4a10-8d4b-6c04deed24ac 06145f4fa8da4acd9d0164e4fc69742a 31668b879a94421ab1e9df2cec149f82 - - default default] Unable to schedule network ccbfd592-48e4-407f-a4f4-6a3c16187cfe: no agents available; will retry on subsequent port and subnet creation events.
2026-09-19 03:12:07.063 10 INFO neutron.db.ovn_revision_numbers_db [None req-d84de2e2-5009-4a10-8d4b-6c04deed24ac 06145f4fa8da4acd9d0164e4fc69742a 31668b879a94421ab1e9df2cec149f82 - - default default] Successfully bumped revision number for resource bb799edd-d44f-4518-8272-b38d8cbc8968 (type: ports) to 1
2026-09-19 03:12:07.079 9 INFO neutron.api.wsgi [None req-f8431e6d-5131-4f48-8e2a-13fed952eb56 1a77308039fd423d831ad89f385a318b 94ff84ec4abe4a7bbe77f85d43b15b23 - - default default] 10.0.0.222 "GET /v2.0/floatingips HTTP/1.1" status: 200 len: 2403 time: 0.0645885
2026-09-19 03:12:07.082 10 INFO neutron.api.wsgi [None req-d84de2e2-5009-4a10-8d4b-6c04deed24ac 06145f4fa8da4acd9d0164e4fc69742a 31668b879a94421ab1e9df2cec149f82 - - default default] 10.0.0.217 "POST /v2.0/networks HTTP/1.1" status: 201 len: 853 time: 0.4528418
2026-09-19 03:12:07.093 9 WARNING neutron_lib.context [None req-82006793-d8d5-45d0-b212-d1918e3d3c5d 06145f4fa8da4acd9d0164e4fc69742a 31668b879a94421ab1e9df2cec149f82 - - default default] Method 'is_advsvc' is deprecated since 2023.2 release (neutron-lib 3.8.0) and will be removed once support for the old RBAC API policies will be removed from Neutron. Please use method 'is_service_role' instead.
2026-09-19 03:12:07.135 9 INFO neutron.api.wsgi [req-66de72b9-102d-413d-b752-bc12637bd429 req-d8a6465e-621e-4b3f-a6e7-45ed6ab5047b a45b071a675f455a8a4df7f035098b3e fd589f0034d341619569cc8b81ae07c9 - - default default] 162.253.55.193 "GET /v2.0/ports?device_id=328a36d1-19c4-4dbb-8f1c-961b54bf4f20 HTTP/1.1" status: 200 len: 1174 time: 0.1522872
2026-09-19 03:12:07.221 9 INFO neutron.db.segments_db [None req-82006793-d8d5-45d0-b212-d1918e3d3c5d 06145f4fa8da4acd9d0164e4fc69742a 31668b879a94421ab1e9df2cec149f82 - - default default] Added segment aa8e6cba-8b4a-48ff-b9be-23c8dea7d081 of type geneve for network 73e295ef-4a09-4b85-a095-ac503cd24ce3
2026-09-19 03:12:07.423 9 INFO neutron.db.ovn_revision_numbers_db [None req-82006793-d8d5-45d0-b212-d1918e3d3c5d 06145f4fa8da4acd9d0164e4fc69742a 31668b879a94421ab1e9df2cec149f82 - - default default] Successfully bumped revision number for resource 73e295ef-4a09-4b85-a095-ac503cd24ce3 (type: networks) to 1
2026-09-19 03:12:07.492 9 INFO neutron.db.ovn_revision_numbers_db [None req-681400db-d2d7-4f70-a08b-d19e1c0e948d c4fdec262ba640579c40966864c891e9 b58e92ead3f04342b03b07d61cda083e - - default default] Successfully bumped revision number for resource 0b3a4092-eee2-41a7-88cc-5bad29386920 (type: floatingips) to -1
2026-09-19 03:12:07.653 9 INFO neutron.db.l3_db [req-66de72b9-102d-413d-b752-bc12637bd429 req-e2cc6d91-5051-4796-9d76-591df2a06813 a45b071a675f455a8a4df7f035098b3e fd589f0034d341619569cc8b81ae07c9 - - default default] Floating IP 665d7d32-3589-45c4-b038-698e280ff101 disassociated. External IP: 10.96.250.213, port: 70ab3516-2688-4ca1-89d4-75775ed8396d.
2026-09-19 03:12:07.664 10 INFO neutron.api.wsgi [req-d03c16bb-7c0b-4edc-844b-adbfd8f74672 req-f7c98497-5d79-4d90-b995-18500405a042 a45b071a675f455a8a4df7f035098b3e fd589f0034d341619569cc8b81ae07c9 - - default default] 10.0.0.185 "GET /v2.0/ports?device_id=328a36d1-19c4-4dbb-8f1c-961b54bf4f20 HTTP/1.1" status: 200 len: 1174 time: 0.0939808 /var/lib/openstack/lib/python3.12/site-packages/pycadf/identifier.py:71: UserWarning: Invalid uuid: neutron. To ensure interoperability, identifiers should be a valid uuid. warnings.warn(('Invalid uuid: %s. To ensure interoperability, '
2026-09-19 03:12:07.693 9 INFO neutron.db.ovn_revision_numbers_db [None req-681400db-d2d7-4f70-a08b-d19e1c0e948d c4fdec262ba640579c40966864c891e9 b58e92ead3f04342b03b07d61cda083e - - default default] Successfully bumped revision number for resource 0b3a4092-eee2-41a7-88cc-5bad29386920 (type: floatingips) to 1
2026-09-19 03:12:07.694 9 INFO neutron.db.l3_db [None req-681400db-d2d7-4f70-a08b-d19e1c0e948d c4fdec262ba640579c40966864c891e9 b58e92ead3f04342b03b07d61cda083e - - default default] Floating IP 0b3a4092-eee2-41a7-88cc-5bad29386920 associated. External IP: 10.96.250.218, port: 469f85d3-64ed-498a-ad0b-c439095cdafe.
2026-09-19 03:12:07.700 10 INFO neutron.api.wsgi [req-d03c16bb-7c0b-4edc-844b-adbfd8f74672 req-1beaa6c1-58d3-407a-a8f9-0c143a9d60c9 a45b071a675f455a8a4df7f035098b3e fd589f0034d341619569cc8b81ae07c9 - - default default] 10.0.0.185 "GET /v2.0/security-groups?id=3f2a30cd-8f4d-46ed-9a4e-8688d10aa904&fields=id&fields=name HTTP/1.1" status: 200 len: 313 time: 0.0328207
2026-09-19 03:12:07.764 9 INFO neutron.api.wsgi [None req-681400db-d2d7-4f70-a08b-d19e1c0e948d c4fdec262ba640579c40966864c891e9 b58e92ead3f04342b03b07d61cda083e - - default default] 10.0.0.217 "POST /v2.0/floatingips HTTP/1.1" status: 201 len: 1041 time: 1.5337801
2026-09-19 03:12:07.768 9 WARNING neutron.scheduler.dhcp_agent_scheduler [None req-82006793-d8d5-45d0-b212-d1918e3d3c5d 06145f4fa8da4acd9d0164e4fc69742a 31668b879a94421ab1e9df2cec149f82 - - default default] No more DHCP agents
2026-09-19 03:12:07.775 9 WARNING neutron.api.rpc.agentnotifiers.dhcp_rpc_agent_api [None req-82006793-d8d5-45d0-b212-d1918e3d3c5d 06145f4fa8da4acd9d0164e4fc69742a 31668b879a94421ab1e9df2cec149f82 - - default default] Unable to schedule network 73e295ef-4a09-4b85-a095-ac503cd24ce3: no agents available; will retry on subsequent port and subnet creation events.
2026-09-19 03:12:07.810 10 INFO neutron.api.wsgi [req-dab6615b-4bb7-4dcf-81ee-2446c89588a9 req-889b547d-418e-4b42-90d5-d67fae33132b 0a26496315a64f5eb95a40244fd59a44 91aa01e5aff64447b8f7c2e3fc113e81 - - default default] 10.0.0.185 "GET /v2.0/ports?device_id=2fd88738-4d7a-49a9-b738-57a27d65716a HTTP/1.1" status: 200 len: 1168 time: 0.0439525
2026-09-19 03:12:07.819 9 INFO neutron.api.wsgi [None req-914afc59-cc74-4621-9f07-88ce82f6c548 c4fdec262ba640579c40966864c891e9 b58e92ead3f04342b03b07d61cda083e - - default default] 10.0.0.217 "GET /v2.0/floatingips/0b3a4092-eee2-41a7-88cc-5bad29386920 HTTP/1.1" status: 200 len: 1038 time: 0.0447040
2026-09-19 03:12:07.857 10 INFO neutron.api.wsgi [req-dab6615b-4bb7-4dcf-81ee-2446c89588a9 req-9f6b16d1-c232-4aea-b6c5-64e2620e8459 0a26496315a64f5eb95a40244fd59a44 91aa01e5aff64447b8f7c2e3fc113e81 - - default default] 10.0.0.185 "GET /v2.0/security-groups?id=231b8db7-5ff7-4e69-a7fc-ca072ab0477d&fields=id&fields=name HTTP/1.1" status: 200 len: 313 time: 0.0414574
2026-09-19 03:12:07.858 9 INFO neutron.api.wsgi [req-66de72b9-102d-413d-b752-bc12637bd429 req-e2cc6d91-5051-4796-9d76-591df2a06813 a45b071a675f455a8a4df7f035098b3e fd589f0034d341619569cc8b81ae07c9 - - default default] 162.253.55.193 "DELETE /v2.0/ports/70ab3516-2688-4ca1-89d4-75775ed8396d HTTP/1.1" status: 204 len: 173 time: 0.7176282
2026-09-19 03:12:07.875 9 INFO neutron.api.wsgi [None req-be21f861-4a5b-4703-8f67-4b87f4f31c44 c4fdec262ba640579c40966864c891e9 b58e92ead3f04342b03b07d61cda083e - - default default] 10.0.0.217 "GET /v2.0/floatingips HTTP/1.1" status: 200 len: 1041 time: 0.0521877
2026-09-19 03:12:07.883 9 INFO neutron.db.ovn_revision_numbers_db [None req-82006793-d8d5-45d0-b212-d1918e3d3c5d 06145f4fa8da4acd9d0164e4fc69742a 31668b879a94421ab1e9df2cec149f82 - - default default] Successfully bumped revision number for resource 93e456fe-ce47-47f3-96db-e09ae1098754 (type: ports) to 1
2026-09-19 03:12:07.904 9 INFO neutron.api.wsgi [None req-82006793-d8d5-45d0-b212-d1918e3d3c5d 06145f4fa8da4acd9d0164e4fc69742a 31668b879a94421ab1e9df2cec149f82 - - default default] 10.0.0.217 "POST /v2.0/networks HTTP/1.1" status: 201 len: 852 time: 0.8165565
2026-09-19 03:12:07.909 9 INFO neutron.api.wsgi [req-ee6374d4-364d-4d4c-8b29-2febf57e2e3c req-457c5146-5dae-4b6e-bb25-6913c4d192c4 4532e34d970f492685081a27c291163a 9f548cb075c5431482fe8ea4ea88c375 - - b946b65d030e4b1d9c349941185b1eec b946b65d030e4b1d9c349941185b1eec] 162.253.55.193 "GET /v2.0/ports?tenant_id=91aa01e5aff64447b8f7c2e3fc113e81&device_id=2fd88738-4d7a-49a9-b738-57a27d65716a HTTP/1.1" status: 200 len: 1407 time: 0.0316658
2026-09-19 03:12:07.914 10 WARNING neutron_lib.context [None req-d0a26233-ca23-4628-98da-e52bd1374563 06145f4fa8da4acd9d0164e4fc69742a 31668b879a94421ab1e9df2cec149f82 - - default default] Method 'is_advsvc' is deprecated since 2023.2 release (neutron-lib 3.8.0) and will be removed once support for the old RBAC API policies will be removed from Neutron. Please use method 'is_service_role' instead.
2026-09-19 03:12:07.927 9 INFO neutron.api.wsgi [req-ee6374d4-364d-4d4c-8b29-2febf57e2e3c req-cba59597-0ca5-4a7e-a96d-4f86208775b4 4532e34d970f492685081a27c291163a 9f548cb075c5431482fe8ea4ea88c375 - - b946b65d030e4b1d9c349941185b1eec b946b65d030e4b1d9c349941185b1eec] 162.253.55.193 "GET /v2.0/floatingips?fixed_ip_address=10.100.0.5&port_id=c4c01860-7ec3-4c45-bbda-75764c2c3ee3 HTTP/1.1" status: 200 len: 217 time: 0.0120285
2026-09-19 03:12:07.943 10 WARNING neutron_lib.context [None req-d0a26233-ca23-4628-98da-e52bd1374563 06145f4fa8da4acd9d0164e4fc69742a 31668b879a94421ab1e9df2cec149f82 - - default default] Method 'is_advsvc' is deprecated since 2023.2 release (neutron-lib 3.8.0) and will be removed once support for the old RBAC API policies will be removed from Neutron. Please use method 'is_service_role' instead.
2026-09-19 03:12:07.945 9 INFO neutron.api.wsgi [req-ee6374d4-364d-4d4c-8b29-2febf57e2e3c req-fefac43f-0a48-4fc6-b119-465c7a99300d 4532e34d970f492685081a27c291163a 9f548cb075c5431482fe8ea4ea88c375 - - b946b65d030e4b1d9c349941185b1eec b946b65d030e4b1d9c349941185b1eec] 162.253.55.193 "GET /v2.0/subnets?id=13dbe6cb-9b88-4c21-af48-8e8283a2481c HTTP/1.1" status: 200 len: 892 time: 0.0146236
2026-09-19 03:12:07.960 9 INFO neutron.api.wsgi [req-ee6374d4-364d-4d4c-8b29-2febf57e2e3c req-a9a40087-896a-4187-a7a6-e34160da9b70 4532e34d970f492685081a27c291163a 9f548cb075c5431482fe8ea4ea88c375 - - b946b65d030e4b1d9c349941185b1eec b946b65d030e4b1d9c349941185b1eec] 162.253.55.193 "GET /v2.0/ports?network_id=4a2e3f68-436f-44ce-8358-d4f8c463e129&device_owner=network%3Adhcp HTTP/1.1" status: 200 len: 210 time: 0.0103073
2026-09-19 03:12:08.005 9 INFO neutron.api.wsgi [req-ee6374d4-364d-4d4c-8b29-2febf57e2e3c req-eada02ae-637c-456f-8c37-57320bb6b8c2 4532e34d970f492685081a27c291163a 9f548cb075c5431482fe8ea4ea88c375 - - b946b65d030e4b1d9c349941185b1eec b946b65d030e4b1d9c349941185b1eec] 162.253.55.193 "GET /v2.0/networks/4a2e3f68-436f-44ce-8358-d4f8c463e129?fields=segments HTTP/1.1" status: 200 len: 212 time: 0.0407836
2026-09-19 03:12:08.056 9 INFO neutron.api.wsgi [req-ee6374d4-364d-4d4c-8b29-2febf57e2e3c req-dc7102f1-6c28-44b2-80c9-23136832a0b5 4532e34d970f492685081a27c291163a 9f548cb075c5431482fe8ea4ea88c375 - - b946b65d030e4b1d9c349941185b1eec b946b65d030e4b1d9c349941185b1eec] 162.253.55.193 "GET /v2.0/networks/4a2e3f68-436f-44ce-8358-d4f8c463e129?fields=provider%3Aphysical_network&fields=provider%3Anetwork_type HTTP/1.1" status: 200 len: 277 time: 0.0483451
2026-09-19 03:12:08.116 9 INFO neutron.notifiers.nova [-] Nova event matching ['req-21062c62-f0e1-4ed2-a70a-dc1fccbc783d'] response: {'server_uuid': '328a36d1-19c4-4dbb-8f1c-961b54bf4f20', 'name': 'network-vif-deleted', 'tag': '70ab3516-2688-4ca1-89d4-75775ed8396d', 'status': 'completed', 'code': 200}
2026-09-19 03:12:08.122 10 INFO neutron.services.segments.plugin [-] Segment 0e6e247d-c07e-4850-9bf4-67829e3cba4b resource provider aggregate not found
2026-09-19 03:12:08.129 9 WARNING neutron.plugins.ml2.drivers.ovn.mech_driver.ovsdb.ovn_client [None req-ca2c9ad7-c087-49e2-8722-c1d2c1945d0f - - - - - -] No hosting information found for port 2469cb7e-766f-4bd7-be12-22b64f7427fb: RuntimeError: No hosting information found for port 2469cb7e-766f-4bd7-be12-22b64f7427fb
2026-09-19 03:12:08.129 9 INFO neutron.plugins.ml2.drivers.ovn.mech_driver.mech_driver [None req-ca2c9ad7-c087-49e2-8722-c1d2c1945d0f - - - - - -] OVN reports status up for port: 1508ff92-3ca6-4e78-b456-8dfbb06477de
2026-09-19 03:12:08.130 10 INFO neutron.services.segments.plugin [-] Segment 0e6e247d-c07e-4850-9bf4-67829e3cba4b resource provider aggregate not found
2026-09-19 03:12:08.137 9 INFO neutron.plugins.ml2.plugin [None req-ca2c9ad7-c087-49e2-8722-c1d2c1945d0f - - - - - -] Attempt 1 to provision port 1508ff92-3ca6-4e78-b456-8dfbb06477de
2026-09-19 03:12:08.137 10 INFO neutron.services.segments.plugin [-] Segment 0e6e247d-c07e-4850-9bf4-67829e3cba4b resource provider not found; error: Placement Client Error (4xx): {"errors": [{"status": 404, "title": "Not Found", "detail": "The resource could not be found.\n\n No resource provider with uuid 0e6e247d-c07e-4850-9bf4-67829e3cba4b found for delete ", "request_id": "req-c9f78b3e-ccfb-4c56-a0be-9847f18d2bec"}]}
2026-09-19 03:12:08.148 10 INFO neutron.services.segments.plugin [-] Segment 0e6e247d-c07e-4850-9bf4-67829e3cba4b resource provider not found; error: Placement Client Error (4xx): {"errors": [{"status": 404, "title": "Not Found", "detail": "The resource could not be found.\n\n No resource provider with uuid 0e6e247d-c07e-4850-9bf4-67829e3cba4b found for delete ", "request_id": "req-d4e58f2f-6d4a-4e50-a9c9-e325a4b0c0f6"}]}
2026-09-19 03:12:08.461 9 INFO neutron.db.ovn_revision_numbers_db [None req-ca2c9ad7-c087-49e2-8722-c1d2c1945d0f - - - - - -] Successfully bumped revision number for resource 1508ff92-3ca6-4e78-b456-8dfbb06477de (type: ports) to 2
2026-09-19 03:12:08.701 10 WARNING neutron.scheduler.dhcp_agent_scheduler [None req-d0a26233-ca23-4628-98da-e52bd1374563 06145f4fa8da4acd9d0164e4fc69742a 31668b879a94421ab1e9df2cec149f82 - - default default] No more DHCP agents
2026-09-19 03:12:08.702 10 WARNING neutron.api.rpc.agentnotifiers.dhcp_rpc_agent_api [None req-d0a26233-ca23-4628-98da-e52bd1374563 06145f4fa8da4acd9d0164e4fc69742a 31668b879a94421ab1e9df2cec149f82 - - default default] Unable to schedule network ccbfd592-48e4-407f-a4f4-6a3c16187cfe: no agents available; will retry on subsequent port and subnet creation events.
2026-09-19 03:12:08.703 10 INFO neutron.db.ovn_revision_numbers_db [None req-83abb0d1-a7d2-42e8-8445-02378a7adaa7 c4fdec262ba640579c40966864c891e9 b58e92ead3f04342b03b07d61cda083e - - default default] Successfully bumped revision number for resource 0b3a4092-eee2-41a7-88cc-5bad29386920 (type: floatingips) to 2 /var/lib/openstack/lib/python3.12/site-packages/pycadf/identifier.py:71: UserWarning: Invalid uuid: neutron. To ensure interoperability, identifiers should be a valid uuid. warnings.warn(('Invalid uuid: %s. To ensure interoperability, '
2026-09-19 03:12:08.823 10 INFO neutron.api.wsgi [req-5bd9e8a6-aecd-479e-bf70-169f473e74ed req-2b50d81a-da49-44a9-b7fa-b83c2fc3cb74 a45b071a675f455a8a4df7f035098b3e fd589f0034d341619569cc8b81ae07c9 - - default default] 10.0.0.185 "GET /v2.0/ports?device_id=328a36d1-19c4-4dbb-8f1c-961b54bf4f20 HTTP/1.1" status: 200 len: 210 time: 0.0489416
2026-09-19 03:12:08.870 10 INFO neutron.db.ovn_revision_numbers_db [None req-d0a26233-ca23-4628-98da-e52bd1374563 06145f4fa8da4acd9d0164e4fc69742a 31668b879a94421ab1e9df2cec149f82 - - default default] Successfully bumped revision number for resource 6f7c8453-fa26-4f8e-9e43-cc22340c5c7c (type: ports) to 1
2026-09-19 03:12:08.894 10 INFO neutron.db.ovn_revision_numbers_db [None req-83abb0d1-a7d2-42e8-8445-02378a7adaa7 c4fdec262ba640579c40966864c891e9 b58e92ead3f04342b03b07d61cda083e - - default default] Successfully bumped revision number for resource 0b3a4092-eee2-41a7-88cc-5bad29386920 (type: floatingips) to 2
2026-09-19 03:12:08.894 10 INFO neutron.db.l3_db [None req-83abb0d1-a7d2-42e8-8445-02378a7adaa7 c4fdec262ba640579c40966864c891e9 b58e92ead3f04342b03b07d61cda083e - - default default] Floating IP 0b3a4092-eee2-41a7-88cc-5bad29386920 associated. External IP: 10.96.250.218, port: 469f85d3-64ed-498a-ad0b-c439095cdafe.
2026-09-19 03:12:08.923 10 WARNING neutron.scheduler.dhcp_agent_scheduler [None req-d0a26233-ca23-4628-98da-e52bd1374563 06145f4fa8da4acd9d0164e4fc69742a 31668b879a94421ab1e9df2cec149f82 - - default default] No more DHCP agents
2026-09-19 03:12:08.926 10 WARNING neutron.api.rpc.agentnotifiers.dhcp_rpc_agent_api [None req-d0a26233-ca23-4628-98da-e52bd1374563 06145f4fa8da4acd9d0164e4fc69742a 31668b879a94421ab1e9df2cec149f82 - - default default] Unable to schedule network 73e295ef-4a09-4b85-a095-ac503cd24ce3: no agents available; will retry on subsequent port and subnet creation events. /var/lib/openstack/lib/python3.12/site-packages/pycadf/identifier.py:71: UserWarning: Invalid uuid: neutron. To ensure interoperability, identifiers should be a valid uuid. warnings.warn(('Invalid uuid: %s. To ensure interoperability, '
2026-09-19 03:12:08.970 10 INFO neutron.api.wsgi [None req-83abb0d1-a7d2-42e8-8445-02378a7adaa7 c4fdec262ba640579c40966864c891e9 b58e92ead3f04342b03b07d61cda083e - - default default] 10.0.0.217 "PUT /v2.0/floatingips/0b3a4092-eee2-41a7-88cc-5bad29386920 HTTP/1.1" status: 200 len: 1037 time: 1.0897768
2026-09-19 03:12:09.012 10 INFO neutron.api.wsgi [req-4cf7a731-5125-4ee7-9824-5cbd08b10f53 req-6f2f3e38-9ad8-4992-8170-66a22ee30d1e 0a26496315a64f5eb95a40244fd59a44 91aa01e5aff64447b8f7c2e3fc113e81 - - default default] 10.0.0.185 "GET /v2.0/ports?device_id=2fd88738-4d7a-49a9-b738-57a27d65716a HTTP/1.1" status: 200 len: 1168 time: 0.0688236
2026-09-19 03:12:09.048 10 INFO neutron.db.ovn_revision_numbers_db [None req-d0a26233-ca23-4628-98da-e52bd1374563 06145f4fa8da4acd9d0164e4fc69742a 31668b879a94421ab1e9df2cec149f82 - - default default] Successfully bumped revision number for resource 9e8f87fe-d70c-4fe1-87f0-7c3d69b93542 (type: ports) to 1
2026-09-19 03:12:09.072 10 INFO neutron.api.wsgi [req-4cf7a731-5125-4ee7-9824-5cbd08b10f53 req-47196045-3339-4013-9302-5f85ad38bef8 0a26496315a64f5eb95a40244fd59a44 91aa01e5aff64447b8f7c2e3fc113e81 - - default default] 10.0.0.185 "GET /v2.0/security-groups?id=231b8db7-5ff7-4e69-a7fc-ca072ab0477d&fields=id&fields=name HTTP/1.1" status: 200 len: 313 time: 0.0560489
2026-09-19 03:12:09.086 10 INFO neutron.api.wsgi [None req-d0a26233-ca23-4628-98da-e52bd1374563 06145f4fa8da4acd9d0164e4fc69742a 31668b879a94421ab1e9df2cec149f82 - - default default] 10.0.0.217 "POST /v2.0/ports HTTP/1.1" status: 201 len: 1706 time: 1.1772017
2026-09-19 03:12:09.142 9 INFO neutron.db.ovn_revision_numbers_db [None req-d048be47-abf9-4bfd-b18e-efcc8e78a002 c4fdec262ba640579c40966864c891e9 b58e92ead3f04342b03b07d61cda083e - - default default] Successfully bumped revision number for resource 0b3a4092-eee2-41a7-88cc-5bad29386920 (type: floatingips) to 3
2026-09-19 03:12:09.191 9 INFO neutron.db.l3_db [None req-d048be47-abf9-4bfd-b18e-efcc8e78a002 c4fdec262ba640579c40966864c891e9 b58e92ead3f04342b03b07d61cda083e - - default default] Floating IP 0b3a4092-eee2-41a7-88cc-5bad29386920 disassociated. External IP: 10.96.250.218, port: d433458a-67ee-4f9e-a330-2b705e95b887.
2026-09-19 03:12:09.205 10 INFO neutron.api.wsgi [None req-579aef7b-2678-4bd7-9d9b-f7e2e7ce3e20 06145f4fa8da4acd9d0164e4fc69742a 31668b879a94421ab1e9df2cec149f82 - - default default] 10.0.0.217 "GET /v2.0/ports HTTP/1.1" status: 200 len: 3213 time: 0.1111696 /var/lib/openstack/lib/python3.12/site-packages/pycadf/identifier.py:71: UserWarning: Invalid uuid: neutron. To ensure interoperability, identifiers should be a valid uuid. warnings.warn(('Invalid uuid: %s. To ensure interoperability, '
2026-09-19 03:12:09.215 9 INFO neutron.api.wsgi [None req-d048be47-abf9-4bfd-b18e-efcc8e78a002 c4fdec262ba640579c40966864c891e9 b58e92ead3f04342b03b07d61cda083e - - default default] 10.0.0.217 "PUT /v2.0/floatingips/0b3a4092-eee2-41a7-88cc-5bad29386920 HTTP/1.1" status: 200 len: 748 time: 0.2353921
2026-09-19 03:12:09.407 10 INFO neutron.api.wsgi [None req-8acf9cc6-86ac-4e0d-bd88-70697e1f44f5 06145f4fa8da4acd9d0164e4fc69742a 31668b879a94421ab1e9df2cec149f82 - - default default] 10.0.0.217 "DELETE /v2.0/ports/6f7c8453-fa26-4f8e-9e43-cc22340c5c7c HTTP/1.1" status: 204 len: 168 time: 0.1977384
2026-09-19 03:12:09.442 9 INFO neutron.api.wsgi [None req-d2e4efcf-5234-4fbd-acb5-635c2894ee8f c4fdec262ba640579c40966864c891e9 b58e92ead3f04342b03b07d61cda083e - - default default] 10.0.0.217 "DELETE /v2.0/floatingips/0b3a4092-eee2-41a7-88cc-5bad29386920 HTTP/1.1" status: 204 len: 168 time: 0.2233572
2026-09-19 03:12:09.459 9 INFO neutron.api.v2.resource [None req-e9c73a27-d30f-4db2-af35-77b75fa66a22 c4fdec262ba640579c40966864c891e9 b58e92ead3f04342b03b07d61cda083e - - default default] delete failed (client error): The resource could not be found.
2026-09-19 03:12:09.459 9 INFO neutron.api.wsgi [None req-e9c73a27-d30f-4db2-af35-77b75fa66a22 c4fdec262ba640579c40966864c891e9 b58e92ead3f04342b03b07d61cda083e - - default default] 10.0.0.217 "DELETE /v2.0/floatingips/0b3a4092-eee2-41a7-88cc-5bad29386920 HTTP/1.1" status: 404 len: 345 time: 0.0127122
2026-09-19 03:12:09.654 10 INFO neutron.api.wsgi [None req-d7178acc-dc84-431e-b0ea-7fc07e09d6df 06145f4fa8da4acd9d0164e4fc69742a 31668b879a94421ab1e9df2cec149f82 - - default default] 10.0.0.217 "DELETE /v2.0/ports/9e8f87fe-d70c-4fe1-87f0-7c3d69b93542 HTTP/1.1" status: 204 len: 168 time: 0.2406790
2026-09-19 03:12:09.718 10 INFO neutron.api.wsgi [None req-6d0e437d-8a0b-40f7-80c8-2fdea220834f 06145f4fa8da4acd9d0164e4fc69742a 31668b879a94421ab1e9df2cec149f82 - - default default] 10.0.0.217 "GET /v2.0/ports HTTP/1.1" status: 200 len: 1718 time: 0.0585706
2026-09-19 03:12:09.731 9 WARNING neutron_lib.context [None req-12479fe4-2a3a-4a6b-8fbe-19f567c43a33 06145f4fa8da4acd9d0164e4fc69742a 31668b879a94421ab1e9df2cec149f82 - - default default] Method 'is_advsvc' is deprecated since 2023.2 release (neutron-lib 3.8.0) and will be removed once support for the old RBAC API policies will be removed from Neutron. Please use method 'is_service_role' instead.
2026-09-19 03:12:09.850 9 INFO neutron.db.segments_db [None req-12479fe4-2a3a-4a6b-8fbe-19f567c43a33 06145f4fa8da4acd9d0164e4fc69742a 31668b879a94421ab1e9df2cec149f82 - - default default] Added segment 9bdf10ad-f6d4-45a3-9f46-d40019a67d4a of type geneve for network 390b44e0-a00d-4676-82d8-d394a0cc9f4b
2026-09-19 03:12:09.878 10 INFO neutron.api.wsgi [None req-63de5b23-bb4c-4209-af8f-a6cc4270c96f c4fdec262ba640579c40966864c891e9 b58e92ead3f04342b03b07d61cda083e - - default default] 10.0.0.217 "DELETE /v2.0/ports/d433458a-67ee-4f9e-a330-2b705e95b887 HTTP/1.1" status: 204 len: 168 time: 0.4126070
2026-09-19 03:12:09.925 10 INFO neutron.api.wsgi [req-69a94fa5-79b5-4d8f-8484-1db5ea690e4b req-ea3c3ca3-c609-4d81-9936-bdd65a5baa8b a45b071a675f455a8a4df7f035098b3e fd589f0034d341619569cc8b81ae07c9 - - default default] 10.0.0.185 "GET /v2.0/ports?device_id=328a36d1-19c4-4dbb-8f1c-961b54bf4f20 HTTP/1.1" status: 200 len: 210 time: 0.0198021
2026-09-19 03:12:09.971 9 INFO neutron.db.ovn_revision_numbers_db [None req-12479fe4-2a3a-4a6b-8fbe-19f567c43a33 06145f4fa8da4acd9d0164e4fc69742a 31668b879a94421ab1e9df2cec149f82 - - default default] Successfully bumped revision number for resource 390b44e0-a00d-4676-82d8-d394a0cc9f4b (type: networks) to 1
2026-09-19 03:12:10.094 9 WARNING neutron.scheduler.dhcp_agent_scheduler [None req-12479fe4-2a3a-4a6b-8fbe-19f567c43a33 06145f4fa8da4acd9d0164e4fc69742a 31668b879a94421ab1e9df2cec149f82 - - default default] No more DHCP agents
2026-09-19 03:12:10.095 9 WARNING neutron.api.rpc.agentnotifiers.dhcp_rpc_agent_api [None req-12479fe4-2a3a-4a6b-8fbe-19f567c43a33 06145f4fa8da4acd9d0164e4fc69742a 31668b879a94421ab1e9df2cec149f82 - - default default] Unable to schedule network 390b44e0-a00d-4676-82d8-d394a0cc9f4b: no agents available; will retry on subsequent port and subnet creation events.
2026-09-19 03:12:10.155 9 INFO neutron.db.ovn_revision_numbers_db [None req-12479fe4-2a3a-4a6b-8fbe-19f567c43a33 06145f4fa8da4acd9d0164e4fc69742a 31668b879a94421ab1e9df2cec149f82 - - default default] Successfully bumped revision number for resource d8aa7b55-a4ea-4cdf-8724-4a12b5afbc83 (type: ports) to 1
2026-09-19 03:12:10.157 10 INFO neutron.api.wsgi [None req-66988de6-e224-436c-88de-7dfb025d8ef5 c4fdec262ba640579c40966864c891e9 b58e92ead3f04342b03b07d61cda083e - - default default] 10.0.0.217 "DELETE /v2.0/ports/469f85d3-64ed-498a-ad0b-c439095cdafe HTTP/1.1" status: 204 len: 168 time: 0.2738614
2026-09-19 03:12:10.181 10 INFO neutron.api.wsgi [req-059d6a47-8793-4159-a2c2-3d6089ed6ca1 req-f8484092-afe5-440f-8778-27742022b698 0a26496315a64f5eb95a40244fd59a44 91aa01e5aff64447b8f7c2e3fc113e81 - - default default] 10.0.0.185 "GET /v2.0/ports?device_id=2fd88738-4d7a-49a9-b738-57a27d65716a HTTP/1.1" status: 200 len: 1168 time: 0.0411990
2026-09-19 03:12:10.191 9 INFO neutron.api.wsgi [None req-12479fe4-2a3a-4a6b-8fbe-19f567c43a33 06145f4fa8da4acd9d0164e4fc69742a 31668b879a94421ab1e9df2cec149f82 - - default default] 10.0.0.217 "POST /v2.0/networks HTTP/1.1" status: 201 len: 853 time: 0.4633582
2026-09-19 03:12:10.204 10 WARNING neutron_lib.context [None req-6c5c9203-8b80-4c81-9be1-7d174e172194 06145f4fa8da4acd9d0164e4fc69742a 31668b879a94421ab1e9df2cec149f82 - - default default] Method 'is_advsvc' is deprecated since 2023.2 release (neutron-lib 3.8.0) and will be removed once support for the old RBAC API policies will be removed from Neutron. Please use method 'is_service_role' instead.
2026-09-19 03:12:10.211 10 INFO neutron.plugins.ml2.drivers.ovn.mech_driver.mech_driver [None req-b58184f7-aa2e-4876-a8d6-81179e485115 - - - - - -] OVN reports status up for port: c4c01860-7ec3-4c45-bbda-75764c2c3ee3
2026-09-19 03:12:10.228 10 INFO neutron.plugins.ml2.plugin [None req-b58184f7-aa2e-4876-a8d6-81179e485115 - - - - - -] Attempt 1 to provision port c4c01860-7ec3-4c45-bbda-75764c2c3ee3
2026-09-19 03:12:10.232 9 INFO neutron.api.wsgi [None req-45e78af9-36e0-470c-b22a-d81fa9d76c02 c4fdec262ba640579c40966864c891e9 b58e92ead3f04342b03b07d61cda083e - - default default] 10.0.0.217 "GET /v2.0/ports?device_id=6ef9e94d-9cd7-4b23-a7c7-b835d45637d3 HTTP/1.1" status: 200 len: 1140 time: 0.0676413
2026-09-19 03:12:10.247 10 INFO neutron.api.wsgi [req-059d6a47-8793-4159-a2c2-3d6089ed6ca1 req-b6d5209f-f109-4c65-9866-ea0cdc1f32e5 0a26496315a64f5eb95a40244fd59a44 91aa01e5aff64447b8f7c2e3fc113e81 - - default default] 10.0.0.185 "GET /v2.0/security-groups?id=231b8db7-5ff7-4e69-a7fc-ca072ab0477d&fields=id&fields=name HTTP/1.1" status: 200 len: 313 time: 0.0615549
2026-09-19 03:12:10.320 10 INFO neutron.db.segments_db [None req-6c5c9203-8b80-4c81-9be1-7d174e172194 06145f4fa8da4acd9d0164e4fc69742a 31668b879a94421ab1e9df2cec149f82 - - default default] Added segment 1d556aff-48f7-48eb-81ab-a3cd687e3d6e of type geneve for network 92eacc62-c861-4b73-a5a9-b08f01e6891a
2026-09-19 03:12:10.398 10 INFO neutron.notifiers.nova [-] Nova event matching ['req-9d0bfd19-968b-4ba5-b786-abc384ceaccf'] response: {'server_uuid': '2fd88738-4d7a-49a9-b738-57a27d65716a', 'name': 'network-vif-plugged', 'status': 'completed', 'tag': 'c4c01860-7ec3-4c45-bbda-75764c2c3ee3', 'code': 200}
2026-09-19 03:12:10.468 10 INFO neutron.db.ovn_revision_numbers_db [None req-6c5c9203-8b80-4c81-9be1-7d174e172194 06145f4fa8da4acd9d0164e4fc69742a 31668b879a94421ab1e9df2cec149f82 - - default default] Successfully bumped revision number for resource 92eacc62-c861-4b73-a5a9-b08f01e6891a (type: networks) to 1
2026-09-19 03:12:10.540 10 INFO neutron.db.ovn_revision_numbers_db [None req-b58184f7-aa2e-4876-a8d6-81179e485115 - - - - - -] Successfully bumped revision number for resource c4c01860-7ec3-4c45-bbda-75764c2c3ee3 (type: ports) to 5
2026-09-19 03:12:10.644 10 WARNING neutron.scheduler.dhcp_agent_scheduler [None req-6c5c9203-8b80-4c81-9be1-7d174e172194 06145f4fa8da4acd9d0164e4fc69742a 31668b879a94421ab1e9df2cec149f82 - - default default] No more DHCP agents
2026-09-19 03:12:10.646 10 WARNING neutron.api.rpc.agentnotifiers.dhcp_rpc_agent_api [None req-6c5c9203-8b80-4c81-9be1-7d174e172194 06145f4fa8da4acd9d0164e4fc69742a 31668b879a94421ab1e9df2cec149f82 - - default default] Unable to schedule network 92eacc62-c861-4b73-a5a9-b08f01e6891a: no agents available; will retry on subsequent port and subnet creation events.
2026-09-19 03:12:10.697 10 INFO neutron.db.ovn_revision_numbers_db [None req-6c5c9203-8b80-4c81-9be1-7d174e172194 06145f4fa8da4acd9d0164e4fc69742a 31668b879a94421ab1e9df2cec149f82 - - default default] Successfully bumped revision number for resource 1708f243-ff53-4d49-9181-1aaf79f1e77f (type: ports) to 1
2026-09-19 03:12:10.713 10 INFO neutron.api.wsgi [None req-6c5c9203-8b80-4c81-9be1-7d174e172194 06145f4fa8da4acd9d0164e4fc69742a 31668b879a94421ab1e9df2cec149f82 - - default default] 10.0.0.217 "POST /v2.0/networks HTTP/1.1" status: 201 len: 852 time: 0.5148301 /var/lib/openstack/lib/python3.12/site-packages/pycadf/identifier.py:71: UserWarning: Invalid uuid: neutron. To ensure interoperability, identifiers should be a valid uuid. warnings.warn(('Invalid uuid: %s. To ensure interoperability, '
2026-09-19 03:12:11.006 10 INFO neutron.api.wsgi [req-475d3097-c8b1-4d16-9232-de5423e12cc8 req-59252743-9b30-4e84-aaed-7452fd0f28d5 a45b071a675f455a8a4df7f035098b3e fd589f0034d341619569cc8b81ae07c9 - - default default] 10.0.0.185 "GET /v2.0/ports?device_id=328a36d1-19c4-4dbb-8f1c-961b54bf4f20 HTTP/1.1" status: 200 len: 210 time: 0.0166113
2026-09-19 03:12:11.208 10 WARNING neutron_lib.context [None req-b2f16a1b-259b-4860-89ca-ed08df6240d9 06145f4fa8da4acd9d0164e4fc69742a 31668b879a94421ab1e9df2cec149f82 - - default default] Method 'is_advsvc' is deprecated since 2023.2 release (neutron-lib 3.8.0) and will be removed once support for the old RBAC API policies will be removed from Neutron. Please use method 'is_service_role' instead.
2026-09-19 03:12:11.242 10 WARNING neutron_lib.context [None req-b2f16a1b-259b-4860-89ca-ed08df6240d9 06145f4fa8da4acd9d0164e4fc69742a 31668b879a94421ab1e9df2cec149f82 - - default default] Method 'is_advsvc' is deprecated since 2023.2 release (neutron-lib 3.8.0) and will be removed once support for the old RBAC API policies will be removed from Neutron. Please use method 'is_service_role' instead.
2026-09-19 03:12:11.312 9 INFO neutron.api.wsgi [None req-162fb3b0-ff39-4397-9eb0-3a9d9fc90799 c4fdec262ba640579c40966864c891e9 b58e92ead3f04342b03b07d61cda083e - - default default] 10.0.0.217 "PUT /v2.0/routers/6ef9e94d-9cd7-4b23-a7c7-b835d45637d3/remove_router_interface HTTP/1.1" status: 200 len: 503 time: 1.0762262 /var/lib/openstack/lib/python3.12/site-packages/pycadf/identifier.py:71: UserWarning: Invalid uuid: neutron. To ensure interoperability, identifiers should be a valid uuid. warnings.warn(('Invalid uuid: %s. To ensure interoperability, '
2026-09-19 03:12:11.432 10 INFO neutron.api.wsgi [req-4b0fe8dd-9452-41d9-b70f-fc4731b11500 req-5660d15c-a242-4588-a30d-61f77e9f37c6 0a26496315a64f5eb95a40244fd59a44 91aa01e5aff64447b8f7c2e3fc113e81 - - default default] 10.0.0.185 "GET /v2.0/ports?device_id=2fd88738-4d7a-49a9-b738-57a27d65716a HTTP/1.1" status: 200 len: 1170 time: 0.0945606
2026-09-19 03:12:11.477 10 INFO neutron.api.wsgi [req-4b0fe8dd-9452-41d9-b70f-fc4731b11500 req-91514df6-f528-44da-9c9e-781b777004c3 0a26496315a64f5eb95a40244fd59a44 91aa01e5aff64447b8f7c2e3fc113e81 - - default default] 10.0.0.185 "GET /v2.0/security-groups?id=231b8db7-5ff7-4e69-a7fc-ca072ab0477d&fields=id&fields=name HTTP/1.1" status: 200 len: 313 time: 0.0415783
2026-09-19 03:12:11.568 10 WARNING neutron.scheduler.dhcp_agent_scheduler [None req-b2f16a1b-259b-4860-89ca-ed08df6240d9 06145f4fa8da4acd9d0164e4fc69742a 31668b879a94421ab1e9df2cec149f82 - - default default] No more DHCP agents
2026-09-19 03:12:11.569 10 WARNING neutron.api.rpc.agentnotifiers.dhcp_rpc_agent_api [None req-b2f16a1b-259b-4860-89ca-ed08df6240d9 06145f4fa8da4acd9d0164e4fc69742a 31668b879a94421ab1e9df2cec149f82 - - default default] Unable to schedule network 390b44e0-a00d-4676-82d8-d394a0cc9f4b: no agents available; will retry on subsequent port and subnet creation events.
2026-09-19 03:12:11.591 10 INFO neutron.db.ovn_revision_numbers_db [None req-b2f16a1b-259b-4860-89ca-ed08df6240d9 06145f4fa8da4acd9d0164e4fc69742a 31668b879a94421ab1e9df2cec149f82 - - default default] Successfully bumped revision number for resource b96fe399-a985-4881-8850-8400c5a3919b (type: subnets) to 0
2026-09-19 03:12:11.618 10 WARNING neutron.scheduler.dhcp_agent_scheduler [None req-b2f16a1b-259b-4860-89ca-ed08df6240d9 06145f4fa8da4acd9d0164e4fc69742a 31668b879a94421ab1e9df2cec149f82 - - default default] No more DHCP agents
2026-09-19 03:12:11.619 10 WARNING neutron.api.rpc.agentnotifiers.dhcp_rpc_agent_api [None req-b2f16a1b-259b-4860-89ca-ed08df6240d9 06145f4fa8da4acd9d0164e4fc69742a 31668b879a94421ab1e9df2cec149f82 - - default default] Unable to schedule network 92eacc62-c861-4b73-a5a9-b08f01e6891a: no agents available; will retry on subsequent port and subnet creation events.
2026-09-19 03:12:11.642 10 INFO neutron.db.ovn_revision_numbers_db [None req-b2f16a1b-259b-4860-89ca-ed08df6240d9 06145f4fa8da4acd9d0164e4fc69742a 31668b879a94421ab1e9df2cec149f82 - - default default] Successfully bumped revision number for resource 64402d17-8c41-45d7-9eba-aef17bba9097 (type: subnets) to 0
2026-09-19 03:12:11.661 10 INFO neutron.api.wsgi [None req-b2f16a1b-259b-4860-89ca-ed08df6240d9 06145f4fa8da4acd9d0164e4fc69742a 31668b879a94421ab1e9df2cec149f82 - - default default] 10.0.0.217 "POST /v2.0/subnets HTTP/1.1" status: 201 len: 1524 time: 0.4573832
2026-09-19 03:12:11.712 10 INFO neutron.api.wsgi [None req-0d921a4e-2f00-4b79-9223-6bad6c23d4e0 06145f4fa8da4acd9d0164e4fc69742a 31668b879a94421ab1e9df2cec149f82 - - default default] 10.0.0.217 "GET /v2.0/subnets HTTP/1.1" status: 200 len: 2155 time: 0.0469880
2026-09-19 03:12:11.853 10 INFO neutron.api.wsgi [None req-b5e131d8-9c4e-4806-a3e7-833648b94cba 06145f4fa8da4acd9d0164e4fc69742a 31668b879a94421ab1e9df2cec149f82 - - default default] 10.0.0.217 "DELETE /v2.0/subnets/b96fe399-a985-4881-8850-8400c5a3919b HTTP/1.1" status: 204 len: 168 time: 0.1319878
2026-09-19 03:12:11.995 10 INFO neutron.api.wsgi [None req-25a8727f-ea42-4e60-9b77-a3830ef2f530 06145f4fa8da4acd9d0164e4fc69742a 31668b879a94421ab1e9df2cec149f82 - - default default] 10.0.0.217 "DELETE /v2.0/subnets/64402d17-8c41-45d7-9eba-aef17bba9097 HTTP/1.1" status: 204 len: 168 time: 0.1374340
2026-09-19 03:12:12.050 9 INFO neutron.api.wsgi [None req-043e86ec-b782-42ea-bf80-d4b0712ac5e1 c4fdec262ba640579c40966864c891e9 b58e92ead3f04342b03b07d61cda083e - - default default] 10.0.0.217 "DELETE /v2.0/routers/6ef9e94d-9cd7-4b23-a7c7-b835d45637d3 HTTP/1.1" status: 204 len: 168 time: 0.7244608
2026-09-19 03:12:12.052 10 INFO neutron.api.wsgi [None req-859bb539-9fd3-4161-835d-2f8dd4a4bea0 06145f4fa8da4acd9d0164e4fc69742a 31668b879a94421ab1e9df2cec149f82 - - default default] 10.0.0.217 "GET /v2.0/subnets HTTP/1.1" status: 200 len: 843 time: 0.0526984
2026-09-19 03:12:12.172 10 INFO neutron.api.wsgi [None req-b17566a0-6bbd-4bad-b948-e05b060276b5 c4fdec262ba640579c40966864c891e9 b58e92ead3f04342b03b07d61cda083e - - default default] 10.0.0.217 "DELETE /v2.0/subnets/9e24be59-5cb1-4a27-bcb1-ca3234318867 HTTP/1.1" status: 204 len: 168 time: 0.1141994
2026-09-19 03:12:12.283 9 INFO neutron.api.wsgi [None req-8060f114-ddbb-462d-a375-e08ae1ad396b a45b071a675f455a8a4df7f035098b3e fd589f0034d341619569cc8b81ae07c9 - - default default] 10.0.0.217 "DELETE /v2.0/security-groups/3f2a30cd-8f4d-46ed-9a4e-8688d10aa904 HTTP/1.1" status: 204 len: 168 time: 0.1749356
2026-09-19 03:12:12.301 9 INFO neutron.api.v2.resource [None req-48827a96-5f7f-4a40-a2d9-a065bbba6b76 a45b071a675f455a8a4df7f035098b3e fd589f0034d341619569cc8b81ae07c9 - - default default] show failed (client error): The resource could not be found.
2026-09-19 03:12:12.302 9 INFO neutron.api.wsgi [None req-48827a96-5f7f-4a40-a2d9-a065bbba6b76 a45b071a675f455a8a4df7f035098b3e fd589f0034d341619569cc8b81ae07c9 - - default default] 10.0.0.217 "GET /v2.0/security-groups/3f2a30cd-8f4d-46ed-9a4e-8688d10aa904 HTTP/1.1" status: 404 len: 347 time: 0.0121572
