2026-09-19 03:13:32.683 9 INFO neutron.api.wsgi [None req-b4a572f2-c1fd-4beb-b44a-94a0584e758d 9f8c57fe91a8490098d2bb8120cfdaf8 8d6f27b3ca364e4bbabb1a66afff890f - - default default] 10.0.0.217 "PUT /v2.0/routers/c81e36cc-4227-44c7-97cd-87bc9301adb0/tags/red HTTP/1.1" status: 201 len: 201 time: 0.0571215
2026-09-19 03:13:32.746 10 INFO neutron.api.wsgi [None req-3b43075e-5399-4a6f-b559-d527877eb727 9f8c57fe91a8490098d2bb8120cfdaf8 8d6f27b3ca364e4bbabb1a66afff890f - - default default] 10.0.0.217 "GET /v2.0/routers/c81e36cc-4227-44c7-97cd-87bc9301adb0/tags HTTP/1.1" status: 200 len: 227 time: 0.0568709
2026-09-19 03:13:32.817 9 INFO neutron.api.wsgi [None req-cc1ff46a-13b3-4f8b-83fb-ebeeb508bf9e 9f8c57fe91a8490098d2bb8120cfdaf8 8d6f27b3ca364e4bbabb1a66afff890f - - default default] 10.0.0.217 "PUT /v2.0/routers/c81e36cc-4227-44c7-97cd-87bc9301adb0/tags/black.or.white HTTP/1.1" status: 201 len: 201 time: 0.0663133
2026-09-19 03:13:32.869 9 INFO neutron.api.wsgi [None req-8564a97e-23bf-4005-bdba-4156a685ccaf 9f8c57fe91a8490098d2bb8120cfdaf8 8d6f27b3ca364e4bbabb1a66afff890f - - default default] 10.0.0.217 "GET /v2.0/routers/c81e36cc-4227-44c7-97cd-87bc9301adb0/tags HTTP/1.1" status: 200 len: 245 time: 0.0459478
2026-09-19 03:13:32.935 9 INFO neutron.api.wsgi [None req-8554fc27-88ce-4a5a-bd51-c91062cec3cf 9f8c57fe91a8490098d2bb8120cfdaf8 8d6f27b3ca364e4bbabb1a66afff890f - - default default] 10.0.0.217 "PUT /v2.0/routers/c81e36cc-4227-44c7-97cd-87bc9301adb0/tags HTTP/1.1" status: 200 len: 230 time: 0.0627296
2026-09-19 03:13:32.980 9 INFO neutron.api.wsgi [None req-a8d54f0b-830c-46a7-8409-255a465ae2b0 9f8c57fe91a8490098d2bb8120cfdaf8 8d6f27b3ca364e4bbabb1a66afff890f - - default default] 10.0.0.217 "GET /v2.0/routers/c81e36cc-4227-44c7-97cd-87bc9301adb0/tags HTTP/1.1" status: 200 len: 230 time: 0.0392323
2026-09-19 03:13:33.035 9 INFO neutron.db.ovn_revision_numbers_db [None req-fcbcbc0a-ac81-44e6-b248-d58101b7841e - - - - - -] Successfully bumped revision number for resource a4ad81e7-4eb1-46f6-8496-46467b339f48 (type: ports) to 4
2026-09-19 03:13:33.041 9 INFO neutron.api.wsgi [None req-df448b24-b615-43f5-bf68-bf55ed4dd613 9f8c57fe91a8490098d2bb8120cfdaf8 8d6f27b3ca364e4bbabb1a66afff890f - - default default] 10.0.0.217 "GET /v2.0/routers/c81e36cc-4227-44c7-97cd-87bc9301adb0/tags/red HTTP/1.1" status: 204 len: 168 time: 0.0542309
2026-09-19 03:13:33.102 10 INFO neutron.api.v2.resource [None req-47c53711-0edc-476f-8c01-aba139aecb7b 9f8c57fe91a8490098d2bb8120cfdaf8 8d6f27b3ca364e4bbabb1a66afff890f - - default default] show failed (client error): The resource could not be found.
2026-09-19 03:13:33.103 10 INFO neutron.api.wsgi [None req-47c53711-0edc-476f-8c01-aba139aecb7b 9f8c57fe91a8490098d2bb8120cfdaf8 8d6f27b3ca364e4bbabb1a66afff890f - - default default] 10.0.0.217 "GET /v2.0/routers/c81e36cc-4227-44c7-97cd-87bc9301adb0/tags/green HTTP/1.1" status: 404 len: 299 time: 0.0583243
2026-09-19 03:13:33.164 9 INFO neutron.api.wsgi [None req-21ad28ea-59a1-4a7a-b33f-f2acca5e78ba 9f8c57fe91a8490098d2bb8120cfdaf8 8d6f27b3ca364e4bbabb1a66afff890f - - default default] 10.0.0.217 "DELETE /v2.0/routers/c81e36cc-4227-44c7-97cd-87bc9301adb0/tags/red HTTP/1.1" status: 204 len: 168 time: 0.0539436
2026-09-19 03:13:33.218 9 INFO neutron.api.wsgi [None req-7ca186b5-4918-418f-ba75-5b0c3e7f0300 9f8c57fe91a8490098d2bb8120cfdaf8 8d6f27b3ca364e4bbabb1a66afff890f - - default default] 10.0.0.217 "GET /v2.0/routers/c81e36cc-4227-44c7-97cd-87bc9301adb0/tags HTTP/1.1" status: 200 len: 223 time: 0.0461504
2026-09-19 03:13:33.222 10 INFO neutron.db.ovn_revision_numbers_db [None req-2cd28e9a-e29e-4886-b3b4-5b416b67325e 1a77308039fd423d831ad89f385a318b 94ff84ec4abe4a7bbe77f85d43b15b23 - - default default] Successfully bumped revision number for resource 8400aa1c-74a4-42ce-bf59-2430ccf106db (type: ports) to 1
2026-09-19 03:13:33.268 9 INFO neutron.api.v2.resource [None req-b481e46f-010c-4735-ae56-a5c90db92944 9f8c57fe91a8490098d2bb8120cfdaf8 8d6f27b3ca364e4bbabb1a66afff890f - - default default] delete failed (client error): The resource could not be found.
2026-09-19 03:13:33.270 9 INFO neutron.api.wsgi [None req-b481e46f-010c-4735-ae56-a5c90db92944 9f8c57fe91a8490098d2bb8120cfdaf8 8d6f27b3ca364e4bbabb1a66afff890f - - default default] 10.0.0.217 "DELETE /v2.0/routers/c81e36cc-4227-44c7-97cd-87bc9301adb0/tags/green HTTP/1.1" status: 404 len: 299 time: 0.0468194
2026-09-19 03:13:33.288 10 WARNING neutron.scheduler.dhcp_agent_scheduler [None req-2cd28e9a-e29e-4886-b3b4-5b416b67325e 1a77308039fd423d831ad89f385a318b 94ff84ec4abe4a7bbe77f85d43b15b23 - - default default] No more DHCP agents
2026-09-19 03:13:33.289 10 WARNING neutron.api.rpc.agentnotifiers.dhcp_rpc_agent_api [None req-2cd28e9a-e29e-4886-b3b4-5b416b67325e 1a77308039fd423d831ad89f385a318b 94ff84ec4abe4a7bbe77f85d43b15b23 - - default default] Unable to schedule network 6cf93945-e143-4c28-a3ba-ae02ce380880: no agents available; will retry on subsequent port and subnet creation events.
2026-09-19 03:13:33.344 9 INFO neutron.api.wsgi [None req-66ffef78-53ad-4567-bbd5-08976677e21f 9f8c57fe91a8490098d2bb8120cfdaf8 8d6f27b3ca364e4bbabb1a66afff890f - - default default] 10.0.0.217 "DELETE /v2.0/routers/c81e36cc-4227-44c7-97cd-87bc9301adb0/tags HTTP/1.1" status: 204 len: 168 time: 0.0630069
2026-09-19 03:13:33.395 9 INFO neutron.api.wsgi [None req-87cda5db-1e6b-405e-9d06-f690c76f2f47 9f8c57fe91a8490098d2bb8120cfdaf8 8d6f27b3ca364e4bbabb1a66afff890f - - default default] 10.0.0.217 "GET /v2.0/routers/c81e36cc-4227-44c7-97cd-87bc9301adb0/tags HTTP/1.1" status: 200 len: 205 time: 0.0452297
2026-09-19 03:13:33.449 9 INFO neutron.db.ovn_revision_numbers_db [None req-fcbcbc0a-ac81-44e6-b248-d58101b7841e - - - - - -] Successfully bumped revision number for resource a4ad81e7-4eb1-46f6-8496-46467b339f48 (type: ports) to 5
2026-09-19 03:13:33.465 10 INFO neutron.api.wsgi [None req-a3783cf9-b027-4b11-9636-bb5774b58b3f 9f8c57fe91a8490098d2bb8120cfdaf8 8d6f27b3ca364e4bbabb1a66afff890f - - default default] 10.0.0.217 "GET /v2.0/routers/c81e36cc-4227-44c7-97cd-87bc9301adb0 HTTP/1.1" status: 200 len: 770 time: 0.0486035
2026-09-19 03:13:33.785 10 INFO neutron.db.ovn_revision_numbers_db [None req-9351f2f4-70c0-45ba-afd2-2156cbe71244 9f8c57fe91a8490098d2bb8120cfdaf8 8d6f27b3ca364e4bbabb1a66afff890f - - default default] Successfully bumped revision number for resource c81e36cc-4227-44c7-97cd-87bc9301adb0 (type: routers) to 7
2026-09-19 03:13:33.791 10 INFO neutron.api.wsgi [None req-9351f2f4-70c0-45ba-afd2-2156cbe71244 9f8c57fe91a8490098d2bb8120cfdaf8 8d6f27b3ca364e4bbabb1a66afff890f - - default default] 10.0.0.217 "PUT /v2.0/routers/c81e36cc-4227-44c7-97cd-87bc9301adb0 HTTP/1.1" status: 200 len: 770 time: 0.3179224
2026-09-19 03:13:33.828 9 INFO neutron.api.wsgi [None req-43df1dec-2c42-4876-9fc8-30b121695883 9f8c57fe91a8490098d2bb8120cfdaf8 8d6f27b3ca364e4bbabb1a66afff890f - - default default] 10.0.0.217 "GET /v2.0/ports?device_id=c81e36cc-4227-44c7-97cd-87bc9301adb0 HTTP/1.1" status: 200 len: 205 time: 0.0271287
2026-09-19 03:13:33.967 10 INFO neutron.db.ovn_revision_numbers_db [None req-2cd28e9a-e29e-4886-b3b4-5b416b67325e 1a77308039fd423d831ad89f385a318b 94ff84ec4abe4a7bbe77f85d43b15b23 - - default default] Successfully bumped revision number for resource 8400aa1c-74a4-42ce-bf59-2430ccf106db (type: router_ports) to 1
2026-09-19 03:13:33.973 10 INFO neutron.api.wsgi [None req-2cd28e9a-e29e-4886-b3b4-5b416b67325e 1a77308039fd423d831ad89f385a318b 94ff84ec4abe4a7bbe77f85d43b15b23 - - default default] 10.0.0.217 "PUT /v2.0/routers/0ac2fb8b-48fe-4120-9cb7-2404b64c4623/add_router_interface HTTP/1.1" status: 200 len: 503 time: 1.9904392
2026-09-19 03:13:34.071 9 INFO neutron.api.wsgi [None req-3ea71e64-7ddc-41d1-9f7b-042458c7d756 9f8c57fe91a8490098d2bb8120cfdaf8 8d6f27b3ca364e4bbabb1a66afff890f - - default default] 10.0.0.217 "DELETE /v2.0/routers/c81e36cc-4227-44c7-97cd-87bc9301adb0 HTTP/1.1" status: 204 len: 168 time: 0.2392547
2026-09-19 03:13:34.584 9 INFO neutron.plugins.ml2.drivers.ovn.mech_driver.mech_driver [None req-de85421a-5b40-4641-8ca2-c480733f29cd - - - - - -] OVN reports status up for port: 8400aa1c-74a4-42ce-bf59-2430ccf106db
2026-09-19 03:13:34.594 9 INFO neutron.plugins.ml2.plugin [None req-de85421a-5b40-4641-8ca2-c480733f29cd - - - - - -] Attempt 1 to provision port 8400aa1c-74a4-42ce-bf59-2430ccf106db
2026-09-19 03:13:34.972 9 INFO neutron.db.ovn_revision_numbers_db [None req-de85421a-5b40-4641-8ca2-c480733f29cd - - - - - -] Successfully bumped revision number for resource 8400aa1c-74a4-42ce-bf59-2430ccf106db (type: ports) to 2
2026-09-19 03:13:35.050 10 INFO neutron.db.ovn_revision_numbers_db [None req-f14fe440-0b18-41be-9796-fce447028043 1a77308039fd423d831ad89f385a318b 94ff84ec4abe4a7bbe77f85d43b15b23 - - default default] Successfully bumped revision number for resource 4f463b80-0e35-4ddb-85d1-56cea102f863 (type: security_groups) to 1
2026-09-19 03:13:35.062 10 INFO neutron.db.ovn_revision_numbers_db [None req-f14fe440-0b18-41be-9796-fce447028043 1a77308039fd423d831ad89f385a318b 94ff84ec4abe4a7bbe77f85d43b15b23 - - default default] Successfully bumped revision number for resource 53451ba9-f302-4bbe-9e1d-bfde6e5e175a (type: security_group_rules) to 0
2026-09-19 03:13:35.074 10 INFO neutron.db.ovn_revision_numbers_db [None req-f14fe440-0b18-41be-9796-fce447028043 1a77308039fd423d831ad89f385a318b 94ff84ec4abe4a7bbe77f85d43b15b23 - - default default] Successfully bumped revision number for resource 67ede0fe-0ccc-40f7-a6a9-83528319d404 (type: security_group_rules) to 0
2026-09-19 03:13:35.086 10 INFO neutron.db.ovn_revision_numbers_db [None req-f14fe440-0b18-41be-9796-fce447028043 1a77308039fd423d831ad89f385a318b 94ff84ec4abe4a7bbe77f85d43b15b23 - - default default] Successfully bumped revision number for resource af774842-a897-414b-8435-4186c57d990b (type: security_group_rules) to 0
2026-09-19 03:13:35.096 10 INFO neutron.db.ovn_revision_numbers_db [None req-f14fe440-0b18-41be-9796-fce447028043 1a77308039fd423d831ad89f385a318b 94ff84ec4abe4a7bbe77f85d43b15b23 - - default default] Successfully bumped revision number for resource c9527c5f-a1fb-4814-b8cc-cf4c1694a3c9 (type: security_group_rules) to 0
2026-09-19 03:13:35.124 10 INFO neutron.api.wsgi [None req-f14fe440-0b18-41be-9796-fce447028043 1a77308039fd423d831ad89f385a318b 94ff84ec4abe4a7bbe77f85d43b15b23 - - default default] 10.0.0.217 "GET /v2.0/security-groups?tenant_id=8d6f27b3ca364e4bbabb1a66afff890f&name=default HTTP/1.1" status: 200 len: 3120 time: 0.3558369
2026-09-19 03:13:35.211 9 INFO neutron.db.ovn_revision_numbers_db [None req-c3a43bff-9f46-4a17-9ff6-ee1082e1d1f6 1a77308039fd423d831ad89f385a318b 94ff84ec4abe4a7bbe77f85d43b15b23 - - default default] Successfully bumped revision number for resource e537786e-d5ad-4d26-89ec-0b2ae1dfc70f (type: security_groups) to 1
2026-09-19 03:13:35.230 9 INFO neutron.db.ovn_revision_numbers_db [None req-c3a43bff-9f46-4a17-9ff6-ee1082e1d1f6 1a77308039fd423d831ad89f385a318b 94ff84ec4abe4a7bbe77f85d43b15b23 - - default default] Successfully bumped revision number for resource 0399baea-718c-400f-9b59-76838326bc1c (type: security_group_rules) to 0
2026-09-19 03:13:35.250 9 INFO neutron.db.ovn_revision_numbers_db [None req-c3a43bff-9f46-4a17-9ff6-ee1082e1d1f6 1a77308039fd423d831ad89f385a318b 94ff84ec4abe4a7bbe77f85d43b15b23 - - default default] Successfully bumped revision number for resource 3a1420b7-dce3-4818-b549-d5d614df4179 (type: security_group_rules) to 0
2026-09-19 03:13:35.270 9 INFO neutron.db.ovn_revision_numbers_db [None req-c3a43bff-9f46-4a17-9ff6-ee1082e1d1f6 1a77308039fd423d831ad89f385a318b 94ff84ec4abe4a7bbe77f85d43b15b23 - - default default] Successfully bumped revision number for resource 6042849b-1c01-4495-9ee1-2e81accaa8e4 (type: security_group_rules) to 0
2026-09-19 03:13:35.287 9 INFO neutron.db.ovn_revision_numbers_db [None req-c3a43bff-9f46-4a17-9ff6-ee1082e1d1f6 1a77308039fd423d831ad89f385a318b 94ff84ec4abe4a7bbe77f85d43b15b23 - - default default] Successfully bumped revision number for resource e2dbbc52-8594-46c4-a5cc-e35c9074084c (type: security_group_rules) to 0
2026-09-19 03:13:35.323 10 INFO neutron.api.wsgi [None req-69bc16b7-a6f7-405e-ae0b-e3e728cd6dc2 1a77308039fd423d831ad89f385a318b 94ff84ec4abe4a7bbe77f85d43b15b23 - - default default] 10.0.0.217 "DELETE /v2.0/security-groups/4f463b80-0e35-4ddb-85d1-56cea102f863 HTTP/1.1" status: 204 len: 168 time: 0.1936941
2026-09-19 03:13:35.354 9 INFO neutron.db.segments_db [None req-c3a43bff-9f46-4a17-9ff6-ee1082e1d1f6 1a77308039fd423d831ad89f385a318b 94ff84ec4abe4a7bbe77f85d43b15b23 - - default default] Added segment 11f730e6-dacd-4275-99e5-f2d17acd119c of type geneve for network bdeb79d5-0cda-46b0-84a5-72adce2919cd
2026-09-19 03:13:35.456 9 INFO neutron.db.ovn_revision_numbers_db [None req-c3a43bff-9f46-4a17-9ff6-ee1082e1d1f6 1a77308039fd423d831ad89f385a318b 94ff84ec4abe4a7bbe77f85d43b15b23 - - default default] Successfully bumped revision number for resource bdeb79d5-0cda-46b0-84a5-72adce2919cd (type: networks) to 1
2026-09-19 03:13:35.566 10 INFO neutron.db.ovn_revision_numbers_db [None req-339a9fe0-4126-4550-8c55-ea25cc5438af 1a77308039fd423d831ad89f385a318b 94ff84ec4abe4a7bbe77f85d43b15b23 - - default default] Successfully bumped revision number for resource 032ab23e-dd06-4316-9d7c-e67f90ada6fc (type: security_groups) to 1
2026-09-19 03:13:35.578 10 INFO neutron.db.ovn_revision_numbers_db [None req-339a9fe0-4126-4550-8c55-ea25cc5438af 1a77308039fd423d831ad89f385a318b 94ff84ec4abe4a7bbe77f85d43b15b23 - - default default] Successfully bumped revision number for resource 1659a926-8bbb-499c-8235-51d6e73ef030 (type: security_group_rules) to 0
2026-09-19 03:13:35.590 10 INFO neutron.db.ovn_revision_numbers_db [None req-339a9fe0-4126-4550-8c55-ea25cc5438af 1a77308039fd423d831ad89f385a318b 94ff84ec4abe4a7bbe77f85d43b15b23 - - default default] Successfully bumped revision number for resource 281aa9df-ffbd-4705-ad8b-5b89b82a47fb (type: security_group_rules) to 0
2026-09-19 03:13:35.601 10 INFO neutron.db.ovn_revision_numbers_db [None req-339a9fe0-4126-4550-8c55-ea25cc5438af 1a77308039fd423d831ad89f385a318b 94ff84ec4abe4a7bbe77f85d43b15b23 - - default default] Successfully bumped revision number for resource a768bb78-d3d1-4186-92f7-37c8210f901f (type: security_group_rules) to 0
2026-09-19 03:13:35.604 9 WARNING neutron.scheduler.dhcp_agent_scheduler [None req-c3a43bff-9f46-4a17-9ff6-ee1082e1d1f6 1a77308039fd423d831ad89f385a318b 94ff84ec4abe4a7bbe77f85d43b15b23 - - default default] No more DHCP agents
2026-09-19 03:13:35.605 9 WARNING neutron.api.rpc.agentnotifiers.dhcp_rpc_agent_api [None req-c3a43bff-9f46-4a17-9ff6-ee1082e1d1f6 1a77308039fd423d831ad89f385a318b 94ff84ec4abe4a7bbe77f85d43b15b23 - - default default] Unable to schedule network bdeb79d5-0cda-46b0-84a5-72adce2919cd: no agents available; will retry on subsequent port and subnet creation events.
2026-09-19 03:13:35.620 10 INFO neutron.db.ovn_revision_numbers_db [None req-339a9fe0-4126-4550-8c55-ea25cc5438af 1a77308039fd423d831ad89f385a318b 94ff84ec4abe4a7bbe77f85d43b15b23 - - default default] Successfully bumped revision number for resource b6a29861-5b32-4146-8941-e24688908764 (type: security_group_rules) to 0
2026-09-19 03:13:35.666 9 INFO neutron.db.ovn_revision_numbers_db [None req-c3a43bff-9f46-4a17-9ff6-ee1082e1d1f6 1a77308039fd423d831ad89f385a318b 94ff84ec4abe4a7bbe77f85d43b15b23 - - default default] Successfully bumped revision number for resource dce3990a-f219-433e-8018-5c709980a204 (type: ports) to 1
2026-09-19 03:13:35.666 10 INFO neutron.api.wsgi [None req-339a9fe0-4126-4550-8c55-ea25cc5438af 1a77308039fd423d831ad89f385a318b 94ff84ec4abe4a7bbe77f85d43b15b23 - - default default] 10.0.0.217 "GET /v2.0/security-groups?tenant_id=705a86663721413594d6706e41f9b46b&name=default HTTP/1.1" status: 200 len: 3120 time: 0.2019620
2026-09-19 03:13:35.683 9 INFO neutron.api.wsgi [None req-c3a43bff-9f46-4a17-9ff6-ee1082e1d1f6 1a77308039fd423d831ad89f385a318b 94ff84ec4abe4a7bbe77f85d43b15b23 - - default default] 10.0.0.217 "POST /v2.0/networks HTTP/1.1" status: 201 len: 943 time: 0.6115100
2026-09-19 03:13:35.863 9 WARNING neutron.scheduler.dhcp_agent_scheduler [None req-8da32ee5-46a8-4389-8577-0ea1b23ca692 1a77308039fd423d831ad89f385a318b 94ff84ec4abe4a7bbe77f85d43b15b23 - - default default] No more DHCP agents
2026-09-19 03:13:35.865 9 WARNING neutron.api.rpc.agentnotifiers.dhcp_rpc_agent_api [None req-8da32ee5-46a8-4389-8577-0ea1b23ca692 1a77308039fd423d831ad89f385a318b 94ff84ec4abe4a7bbe77f85d43b15b23 - - default default] Unable to schedule network bdeb79d5-0cda-46b0-84a5-72adce2919cd: no agents available; will retry on subsequent port and subnet creation events.
2026-09-19 03:13:35.902 10 INFO neutron.api.wsgi [None req-d99382fe-b147-4a6c-a511-67dc744b323b 1a77308039fd423d831ad89f385a318b 94ff84ec4abe4a7bbe77f85d43b15b23 - - default default] 10.0.0.217 "DELETE /v2.0/security-groups/032ab23e-dd06-4316-9d7c-e67f90ada6fc HTTP/1.1" status: 204 len: 168 time: 0.2299101
2026-09-19 03:13:36.206 9 INFO neutron.db.ovn_revision_numbers_db [None req-89c826dd-3d72-4d3d-ba71-985923e3e198 - - - - - -] Successfully bumped revision number for resource dce3990a-f219-433e-8018-5c709980a204 (type: ports) to 2
2026-09-19 03:13:36.233 9 INFO neutron.db.ovn_revision_numbers_db [None req-89c826dd-3d72-4d3d-ba71-985923e3e198 - - - - - -] Successfully bumped revision number for resource f3b5f1eb-9a37-4a6f-a8f7-5024b650e95e (type: subnets) to 0
2026-09-19 03:13:36.246 9 INFO neutron.api.wsgi [None req-8da32ee5-46a8-4389-8577-0ea1b23ca692 1a77308039fd423d831ad89f385a318b 94ff84ec4abe4a7bbe77f85d43b15b23 - - default default] 10.0.0.217 "POST /v2.0/subnets HTTP/1.1" status: 201 len: 887 time: 0.5570843
2026-09-19 03:13:36.269 10 INFO neutron.api.wsgi [None req-aab7d74a-ccf0-4481-99ef-6db20f945c4c 594c4a4c163348068b6b2a38e475a3e1 68b9a33b933347f2b95d509084980fa8 - - default default] 10.0.0.217 "POST /v2.0/qos/policies HTTP/1.1" status: 201 len: 558 time: 0.2050958
2026-09-19 03:13:36.327 9 INFO neutron.api.wsgi [None req-0f4896da-d1ce-4b4c-97f6-0eaaa1c5abcc 594c4a4c163348068b6b2a38e475a3e1 68b9a33b933347f2b95d509084980fa8 - - default default] 10.0.0.217 "POST /v2.0/qos/policies HTTP/1.1" status: 201 len: 558 time: 0.0525215
2026-09-19 03:13:36.714 10 INFO neutron.api.wsgi [None req-68508326-af20-4bd5-8135-fe20f9e246c3 594c4a4c163348068b6b2a38e475a3e1 68b9a33b933347f2b95d509084980fa8 - - default default] 10.0.0.217 "POST /v2.0/qos/policies HTTP/1.1" status: 201 len: 558 time: 0.3823495
2026-09-19 03:13:36.778 10 INFO neutron.api.wsgi [None req-837c10d1-9c59-4700-b202-fed96c5fbb46 594c4a4c163348068b6b2a38e475a3e1 68b9a33b933347f2b95d509084980fa8 - - default default] 10.0.0.217 "POST /v2.0/qos/policies HTTP/1.1" status: 201 len: 558 time: 0.0592833
2026-09-19 03:13:36.829 10 INFO neutron.api.wsgi [None req-9e7f66c2-a7d0-47a9-8ee8-7e29106764f0 594c4a4c163348068b6b2a38e475a3e1 68b9a33b933347f2b95d509084980fa8 - - default default] 10.0.0.217 "POST /v2.0/qos/policies HTTP/1.1" status: 201 len: 558 time: 0.0455739
2026-09-19 03:13:36.861 9 INFO neutron.api.wsgi [None req-4f0857f0-2371-46a3-81cb-411ac0d8a7d6 594c4a4c163348068b6b2a38e475a3e1 68b9a33b933347f2b95d509084980fa8 - - default default] 10.0.0.217 "PUT /v2.0/policies/5e8837c4-3274-4765-833e-c47c86fc2d6b/tags HTTP/1.1" status: 200 len: 210 time: 0.0275877
2026-09-19 03:13:36.894 9 INFO neutron.api.wsgi [None req-ade2f61c-7b8f-49c0-b8f4-851a799ccc58 594c4a4c163348068b6b2a38e475a3e1 68b9a33b933347f2b95d509084980fa8 - - default default] 10.0.0.217 "PUT /v2.0/policies/5b010a60-4d4c-4144-80c7-df9171e99d02/tags HTTP/1.1" status: 200 len: 218 time: 0.0284860
2026-09-19 03:13:36.929 9 INFO neutron.api.wsgi [None req-ff6a6d1c-4ba9-41f0-9ee1-effe65ef8e87 594c4a4c163348068b6b2a38e475a3e1 68b9a33b933347f2b95d509084980fa8 - - default default] 10.0.0.217 "PUT /v2.0/policies/87930747-8aee-4cb4-9125-65579f0d1d32/tags HTTP/1.1" status: 200 len: 227 time: 0.0297725
2026-09-19 03:13:36.959 9 INFO neutron.api.wsgi [None req-3b065652-1da2-4012-96c3-ccf35b241c9f 594c4a4c163348068b6b2a38e475a3e1 68b9a33b933347f2b95d509084980fa8 - - default default] 10.0.0.217 "PUT /v2.0/policies/592cddcb-b687-47f0-94f6-2bb0c23dfea5/tags HTTP/1.1" status: 200 len: 212 time: 0.0243485
2026-09-19 03:13:36.982 10 WARNING neutron.scheduler.dhcp_agent_scheduler [None req-58bedda3-d247-4770-bf9a-97e8ad88ef65 1a77308039fd423d831ad89f385a318b 94ff84ec4abe4a7bbe77f85d43b15b23 - - default default] No more DHCP agents
2026-09-19 03:13:36.983 10 WARNING neutron.api.rpc.agentnotifiers.dhcp_rpc_agent_api [None req-58bedda3-d247-4770-bf9a-97e8ad88ef65 1a77308039fd423d831ad89f385a318b 94ff84ec4abe4a7bbe77f85d43b15b23 - - default default] Unable to schedule network 152e41f6-ced1-4bd7-ba0e-141280defaf7: no agents available; will retry on subsequent port and subnet creation events.
2026-09-19 03:13:37.094 10 INFO neutron.db.ovn_revision_numbers_db [None req-58bedda3-d247-4770-bf9a-97e8ad88ef65 1a77308039fd423d831ad89f385a318b 94ff84ec4abe4a7bbe77f85d43b15b23 - - default default] Successfully bumped revision number for resource 6a454e91-fb26-48a5-adc9-aa068b2a5e44 (type: ports) to 1
2026-09-19 03:13:37.568 9 INFO neutron.api.wsgi [None req-86dcc8ac-9f39-4577-aff6-2fdcc22f7e31 f8078fe9890e46b894a7efb1f9443922 165bd8cbce404cd5bcacebf2d5c1fc4e - - default default] 10.0.0.217 "GET /v2.0/qos/policies?tags=red HTTP/1.1" status: 200 len: 1296 time: 0.2628565
2026-09-19 03:13:37.647 10 INFO neutron.api.wsgi [None req-622c53a9-2e27-41ac-a3fa-9ecc9b122aa6 f8078fe9890e46b894a7efb1f9443922 165bd8cbce404cd5bcacebf2d5c1fc4e - - default default] 10.0.0.217 "GET /v2.0/qos/policies?tags=red%2Cblue HTTP/1.1" status: 200 len: 941 time: 0.0743411
2026-09-19 03:13:37.662 10 INFO neutron.plugins.ml2.drivers.ovn.mech_driver.ovsdb.commands [None req-11bd08ae-7e1d-4794-8918-7bab4273158f - - - - - -] Schedule LRP lrp-6a454e91-fb26-48a5-adc9-aa068b2a5e44 on gateway 7632005c-459b-42b2-8004-539b823486b0 with priority 1
2026-09-19 03:13:37.669 10 INFO neutron.plugins.ml2.drivers.ovn.mech_driver.mech_driver [None req-eea2d2de-336c-436e-835d-bc6b188b10dd - - - - - -] OVN reports status up for port: 6a454e91-fb26-48a5-adc9-aa068b2a5e44
2026-09-19 03:13:37.687 10 INFO neutron.plugins.ml2.plugin [None req-eea2d2de-336c-436e-835d-bc6b188b10dd - - - - - -] Attempt 1 to provision port 6a454e91-fb26-48a5-adc9-aa068b2a5e44
2026-09-19 03:13:37.688 9 INFO neutron.plugins.ml2.drivers.ovn.mech_driver.ovsdb.ovsdb_monitor [None req-fcbcbc0a-ac81-44e6-b248-d58101b7841e - - - - - -] Router 49875c92-a7d9-435b-a7a6-0cb94bddee47 is bound to host instance
2026-09-19 03:13:37.728 10 INFO neutron.db.ovn_revision_numbers_db [None req-58bedda3-d247-4770-bf9a-97e8ad88ef65 1a77308039fd423d831ad89f385a318b 94ff84ec4abe4a7bbe77f85d43b15b23 - - default default] Successfully bumped revision number for resource 6a454e91-fb26-48a5-adc9-aa068b2a5e44 (type: router_ports) to 1
2026-09-19 03:13:37.774 10 INFO neutron.api.wsgi [None req-06b30a47-d64a-48f1-a783-4df4cfd2ef87 f8078fe9890e46b894a7efb1f9443922 165bd8cbce404cd5bcacebf2d5c1fc4e - - default default] 10.0.0.217 "GET /v2.0/qos/policies?tags-any=blue HTTP/1.1" status: 200 len: 941 time: 0.1219184
2026-09-19 03:13:37.829 10 INFO neutron.db.ovn_revision_numbers_db [None req-58bedda3-d247-4770-bf9a-97e8ad88ef65 1a77308039fd423d831ad89f385a318b 94ff84ec4abe4a7bbe77f85d43b15b23 - - default default] Successfully bumped revision number for resource 49875c92-a7d9-435b-a7a6-0cb94bddee47 (type: routers) to 2
2026-09-19 03:13:37.852 10 INFO neutron.api.wsgi [None req-58bedda3-d247-4770-bf9a-97e8ad88ef65 1a77308039fd423d831ad89f385a318b 94ff84ec4abe4a7bbe77f85d43b15b23 - - default default] 10.0.0.217 "POST /v2.0/routers HTTP/1.1" status: 201 len: 1165 time: 1.6010399
2026-09-19 03:13:37.898 10 INFO neutron.db.ovn_revision_numbers_db [None req-8e8737b7-c7a9-4d70-a4f5-64c34cca1188 1a77308039fd423d831ad89f385a318b 94ff84ec4abe4a7bbe77f85d43b15b23 - - default default] Successfully bumped revision number for resource 70c21fc3-705d-4459-9bab-54fc32d7eb06 (type: security_groups) to 1
2026-09-19 03:13:37.908 10 INFO neutron.db.ovn_revision_numbers_db [None req-8e8737b7-c7a9-4d70-a4f5-64c34cca1188 1a77308039fd423d831ad89f385a318b 94ff84ec4abe4a7bbe77f85d43b15b23 - - default default] Successfully bumped revision number for resource 25721943-a2af-444b-b142-6271e04e5e12 (type: security_group_rules) to 0
2026-09-19 03:13:37.922 10 INFO neutron.db.ovn_revision_numbers_db [None req-8e8737b7-c7a9-4d70-a4f5-64c34cca1188 1a77308039fd423d831ad89f385a318b 94ff84ec4abe4a7bbe77f85d43b15b23 - - default default] Successfully bumped revision number for resource 46340a3a-5425-48e3-8e2c-cb505b33734b (type: security_group_rules) to 0
2026-09-19 03:13:37.935 10 INFO neutron.db.ovn_revision_numbers_db [None req-8e8737b7-c7a9-4d70-a4f5-64c34cca1188 1a77308039fd423d831ad89f385a318b 94ff84ec4abe4a7bbe77f85d43b15b23 - - default default] Successfully bumped revision number for resource 90aca10a-c03a-4baa-8911-feea6a8d6dbc (type: security_group_rules) to 0
2026-09-19 03:13:37.948 10 INFO neutron.db.ovn_revision_numbers_db [None req-8e8737b7-c7a9-4d70-a4f5-64c34cca1188 1a77308039fd423d831ad89f385a318b 94ff84ec4abe4a7bbe77f85d43b15b23 - - default default] Successfully bumped revision number for resource db95ce37-7ab2-4030-b920-27a1d849c9ac (type: security_group_rules) to 0
2026-09-19 03:13:37.992 10 INFO neutron.api.wsgi [None req-8e8737b7-c7a9-4d70-a4f5-64c34cca1188 1a77308039fd423d831ad89f385a318b 94ff84ec4abe4a7bbe77f85d43b15b23 - - default default] 10.0.0.217 "GET /v2.0/security-groups?tenant_id=eefb0195b1bb473799c3bbb10d959b42&name=default HTTP/1.1" status: 200 len: 3120 time: 0.2653658
2026-09-19 03:13:38.200 10 INFO neutron.api.wsgi [None req-d20ea498-b6fe-468f-b0f5-2b0974398171 1a77308039fd423d831ad89f385a318b 94ff84ec4abe4a7bbe77f85d43b15b23 - - default default] 10.0.0.217 "DELETE /v2.0/security-groups/70c21fc3-705d-4459-9bab-54fc32d7eb06 HTTP/1.1" status: 204 len: 168 time: 0.2035906
2026-09-19 03:13:38.206 9 INFO neutron.api.wsgi [None req-27045c36-d9b3-416d-8ea4-99277582a1f0 f8078fe9890e46b894a7efb1f9443922 165bd8cbce404cd5bcacebf2d5c1fc4e - - default default] 10.0.0.217 "GET /v2.0/qos/policies?tags-any=red%2Cblue HTTP/1.1" status: 200 len: 1296 time: 0.4271767
2026-09-19 03:13:38.253 10 INFO neutron.api.wsgi [None req-0f395578-dcfa-4cac-9602-5d1fc68e0fa0 f8078fe9890e46b894a7efb1f9443922 165bd8cbce404cd5bcacebf2d5c1fc4e - - default default] 10.0.0.217 "GET /v2.0/qos/policies?not-tags=red HTTP/1.1" status: 200 len: 913 time: 0.0414846
2026-09-19 03:13:38.348 10 INFO neutron.api.wsgi [None req-e9eff522-24d9-4432-8717-732f62798e7d f8078fe9890e46b894a7efb1f9443922 165bd8cbce404cd5bcacebf2d5c1fc4e - - default default] 10.0.0.217 "GET /v2.0/qos/policies?not-tags=red%2Cblue HTTP/1.1" status: 200 len: 1268 time: 0.0918851
2026-09-19 03:13:38.399 10 INFO neutron.db.ovn_revision_numbers_db [None req-e9acd25d-50e7-411f-9500-c99aa9f01e92 1a77308039fd423d831ad89f385a318b 94ff84ec4abe4a7bbe77f85d43b15b23 - - default default] Successfully bumped revision number for resource 2310603d-42a6-4aca-9f7c-b9eb6bd77961 (type: security_groups) to 1
2026-09-19 03:13:38.416 10 INFO neutron.db.ovn_revision_numbers_db [None req-e9acd25d-50e7-411f-9500-c99aa9f01e92 1a77308039fd423d831ad89f385a318b 94ff84ec4abe4a7bbe77f85d43b15b23 - - default default] Successfully bumped revision number for resource 651afec6-26df-4139-bfe7-e848b18ab553 (type: security_group_rules) to 0
2026-09-19 03:13:38.421 10 INFO neutron.api.wsgi [None req-8c5e6c81-b74f-483c-b356-8711f08a6471 f8078fe9890e46b894a7efb1f9443922 165bd8cbce404cd5bcacebf2d5c1fc4e - - default default] 10.0.0.217 "GET /v2.0/qos/policies?not-tags-any=blue HTTP/1.1" status: 200 len: 1268 time: 0.0675695
2026-09-19 03:13:38.431 10 INFO neutron.db.ovn_revision_numbers_db [None req-e9acd25d-50e7-411f-9500-c99aa9f01e92 1a77308039fd423d831ad89f385a318b 94ff84ec4abe4a7bbe77f85d43b15b23 - - default default] Successfully bumped revision number for resource 850b9d5b-6e8d-401d-b186-2a3280a3ef39 (type: security_group_rules) to 0
2026-09-19 03:13:38.444 10 INFO neutron.db.ovn_revision_numbers_db [None req-e9acd25d-50e7-411f-9500-c99aa9f01e92 1a77308039fd423d831ad89f385a318b 94ff84ec4abe4a7bbe77f85d43b15b23 - - default default] Successfully bumped revision number for resource 9764e87d-ece3-44a7-9128-aa4f18a83279 (type: security_group_rules) to 0
2026-09-19 03:13:38.466 10 INFO neutron.db.ovn_revision_numbers_db [None req-e9acd25d-50e7-411f-9500-c99aa9f01e92 1a77308039fd423d831ad89f385a318b 94ff84ec4abe4a7bbe77f85d43b15b23 - - default default] Successfully bumped revision number for resource cc531f09-78da-4713-806d-d4a5b5d7723c (type: security_group_rules) to 0
2026-09-19 03:13:38.511 10 INFO neutron.api.wsgi [None req-aa97c1f6-06fe-4519-b93e-75bb5a5d05d6 f8078fe9890e46b894a7efb1f9443922 165bd8cbce404cd5bcacebf2d5c1fc4e - - default default] 10.0.0.217 "GET /v2.0/qos/policies?not-tags-any=red%2Cblue HTTP/1.1" status: 200 len: 913 time: 0.0849824
2026-09-19 03:13:38.533 10 INFO neutron.api.wsgi [None req-e9acd25d-50e7-411f-9500-c99aa9f01e92 1a77308039fd423d831ad89f385a318b 94ff84ec4abe4a7bbe77f85d43b15b23 - - default default] 10.0.0.217 "GET /v2.0/security-groups?tenant_id=2bc7a8cfdd6a4f03afd8606741ff9a8a&name=default HTTP/1.1" status: 200 len: 3120 time: 0.2585995
2026-09-19 03:13:38.549 9 INFO neutron.db.ovn_revision_numbers_db [None req-a44c8ebe-aa3e-46c6-bb1f-65f499ad6ac5 - - - - - -] Successfully bumped revision number for resource 6a454e91-fb26-48a5-adc9-aa068b2a5e44 (type: ports) to 1
2026-09-19 03:13:38.592 10 INFO neutron.api.wsgi [None req-631a431a-cd73-4944-95f3-3455873230e2 594c4a4c163348068b6b2a38e475a3e1 68b9a33b933347f2b95d509084980fa8 - - default default] 10.0.0.217 "DELETE /v2.0/qos/policies/5e8837c4-3274-4765-833e-c47c86fc2d6b HTTP/1.1" status: 204 len: 168 time: 0.0726895
2026-09-19 03:13:38.662 10 INFO neutron.api.wsgi [None req-e0ae03f8-4261-45b7-88e4-f6f76cf73eed 594c4a4c163348068b6b2a38e475a3e1 68b9a33b933347f2b95d509084980fa8 - - default default] 10.0.0.217 "DELETE /v2.0/qos/policies/5b010a60-4d4c-4144-80c7-df9171e99d02 HTTP/1.1" status: 204 len: 168 time: 0.0664587
2026-09-19 03:13:38.681 9 WARNING neutron.scheduler.dhcp_agent_scheduler [None req-f6afc7f4-8ddf-4b91-88f4-2f432a315d29 1a77308039fd423d831ad89f385a318b 94ff84ec4abe4a7bbe77f85d43b15b23 - - default default] No more DHCP agents
2026-09-19 03:13:38.684 9 WARNING neutron.api.rpc.agentnotifiers.dhcp_rpc_agent_api [None req-f6afc7f4-8ddf-4b91-88f4-2f432a315d29 1a77308039fd423d831ad89f385a318b 94ff84ec4abe4a7bbe77f85d43b15b23 - - default default] Unable to schedule network bdeb79d5-0cda-46b0-84a5-72adce2919cd: no agents available; will retry on subsequent port and subnet creation events.
2026-09-19 03:13:38.719 10 INFO neutron.api.wsgi [None req-8da170c7-c9b9-447f-b9b0-8fce428f2735 594c4a4c163348068b6b2a38e475a3e1 68b9a33b933347f2b95d509084980fa8 - - default default] 10.0.0.217 "DELETE /v2.0/qos/policies/87930747-8aee-4cb4-9125-65579f0d1d32 HTTP/1.1" status: 204 len: 168 time: 0.0519173
2026-09-19 03:13:38.770 10 INFO neutron.api.wsgi [None req-8d8d037c-d73a-499d-b76f-acc2f35200b1 1a77308039fd423d831ad89f385a318b 94ff84ec4abe4a7bbe77f85d43b15b23 - - default default] 10.0.0.217 "DELETE /v2.0/security-groups/2310603d-42a6-4aca-9f7c-b9eb6bd77961 HTTP/1.1" status: 204 len: 168 time: 0.2320604
2026-09-19 03:13:38.773 10 INFO neutron.api.wsgi [None req-973a01d9-9262-43eb-a4b0-7f89cffb2f9f 594c4a4c163348068b6b2a38e475a3e1 68b9a33b933347f2b95d509084980fa8 - - default default] 10.0.0.217 "DELETE /v2.0/qos/policies/592cddcb-b687-47f0-94f6-2bb0c23dfea5 HTTP/1.1" status: 204 len: 168 time: 0.0493178
2026-09-19 03:13:38.818 10 INFO neutron.api.wsgi [None req-cd5e79a5-ee42-4d98-8023-ce9e71b57678 594c4a4c163348068b6b2a38e475a3e1 68b9a33b933347f2b95d509084980fa8 - - default default] 10.0.0.217 "DELETE /v2.0/qos/policies/7f8e1f5f-5037-45bd-9309-6769df2e9c42 HTTP/1.1" status: 204 len: 168 time: 0.0405736
2026-09-19 03:13:38.840 9 INFO neutron.db.ovn_revision_numbers_db [None req-f6afc7f4-8ddf-4b91-88f4-2f432a315d29 1a77308039fd423d831ad89f385a318b 94ff84ec4abe4a7bbe77f85d43b15b23 - - default default] Successfully bumped revision number for resource 764a3f33-1e97-48a1-b8fa-d806eb8b58a7 (type: ports) to 1
2026-09-19 03:13:38.957 9 INFO neutron.db.ovn_revision_numbers_db [None req-a44c8ebe-aa3e-46c6-bb1f-65f499ad6ac5 - - - - - -] Successfully bumped revision number for resource 6a454e91-fb26-48a5-adc9-aa068b2a5e44 (type: ports) to 4
2026-09-19 03:13:39.357 9 INFO neutron.db.ovn_revision_numbers_db [None req-a44c8ebe-aa3e-46c6-bb1f-65f499ad6ac5 - - - - - -] Successfully bumped revision number for resource 6a454e91-fb26-48a5-adc9-aa068b2a5e44 (type: ports) to 5
2026-09-19 03:13:39.503 9 INFO neutron.db.ovn_revision_numbers_db [None req-f6afc7f4-8ddf-4b91-88f4-2f432a315d29 1a77308039fd423d831ad89f385a318b 94ff84ec4abe4a7bbe77f85d43b15b23 - - default default] Successfully bumped revision number for resource 764a3f33-1e97-48a1-b8fa-d806eb8b58a7 (type: ports) to 1
2026-09-19 03:13:39.545 9 WARNING neutron.scheduler.dhcp_agent_scheduler [None req-f6afc7f4-8ddf-4b91-88f4-2f432a315d29 1a77308039fd423d831ad89f385a318b 94ff84ec4abe4a7bbe77f85d43b15b23 - - default default] No more DHCP agents
2026-09-19 03:13:39.547 9 WARNING neutron.api.rpc.agentnotifiers.dhcp_rpc_agent_api [None req-f6afc7f4-8ddf-4b91-88f4-2f432a315d29 1a77308039fd423d831ad89f385a318b 94ff84ec4abe4a7bbe77f85d43b15b23 - - default default] Unable to schedule network bdeb79d5-0cda-46b0-84a5-72adce2919cd: no agents available; will retry on subsequent port and subnet creation events.
2026-09-19 03:13:39.944 9 INFO neutron.db.ovn_revision_numbers_db [None req-9f1c78fb-282d-4cb7-aa62-b87e0e093c6b 1a77308039fd423d831ad89f385a318b 94ff84ec4abe4a7bbe77f85d43b15b23 - - default default] Successfully bumped revision number for resource 6f15aac5-9faa-422a-854e-022dea186750 (type: security_groups) to 1
2026-09-19 03:13:39.968 9 INFO neutron.db.ovn_revision_numbers_db [None req-9f1c78fb-282d-4cb7-aa62-b87e0e093c6b 1a77308039fd423d831ad89f385a318b 94ff84ec4abe4a7bbe77f85d43b15b23 - - default default] Successfully bumped revision number for resource 38916a83-56fa-4921-b784-1261d9d3e1fa (type: security_group_rules) to 0
2026-09-19 03:13:39.988 9 INFO neutron.db.ovn_revision_numbers_db [None req-9f1c78fb-282d-4cb7-aa62-b87e0e093c6b 1a77308039fd423d831ad89f385a318b 94ff84ec4abe4a7bbe77f85d43b15b23 - - default default] Successfully bumped revision number for resource 87fa7a9e-cdcc-4b09-ae66-1470b37bf349 (type: security_group_rules) to 0
2026-09-19 03:13:40.022 9 INFO neutron.db.ovn_revision_numbers_db [None req-9f1c78fb-282d-4cb7-aa62-b87e0e093c6b 1a77308039fd423d831ad89f385a318b 94ff84ec4abe4a7bbe77f85d43b15b23 - - default default] Successfully bumped revision number for resource e59c10e4-6cee-4f67-8134-86f34be9fdd3 (type: security_group_rules) to 0
2026-09-19 03:13:40.049 9 INFO neutron.db.ovn_revision_numbers_db [None req-9f1c78fb-282d-4cb7-aa62-b87e0e093c6b 1a77308039fd423d831ad89f385a318b 94ff84ec4abe4a7bbe77f85d43b15b23 - - default default] Successfully bumped revision number for resource f32a9aeb-ae81-478c-807a-8a7c46def754 (type: security_group_rules) to 0
2026-09-19 03:13:40.105 9 INFO neutron.api.wsgi [None req-9f1c78fb-282d-4cb7-aa62-b87e0e093c6b 1a77308039fd423d831ad89f385a318b 94ff84ec4abe4a7bbe77f85d43b15b23 - - default default] 10.0.0.217 "GET /v2.0/security-groups?tenant_id=165bd8cbce404cd5bcacebf2d5c1fc4e&name=default HTTP/1.1" status: 200 len: 3120 time: 0.4187956
2026-09-19 03:13:40.157 9 INFO neutron.db.ovn_revision_numbers_db [None req-f6afc7f4-8ddf-4b91-88f4-2f432a315d29 1a77308039fd423d831ad89f385a318b 94ff84ec4abe4a7bbe77f85d43b15b23 - - default default] Successfully bumped revision number for resource 764a3f33-1e97-48a1-b8fa-d806eb8b58a7 (type: router_ports) to 1
2026-09-19 03:13:40.162 9 INFO neutron.api.wsgi [None req-f6afc7f4-8ddf-4b91-88f4-2f432a315d29 1a77308039fd423d831ad89f385a318b 94ff84ec4abe4a7bbe77f85d43b15b23 - - default default] 10.0.0.217 "PUT /v2.0/routers/49875c92-a7d9-435b-a7a6-0cb94bddee47/add_router_interface HTTP/1.1" status: 200 len: 503 time: 2.3041255
2026-09-19 03:13:40.310 9 INFO neutron.api.wsgi [None req-a421ec8b-da8d-43f7-8e94-a606c9d1eced 1a77308039fd423d831ad89f385a318b 94ff84ec4abe4a7bbe77f85d43b15b23 - - default default] 10.0.0.217 "DELETE /v2.0/security-groups/6f15aac5-9faa-422a-854e-022dea186750 HTTP/1.1" status: 204 len: 168 time: 0.1938202
2026-09-19 03:13:40.424 9 WARNING neutron.plugins.ml2.drivers.ovn.mech_driver.ovsdb.ovn_client [None req-23c29002-9f1c-4763-bf21-219cd6a41f21 - - - - - -] No hosting information found for port 8400aa1c-74a4-42ce-bf59-2430ccf106db: RuntimeError: No hosting information found for port 8400aa1c-74a4-42ce-bf59-2430ccf106db
2026-09-19 03:13:40.510 9 INFO neutron.db.ovn_revision_numbers_db [None req-23c29002-9f1c-4763-bf21-219cd6a41f21 - - - - - -] Successfully bumped revision number for resource 8400aa1c-74a4-42ce-bf59-2430ccf106db (type: router_ports) to 2
2026-09-19 03:13:40.622 10 INFO neutron.db.ovn_revision_numbers_db [None req-a9c53fd2-2dc7-42dc-8a94-4066e0471d0b 1a77308039fd423d831ad89f385a318b 94ff84ec4abe4a7bbe77f85d43b15b23 - - default default] Successfully bumped revision number for resource 697ab5f3-6120-43bf-b2b9-e8a749d5628d (type: security_groups) to 1
2026-09-19 03:13:40.636 10 INFO neutron.db.ovn_revision_numbers_db [None req-a9c53fd2-2dc7-42dc-8a94-4066e0471d0b 1a77308039fd423d831ad89f385a318b 94ff84ec4abe4a7bbe77f85d43b15b23 - - default default] Successfully bumped revision number for resource 367ef7c0-d0db-4b8d-9648-168f06a314ea (type: security_group_rules) to 0
2026-09-19 03:13:40.652 10 INFO neutron.db.ovn_revision_numbers_db [None req-a9c53fd2-2dc7-42dc-8a94-4066e0471d0b 1a77308039fd423d831ad89f385a318b 94ff84ec4abe4a7bbe77f85d43b15b23 - - default default] Successfully bumped revision number for resource 4005c9e3-a061-4596-a681-77093a1058fb (type: security_group_rules) to 0
2026-09-19 03:13:40.665 10 INFO neutron.plugins.ml2.drivers.ovn.mech_driver.mech_driver [None req-eea2d2de-336c-436e-835d-bc6b188b10dd - - - - - -] OVN reports status up for port: 764a3f33-1e97-48a1-b8fa-d806eb8b58a7
2026-09-19 03:13:40.667 10 INFO neutron.db.ovn_revision_numbers_db [None req-a9c53fd2-2dc7-42dc-8a94-4066e0471d0b 1a77308039fd423d831ad89f385a318b 94ff84ec4abe4a7bbe77f85d43b15b23 - - default default] Successfully bumped revision number for resource 722983d9-7c94-4edd-a1f6-0ff6bdc02ba8 (type: security_group_rules) to 0
2026-09-19 03:13:40.671 10 INFO neutron.plugins.ml2.plugin [None req-eea2d2de-336c-436e-835d-bc6b188b10dd - - - - - -] Attempt 1 to provision port 764a3f33-1e97-48a1-b8fa-d806eb8b58a7
2026-09-19 03:13:40.691 10 INFO neutron.db.ovn_revision_numbers_db [None req-a9c53fd2-2dc7-42dc-8a94-4066e0471d0b 1a77308039fd423d831ad89f385a318b 94ff84ec4abe4a7bbe77f85d43b15b23 - - default default] Successfully bumped revision number for resource a4df07b5-4e17-4b99-8ff0-e585a4678a0f (type: security_group_rules) to 0
2026-09-19 03:13:40.741 10 INFO neutron.api.wsgi [None req-a9c53fd2-2dc7-42dc-8a94-4066e0471d0b 1a77308039fd423d831ad89f385a318b 94ff84ec4abe4a7bbe77f85d43b15b23 - - default default] 10.0.0.217 "GET /v2.0/security-groups?tenant_id=55576c64ccf84453890e96fe01f2814d&name=default HTTP/1.1" status: 200 len: 3120 time: 0.2581649
2026-09-19 03:13:40.867 10 WARNING neutron_lib.context [None req-429204e6-b7c6-447c-b170-1a439f099792 38cc78dfb5774af48d181030f2608462 d01d0e6decfe4a7488f92b38b14acfa5 - - default default] Method 'is_advsvc' is deprecated since 2023.2 release (neutron-lib 3.8.0) and will be removed once support for the old RBAC API policies will be removed from Neutron. Please use method 'is_service_role' instead.
2026-09-19 03:13:41.024 10 INFO neutron.db.ovn_revision_numbers_db [None req-429204e6-b7c6-447c-b170-1a439f099792 38cc78dfb5774af48d181030f2608462 d01d0e6decfe4a7488f92b38b14acfa5 - - default default] Successfully bumped revision number for resource fb289999-f103-40c4-8a36-a4a30bcd5d8b (type: security_groups) to 1
2026-09-19 03:13:41.045 10 INFO neutron.db.ovn_revision_numbers_db [None req-429204e6-b7c6-447c-b170-1a439f099792 38cc78dfb5774af48d181030f2608462 d01d0e6decfe4a7488f92b38b14acfa5 - - default default] Successfully bumped revision number for resource 14a2da12-9184-43ed-973d-d3463918523c (type: security_group_rules) to 0
2026-09-19 03:13:41.068 10 INFO neutron.db.ovn_revision_numbers_db [None req-429204e6-b7c6-447c-b170-1a439f099792 38cc78dfb5774af48d181030f2608462 d01d0e6decfe4a7488f92b38b14acfa5 - - default default] Successfully bumped revision number for resource 9cab2d93-147e-46af-889f-ad8c29a54af4 (type: security_group_rules) to 0
2026-09-19 03:13:41.075 10 INFO neutron.api.wsgi [None req-34d7b5d4-fd91-4ca3-906a-cb2680eebca3 1a77308039fd423d831ad89f385a318b 94ff84ec4abe4a7bbe77f85d43b15b23 - - default default] 10.0.0.217 "DELETE /v2.0/security-groups/697ab5f3-6120-43bf-b2b9-e8a749d5628d HTTP/1.1" status: 204 len: 168 time: 0.3281126
2026-09-19 03:13:41.109 10 INFO neutron.api.wsgi [None req-429204e6-b7c6-447c-b170-1a439f099792 38cc78dfb5774af48d181030f2608462 d01d0e6decfe4a7488f92b38b14acfa5 - - default default] 10.0.0.217 "POST /v2.0/security-groups HTTP/1.1" status: 201 len: 1875 time: 0.2509918
2026-09-19 03:13:41.125 10 WARNING neutron_lib.context [None req-3d78f50d-7d9d-4c28-89b2-d4f7770efeca 38cc78dfb5774af48d181030f2608462 d01d0e6decfe4a7488f92b38b14acfa5 - - default default] Method 'is_advsvc' is deprecated since 2023.2 release (neutron-lib 3.8.0) and will be removed once support for the old RBAC API policies will be removed from Neutron. Please use method 'is_service_role' instead.
2026-09-19 03:13:41.176 10 INFO neutron.db.ovn_revision_numbers_db [None req-eea2d2de-336c-436e-835d-bc6b188b10dd - - - - - -] Successfully bumped revision number for resource 764a3f33-1e97-48a1-b8fa-d806eb8b58a7 (type: ports) to 2
2026-09-19 03:13:41.254 10 INFO neutron.db.ovn_revision_numbers_db [None req-3d78f50d-7d9d-4c28-89b2-d4f7770efeca 38cc78dfb5774af48d181030f2608462 d01d0e6decfe4a7488f92b38b14acfa5 - - default default] Successfully bumped revision number for resource c02341fb-dd08-40ee-8910-bfaa79ae2ba3 (type: security_group_rules) to 0
2026-09-19 03:13:41.292 10 INFO neutron.api.wsgi [None req-3d78f50d-7d9d-4c28-89b2-d4f7770efeca 38cc78dfb5774af48d181030f2608462 d01d0e6decfe4a7488f92b38b14acfa5 - - default default] 10.0.0.217 "POST /v2.0/security-group-rules HTTP/1.1" status: 201 len: 796 time: 0.1709754
2026-09-19 03:13:41.299 10 WARNING neutron_lib.context [None req-2a8f0126-4356-42c2-a93b-81761f9f95f4 38cc78dfb5774af48d181030f2608462 d01d0e6decfe4a7488f92b38b14acfa5 - - default default] Method 'is_advsvc' is deprecated since 2023.2 release (neutron-lib 3.8.0) and will be removed once support for the old RBAC API policies will be removed from Neutron. Please use method 'is_service_role' instead.
2026-09-19 03:13:41.374 10 INFO neutron.db.ovn_revision_numbers_db [None req-1431c1ef-b99b-43e9-a6e8-3a81467a6be8 1a77308039fd423d831ad89f385a318b 94ff84ec4abe4a7bbe77f85d43b15b23 - - default default] Successfully bumped revision number for resource 1dd60580-b5c6-402d-94a8-695d877d96e4 (type: security_groups) to 1
2026-09-19 03:13:41.397 10 INFO neutron.db.ovn_revision_numbers_db [None req-1431c1ef-b99b-43e9-a6e8-3a81467a6be8 1a77308039fd423d831ad89f385a318b 94ff84ec4abe4a7bbe77f85d43b15b23 - - default default] Successfully bumped revision number for resource 05d0ea87-e0ce-4ce2-b7b8-fedd1b78c793 (type: security_group_rules) to 0
2026-09-19 03:13:41.412 10 INFO neutron.db.ovn_revision_numbers_db [None req-1431c1ef-b99b-43e9-a6e8-3a81467a6be8 1a77308039fd423d831ad89f385a318b 94ff84ec4abe4a7bbe77f85d43b15b23 - - default default] Successfully bumped revision number for resource 6d0347f3-7ba1-477c-9f40-9fa79fd89ee2 (type: security_group_rules) to 0
2026-09-19 03:13:41.413 10 INFO neutron.db.ovn_revision_numbers_db [None req-2a8f0126-4356-42c2-a93b-81761f9f95f4 38cc78dfb5774af48d181030f2608462 d01d0e6decfe4a7488f92b38b14acfa5 - - default default] Successfully bumped revision number for resource cd18f69f-45e0-4327-a8a6-a4a62ab34ae9 (type: security_group_rules) to 0
2026-09-19 03:13:41.427 10 INFO neutron.db.ovn_revision_numbers_db [None req-1431c1ef-b99b-43e9-a6e8-3a81467a6be8 1a77308039fd423d831ad89f385a318b 94ff84ec4abe4a7bbe77f85d43b15b23 - - default default] Successfully bumped revision number for resource 7bddfaf6-ddba-4221-9a13-c46430b6cb48 (type: security_group_rules) to 0
2026-09-19 03:13:41.442 10 INFO neutron.api.wsgi [None req-2a8f0126-4356-42c2-a93b-81761f9f95f4 38cc78dfb5774af48d181030f2608462 d01d0e6decfe4a7488f92b38b14acfa5 - - default default] 10.0.0.217 "POST /v2.0/security-group-rules HTTP/1.1" status: 201 len: 795 time: 0.1468625
2026-09-19 03:13:41.443 10 INFO neutron.db.ovn_revision_numbers_db [None req-1431c1ef-b99b-43e9-a6e8-3a81467a6be8 1a77308039fd423d831ad89f385a318b 94ff84ec4abe4a7bbe77f85d43b15b23 - - default default] Successfully bumped revision number for resource ef0c3ae5-3b2d-4a17-94cd-9fbe597dd7e8 (type: security_group_rules) to 0
2026-09-19 03:13:41.451 10 WARNING neutron_lib.context [None req-3cd42c75-2add-49e7-9047-08fbbc477a51 38cc78dfb5774af48d181030f2608462 d01d0e6decfe4a7488f92b38b14acfa5 - - default default] Method 'is_advsvc' is deprecated since 2023.2 release (neutron-lib 3.8.0) and will be removed once support for the old RBAC API policies will be removed from Neutron. Please use method 'is_service_role' instead.
2026-09-19 03:13:41.482 10 INFO neutron.api.wsgi [None req-1431c1ef-b99b-43e9-a6e8-3a81467a6be8 1a77308039fd423d831ad89f385a318b 94ff84ec4abe4a7bbe77f85d43b15b23 - - default default] 10.0.0.217 "GET /v2.0/security-groups?tenant_id=68b9a33b933347f2b95d509084980fa8&name=default HTTP/1.1" status: 200 len: 3120 time: 0.2258666
2026-09-19 03:13:41.560 10 INFO neutron.db.ovn_revision_numbers_db [None req-3cd42c75-2add-49e7-9047-08fbbc477a51 38cc78dfb5774af48d181030f2608462 d01d0e6decfe4a7488f92b38b14acfa5 - - default default] Successfully bumped revision number for resource f5e36d70-8fe5-4e29-a6e8-2d4e0aa305fa (type: security_group_rules) to 0
2026-09-19 03:13:41.589 10 INFO neutron.api.wsgi [None req-3cd42c75-2add-49e7-9047-08fbbc477a51 38cc78dfb5774af48d181030f2608462 d01d0e6decfe4a7488f92b38b14acfa5 - - default default] 10.0.0.217 "POST /v2.0/security-group-rules HTTP/1.1" status: 201 len: 801 time: 0.1431985
2026-09-19 03:13:41.597 10 WARNING neutron_lib.context [None req-703e5b91-6d16-4639-8deb-82ec3e2fb222 38cc78dfb5774af48d181030f2608462 d01d0e6decfe4a7488f92b38b14acfa5 - - default default] Method 'is_advsvc' is deprecated since 2023.2 release (neutron-lib 3.8.0) and will be removed once support for the old RBAC API policies will be removed from Neutron. Please use method 'is_service_role' instead.
2026-09-19 03:13:41.686 9 INFO neutron.api.wsgi [None req-879359f8-b2cb-4815-9bb4-e6e142ccf684 1a77308039fd423d831ad89f385a318b 94ff84ec4abe4a7bbe77f85d43b15b23 - - default default] 10.0.0.217 "DELETE /v2.0/security-groups/1dd60580-b5c6-402d-94a8-695d877d96e4 HTTP/1.1" status: 204 len: 168 time: 0.1993442
2026-09-19 03:13:41.727 10 INFO neutron.db.ovn_revision_numbers_db [None req-703e5b91-6d16-4639-8deb-82ec3e2fb222 38cc78dfb5774af48d181030f2608462 d01d0e6decfe4a7488f92b38b14acfa5 - - default default] Successfully bumped revision number for resource 9a6f496e-3d5c-4502-92df-e48c44f4e2bd (type: security_group_rules) to 0
2026-09-19 03:13:41.761 10 INFO neutron.api.wsgi [None req-703e5b91-6d16-4639-8deb-82ec3e2fb222 38cc78dfb5774af48d181030f2608462 d01d0e6decfe4a7488f92b38b14acfa5 - - default default] 10.0.0.217 "POST /v2.0/security-group-rules HTTP/1.1" status: 201 len: 800 time: 0.1671379
2026-09-19 03:13:41.771 10 WARNING neutron_lib.context [None req-ba1b5001-3a52-4133-aa76-ce7ff891e352 38cc78dfb5774af48d181030f2608462 d01d0e6decfe4a7488f92b38b14acfa5 - - default default] Method 'is_advsvc' is deprecated since 2023.2 release (neutron-lib 3.8.0) and will be removed once support for the old RBAC API policies will be removed from Neutron. Please use method 'is_service_role' instead.
2026-09-19 03:13:41.802 10 INFO neutron.db.securitygroups_db [None req-ba1b5001-3a52-4133-aa76-ce7ff891e352 38cc78dfb5774af48d181030f2608462 d01d0e6decfe4a7488f92b38b14acfa5 - - default default] Project d01d0e6decfe4a7488f92b38b14acfa5 added a security group rule with legacy IPv6 ICMP protocol name icmp, ipv6-icmp should be used instead. It was automatically converted.
2026-09-19 03:13:41.894 10 INFO neutron.db.ovn_revision_numbers_db [None req-ba1b5001-3a52-4133-aa76-ce7ff891e352 38cc78dfb5774af48d181030f2608462 d01d0e6decfe4a7488f92b38b14acfa5 - - default default] Successfully bumped revision number for resource c9f7ecd7-5126-4c13-bd97-555748ef9425 (type: security_group_rules) to 0
2026-09-19 03:13:41.930 10 INFO neutron.api.wsgi [None req-ba1b5001-3a52-4133-aa76-ce7ff891e352 38cc78dfb5774af48d181030f2608462 d01d0e6decfe4a7488f92b38b14acfa5 - - default default] 10.0.0.217 "POST /v2.0/security-group-rules HTTP/1.1" status: 201 len: 806 time: 0.1651804
2026-09-19 03:13:41.940 10 WARNING neutron_lib.context [None req-c1479523-5338-4ffe-923a-58bc13f36086 38cc78dfb5774af48d181030f2608462 d01d0e6decfe4a7488f92b38b14acfa5 - - default default] Method 'is_advsvc' is deprecated since 2023.2 release (neutron-lib 3.8.0) and will be removed once support for the old RBAC API policies will be removed from Neutron. Please use method 'is_service_role' instead.
2026-09-19 03:13:41.973 10 INFO neutron.db.securitygroups_db [None req-c1479523-5338-4ffe-923a-58bc13f36086 38cc78dfb5774af48d181030f2608462 d01d0e6decfe4a7488f92b38b14acfa5 - - default default] Project d01d0e6decfe4a7488f92b38b14acfa5 added a security group rule with legacy IPv6 ICMP protocol name icmp, ipv6-icmp should be used instead. It was automatically converted.
