2026-09-19 03:12:42.890 10 INFO neutron.api.wsgi [None req-88576339-6af4-48d1-bbb8-e1d1d2f07980 b7b855787bcf4cda8f2c896447bfb4b0 ac73c655b62c4fafaabcd47ddfc9dc2a - - default default] 10.0.0.217 "GET /v2.0/ports HTTP/1.1" status: 200 len: 1728 time: 0.0428190
2026-09-19 03:12:42.905 9 INFO neutron.pecan_wsgi.hooks.translation [None req-a0713170-e270-44de-ba16-c6714a04ccba b7b855787bcf4cda8f2c896447bfb4b0 ac73c655b62c4fafaabcd47ddfc9dc2a - - default default] GET failed (client error): The resource could not be found.
2026-09-19 03:12:42.906 9 INFO neutron.api.wsgi [None req-a0713170-e270-44de-ba16-c6714a04ccba b7b855787bcf4cda8f2c896447bfb4b0 ac73c655b62c4fafaabcd47ddfc9dc2a - - default default] 10.0.0.217 "GET /v2.0/ports/70c848ee-438a-40d5-b3bc-d2c21506a402 HTTP/1.1" status: 404 len: 333 time: 0.0122137
2026-09-19 03:12:42.943 10 INFO neutron.api.wsgi [None req-dbfa6f2f-0895-4545-8df4-a88b95d6aee5 b7b855787bcf4cda8f2c896447bfb4b0 ac73c655b62c4fafaabcd47ddfc9dc2a - - default default] 10.0.0.217 "GET /v2.0/ports HTTP/1.1" status: 200 len: 1728 time: 0.0325496
2026-09-19 03:12:43.011 9 INFO neutron.api.wsgi [None req-7987375d-f9d3-48db-837f-366fa07f8712 b7b855787bcf4cda8f2c896447bfb4b0 ac73c655b62c4fafaabcd47ddfc9dc2a - - default default] 10.0.0.217 "GET /v2.0/ports/3f26921e-9e89-437f-8a38-202ba58e3f6e HTTP/1.1" status: 200 len: 968 time: 0.0625272
2026-09-19 03:12:43.034 9 INFO neutron.pecan_wsgi.hooks.translation [None req-aafbeca8-5240-4d30-8a6f-6edf1b00fba4 b7b855787bcf4cda8f2c896447bfb4b0 ac73c655b62c4fafaabcd47ddfc9dc2a - - default default] DELETE failed (client error): The resource could not be found.
2026-09-19 03:12:43.036 9 INFO neutron.api.wsgi [None req-aafbeca8-5240-4d30-8a6f-6edf1b00fba4 b7b855787bcf4cda8f2c896447bfb4b0 ac73c655b62c4fafaabcd47ddfc9dc2a - - default default] 10.0.0.217 "DELETE /v2.0/ports/4aced439-6cff-499f-83d9-50029d93d364 HTTP/1.1" status: 404 len: 333 time: 0.0193911
2026-09-19 03:12:43.054 10 INFO neutron.pecan_wsgi.hooks.translation [None req-e0092110-e8a5-430b-abcd-5ccaa827f3ff b7b855787bcf4cda8f2c896447bfb4b0 ac73c655b62c4fafaabcd47ddfc9dc2a - - default default] DELETE failed (client error): The resource could not be found.
2026-09-19 03:12:43.056 10 INFO neutron.api.wsgi [None req-e0092110-e8a5-430b-abcd-5ccaa827f3ff b7b855787bcf4cda8f2c896447bfb4b0 ac73c655b62c4fafaabcd47ddfc9dc2a - - default default] 10.0.0.217 "DELETE /v2.0/subnets/9df670a4-44b0-40a9-869b-df61c11bd7d8 HTTP/1.1" status: 404 len: 337 time: 0.0147681
2026-09-19 03:12:43.071 9 INFO neutron.pecan_wsgi.hooks.translation [None req-d8cfe140-347d-45e4-a945-1360936864ad b7b855787bcf4cda8f2c896447bfb4b0 ac73c655b62c4fafaabcd47ddfc9dc2a - - default default] DELETE failed (client error): The resource could not be found.
2026-09-19 03:12:43.074 9 INFO neutron.api.wsgi [None req-d8cfe140-347d-45e4-a945-1360936864ad b7b855787bcf4cda8f2c896447bfb4b0 ac73c655b62c4fafaabcd47ddfc9dc2a - - default default] 10.0.0.217 "DELETE /v2.0/subnets/967559ee-a784-44bc-bdf8-f399d0eed0b4 HTTP/1.1" status: 404 len: 337 time: 0.0141182
2026-09-19 03:12:43.266 9 INFO neutron.api.wsgi [None req-e8747656-28ec-496c-af3c-76116d5388b4 b7b855787bcf4cda8f2c896447bfb4b0 ac73c655b62c4fafaabcd47ddfc9dc2a - - default default] 10.0.0.217 "DELETE /v2.0/ports/3f26921e-9e89-437f-8a38-202ba58e3f6e HTTP/1.1" status: 204 len: 168 time: 0.1888034
2026-09-19 03:12:43.287 10 INFO neutron.api.wsgi [None req-5ad71e13-d85a-47d2-bfb3-0082debaf63b 1a77308039fd423d831ad89f385a318b 94ff84ec4abe4a7bbe77f85d43b15b23 - - default default] 10.0.0.217 "PUT /v2.0/routers/3e89a499-38bb-4eb1-a652-9a1dda10f172/remove_router_interface HTTP/1.1" status: 200 len: 503 time: 1.0181646 /var/lib/openstack/lib/python3.12/site-packages/pycadf/identifier.py:71: UserWarning: Invalid uuid: neutron. To ensure interoperability, identifiers should be a valid uuid. warnings.warn(('Invalid uuid: %s. To ensure interoperability, '
2026-09-19 03:12:43.586 9 INFO neutron.api.wsgi [None req-b11249c3-1c37-4391-8d07-9877bebce6b8 b7b855787bcf4cda8f2c896447bfb4b0 ac73c655b62c4fafaabcd47ddfc9dc2a - - default default] 10.0.0.217 "DELETE /v2.0/networks/0d2b5402-0406-4ab2-a051-abcdf3556636 HTTP/1.1" status: 204 len: 168 time: 0.3164289
2026-09-19 03:12:43.878 9 INFO neutron.services.segments.plugin [-] Segment 45f19e11-93bc-449a-a00d-252e3cb45693 resource provider aggregate not found
2026-09-19 03:12:43.880 9 INFO neutron.services.segments.plugin [-] Segment 45f19e11-93bc-449a-a00d-252e3cb45693 resource provider aggregate not found
2026-09-19 03:12:43.891 9 INFO neutron.services.segments.plugin [-] Segment 45f19e11-93bc-449a-a00d-252e3cb45693 resource provider not found; error: Placement Client Error (4xx): {"errors": [{"status": 404, "title": "Not Found", "detail": "The resource could not be found.\n\n No resource provider with uuid 45f19e11-93bc-449a-a00d-252e3cb45693 found for delete ", "request_id": "req-34e2bb78-fdd3-4c0d-89b1-1782718d1600"}]}
2026-09-19 03:12:43.893 9 INFO neutron.services.segments.plugin [-] Segment 45f19e11-93bc-449a-a00d-252e3cb45693 resource provider not found; error: Placement Client Error (4xx): {"errors": [{"status": 404, "title": "Not Found", "detail": "The resource could not be found.\n\n No resource provider with uuid 45f19e11-93bc-449a-a00d-252e3cb45693 found for delete ", "request_id": "req-e453881f-caee-45b3-84c5-72a48da43a2d"}]}
2026-09-19 03:12:43.924 10 INFO neutron.api.wsgi [None req-01272efd-aeba-43b2-a37c-529261532b7f 1a77308039fd423d831ad89f385a318b 94ff84ec4abe4a7bbe77f85d43b15b23 - - default default] 10.0.0.217 "DELETE /v2.0/routers/3e89a499-38bb-4eb1-a652-9a1dda10f172 HTTP/1.1" status: 204 len: 168 time: 0.6316290
2026-09-19 03:12:44.081 10 INFO neutron.api.wsgi [None req-390b10e3-7637-487b-aad0-dd2a055707cb 1a77308039fd423d831ad89f385a318b 94ff84ec4abe4a7bbe77f85d43b15b23 - - default default] 10.0.0.217 "DELETE /v2.0/subnets/40d1147d-b535-45ed-a307-7abd8ded1bcb HTTP/1.1" status: 204 len: 168 time: 0.1531396
2026-09-19 03:12:44.152 10 INFO neutron.api.wsgi [None req-c7c04185-7868-41e5-a475-beece1f6c716 1a77308039fd423d831ad89f385a318b 94ff84ec4abe4a7bbe77f85d43b15b23 - - default default] 10.0.0.217 "GET /v2.0/security-groups?tenant_id=ac73c655b62c4fafaabcd47ddfc9dc2a&name=default HTTP/1.1" status: 200 len: 3120 time: 0.1615939
2026-09-19 03:12:44.370 10 INFO neutron.services.segments.plugin [-] Segment 77b6cbcc-9e68-48b8-a441-66e7d9b29be0 resource provider aggregate not found
2026-09-19 03:12:44.375 10 INFO neutron.services.segments.plugin [-] Segment 77b6cbcc-9e68-48b8-a441-66e7d9b29be0 resource provider aggregate not found
2026-09-19 03:12:44.382 10 INFO neutron.services.segments.plugin [-] Segment 77b6cbcc-9e68-48b8-a441-66e7d9b29be0 resource provider not found; error: Placement Client Error (4xx): {"errors": [{"status": 404, "title": "Not Found", "detail": "The resource could not be found.\n\n No resource provider with uuid 77b6cbcc-9e68-48b8-a441-66e7d9b29be0 found for delete ", "request_id": "req-f3771b97-4fa5-42cf-905e-4bd6092d2815"}]}
2026-09-19 03:12:44.389 10 INFO neutron.services.segments.plugin [-] Segment 77b6cbcc-9e68-48b8-a441-66e7d9b29be0 resource provider not found; error: Placement Client Error (4xx): {"errors": [{"status": 404, "title": "Not Found", "detail": "The resource could not be found.\n\n No resource provider with uuid 77b6cbcc-9e68-48b8-a441-66e7d9b29be0 found for delete ", "request_id": "req-233e085c-0bd3-46ef-bd57-0600b1e493cb"}]}
2026-09-19 03:12:44.393 10 INFO neutron.api.wsgi [None req-ffbbc71f-4b14-4e2b-8e81-3c487db0ccf0 1a77308039fd423d831ad89f385a318b 94ff84ec4abe4a7bbe77f85d43b15b23 - - default default] 10.0.0.217 "DELETE /v2.0/security-groups/d6aa6460-6ceb-45a5-9aaf-62bb5f408686 HTTP/1.1" status: 204 len: 168 time: 0.2350590
2026-09-19 03:12:44.410 10 INFO neutron.api.wsgi [None req-36ead366-5052-448a-a0ff-3cd6caa54899 1a77308039fd423d831ad89f385a318b 94ff84ec4abe4a7bbe77f85d43b15b23 - - default default] 10.0.0.217 "DELETE /v2.0/networks/f1ea5239-648c-4253-b887-1a8cc4d5c605 HTTP/1.1" status: 204 len: 168 time: 0.3248429
2026-09-19 03:12:44.586 9 INFO neutron.api.wsgi [None req-74f5fab2-3fb6-4f9f-b31b-7bc7c15e4357 1a77308039fd423d831ad89f385a318b 94ff84ec4abe4a7bbe77f85d43b15b23 - - default default] 10.0.0.217 "GET /v2.0/security-groups?tenant_id=8f56c4e4d5c9416da122dd9e1503bc32&name=default HTTP/1.1" status: 200 len: 3120 time: 0.0285206
2026-09-19 03:12:44.640 9 INFO neutron.api.wsgi [-] 10.0.0.217 "GET / HTTP/1.1" status: 200 len: 279 time: 0.0018349
2026-09-19 03:12:44.766 9 INFO neutron.api.wsgi [None req-89235728-cc26-4dd6-a212-8bdd72dc4aa7 26ee3a452435444f80c111426481d365 40ea24882ac04efcb8dd1fdc5b6442d7 - - default default] 10.0.0.217 "GET /v2.0/ HTTP/1.1" status: 200 len: 826 time: 0.1164203
2026-09-19 03:12:44.803 9 INFO neutron.api.wsgi [None req-07751572-219b-4249-87de-ab32d65305e5 1a77308039fd423d831ad89f385a318b 94ff84ec4abe4a7bbe77f85d43b15b23 - - default default] 10.0.0.217 "DELETE /v2.0/security-groups/c753a62b-5068-453d-b4c7-ae9bb64c012b HTTP/1.1" status: 204 len: 168 time: 0.2117772
2026-09-19 03:12:45.464 10 INFO neutron.db.ovn_revision_numbers_db [None req-11421edc-c0d2-41e5-bf3b-c4bc05f5cd0f 1a77308039fd423d831ad89f385a318b 94ff84ec4abe4a7bbe77f85d43b15b23 - - default default] Successfully bumped revision number for resource 8e765371-5f98-4cd1-a0b9-05a160f7436f (type: security_groups) to 1
2026-09-19 03:12:45.475 10 INFO neutron.db.ovn_revision_numbers_db [None req-11421edc-c0d2-41e5-bf3b-c4bc05f5cd0f 1a77308039fd423d831ad89f385a318b 94ff84ec4abe4a7bbe77f85d43b15b23 - - default default] Successfully bumped revision number for resource 530ca86a-7273-4ea6-8a86-1952f6cc37b8 (type: security_group_rules) to 0
2026-09-19 03:12:45.497 10 INFO neutron.db.ovn_revision_numbers_db [None req-11421edc-c0d2-41e5-bf3b-c4bc05f5cd0f 1a77308039fd423d831ad89f385a318b 94ff84ec4abe4a7bbe77f85d43b15b23 - - default default] Successfully bumped revision number for resource 67045d91-9349-49ac-9dcf-be30f152e066 (type: security_group_rules) to 0
2026-09-19 03:12:45.513 10 INFO neutron.db.ovn_revision_numbers_db [None req-11421edc-c0d2-41e5-bf3b-c4bc05f5cd0f 1a77308039fd423d831ad89f385a318b 94ff84ec4abe4a7bbe77f85d43b15b23 - - default default] Successfully bumped revision number for resource da78d438-dc40-4544-a369-439e769bdb92 (type: security_group_rules) to 0
2026-09-19 03:12:45.525 10 INFO neutron.db.ovn_revision_numbers_db [None req-11421edc-c0d2-41e5-bf3b-c4bc05f5cd0f 1a77308039fd423d831ad89f385a318b 94ff84ec4abe4a7bbe77f85d43b15b23 - - default default] Successfully bumped revision number for resource e75eef73-87d7-4cee-962f-87df90cedc91 (type: security_group_rules) to 0
2026-09-19 03:12:45.556 10 INFO neutron.api.wsgi [None req-11421edc-c0d2-41e5-bf3b-c4bc05f5cd0f 1a77308039fd423d831ad89f385a318b 94ff84ec4abe4a7bbe77f85d43b15b23 - - default default] 10.0.0.217 "GET /v2.0/security-groups?tenant_id=40ea24882ac04efcb8dd1fdc5b6442d7&name=default HTTP/1.1" status: 200 len: 3120 time: 0.2735934
2026-09-19 03:12:45.743 10 INFO neutron.api.wsgi [None req-9dd916d0-01e1-4682-b35f-4e68a4d1539f 1a77308039fd423d831ad89f385a318b 94ff84ec4abe4a7bbe77f85d43b15b23 - - default default] 10.0.0.217 "DELETE /v2.0/security-groups/8e765371-5f98-4cd1-a0b9-05a160f7436f HTTP/1.1" status: 204 len: 168 time: 0.1815660
2026-09-19 03:12:46.396 9 WARNING neutron_lib.context [None req-de203742-650f-438d-b37a-fa58dbee3dbd 5e544284164344a5bd5d719638f22d3b f6c8d7e78ff74ddfa7bdfab74b78cd9c - - default default] Method 'is_advsvc' is deprecated since 2023.2 release (neutron-lib 3.8.0) and will be removed once support for the old RBAC API policies will be removed from Neutron. Please use method 'is_service_role' instead.
2026-09-19 03:12:46.502 9 INFO neutron.db.ovn_revision_numbers_db [None req-de203742-650f-438d-b37a-fa58dbee3dbd 5e544284164344a5bd5d719638f22d3b f6c8d7e78ff74ddfa7bdfab74b78cd9c - - default default] Successfully bumped revision number for resource 189d2c2c-c3ed-46f7-9464-dc12d0149bc9 (type: security_groups) to 1
2026-09-19 03:12:46.515 9 INFO neutron.db.ovn_revision_numbers_db [None req-de203742-650f-438d-b37a-fa58dbee3dbd 5e544284164344a5bd5d719638f22d3b f6c8d7e78ff74ddfa7bdfab74b78cd9c - - default default] Successfully bumped revision number for resource 1a5a4e27-018b-4067-8ed2-ac3a42ce9e3f (type: security_group_rules) to 0
2026-09-19 03:12:46.527 9 INFO neutron.db.ovn_revision_numbers_db [None req-de203742-650f-438d-b37a-fa58dbee3dbd 5e544284164344a5bd5d719638f22d3b f6c8d7e78ff74ddfa7bdfab74b78cd9c - - default default] Successfully bumped revision number for resource 7df0575e-30c8-4c99-95b5-e4bdc75a1c17 (type: security_group_rules) to 0
2026-09-19 03:12:46.543 9 INFO neutron.db.ovn_revision_numbers_db [None req-de203742-650f-438d-b37a-fa58dbee3dbd 5e544284164344a5bd5d719638f22d3b f6c8d7e78ff74ddfa7bdfab74b78cd9c - - default default] Successfully bumped revision number for resource 7e7ad036-a0f3-491a-90b9-6e813a462a79 (type: security_group_rules) to 0
2026-09-19 03:12:46.555 9 INFO neutron.db.ovn_revision_numbers_db [None req-de203742-650f-438d-b37a-fa58dbee3dbd 5e544284164344a5bd5d719638f22d3b f6c8d7e78ff74ddfa7bdfab74b78cd9c - - default default] Successfully bumped revision number for resource 85e4120b-101c-4cc6-bc74-8468904dccdb (type: security_group_rules) to 0
2026-09-19 03:12:46.638 9 INFO neutron.db.segments_db [None req-de203742-650f-438d-b37a-fa58dbee3dbd 5e544284164344a5bd5d719638f22d3b f6c8d7e78ff74ddfa7bdfab74b78cd9c - - default default] Added segment c700ebe3-30bd-4008-a526-862b08102a8b of type geneve for network ccc052bc-c63e-49ef-b39a-00e706d67ee7
2026-09-19 03:12:46.720 9 INFO neutron.api.wsgi [-] 10.0.0.236 "GET / HTTP/1.1" status: 200 len: 247 time: 0.0013733
2026-09-19 03:12:46.722 9 INFO neutron.api.wsgi [-] 10.0.0.236 "GET / HTTP/1.1" status: 200 len: 247 time: 0.0010304
2026-09-19 03:12:46.745 9 INFO neutron.db.ovn_revision_numbers_db [None req-de203742-650f-438d-b37a-fa58dbee3dbd 5e544284164344a5bd5d719638f22d3b f6c8d7e78ff74ddfa7bdfab74b78cd9c - - default default] Successfully bumped revision number for resource ccc052bc-c63e-49ef-b39a-00e706d67ee7 (type: networks) to 1
2026-09-19 03:12:46.879 9 WARNING neutron.scheduler.dhcp_agent_scheduler [None req-de203742-650f-438d-b37a-fa58dbee3dbd 5e544284164344a5bd5d719638f22d3b f6c8d7e78ff74ddfa7bdfab74b78cd9c - - default default] No more DHCP agents
2026-09-19 03:12:46.880 9 WARNING neutron.api.rpc.agentnotifiers.dhcp_rpc_agent_api [None req-de203742-650f-438d-b37a-fa58dbee3dbd 5e544284164344a5bd5d719638f22d3b f6c8d7e78ff74ddfa7bdfab74b78cd9c - - default default] Unable to schedule network ccc052bc-c63e-49ef-b39a-00e706d67ee7: no agents available; will retry on subsequent port and subnet creation events.
2026-09-19 03:12:46.931 9 INFO neutron.db.ovn_revision_numbers_db [None req-de203742-650f-438d-b37a-fa58dbee3dbd 5e544284164344a5bd5d719638f22d3b f6c8d7e78ff74ddfa7bdfab74b78cd9c - - default default] Successfully bumped revision number for resource d68154dd-b33f-4110-be31-00dc884b1813 (type: ports) to 1
2026-09-19 03:12:46.949 9 INFO neutron.api.wsgi [None req-de203742-650f-438d-b37a-fa58dbee3dbd 5e544284164344a5bd5d719638f22d3b f6c8d7e78ff74ddfa7bdfab74b78cd9c - - default default] 10.0.0.217 "POST /v2.0/networks HTTP/1.1" status: 201 len: 829 time: 0.6397312
2026-09-19 03:12:46.966 9 WARNING neutron_lib.context [None req-8c659c8d-d4bc-45ef-bc08-3b8266ee3ea3 5e544284164344a5bd5d719638f22d3b f6c8d7e78ff74ddfa7bdfab74b78cd9c - - default default] Method 'is_advsvc' is deprecated since 2023.2 release (neutron-lib 3.8.0) and will be removed once support for the old RBAC API policies will be removed from Neutron. Please use method 'is_service_role' instead.
2026-09-19 03:12:47.057 9 INFO neutron.db.segments_db [None req-8c659c8d-d4bc-45ef-bc08-3b8266ee3ea3 5e544284164344a5bd5d719638f22d3b f6c8d7e78ff74ddfa7bdfab74b78cd9c - - default default] Added segment b5fe8a6b-e626-418a-b235-0456c2df6693 of type geneve for network 42de271a-69c1-4c28-93de-a34f81b407d9
2026-09-19 03:12:47.187 9 INFO neutron.db.ovn_revision_numbers_db [None req-8c659c8d-d4bc-45ef-bc08-3b8266ee3ea3 5e544284164344a5bd5d719638f22d3b f6c8d7e78ff74ddfa7bdfab74b78cd9c - - default default] Successfully bumped revision number for resource 42de271a-69c1-4c28-93de-a34f81b407d9 (type: networks) to 1
2026-09-19 03:12:47.336 9 WARNING neutron.scheduler.dhcp_agent_scheduler [None req-8c659c8d-d4bc-45ef-bc08-3b8266ee3ea3 5e544284164344a5bd5d719638f22d3b f6c8d7e78ff74ddfa7bdfab74b78cd9c - - default default] No more DHCP agents
2026-09-19 03:12:47.337 9 WARNING neutron.api.rpc.agentnotifiers.dhcp_rpc_agent_api [None req-8c659c8d-d4bc-45ef-bc08-3b8266ee3ea3 5e544284164344a5bd5d719638f22d3b f6c8d7e78ff74ddfa7bdfab74b78cd9c - - default default] Unable to schedule network 42de271a-69c1-4c28-93de-a34f81b407d9: no agents available; will retry on subsequent port and subnet creation events.
2026-09-19 03:12:47.397 9 INFO neutron.db.ovn_revision_numbers_db [None req-8c659c8d-d4bc-45ef-bc08-3b8266ee3ea3 5e544284164344a5bd5d719638f22d3b f6c8d7e78ff74ddfa7bdfab74b78cd9c - - default default] Successfully bumped revision number for resource 3ffed974-d57a-4542-9a98-5c66a04cc981 (type: ports) to 1
2026-09-19 03:12:47.415 9 INFO neutron.api.wsgi [None req-8c659c8d-d4bc-45ef-bc08-3b8266ee3ea3 5e544284164344a5bd5d719638f22d3b f6c8d7e78ff74ddfa7bdfab74b78cd9c - - default default] 10.0.0.217 "POST /v2.0/networks HTTP/1.1" status: 201 len: 829 time: 0.4532430
2026-09-19 03:12:47.438 10 WARNING neutron_lib.context [None req-62251cb3-84cf-41a1-ac18-7da802ed065a 5e544284164344a5bd5d719638f22d3b f6c8d7e78ff74ddfa7bdfab74b78cd9c - - default default] Method 'is_advsvc' is deprecated since 2023.2 release (neutron-lib 3.8.0) and will be removed once support for the old RBAC API policies will be removed from Neutron. Please use method 'is_service_role' instead.
2026-09-19 03:12:47.628 10 WARNING neutron.scheduler.dhcp_agent_scheduler [None req-62251cb3-84cf-41a1-ac18-7da802ed065a 5e544284164344a5bd5d719638f22d3b f6c8d7e78ff74ddfa7bdfab74b78cd9c - - default default] No more DHCP agents
2026-09-19 03:12:47.628 10 WARNING neutron.api.rpc.agentnotifiers.dhcp_rpc_agent_api [None req-62251cb3-84cf-41a1-ac18-7da802ed065a 5e544284164344a5bd5d719638f22d3b f6c8d7e78ff74ddfa7bdfab74b78cd9c - - default default] Unable to schedule network ccc052bc-c63e-49ef-b39a-00e706d67ee7: no agents available; will retry on subsequent port and subnet creation events.
2026-09-19 03:12:47.836 9 INFO neutron.db.ovn_revision_numbers_db [None req-6a6babee-2ea6-4c2e-aabc-370e2f0e7056 1a77308039fd423d831ad89f385a318b 94ff84ec4abe4a7bbe77f85d43b15b23 - - default default] Successfully bumped revision number for resource d28d17dc-813c-406a-9747-c7d60b0ddd86 (type: security_groups) to 1
2026-09-19 03:12:47.851 9 INFO neutron.db.ovn_revision_numbers_db [None req-6a6babee-2ea6-4c2e-aabc-370e2f0e7056 1a77308039fd423d831ad89f385a318b 94ff84ec4abe4a7bbe77f85d43b15b23 - - default default] Successfully bumped revision number for resource 20e2bc3e-f063-4704-991b-6cc508518064 (type: security_group_rules) to 0
2026-09-19 03:12:47.864 9 INFO neutron.db.ovn_revision_numbers_db [None req-6a6babee-2ea6-4c2e-aabc-370e2f0e7056 1a77308039fd423d831ad89f385a318b 94ff84ec4abe4a7bbe77f85d43b15b23 - - default default] Successfully bumped revision number for resource 35b1755b-0fa4-46bd-8a94-afffd14ab1e9 (type: security_group_rules) to 0
2026-09-19 03:12:47.881 9 INFO neutron.db.ovn_revision_numbers_db [None req-6a6babee-2ea6-4c2e-aabc-370e2f0e7056 1a77308039fd423d831ad89f385a318b 94ff84ec4abe4a7bbe77f85d43b15b23 - - default default] Successfully bumped revision number for resource a10326fd-889b-4ba0-876a-36d532d7b3f6 (type: security_group_rules) to 0
2026-09-19 03:12:47.897 9 INFO neutron.db.ovn_revision_numbers_db [None req-6a6babee-2ea6-4c2e-aabc-370e2f0e7056 1a77308039fd423d831ad89f385a318b 94ff84ec4abe4a7bbe77f85d43b15b23 - - default default] Successfully bumped revision number for resource ec374b90-a5ad-4490-b8d3-6aa6b515e8d3 (type: security_group_rules) to 0
2026-09-19 03:12:47.977 9 INFO neutron.db.segments_db [None req-6a6babee-2ea6-4c2e-aabc-370e2f0e7056 1a77308039fd423d831ad89f385a318b 94ff84ec4abe4a7bbe77f85d43b15b23 - - default default] Added segment 5d35a74e-83aa-48f3-809e-df8b391ae689 of type geneve for network 535187b9-58ff-43ba-ad11-4068e7e38aa2
2026-09-19 03:12:48.030 10 INFO neutron.db.ovn_revision_numbers_db [None req-d9b88544-9a4d-4dce-8e5d-43595cf3a99f - - - - - -] Successfully bumped revision number for resource d68154dd-b33f-4110-be31-00dc884b1813 (type: ports) to 2
2026-09-19 03:12:48.062 10 INFO neutron.db.ovn_revision_numbers_db [None req-d9b88544-9a4d-4dce-8e5d-43595cf3a99f - - - - - -] Successfully bumped revision number for resource c74491d9-1def-4944-b2f7-638364febc27 (type: subnets) to 0
2026-09-19 03:12:48.081 10 INFO neutron.api.wsgi [None req-62251cb3-84cf-41a1-ac18-7da802ed065a 5e544284164344a5bd5d719638f22d3b f6c8d7e78ff74ddfa7bdfab74b78cd9c - - default default] 10.0.0.217 "POST /v2.0/subnets HTTP/1.1" status: 201 len: 825 time: 0.6503901
2026-09-19 03:12:48.084 9 INFO neutron.db.ovn_revision_numbers_db [None req-6a6babee-2ea6-4c2e-aabc-370e2f0e7056 1a77308039fd423d831ad89f385a318b 94ff84ec4abe4a7bbe77f85d43b15b23 - - default default] Successfully bumped revision number for resource 535187b9-58ff-43ba-ad11-4068e7e38aa2 (type: networks) to 1
2026-09-19 03:12:48.088 10 WARNING neutron_lib.context [None req-40394717-d3b4-4ae8-97c8-679a07356310 5e544284164344a5bd5d719638f22d3b f6c8d7e78ff74ddfa7bdfab74b78cd9c - - default default] Method 'is_advsvc' is deprecated since 2023.2 release (neutron-lib 3.8.0) and will be removed once support for the old RBAC API policies will be removed from Neutron. Please use method 'is_service_role' instead.
2026-09-19 03:12:48.217 9 WARNING neutron.scheduler.dhcp_agent_scheduler [None req-6a6babee-2ea6-4c2e-aabc-370e2f0e7056 1a77308039fd423d831ad89f385a318b 94ff84ec4abe4a7bbe77f85d43b15b23 - - default default] No more DHCP agents
2026-09-19 03:12:48.220 9 WARNING neutron.api.rpc.agentnotifiers.dhcp_rpc_agent_api [None req-6a6babee-2ea6-4c2e-aabc-370e2f0e7056 1a77308039fd423d831ad89f385a318b 94ff84ec4abe4a7bbe77f85d43b15b23 - - default default] Unable to schedule network 535187b9-58ff-43ba-ad11-4068e7e38aa2: no agents available; will retry on subsequent port and subnet creation events.
2026-09-19 03:12:48.245 10 WARNING neutron.scheduler.dhcp_agent_scheduler [None req-40394717-d3b4-4ae8-97c8-679a07356310 5e544284164344a5bd5d719638f22d3b f6c8d7e78ff74ddfa7bdfab74b78cd9c - - default default] No more DHCP agents
2026-09-19 03:12:48.246 10 WARNING neutron.api.rpc.agentnotifiers.dhcp_rpc_agent_api [None req-40394717-d3b4-4ae8-97c8-679a07356310 5e544284164344a5bd5d719638f22d3b f6c8d7e78ff74ddfa7bdfab74b78cd9c - - default default] Unable to schedule network 42de271a-69c1-4c28-93de-a34f81b407d9: no agents available; will retry on subsequent port and subnet creation events.
2026-09-19 03:12:48.286 9 INFO neutron.db.ovn_revision_numbers_db [None req-6a6babee-2ea6-4c2e-aabc-370e2f0e7056 1a77308039fd423d831ad89f385a318b 94ff84ec4abe4a7bbe77f85d43b15b23 - - default default] Successfully bumped revision number for resource c0c27646-103f-451d-9cfb-4c6e429c348f (type: ports) to 1
2026-09-19 03:12:48.311 9 INFO neutron.api.wsgi [None req-6a6babee-2ea6-4c2e-aabc-370e2f0e7056 1a77308039fd423d831ad89f385a318b 94ff84ec4abe4a7bbe77f85d43b15b23 - - default default] 10.0.0.217 "POST /v2.0/networks HTTP/1.1" status: 201 len: 943 time: 0.8334651
2026-09-19 03:12:48.479 9 WARNING neutron.scheduler.dhcp_agent_scheduler [None req-1d7926fe-07b9-4d76-b8e2-7ecf7b9f74c9 1a77308039fd423d831ad89f385a318b 94ff84ec4abe4a7bbe77f85d43b15b23 - - default default] No more DHCP agents
2026-09-19 03:12:48.482 9 WARNING neutron.api.rpc.agentnotifiers.dhcp_rpc_agent_api [None req-1d7926fe-07b9-4d76-b8e2-7ecf7b9f74c9 1a77308039fd423d831ad89f385a318b 94ff84ec4abe4a7bbe77f85d43b15b23 - - default default] Unable to schedule network 535187b9-58ff-43ba-ad11-4068e7e38aa2: no agents available; will retry on subsequent port and subnet creation events.
2026-09-19 03:12:48.621 10 INFO neutron.db.ovn_revision_numbers_db [None req-513cdc6b-62b9-485a-b854-7cac3edaa9f7 - - - - - -] Successfully bumped revision number for resource 3ffed974-d57a-4542-9a98-5c66a04cc981 (type: ports) to 2
2026-09-19 03:12:48.643 10 INFO neutron.db.ovn_revision_numbers_db [None req-513cdc6b-62b9-485a-b854-7cac3edaa9f7 - - - - - -] Successfully bumped revision number for resource ca22b253-f9c3-4ac1-b0b8-67bb379a7301 (type: subnets) to 0
2026-09-19 03:12:48.655 10 INFO neutron.api.wsgi [None req-40394717-d3b4-4ae8-97c8-679a07356310 5e544284164344a5bd5d719638f22d3b f6c8d7e78ff74ddfa7bdfab74b78cd9c - - default default] 10.0.0.217 "POST /v2.0/subnets HTTP/1.1" status: 201 len: 825 time: 0.5708008
2026-09-19 03:12:48.664 9 WARNING neutron_lib.context [None req-94f23f24-26ae-45ba-a3ae-6628ac38b679 5e544284164344a5bd5d719638f22d3b f6c8d7e78ff74ddfa7bdfab74b78cd9c - - default default] Method 'is_advsvc' is deprecated since 2023.2 release (neutron-lib 3.8.0) and will be removed once support for the old RBAC API policies will be removed from Neutron. Please use method 'is_service_role' instead.
2026-09-19 03:12:48.781 9 INFO neutron.db.ovn_revision_numbers_db [None req-94f23f24-26ae-45ba-a3ae-6628ac38b679 5e544284164344a5bd5d719638f22d3b f6c8d7e78ff74ddfa7bdfab74b78cd9c - - default default] Successfully bumped revision number for resource 8cd14df0-f8aa-42bf-9d5f-74cb128a9302 (type: routers) to 1
2026-09-19 03:12:48.796 9 INFO neutron.api.wsgi [None req-94f23f24-26ae-45ba-a3ae-6628ac38b679 5e544284164344a5bd5d719638f22d3b f6c8d7e78ff74ddfa7bdfab74b78cd9c - - default default] 10.0.0.217 "POST /v2.0/routers HTTP/1.1" status: 201 len: 801 time: 0.1365726
2026-09-19 03:12:48.906 9 INFO neutron.db.ovn_revision_numbers_db [None req-993cf3c1-4a8d-499c-a024-7a4b70f09693 - - - - - -] Successfully bumped revision number for resource c0c27646-103f-451d-9cfb-4c6e429c348f (type: ports) to 2
2026-09-19 03:12:48.942 9 INFO neutron.db.ovn_revision_numbers_db [None req-993cf3c1-4a8d-499c-a024-7a4b70f09693 - - - - - -] Successfully bumped revision number for resource 44ab8506-ab6a-47de-8d74-8110969c26c1 (type: subnets) to 0
2026-09-19 03:12:48.958 9 INFO neutron.api.wsgi [None req-1d7926fe-07b9-4d76-b8e2-7ecf7b9f74c9 1a77308039fd423d831ad89f385a318b 94ff84ec4abe4a7bbe77f85d43b15b23 - - default default] 10.0.0.217 "POST /v2.0/subnets HTTP/1.1" status: 201 len: 887 time: 0.6432042
2026-09-19 03:12:49.089 9 INFO neutron.db.ovn_revision_numbers_db [None req-e4430b8d-7a12-43b5-a147-7f9b6e3942da 1a77308039fd423d831ad89f385a318b 94ff84ec4abe4a7bbe77f85d43b15b23 - - default default] Successfully bumped revision number for resource c08abf6c-a3c2-43d5-91e3-ce65d3d31eac (type: security_groups) to 1
2026-09-19 03:12:49.117 9 INFO neutron.db.ovn_revision_numbers_db [None req-e4430b8d-7a12-43b5-a147-7f9b6e3942da 1a77308039fd423d831ad89f385a318b 94ff84ec4abe4a7bbe77f85d43b15b23 - - default default] Successfully bumped revision number for resource 4abbedd6-9173-49c2-9038-799be16f8c17 (type: security_group_rules) to 0
2026-09-19 03:12:49.130 9 INFO neutron.db.ovn_revision_numbers_db [None req-e4430b8d-7a12-43b5-a147-7f9b6e3942da 1a77308039fd423d831ad89f385a318b 94ff84ec4abe4a7bbe77f85d43b15b23 - - default default] Successfully bumped revision number for resource 55be6f1c-6480-4f1a-9f8c-b765aebf7259 (type: security_group_rules) to 0
2026-09-19 03:12:49.155 9 INFO neutron.db.ovn_revision_numbers_db [None req-e4430b8d-7a12-43b5-a147-7f9b6e3942da 1a77308039fd423d831ad89f385a318b 94ff84ec4abe4a7bbe77f85d43b15b23 - - default default] Successfully bumped revision number for resource 635d6d17-639f-4b09-b150-b7ba3d1fb940 (type: security_group_rules) to 0
2026-09-19 03:12:49.155 10 WARNING neutron.scheduler.dhcp_agent_scheduler [None req-088192af-8c79-4bd8-97c1-2682b5674092 5e544284164344a5bd5d719638f22d3b f6c8d7e78ff74ddfa7bdfab74b78cd9c - - default default] No more DHCP agents
2026-09-19 03:12:49.157 10 WARNING neutron.api.rpc.agentnotifiers.dhcp_rpc_agent_api [None req-088192af-8c79-4bd8-97c1-2682b5674092 5e544284164344a5bd5d719638f22d3b f6c8d7e78ff74ddfa7bdfab74b78cd9c - - default default] Unable to schedule network ccc052bc-c63e-49ef-b39a-00e706d67ee7: no agents available; will retry on subsequent port and subnet creation events.
2026-09-19 03:12:49.171 9 INFO neutron.db.ovn_revision_numbers_db [None req-e4430b8d-7a12-43b5-a147-7f9b6e3942da 1a77308039fd423d831ad89f385a318b 94ff84ec4abe4a7bbe77f85d43b15b23 - - default default] Successfully bumped revision number for resource bb806ec1-fe8a-4be6-9f41-79c09c0d071a (type: security_group_rules) to 0
2026-09-19 03:12:49.214 9 INFO neutron.api.wsgi [None req-e4430b8d-7a12-43b5-a147-7f9b6e3942da 1a77308039fd423d831ad89f385a318b 94ff84ec4abe4a7bbe77f85d43b15b23 - - default default] 10.0.0.217 "GET /v2.0/security-groups?tenant_id=0dad25891d2743c29d0e02e7bcb4449f&name=default HTTP/1.1" status: 200 len: 3120 time: 0.4023564
2026-09-19 03:12:49.342 10 INFO neutron.db.ovn_revision_numbers_db [None req-088192af-8c79-4bd8-97c1-2682b5674092 5e544284164344a5bd5d719638f22d3b f6c8d7e78ff74ddfa7bdfab74b78cd9c - - default default] Successfully bumped revision number for resource e77c6b26-46a8-4f02-8d73-7c15a03090ab (type: ports) to 1
2026-09-19 03:12:49.359 9 WARNING neutron.scheduler.dhcp_agent_scheduler [None req-c49b7415-c3fe-4e00-86b2-1f47d27a01a6 1a77308039fd423d831ad89f385a318b 94ff84ec4abe4a7bbe77f85d43b15b23 - - default default] No more DHCP agents
2026-09-19 03:12:49.361 9 WARNING neutron.api.rpc.agentnotifiers.dhcp_rpc_agent_api [None req-c49b7415-c3fe-4e00-86b2-1f47d27a01a6 1a77308039fd423d831ad89f385a318b 94ff84ec4abe4a7bbe77f85d43b15b23 - - default default] Unable to schedule network 152e41f6-ced1-4bd7-ba0e-141280defaf7: no agents available; will retry on subsequent port and subnet creation events.
2026-09-19 03:12:49.467 9 INFO neutron.db.ovn_revision_numbers_db [None req-c49b7415-c3fe-4e00-86b2-1f47d27a01a6 1a77308039fd423d831ad89f385a318b 94ff84ec4abe4a7bbe77f85d43b15b23 - - default default] Successfully bumped revision number for resource 8a70c8a0-368e-4966-89ec-4e57c284ad8b (type: ports) to 1
2026-09-19 03:12:49.524 10 INFO neutron.api.wsgi [None req-3462686a-8613-4494-8210-649707d900bb 1a77308039fd423d831ad89f385a318b 94ff84ec4abe4a7bbe77f85d43b15b23 - - default default] 10.0.0.217 "DELETE /v2.0/security-groups/c08abf6c-a3c2-43d5-91e3-ce65d3d31eac HTTP/1.1" status: 204 len: 168 time: 0.3039658
2026-09-19 03:12:49.814 9 INFO neutron.db.ovn_revision_numbers_db [None req-69ebdb58-d83c-4ec7-950a-9ce11fe5f54b 1a77308039fd423d831ad89f385a318b 94ff84ec4abe4a7bbe77f85d43b15b23 - - default default] Successfully bumped revision number for resource 65fb0bda-8b8f-41d2-a33f-7ca99b03a589 (type: security_groups) to 1
2026-09-19 03:12:49.840 9 INFO neutron.db.ovn_revision_numbers_db [None req-69ebdb58-d83c-4ec7-950a-9ce11fe5f54b 1a77308039fd423d831ad89f385a318b 94ff84ec4abe4a7bbe77f85d43b15b23 - - default default] Successfully bumped revision number for resource 07645463-1a40-4533-b4f6-f830b7c80268 (type: security_group_rules) to 0
2026-09-19 03:12:49.856 9 INFO neutron.db.ovn_revision_numbers_db [None req-69ebdb58-d83c-4ec7-950a-9ce11fe5f54b 1a77308039fd423d831ad89f385a318b 94ff84ec4abe4a7bbe77f85d43b15b23 - - default default] Successfully bumped revision number for resource a5ce6bf0-fb59-4bb7-9acf-95a821e41edd (type: security_group_rules) to 0
2026-09-19 03:12:49.874 10 INFO neutron.plugins.ml2.drivers.ovn.mech_driver.mech_driver [None req-d9601d93-ed9b-493f-8cf5-0ce9f84025d1 - - - - - -] OVN reports status up for port: e77c6b26-46a8-4f02-8d73-7c15a03090ab
2026-09-19 03:12:49.878 9 INFO neutron.db.ovn_revision_numbers_db [None req-69ebdb58-d83c-4ec7-950a-9ce11fe5f54b 1a77308039fd423d831ad89f385a318b 94ff84ec4abe4a7bbe77f85d43b15b23 - - default default] Successfully bumped revision number for resource c8a5e015-0a03-417a-a38b-6193235754cb (type: security_group_rules) to 0
2026-09-19 03:12:49.886 10 INFO neutron.plugins.ml2.plugin [None req-d9601d93-ed9b-493f-8cf5-0ce9f84025d1 - - - - - -] Attempt 1 to provision port e77c6b26-46a8-4f02-8d73-7c15a03090ab
2026-09-19 03:12:49.892 9 INFO neutron.db.ovn_revision_numbers_db [None req-69ebdb58-d83c-4ec7-950a-9ce11fe5f54b 1a77308039fd423d831ad89f385a318b 94ff84ec4abe4a7bbe77f85d43b15b23 - - default default] Successfully bumped revision number for resource e87a8284-0665-4426-b098-99d065c84a19 (type: security_group_rules) to 0
2026-09-19 03:12:49.903 10 INFO neutron.db.ovn_revision_numbers_db [None req-088192af-8c79-4bd8-97c1-2682b5674092 5e544284164344a5bd5d719638f22d3b f6c8d7e78ff74ddfa7bdfab74b78cd9c - - default default] Successfully bumped revision number for resource e77c6b26-46a8-4f02-8d73-7c15a03090ab (type: ports) to 1
2026-09-19 03:12:49.932 9 INFO neutron.api.wsgi [None req-69ebdb58-d83c-4ec7-950a-9ce11fe5f54b 1a77308039fd423d831ad89f385a318b 94ff84ec4abe4a7bbe77f85d43b15b23 - - default default] 10.0.0.217 "GET /v2.0/security-groups?tenant_id=8280cd761f7c45dd837be1c057ff8827&name=default HTTP/1.1" status: 200 len: 3120 time: 0.2971101
2026-09-19 03:12:49.970 10 WARNING neutron.scheduler.dhcp_agent_scheduler [None req-088192af-8c79-4bd8-97c1-2682b5674092 5e544284164344a5bd5d719638f22d3b f6c8d7e78ff74ddfa7bdfab74b78cd9c - - default default] No more DHCP agents
2026-09-19 03:12:49.972 10 WARNING neutron.api.rpc.agentnotifiers.dhcp_rpc_agent_api [None req-088192af-8c79-4bd8-97c1-2682b5674092 5e544284164344a5bd5d719638f22d3b f6c8d7e78ff74ddfa7bdfab74b78cd9c - - default default] Unable to schedule network ccc052bc-c63e-49ef-b39a-00e706d67ee7: no agents available; will retry on subsequent port and subnet creation events.
2026-09-19 03:12:50.101 9 INFO neutron.plugins.ml2.drivers.ovn.mech_driver.ovsdb.commands [None req-76515c45-c2c7-4828-bf47-8ab6b9d1fa71 - - - - - -] Schedule LRP lrp-8a70c8a0-368e-4966-89ec-4e57c284ad8b on gateway 7632005c-459b-42b2-8004-539b823486b0 with priority 1
2026-09-19 03:12:50.110 9 INFO neutron.plugins.ml2.drivers.ovn.mech_driver.mech_driver [None req-43232c24-b3e4-409f-b160-b16245c7b717 - - - - - -] OVN reports status up for port: 8a70c8a0-368e-4966-89ec-4e57c284ad8b
2026-09-19 03:12:50.133 9 INFO neutron.plugins.ml2.plugin [None req-43232c24-b3e4-409f-b160-b16245c7b717 - - - - - -] Attempt 1 to provision port 8a70c8a0-368e-4966-89ec-4e57c284ad8b
2026-09-19 03:12:50.146 9 INFO neutron.plugins.ml2.drivers.ovn.mech_driver.ovsdb.ovsdb_monitor [None req-d7becac9-4ae6-4f22-98fd-9677b8e587cb - - - - - -] Router 62015644-d472-48e9-9d4d-1ffb24392f69 is bound to host instance
2026-09-19 03:12:50.178 9 INFO neutron.db.ovn_revision_numbers_db [None req-c49b7415-c3fe-4e00-86b2-1f47d27a01a6 1a77308039fd423d831ad89f385a318b 94ff84ec4abe4a7bbe77f85d43b15b23 - - default default] Successfully bumped revision number for resource 8a70c8a0-368e-4966-89ec-4e57c284ad8b (type: router_ports) to 1
2026-09-19 03:12:50.276 9 INFO neutron.api.wsgi [None req-8566693a-126e-4687-b673-3c7abccb8e9a 1a77308039fd423d831ad89f385a318b 94ff84ec4abe4a7bbe77f85d43b15b23 - - default default] 10.0.0.217 "DELETE /v2.0/security-groups/65fb0bda-8b8f-41d2-a33f-7ca99b03a589 HTTP/1.1" status: 204 len: 168 time: 0.3390987
2026-09-19 03:12:50.293 9 INFO neutron.db.ovn_revision_numbers_db [None req-c49b7415-c3fe-4e00-86b2-1f47d27a01a6 1a77308039fd423d831ad89f385a318b 94ff84ec4abe4a7bbe77f85d43b15b23 - - default default] Successfully bumped revision number for resource 62015644-d472-48e9-9d4d-1ffb24392f69 (type: routers) to 2
2026-09-19 03:12:50.311 9 INFO neutron.api.wsgi [None req-c49b7415-c3fe-4e00-86b2-1f47d27a01a6 1a77308039fd423d831ad89f385a318b 94ff84ec4abe4a7bbe77f85d43b15b23 - - default default] 10.0.0.217 "POST /v2.0/routers HTTP/1.1" status: 201 len: 1165 time: 1.3463690
2026-09-19 03:12:50.490 10 INFO neutron.db.ovn_revision_numbers_db [None req-088192af-8c79-4bd8-97c1-2682b5674092 5e544284164344a5bd5d719638f22d3b f6c8d7e78ff74ddfa7bdfab74b78cd9c - - default default] Successfully bumped revision number for resource e77c6b26-46a8-4f02-8d73-7c15a03090ab (type: router_ports) to 1
2026-09-19 03:12:50.495 10 INFO neutron.api.wsgi [None req-088192af-8c79-4bd8-97c1-2682b5674092 5e544284164344a5bd5d719638f22d3b f6c8d7e78ff74ddfa7bdfab74b78cd9c - - default default] 10.0.0.217 "PUT /v2.0/routers/8cd14df0-f8aa-42bf-9d5f-74cb128a9302/add_router_interface HTTP/1.1" status: 200 len: 503 time: 1.6957908
2026-09-19 03:12:50.566 10 INFO neutron.db.ovn_revision_numbers_db [None req-d9601d93-ed9b-493f-8cf5-0ce9f84025d1 - - - - - -] Successfully bumped revision number for resource e77c6b26-46a8-4f02-8d73-7c15a03090ab (type: ports) to 2
2026-09-19 03:12:50.615 9 INFO neutron.api.wsgi [None req-36f00931-0620-46d9-a65c-efa4a6aabfe6 5e544284164344a5bd5d719638f22d3b f6c8d7e78ff74ddfa7bdfab74b78cd9c - - default default] 10.0.0.217 "GET /v2.0/ports/e77c6b26-46a8-4f02-8d73-7c15a03090ab HTTP/1.1" status: 200 len: 1137 time: 0.1044142
2026-09-19 03:12:50.757 9 INFO neutron.db.ovn_revision_numbers_db [None req-7b9ca151-466b-48c5-88e6-3748c5c9eac6 - - - - - -] Successfully bumped revision number for resource 8a70c8a0-368e-4966-89ec-4e57c284ad8b (type: ports) to 1
2026-09-19 03:12:51.178 9 WARNING neutron.scheduler.dhcp_agent_scheduler [None req-7bda5499-4881-4ebf-be45-322fcefa5220 1a77308039fd423d831ad89f385a318b 94ff84ec4abe4a7bbe77f85d43b15b23 - - default default] No more DHCP agents
2026-09-19 03:12:51.182 9 WARNING neutron.api.rpc.agentnotifiers.dhcp_rpc_agent_api [None req-7bda5499-4881-4ebf-be45-322fcefa5220 1a77308039fd423d831ad89f385a318b 94ff84ec4abe4a7bbe77f85d43b15b23 - - default default] Unable to schedule network 535187b9-58ff-43ba-ad11-4068e7e38aa2: no agents available; will retry on subsequent port and subnet creation events.
2026-09-19 03:12:51.387 9 INFO neutron.db.ovn_revision_numbers_db [None req-7bda5499-4881-4ebf-be45-322fcefa5220 1a77308039fd423d831ad89f385a318b 94ff84ec4abe4a7bbe77f85d43b15b23 - - default default] Successfully bumped revision number for resource b4747523-402a-4817-9e24-6f3d9ebf668e (type: ports) to 1
2026-09-19 03:12:51.480 9 WARNING neutron.scheduler.dhcp_agent_scheduler [None req-84a754af-5b6f-4e45-b780-22f1b799ba75 5e544284164344a5bd5d719638f22d3b f6c8d7e78ff74ddfa7bdfab74b78cd9c - - default default] No more DHCP agents
2026-09-19 03:12:51.482 9 WARNING neutron.api.rpc.agentnotifiers.dhcp_rpc_agent_api [None req-84a754af-5b6f-4e45-b780-22f1b799ba75 5e544284164344a5bd5d719638f22d3b f6c8d7e78ff74ddfa7bdfab74b78cd9c - - default default] Unable to schedule network 42de271a-69c1-4c28-93de-a34f81b407d9: no agents available; will retry on subsequent port and subnet creation events.
2026-09-19 03:12:51.515 9 INFO neutron.db.ovn_revision_numbers_db [None req-7b9ca151-466b-48c5-88e6-3748c5c9eac6 - - - - - -] Successfully bumped revision number for resource 8a70c8a0-368e-4966-89ec-4e57c284ad8b (type: ports) to 4
2026-09-19 03:12:51.699 9 INFO neutron.db.ovn_revision_numbers_db [None req-84a754af-5b6f-4e45-b780-22f1b799ba75 5e544284164344a5bd5d719638f22d3b f6c8d7e78ff74ddfa7bdfab74b78cd9c - - default default] Successfully bumped revision number for resource a0e8eadc-f7eb-44a7-a7ca-33080707e25d (type: ports) to 1
2026-09-19 03:12:52.084 9 INFO neutron.db.ovn_revision_numbers_db [None req-7b9ca151-466b-48c5-88e6-3748c5c9eac6 - - - - - -] Successfully bumped revision number for resource 8a70c8a0-368e-4966-89ec-4e57c284ad8b (type: ports) to 5
2026-09-19 03:12:52.299 9 INFO neutron.db.ovn_revision_numbers_db [None req-7bda5499-4881-4ebf-be45-322fcefa5220 1a77308039fd423d831ad89f385a318b 94ff84ec4abe4a7bbe77f85d43b15b23 - - default default] Successfully bumped revision number for resource b4747523-402a-4817-9e24-6f3d9ebf668e (type: ports) to 1
2026-09-19 03:12:52.353 9 WARNING neutron.scheduler.dhcp_agent_scheduler [None req-7bda5499-4881-4ebf-be45-322fcefa5220 1a77308039fd423d831ad89f385a318b 94ff84ec4abe4a7bbe77f85d43b15b23 - - default default] No more DHCP agents
2026-09-19 03:12:52.355 9 WARNING neutron.api.rpc.agentnotifiers.dhcp_rpc_agent_api [None req-7bda5499-4881-4ebf-be45-322fcefa5220 1a77308039fd423d831ad89f385a318b 94ff84ec4abe4a7bbe77f85d43b15b23 - - default default] Unable to schedule network 535187b9-58ff-43ba-ad11-4068e7e38aa2: no agents available; will retry on subsequent port and subnet creation events.
2026-09-19 03:12:52.474 9 INFO neutron.db.ovn_revision_numbers_db [None req-84a754af-5b6f-4e45-b780-22f1b799ba75 5e544284164344a5bd5d719638f22d3b f6c8d7e78ff74ddfa7bdfab74b78cd9c - - default default] Successfully bumped revision number for resource a0e8eadc-f7eb-44a7-a7ca-33080707e25d (type: ports) to 1
2026-09-19 03:12:52.538 9 WARNING neutron.scheduler.dhcp_agent_scheduler [None req-84a754af-5b6f-4e45-b780-22f1b799ba75 5e544284164344a5bd5d719638f22d3b f6c8d7e78ff74ddfa7bdfab74b78cd9c - - default default] No more DHCP agents
2026-09-19 03:12:52.541 9 WARNING neutron.api.rpc.agentnotifiers.dhcp_rpc_agent_api [None req-84a754af-5b6f-4e45-b780-22f1b799ba75 5e544284164344a5bd5d719638f22d3b f6c8d7e78ff74ddfa7bdfab74b78cd9c - - default default] Unable to schedule network 42de271a-69c1-4c28-93de-a34f81b407d9: no agents available; will retry on subsequent port and subnet creation events.
2026-09-19 03:12:52.778 9 INFO neutron.db.ovn_revision_numbers_db [None req-84a754af-5b6f-4e45-b780-22f1b799ba75 5e544284164344a5bd5d719638f22d3b f6c8d7e78ff74ddfa7bdfab74b78cd9c - - default default] Successfully bumped revision number for resource a0e8eadc-f7eb-44a7-a7ca-33080707e25d (type: router_ports) to 1
2026-09-19 03:12:52.782 9 INFO neutron.api.wsgi [None req-84a754af-5b6f-4e45-b780-22f1b799ba75 5e544284164344a5bd5d719638f22d3b f6c8d7e78ff74ddfa7bdfab74b78cd9c - - default default] 10.0.0.217 "PUT /v2.0/routers/8cd14df0-f8aa-42bf-9d5f-74cb128a9302/add_router_interface HTTP/1.1" status: 200 len: 503 time: 2.1603193
2026-09-19 03:12:52.836 10 INFO neutron.api.wsgi [None req-844409c2-9e8d-4955-bbb8-c79ffc2da23e 5e544284164344a5bd5d719638f22d3b f6c8d7e78ff74ddfa7bdfab74b78cd9c - - default default] 10.0.0.217 "GET /v2.0/ports/a0e8eadc-f7eb-44a7-a7ca-33080707e25d HTTP/1.1" status: 200 len: 1135 time: 0.0452735
2026-09-19 03:12:52.942 10 INFO neutron.db.ovn_revision_numbers_db [None req-58c05cfd-b691-4b84-94f6-17c7605937df 1a77308039fd423d831ad89f385a318b 94ff84ec4abe4a7bbe77f85d43b15b23 - - default default] Successfully bumped revision number for resource c8f607c3-ced2-4bbe-b17e-64fd1653c3db (type: security_groups) to 1
2026-09-19 03:12:52.949 9 INFO neutron.api.wsgi [None req-6a3ec561-f48f-4217-ae97-71c66b40f24c 5e544284164344a5bd5d719638f22d3b f6c8d7e78ff74ddfa7bdfab74b78cd9c - - default default] 10.0.0.217 "GET /v2.0/ports/a0e8eadc-f7eb-44a7-a7ca-33080707e25d HTTP/1.1" status: 200 len: 1135 time: 0.1080828
2026-09-19 03:12:52.956 10 INFO neutron.db.ovn_revision_numbers_db [None req-58c05cfd-b691-4b84-94f6-17c7605937df 1a77308039fd423d831ad89f385a318b 94ff84ec4abe4a7bbe77f85d43b15b23 - - default default] Successfully bumped revision number for resource 4ad2abde-2242-4b0d-aa88-7191c6dfec0e (type: security_group_rules) to 0
2026-09-19 03:12:52.962 9 INFO neutron.db.ovn_revision_numbers_db [None req-7bda5499-4881-4ebf-be45-322fcefa5220 1a77308039fd423d831ad89f385a318b 94ff84ec4abe4a7bbe77f85d43b15b23 - - default default] Successfully bumped revision number for resource b4747523-402a-4817-9e24-6f3d9ebf668e (type: router_ports) to 1
2026-09-19 03:12:52.967 9 INFO neutron.api.wsgi [None req-7bda5499-4881-4ebf-be45-322fcefa5220 1a77308039fd423d831ad89f385a318b 94ff84ec4abe4a7bbe77f85d43b15b23 - - default default] 10.0.0.217 "PUT /v2.0/routers/62015644-d472-48e9-9d4d-1ffb24392f69/add_router_interface HTTP/1.1" status: 200 len: 503 time: 2.6474700
2026-09-19 03:12:52.968 10 INFO neutron.db.ovn_revision_numbers_db [None req-58c05cfd-b691-4b84-94f6-17c7605937df 1a77308039fd423d831ad89f385a318b 94ff84ec4abe4a7bbe77f85d43b15b23 - - default default] Successfully bumped revision number for resource 733a87b6-25ba-4b41-ab11-9994a157eca2 (type: security_group_rules) to 0
2026-09-19 03:12:52.983 10 INFO neutron.db.ovn_revision_numbers_db [None req-58c05cfd-b691-4b84-94f6-17c7605937df 1a77308039fd423d831ad89f385a318b 94ff84ec4abe4a7bbe77f85d43b15b23 - - default default] Successfully bumped revision number for resource 84ccdbfb-8522-4ac6-8383-2743a19c39ee (type: security_group_rules) to 0
2026-09-19 03:12:52.996 10 INFO neutron.db.ovn_revision_numbers_db [None req-58c05cfd-b691-4b84-94f6-17c7605937df 1a77308039fd423d831ad89f385a318b 94ff84ec4abe4a7bbe77f85d43b15b23 - - default default] Successfully bumped revision number for resource d556d676-41df-44c8-9d61-fc5d35673f3a (type: security_group_rules) to 0
2026-09-19 03:12:53.047 10 INFO neutron.api.wsgi [None req-58c05cfd-b691-4b84-94f6-17c7605937df 1a77308039fd423d831ad89f385a318b 94ff84ec4abe4a7bbe77f85d43b15b23 - - default default] 10.0.0.217 "GET /v2.0/security-groups?tenant_id=53cc07f7541344b287be63156d310d26&name=default HTTP/1.1" status: 200 len: 3120 time: 0.3286593
2026-09-19 03:12:53.156 9 INFO neutron.plugins.ml2.drivers.ovn.mech_driver.mech_driver [None req-43232c24-b3e4-409f-b160-b16245c7b717 - - - - - -] OVN reports status up for port: b4747523-402a-4817-9e24-6f3d9ebf668e
2026-09-19 03:12:53.166 9 INFO neutron.plugins.ml2.plugin [None req-43232c24-b3e4-409f-b160-b16245c7b717 - - - - - -] Attempt 1 to provision port b4747523-402a-4817-9e24-6f3d9ebf668e
2026-09-19 03:12:53.298 9 INFO neutron.api.wsgi [None req-4da2a103-cbd2-4e90-b082-23b222a2ba63 1a77308039fd423d831ad89f385a318b 94ff84ec4abe4a7bbe77f85d43b15b23 - - default default] 10.0.0.217 "DELETE /v2.0/security-groups/c8f607c3-ced2-4bbe-b17e-64fd1653c3db HTTP/1.1" status: 204 len: 168 time: 0.2441401
2026-09-19 03:12:53.555 9 INFO neutron.db.ovn_revision_numbers_db [None req-43232c24-b3e4-409f-b160-b16245c7b717 - - - - - -] Successfully bumped revision number for resource b4747523-402a-4817-9e24-6f3d9ebf668e (type: ports) to 2
2026-09-19 03:12:54.039 10 INFO neutron.api.wsgi [None req-49067a79-de91-4994-9e21-e7eb87711051 5e544284164344a5bd5d719638f22d3b f6c8d7e78ff74ddfa7bdfab74b78cd9c - - default default] 10.0.0.217 "GET /v2.0/ports/a0e8eadc-f7eb-44a7-a7ca-33080707e25d HTTP/1.1" status: 200 len: 1135 time: 0.0844593
2026-09-19 03:12:55.102 9 INFO neutron.api.wsgi [None req-6765344c-50aa-40b9-8f56-688c18ef6873 5e544284164344a5bd5d719638f22d3b f6c8d7e78ff74ddfa7bdfab74b78cd9c - - default default] 10.0.0.217 "GET /v2.0/ports/a0e8eadc-f7eb-44a7-a7ca-33080707e25d HTTP/1.1" status: 200 len: 1135 time: 0.0565588
2026-09-19 03:12:55.316 9 WARNING neutron_lib.context [None req-774f3b87-bb45-4fd6-b248-8bb2a355b730 aff7f461ef5b414aa341fa52931258d3 12540bd00f4745cda26553f316441582 - - default default] Method 'is_advsvc' is deprecated since 2023.2 release (neutron-lib 3.8.0) and will be removed once support for the old RBAC API policies will be removed from Neutron. Please use method 'is_service_role' instead.
2026-09-19 03:12:55.423 9 INFO neutron.db.ovn_revision_numbers_db [None req-774f3b87-bb45-4fd6-b248-8bb2a355b730 aff7f461ef5b414aa341fa52931258d3 12540bd00f4745cda26553f316441582 - - default default] Successfully bumped revision number for resource 8ae52dd6-b533-4582-afc1-57f8626268a9 (type: security_groups) to 1
2026-09-19 03:12:55.434 9 INFO neutron.db.ovn_revision_numbers_db [None req-774f3b87-bb45-4fd6-b248-8bb2a355b730 aff7f461ef5b414aa341fa52931258d3 12540bd00f4745cda26553f316441582 - - default default] Successfully bumped revision number for resource 2e94172f-41e0-499d-b52f-48d5aa47eead (type: security_group_rules) to 0
2026-09-19 03:12:55.444 9 INFO neutron.db.ovn_revision_numbers_db [None req-774f3b87-bb45-4fd6-b248-8bb2a355b730 aff7f461ef5b414aa341fa52931258d3 12540bd00f4745cda26553f316441582 - - default default] Successfully bumped revision number for resource 36d0f9f2-6b10-447c-989b-85dc6d9df633 (type: security_group_rules) to 0
2026-09-19 03:12:55.456 9 INFO neutron.db.ovn_revision_numbers_db [None req-774f3b87-bb45-4fd6-b248-8bb2a355b730 aff7f461ef5b414aa341fa52931258d3 12540bd00f4745cda26553f316441582 - - default default] Successfully bumped revision number for resource 736c448c-603e-404b-bc28-ce140d63d5c1 (type: security_group_rules) to 0
2026-09-19 03:12:55.467 9 INFO neutron.db.ovn_revision_numbers_db [None req-774f3b87-bb45-4fd6-b248-8bb2a355b730 aff7f461ef5b414aa341fa52931258d3 12540bd00f4745cda26553f316441582 - - default default] Successfully bumped revision number for resource fac908a6-2d88-4dc6-847f-8cf118793cd8 (type: security_group_rules) to 0
2026-09-19 03:12:55.546 9 INFO neutron.db.segments_db [None req-774f3b87-bb45-4fd6-b248-8bb2a355b730 aff7f461ef5b414aa341fa52931258d3 12540bd00f4745cda26553f316441582 - - default default] Added segment fa5bd30b-ead1-4352-9e7c-8aa48f400a0d of type geneve for network 2383520c-b2ad-4ca2-991c-24aa68b39a66
2026-09-19 03:12:55.561 10 INFO neutron.api.wsgi [req-a3f14976-59e2-4d5f-8177-c95cff9b6c83 req-2b4d5e5a-d208-4707-85ea-db7231ea25f3 9c71b34a5e5143e2aafe6ec3120d34f9 3d04d8c38b954c268f2d9f269718df94 - - default default] 10.0.0.185 "GET /v2.0/networks?id=535187b9-58ff-43ba-ad11-4068e7e38aa2 HTTP/1.1" status: 200 len: 872 time: 0.0610340
2026-09-19 03:12:55.577 10 INFO neutron.api.wsgi [req-a3f14976-59e2-4d5f-8177-c95cff9b6c83 req-90a4e046-3cb7-4278-aaee-f3da74041093 9c71b34a5e5143e2aafe6ec3120d34f9 3d04d8c38b954c268f2d9f269718df94 - - default default] 10.0.0.185 "GET /v2.0/quotas/3d04d8c38b954c268f2d9f269718df94 HTTP/1.1" status: 200 len: 491 time: 0.0097044
2026-09-19 03:12:55.623 10 INFO neutron.db.ovn_revision_numbers_db [None req-ad07e0f2-2fe6-4bd4-8678-697603ec8346 1a77308039fd423d831ad89f385a318b 94ff84ec4abe4a7bbe77f85d43b15b23 - - default default] Successfully bumped revision number for resource 83064642-31ac-4833-8ba5-000d2760f28f (type: security_groups) to 1
