Jun 29 04:27:18.751287 np0000183327 devstack@neutron-api.service[103491]: DEBUG neutron_lib.callbacks.manager [None req-8e3012fe-d83c-49f1-92bb-0cd2fe5c6ff3 None None] Subscribe: > floatingip precommit_update 55550000, False {{(pid=103491) subscribe /opt/stack/data/venv/lib/python3.12/site-packages/neutron_lib/callbacks/manager.py:52}}
Jun 29 04:27:18.751412 np0000183327 devstack@neutron-api.service[103489]: DEBUG neutron_lib.callbacks.manager [None req-108a6961-7905-40da-ba8a-b05f82063065 None None] Subscribe: > security_group after_update 55550000, False {{(pid=103489) subscribe /opt/stack/data/venv/lib/python3.12/site-packages/neutron_lib/callbacks/manager.py:52}}
Jun 29 04:27:18.751456 np0000183327 devstack@neutron-api.service[103491]: DEBUG neutron_lib.callbacks.manager [None req-8e3012fe-d83c-49f1-92bb-0cd2fe5c6ff3 None None] Subscribe: > floatingip after_delete 55550000, False {{(pid=103491) subscribe /opt/stack/data/venv/lib/python3.12/site-packages/neutron_lib/callbacks/manager.py:52}}
Jun 29 04:27:18.751583 np0000183327 devstack@neutron-api.service[103489]: DEBUG neutron_lib.callbacks.manager [None req-108a6961-7905-40da-ba8a-b05f82063065 None None] Subscribe: > security_group after_create 55550000, False {{(pid=103489) subscribe /opt/stack/data/venv/lib/python3.12/site-packages/neutron_lib/callbacks/manager.py:52}}
Jun 29 04:27:18.751583 np0000183327 devstack@neutron-api.service[103489]: DEBUG neutron_lib.callbacks.manager [None req-108a6961-7905-40da-ba8a-b05f82063065 None None] Subscribe: > security_group precommit_delete 55550000, False {{(pid=103489) subscribe /opt/stack/data/venv/lib/python3.12/site-packages/neutron_lib/callbacks/manager.py:52}}
Jun 29 04:27:18.751719 np0000183327 devstack@neutron-api.service[103491]: DEBUG neutron_lib.callbacks.manager [None req-8e3012fe-d83c-49f1-92bb-0cd2fe5c6ff3 None None] Subscribe: > floatingip after_status_update 55550000, False {{(pid=103491) subscribe /opt/stack/data/venv/lib/python3.12/site-packages/neutron_lib/callbacks/manager.py:52}}
Jun 29 04:27:18.751849 np0000183327 devstack@neutron-api.service[103489]: DEBUG neutron_lib.callbacks.manager [None req-108a6961-7905-40da-ba8a-b05f82063065 None None] Subscribe: > security_group after_delete 55550000, False {{(pid=103489) subscribe /opt/stack/data/venv/lib/python3.12/site-packages/neutron_lib/callbacks/manager.py:52}}
Jun 29 04:27:18.751970 np0000183327 devstack@neutron-api.service[103491]: DEBUG neutron_lib.callbacks.manager [None req-8e3012fe-d83c-49f1-92bb-0cd2fe5c6ff3 None None] Subscribe: > floatingip after_update 55550000, False {{(pid=103491) subscribe /opt/stack/data/venv/lib/python3.12/site-packages/neutron_lib/callbacks/manager.py:52}}
Jun 29 04:27:18.752053 np0000183327 devstack@neutron-api.service[103489]: DEBUG neutron_lib.callbacks.manager [None req-108a6961-7905-40da-ba8a-b05f82063065 None None] Subscribe: > security_group_rule precommit_create 55550000, False {{(pid=103489) subscribe /opt/stack/data/venv/lib/python3.12/site-packages/neutron_lib/callbacks/manager.py:52}}
Jun 29 04:27:18.752053 np0000183327 devstack@neutron-api.service[103489]: DEBUG neutron_lib.callbacks.manager [None req-108a6961-7905-40da-ba8a-b05f82063065 None None] Subscribe: > security_group_rule after_create 55550000, False {{(pid=103489) subscribe /opt/stack/data/venv/lib/python3.12/site-packages/neutron_lib/callbacks/manager.py:52}}
Jun 29 04:27:18.752215 np0000183327 devstack@neutron-api.service[103491]: DEBUG neutron_lib.callbacks.manager [None req-8e3012fe-d83c-49f1-92bb-0cd2fe5c6ff3 None None] Subscribe: > port_forwarding after_create 55550000, False {{(pid=103491) subscribe /opt/stack/data/venv/lib/python3.12/site-packages/neutron_lib/callbacks/manager.py:52}}
Jun 29 04:27:18.752306 np0000183327 devstack@neutron-api.service[103489]: DEBUG neutron_lib.callbacks.manager [None req-108a6961-7905-40da-ba8a-b05f82063065 None None] Subscribe: > security_group_rule before_delete 55550000, False {{(pid=103489) subscribe /opt/stack/data/venv/lib/python3.12/site-packages/neutron_lib/callbacks/manager.py:52}}
Jun 29 04:27:18.752352 np0000183327 devstack@neutron-api.service[103491]: DEBUG neutron_lib.callbacks.manager [None req-8e3012fe-d83c-49f1-92bb-0cd2fe5c6ff3 None None] Subscribe: > router_interface after_delete 55550000, False {{(pid=103491) subscribe /opt/stack/data/venv/lib/python3.12/site-packages/neutron_lib/callbacks/manager.py:52}}
Jun 29 04:27:18.752443 np0000183327 devstack@neutron-api.service[103489]: DEBUG neutron_lib.callbacks.manager [None req-108a6961-7905-40da-ba8a-b05f82063065 None None] Subscribe: > address_group after_create 55550000, False {{(pid=103489) subscribe /opt/stack/data/venv/lib/python3.12/site-packages/neutron_lib/callbacks/manager.py:52}}
Jun 29 04:27:18.752443 np0000183327 devstack@neutron-api.service[103489]: DEBUG neutron_lib.callbacks.manager [None req-108a6961-7905-40da-ba8a-b05f82063065 None None] Subscribe: > address_group after_update 55550000, False {{(pid=103489) subscribe /opt/stack/data/venv/lib/python3.12/site-packages/neutron_lib/callbacks/manager.py:52}}
Jun 29 04:27:18.752564 np0000183327 devstack@neutron-api.service[103491]: DEBUG neutron_lib.callbacks.manager [None req-8e3012fe-d83c-49f1-92bb-0cd2fe5c6ff3 None None] Subscribe: > router after_create 55550000, False {{(pid=103491) subscribe /opt/stack/data/venv/lib/python3.12/site-packages/neutron_lib/callbacks/manager.py:52}}
Jun 29 04:27:18.752673 np0000183327 devstack@neutron-api.service[103489]: DEBUG neutron_lib.callbacks.manager [None req-108a6961-7905-40da-ba8a-b05f82063065 None None] Subscribe: > address_group after_delete 55550000, False {{(pid=103489) subscribe /opt/stack/data/venv/lib/python3.12/site-packages/neutron_lib/callbacks/manager.py:52}}
Jun 29 04:27:18.752726 np0000183327 devstack@neutron-api.service[103491]: DEBUG neutron_lib.callbacks.manager [None req-8e3012fe-d83c-49f1-92bb-0cd2fe5c6ff3 None None] Subscribe: > router precommit_create 55550000, False {{(pid=103491) subscribe /opt/stack/data/venv/lib/python3.12/site-packages/neutron_lib/callbacks/manager.py:52}}
Jun 29 04:27:18.752808 np0000183327 devstack@neutron-api.service[103489]: DEBUG neutron_lib.callbacks.manager [None req-108a6961-7905-40da-ba8a-b05f82063065 None None] Subscribe: > qos_plugin after_init 55550000, False {{(pid=103489) subscribe /opt/stack/data/venv/lib/python3.12/site-packages/neutron_lib/callbacks/manager.py:52}}
Jun 29 04:27:18.752848 np0000183327 devstack@neutron-api.service[103491]: DEBUG neutron_lib.callbacks.manager [None req-8e3012fe-d83c-49f1-92bb-0cd2fe5c6ff3 None None] Subscribe: > router after_delete 55550000, False {{(pid=103491) subscribe /opt/stack/data/venv/lib/python3.12/site-packages/neutron_lib/callbacks/manager.py:52}}
Jun 29 04:27:18.752929 np0000183327 devstack@neutron-api.service[103489]: DEBUG neutron_lib.callbacks.manager [None req-108a6961-7905-40da-ba8a-b05f82063065 None None] Subscribe: > trunk_plugin after_init 55550000, False {{(pid=103489) subscribe /opt/stack/data/venv/lib/python3.12/site-packages/neutron_lib/callbacks/manager.py:52}}
Jun 29 04:27:18.752972 np0000183327 devstack@neutron-api.service[103491]: DEBUG neutron_lib.callbacks.manager [None req-8e3012fe-d83c-49f1-92bb-0cd2fe5c6ff3 None None] Subscribe: > router after_update 55550000, False {{(pid=103491) subscribe /opt/stack/data/venv/lib/python3.12/site-packages/neutron_lib/callbacks/manager.py:52}}
Jun 29 04:27:18.752972 np0000183327 devstack@neutron-api.service[103491]: DEBUG neutron.services.service_base [None req-8e3012fe-d83c-49f1-92bb-0cd2fe5c6ff3 None None] Loaded 'neutron.services.ovn_l3.service_providers.ovn.OvnDriver' provider for service L3_ROUTER_NAT {{(pid=103491) load_drivers /opt/stack/neutron/neutron/services/service_base.py:49}}
Jun 29 04:27:18.753102 np0000183327 devstack@neutron-api.service[103489]: DEBUG neutron_lib.callbacks.manager [None req-108a6961-7905-40da-ba8a-b05f82063065 None None] Subscribe: > logging-plugin after_init 55550000, False {{(pid=103489) subscribe /opt/stack/data/venv/lib/python3.12/site-packages/neutron_lib/callbacks/manager.py:52}}
Jun 29 04:27:18.753201 np0000183327 devstack@neutron-api.service[103491]: DEBUG neutron_lib.callbacks.manager [None req-8e3012fe-d83c-49f1-92bb-0cd2fe5c6ff3 None None] Subscribe: > process after_init 55550001, True {{(pid=103491) subscribe /opt/stack/data/venv/lib/python3.12/site-packages/neutron_lib/callbacks/manager.py:52}}
Jun 29 04:27:18.753201 np0000183327 devstack@neutron-api.service[103491]: DEBUG neutron.manager [None req-8e3012fe-d83c-49f1-92bb-0cd2fe5c6ff3 None None] Successfully loaded L3_ROUTER_NAT plugin. Description: L3 Router Service Plugin for basic L3 forwarding using OVN {{(pid=103491) _create_and_add_service_plugin /opt/stack/neutron/neutron/manager.py:236}}
Jun 29 04:27:18.753338 np0000183327 devstack@neutron-api.service[103489]: INFO neutron.services.logapi.drivers.ovn.driver [None req-108a6961-7905-40da-ba8a-b05f82063065 None None] OVN logging driver registered
Jun 29 04:27:18.753441 np0000183327 devstack@neutron-api.service[103491]: INFO neutron.manager [None req-8e3012fe-d83c-49f1-92bb-0cd2fe5c6ff3 None None] Loading Plugin: auto_allocate
Jun 29 04:27:18.753475 np0000183327 devstack@neutron-api.service[103489]: DEBUG neutron_lib.callbacks.manager [None req-108a6961-7905-40da-ba8a-b05f82063065 None None] Subscribe: ._register_pvlan_driver at 0x7a4c1b6fb560> pvlan_plugin before_spawn 55550000, False {{(pid=103489) subscribe /opt/stack/data/venv/lib/python3.12/site-packages/neutron_lib/callbacks/manager.py:52}}
Jun 29 04:27:18.753475 np0000183327 devstack@neutron-api.service[103489]: DEBUG neutron_lib.callbacks.manager [None req-108a6961-7905-40da-ba8a-b05f82063065 None None] Subscribe: process after_init 55550000, False {{(pid=103489) subscribe /opt/stack/data/venv/lib/python3.12/site-packages/neutron_lib/callbacks/manager.py:52}}
Jun 29 04:27:18.754265 np0000183327 devstack@neutron-api.service[103491]: DEBUG neutron_lib.callbacks.manager [None req-8e3012fe-d83c-49f1-92bb-0cd2fe5c6ff3 None None] Subscribe: network precommit_update 55550000, False {{(pid=103491) subscribe /opt/stack/data/venv/lib/python3.12/site-packages/neutron_lib/callbacks/manager.py:52}}
Jun 29 04:27:18.754422 np0000183327 devstack@neutron-api.service[103491]: DEBUG neutron_lib.callbacks.manager [None req-8e3012fe-d83c-49f1-92bb-0cd2fe5c6ff3 None None] Subscribe: network precommit_create 55550000, False {{(pid=103491) subscribe /opt/stack/data/venv/lib/python3.12/site-packages/neutron_lib/callbacks/manager.py:52}}
Jun 29 04:27:18.754570 np0000183327 devstack@neutron-api.service[103489]: DEBUG neutron.plugins.ml2.plugin [None req-108a6961-7905-40da-ba8a-b05f82063065 None None] neutron.plugins.ml2.plugin.Ml2Plugin method _start_rpc_notifiers called with arguments () {} {{(pid=103489) wrapper /opt/stack/data/venv/lib/python3.12/site-packages/oslo_log/helpers.py:77}}
Jun 29 04:27:18.754747 np0000183327 devstack@neutron-api.service[103491]: DEBUG neutron.manager [None req-8e3012fe-d83c-49f1-92bb-0cd2fe5c6ff3 None None] Successfully loaded auto-allocated-topology plugin. Description: Auto Allocated Topology - aka get me a network. {{(pid=103491) _create_and_add_service_plugin /opt/stack/neutron/neutron/manager.py:236}}
Jun 29 04:27:18.754858 np0000183327 devstack@neutron-api.service[103489]: DEBUG neutron_lib.callbacks.manager [None req-108a6961-7905-40da-ba8a-b05f82063065 None None] Subscribe: > port after_create 55550000, False {{(pid=103489) subscribe /opt/stack/data/venv/lib/python3.12/site-packages/neutron_lib/callbacks/manager.py:52}}
Jun 29 04:27:18.754907 np0000183327 devstack@neutron-api.service[103491]: INFO neutron.manager [None req-8e3012fe-d83c-49f1-92bb-0cd2fe5c6ff3 None None] Loading Plugin: tag
Jun 29 04:27:18.754988 np0000183327 devstack@neutron-api.service[103489]: DEBUG neutron_lib.callbacks.manager [None req-108a6961-7905-40da-ba8a-b05f82063065 None None] Subscribe: > port after_update 55550000, False {{(pid=103489) subscribe /opt/stack/data/venv/lib/python3.12/site-packages/neutron_lib/callbacks/manager.py:52}}
Jun 29 04:27:18.755072 np0000183327 devstack@neutron-api.service[103489]: DEBUG neutron_lib.callbacks.manager [None req-108a6961-7905-40da-ba8a-b05f82063065 None None] Subscribe: > port after_delete 55550000, False {{(pid=103489) subscribe /opt/stack/data/venv/lib/python3.12/site-packages/neutron_lib/callbacks/manager.py:52}}
Jun 29 04:27:18.755262 np0000183327 devstack@neutron-api.service[103489]: DEBUG neutron_lib.callbacks.manager [None req-108a6961-7905-40da-ba8a-b05f82063065 None None] Subscribe: > subnet after_create 55550000, False {{(pid=103489) subscribe /opt/stack/data/venv/lib/python3.12/site-packages/neutron_lib/callbacks/manager.py:52}}
Jun 29 04:27:18.755262 np0000183327 devstack@neutron-api.service[103489]: DEBUG neutron_lib.callbacks.manager [None req-108a6961-7905-40da-ba8a-b05f82063065 None None] Subscribe: > subnet after_update 55550000, False {{(pid=103489) subscribe /opt/stack/data/venv/lib/python3.12/site-packages/neutron_lib/callbacks/manager.py:52}}
Jun 29 04:27:18.755335 np0000183327 devstack@neutron-api.service[103489]: DEBUG neutron_lib.callbacks.manager [None req-108a6961-7905-40da-ba8a-b05f82063065 None None] Subscribe: > subnet after_delete 55550000, False {{(pid=103489) subscribe /opt/stack/data/venv/lib/python3.12/site-packages/neutron_lib/callbacks/manager.py:52}}
Jun 29 04:27:18.755462 np0000183327 devstack@neutron-api.service[103489]: DEBUG neutron_lib.callbacks.manager [None req-108a6961-7905-40da-ba8a-b05f82063065 None None] Subscribe: > network after_create 55550000, False {{(pid=103489) subscribe /opt/stack/data/venv/lib/python3.12/site-packages/neutron_lib/callbacks/manager.py:52}}
Jun 29 04:27:18.755581 np0000183327 devstack@neutron-api.service[103489]: DEBUG neutron_lib.callbacks.manager [None req-108a6961-7905-40da-ba8a-b05f82063065 None None] Subscribe: > network after_update 55550000, False {{(pid=103489) subscribe /opt/stack/data/venv/lib/python3.12/site-packages/neutron_lib/callbacks/manager.py:52}}
Jun 29 04:27:18.755632 np0000183327 devstack@neutron-api.service[103489]: DEBUG neutron_lib.callbacks.manager [None req-108a6961-7905-40da-ba8a-b05f82063065 None None] Subscribe: > network after_delete 55550000, False {{(pid=103489) subscribe /opt/stack/data/venv/lib/python3.12/site-packages/neutron_lib/callbacks/manager.py:52}}
Jun 29 04:27:18.755748 np0000183327 devstack@neutron-api.service[103489]: DEBUG neutron_lib.callbacks.manager [None req-108a6961-7905-40da-ba8a-b05f82063065 None None] Subscribe: > security_group after_create 55550000, False {{(pid=103489) subscribe /opt/stack/data/venv/lib/python3.12/site-packages/neutron_lib/callbacks/manager.py:52}}
Jun 29 04:27:18.755860 np0000183327 devstack@neutron-api.service[103489]: DEBUG neutron_lib.callbacks.manager [None req-108a6961-7905-40da-ba8a-b05f82063065 None None] Subscribe: > security_group after_update 55550000, False {{(pid=103489) subscribe /opt/stack/data/venv/lib/python3.12/site-packages/neutron_lib/callbacks/manager.py:52}}
Jun 29 04:27:18.755940 np0000183327 devstack@neutron-api.service[103489]: DEBUG neutron_lib.callbacks.manager [None req-108a6961-7905-40da-ba8a-b05f82063065 None None] Subscribe: > security_group after_delete 55550000, False {{(pid=103489) subscribe /opt/stack/data/venv/lib/python3.12/site-packages/neutron_lib/callbacks/manager.py:52}}
Jun 29 04:27:18.756032 np0000183327 devstack@neutron-api.service[103489]: DEBUG neutron_lib.callbacks.manager [None req-108a6961-7905-40da-ba8a-b05f82063065 None None] Subscribe: > security_group_rule after_create 55550000, False {{(pid=103489) subscribe /opt/stack/data/venv/lib/python3.12/site-packages/neutron_lib/callbacks/manager.py:52}}
Jun 29 04:27:18.756140 np0000183327 devstack@neutron-api.service[103489]: DEBUG neutron_lib.callbacks.manager [None req-108a6961-7905-40da-ba8a-b05f82063065 None None] Subscribe: > security_group_rule after_update 55550000, False {{(pid=103489) subscribe /opt/stack/data/venv/lib/python3.12/site-packages/neutron_lib/callbacks/manager.py:52}}
Jun 29 04:27:18.756239 np0000183327 devstack@neutron-api.service[103489]: DEBUG neutron_lib.callbacks.manager [None req-108a6961-7905-40da-ba8a-b05f82063065 None None] Subscribe: > security_group_rule after_delete 55550000, False {{(pid=103489) subscribe /opt/stack/data/venv/lib/python3.12/site-packages/neutron_lib/callbacks/manager.py:52}}
Jun 29 04:27:18.756351 np0000183327 devstack@neutron-api.service[103489]: DEBUG neutron_lib.callbacks.manager [None req-108a6961-7905-40da-ba8a-b05f82063065 None None] Subscribe: > address_group after_create 55550000, False {{(pid=103489) subscribe /opt/stack/data/venv/lib/python3.12/site-packages/neutron_lib/callbacks/manager.py:52}}
Jun 29 04:27:18.756481 np0000183327 devstack@neutron-api.service[103489]: DEBUG neutron_lib.callbacks.manager [None req-108a6961-7905-40da-ba8a-b05f82063065 None None] Subscribe: > address_group after_update 55550000, False {{(pid=103489) subscribe /opt/stack/data/venv/lib/python3.12/site-packages/neutron_lib/callbacks/manager.py:52}}
Jun 29 04:27:18.756520 np0000183327 devstack@neutron-api.service[103489]: DEBUG neutron_lib.callbacks.manager [None req-108a6961-7905-40da-ba8a-b05f82063065 None None] Subscribe: > address_group after_delete 55550000, False {{(pid=103489) subscribe /opt/stack/data/venv/lib/python3.12/site-packages/neutron_lib/callbacks/manager.py:52}}
Jun 29 04:27:18.756626 np0000183327 devstack@neutron-api.service[103489]: DEBUG neutron.plugins.ml2.ovo_rpc [None req-108a6961-7905-40da-ba8a-b05f82063065 None None] ML2 OVO RPC backend initialized. {{(pid=103489) __init__ /opt/stack/neutron/neutron/plugins/ml2/ovo_rpc.py:117}}
Jun 29 04:27:18.757443 np0000183327 devstack@neutron-api.service[103489]: INFO neutron.quota [None req-108a6961-7905-40da-ba8a-b05f82063065 None None] Loaded quota_driver: .
Jun 29 04:27:18.757504 np0000183327 devstack@neutron-api.service[103489]: INFO neutron.plugins.ml2.plugin [None req-108a6961-7905-40da-ba8a-b05f82063065 None None] Modular L2 Plugin initialization complete
Jun 29 04:27:18.757681 np0000183327 devstack@neutron-api.service[103489]: DEBUG neutron.manager [None req-108a6961-7905-40da-ba8a-b05f82063065 None None] Loading services supported by the core plugin {{(pid=103489) _load_services_from_core_plugin /opt/stack/neutron/neutron/manager.py:167}}
Jun 29 04:27:18.757824 np0000183327 devstack@neutron-api.service[103489]: INFO neutron.plugins.ml2.managers [None req-108a6961-7905-40da-ba8a-b05f82063065 None None] Got port-security extension from driver 'port_security'
Jun 29 04:27:18.758035 np0000183327 devstack@neutron-api.service[103489]: DEBUG neutron.manager [None req-108a6961-7905-40da-ba8a-b05f82063065 None None] Loading service plugins: ['ovn-router', 'auto_allocate', 'tag', 'timestamp', 'network_ip_availability', 'flavors', 'revisions'] {{(pid=103489) _load_service_plugins /opt/stack/neutron/neutron/manager.py:192}}
Jun 29 04:27:18.758147 np0000183327 devstack@neutron-api.service[103489]: INFO neutron.manager [None req-108a6961-7905-40da-ba8a-b05f82063065 None None] Loading Plugin: ovn-router
Jun 29 04:27:18.758549 np0000183327 devstack@neutron-api.service[103491]: DEBUG neutron.manager [None req-8e3012fe-d83c-49f1-92bb-0cd2fe5c6ff3 None None] Successfully loaded TAG plugin. Description: Tag support {{(pid=103491) _create_and_add_service_plugin /opt/stack/neutron/neutron/manager.py:236}}
Jun 29 04:27:18.758746 np0000183327 devstack@neutron-api.service[103491]: INFO neutron.manager [None req-8e3012fe-d83c-49f1-92bb-0cd2fe5c6ff3 None None] Loading Plugin: timestamp
Jun 29 04:27:18.760282 np0000183327 devstack@neutron-api.service[103491]: DEBUG neutron.manager [None req-8e3012fe-d83c-49f1-92bb-0cd2fe5c6ff3 None None] Successfully loaded timestamp plugin. Description: Adds timestamps to Neutron resources with standard attributes {{(pid=103491) _create_and_add_service_plugin /opt/stack/neutron/neutron/manager.py:236}}
Jun 29 04:27:18.760410 np0000183327 devstack@neutron-api.service[103491]: INFO neutron.manager [None req-8e3012fe-d83c-49f1-92bb-0cd2fe5c6ff3 None None] Loading Plugin: network_ip_availability
Jun 29 04:27:18.763179 np0000183327 devstack@neutron-api.service[103491]: DEBUG neutron.manager [None req-8e3012fe-d83c-49f1-92bb-0cd2fe5c6ff3 None None] Successfully loaded network-ip-availability plugin. Description: Provides IP availability data for each network and subnet. {{(pid=103491) _create_and_add_service_plugin /opt/stack/neutron/neutron/manager.py:236}}
Jun 29 04:27:18.763315 np0000183327 devstack@neutron-api.service[103491]: INFO neutron.manager [None req-8e3012fe-d83c-49f1-92bb-0cd2fe5c6ff3 None None] Loading Plugin: flavors
Jun 29 04:27:18.764328 np0000183327 devstack@neutron-api.service[103491]: DEBUG neutron.manager [None req-8e3012fe-d83c-49f1-92bb-0cd2fe5c6ff3 None None] Successfully loaded FLAVORS plugin. Description: Neutron Flavors and Service Profiles manager plugin {{(pid=103491) _create_and_add_service_plugin /opt/stack/neutron/neutron/manager.py:236}}
Jun 29 04:27:18.764489 np0000183327 devstack@neutron-api.service[103491]: INFO neutron.manager [None req-8e3012fe-d83c-49f1-92bb-0cd2fe5c6ff3 None None] Loading Plugin: revisions
Jun 29 04:27:18.765811 np0000183327 devstack@neutron-api.service[103491]: DEBUG neutron.manager [None req-8e3012fe-d83c-49f1-92bb-0cd2fe5c6ff3 None None] Successfully loaded revision_plugin plugin. Description: Adds revision numbers to resources. {{(pid=103491) _create_and_add_service_plugin /opt/stack/neutron/neutron/manager.py:236}}
Jun 29 04:27:18.766047 np0000183327 devstack@neutron-api.service[103491]: DEBUG oslo_concurrency.lockutils [None req-8e3012fe-d83c-49f1-92bb-0cd2fe5c6ff3 None None] Lock "manager" "released" by "neutron.manager.NeutronManager._create_instance" :: held 4.798s {{(pid=103491) inner /opt/stack/data/venv/lib/python3.12/site-packages/oslo_concurrency/lockutils.py:543}}
Jun 29 04:27:18.766302 np0000183327 devstack@neutron-api.service[103491]: DEBUG neutron.api.extensions [None req-8e3012fe-d83c-49f1-92bb-0cd2fe5c6ff3 None None] get_extension_paths = OrderedDict({'/opt/stack/neutron/neutron/extensions': 1}) {{(pid=103491) get_extensions_path /opt/stack/neutron/neutron/api/extensions.py:640}}
Jun 29 04:27:18.766408 np0000183327 devstack@neutron-api.service[103491]: INFO neutron.api.extensions [None req-8e3012fe-d83c-49f1-92bb-0cd2fe5c6ff3 None None] Initializing extension manager.
Jun 29 04:27:18.766756 np0000183327 devstack@neutron-api.service[103491]: DEBUG neutron.api.extensions [None req-8e3012fe-d83c-49f1-92bb-0cd2fe5c6ff3 None None] Loading extension file: __init__.py {{(pid=103491) _load_all_extensions_from_path /opt/stack/neutron/neutron/api/extensions.py:449}}
Jun 29 04:27:18.766963 np0000183327 devstack@neutron-api.service[103491]: DEBUG neutron.api.extensions [None req-8e3012fe-d83c-49f1-92bb-0cd2fe5c6ff3 None None] Loading extension file: __pycache__ {{(pid=103491) _load_all_extensions_from_path /opt/stack/neutron/neutron/api/extensions.py:449}}
Jun 29 04:27:18.767067 np0000183327 devstack@neutron-api.service[103491]: DEBUG neutron.api.extensions [None req-8e3012fe-d83c-49f1-92bb-0cd2fe5c6ff3 None None] Loading extension file: aap_reject_multicast.py {{(pid=103491) _load_all_extensions_from_path /opt/stack/neutron/neutron/api/extensions.py:449}}
Jun 29 04:27:18.767413 np0000183327 devstack@neutron-api.service[103489]: DEBUG neutron_lib.callbacks.manager [None req-108a6961-7905-40da-ba8a-b05f82063065 None None] Subscribe: > router before_delete 55550000, False {{(pid=103489) subscribe /opt/stack/data/venv/lib/python3.12/site-packages/neutron_lib/callbacks/manager.py:52}}
Jun 29 04:27:18.767458 np0000183327 devstack@neutron-api.service[103491]: DEBUG neutron.api.extensions [None req-8e3012fe-d83c-49f1-92bb-0cd2fe5c6ff3 None None] Ext name="Allowed address pairs reject multicast extension" alias="aap-reject-multicast" description="Reject multicast addresses in Allowed Address Pairs" updated="2026-04-01T00:00:00-00:00" {{(pid=103491) _check_extension /opt/stack/neutron/neutron/api/extensions.py:415}}
Jun 29 04:27:18.767592 np0000183327 devstack@neutron-api.service[103489]: DEBUG neutron_lib.callbacks.manager [None req-108a6961-7905-40da-ba8a-b05f82063065 None None] Subscribe: port before_update 55550000, False {{(pid=103489) subscribe /opt/stack/data/venv/lib/python3.12/site-packages/neutron_lib/callbacks/manager.py:52}}
Jun 29 04:27:18.767635 np0000183327 devstack@neutron-api.service[103489]: DEBUG neutron_lib.callbacks.manager [None req-108a6961-7905-40da-ba8a-b05f82063065 None None] Subscribe: port after_update 55550000, False {{(pid=103489) subscribe /opt/stack/data/venv/lib/python3.12/site-packages/neutron_lib/callbacks/manager.py:52}}
Jun 29 04:27:18.767774 np0000183327 devstack@neutron-api.service[103491]: INFO neutron.api.extensions [None req-8e3012fe-d83c-49f1-92bb-0cd2fe5c6ff3 None None] Extension aap-reject-multicast not supported by any of loaded plugins
Jun 29 04:27:18.767816 np0000183327 devstack@neutron-api.service[103489]: DEBUG neutron_lib.callbacks.manager [None req-108a6961-7905-40da-ba8a-b05f82063065 None None] Subscribe: > port precommit_delete 55550000, False {{(pid=103489) subscribe /opt/stack/data/venv/lib/python3.12/site-packages/neutron_lib/callbacks/manager.py:52}}
Jun 29 04:27:18.767816 np0000183327 devstack@neutron-api.service[103489]: DEBUG neutron_lib.callbacks.manager [None req-108a6961-7905-40da-ba8a-b05f82063065 None None] Subscribe: port before_update 55550000, False {{(pid=103489) subscribe /opt/stack/data/venv/lib/python3.12/site-packages/neutron_lib/callbacks/manager.py:52}}
Jun 29 04:27:18.768398 np0000183327 devstack@neutron-api.service[103491]: DEBUG neutron.api.extensions [None req-8e3012fe-d83c-49f1-92bb-0cd2fe5c6ff3 None None] Loading extension file: address_group.py {{(pid=103491) _load_all_extensions_from_path /opt/stack/neutron/neutron/api/extensions.py:449}}
Jun 29 04:27:18.768634 np0000183327 devstack@neutron-api.service[103489]: DEBUG neutron_lib.callbacks.manager [None req-108a6961-7905-40da-ba8a-b05f82063065 None None] Subscribe: port before_delete 55550000, False {{(pid=103489) subscribe /opt/stack/data/venv/lib/python3.12/site-packages/neutron_lib/callbacks/manager.py:52}}
Jun 29 04:27:18.768634 np0000183327 devstack@neutron-api.service[103489]: DEBUG neutron_lib.callbacks.manager [None req-108a6961-7905-40da-ba8a-b05f82063065 None None] Subscribe: > router precommit_create 55550000, False {{(pid=103489) subscribe /opt/stack/data/venv/lib/python3.12/site-packages/neutron_lib/callbacks/manager.py:52}}
Jun 29 04:27:18.768634 np0000183327 devstack@neutron-api.service[103489]: DEBUG neutron_lib.callbacks.manager [None req-108a6961-7905-40da-ba8a-b05f82063065 None None] Subscribe: > router precommit_create 55550000, False {{(pid=103489) subscribe /opt/stack/data/venv/lib/python3.12/site-packages/neutron_lib/callbacks/manager.py:52}}
Jun 29 04:27:18.768634 np0000183327 devstack@neutron-api.service[103489]: DEBUG neutron_lib.callbacks.manager [None req-108a6961-7905-40da-ba8a-b05f82063065 None None] Subscribe: > router precommit_update 55550000, False {{(pid=103489) subscribe /opt/stack/data/venv/lib/python3.12/site-packages/neutron_lib/callbacks/manager.py:52}}
Jun 29 04:27:18.768980 np0000183327 devstack@neutron-api.service[103491]: DEBUG neutron.api.extensions [None req-8e3012fe-d83c-49f1-92bb-0cd2fe5c6ff3 None None] Ext name="Address group" alias="address-group" description="Support address group" updated="2020-07-15T10:00:00-00:00" {{(pid=103491) _check_extension /opt/stack/neutron/neutron/api/extensions.py:415}}
Jun 29 04:27:18.769121 np0000183327 devstack@neutron-api.service[103489]: DEBUG neutron_lib.callbacks.manager [None req-108a6961-7905-40da-ba8a-b05f82063065 None None] Subscribe: subnet after_update 55550000, False {{(pid=103489) subscribe /opt/stack/data/venv/lib/python3.12/site-packages/neutron_lib/callbacks/manager.py:52}}
Jun 29 04:27:18.769121 np0000183327 devstack@neutron-api.service[103489]: DEBUG neutron.quota.resource_registry [None req-108a6961-7905-40da-ba8a-b05f82063065 None None] Tracking information for resource: router configured {{(pid=103489) set_tracked_resource /opt/stack/neutron/neutron/quota/resource_registry.py:203}}
Jun 29 04:27:18.769282 np0000183327 devstack@neutron-api.service[103491]: INFO neutron.api.extensions [None req-8e3012fe-d83c-49f1-92bb-0cd2fe5c6ff3 None None] Loaded extension: address-group
Jun 29 04:27:18.769456 np0000183327 devstack@neutron-api.service[103489]: DEBUG neutron.quota.resource_registry [None req-108a6961-7905-40da-ba8a-b05f82063065 None None] Tracking information for resource: floatingip configured {{(pid=103489) set_tracked_resource /opt/stack/neutron/neutron/quota/resource_registry.py:203}}
Jun 29 04:27:18.769519 np0000183327 devstack@neutron-api.service[103491]: DEBUG neutron.api.extensions [None req-8e3012fe-d83c-49f1-92bb-0cd2fe5c6ff3 None None] Loading extension file: address_scope.py {{(pid=103491) _load_all_extensions_from_path /opt/stack/neutron/neutron/api/extensions.py:449}}
Jun 29 04:27:18.769608 np0000183327 devstack@neutron-api.service[103489]: INFO neutron.services.ovn_l3.plugin [None req-108a6961-7905-40da-ba8a-b05f82063065 None None] Starting OVNL3RouterPlugin
Jun 29 04:27:18.769608 np0000183327 devstack@neutron-api.service[103489]: DEBUG neutron_lib.callbacks.manager [None req-108a6961-7905-40da-ba8a-b05f82063065 None None] Subscribe: > port_forwarding_plugin after_init 55550000, False {{(pid=103489) subscribe /opt/stack/data/venv/lib/python3.12/site-packages/neutron_lib/callbacks/manager.py:52}}
Jun 29 04:27:18.769701 np0000183327 devstack@neutron-api.service[103491]: DEBUG neutron.api.extensions [None req-8e3012fe-d83c-49f1-92bb-0cd2fe5c6ff3 None None] Ext name="Address scope" alias="address-scope" description="Address scopes extension." updated="2015-07-26T10:00:00-00:00" {{(pid=103491) _check_extension /opt/stack/neutron/neutron/api/extensions.py:415}}
Jun 29 04:27:18.769743 np0000183327 devstack@neutron-api.service[103489]: DEBUG neutron_lib.callbacks.manager [None req-108a6961-7905-40da-ba8a-b05f82063065 None None] Subscribe: > router before_create 55550100, False {{(pid=103489) subscribe /opt/stack/data/venv/lib/python3.12/site-packages/neutron_lib/callbacks/manager.py:52}}
Jun 29 04:27:18.769743 np0000183327 devstack@neutron-api.service[103489]: DEBUG neutron_lib.callbacks.manager [None req-108a6961-7905-40da-ba8a-b05f82063065 None None] Subscribe: > router precommit_delete 55550100, False {{(pid=103489) subscribe /opt/stack/data/venv/lib/python3.12/site-packages/neutron_lib/callbacks/manager.py:52}}
Jun 29 04:27:18.769743 np0000183327 devstack@neutron-api.service[103489]: DEBUG neutron_lib.callbacks.manager [None req-108a6961-7905-40da-ba8a-b05f82063065 None None] Subscribe: > router precommit_create 55550100, False {{(pid=103489) subscribe /opt/stack/data/venv/lib/python3.12/site-packages/neutron_lib/callbacks/manager.py:52}}
Jun 29 04:27:18.769881 np0000183327 devstack@neutron-api.service[103491]: INFO neutron.api.extensions [None req-8e3012fe-d83c-49f1-92bb-0cd2fe5c6ff3 None None] Loaded extension: address-scope
Jun 29 04:27:18.769924 np0000183327 devstack@neutron-api.service[103489]: DEBUG neutron_lib.callbacks.manager [None req-108a6961-7905-40da-ba8a-b05f82063065 None None] Subscribe: > router precommit_update 55550100, False {{(pid=103489) subscribe /opt/stack/data/venv/lib/python3.12/site-packages/neutron_lib/callbacks/manager.py:52}}
Jun 29 04:27:18.769963 np0000183327 devstack@neutron-api.service[103491]: DEBUG neutron.api.extensions [None req-8e3012fe-d83c-49f1-92bb-0cd2fe5c6ff3 None None] Loading extension file: admin_state_down_before_update.py {{(pid=103491) _load_all_extensions_from_path /opt/stack/neutron/neutron/api/extensions.py:449}}
Jun 29 04:27:18.769963 np0000183327 devstack@neutron-api.service[103491]: DEBUG neutron.api.extensions [None req-8e3012fe-d83c-49f1-92bb-0cd2fe5c6ff3 None None] Ext name="Enforce Router's Admin State Down Before Update Extension" alias="router-admin-state-down-before-update" description="Ensure that the admin state of a router is DOWN (admin_state_up=False) before updating the distributed attribute" updated="2019-07-02T15:56:00" {{(pid=103491) _check_extension /opt/stack/neutron/neutron/api/extensions.py:415}}
Jun 29 04:27:18.770080 np0000183327 devstack@neutron-api.service[103491]: INFO neutron.api.extensions [None req-8e3012fe-d83c-49f1-92bb-0cd2fe5c6ff3 None None] Extension router-admin-state-down-before-update not supported by any of loaded plugins
Jun 29 04:27:18.770212 np0000183327 devstack@neutron-api.service[103491]: DEBUG neutron.api.extensions [None req-8e3012fe-d83c-49f1-92bb-0cd2fe5c6ff3 None None] Loading extension file: agent.py {{(pid=103491) _load_all_extensions_from_path /opt/stack/neutron/neutron/api/extensions.py:449}}
Jun 29 04:27:18.770578 np0000183327 devstack@neutron-api.service[103491]: DEBUG neutron.api.extensions [None req-8e3012fe-d83c-49f1-92bb-0cd2fe5c6ff3 None None] Ext name="agent" alias="agent" description="The agent management extension." updated="2013-02-03T10:00:00-00:00" {{(pid=103491) _check_extension /opt/stack/neutron/neutron/api/extensions.py:415}}
Jun 29 04:27:18.770813 np0000183327 devstack@neutron-api.service[103491]: INFO neutron.api.extensions [None req-8e3012fe-d83c-49f1-92bb-0cd2fe5c6ff3 None None] Loaded extension: agent
Jun 29 04:27:18.770935 np0000183327 devstack@neutron-api.service[103491]: DEBUG neutron.api.extensions [None req-8e3012fe-d83c-49f1-92bb-0cd2fe5c6ff3 None None] Loading extension file: agent_resources_synced.py {{(pid=103491) _load_all_extensions_from_path /opt/stack/neutron/neutron/api/extensions.py:449}}
Jun 29 04:27:18.771209 np0000183327 devstack@neutron-api.service[103491]: DEBUG neutron.api.extensions [None req-8e3012fe-d83c-49f1-92bb-0cd2fe5c6ff3 None None] Ext name="Agent's Resource View Synced to Placement" alias="agent-resources-synced" description="Stores success/failure of last sync to Placement" updated="2018-12-19T00:00:00-00:00" {{(pid=103491) _check_extension /opt/stack/neutron/neutron/api/extensions.py:415}}
Jun 29 04:27:18.771426 np0000183327 devstack@neutron-api.service[103491]: INFO neutron.api.extensions [None req-8e3012fe-d83c-49f1-92bb-0cd2fe5c6ff3 None None] Extension agent-resources-synced not supported by any of loaded plugins
Jun 29 04:27:18.771546 np0000183327 devstack@neutron-api.service[103491]: DEBUG neutron.api.extensions [None req-8e3012fe-d83c-49f1-92bb-0cd2fe5c6ff3 None None] Loading extension file: agent_sort_key.py {{(pid=103491) _load_all_extensions_from_path /opt/stack/neutron/neutron/api/extensions.py:449}}
Jun 29 04:27:18.771855 np0000183327 devstack@neutron-api.service[103491]: DEBUG neutron.api.extensions [None req-8e3012fe-d83c-49f1-92bb-0cd2fe5c6ff3 None None] Ext name="Agents Sort Key" alias="agent_sort_key" description="Enabling the keyword sort_key for sorting in agents." updated="2013-02-03T10:00:00-00:00" {{(pid=103491) _check_extension /opt/stack/neutron/neutron/api/extensions.py:415}}
Jun 29 04:27:18.772084 np0000183327 devstack@neutron-api.service[103491]: INFO neutron.api.extensions [None req-8e3012fe-d83c-49f1-92bb-0cd2fe5c6ff3 None None] Extension agent_sort_key not supported by any of loaded plugins
Jun 29 04:27:18.772212 np0000183327 devstack@neutron-api.service[103491]: DEBUG neutron.api.extensions [None req-8e3012fe-d83c-49f1-92bb-0cd2fe5c6ff3 None None] Loading extension file: allowedaddresspairs.py {{(pid=103491) _load_all_extensions_from_path /opt/stack/neutron/neutron/api/extensions.py:449}}
Jun 29 04:27:18.772803 np0000183327 devstack@neutron-api.service[103489]: DEBUG neutron.services.provider_configuration [None req-108a6961-7905-40da-ba8a-b05f82063065 None None] Service providers = [] {{(pid=103489) parse_service_provider_opt /opt/stack/neutron/neutron/services/provider_configuration.py:170}}
Jun 29 04:27:18.772911 np0000183327 devstack@neutron-api.service[103489]: DEBUG neutron.db.servicetype_db [None req-108a6961-7905-40da-ba8a-b05f82063065 None None] Adding provider configuration for service L3_ROUTER_NAT {{(pid=103489) add_provider_configuration /opt/stack/neutron/neutron/db/servicetype_db.py:45}}
Jun 29 04:27:18.773039 np0000183327 devstack@neutron-api.service[103491]: DEBUG neutron.api.extensions [None req-8e3012fe-d83c-49f1-92bb-0cd2fe5c6ff3 None None] Ext name="Allowed Address Pairs" alias="allowed-address-pairs" description="Provides allowed address pairs" updated="2013-07-23T10:00:00-00:00" {{(pid=103491) _check_extension /opt/stack/neutron/neutron/api/extensions.py:415}}
Jun 29 04:27:18.773266 np0000183327 devstack@neutron-api.service[103491]: INFO neutron.api.extensions [None req-8e3012fe-d83c-49f1-92bb-0cd2fe5c6ff3 None None] Loaded extension: allowed-address-pairs
Jun 29 04:27:18.773429 np0000183327 devstack@neutron-api.service[103491]: DEBUG neutron.api.extensions [None req-8e3012fe-d83c-49f1-92bb-0cd2fe5c6ff3 None None] Loading extension file: auto_allocated_topology.py {{(pid=103491) _load_all_extensions_from_path /opt/stack/neutron/neutron/api/extensions.py:449}}
Jun 29 04:27:18.773933 np0000183327 devstack@neutron-api.service[103491]: DEBUG neutron.api.extensions [None req-8e3012fe-d83c-49f1-92bb-0cd2fe5c6ff3 None None] Ext name="Auto Allocated Topology Services" alias="auto-allocated-topology" description="Auto Allocated Topology Services." updated="2016-01-01T00:00:00-00:00" {{(pid=103491) _check_extension /opt/stack/neutron/neutron/api/extensions.py:415}}
Jun 29 04:27:18.774184 np0000183327 devstack@neutron-api.service[103491]: INFO neutron.api.extensions [None req-8e3012fe-d83c-49f1-92bb-0cd2fe5c6ff3 None None] Loaded extension: auto-allocated-topology
Jun 29 04:27:18.774347 np0000183327 devstack@neutron-api.service[103489]: DEBUG neutron_lib.callbacks.manager [None req-108a6961-7905-40da-ba8a-b05f82063065 None None] Subscribe: > router precommit_create 55549900, False {{(pid=103489) subscribe /opt/stack/data/venv/lib/python3.12/site-packages/neutron_lib/callbacks/manager.py:52}}
Jun 29 04:27:18.774400 np0000183327 devstack@neutron-api.service[103491]: DEBUG neutron.api.extensions [None req-8e3012fe-d83c-49f1-92bb-0cd2fe5c6ff3 None None] Loading extension file: availability_zone.py {{(pid=103491) _load_all_extensions_from_path /opt/stack/neutron/neutron/api/extensions.py:449}}
Jun 29 04:27:18.774439 np0000183327 devstack@neutron-api.service[103489]: DEBUG neutron_lib.callbacks.manager [None req-108a6961-7905-40da-ba8a-b05f82063065 None None] Subscribe: > router_interface after_create 55550000, False {{(pid=103489) subscribe /opt/stack/data/venv/lib/python3.12/site-packages/neutron_lib/callbacks/manager.py:52}}
Jun 29 04:27:18.774439 np0000183327 devstack@neutron-api.service[103489]: DEBUG neutron_lib.callbacks.manager [None req-108a6961-7905-40da-ba8a-b05f82063065 None None] Subscribe: > floatingip after_create 55550000, False {{(pid=103489) subscribe /opt/stack/data/venv/lib/python3.12/site-packages/neutron_lib/callbacks/manager.py:52}}
Jun 29 04:27:18.774513 np0000183327 devstack@neutron-api.service[103489]: DEBUG neutron_lib.callbacks.manager [None req-108a6961-7905-40da-ba8a-b05f82063065 None None] Subscribe: > floatingip precommit_create 55550000, False {{(pid=103489) subscribe /opt/stack/data/venv/lib/python3.12/site-packages/neutron_lib/callbacks/manager.py:52}}
Jun 29 04:27:18.774614 np0000183327 devstack@neutron-api.service[103489]: DEBUG neutron_lib.callbacks.manager [None req-108a6961-7905-40da-ba8a-b05f82063065 None None] Subscribe: > floatingip precommit_update 55550000, False {{(pid=103489) subscribe /opt/stack/data/venv/lib/python3.12/site-packages/neutron_lib/callbacks/manager.py:52}}
Jun 29 04:27:18.774684 np0000183327 devstack@neutron-api.service[103491]: DEBUG neutron.api.extensions [None req-8e3012fe-d83c-49f1-92bb-0cd2fe5c6ff3 None None] Ext name="Availability Zone" alias="availability_zone" description="The availability zone extension." updated="2015-01-01T10:00:00-00:00" {{(pid=103491) _check_extension /opt/stack/neutron/neutron/api/extensions.py:415}}
Jun 29 04:27:18.774739 np0000183327 devstack@neutron-api.service[103489]: DEBUG neutron_lib.callbacks.manager [None req-108a6961-7905-40da-ba8a-b05f82063065 None None] Subscribe: > floatingip after_delete 55550000, False {{(pid=103489) subscribe /opt/stack/data/venv/lib/python3.12/site-packages/neutron_lib/callbacks/manager.py:52}}
Jun 29 04:27:18.774825 np0000183327 devstack@neutron-api.service[103489]: DEBUG neutron_lib.callbacks.manager [None req-108a6961-7905-40da-ba8a-b05f82063065 None None] Subscribe: > floatingip after_status_update 55550000, False {{(pid=103489) subscribe /opt/stack/data/venv/lib/python3.12/site-packages/neutron_lib/callbacks/manager.py:52}}
Jun 29 04:27:18.774923 np0000183327 devstack@neutron-api.service[103491]: INFO neutron.api.extensions [None req-8e3012fe-d83c-49f1-92bb-0cd2fe5c6ff3 None None] Loaded extension: availability_zone
Jun 29 04:27:18.774979 np0000183327 devstack@neutron-api.service[103489]: DEBUG neutron_lib.callbacks.manager [None req-108a6961-7905-40da-ba8a-b05f82063065 None None] Subscribe: > floatingip after_update 55550000, False {{(pid=103489) subscribe /opt/stack/data/venv/lib/python3.12/site-packages/neutron_lib/callbacks/manager.py:52}}
Jun 29 04:27:18.775019 np0000183327 devstack@neutron-api.service[103489]: DEBUG neutron_lib.callbacks.manager [None req-108a6961-7905-40da-ba8a-b05f82063065 None None] Subscribe: > port_forwarding after_create 55550000, False {{(pid=103489) subscribe /opt/stack/data/venv/lib/python3.12/site-packages/neutron_lib/callbacks/manager.py:52}}
Jun 29 04:27:18.775061 np0000183327 devstack@neutron-api.service[103491]: DEBUG neutron.api.extensions [None req-8e3012fe-d83c-49f1-92bb-0cd2fe5c6ff3 None None] Loading extension file: availability_zone_filter.py {{(pid=103491) _load_all_extensions_from_path /opt/stack/neutron/neutron/api/extensions.py:449}}
Jun 29 04:27:18.775120 np0000183327 devstack@neutron-api.service[103489]: DEBUG neutron_lib.callbacks.manager [None req-108a6961-7905-40da-ba8a-b05f82063065 None None] Subscribe: > router_interface after_delete 55550000, False {{(pid=103489) subscribe /opt/stack/data/venv/lib/python3.12/site-packages/neutron_lib/callbacks/manager.py:52}}
Jun 29 04:27:18.775220 np0000183327 devstack@neutron-api.service[103489]: DEBUG neutron_lib.callbacks.manager [None req-108a6961-7905-40da-ba8a-b05f82063065 None None] Subscribe: > router after_create 55550000, False {{(pid=103489) subscribe /opt/stack/data/venv/lib/python3.12/site-packages/neutron_lib/callbacks/manager.py:52}}
Jun 29 04:27:18.775320 np0000183327 devstack@neutron-api.service[103489]: DEBUG neutron_lib.callbacks.manager [None req-108a6961-7905-40da-ba8a-b05f82063065 None None] Subscribe: > router precommit_create 55550000, False {{(pid=103489) subscribe /opt/stack/data/venv/lib/python3.12/site-packages/neutron_lib/callbacks/manager.py:52}}
Jun 29 04:27:18.775373 np0000183327 devstack@neutron-api.service[103491]: DEBUG neutron.api.extensions [None req-8e3012fe-d83c-49f1-92bb-0cd2fe5c6ff3 None None] Ext name="Availability Zone Filter Extension" alias="availability_zone_filter" description="Add filter parameters to AvailabilityZone resource" updated="2018-06-22T10:00:00-00:00" {{(pid=103491) _check_extension /opt/stack/neutron/neutron/api/extensions.py:415}}
Jun 29 04:27:18.775423 np0000183327 devstack@neutron-api.service[103489]: DEBUG neutron_lib.callbacks.manager [None req-108a6961-7905-40da-ba8a-b05f82063065 None None] Subscribe: > router after_delete 55550000, False {{(pid=103489) subscribe /opt/stack/data/venv/lib/python3.12/site-packages/neutron_lib/callbacks/manager.py:52}}
Jun 29 04:27:18.775517 np0000183327 devstack@neutron-api.service[103489]: DEBUG neutron_lib.callbacks.manager [None req-108a6961-7905-40da-ba8a-b05f82063065 None None] Subscribe: > router after_update 55550000, False {{(pid=103489) subscribe /opt/stack/data/venv/lib/python3.12/site-packages/neutron_lib/callbacks/manager.py:52}}
Jun 29 04:27:18.775609 np0000183327 devstack@neutron-api.service[103491]: INFO neutron.api.extensions [None req-8e3012fe-d83c-49f1-92bb-0cd2fe5c6ff3 None None] Extension availability_zone_filter not supported by any of loaded plugins
Jun 29 04:27:18.775683 np0000183327 devstack@neutron-api.service[103489]: DEBUG neutron.services.service_base [None req-108a6961-7905-40da-ba8a-b05f82063065 None None] Loaded 'neutron.services.ovn_l3.service_providers.ovn.OvnDriver' provider for service L3_ROUTER_NAT {{(pid=103489) load_drivers /opt/stack/neutron/neutron/services/service_base.py:49}}
Jun 29 04:27:18.775754 np0000183327 devstack@neutron-api.service[103489]: DEBUG neutron_lib.callbacks.manager [None req-108a6961-7905-40da-ba8a-b05f82063065 None None] Subscribe: > process after_init 55550001, True {{(pid=103489) subscribe /opt/stack/data/venv/lib/python3.12/site-packages/neutron_lib/callbacks/manager.py:52}}
Jun 29 04:27:18.775808 np0000183327 devstack@neutron-api.service[103491]: DEBUG neutron.api.extensions [None req-8e3012fe-d83c-49f1-92bb-0cd2fe5c6ff3 None None] Loading extension file: data_plane_status.py {{(pid=103491) _load_all_extensions_from_path /opt/stack/neutron/neutron/api/extensions.py:449}}
Jun 29 04:27:18.775878 np0000183327 devstack@neutron-api.service[103489]: DEBUG neutron.manager [None req-108a6961-7905-40da-ba8a-b05f82063065 None None] Successfully loaded L3_ROUTER_NAT plugin. Description: L3 Router Service Plugin for basic L3 forwarding using OVN {{(pid=103489) _create_and_add_service_plugin /opt/stack/neutron/neutron/manager.py:236}}
Jun 29 04:27:18.775965 np0000183327 devstack@neutron-api.service[103489]: INFO neutron.manager [None req-108a6961-7905-40da-ba8a-b05f82063065 None None] Loading Plugin: auto_allocate
Jun 29 04:27:18.776081 np0000183327 devstack@neutron-api.service[103491]: DEBUG neutron.api.extensions [None req-8e3012fe-d83c-49f1-92bb-0cd2fe5c6ff3 None None] Ext name="Port data plane status extension" alias="data-plane-status" description="Expose status of underlying data plane" updated="2017-01-24T10:00:00-00:00" {{(pid=103491) _check_extension /opt/stack/neutron/neutron/api/extensions.py:415}}
Jun 29 04:27:18.776320 np0000183327 devstack@neutron-api.service[103491]: INFO neutron.api.extensions [None req-8e3012fe-d83c-49f1-92bb-0cd2fe5c6ff3 None None] Extension data-plane-status not supported by any of loaded plugins
Jun 29 04:27:18.776451 np0000183327 devstack@neutron-api.service[103491]: DEBUG neutron.api.extensions [None req-8e3012fe-d83c-49f1-92bb-0cd2fe5c6ff3 None None] Loading extension file: default_subnetpools.py {{(pid=103491) _load_all_extensions_from_path /opt/stack/neutron/neutron/api/extensions.py:449}}
Jun 29 04:27:18.776771 np0000183327 devstack@neutron-api.service[103491]: DEBUG neutron.api.extensions [None req-8e3012fe-d83c-49f1-92bb-0cd2fe5c6ff3 None None] Ext name="Default Subnetpools" alias="default-subnetpools" description="Provides ability to mark and use a subnetpool as the default." updated="2016-02-18T18:00:00-00:00" {{(pid=103491) _check_extension /opt/stack/neutron/neutron/api/extensions.py:415}}
Jun 29 04:27:18.776837 np0000183327 devstack@neutron-api.service[103489]: DEBUG neutron_lib.callbacks.manager [None req-108a6961-7905-40da-ba8a-b05f82063065 None None] Subscribe: network precommit_update 55550000, False {{(pid=103489) subscribe /opt/stack/data/venv/lib/python3.12/site-packages/neutron_lib/callbacks/manager.py:52}}
Jun 29 04:27:18.776928 np0000183327 devstack@neutron-api.service[103489]: DEBUG neutron_lib.callbacks.manager [None req-108a6961-7905-40da-ba8a-b05f82063065 None None] Subscribe: network precommit_create 55550000, False {{(pid=103489) subscribe /opt/stack/data/venv/lib/python3.12/site-packages/neutron_lib/callbacks/manager.py:52}}
Jun 29 04:27:18.777015 np0000183327 devstack@neutron-api.service[103491]: INFO neutron.api.extensions [None req-8e3012fe-d83c-49f1-92bb-0cd2fe5c6ff3 None None] Loaded extension: default-subnetpools
Jun 29 04:27:18.777130 np0000183327 devstack@neutron-api.service[103489]: DEBUG neutron.manager [None req-108a6961-7905-40da-ba8a-b05f82063065 None None] Successfully loaded auto-allocated-topology plugin. Description: Auto Allocated Topology - aka get me a network. {{(pid=103489) _create_and_add_service_plugin /opt/stack/neutron/neutron/manager.py:236}}
Jun 29 04:27:18.777182 np0000183327 devstack@neutron-api.service[103491]: DEBUG neutron.api.extensions [None req-8e3012fe-d83c-49f1-92bb-0cd2fe5c6ff3 None None] Loading extension file: dhcpagentscheduler.py {{(pid=103491) _load_all_extensions_from_path /opt/stack/neutron/neutron/api/extensions.py:449}}
Jun 29 04:27:18.777222 np0000183327 devstack@neutron-api.service[103489]: INFO neutron.manager [None req-108a6961-7905-40da-ba8a-b05f82063065 None None] Loading Plugin: tag
Jun 29 04:27:18.779762 np0000183327 devstack@neutron-api.service[103489]: DEBUG neutron.manager [None req-108a6961-7905-40da-ba8a-b05f82063065 None None] Successfully loaded TAG plugin. Description: Tag support {{(pid=103489) _create_and_add_service_plugin /opt/stack/neutron/neutron/manager.py:236}}
Jun 29 04:27:18.779875 np0000183327 devstack@neutron-api.service[103489]: INFO neutron.manager [None req-108a6961-7905-40da-ba8a-b05f82063065 None None] Loading Plugin: timestamp
Jun 29 04:27:18.781028 np0000183327 devstack@neutron-api.service[103489]: DEBUG neutron.manager [None req-108a6961-7905-40da-ba8a-b05f82063065 None None] Successfully loaded timestamp plugin. Description: Adds timestamps to Neutron resources with standard attributes {{(pid=103489) _create_and_add_service_plugin /opt/stack/neutron/neutron/manager.py:236}}
Jun 29 04:27:18.781117 np0000183327 devstack@neutron-api.service[103489]: INFO neutron.manager [None req-108a6961-7905-40da-ba8a-b05f82063065 None None] Loading Plugin: network_ip_availability
