Mar 30 18:03:22.106715 np0000161495 neutron-periodic-workers[104086]: DEBUG cotyledon.oslo_config_glue [-] ml2.type_drivers = ['local', 'flat', 'vlan', 'geneve'] {{(pid=104086) log_opt_values /opt/stack/data/venv/lib/python3.12/site-packages/oslo_config/cfg.py:3006}}
Mar 30 18:03:22.106809 np0000161495 neutron-periodic-workers[104086]: DEBUG cotyledon.oslo_config_glue [-] ml2_type_flat.flat_networks = ['public'] {{(pid=104086) log_opt_values /opt/stack/data/venv/lib/python3.12/site-packages/oslo_config/cfg.py:3006}}
Mar 30 18:03:22.106867 np0000161495 neutron-periodic-workers[104086]: DEBUG cotyledon.oslo_config_glue [-] ml2_type_geneve.max_header_size = 38 {{(pid=104086) log_opt_values /opt/stack/data/venv/lib/python3.12/site-packages/oslo_config/cfg.py:3006}}
Mar 30 18:03:22.106906 np0000161495 neutron-periodic-workers[104086]: DEBUG cotyledon.oslo_config_glue [-] ml2_type_geneve.vni_ranges = ['1:65536'] {{(pid=104086) log_opt_values /opt/stack/data/venv/lib/python3.12/site-packages/oslo_config/cfg.py:3006}}
Mar 30 18:03:22.106966 np0000161495 neutron-periodic-workers[104086]: DEBUG cotyledon.oslo_config_glue [-] ml2_type_vlan.network_vlan_ranges = ['public'] {{(pid=104086) log_opt_values /opt/stack/data/venv/lib/python3.12/site-packages/oslo_config/cfg.py:3006}}
Mar 30 18:03:22.107023 np0000161495 neutron-periodic-workers[104086]: DEBUG cotyledon.oslo_config_glue [-] network_log.burst_limit = 25 {{(pid=104086) log_opt_values /opt/stack/data/venv/lib/python3.12/site-packages/oslo_config/cfg.py:3006}}
Mar 30 18:03:22.107075 np0000161495 neutron-periodic-workers[104086]: DEBUG cotyledon.oslo_config_glue [-] network_log.local_output_log_base = None {{(pid=104086) log_opt_values /opt/stack/data/venv/lib/python3.12/site-packages/oslo_config/cfg.py:3006}}
Mar 30 18:03:22.107109 np0000161495 neutron-periodic-workers[104086]: DEBUG cotyledon.oslo_config_glue [-] network_log.rate_limit = 100 {{(pid=104086) log_opt_values /opt/stack/data/venv/lib/python3.12/site-packages/oslo_config/cfg.py:3006}}
Mar 30 18:03:22.107169 np0000161495 neutron-periodic-workers[104086]: DEBUG cotyledon.oslo_config_glue [-] database.asyncio_connection = **** {{(pid=104086) log_opt_values /opt/stack/data/venv/lib/python3.12/site-packages/oslo_config/cfg.py:3006}}
Mar 30 18:03:22.107198 np0000161495 neutron-periodic-workers[104086]: DEBUG cotyledon.oslo_config_glue [-] database.asyncio_slave_connection = **** {{(pid=104086) log_opt_values /opt/stack/data/venv/lib/python3.12/site-packages/oslo_config/cfg.py:3006}}
Mar 30 18:03:22.107254 np0000161495 neutron-periodic-workers[104086]: DEBUG cotyledon.oslo_config_glue [-] database.backend = sqlalchemy {{(pid=104086) log_opt_values /opt/stack/data/venv/lib/python3.12/site-packages/oslo_config/cfg.py:3006}}
Mar 30 18:03:22.107303 np0000161495 neutron-periodic-workers[104086]: DEBUG cotyledon.oslo_config_glue [-] database.connection = **** {{(pid=104086) log_opt_values /opt/stack/data/venv/lib/python3.12/site-packages/oslo_config/cfg.py:3006}}
Mar 30 18:03:22.107353 np0000161495 neutron-periodic-workers[104086]: DEBUG cotyledon.oslo_config_glue [-] database.connection_debug = 0 {{(pid=104086) log_opt_values /opt/stack/data/venv/lib/python3.12/site-packages/oslo_config/cfg.py:3006}}
Mar 30 18:03:22.107395 np0000161495 neutron-periodic-workers[104086]: DEBUG cotyledon.oslo_config_glue [-] database.connection_parameters = {{(pid=104086) log_opt_values /opt/stack/data/venv/lib/python3.12/site-packages/oslo_config/cfg.py:3006}}
Mar 30 18:03:22.107448 np0000161495 neutron-periodic-workers[104086]: DEBUG cotyledon.oslo_config_glue [-] database.connection_recycle_time = 3600 {{(pid=104086) log_opt_values /opt/stack/data/venv/lib/python3.12/site-packages/oslo_config/cfg.py:3006}}
Mar 30 18:03:22.107477 np0000161495 neutron-periodic-workers[104086]: DEBUG cotyledon.oslo_config_glue [-] database.connection_trace = False {{(pid=104086) log_opt_values /opt/stack/data/venv/lib/python3.12/site-packages/oslo_config/cfg.py:3006}}
Mar 30 18:03:22.107526 np0000161495 neutron-periodic-workers[104086]: DEBUG cotyledon.oslo_config_glue [-] database.db_inc_retry_interval = True {{(pid=104086) log_opt_values /opt/stack/data/venv/lib/python3.12/site-packages/oslo_config/cfg.py:3006}}
Mar 30 18:03:22.107557 np0000161495 neutron-periodic-workers[104086]: DEBUG cotyledon.oslo_config_glue [-] database.db_max_retries = 20 {{(pid=104086) log_opt_values /opt/stack/data/venv/lib/python3.12/site-packages/oslo_config/cfg.py:3006}}
Mar 30 18:03:22.107605 np0000161495 neutron-periodic-workers[104086]: DEBUG cotyledon.oslo_config_glue [-] database.db_max_retry_interval = 10 {{(pid=104086) log_opt_values /opt/stack/data/venv/lib/python3.12/site-packages/oslo_config/cfg.py:3006}}
Mar 30 18:03:22.107634 np0000161495 neutron-periodic-workers[104086]: DEBUG cotyledon.oslo_config_glue [-] database.db_retry_interval = 1 {{(pid=104086) log_opt_values /opt/stack/data/venv/lib/python3.12/site-packages/oslo_config/cfg.py:3006}}
Mar 30 18:03:22.107684 np0000161495 neutron-periodic-workers[104086]: DEBUG cotyledon.oslo_config_glue [-] database.max_overflow = 50 {{(pid=104086) log_opt_values /opt/stack/data/venv/lib/python3.12/site-packages/oslo_config/cfg.py:3006}}
Mar 30 18:03:22.107729 np0000161495 neutron-periodic-workers[104086]: DEBUG cotyledon.oslo_config_glue [-] database.max_pool_size = 5 {{(pid=104086) log_opt_values /opt/stack/data/venv/lib/python3.12/site-packages/oslo_config/cfg.py:3006}}
Mar 30 18:03:22.107814 np0000161495 neutron-periodic-workers[104086]: DEBUG cotyledon.oslo_config_glue [-] database.max_retries = 10 {{(pid=104086) log_opt_values /opt/stack/data/venv/lib/python3.12/site-packages/oslo_config/cfg.py:3006}}
Mar 30 18:03:22.107860 np0000161495 neutron-periodic-workers[104086]: DEBUG cotyledon.oslo_config_glue [-] database.mysql_sql_mode = TRADITIONAL {{(pid=104086) log_opt_values /opt/stack/data/venv/lib/python3.12/site-packages/oslo_config/cfg.py:3006}}
Mar 30 18:03:22.107906 np0000161495 neutron-periodic-workers[104086]: DEBUG cotyledon.oslo_config_glue [-] database.mysql_wsrep_sync_wait = None {{(pid=104086) log_opt_values /opt/stack/data/venv/lib/python3.12/site-packages/oslo_config/cfg.py:3006}}
Mar 30 18:03:22.107939 np0000161495 neutron-periodic-workers[104086]: DEBUG cotyledon.oslo_config_glue [-] database.pool_timeout = None {{(pid=104086) log_opt_values /opt/stack/data/venv/lib/python3.12/site-packages/oslo_config/cfg.py:3006}}
Mar 30 18:03:22.107972 np0000161495 neutron-periodic-workers[104086]: DEBUG cotyledon.oslo_config_glue [-] database.retry_interval = 10 {{(pid=104086) log_opt_values /opt/stack/data/venv/lib/python3.12/site-packages/oslo_config/cfg.py:3006}}
Mar 30 18:03:22.108030 np0000161495 neutron-periodic-workers[104086]: DEBUG cotyledon.oslo_config_glue [-] database.slave_connection = **** {{(pid=104086) log_opt_values /opt/stack/data/venv/lib/python3.12/site-packages/oslo_config/cfg.py:3006}}
Mar 30 18:03:22.108069 np0000161495 neutron-periodic-workers[104086]: DEBUG cotyledon.oslo_config_glue [-] database.sqlite_synchronous = True {{(pid=104086) log_opt_values /opt/stack/data/venv/lib/python3.12/site-packages/oslo_config/cfg.py:3006}}
Mar 30 18:03:22.108125 np0000161495 neutron-periodic-workers[104086]: DEBUG cotyledon.oslo_config_glue [-] database.synchronous_reader = True {{(pid=104086) log_opt_values /opt/stack/data/venv/lib/python3.12/site-packages/oslo_config/cfg.py:3006}}
Mar 30 18:03:22.108169 np0000161495 neutron-periodic-workers[104086]: DEBUG cotyledon.oslo_config_glue [-] database.use_db_reconnect = False {{(pid=104086) log_opt_values /opt/stack/data/venv/lib/python3.12/site-packages/oslo_config/cfg.py:3006}}
Mar 30 18:03:22.108238 np0000161495 neutron-periodic-workers[104086]: DEBUG cotyledon.oslo_config_glue [-] ovn.bfd_min_rx = 1000 {{(pid=104086) log_opt_values /opt/stack/data/venv/lib/python3.12/site-packages/oslo_config/cfg.py:3006}}
Mar 30 18:03:22.108272 np0000161495 neutron-periodic-workers[104086]: DEBUG cotyledon.oslo_config_glue [-] ovn.bfd_min_tx = 100 {{(pid=104086) log_opt_values /opt/stack/data/venv/lib/python3.12/site-packages/oslo_config/cfg.py:3006}}
Mar 30 18:03:22.108305 np0000161495 neutron-periodic-workers[104086]: DEBUG cotyledon.oslo_config_glue [-] ovn.bfd_mult = 3 {{(pid=104086) log_opt_values /opt/stack/data/venv/lib/python3.12/site-packages/oslo_config/cfg.py:3006}}
Mar 30 18:03:22.108355 np0000161495 neutron-periodic-workers[104086]: DEBUG cotyledon.oslo_config_glue [-] ovn.broadcast_arps_to_all_routers = True {{(pid=104086) log_opt_values /opt/stack/data/venv/lib/python3.12/site-packages/oslo_config/cfg.py:3006}}
Mar 30 18:03:22.108394 np0000161495 neutron-periodic-workers[104086]: DEBUG cotyledon.oslo_config_glue [-] ovn.dhcp_default_lease_time = 43200 {{(pid=104086) log_opt_values /opt/stack/data/venv/lib/python3.12/site-packages/oslo_config/cfg.py:3006}}
Mar 30 18:03:22.108428 np0000161495 neutron-periodic-workers[104086]: DEBUG cotyledon.oslo_config_glue [-] ovn.disable_ovn_dhcp_for_baremetal_ports = False {{(pid=104086) log_opt_values /opt/stack/data/venv/lib/python3.12/site-packages/oslo_config/cfg.py:3006}}
Mar 30 18:03:22.108468 np0000161495 neutron-periodic-workers[104086]: DEBUG cotyledon.oslo_config_glue [-] ovn.dns_records_ovn_owned = False {{(pid=104086) log_opt_values /opt/stack/data/venv/lib/python3.12/site-packages/oslo_config/cfg.py:3006}}
Mar 30 18:03:22.108503 np0000161495 neutron-periodic-workers[104086]: DEBUG cotyledon.oslo_config_glue [-] ovn.dns_servers = [] {{(pid=104086) log_opt_values /opt/stack/data/venv/lib/python3.12/site-packages/oslo_config/cfg.py:3006}}
Mar 30 18:03:22.108536 np0000161495 neutron-periodic-workers[104086]: DEBUG cotyledon.oslo_config_glue [-] ovn.enable_distributed_floating_ip = False {{(pid=104086) log_opt_values /opt/stack/data/venv/lib/python3.12/site-packages/oslo_config/cfg.py:3006}}
Mar 30 18:03:22.108583 np0000161495 neutron-periodic-workers[104086]: DEBUG cotyledon.oslo_config_glue [-] ovn.fdb_age_threshold = 300 {{(pid=104086) log_opt_values /opt/stack/data/venv/lib/python3.12/site-packages/oslo_config/cfg.py:3006}}
Mar 30 18:03:22.108621 np0000161495 neutron-periodic-workers[104086]: DEBUG cotyledon.oslo_config_glue [-] ovn.ha_failover_strategy = normal {{(pid=104086) log_opt_values /opt/stack/data/venv/lib/python3.12/site-packages/oslo_config/cfg.py:3006}}
Mar 30 18:03:22.108654 np0000161495 neutron-periodic-workers[104086]: DEBUG cotyledon.oslo_config_glue [-] ovn.live_migration_activation_strategy = rarp {{(pid=104086) log_opt_values /opt/stack/data/venv/lib/python3.12/site-packages/oslo_config/cfg.py:3006}}
Mar 30 18:03:22.108686 np0000161495 neutron-periodic-workers[104086]: DEBUG cotyledon.oslo_config_glue [-] ovn.localnet_learn_fdb = False {{(pid=104086) log_opt_values /opt/stack/data/venv/lib/python3.12/site-packages/oslo_config/cfg.py:3006}}
Mar 30 18:03:22.108759 np0000161495 neutron-periodic-workers[104086]: DEBUG cotyledon.oslo_config_glue [-] ovn.mac_binding_age_threshold = 300 {{(pid=104086) log_opt_values /opt/stack/data/venv/lib/python3.12/site-packages/oslo_config/cfg.py:3006}}
Mar 30 18:03:22.108805 np0000161495 neutron-periodic-workers[104086]: DEBUG cotyledon.oslo_config_glue [-] ovn.neutron_sync_mode = log {{(pid=104086) log_opt_values /opt/stack/data/venv/lib/python3.12/site-packages/oslo_config/cfg.py:3006}}
Mar 30 18:03:22.108850 np0000161495 neutron-periodic-workers[104086]: DEBUG cotyledon.oslo_config_glue [-] ovn.ovn_dhcp4_global_options = {} {{(pid=104086) log_opt_values /opt/stack/data/venv/lib/python3.12/site-packages/oslo_config/cfg.py:3006}}
Mar 30 18:03:22.108883 np0000161495 neutron-periodic-workers[104086]: DEBUG cotyledon.oslo_config_glue [-] ovn.ovn_dhcp6_global_options = {} {{(pid=104086) log_opt_values /opt/stack/data/venv/lib/python3.12/site-packages/oslo_config/cfg.py:3006}}
Mar 30 18:03:22.108937 np0000161495 neutron-periodic-workers[104086]: DEBUG cotyledon.oslo_config_glue [-] ovn.ovn_l3_scheduler = leastloaded {{(pid=104086) log_opt_values /opt/stack/data/venv/lib/python3.12/site-packages/oslo_config/cfg.py:3006}}
Mar 30 18:03:22.108989 np0000161495 neutron-periodic-workers[104086]: DEBUG cotyledon.oslo_config_glue [-] ovn.ovn_metadata_enabled = True {{(pid=104086) log_opt_values /opt/stack/data/venv/lib/python3.12/site-packages/oslo_config/cfg.py:3006}}
Mar 30 18:03:22.109027 np0000161495 neutron-periodic-workers[104086]: DEBUG cotyledon.oslo_config_glue [-] ovn.ovn_nb_ca_cert = /opt/stack/data/CA/int-ca/ca-chain.pem {{(pid=104086) log_opt_values /opt/stack/data/venv/lib/python3.12/site-packages/oslo_config/cfg.py:3006}}
Mar 30 18:03:22.109084 np0000161495 neutron-periodic-workers[104086]: DEBUG cotyledon.oslo_config_glue [-] ovn.ovn_nb_certificate = /opt/stack/data/CA/int-ca/devstack-cert.crt {{(pid=104086) log_opt_values /opt/stack/data/venv/lib/python3.12/site-packages/oslo_config/cfg.py:3006}}
Mar 30 18:03:22.109138 np0000161495 neutron-periodic-workers[104086]: DEBUG cotyledon.oslo_config_glue [-] ovn.ovn_nb_connection = ['ssl:199.204.45.69:6641'] {{(pid=104086) log_opt_values /opt/stack/data/venv/lib/python3.12/site-packages/oslo_config/cfg.py:3006}}
Mar 30 18:03:22.109176 np0000161495 neutron-periodic-workers[104086]: DEBUG cotyledon.oslo_config_glue [-] ovn.ovn_nb_private_key = /opt/stack/data/CA/int-ca/private/devstack-cert.key {{(pid=104086) log_opt_values /opt/stack/data/venv/lib/python3.12/site-packages/oslo_config/cfg.py:3006}}
Mar 30 18:03:22.109209 np0000161495 neutron-periodic-workers[104086]: DEBUG cotyledon.oslo_config_glue [-] ovn.ovn_router_indirect_snat = False {{(pid=104086) log_opt_values /opt/stack/data/venv/lib/python3.12/site-packages/oslo_config/cfg.py:3006}}
Mar 30 18:03:22.109247 np0000161495 neutron-periodic-workers[104086]: DEBUG cotyledon.oslo_config_glue [-] ovn.ovn_sb_ca_cert = /opt/stack/data/CA/int-ca/ca-chain.pem {{(pid=104086) log_opt_values /opt/stack/data/venv/lib/python3.12/site-packages/oslo_config/cfg.py:3006}}
Mar 30 18:03:22.109279 np0000161495 neutron-periodic-workers[104086]: DEBUG cotyledon.oslo_config_glue [-] ovn.ovn_sb_certificate = /opt/stack/data/CA/int-ca/devstack-cert.crt {{(pid=104086) log_opt_values /opt/stack/data/venv/lib/python3.12/site-packages/oslo_config/cfg.py:3006}}
Mar 30 18:03:22.109315 np0000161495 neutron-periodic-workers[104086]: DEBUG cotyledon.oslo_config_glue [-] ovn.ovn_sb_connection = ['ssl:199.204.45.69:6642'] {{(pid=104086) log_opt_values /opt/stack/data/venv/lib/python3.12/site-packages/oslo_config/cfg.py:3006}}
Mar 30 18:03:22.109351 np0000161495 neutron-periodic-workers[104086]: DEBUG cotyledon.oslo_config_glue [-] ovn.ovn_sb_private_key = /opt/stack/data/CA/int-ca/private/devstack-cert.key {{(pid=104086) log_opt_values /opt/stack/data/venv/lib/python3.12/site-packages/oslo_config/cfg.py:3006}}
Mar 30 18:03:22.109406 np0000161495 neutron-periodic-workers[104086]: DEBUG cotyledon.oslo_config_glue [-] ovn.ovs_create_tap = False {{(pid=104086) log_opt_values /opt/stack/data/venv/lib/python3.12/site-packages/oslo_config/cfg.py:3006}}
Mar 30 18:03:22.109440 np0000161495 neutron-periodic-workers[104086]: DEBUG cotyledon.oslo_config_glue [-] ovn.ovsdb_connection_timeout = 180 {{(pid=104086) log_opt_values /opt/stack/data/venv/lib/python3.12/site-packages/oslo_config/cfg.py:3006}}
Mar 30 18:03:22.109473 np0000161495 neutron-periodic-workers[104086]: DEBUG cotyledon.oslo_config_glue [-] ovn.ovsdb_log_level = INFO {{(pid=104086) log_opt_values /opt/stack/data/venv/lib/python3.12/site-packages/oslo_config/cfg.py:3006}}
Mar 30 18:03:22.109504 np0000161495 neutron-periodic-workers[104086]: DEBUG cotyledon.oslo_config_glue [-] ovn.ovsdb_probe_interval = 60000 {{(pid=104086) log_opt_values /opt/stack/data/venv/lib/python3.12/site-packages/oslo_config/cfg.py:3006}}
Mar 30 18:03:22.109550 np0000161495 neutron-periodic-workers[104086]: DEBUG cotyledon.oslo_config_glue [-] ovn.ovsdb_retry_max_interval = 180 {{(pid=104086) log_opt_values /opt/stack/data/venv/lib/python3.12/site-packages/oslo_config/cfg.py:3006}}
Mar 30 18:03:22.109590 np0000161495 neutron-periodic-workers[104086]: DEBUG cotyledon.oslo_config_glue [-] ovn.stateless_nat_enabled = False {{(pid=104086) log_opt_values /opt/stack/data/venv/lib/python3.12/site-packages/oslo_config/cfg.py:3006}}
Mar 30 18:03:22.109623 np0000161495 neutron-periodic-workers[104086]: DEBUG cotyledon.oslo_config_glue [-] ovn.vhost_sock_dir = /var/run/openvswitch {{(pid=104086) log_opt_values /opt/stack/data/venv/lib/python3.12/site-packages/oslo_config/cfg.py:3006}}
Mar 30 18:03:22.109690 np0000161495 neutron-periodic-workers[104086]: DEBUG cotyledon.oslo_config_glue [-] OVS.bridge_mac_table_size = 50000 {{(pid=104086) log_opt_values /opt/stack/data/venv/lib/python3.12/site-packages/oslo_config/cfg.py:3006}}
Mar 30 18:03:22.109756 np0000161495 neutron-periodic-workers[104086]: DEBUG cotyledon.oslo_config_glue [-] OVS.igmp_flood = False {{(pid=104086) log_opt_values /opt/stack/data/venv/lib/python3.12/site-packages/oslo_config/cfg.py:3006}}
Mar 30 18:03:22.109790 np0000161495 neutron-periodic-workers[104086]: DEBUG cotyledon.oslo_config_glue [-] OVS.igmp_flood_reports = True {{(pid=104086) log_opt_values /opt/stack/data/venv/lib/python3.12/site-packages/oslo_config/cfg.py:3006}}
Mar 30 18:03:22.109845 np0000161495 neutron-periodic-workers[104086]: DEBUG cotyledon.oslo_config_glue [-] OVS.igmp_flood_unregistered = False {{(pid=104086) log_opt_values /opt/stack/data/venv/lib/python3.12/site-packages/oslo_config/cfg.py:3006}}
Mar 30 18:03:22.109897 np0000161495 neutron-periodic-workers[104086]: DEBUG cotyledon.oslo_config_glue [-] OVS.igmp_snooping_enable = False {{(pid=104086) log_opt_values /opt/stack/data/venv/lib/python3.12/site-packages/oslo_config/cfg.py:3006}}
Mar 30 18:03:22.109931 np0000161495 neutron-periodic-workers[104086]: DEBUG cotyledon.oslo_config_glue [-] OVS.ovsdb_timeout = 10 {{(pid=104086) log_opt_values /opt/stack/data/venv/lib/python3.12/site-packages/oslo_config/cfg.py:3006}}
Mar 30 18:03:22.109992 np0000161495 neutron-periodic-workers[104086]: DEBUG cotyledon.oslo_config_glue [-] ovn_nb_global.fdb_removal_limit = 0 {{(pid=104086) log_opt_values /opt/stack/data/venv/lib/python3.12/site-packages/oslo_config/cfg.py:3006}}
Mar 30 18:03:22.110035 np0000161495 neutron-periodic-workers[104086]: DEBUG cotyledon.oslo_config_glue [-] ovn_nb_global.ignore_lsp_down = False {{(pid=104086) log_opt_values /opt/stack/data/venv/lib/python3.12/site-packages/oslo_config/cfg.py:3006}}
Mar 30 18:03:22.110069 np0000161495 neutron-periodic-workers[104086]: DEBUG cotyledon.oslo_config_glue [-] ovn_nb_global.mac_binding_removal_limit = 0 {{(pid=104086) log_opt_values /opt/stack/data/venv/lib/python3.12/site-packages/oslo_config/cfg.py:3006}}
Mar 30 18:03:22.110123 np0000161495 neutron-periodic-workers[104086]: DEBUG cotyledon.oslo_config_glue [-] ******************************************************************************** {{(pid=104086) log_opt_values /opt/stack/data/venv/lib/python3.12/site-packages/oslo_config/cfg.py:3013}}
Mar 30 18:03:22.110277 np0000161495 neutron-periodic-workers[104086]: DEBUG cotyledon._service_worker [-] Run service ServiceWrapper(0) [104086] {{(pid=104086) wait_forever /opt/stack/data/venv/lib/python3.12/site-packages/cotyledon/_service_worker.py:218}}
Mar 30 18:03:31.736353 np0000161495 neutron-periodic-workers[103294]: DEBUG dbcounter [-] [103294] Writing DB stats neutron:SELECT=4 {{(pid=103294) stat_writer /opt/stack/data/venv/lib/python3.12/site-packages/dbcounter.py:115}}
Mar 30 18:04:17.057121 np0000161495 neutron-periodic-workers[104062]: DEBUG oslo_db.sqlalchemy.engines [None req-7fd9157d-bea6-4551-8b27-60d43f0f6643 None None] Parent process 103294 forked (104062) with an open database connection, which is being discarded and recreated. {{(pid=104062) checkout /opt/stack/data/venv/lib/python3.12/site-packages/oslo_db/sqlalchemy/engines.py:402}}
Mar 30 18:04:17.066191 np0000161495 neutron-periodic-workers[104062]: DEBUG dbcounter [-] [104062] Writer thread running {{(pid=104062) stat_writer /opt/stack/data/venv/lib/python3.12/site-packages/dbcounter.py:102}}
Mar 30 18:04:17.079437 np0000161495 neutron-periodic-workers[104062]: DEBUG oslo.service.backend._threading.loopingcall [None req-7fd9157d-bea6-4551-8b27-60d43f0f6643 None None] Fixed interval looping call 'neutron.plugins.ml2.plugin.DhcpAgentSchedulerDbMixin.remove_networks_from_down_agents' sleeping for 36.97 seconds {{(pid=104062) _run_loop /opt/stack/data/venv/lib/python3.12/site-packages/oslo_service/backend/_threading/loopingcall.py:125}}
Mar 30 18:04:21.098526 np0000161495 neutron-periodic-workers[104071]: DEBUG dbcounter [-] [104071] Writer thread running {{(pid=104071) stat_writer /opt/stack/data/venv/lib/python3.12/site-packages/dbcounter.py:102}}
Mar 30 18:04:21.102611 np0000161495 neutron-periodic-workers[104071]: DEBUG neutron.db.agents_db [None req-d9dd50fa-01c3-4f18-aadd-1972e1fb778d None None] Agent healthcheck: found 0 active agents {{(pid=104071) agent_health_check /opt/stack/neutron/neutron/db/agents_db.py:317}}
Mar 30 18:04:21.102611 np0000161495 neutron-periodic-workers[104071]: DEBUG oslo.service.backend._threading.loopingcall [None req-d9dd50fa-01c3-4f18-aadd-1972e1fb778d None None] Fixed interval looping call 'neutron.plugins.ml2.plugin.AgentDbMixin.agent_health_check' sleeping for 36.97 seconds {{(pid=104071) _run_loop /opt/stack/data/venv/lib/python3.12/site-packages/oslo_service/backend/_threading/loopingcall.py:125}}
Mar 30 18:04:27.078656 np0000161495 neutron-periodic-workers[104062]: DEBUG dbcounter [-] [104062] Writing DB stats neutron:SELECT=3 {{(pid=104062) stat_writer /opt/stack/data/venv/lib/python3.12/site-packages/dbcounter.py:115}}
Mar 30 18:04:41.098644 np0000161495 neutron-periodic-workers[104071]: DEBUG dbcounter [-] [104071] Writing DB stats neutron:SELECT=1 {{(pid=104071) stat_writer /opt/stack/data/venv/lib/python3.12/site-packages/dbcounter.py:115}}
Mar 30 18:04:54.061108 np0000161495 neutron-periodic-workers[104062]: DEBUG oslo.service.backend._threading.loopingcall [None req-7fd9157d-bea6-4551-8b27-60d43f0f6643 None None] Fixed interval looping call 'neutron.plugins.ml2.plugin.DhcpAgentSchedulerDbMixin.remove_networks_from_down_agents' sleeping for 36.99 seconds {{(pid=104062) _run_loop /opt/stack/data/venv/lib/python3.12/site-packages/oslo_service/backend/_threading/loopingcall.py:125}}
Mar 30 18:04:58.080631 np0000161495 neutron-periodic-workers[104071]: DEBUG neutron.db.agents_db [None req-d9dd50fa-01c3-4f18-aadd-1972e1fb778d None None] Agent healthcheck: found 0 active agents {{(pid=104071) agent_health_check /opt/stack/neutron/neutron/db/agents_db.py:317}}
Mar 30 18:04:58.081376 np0000161495 neutron-periodic-workers[104071]: DEBUG oslo.service.backend._threading.loopingcall [None req-d9dd50fa-01c3-4f18-aadd-1972e1fb778d None None] Fixed interval looping call 'neutron.plugins.ml2.plugin.AgentDbMixin.agent_health_check' sleeping for 36.99 seconds {{(pid=104071) _run_loop /opt/stack/data/venv/lib/python3.12/site-packages/oslo_service/backend/_threading/loopingcall.py:125}}
Mar 30 18:05:04.060200 np0000161495 neutron-periodic-workers[104062]: DEBUG dbcounter [-] [104062] Writing DB stats neutron:SELECT=3 {{(pid=104062) stat_writer /opt/stack/data/venv/lib/python3.12/site-packages/dbcounter.py:115}}
Mar 30 18:05:08.078399 np0000161495 neutron-periodic-workers[104071]: DEBUG dbcounter [-] [104071] Writing DB stats neutron:SELECT=1 {{(pid=104071) stat_writer /opt/stack/data/venv/lib/python3.12/site-packages/dbcounter.py:115}}
Mar 30 18:05:22.118217 np0000161495 neutron-periodic-workers[104079]: DEBUG dbcounter [-] [104079] Writer thread running {{(pid=104079) stat_writer /opt/stack/data/venv/lib/python3.12/site-packages/dbcounter.py:102}}
Mar 30 18:05:22.119945 np0000161495 neutron-periodic-workers[104079]: DEBUG oslo.service.backend._threading.loopingcall [None req-0f3f50a5-e9af-4fed-9382-3aa56737108b None None] Fixed interval looping call 'neutron.db.quota.driver_nolock.DbQuotaNoLockDriver._remove_expired_reservations' sleeping for 119.98 seconds {{(pid=104079) _run_loop /opt/stack/data/venv/lib/python3.12/site-packages/oslo_service/backend/_threading/loopingcall.py:125}}
Mar 30 18:05:31.066039 np0000161495 neutron-periodic-workers[104062]: DEBUG oslo.service.backend._threading.loopingcall [None req-7fd9157d-bea6-4551-8b27-60d43f0f6643 None None] Fixed interval looping call 'neutron.plugins.ml2.plugin.DhcpAgentSchedulerDbMixin.remove_networks_from_down_agents' sleeping for 36.99 seconds {{(pid=104062) _run_loop /opt/stack/data/venv/lib/python3.12/site-packages/oslo_service/backend/_threading/loopingcall.py:125}}
Mar 30 18:05:32.118809 np0000161495 neutron-periodic-workers[104079]: DEBUG dbcounter [-] [104079] Writing DB stats neutron:DELETE=1 {{(pid=104079) stat_writer /opt/stack/data/venv/lib/python3.12/site-packages/dbcounter.py:115}}
Mar 30 18:05:35.076404 np0000161495 neutron-periodic-workers[104071]: DEBUG neutron.db.agents_db [None req-d9dd50fa-01c3-4f18-aadd-1972e1fb778d None None] Agent healthcheck: found 0 active agents {{(pid=104071) agent_health_check /opt/stack/neutron/neutron/db/agents_db.py:317}}
Mar 30 18:05:35.077003 np0000161495 neutron-periodic-workers[104071]: DEBUG oslo.service.backend._threading.loopingcall [None req-d9dd50fa-01c3-4f18-aadd-1972e1fb778d None None] Fixed interval looping call 'neutron.plugins.ml2.plugin.AgentDbMixin.agent_health_check' sleeping for 36.99 seconds {{(pid=104071) _run_loop /opt/stack/data/venv/lib/python3.12/site-packages/oslo_service/backend/_threading/loopingcall.py:125}}
Mar 30 18:05:41.063995 np0000161495 neutron-periodic-workers[104062]: DEBUG dbcounter [-] [104062] Writing DB stats neutron:SELECT=3 {{(pid=104062) stat_writer /opt/stack/data/venv/lib/python3.12/site-packages/dbcounter.py:115}}
Mar 30 18:05:45.075030 np0000161495 neutron-periodic-workers[104071]: DEBUG dbcounter [-] [104071] Writing DB stats neutron:SELECT=1 {{(pid=104071) stat_writer /opt/stack/data/venv/lib/python3.12/site-packages/dbcounter.py:115}}
Mar 30 18:06:08.066795 np0000161495 neutron-periodic-workers[104062]: DEBUG oslo.service.backend._threading.loopingcall [None req-7fd9157d-bea6-4551-8b27-60d43f0f6643 None None] Fixed interval looping call 'neutron.plugins.ml2.plugin.DhcpAgentSchedulerDbMixin.remove_networks_from_down_agents' sleeping for 36.99 seconds {{(pid=104062) _run_loop /opt/stack/data/venv/lib/python3.12/site-packages/oslo_service/backend/_threading/loopingcall.py:125}}
Mar 30 18:06:12.072907 np0000161495 neutron-periodic-workers[104071]: DEBUG neutron.db.agents_db [None req-d9dd50fa-01c3-4f18-aadd-1972e1fb778d None None] Agent healthcheck: found 0 active agents {{(pid=104071) agent_health_check /opt/stack/neutron/neutron/db/agents_db.py:317}}
Mar 30 18:06:12.073493 np0000161495 neutron-periodic-workers[104071]: DEBUG oslo.service.backend._threading.loopingcall [None req-d9dd50fa-01c3-4f18-aadd-1972e1fb778d None None] Fixed interval looping call 'neutron.plugins.ml2.plugin.AgentDbMixin.agent_health_check' sleeping for 36.99 seconds {{(pid=104071) _run_loop /opt/stack/data/venv/lib/python3.12/site-packages/oslo_service/backend/_threading/loopingcall.py:125}}
Mar 30 18:06:18.065659 np0000161495 neutron-periodic-workers[104062]: DEBUG dbcounter [-] [104062] Writing DB stats neutron:SELECT=3 {{(pid=104062) stat_writer /opt/stack/data/venv/lib/python3.12/site-packages/dbcounter.py:115}}
Mar 30 18:06:22.070647 np0000161495 neutron-periodic-workers[104071]: DEBUG dbcounter [-] [104071] Writing DB stats neutron:SELECT=1 {{(pid=104071) stat_writer /opt/stack/data/venv/lib/python3.12/site-packages/dbcounter.py:115}}
Mar 30 18:06:45.065958 np0000161495 neutron-periodic-workers[104062]: DEBUG oslo.service.backend._threading.loopingcall [None req-7fd9157d-bea6-4551-8b27-60d43f0f6643 None None] Fixed interval looping call 'neutron.plugins.ml2.plugin.DhcpAgentSchedulerDbMixin.remove_networks_from_down_agents' sleeping for 36.99 seconds {{(pid=104062) _run_loop /opt/stack/data/venv/lib/python3.12/site-packages/oslo_service/backend/_threading/loopingcall.py:125}}
Mar 30 18:06:49.070423 np0000161495 neutron-periodic-workers[104071]: DEBUG neutron.db.agents_db [None req-d9dd50fa-01c3-4f18-aadd-1972e1fb778d None None] Agent healthcheck: found 0 active agents {{(pid=104071) agent_health_check /opt/stack/neutron/neutron/db/agents_db.py:317}}
Mar 30 18:06:49.070790 np0000161495 neutron-periodic-workers[104071]: DEBUG oslo.service.backend._threading.loopingcall [None req-d9dd50fa-01c3-4f18-aadd-1972e1fb778d None None] Fixed interval looping call 'neutron.plugins.ml2.plugin.AgentDbMixin.agent_health_check' sleeping for 36.99 seconds {{(pid=104071) _run_loop /opt/stack/data/venv/lib/python3.12/site-packages/oslo_service/backend/_threading/loopingcall.py:125}}
Mar 30 18:06:55.064800 np0000161495 neutron-periodic-workers[104062]: DEBUG dbcounter [-] [104062] Writing DB stats neutron:SELECT=3 {{(pid=104062) stat_writer /opt/stack/data/venv/lib/python3.12/site-packages/dbcounter.py:115}}
Mar 30 18:06:59.068372 np0000161495 neutron-periodic-workers[104071]: DEBUG dbcounter [-] [104071] Writing DB stats neutron:SELECT=1 {{(pid=104071) stat_writer /opt/stack/data/venv/lib/python3.12/site-packages/dbcounter.py:115}}
Mar 30 18:07:22.066349 np0000161495 neutron-periodic-workers[104062]: DEBUG oslo.service.backend._threading.loopingcall [None req-7fd9157d-bea6-4551-8b27-60d43f0f6643 None None] Fixed interval looping call 'neutron.plugins.ml2.plugin.DhcpAgentSchedulerDbMixin.remove_networks_from_down_agents' sleeping for 36.99 seconds {{(pid=104062) _run_loop /opt/stack/data/venv/lib/python3.12/site-packages/oslo_service/backend/_threading/loopingcall.py:125}}
Mar 30 18:07:22.106524 np0000161495 neutron-periodic-workers[104079]: DEBUG oslo.service.backend._threading.loopingcall [None req-0f3f50a5-e9af-4fed-9382-3aa56737108b None None] Fixed interval looping call 'neutron.db.quota.driver_nolock.DbQuotaNoLockDriver._remove_expired_reservations' sleeping for 119.99 seconds {{(pid=104079) _run_loop /opt/stack/data/venv/lib/python3.12/site-packages/oslo_service/backend/_threading/loopingcall.py:125}}
Mar 30 18:07:26.067940 np0000161495 neutron-periodic-workers[104071]: DEBUG neutron.db.agents_db [None req-d9dd50fa-01c3-4f18-aadd-1972e1fb778d None None] Agent healthcheck: found 0 active agents {{(pid=104071) agent_health_check /opt/stack/neutron/neutron/db/agents_db.py:317}}
Mar 30 18:07:26.068317 np0000161495 neutron-periodic-workers[104071]: DEBUG oslo.service.backend._threading.loopingcall [None req-d9dd50fa-01c3-4f18-aadd-1972e1fb778d None None] Fixed interval looping call 'neutron.plugins.ml2.plugin.AgentDbMixin.agent_health_check' sleeping for 36.99 seconds {{(pid=104071) _run_loop /opt/stack/data/venv/lib/python3.12/site-packages/oslo_service/backend/_threading/loopingcall.py:125}}
Mar 30 18:07:32.064841 np0000161495 neutron-periodic-workers[104062]: DEBUG dbcounter [-] [104062] Writing DB stats neutron:SELECT=3 {{(pid=104062) stat_writer /opt/stack/data/venv/lib/python3.12/site-packages/dbcounter.py:115}}
Mar 30 18:07:32.104942 np0000161495 neutron-periodic-workers[104079]: DEBUG dbcounter [-] [104079] Writing DB stats neutron:DELETE=1 {{(pid=104079) stat_writer /opt/stack/data/venv/lib/python3.12/site-packages/dbcounter.py:115}}
Mar 30 18:07:36.067097 np0000161495 neutron-periodic-workers[104071]: DEBUG dbcounter [-] [104071] Writing DB stats neutron:SELECT=1 {{(pid=104071) stat_writer /opt/stack/data/venv/lib/python3.12/site-packages/dbcounter.py:115}}
Mar 30 18:07:55.145905 np0000161495 neutron-periodic-workers[104086]: DEBUG dbcounter [-] [104086] Writer thread running {{(pid=104086) stat_writer /opt/stack/data/venv/lib/python3.12/site-packages/dbcounter.py:102}}
Mar 30 18:07:55.157651 np0000161495 neutron-periodic-workers[104086]: DEBUG oslo.service.backend._threading.loopingcall [None req-d8e88e5c-83fe-483a-8cad-bb811473e239 None None] Fixed interval looping call 'neutron.services.ovn_l3.plugin.L3_NAT_dbonly_mixin._clean_garbage' sleeping for 299.96 seconds {{(pid=104086) _run_loop /opt/stack/data/venv/lib/python3.12/site-packages/oslo_service/backend/_threading/loopingcall.py:125}}
Mar 30 18:07:59.067427 np0000161495 neutron-periodic-workers[104062]: DEBUG oslo.service.backend._threading.loopingcall [None req-7fd9157d-bea6-4551-8b27-60d43f0f6643 None None] Fixed interval looping call 'neutron.plugins.ml2.plugin.DhcpAgentSchedulerDbMixin.remove_networks_from_down_agents' sleeping for 36.99 seconds {{(pid=104062) _run_loop /opt/stack/data/venv/lib/python3.12/site-packages/oslo_service/backend/_threading/loopingcall.py:125}}
Mar 30 18:08:03.065531 np0000161495 neutron-periodic-workers[104071]: DEBUG neutron.db.agents_db [None req-d9dd50fa-01c3-4f18-aadd-1972e1fb778d None None] Agent healthcheck: found 0 active agents {{(pid=104071) agent_health_check /opt/stack/neutron/neutron/db/agents_db.py:317}}
Mar 30 18:08:03.066225 np0000161495 neutron-periodic-workers[104071]: DEBUG oslo.service.backend._threading.loopingcall [None req-d9dd50fa-01c3-4f18-aadd-1972e1fb778d None None] Fixed interval looping call 'neutron.plugins.ml2.plugin.AgentDbMixin.agent_health_check' sleeping for 36.99 seconds {{(pid=104071) _run_loop /opt/stack/data/venv/lib/python3.12/site-packages/oslo_service/backend/_threading/loopingcall.py:125}}
Mar 30 18:08:05.146802 np0000161495 neutron-periodic-workers[104086]: DEBUG dbcounter [-] [104086] Writing DB stats neutron:SELECT=1 {{(pid=104086) stat_writer /opt/stack/data/venv/lib/python3.12/site-packages/dbcounter.py:115}}
Mar 30 18:08:09.066354 np0000161495 neutron-periodic-workers[104062]: DEBUG dbcounter [-] [104062] Writing DB stats neutron:SELECT=3 {{(pid=104062) stat_writer /opt/stack/data/venv/lib/python3.12/site-packages/dbcounter.py:115}}
Mar 30 18:08:13.062919 np0000161495 neutron-periodic-workers[104071]: DEBUG dbcounter [-] [104071] Writing DB stats neutron:SELECT=1 {{(pid=104071) stat_writer /opt/stack/data/venv/lib/python3.12/site-packages/dbcounter.py:115}}
Mar 30 18:08:36.068774 np0000161495 neutron-periodic-workers[104062]: DEBUG oslo.service.backend._threading.loopingcall [None req-7fd9157d-bea6-4551-8b27-60d43f0f6643 None None] Fixed interval looping call 'neutron.plugins.ml2.plugin.DhcpAgentSchedulerDbMixin.remove_networks_from_down_agents' sleeping for 36.99 seconds {{(pid=104062) _run_loop /opt/stack/data/venv/lib/python3.12/site-packages/oslo_service/backend/_threading/loopingcall.py:125}}
Mar 30 18:08:40.062833 np0000161495 neutron-periodic-workers[104071]: DEBUG neutron.db.agents_db [None req-d9dd50fa-01c3-4f18-aadd-1972e1fb778d None None] Agent healthcheck: found 0 active agents {{(pid=104071) agent_health_check /opt/stack/neutron/neutron/db/agents_db.py:317}}
Mar 30 18:08:40.063534 np0000161495 neutron-periodic-workers[104071]: DEBUG oslo.service.backend._threading.loopingcall [None req-d9dd50fa-01c3-4f18-aadd-1972e1fb778d None None] Fixed interval looping call 'neutron.plugins.ml2.plugin.AgentDbMixin.agent_health_check' sleeping for 36.99 seconds {{(pid=104071) _run_loop /opt/stack/data/venv/lib/python3.12/site-packages/oslo_service/backend/_threading/loopingcall.py:125}}
Mar 30 18:08:46.067942 np0000161495 neutron-periodic-workers[104062]: DEBUG dbcounter [-] [104062] Writing DB stats neutron:SELECT=3 {{(pid=104062) stat_writer /opt/stack/data/venv/lib/python3.12/site-packages/dbcounter.py:115}}
Mar 30 18:08:50.059950 np0000161495 neutron-periodic-workers[104071]: DEBUG dbcounter [-] [104071] Writing DB stats neutron:SELECT=1 {{(pid=104071) stat_writer /opt/stack/data/venv/lib/python3.12/site-packages/dbcounter.py:115}}
Mar 30 18:09:13.066211 np0000161495 neutron-periodic-workers[104062]: DEBUG oslo.service.backend._threading.loopingcall [None req-7fd9157d-bea6-4551-8b27-60d43f0f6643 None None] Fixed interval looping call 'neutron.plugins.ml2.plugin.DhcpAgentSchedulerDbMixin.remove_networks_from_down_agents' sleeping for 36.99 seconds {{(pid=104062) _run_loop /opt/stack/data/venv/lib/python3.12/site-packages/oslo_service/backend/_threading/loopingcall.py:125}}
Mar 30 18:09:17.058998 np0000161495 neutron-periodic-workers[104071]: DEBUG neutron.db.agents_db [None req-d9dd50fa-01c3-4f18-aadd-1972e1fb778d None None] Agent healthcheck: found 0 active agents {{(pid=104071) agent_health_check /opt/stack/neutron/neutron/db/agents_db.py:317}}
Mar 30 18:09:17.059760 np0000161495 neutron-periodic-workers[104071]: DEBUG oslo.service.backend._threading.loopingcall [None req-d9dd50fa-01c3-4f18-aadd-1972e1fb778d None None] Fixed interval looping call 'neutron.plugins.ml2.plugin.AgentDbMixin.agent_health_check' sleeping for 36.99 seconds {{(pid=104071) _run_loop /opt/stack/data/venv/lib/python3.12/site-packages/oslo_service/backend/_threading/loopingcall.py:125}}
Mar 30 18:09:22.101434 np0000161495 neutron-periodic-workers[104079]: DEBUG oslo.service.backend._threading.loopingcall [None req-0f3f50a5-e9af-4fed-9382-3aa56737108b None None] Fixed interval looping call 'neutron.db.quota.driver_nolock.DbQuotaNoLockDriver._remove_expired_reservations' sleeping for 120.00 seconds {{(pid=104079) _run_loop /opt/stack/data/venv/lib/python3.12/site-packages/oslo_service/backend/_threading/loopingcall.py:125}}
Mar 30 18:09:23.065729 np0000161495 neutron-periodic-workers[104062]: DEBUG dbcounter [-] [104062] Writing DB stats neutron:SELECT=3 {{(pid=104062) stat_writer /opt/stack/data/venv/lib/python3.12/site-packages/dbcounter.py:115}}
Mar 30 18:09:27.057173 np0000161495 neutron-periodic-workers[104071]: DEBUG dbcounter [-] [104071] Writing DB stats neutron:SELECT=1 {{(pid=104071) stat_writer /opt/stack/data/venv/lib/python3.12/site-packages/dbcounter.py:115}}
Mar 30 18:09:32.100096 np0000161495 neutron-periodic-workers[104079]: DEBUG dbcounter [-] [104079] Writing DB stats neutron:DELETE=1 {{(pid=104079) stat_writer /opt/stack/data/venv/lib/python3.12/site-packages/dbcounter.py:115}}
Mar 30 18:09:50.066907 np0000161495 neutron-periodic-workers[104062]: DEBUG oslo.service.backend._threading.loopingcall [None req-7fd9157d-bea6-4551-8b27-60d43f0f6643 None None] Fixed interval looping call 'neutron.plugins.ml2.plugin.DhcpAgentSchedulerDbMixin.remove_networks_from_down_agents' sleeping for 36.99 seconds {{(pid=104062) _run_loop /opt/stack/data/venv/lib/python3.12/site-packages/oslo_service/backend/_threading/loopingcall.py:125}}
Mar 30 18:09:54.054302 np0000161495 neutron-periodic-workers[104071]: DEBUG neutron.db.agents_db [None req-d9dd50fa-01c3-4f18-aadd-1972e1fb778d None None] Agent healthcheck: found 0 active agents {{(pid=104071) agent_health_check /opt/stack/neutron/neutron/db/agents_db.py:317}}
Mar 30 18:09:54.055110 np0000161495 neutron-periodic-workers[104071]: DEBUG oslo.service.backend._threading.loopingcall [None req-d9dd50fa-01c3-4f18-aadd-1972e1fb778d None None] Fixed interval looping call 'neutron.plugins.ml2.plugin.AgentDbMixin.agent_health_check' sleeping for 37.00 seconds {{(pid=104071) _run_loop /opt/stack/data/venv/lib/python3.12/site-packages/oslo_service/backend/_threading/loopingcall.py:125}}
Mar 30 18:10:00.065546 np0000161495 neutron-periodic-workers[104062]: DEBUG dbcounter [-] [104062] Writing DB stats neutron:SELECT=3 {{(pid=104062) stat_writer /opt/stack/data/venv/lib/python3.12/site-packages/dbcounter.py:115}}
Mar 30 18:10:04.053158 np0000161495 neutron-periodic-workers[104071]: DEBUG dbcounter [-] [104071] Writing DB stats neutron:SELECT=1 {{(pid=104071) stat_writer /opt/stack/data/venv/lib/python3.12/site-packages/dbcounter.py:115}}
Mar 30 18:10:27.068384 np0000161495 neutron-periodic-workers[104062]: DEBUG oslo.service.backend._threading.loopingcall [None req-7fd9157d-bea6-4551-8b27-60d43f0f6643 None None] Fixed interval looping call 'neutron.plugins.ml2.plugin.DhcpAgentSchedulerDbMixin.remove_networks_from_down_agents' sleeping for 36.99 seconds {{(pid=104062) _run_loop /opt/stack/data/venv/lib/python3.12/site-packages/oslo_service/backend/_threading/loopingcall.py:125}}
Mar 30 18:10:31.060157 np0000161495 neutron-periodic-workers[104071]: DEBUG neutron.db.agents_db [None req-d9dd50fa-01c3-4f18-aadd-1972e1fb778d None None] Agent healthcheck: found 0 active agents {{(pid=104071) agent_health_check /opt/stack/neutron/neutron/db/agents_db.py:317}}
Mar 30 18:10:31.060626 np0000161495 neutron-periodic-workers[104071]: DEBUG oslo.service.backend._threading.loopingcall [None req-d9dd50fa-01c3-4f18-aadd-1972e1fb778d None None] Fixed interval looping call 'neutron.plugins.ml2.plugin.AgentDbMixin.agent_health_check' sleeping for 36.99 seconds {{(pid=104071) _run_loop /opt/stack/data/venv/lib/python3.12/site-packages/oslo_service/backend/_threading/loopingcall.py:125}}
Mar 30 18:10:37.066734 np0000161495 neutron-periodic-workers[104062]: DEBUG dbcounter [-] [104062] Writing DB stats neutron:SELECT=3 {{(pid=104062) stat_writer /opt/stack/data/venv/lib/python3.12/site-packages/dbcounter.py:115}}
Mar 30 18:10:41.058314 np0000161495 neutron-periodic-workers[104071]: DEBUG dbcounter [-] [104071] Writing DB stats neutron:SELECT=1 {{(pid=104071) stat_writer /opt/stack/data/venv/lib/python3.12/site-packages/dbcounter.py:115}}
Mar 30 18:11:04.067527 np0000161495 neutron-periodic-workers[104062]: DEBUG oslo.service.backend._threading.loopingcall [None req-7fd9157d-bea6-4551-8b27-60d43f0f6643 None None] Fixed interval looping call 'neutron.plugins.ml2.plugin.DhcpAgentSchedulerDbMixin.remove_networks_from_down_agents' sleeping for 36.99 seconds {{(pid=104062) _run_loop /opt/stack/data/venv/lib/python3.12/site-packages/oslo_service/backend/_threading/loopingcall.py:125}}
Mar 30 18:11:08.058241 np0000161495 neutron-periodic-workers[104071]: DEBUG neutron.db.agents_db [None req-d9dd50fa-01c3-4f18-aadd-1972e1fb778d None None] Agent healthcheck: found 0 active agents {{(pid=104071) agent_health_check /opt/stack/neutron/neutron/db/agents_db.py:317}}
Mar 30 18:11:08.058849 np0000161495 neutron-periodic-workers[104071]: DEBUG oslo.service.backend._threading.loopingcall [None req-d9dd50fa-01c3-4f18-aadd-1972e1fb778d None None] Fixed interval looping call 'neutron.plugins.ml2.plugin.AgentDbMixin.agent_health_check' sleeping for 36.99 seconds {{(pid=104071) _run_loop /opt/stack/data/venv/lib/python3.12/site-packages/oslo_service/backend/_threading/loopingcall.py:125}}
Mar 30 18:11:14.066511 np0000161495 neutron-periodic-workers[104062]: DEBUG dbcounter [-] [104062] Writing DB stats neutron:SELECT=3 {{(pid=104062) stat_writer /opt/stack/data/venv/lib/python3.12/site-packages/dbcounter.py:115}}
Mar 30 18:11:18.055317 np0000161495 neutron-periodic-workers[104071]: DEBUG dbcounter [-] [104071] Writing DB stats neutron:SELECT=1 {{(pid=104071) stat_writer /opt/stack/data/venv/lib/python3.12/site-packages/dbcounter.py:115}}
Mar 30 18:11:22.106189 np0000161495 neutron-periodic-workers[104079]: DEBUG oslo.service.backend._threading.loopingcall [None req-0f3f50a5-e9af-4fed-9382-3aa56737108b None None] Fixed interval looping call 'neutron.db.quota.driver_nolock.DbQuotaNoLockDriver._remove_expired_reservations' sleeping for 120.00 seconds {{(pid=104079) _run_loop /opt/stack/data/venv/lib/python3.12/site-packages/oslo_service/backend/_threading/loopingcall.py:125}}
Mar 30 18:11:32.105251 np0000161495 neutron-periodic-workers[104079]: DEBUG dbcounter [-] [104079] Writing DB stats neutron:DELETE=1 {{(pid=104079) stat_writer /opt/stack/data/venv/lib/python3.12/site-packages/dbcounter.py:115}}
Mar 30 18:11:41.068265 np0000161495 neutron-periodic-workers[104062]: DEBUG oslo.service.backend._threading.loopingcall [None req-7fd9157d-bea6-4551-8b27-60d43f0f6643 None None] Fixed interval looping call 'neutron.plugins.ml2.plugin.DhcpAgentSchedulerDbMixin.remove_networks_from_down_agents' sleeping for 36.99 seconds {{(pid=104062) _run_loop /opt/stack/data/venv/lib/python3.12/site-packages/oslo_service/backend/_threading/loopingcall.py:125}}
Mar 30 18:11:45.054511 np0000161495 neutron-periodic-workers[104071]: DEBUG neutron.db.agents_db [None req-d9dd50fa-01c3-4f18-aadd-1972e1fb778d None None] Agent healthcheck: found 0 active agents {{(pid=104071) agent_health_check /opt/stack/neutron/neutron/db/agents_db.py:317}}
Mar 30 18:11:45.055310 np0000161495 neutron-periodic-workers[104071]: DEBUG oslo.service.backend._threading.loopingcall [None req-d9dd50fa-01c3-4f18-aadd-1972e1fb778d None None] Fixed interval looping call 'neutron.plugins.ml2.plugin.AgentDbMixin.agent_health_check' sleeping for 36.99 seconds {{(pid=104071) _run_loop /opt/stack/data/venv/lib/python3.12/site-packages/oslo_service/backend/_threading/loopingcall.py:125}}
Mar 30 18:11:51.066983 np0000161495 neutron-periodic-workers[104062]: DEBUG dbcounter [-] [104062] Writing DB stats neutron:SELECT=3 {{(pid=104062) stat_writer /opt/stack/data/venv/lib/python3.12/site-packages/dbcounter.py:115}}
Mar 30 18:11:55.054908 np0000161495 neutron-periodic-workers[104071]: DEBUG dbcounter [-] [104071] Writing DB stats neutron:SELECT=1 {{(pid=104071) stat_writer /opt/stack/data/venv/lib/python3.12/site-packages/dbcounter.py:115}}
Mar 30 18:12:18.070145 np0000161495 neutron-periodic-workers[104062]: DEBUG oslo.service.backend._threading.loopingcall [None req-7fd9157d-bea6-4551-8b27-60d43f0f6643 None None] Fixed interval looping call 'neutron.plugins.ml2.plugin.DhcpAgentSchedulerDbMixin.remove_networks_from_down_agents' sleeping for 36.99 seconds {{(pid=104062) _run_loop /opt/stack/data/venv/lib/python3.12/site-packages/oslo_service/backend/_threading/loopingcall.py:125}}
Mar 30 18:12:22.051805 np0000161495 neutron-periodic-workers[104071]: DEBUG neutron.db.agents_db [None req-d9dd50fa-01c3-4f18-aadd-1972e1fb778d None None] Agent healthcheck: found 0 active agents {{(pid=104071) agent_health_check /opt/stack/neutron/neutron/db/agents_db.py:317}}
Mar 30 18:12:22.052563 np0000161495 neutron-periodic-workers[104071]: DEBUG oslo.service.backend._threading.loopingcall [None req-d9dd50fa-01c3-4f18-aadd-1972e1fb778d None None] Fixed interval looping call 'neutron.plugins.ml2.plugin.AgentDbMixin.agent_health_check' sleeping for 36.99 seconds {{(pid=104071) _run_loop /opt/stack/data/venv/lib/python3.12/site-packages/oslo_service/backend/_threading/loopingcall.py:125}}
Mar 30 18:12:28.069739 np0000161495 neutron-periodic-workers[104062]: DEBUG dbcounter [-] [104062] Writing DB stats neutron:SELECT=3 {{(pid=104062) stat_writer /opt/stack/data/venv/lib/python3.12/site-packages/dbcounter.py:115}}
Mar 30 18:12:32.049461 np0000161495 neutron-periodic-workers[104071]: DEBUG dbcounter [-] [104071] Writing DB stats neutron:SELECT=1 {{(pid=104071) stat_writer /opt/stack/data/venv/lib/python3.12/site-packages/dbcounter.py:115}}
Mar 30 18:12:55.070818 np0000161495 neutron-periodic-workers[104062]: DEBUG oslo.service.backend._threading.loopingcall [None req-7fd9157d-bea6-4551-8b27-60d43f0f6643 None None] Fixed interval looping call 'neutron.plugins.ml2.plugin.DhcpAgentSchedulerDbMixin.remove_networks_from_down_agents' sleeping for 36.99 seconds {{(pid=104062) _run_loop /opt/stack/data/venv/lib/python3.12/site-packages/oslo_service/backend/_threading/loopingcall.py:125}}
Mar 30 18:12:55.132584 np0000161495 neutron-periodic-workers[104086]: DEBUG oslo.service.backend._threading.loopingcall [None req-d8e88e5c-83fe-483a-8cad-bb811473e239 None None] Fixed interval looping call 'neutron.services.ovn_l3.plugin.L3_NAT_dbonly_mixin._clean_garbage' sleeping for 299.99 seconds {{(pid=104086) _run_loop /opt/stack/data/venv/lib/python3.12/site-packages/oslo_service/backend/_threading/loopingcall.py:125}}
Mar 30 18:12:59.048475 np0000161495 neutron-periodic-workers[104071]: DEBUG neutron.db.agents_db [None req-d9dd50fa-01c3-4f18-aadd-1972e1fb778d None None] Agent healthcheck: found 0 active agents {{(pid=104071) agent_health_check /opt/stack/neutron/neutron/db/agents_db.py:317}}
Mar 30 18:12:59.048475 np0000161495 neutron-periodic-workers[104071]: DEBUG oslo.service.backend._threading.loopingcall [None req-d9dd50fa-01c3-4f18-aadd-1972e1fb778d None None] Fixed interval looping call 'neutron.plugins.ml2.plugin.AgentDbMixin.agent_health_check' sleeping for 36.99 seconds {{(pid=104071) _run_loop /opt/stack/data/venv/lib/python3.12/site-packages/oslo_service/backend/_threading/loopingcall.py:125}}
Mar 30 18:13:05.069546 np0000161495 neutron-periodic-workers[104062]: DEBUG dbcounter [-] [104062] Writing DB stats neutron:SELECT=3 {{(pid=104062) stat_writer /opt/stack/data/venv/lib/python3.12/site-packages/dbcounter.py:115}}
Mar 30 18:13:05.122585 np0000161495 neutron-periodic-workers[104086]: DEBUG dbcounter [-] [104086] Writing DB stats neutron:SELECT=1 {{(pid=104086) stat_writer /opt/stack/data/venv/lib/python3.12/site-packages/dbcounter.py:115}}
Mar 30 18:13:09.046871 np0000161495 neutron-periodic-workers[104071]: DEBUG dbcounter [-] [104071] Writing DB stats neutron:SELECT=1 {{(pid=104071) stat_writer /opt/stack/data/venv/lib/python3.12/site-packages/dbcounter.py:115}}
Mar 30 18:13:22.111674 np0000161495 neutron-periodic-workers[104079]: DEBUG oslo.service.backend._threading.loopingcall [None req-0f3f50a5-e9af-4fed-9382-3aa56737108b None None] Fixed interval looping call 'neutron.db.quota.driver_nolock.DbQuotaNoLockDriver._remove_expired_reservations' sleeping for 120.00 seconds {{(pid=104079) _run_loop /opt/stack/data/venv/lib/python3.12/site-packages/oslo_service/backend/_threading/loopingcall.py:125}}
Mar 30 18:13:32.071152 np0000161495 neutron-periodic-workers[104062]: DEBUG oslo.service.backend._threading.loopingcall [None req-7fd9157d-bea6-4551-8b27-60d43f0f6643 None None] Fixed interval looping call 'neutron.plugins.ml2.plugin.DhcpAgentSchedulerDbMixin.remove_networks_from_down_agents' sleeping for 36.99 seconds {{(pid=104062) _run_loop /opt/stack/data/venv/lib/python3.12/site-packages/oslo_service/backend/_threading/loopingcall.py:125}}
