Mar 30 18:06:48.890897 np0000161495 devstack@neutron-api.service[102312]: DEBUG neutron_lib.callbacks.manager [None req-aae86a02-2c12-4859-ab4f-87ded0e7d8bf admin admin] Publish callbacks ['neutron.plugins.ml2.drivers.ovn.mech_driver.mech_driver.OVNMechanismDriver._create_security_group_precommit-211446'] for security_group (014d04dd-1fcd-4743-9c9d-af335b63d3f7), precommit_create {{(pid=102312) _notify_loop /opt/stack/data/venv/lib/python3.12/site-packages/neutron_lib/callbacks/manager.py:184}}
Mar 30 18:06:48.891078 np0000161495 devstack@neutron-api.service[102312]: DEBUG neutron.db.ovn_revision_numbers_db [None req-aae86a02-2c12-4859-ab4f-87ded0e7d8bf admin admin] create_initial_revision uuid=014d04dd-1fcd-4743-9c9d-af335b63d3f7, type=security_groups, rev=-1 {{(pid=102312) create_initial_revision /opt/stack/neutron/neutron/db/ovn_revision_numbers_db.py:98}}
Mar 30 18:06:48.892231 np0000161495 devstack@neutron-api.service[102312]: DEBUG neutron.db.ovn_revision_numbers_db [None req-aae86a02-2c12-4859-ab4f-87ded0e7d8bf admin admin] create_initial_revision uuid=1e331a80-e4a8-4c18-a517-d3d5b3f27162, type=security_group_rules, rev=-1 {{(pid=102312) create_initial_revision /opt/stack/neutron/neutron/db/ovn_revision_numbers_db.py:98}}
Mar 30 18:06:48.893508 np0000161495 devstack@neutron-api.service[102312]: DEBUG neutron.db.ovn_revision_numbers_db [None req-aae86a02-2c12-4859-ab4f-87ded0e7d8bf admin admin] create_initial_revision uuid=459b2c1c-d7f6-4748-8654-18d406fcd588, type=security_group_rules, rev=-1 {{(pid=102312) create_initial_revision /opt/stack/neutron/neutron/db/ovn_revision_numbers_db.py:98}}
Mar 30 18:06:48.894592 np0000161495 devstack@neutron-api.service[102312]: DEBUG neutron.db.ovn_revision_numbers_db [None req-aae86a02-2c12-4859-ab4f-87ded0e7d8bf admin admin] create_initial_revision uuid=827fd067-e32c-4bdc-8de0-42cadce0a4e7, type=security_group_rules, rev=-1 {{(pid=102312) create_initial_revision /opt/stack/neutron/neutron/db/ovn_revision_numbers_db.py:98}}
Mar 30 18:06:48.895665 np0000161495 devstack@neutron-api.service[102312]: DEBUG neutron.db.ovn_revision_numbers_db [None req-aae86a02-2c12-4859-ab4f-87ded0e7d8bf admin admin] create_initial_revision uuid=cbf0ccbb-643f-41b0-bc2b-fda1524514a5, type=security_group_rules, rev=-1 {{(pid=102312) create_initial_revision /opt/stack/neutron/neutron/db/ovn_revision_numbers_db.py:98}}
Mar 30 18:06:48.903459 np0000161495 devstack@neutron-api.service[102312]: DEBUG neutron_lib.callbacks.manager [None req-aae86a02-2c12-4859-ab4f-87ded0e7d8bf admin admin] Publish callbacks ['neutron.plugins.ml2.drivers.ovn.mech_driver.mech_driver.OVNMechanismDriver._create_security_group-211452', 'neutron.plugins.ml2.ovo_rpc._ObjectChangeHandler.handle_event-133338479'] for security_group (014d04dd-1fcd-4743-9c9d-af335b63d3f7), after_create {{(pid=102312) _notify_loop /opt/stack/data/venv/lib/python3.12/site-packages/neutron_lib/callbacks/manager.py:184}}
Mar 30 18:06:48.904519 np0000161495 devstack@neutron-api.service[102312]: DEBUG ovsdbapp.backend.ovs_idl.transaction [None req-b5ae44a5-605a-4606-80f3-b4ae3d65044c None None] Running txn n=1 command(idx=0): PgAddCommand(_result=None, name=pg_014d04dd_1fcd_4743_9c9d_af335b63d3f7, may_exist=False, columns={'acls': [], 'external_ids': {'neutron:security_group_id': '014d04dd-1fcd-4743-9c9d-af335b63d3f7'}}) {{(pid=102312) do_commit /opt/stack/data/venv/lib/python3.12/site-packages/ovsdbapp/backend/ovs_idl/transaction.py:89}}
Mar 30 18:06:48.905143 np0000161495 devstack@neutron-api.service[102312]: DEBUG ovsdbapp.backend.ovs_idl.transaction [None req-b5ae44a5-605a-4606-80f3-b4ae3d65044c None None] Running txn n=1 command(idx=1): PgAclAddCommand(_result=None, entity=pg_014d04dd_1fcd_4743_9c9d_af335b63d3f7, direction=to-lport, priority=1002, match=outport == @pg_014d04dd_1fcd_4743_9c9d_af335b63d3f7 && ip4 && ip4.src == $pg_014d04dd_1fcd_4743_9c9d_af335b63d3f7_ip4, action=allow-related, log=False, may_exist=True, severity=[], name=[], meter=[], external_ids={'neutron:security_group_rule_id': '1e331a80-e4a8-4c18-a517-d3d5b3f27162'}) {{(pid=102312) do_commit /opt/stack/data/venv/lib/python3.12/site-packages/ovsdbapp/backend/ovs_idl/transaction.py:89}}
Mar 30 18:06:48.905806 np0000161495 devstack@neutron-api.service[102312]: DEBUG ovsdbapp.backend.ovs_idl.transaction [None req-b5ae44a5-605a-4606-80f3-b4ae3d65044c None None] Running txn n=1 command(idx=2): PgAclAddCommand(_result=None, entity=pg_014d04dd_1fcd_4743_9c9d_af335b63d3f7, direction=from-lport, priority=1002, match=inport == @pg_014d04dd_1fcd_4743_9c9d_af335b63d3f7 && ip4, action=allow-related, log=False, may_exist=True, severity=[], name=[], meter=[], external_ids={'neutron:security_group_rule_id': '459b2c1c-d7f6-4748-8654-18d406fcd588'}) {{(pid=102312) do_commit /opt/stack/data/venv/lib/python3.12/site-packages/ovsdbapp/backend/ovs_idl/transaction.py:89}}
Mar 30 18:06:48.906307 np0000161495 devstack@neutron-api.service[102312]: DEBUG ovsdbapp.backend.ovs_idl.transaction [None req-b5ae44a5-605a-4606-80f3-b4ae3d65044c None None] Running txn n=1 command(idx=3): PgAclAddCommand(_result=None, entity=pg_014d04dd_1fcd_4743_9c9d_af335b63d3f7, direction=to-lport, priority=1002, match=outport == @pg_014d04dd_1fcd_4743_9c9d_af335b63d3f7 && ip6 && ip6.src == $pg_014d04dd_1fcd_4743_9c9d_af335b63d3f7_ip6, action=allow-related, log=False, may_exist=True, severity=[], name=[], meter=[], external_ids={'neutron:security_group_rule_id': '827fd067-e32c-4bdc-8de0-42cadce0a4e7'}) {{(pid=102312) do_commit /opt/stack/data/venv/lib/python3.12/site-packages/ovsdbapp/backend/ovs_idl/transaction.py:89}}
Mar 30 18:06:48.906930 np0000161495 devstack@neutron-api.service[102312]: DEBUG ovsdbapp.backend.ovs_idl.transaction [None req-b5ae44a5-605a-4606-80f3-b4ae3d65044c None None] Running txn n=1 command(idx=4): PgAclAddCommand(_result=None, entity=pg_014d04dd_1fcd_4743_9c9d_af335b63d3f7, direction=from-lport, priority=1002, match=inport == @pg_014d04dd_1fcd_4743_9c9d_af335b63d3f7 && ip6, action=allow-related, log=False, may_exist=True, severity=[], name=[], meter=[], external_ids={'neutron:security_group_rule_id': 'cbf0ccbb-643f-41b0-bc2b-fda1524514a5'}) {{(pid=102312) do_commit /opt/stack/data/venv/lib/python3.12/site-packages/ovsdbapp/backend/ovs_idl/transaction.py:89}}
Mar 30 18:06:48.950220 np0000161495 devstack@neutron-api.service[102312]: DEBUG neutron.common.ovn.hash_ring_manager [None req-b5ae44a5-605a-4606-80f3-b4ae3d65044c None None] Hash Ring loaded. 4 active nodes. 0 offline nodes {{(pid=102312) _load_hash_ring /opt/stack/neutron/neutron/common/ovn/hash_ring_manager.py:102}}
Mar 30 18:06:48.950363 np0000161495 devstack@neutron-api.service[102312]: DEBUG neutron.plugins.ml2.drivers.ovn.mech_driver.ovsdb.ovsdb_monitor [None req-b5ae44a5-605a-4606-80f3-b4ae3d65044c None None] Hash Ring: Node 077b4f9082e55bb2be82ac794ad33e8f (host: np0000161495) handling event "create" for row 45e07cf3-b198-4182-80cf-0063c5790e2a (table: ACL) {{(pid=102312) notify /opt/stack/neutron/neutron/plugins/ml2/drivers/ovn/mech_driver/ovsdb/ovsdb_monitor.py:912}}
Mar 30 18:06:48.951433 np0000161495 devstack@neutron-api.service[102311]: DEBUG neutron.common.ovn.hash_ring_manager [None req-83b7c96e-cf20-4a8e-a8be-8b6fe2355280 None None] Hash Ring loaded. 4 active nodes. 0 offline nodes {{(pid=102311) _load_hash_ring /opt/stack/neutron/neutron/common/ovn/hash_ring_manager.py:102}}
Mar 30 18:06:48.951860 np0000161495 devstack@neutron-api.service[102311]: DEBUG neutron.plugins.ml2.drivers.ovn.mech_driver.ovsdb.ovsdb_monitor [None req-83b7c96e-cf20-4a8e-a8be-8b6fe2355280 None None] Hash Ring: Node b0b727d3e9905a169cbffd706545b9f5 (host: np0000161495) handling event "create" for row 770bd126-48ec-472d-9b44-f18cba5baca3 (table: ACL) {{(pid=102311) notify /opt/stack/neutron/neutron/plugins/ml2/drivers/ovn/mech_driver/ovsdb/ovsdb_monitor.py:912}}
Mar 30 18:06:48.951950 np0000161495 devstack@neutron-api.service[102311]: DEBUG neutron.plugins.ml2.drivers.ovn.mech_driver.ovsdb.ovsdb_monitor [None req-83b7c96e-cf20-4a8e-a8be-8b6fe2355280 None None] Hash Ring: Node b0b727d3e9905a169cbffd706545b9f5 (host: np0000161495) handling event "create" for row 7e2b209d-4377-4703-b556-51c096617542 (table: ACL) {{(pid=102311) notify /opt/stack/neutron/neutron/plugins/ml2/drivers/ovn/mech_driver/ovsdb/ovsdb_monitor.py:912}}
Mar 30 18:06:48.952397 np0000161495 devstack@neutron-api.service[102311]: DEBUG neutron.plugins.ml2.drivers.ovn.mech_driver.ovsdb.ovsdb_monitor [None req-83b7c96e-cf20-4a8e-a8be-8b6fe2355280 None None] Hash Ring: Node b0b727d3e9905a169cbffd706545b9f5 (host: np0000161495) handling event "create" for row 494a6ea0-fd83-4de2-b7f8-fbb2b321b3cd (table: Port_Group) {{(pid=102311) notify /opt/stack/neutron/neutron/plugins/ml2/drivers/ovn/mech_driver/ovsdb/ovsdb_monitor.py:912}}
Mar 30 18:06:48.952466 np0000161495 devstack@neutron-api.service[102314]: DEBUG neutron.common.ovn.hash_ring_manager [None req-37b4e150-e76f-4f3d-a572-043b5a945bc9 None None] Hash Ring loaded. 4 active nodes. 0 offline nodes {{(pid=102314) _load_hash_ring /opt/stack/neutron/neutron/common/ovn/hash_ring_manager.py:102}}
Mar 30 18:06:48.954088 np0000161495 devstack@neutron-api.service[102313]: DEBUG neutron.common.ovn.hash_ring_manager [None req-7449a68f-212f-4f6a-b5d4-05a7b9ff115e None None] Hash Ring loaded. 4 active nodes. 0 offline nodes {{(pid=102313) _load_hash_ring /opt/stack/neutron/neutron/common/ovn/hash_ring_manager.py:102}}
Mar 30 18:06:48.954350 np0000161495 devstack@neutron-api.service[102313]: DEBUG neutron.plugins.ml2.drivers.ovn.mech_driver.ovsdb.ovsdb_monitor [None req-7449a68f-212f-4f6a-b5d4-05a7b9ff115e None None] Hash Ring: Node 7d54be97fb7f5212b341de60662d08ab (host: np0000161495) handling event "create" for row 61cb9b21-bc00-4c76-ae2f-2d06d6b395ca (table: ACL) {{(pid=102313) notify /opt/stack/neutron/neutron/plugins/ml2/drivers/ovn/mech_driver/ovsdb/ovsdb_monitor.py:912}}
Mar 30 18:06:48.972004 np0000161495 devstack@neutron-api.service[102312]: INFO neutron.db.ovn_revision_numbers_db [None req-aae86a02-2c12-4859-ab4f-87ded0e7d8bf admin admin] Successfully bumped revision number for resource 014d04dd-1fcd-4743-9c9d-af335b63d3f7 (type: security_groups) to 1
Mar 30 18:06:48.983831 np0000161495 devstack@neutron-api.service[102312]: INFO neutron.db.ovn_revision_numbers_db [None req-aae86a02-2c12-4859-ab4f-87ded0e7d8bf admin admin] Successfully bumped revision number for resource 1e331a80-e4a8-4c18-a517-d3d5b3f27162 (type: security_group_rules) to 0
Mar 30 18:06:48.996041 np0000161495 devstack@neutron-api.service[102312]: INFO neutron.db.ovn_revision_numbers_db [None req-aae86a02-2c12-4859-ab4f-87ded0e7d8bf admin admin] Successfully bumped revision number for resource 459b2c1c-d7f6-4748-8654-18d406fcd588 (type: security_group_rules) to 0
Mar 30 18:06:49.010196 np0000161495 devstack@neutron-api.service[102312]: INFO neutron.db.ovn_revision_numbers_db [None req-aae86a02-2c12-4859-ab4f-87ded0e7d8bf admin admin] Successfully bumped revision number for resource 827fd067-e32c-4bdc-8de0-42cadce0a4e7 (type: security_group_rules) to 0
Mar 30 18:06:49.022751 np0000161495 devstack@neutron-api.service[102312]: INFO neutron.db.ovn_revision_numbers_db [None req-aae86a02-2c12-4859-ab4f-87ded0e7d8bf admin admin] Successfully bumped revision number for resource cbf0ccbb-643f-41b0-bc2b-fda1524514a5 (type: security_group_rules) to 0
Mar 30 18:06:49.049400 np0000161495 devstack@neutron-api.service[102312]: DEBUG neutron.api.rpc.handlers.resources_rpc [None req-aae86a02-2c12-4859-ab4f-87ded0e7d8bf admin admin] Pushing event updated for resources: {'SecurityGroup': ['ID=014d04dd-1fcd-4743-9c9d-af335b63d3f7,revision_number=1']} {{(pid=102312) push /opt/stack/neutron/neutron/api/rpc/handlers/resources_rpc.py:237}}
Mar 30 18:06:49.056086 np0000161495 devstack@neutron-api.service[102312]: DEBUG ovsdbapp.backend.ovs_idl.transaction [None req-b5ae44a5-605a-4606-80f3-b4ae3d65044c None None] Running txn n=1 command(idx=0): CheckLivenessCommand(_result=None) {{(pid=102312) do_commit /opt/stack/data/venv/lib/python3.12/site-packages/ovsdbapp/backend/ovs_idl/transaction.py:89}}
Mar 30 18:06:49.060650 np0000161495 devstack@neutron-api.service[102314]: DEBUG neutron.plugins.ml2.drivers.ovn.mech_driver.ovsdb.ovsdb_monitor [None req-37b4e150-e76f-4f3d-a572-043b5a945bc9 None None] Hash Ring: Node 6f9306506aca5532a67f9254f44791b5 (host: np0000161495) handling event "update" for row cd2abec3-b0c3-414f-b28b-22717290f408 (table: NB_Global) {{(pid=102314) notify /opt/stack/neutron/neutron/plugins/ml2/drivers/ovn/mech_driver/ovsdb/ovsdb_monitor.py:912}}
Mar 30 18:06:49.061902 np0000161495 devstack@neutron-api.service[102314]: DEBUG neutron.plugins.ml2.drivers.ovn.mech_driver.ovsdb.ovsdb_monitor [None req-37b4e150-e76f-4f3d-a572-043b5a945bc9 None None] Hash Ring: Node 6f9306506aca5532a67f9254f44791b5 (host: np0000161495) handling event "update" for row cd2abec3-b0c3-414f-b28b-22717290f408 (table: NB_Global) {{(pid=102314) notify /opt/stack/neutron/neutron/plugins/ml2/drivers/ovn/mech_driver/ovsdb/ovsdb_monitor.py:912}}
Mar 30 18:06:49.063569 np0000161495 devstack@neutron-api.service[102314]: DEBUG neutron.plugins.ml2.drivers.ovn.mech_driver.ovsdb.ovsdb_monitor [None req-37b4e150-e76f-4f3d-a572-043b5a945bc9 None None] Hash Ring: Node 6f9306506aca5532a67f9254f44791b5 (host: np0000161495) handling event "update" for row cd2abec3-b0c3-414f-b28b-22717290f408 (table: NB_Global) {{(pid=102314) notify /opt/stack/neutron/neutron/plugins/ml2/drivers/ovn/mech_driver/ovsdb/ovsdb_monitor.py:912}}
Mar 30 18:06:49.064181 np0000161495 devstack@neutron-api.service[102311]: DEBUG neutron.plugins.ml2.drivers.ovn.mech_driver.ovsdb.ovsdb_monitor [None req-bbdf2001-fac2-4be0-b5b5-d74a51eb1974 None None] ChassisAgentWriteEvent : Matched Chassis_Private, update, None None {{(pid=102311) matches /opt/stack/neutron/neutron/plugins/ml2/drivers/ovn/mech_driver/ovsdb/ovsdb_monitor.py:64}}
Mar 30 18:06:49.064348 np0000161495 devstack@neutron-api.service[102313]: DEBUG neutron.plugins.ml2.drivers.ovn.mech_driver.ovsdb.ovsdb_monitor [None req-a76c3b10-60ed-4131-abd3-0d71c72e6a8c None None] ChassisAgentWriteEvent : Matched Chassis_Private, update, None None {{(pid=102313) matches /opt/stack/neutron/neutron/plugins/ml2/drivers/ovn/mech_driver/ovsdb/ovsdb_monitor.py:64}}
Mar 30 18:06:49.064583 np0000161495 devstack@neutron-api.service[102314]: DEBUG neutron.plugins.ml2.drivers.ovn.mech_driver.ovsdb.ovsdb_monitor [None req-37b4e150-e76f-4f3d-a572-043b5a945bc9 None None] Hash Ring: Node 6f9306506aca5532a67f9254f44791b5 (host: np0000161495) handling event "update" for row cd2abec3-b0c3-414f-b28b-22717290f408 (table: NB_Global) {{(pid=102314) notify /opt/stack/neutron/neutron/plugins/ml2/drivers/ovn/mech_driver/ovsdb/ovsdb_monitor.py:912}}
Mar 30 18:06:49.067471 np0000161495 devstack@neutron-api.service[102314]: DEBUG neutron.plugins.ml2.drivers.ovn.mech_driver.ovsdb.ovsdb_monitor [None req-3d869e8e-f513-4b9a-9ec8-126da33ac79e None None] ChassisAgentWriteEvent : Matched Chassis_Private, update, None None {{(pid=102314) matches /opt/stack/neutron/neutron/plugins/ml2/drivers/ovn/mech_driver/ovsdb/ovsdb_monitor.py:64}}
Mar 30 18:06:49.070081 np0000161495 devstack@neutron-api.service[102312]: DEBUG neutron.plugins.ml2.drivers.ovn.mech_driver.ovsdb.ovsdb_monitor [None req-86d2184a-d09d-44ac-b249-2fd4d4166f6c None None] ChassisAgentWriteEvent : Matched Chassis_Private, update, None None {{(pid=102312) matches /opt/stack/neutron/neutron/plugins/ml2/drivers/ovn/mech_driver/ovsdb/ovsdb_monitor.py:64}}
Mar 30 18:06:49.075022 np0000161495 devstack@neutron-api.service[102314]: DEBUG neutron.common.ovn.hash_ring_manager [None req-3d869e8e-f513-4b9a-9ec8-126da33ac79e None None] Hash Ring loaded. 4 active nodes. 0 offline nodes {{(pid=102314) _load_hash_ring /opt/stack/neutron/neutron/common/ovn/hash_ring_manager.py:102}}
Mar 30 18:06:49.076266 np0000161495 devstack@neutron-api.service[102311]: DEBUG neutron.common.ovn.hash_ring_manager [None req-bbdf2001-fac2-4be0-b5b5-d74a51eb1974 None None] Hash Ring loaded. 4 active nodes. 0 offline nodes {{(pid=102311) _load_hash_ring /opt/stack/neutron/neutron/common/ovn/hash_ring_manager.py:102}}
Mar 30 18:06:49.077331 np0000161495 devstack@neutron-api.service[102313]: DEBUG neutron.common.ovn.hash_ring_manager [None req-a76c3b10-60ed-4131-abd3-0d71c72e6a8c None None] Hash Ring loaded. 4 active nodes. 0 offline nodes {{(pid=102313) _load_hash_ring /opt/stack/neutron/neutron/common/ovn/hash_ring_manager.py:102}}
Mar 30 18:06:49.077601 np0000161495 devstack@neutron-api.service[102313]: DEBUG neutron.plugins.ml2.drivers.ovn.mech_driver.ovsdb.ovsdb_monitor [None req-a76c3b10-60ed-4131-abd3-0d71c72e6a8c None None] Hash Ring: Node 7d54be97fb7f5212b341de60662d08ab (host: np0000161495) handling event "update" for row 44f8f49a-ad36-44cb-9186-3c1fde69fe62 (table: Chassis_Private) {{(pid=102313) notify /opt/stack/neutron/neutron/plugins/ml2/drivers/ovn/mech_driver/ovsdb/ovsdb_monitor.py:912}}
Mar 30 18:06:49.085300 np0000161495 devstack@neutron-api.service[102312]: DEBUG neutron.common.ovn.hash_ring_manager [None req-86d2184a-d09d-44ac-b249-2fd4d4166f6c None None] Hash Ring loaded. 4 active nodes. 0 offline nodes {{(pid=102312) _load_hash_ring /opt/stack/neutron/neutron/common/ovn/hash_ring_manager.py:102}}
Mar 30 18:06:49.111038 np0000161495 devstack@neutron-api.service[102312]: DEBUG neutron.plugins.ml2.drivers.helpers [None req-aae86a02-2c12-4859-ab4f-87ded0e7d8bf admin admin] geneve segment allocate from pool success with {'geneve_vni': 6179} {{(pid=102312) allocate_partially_specified_segment /opt/stack/neutron/neutron/plugins/ml2/drivers/helpers.py:142}}
Mar 30 18:06:49.120175 np0000161495 devstack@neutron-api.service[102312]: DEBUG neutron_lib.callbacks.manager [None req-aae86a02-2c12-4859-ab4f-87ded0e7d8bf admin admin] Publish callbacks ['neutron.services.segments.db._add_segment_host_mapping_for_segment-8708114268324', 'neutron.plugins.ml2.plugin.Ml2Plugin._handle_segment_change-1365883'] for segment (4b7dc031-4293-4a24-99af-0bbb191795f3), precommit_create {{(pid=102312) _notify_loop /opt/stack/data/venv/lib/python3.12/site-packages/neutron_lib/callbacks/manager.py:184}}
Mar 30 18:06:49.120384 np0000161495 devstack@neutron-api.service[102312]: INFO neutron.db.segments_db [None req-aae86a02-2c12-4859-ab4f-87ded0e7d8bf admin admin] Added segment 4b7dc031-4293-4a24-99af-0bbb191795f3 of type geneve for network 59d1d224-39b9-4bd2-a33e-239a7d392b00
Mar 30 18:06:49.134258 np0000161495 devstack@neutron-api.service[102312]: DEBUG neutron_lib.callbacks.manager [None req-aae86a02-2c12-4859-ab4f-87ded0e7d8bf admin admin] Publish callbacks ['neutron.services.auto_allocate.db._ensure_external_network_default_value_callback-8708113100974'] for network (59d1d224-39b9-4bd2-a33e-239a7d392b00), precommit_create {{(pid=102312) _notify_loop /opt/stack/data/venv/lib/python3.12/site-packages/neutron_lib/callbacks/manager.py:184}}
Mar 30 18:06:49.145242 np0000161495 devstack@neutron-api.service[102312]: DEBUG neutron.plugins.ml2.drivers.ovn.mech_driver.mech_driver [None req-aae86a02-2c12-4859-ab4f-87ded0e7d8bf admin admin] Validating network segment with type geneve, segmentation ID 6179, physical network None {{(pid=102312) _validate_network_segments /opt/stack/neutron/neutron/plugins/ml2/drivers/ovn/mech_driver/mech_driver.py:631}}
Mar 30 18:06:49.145386 np0000161495 devstack@neutron-api.service[102312]: DEBUG neutron.db.ovn_revision_numbers_db [None req-aae86a02-2c12-4859-ab4f-87ded0e7d8bf admin admin] create_initial_revision uuid=59d1d224-39b9-4bd2-a33e-239a7d392b00, type=networks, rev=-1 {{(pid=102312) create_initial_revision /opt/stack/neutron/neutron/db/ovn_revision_numbers_db.py:98}}
Mar 30 18:06:49.153391 np0000161495 devstack@neutron-api.service[102312]: DEBUG neutron_lib.callbacks.manager [None req-aae86a02-2c12-4859-ab4f-87ded0e7d8bf admin admin] Publish callbacks ['neutron.plugins.ml2.ovo_rpc._ObjectChangeHandler.handle_event-133338482'] for network (59d1d224-39b9-4bd2-a33e-239a7d392b00), after_create {{(pid=102312) _notify_loop /opt/stack/data/venv/lib/python3.12/site-packages/neutron_lib/callbacks/manager.py:184}}
Mar 30 18:06:49.170159 np0000161495 devstack@neutron-api.service[102312]: DEBUG neutron.api.rpc.handlers.resources_rpc [None req-aae86a02-2c12-4859-ab4f-87ded0e7d8bf admin admin] Pushing event updated for resources: {'Network': ['ID=59d1d224-39b9-4bd2-a33e-239a7d392b00,revision_number=1']} {{(pid=102312) push /opt/stack/neutron/neutron/api/rpc/handlers/resources_rpc.py:237}}
Mar 30 18:06:49.178528 np0000161495 devstack@neutron-api.service[102312]: DEBUG ovsdbapp.backend.ovs_idl.transaction [None req-b5ae44a5-605a-4606-80f3-b4ae3d65044c None None] Running txn n=1 command(idx=0): AddNetworkCommand(_result=None, network_uuid=59d1d224-39b9-4bd2-a33e-239a7d392b00, may_exist=True, columns={'external_ids': {'neutron:network_name': 'admin_net', 'neutron:mtu': '1372', 'neutron:revision_number': '1', 'neutron:availability_zone_hints': '', 'neutron:provnet-network-type': 'geneve'}, 'other_config': {'mcast_snoop': 'false', 'mcast_flood_unregistered': 'false', 'vlan-passthru': 'false'}}) {{(pid=102312) do_commit /opt/stack/data/venv/lib/python3.12/site-packages/ovsdbapp/backend/ovs_idl/transaction.py:89}}
Mar 30 18:06:49.183012 np0000161495 devstack@neutron-api.service[102311]: DEBUG neutron.plugins.ml2.drivers.ovn.mech_driver.ovsdb.ovsdb_monitor [None req-83b7c96e-cf20-4a8e-a8be-8b6fe2355280 None None] Hash Ring: Node b0b727d3e9905a169cbffd706545b9f5 (host: np0000161495) handling event "create" for row 59d1d224-39b9-4bd2-a33e-239a7d392b00 (table: Logical_Switch) {{(pid=102311) notify /opt/stack/neutron/neutron/plugins/ml2/drivers/ovn/mech_driver/ovsdb/ovsdb_monitor.py:912}}
Mar 30 18:06:49.187005 np0000161495 devstack@neutron-api.service[102311]: DEBUG neutron.plugins.ml2.drivers.ovn.mech_driver.ovsdb.ovsdb_monitor [None req-bbdf2001-fac2-4be0-b5b5-d74a51eb1974 None None] Hash Ring: Node b0b727d3e9905a169cbffd706545b9f5 (host: np0000161495) handling event "create" for row 880506ad-f859-404e-96b5-c2f4e099fda2 (table: Datapath_Binding) {{(pid=102311) notify /opt/stack/neutron/neutron/plugins/ml2/drivers/ovn/mech_driver/ovsdb/ovsdb_monitor.py:912}}
Mar 30 18:06:49.214009 np0000161495 devstack@neutron-api.service[102312]: INFO neutron.db.ovn_revision_numbers_db [None req-aae86a02-2c12-4859-ab4f-87ded0e7d8bf admin admin] Successfully bumped revision number for resource 59d1d224-39b9-4bd2-a33e-239a7d392b00 (type: networks) to 1
Mar 30 18:06:49.227201 np0000161495 devstack@neutron-api.service[102312]: DEBUG neutron_lib.callbacks.manager [None req-aae86a02-2c12-4859-ab4f-87ded0e7d8bf admin admin] Publish callbacks ['neutron.plugins.ml2.plugin.SecurityGroupDbMixin._ensure_default_security_group_handler-1086095'] for port (None), before_create {{(pid=102312) _notify_loop /opt/stack/data/venv/lib/python3.12/site-packages/neutron_lib/callbacks/manager.py:184}}
Mar 30 18:06:49.295116 np0000161495 devstack@neutron-api.service[102312]: DEBUG neutron_lib.callbacks.manager [None req-aae86a02-2c12-4859-ab4f-87ded0e7d8bf admin admin] Publish callbacks ['neutron.plugins.ml2.drivers.ovn.mech_driver.mech_driver.OVNMechanismDriver._validate_allowed_address_pairs-211278'] for allowed_address_pair (5f924221-74c4-49ff-ba4f-8a56ba7d502d), before_create {{(pid=102312) _notify_loop /opt/stack/data/venv/lib/python3.12/site-packages/neutron_lib/callbacks/manager.py:184}}
Mar 30 18:06:49.295607 np0000161495 devstack@neutron-api.service[102312]: DEBUG neutron_lib.callbacks.manager [None req-aae86a02-2c12-4859-ab4f-87ded0e7d8bf admin admin] Publish callbacks [] for port (5f924221-74c4-49ff-ba4f-8a56ba7d502d), precommit_create {{(pid=102312) _notify_loop /opt/stack/data/venv/lib/python3.12/site-packages/neutron_lib/callbacks/manager.py:184}}
Mar 30 18:06:49.295792 np0000161495 devstack@neutron-api.service[102312]: DEBUG neutron.plugins.ml2.drivers.ovn.mech_driver.mech_driver [None req-aae86a02-2c12-4859-ab4f-87ded0e7d8bf admin admin] No provisioning block for port 5f924221-74c4-49ff-ba4f-8a56ba7d502d since it does not have a host {{(pid=102312) _is_port_provisioning_required /opt/stack/neutron/neutron/plugins/ml2/drivers/ovn/mech_driver/mech_driver.py:884}}
Mar 30 18:06:49.295899 np0000161495 devstack@neutron-api.service[102312]: DEBUG neutron.db.ovn_revision_numbers_db [None req-aae86a02-2c12-4859-ab4f-87ded0e7d8bf admin admin] create_initial_revision uuid=5f924221-74c4-49ff-ba4f-8a56ba7d502d, type=ports, rev=-1 {{(pid=102312) create_initial_revision /opt/stack/neutron/neutron/db/ovn_revision_numbers_db.py:98}}
Mar 30 18:06:49.336585 np0000161495 devstack@neutron-api.service[102312]: DEBUG neutron_lib.callbacks.manager [None req-aae86a02-2c12-4859-ab4f-87ded0e7d8bf admin admin] Publish callbacks ['neutron.plugins.ml2.ovo_rpc._ObjectChangeHandler.handle_event-133338247'] for port (5f924221-74c4-49ff-ba4f-8a56ba7d502d), after_create {{(pid=102312) _notify_loop /opt/stack/data/venv/lib/python3.12/site-packages/neutron_lib/callbacks/manager.py:184}}
Mar 30 18:06:49.368286 np0000161495 devstack@neutron-api.service[102312]: DEBUG neutron.api.rpc.handlers.resources_rpc [None req-aae86a02-2c12-4859-ab4f-87ded0e7d8bf admin admin] Pushing event updated for resources: {'Port': ['ID=5f924221-74c4-49ff-ba4f-8a56ba7d502d,revision_number=1']} {{(pid=102312) push /opt/stack/neutron/neutron/api/rpc/handlers/resources_rpc.py:237}}
Mar 30 18:06:49.375275 np0000161495 devstack@neutron-api.service[102312]: DEBUG ovsdbapp.backend.ovs_idl.transaction [None req-b5ae44a5-605a-4606-80f3-b4ae3d65044c None None] Running txn n=1 command(idx=0): AddLSwitchPortCommand(_result=None, lport=5f924221-74c4-49ff-ba4f-8a56ba7d502d, lswitch=neutron-59d1d224-39b9-4bd2-a33e-239a7d392b00, may_exist=True, network_uuid=59d1d224-39b9-4bd2-a33e-239a7d392b00, columns={'addresses': ['fa:16:3e:78:da:e4'], 'external_ids': {'neutron:port_name': '', 'neutron:device_id': 'ovnmeta-59d1d224-39b9-4bd2-a33e-239a7d392b00', 'neutron:project_id': 'edaac39544b34b5394380750768c8b48', 'neutron:cidrs': '', 'neutron:device_owner': 'network:distributed', 'neutron:subnet_pool_addr_scope4': '', 'neutron:subnet_pool_addr_scope6': '', 'neutron:network_name': 'neutron-59d1d224-39b9-4bd2-a33e-239a7d392b00', 'neutron:security_group_ids': '', 'neutron:revision_number': '1', 'neutron:vnic_type': 'normal', 'neutron:port_capabilities': '', 'neutron:mtu': ''}, 'parent_name': [], 'tag': [], 'enabled': True, 'options': {}, 'type': 'localport', 'port_security': [], 'dhcpv4_options': [], 'dhcpv6_options': []}) {{(pid=102312) do_commit /opt/stack/data/venv/lib/python3.12/site-packages/ovsdbapp/backend/ovs_idl/transaction.py:89}}
Mar 30 18:06:49.375906 np0000161495 devstack@neutron-api.service[102312]: DEBUG ovsdbapp.backend.ovs_idl.transaction [None req-b5ae44a5-605a-4606-80f3-b4ae3d65044c None None] Running txn n=1 command(idx=1): QoSDelCommand(_result=None, switch=neutron-59d1d224-39b9-4bd2-a33e-239a7d392b00, conditions=[('direction', '=', 'to-lport'), ('priority', '=', 2002), ('match', '=', 'outport == "5f924221-74c4-49ff-ba4f-8a56ba7d502d"')], if_exists=True) {{(pid=102312) do_commit /opt/stack/data/venv/lib/python3.12/site-packages/ovsdbapp/backend/ovs_idl/transaction.py:89}}
Mar 30 18:06:49.376117 np0000161495 devstack@neutron-api.service[102312]: DEBUG ovsdbapp.backend.ovs_idl.transaction [None req-b5ae44a5-605a-4606-80f3-b4ae3d65044c None None] Running txn n=1 command(idx=2): QoSDelCommand(_result=None, switch=neutron-59d1d224-39b9-4bd2-a33e-239a7d392b00, conditions=[('direction', '=', 'from-lport'), ('priority', '=', 2002), ('match', '=', 'inport == "5f924221-74c4-49ff-ba4f-8a56ba7d502d"')], if_exists=True) {{(pid=102312) do_commit /opt/stack/data/venv/lib/python3.12/site-packages/ovsdbapp/backend/ovs_idl/transaction.py:89}}
Mar 30 18:06:49.380612 np0000161495 devstack@neutron-api.service[102314]: DEBUG neutron.plugins.ml2.drivers.ovn.mech_driver.ovsdb.ovsdb_monitor [None req-37b4e150-e76f-4f3d-a572-043b5a945bc9 None None] Hash Ring: Node 6f9306506aca5532a67f9254f44791b5 (host: np0000161495) handling event "create" for row 478e2a8c-67ab-4303-9f49-c89a2489a491 (table: Logical_Switch_Port) {{(pid=102314) notify /opt/stack/neutron/neutron/plugins/ml2/drivers/ovn/mech_driver/ovsdb/ovsdb_monitor.py:912}}
Mar 30 18:06:49.381486 np0000161495 devstack@neutron-api.service[102314]: DEBUG ovsdbapp.backend.ovs_idl.event [None req-37b4e150-e76f-4f3d-a572-043b5a945bc9 None None] Matched CREATE: LogicalSwitchPortCreateEvent(events=('create',), table='Logical_Switch_Port', conditions=[], old_conditions=None), priority=20 to row=Logical_Switch_Port(uuid=478e2a8c-67ab-4303-9f49-c89a2489a491, addresses=['fa:16:3e:78:da:e4'], dhcpv4_options=[], dhcpv6_options=[], dynamic_addresses=[], enabled=True, external_ids={'neutron:cidrs': '', 'neutron:device_id': 'ovnmeta-59d1d224-39b9-4bd2-a33e-239a7d392b00', 'neutron:device_owner': 'network:distributed', 'neutron:mtu': '', 'neutron:network_name': 'neutron-59d1d224-39b9-4bd2-a33e-239a7d392b00', 'neutron:port_capabilities': '', 'neutron:port_name': '', 'neutron:project_id': 'edaac39544b34b5394380750768c8b48', 'neutron:revision_number': '1', 'neutron:security_group_ids': '', 'neutron:subnet_pool_addr_scope4': '', 'neutron:subnet_pool_addr_scope6': '', 'neutron:vnic_type': 'normal'}, ha_chassis_group=[], mirror_rules=[], name='5f924221-74c4-49ff-ba4f-8a56ba7d502d', options={}, parent_name=[], port_security=[], tag=[], tag_request=[], type='localport', up=[]) old= {{(pid=102314) matches /opt/stack/data/venv/lib/python3.12/site-packages/ovsdbapp/backend/ovs_idl/event.py:55}}
Mar 30 18:06:49.382562 np0000161495 devstack@neutron-api.service[102314]: INFO neutron.plugins.ml2.drivers.ovn.mech_driver.mech_driver [None req-2f8a3833-cee4-4b58-a8c0-1cc6b8c66eb9 None None] OVN reports status down for port: 5f924221-74c4-49ff-ba4f-8a56ba7d502d
Mar 30 18:06:49.383036 np0000161495 devstack@neutron-api.service[102311]: DEBUG neutron.plugins.ml2.drivers.ovn.mech_driver.ovsdb.ovsdb_monitor [None req-83b7c96e-cf20-4a8e-a8be-8b6fe2355280 None None] Hash Ring: Node b0b727d3e9905a169cbffd706545b9f5 (host: np0000161495) handling event "update" for row 59d1d224-39b9-4bd2-a33e-239a7d392b00 (table: Logical_Switch) {{(pid=102311) notify /opt/stack/neutron/neutron/plugins/ml2/drivers/ovn/mech_driver/ovsdb/ovsdb_monitor.py:912}}
Mar 30 18:06:49.386464 np0000161495 devstack@neutron-api.service[102313]: DEBUG neutron.plugins.ml2.drivers.ovn.mech_driver.ovsdb.ovsdb_monitor [None req-a76c3b10-60ed-4131-abd3-0d71c72e6a8c None None] Hash Ring: Node 7d54be97fb7f5212b341de60662d08ab (host: np0000161495) handling event "create" for row 64f027cc-c317-40c3-a067-5f9f8dea58ed (table: Port_Binding) {{(pid=102313) notify /opt/stack/neutron/neutron/plugins/ml2/drivers/ovn/mech_driver/ovsdb/ovsdb_monitor.py:912}}
Mar 30 18:06:49.389517 np0000161495 devstack@neutron-api.service[102314]: DEBUG neutron.plugins.ml2.drivers.ovn.mech_driver.ovsdb.ovsdb_monitor [None req-37b4e150-e76f-4f3d-a572-043b5a945bc9 None None] Hash Ring: Node 6f9306506aca5532a67f9254f44791b5 (host: np0000161495) handling event "update" for row 478e2a8c-67ab-4303-9f49-c89a2489a491 (table: Logical_Switch_Port) {{(pid=102314) notify /opt/stack/neutron/neutron/plugins/ml2/drivers/ovn/mech_driver/ovsdb/ovsdb_monitor.py:912}}
Mar 30 18:06:49.408590 np0000161495 devstack@neutron-api.service[102314]: DEBUG neutron.db.provisioning_blocks [None req-2f8a3833-cee4-4b58-a8c0-1cc6b8c66eb9 None None] Transition to ACTIVE for port object 5f924221-74c4-49ff-ba4f-8a56ba7d502d will not be triggered until provisioned by entity L2. {{(pid=102314) add_provisioning_component /opt/stack/neutron/neutron/db/provisioning_blocks.py:74}}
Mar 30 18:06:49.419044 np0000161495 devstack@neutron-api.service[102312]: INFO neutron.db.ovn_revision_numbers_db [None req-aae86a02-2c12-4859-ab4f-87ded0e7d8bf admin admin] Successfully bumped revision number for resource 5f924221-74c4-49ff-ba4f-8a56ba7d502d (type: ports) to 1
Mar 30 18:06:49.432274 np0000161495 devstack@neutron-api.service[102312]: DEBUG neutron.pecan_wsgi.hooks.policy_enforcement [None req-aae86a02-2c12-4859-ab4f-87ded0e7d8bf admin admin] Attributes excluded by policy engine: ['standard_attr_id'] {{(pid=102312) _exclude_attributes_by_policy /opt/stack/neutron/neutron/pecan_wsgi/hooks/policy_enforcement.py:258}}
Mar 30 18:06:49.432607 np0000161495 devstack@neutron-api.service[102312]: DEBUG neutron_lib.callbacks.manager [None req-aae86a02-2c12-4859-ab4f-87ded0e7d8bf admin admin] Publish callbacks [] for network (None), before_response {{(pid=102312) _notify_loop /opt/stack/data/venv/lib/python3.12/site-packages/neutron_lib/callbacks/manager.py:184}}
Mar 30 18:06:49.432973 np0000161495 devstack@neutron-api.service[102314]: DEBUG neutron.plugins.ml2.plugin [None req-2f8a3833-cee4-4b58-a8c0-1cc6b8c66eb9 None None] Current status of the port 5f924221-74c4-49ff-ba4f-8a56ba7d502d is: DOWN; New status is: DOWN {{(pid=102314) _update_individual_port_db_status /opt/stack/neutron/neutron/plugins/ml2/plugin.py:2466}}
Mar 30 18:06:49.434964 np0000161495 devstack@neutron-api.service[102314]: DEBUG ovsdbapp.backend.ovs_idl.transaction [None req-37b4e150-e76f-4f3d-a572-043b5a945bc9 None None] Running txn n=1 command(idx=0): DbRemoveCommand(_result=None, table=Logical_Switch_Port, record=5f924221-74c4-49ff-ba4f-8a56ba7d502d, column=external_ids, values=('neutron:host_id',), keyvalues={}, if_exists=True) {{(pid=102314) do_commit /opt/stack/data/venv/lib/python3.12/site-packages/ovsdbapp/backend/ovs_idl/transaction.py:89}}
Mar 30 18:06:49.444982 np0000161495 devstack@neutron-api.service[102312]: [pid: 102312|app: 0|req: 23/93] 199.204.45.69 () {68 vars in 1351 bytes} [Mon Mar 30 18:06:48 2026] POST /networking/v2.0/networks => generated 682 bytes in 645 msecs (HTTP/1.1 201) 4 headers in 162 bytes (1 switches on core 0)
Mar 30 18:06:49.646393 np0000161495 devstack@neutron-api.service[102311]: INFO neutron.pecan_wsgi.hooks.translation [None req-5b3dedbf-4bb0-40a2-a029-7b00733776c5 admin admin] GET failed (client error): The resource could not be found.
Mar 30 18:06:49.647046 np0000161495 devstack@neutron-api.service[102311]: [pid: 102311|app: 0|req: 25/94] 199.204.45.69 () {64 vars in 1327 bytes} [Mon Mar 30 18:06:49 2026] GET /networking/v2.0/networks/admin_net => generated 111 bytes in 12 msecs (HTTP/1.1 404) 4 headers in 164 bytes (1 switches on core 0)
Mar 30 18:06:49.705622 np0000161495 devstack@neutron-api.service[102313]: DEBUG neutron.pecan_wsgi.hooks.policy_enforcement [None req-6d174f7d-786c-4fb1-af23-c655ad06100b admin admin] Attributes excluded by policy engine: ['standard_attr_id'] {{(pid=102313) _exclude_attributes_by_policy /opt/stack/neutron/neutron/pecan_wsgi/hooks/policy_enforcement.py:258}}
Mar 30 18:06:49.706818 np0000161495 devstack@neutron-api.service[102313]: [pid: 102313|app: 0|req: 24/95] 199.204.45.69 () {64 vars in 1339 bytes} [Mon Mar 30 18:06:49 2026] GET /networking/v2.0/networks?name=admin_net => generated 666 bytes in 48 msecs (HTTP/1.1 200) 4 headers in 157 bytes (1 switches on core 0)
Mar 30 18:06:49.953997 np0000161495 devstack@neutron-api.service[102314]: INFO neutron.pecan_wsgi.hooks.translation [None req-b457c9c1-026a-4039-b18e-fec7e2aaf53e admin admin] GET failed (client error): The resource could not be found.
Mar 30 18:06:49.954751 np0000161495 devstack@neutron-api.service[102314]: [pid: 102314|app: 0|req: 24/96] 199.204.45.69 () {64 vars in 1333 bytes} [Mon Mar 30 18:06:49 2026] GET /networking/v2.0/subnets/admin_subnet => generated 112 bytes in 10 msecs (HTTP/1.1 404) 4 headers in 164 bytes (1 switches on core 0)
Mar 30 18:06:49.989856 np0000161495 devstack@neutron-api.service[102312]: [pid: 102312|app: 0|req: 24/97] 199.204.45.69 () {64 vars in 1342 bytes} [Mon Mar 30 18:06:49 2026] GET /networking/v2.0/subnets?name=admin_subnet => generated 14 bytes in 26 msecs (HTTP/1.1 200) 4 headers in 156 bytes (1 switches on core 0)
Mar 30 18:06:50.295025 np0000161495 devstack@neutron-api.service[102311]: DEBUG neutron.pecan_wsgi.hooks.policy_enforcement [None req-ab9a8f15-cc2d-41a2-9809-6f126c613a7b admin admin] Attributes excluded by policy engine: ['standard_attr_id'] {{(pid=102311) _exclude_attributes_by_policy /opt/stack/neutron/neutron/pecan_wsgi/hooks/policy_enforcement.py:258}}
Mar 30 18:06:50.295606 np0000161495 devstack@neutron-api.service[102311]: [pid: 102311|app: 0|req: 26/98] 199.204.45.69 () {64 vars in 1408 bytes} [Mon Mar 30 18:06:50 2026] GET /networking/v2.0/networks/59d1d224-39b9-4bd2-a33e-239a7d392b00 => generated 663 bytes in 29 msecs (HTTP/1.1 200) 4 headers in 157 bytes (1 switches on core 0)
Mar 30 18:06:50.315260 np0000161495 devstack@neutron-api.service[102313]: DEBUG neutron.api.v2.base [None req-1668c999-ae2b-41a7-87f0-9a17335cb01f admin admin] Request body: {'subnet': {'name': 'admin_subnet', 'network_id': '59d1d224-39b9-4bd2-a33e-239a7d392b00', 'ip_version': 4, 'gateway_ip': None, 'project_id': 'edaac39544b34b5394380750768c8b48', 'cidr': '10.2.5.0/24'}} {{(pid=102313) prepare_request_body /opt/stack/neutron/neutron/api/v2/base.py:729}}
Mar 30 18:06:50.334205 np0000161495 devstack@neutron-api.service[102313]: DEBUG neutron.pecan_wsgi.hooks.quota_enforcement [None req-1668c999-ae2b-41a7-87f0-9a17335cb01f admin admin] Made reservation on behalf of edaac39544b34b5394380750768c8b48 for: {'subnet': 1} {{(pid=102313) before /opt/stack/neutron/neutron/pecan_wsgi/hooks/quota_enforcement.py:66}}
Mar 30 18:06:50.337691 np0000161495 devstack@neutron-api.service[102313]: DEBUG neutron_lib.callbacks.manager [None req-1668c999-ae2b-41a7-87f0-9a17335cb01f admin admin] Publish callbacks [] for subnet (None), before_create {{(pid=102313) _notify_loop /opt/stack/data/venv/lib/python3.12/site-packages/neutron_lib/callbacks/manager.py:184}}
Mar 30 18:06:50.404672 np0000161495 devstack@neutron-api.service[102313]: DEBUG neutron.db.ovn_revision_numbers_db [None req-1668c999-ae2b-41a7-87f0-9a17335cb01f admin admin] create_initial_revision uuid=65a035c6-297e-4be9-9e07-38da6866a6b5, type=subnets, rev=-1 {{(pid=102313) create_initial_revision /opt/stack/neutron/neutron/db/ovn_revision_numbers_db.py:98}}
Mar 30 18:06:50.411741 np0000161495 devstack@neutron-api.service[102313]: DEBUG neutron_lib.callbacks.manager [None req-1668c999-ae2b-41a7-87f0-9a17335cb01f admin admin] Publish callbacks ['neutron.plugins.ml2.ovo_rpc._ObjectChangeHandler.handle_event-134115794'] for subnet (65a035c6-297e-4be9-9e07-38da6866a6b5), after_create {{(pid=102313) _notify_loop /opt/stack/data/venv/lib/python3.12/site-packages/neutron_lib/callbacks/manager.py:184}}
Mar 30 18:06:50.429490 np0000161495 devstack@neutron-api.service[102313]: DEBUG neutron.api.rpc.handlers.resources_rpc [None req-1668c999-ae2b-41a7-87f0-9a17335cb01f admin admin] Pushing event updated for resources: {'Subnet': ['ID=65a035c6-297e-4be9-9e07-38da6866a6b5,revision_number=0']} {{(pid=102313) push /opt/stack/neutron/neutron/api/rpc/handlers/resources_rpc.py:237}}
Mar 30 18:06:50.434686 np0000161495 devstack@neutron-api.service[102313]: DEBUG neutron.api.rpc.callbacks.version_manager [None req-1668c999-ae2b-41a7-87f0-9a17335cb01f admin admin] Tracked resource versions report:
Mar 30 18:06:50.434686 np0000161495 devstack@neutron-api.service[102313]: pushed versions:
Mar 30 18:06:50.434686 np0000161495 devstack@neutron-api.service[102313]: { 'AddressGroup': {'1.2'},
Mar 30 18:06:50.434686 np0000161495 devstack@neutron-api.service[102313]: 'Agent': {'1.1'},
Mar 30 18:06:50.434686 np0000161495 devstack@neutron-api.service[102313]: 'ConntrackHelper': {'1.0'},
Mar 30 18:06:50.434686 np0000161495 devstack@neutron-api.service[102313]: 'LocalIPAssociation': {'1.0'},
Mar 30 18:06:50.434686 np0000161495 devstack@neutron-api.service[102313]: 'Log': {'1.0'},
Mar 30 18:06:50.434686 np0000161495 devstack@neutron-api.service[102313]: 'NDPProxy': {'1.0'},
Mar 30 18:06:50.434686 np0000161495 devstack@neutron-api.service[102313]: 'Network': {'1.2'},
Mar 30 18:06:50.434686 np0000161495 devstack@neutron-api.service[102313]: 'Port': {'1.10'},
Mar 30 18:06:50.434686 np0000161495 devstack@neutron-api.service[102313]: 'PortForwarding': {'1.3'},
Mar 30 18:06:50.434686 np0000161495 devstack@neutron-api.service[102313]: 'QosPolicy': {'1.10'},
Mar 30 18:06:50.434686 np0000161495 devstack@neutron-api.service[102313]: 'SecurityGroup': {'1.6'},
Mar 30 18:06:50.434686 np0000161495 devstack@neutron-api.service[102313]: 'SecurityGroupRule': {'1.3'},
Mar 30 18:06:50.434686 np0000161495 devstack@neutron-api.service[102313]: 'SubPort': {'1.0'},
Mar 30 18:06:50.434686 np0000161495 devstack@neutron-api.service[102313]: 'Subnet': {'1.2'},
Mar 30 18:06:50.434686 np0000161495 devstack@neutron-api.service[102313]: 'Trunk': {'1.1'}}
Mar 30 18:06:50.434686 np0000161495 devstack@neutron-api.service[102313]: consumer versions:
Mar 30 18:06:50.434686 np0000161495 devstack@neutron-api.service[102313]: { OVN Neutron agent@np0000161495: {},
Mar 30 18:06:50.434686 np0000161495 devstack@neutron-api.service[102313]: OVN Controller Gateway agent@np0000161495: {}}
Mar 30 18:06:50.434686 np0000161495 devstack@neutron-api.service[102313]: {{(pid=102313) report /opt/stack/neutron/neutron/api/rpc/callbacks/version_manager.py:183}}
Mar 30 18:06:50.485134 np0000161495 devstack@neutron-api.service[102313]: DEBUG neutron_lib.callbacks.manager [None req-1668c999-ae2b-41a7-87f0-9a17335cb01f admin admin] Publish callbacks ['neutron.plugins.ml2.plugin.SecurityGroupDbMixin._ensure_default_security_group_handler-135516', 'neutron.services.ovn_l3.plugin.OVNL3RouterPlugin._port_update-8708112292284', 'neutron.db.l3_db.L3_NAT_dbonly_mixin._prevent_internal_ip_change_for_fip-8708114139360'] for port (5f924221-74c4-49ff-ba4f-8a56ba7d502d), before_update {{(pid=102313) _notify_loop /opt/stack/data/venv/lib/python3.12/site-packages/neutron_lib/callbacks/manager.py:184}}
Mar 30 18:06:50.571730 np0000161495 devstack@neutron-api.service[102313]: DEBUG neutron.db.db_base_plugin_common [None req-1668c999-ae2b-41a7-87f0-9a17335cb01f admin admin] Allocated IP 10.2.5.1 (59d1d224-39b9-4bd2-a33e-239a7d392b00/65a035c6-297e-4be9-9e07-38da6866a6b5/5f924221-74c4-49ff-ba4f-8a56ba7d502d) {{(pid=102313) _store_ip_allocation /opt/stack/neutron/neutron/db/db_base_plugin_common.py:131}}
Mar 30 18:06:50.639570 np0000161495 devstack@neutron-api.service[102313]: DEBUG neutron_lib.callbacks.manager [None req-1668c999-ae2b-41a7-87f0-9a17335cb01f admin admin] Publish callbacks [] for port (5f924221-74c4-49ff-ba4f-8a56ba7d502d), precommit_update {{(pid=102313) _notify_loop /opt/stack/data/venv/lib/python3.12/site-packages/neutron_lib/callbacks/manager.py:184}}
Mar 30 18:06:50.639775 np0000161495 devstack@neutron-api.service[102313]: DEBUG neutron.plugins.ml2.drivers.ovn.mech_driver.mech_driver [None req-1668c999-ae2b-41a7-87f0-9a17335cb01f admin admin] No provisioning block for port 5f924221-74c4-49ff-ba4f-8a56ba7d502d since it does not have a host {{(pid=102313) _is_port_provisioning_required /opt/stack/neutron/neutron/plugins/ml2/drivers/ovn/mech_driver/mech_driver.py:884}}
Mar 30 18:06:50.653848 np0000161495 devstack@neutron-api.service[102313]: DEBUG neutron_lib.callbacks.manager [None req-1668c999-ae2b-41a7-87f0-9a17335cb01f admin admin] Publish callbacks ['neutron.plugins.ml2.ovo_rpc._ObjectChangeHandler.handle_event-134115803', 'neutron.db.l3_db.L3RpcNotifierMixin._notify_gateway_port_ip_changed-8708114139920', 'neutron.services.ovn_l3.plugin.OVNL3RouterPlugin._port_update-8708112292284'] for port (5f924221-74c4-49ff-ba4f-8a56ba7d502d), after_update {{(pid=102313) _notify_loop /opt/stack/data/venv/lib/python3.12/site-packages/neutron_lib/callbacks/manager.py:184}}
Mar 30 18:06:50.683302 np0000161495 devstack@neutron-api.service[102313]: DEBUG neutron.api.rpc.handlers.resources_rpc [None req-1668c999-ae2b-41a7-87f0-9a17335cb01f admin admin] Pushing event updated for resources: {'Port': ['ID=5f924221-74c4-49ff-ba4f-8a56ba7d502d,revision_number=2']} {{(pid=102313) push /opt/stack/neutron/neutron/api/rpc/handlers/resources_rpc.py:237}}
Mar 30 18:06:50.715683 np0000161495 devstack@neutron-api.service[102311]: DEBUG futurist.periodics [-] Submitting periodic callback 'neutron.plugins.ml2.drivers.ovn.mech_driver.ovsdb.maintenance.HashRingHealthCheckPeriodics.touch_hash_ring_node' {{(pid=102311) _process_scheduled /opt/stack/data/venv/lib/python3.12/site-packages/futurist/periodics.py:638}}
Mar 30 18:06:50.717443 np0000161495 devstack@neutron-api.service[102311]: DEBUG neutron.plugins.ml2.drivers.ovn.mech_driver.ovsdb.maintenance [-] Touching Hash Ring node "b0b727d3e9905a169cbffd706545b9f5" from periodic health check thread {{(pid=102311) touch_hash_ring_node /opt/stack/neutron/neutron/plugins/ml2/drivers/ovn/mech_driver/ovsdb/maintenance.py:1232}}
Mar 30 18:06:50.780339 np0000161495 devstack@neutron-api.service[102313]: DEBUG ovsdbapp.backend.ovs_idl.transaction [None req-7449a68f-212f-4f6a-b5d4-05a7b9ff115e None None] Running txn n=1 command(idx=0): CheckRevisionNumberCommand(_result=None, name=5f924221-74c4-49ff-ba4f-8a56ba7d502d, resource={'id': '5f924221-74c4-49ff-ba4f-8a56ba7d502d', 'name': '', 'network_id': '59d1d224-39b9-4bd2-a33e-239a7d392b00', 'project_id': 'edaac39544b34b5394380750768c8b48', 'mac_address': 'fa:16:3e:78:da:e4', 'admin_state_up': True, 'status': 'DOWN', 'device_id': 'ovnmeta-59d1d224-39b9-4bd2-a33e-239a7d392b00', 'device_owner': 'network:distributed', 'standard_attr_id': 44, 'fixed_ips': [{'subnet_id': '65a035c6-297e-4be9-9e07-38da6866a6b5', 'ip_address': '10.2.5.1'}], 'allowed_address_pairs': [], 'extra_dhcp_opts': [], 'security_groups': [], 'description': '', 'binding:vnic_type': 'normal', 'binding:profile': {}, 'binding:host_id': '', 'binding:vif_type': 'unbound', 'binding:vif_details': {}, 'port_security_enabled': False, 'tags': [], 'created_at': '2026-03-30T18:06:49Z', 'updated_at': '2026-03-30T18:06:50Z', 'revision_number': 2, 'tenant_id': 'edaac39544b34b5394380750768c8b48', 'network': {'id': '59d1d224-39b9-4bd2-a33e-239a7d392b00', 'name': 'admin_net', 'tenant_id': 'edaac39544b34b5394380750768c8b48', 'project_id': 'edaac39544b34b5394380750768c8b48', 'admin_state_up': True, 'mtu': 1372, 'status': 'ACTIVE', 'subnets': ['65a035c6-297e-4be9-9e07-38da6866a6b5'], 'standard_attr_id': 42, 'shared': False, 'availability_zone_hints': [], 'availability_zones': [], 'ipv4_address_scope': None, 'ipv6_address_scope': None, 'router:external': False, 'qinq': False, 'vlan_transparent': False, 'description': '', 'port_security_enabled': True, 'tags': [], 'created_at': '2026-03-30T18:06:49Z', 'updated_at': '2026-03-30T18:06:50Z', 'revision_number': 2, 'provider:network_type': 'geneve', 'provider:physical_network': None, 'provider:segmentation_id': 6179}}, resource_type=ports, if_exists=True) {{(pid=102313) do_commit /opt/stack/data/venv/lib/python3.12/site-packages/ovsdbapp/backend/ovs_idl/transaction.py:89}}
Mar 30 18:06:50.781175 np0000161495 devstack@neutron-api.service[102313]: DEBUG ovsdbapp.backend.ovs_idl.transaction [None req-7449a68f-212f-4f6a-b5d4-05a7b9ff115e None None] Running txn n=1 command(idx=1): AddDHCPOptionsCommand(_result=None, columns={'cidr': '10.2.5.0/24', 'options': {'server_id': '10.2.5.1', 'lease_time': '43200', 'mtu': '1372', 'server_mac': 'fa:16:3e:60:f5:21', 'dns_server': '{127.0.0.53}', 'classless_static_route': '{169.254.169.254/32,10.2.5.1}'}, 'external_ids': {'subnet_id': '65a035c6-297e-4be9-9e07-38da6866a6b5', 'neutron:network_id': '59d1d224-39b9-4bd2-a33e-239a7d392b00', 'neutron:revision_number': '0'}}, may_exist=True, subnet_id=65a035c6-297e-4be9-9e07-38da6866a6b5, port_id=None, new_insert=False) {{(pid=102313) do_commit /opt/stack/data/venv/lib/python3.12/site-packages/ovsdbapp/backend/ovs_idl/transaction.py:89}}
Mar 30 18:06:50.781742 np0000161495 devstack@neutron-api.service[102313]: DEBUG ovsdbapp.backend.ovs_idl.transaction [None req-7449a68f-212f-4f6a-b5d4-05a7b9ff115e None None] Running txn n=1 command(idx=2): SetLSwitchPortCommand(_result=None, lport=5f924221-74c4-49ff-ba4f-8a56ba7d502d, external_ids_update=None, columns={'external_ids': {'neutron:port_name': '', 'neutron:device_id': 'ovnmeta-59d1d224-39b9-4bd2-a33e-239a7d392b00', 'neutron:project_id': 'edaac39544b34b5394380750768c8b48', 'neutron:cidrs': '10.2.5.1/24', 'neutron:device_owner': 'network:distributed', 'neutron:subnet_pool_addr_scope4': '', 'neutron:subnet_pool_addr_scope6': '', 'neutron:network_name': 'neutron-59d1d224-39b9-4bd2-a33e-239a7d392b00', 'neutron:security_group_ids': '', 'neutron:revision_number': '2', 'neutron:vnic_type': 'normal', 'neutron:port_capabilities': '', 'neutron:mtu': ''}, 'parent_name': [], 'tag': [], 'options': {}, 'enabled': True, 'port_security': [], 'dhcpv4_options': [], 'dhcpv6_options': [], 'type': 'localport', 'addresses': ['fa:16:3e:78:da:e4 10.2.5.1'], 'ha_chassis_group': []}, if_exists=False) {{(pid=102313) do_commit /opt/stack/data/venv/lib/python3.12/site-packages/ovsdbapp/backend/ovs_idl/transaction.py:89}}
Mar 30 18:06:50.783192 np0000161495 devstack@neutron-api.service[102313]: DEBUG ovsdbapp.backend.ovs_idl.transaction [None req-7449a68f-212f-4f6a-b5d4-05a7b9ff115e None None] Running txn n=1 command(idx=3): PgDelPortCommand(_result=None, port_group=neutron_pg_drop, lsp=['5f924221-74c4-49ff-ba4f-8a56ba7d502d'], if_exists=False) {{(pid=102313) do_commit /opt/stack/data/venv/lib/python3.12/site-packages/ovsdbapp/backend/ovs_idl/transaction.py:89}}
Mar 30 18:06:50.789092 np0000161495 devstack@neutron-api.service[102314]: DEBUG neutron.plugins.ml2.drivers.ovn.mech_driver.ovsdb.ovsdb_monitor [None req-37b4e150-e76f-4f3d-a572-043b5a945bc9 None None] Hash Ring: Node 6f9306506aca5532a67f9254f44791b5 (host: np0000161495) handling event "update" for row 478e2a8c-67ab-4303-9f49-c89a2489a491 (table: Logical_Switch_Port) {{(pid=102314) notify /opt/stack/neutron/neutron/plugins/ml2/drivers/ovn/mech_driver/ovsdb/ovsdb_monitor.py:912}}
