2026-06-15 20:37:41.865 8 INFO neutron.pecan_wsgi.hooks.translation [None req-88b28f09-5c00-4d89-973d-1eb19115ab97 6facb13fb11244c491f097345b62c2fa 54e4efff41674b2689acd98f65bbc665 - - default default] GET failed (client error): The resource could not be found. [pid: 8|app: 0|req: 938/1908] 10.0.0.14 () {32 vars in 716 bytes} [Mon Jun 15 20:37:41 2026] GET /v2.0/ports/e1ed21a7-5d8f-4f26-a138-fa69e9477fe1 => generated 132 bytes in 20 msecs (HTTP/1.1 404) 4 headers in 164 bytes (1 switches on core 0) [pid: 7|app: 0|req: 971/1909] 10.0.0.14 () {32 vars in 662 bytes} [Mon Jun 15 20:37:41 2026] GET /v2.0/security-groups => generated 2925 bytes in 37 msecs (HTTP/1.1 200) 4 headers in 158 bytes (1 switches on core 0) [pid: 7|app: 0|req: 972/1910] 10.0.0.14 () {32 vars in 662 bytes} [Mon Jun 15 20:37:41 2026] GET /v2.0/security-groups => generated 2925 bytes in 43 msecs (HTTP/1.1 200) 4 headers in 158 bytes (1 switches on core 0) [pid: 8|app: 0|req: 939/1911] 10.0.0.14 () {32 vars in 723 bytes} [Mon Jun 15 20:37:41 2026] DELETE /v2.0/subnets/7176def2-ca37-44a6-8db2-3d82aeeccd35 => generated 0 bytes in 186 msecs (HTTP/1.1 204) 3 headers in 131 bytes (1 switches on core 0)
2026-06-15 20:37:42.224 7 INFO neutron_taas.services.taas.taas_plugin [None req-7d2cf997-108c-492d-86d1-ce32f43b87a9 6facb13fb11244c491f097345b62c2fa 54e4efff41674b2689acd98f65bbc665 - - default default] TaaS: Handle Delete Port: 92c9af5a-c814-43c7-afba-71cf6fd242be
2026-06-15 20:37:42.228 7 INFO neutron_taas.services.taas.tap_mirror_plugin [None req-7d2cf997-108c-492d-86d1-ce32f43b87a9 6facb13fb11244c491f097345b62c2fa 54e4efff41674b2689acd98f65bbc665 - - default default] Tap Mirror: Handle Delete Port: 92c9af5a-c814-43c7-afba-71cf6fd242be
2026-06-15 20:37:42.493 7 INFO neutron.services.segments.plugin [-] Segment eb745017-4330-4fc7-ac8c-0b7b35a7d882 resource provider aggregate not found
2026-06-15 20:37:42.496 7 INFO neutron.services.segments.plugin [-] Segment eb745017-4330-4fc7-ac8c-0b7b35a7d882 resource provider aggregate not found
2026-06-15 20:37:42.525 7 INFO neutron.services.segments.plugin [-] Segment eb745017-4330-4fc7-ac8c-0b7b35a7d882 resource provider not found; error: Placement Client Error (4xx): {"errors": [{"status": 404, "title": "Not Found", "detail": "The resource could not be found.\n\n No resource provider with uuid eb745017-4330-4fc7-ac8c-0b7b35a7d882 found for delete ", "request_id": "req-b93bb75d-57c1-4f6c-a092-68707ca7fa5e"}]}
2026-06-15 20:37:42.535 7 INFO neutron.services.segments.plugin [-] Segment eb745017-4330-4fc7-ac8c-0b7b35a7d882 resource provider not found; error: Placement Client Error (4xx): {"errors": [{"status": 404, "title": "Not Found", "detail": "The resource could not be found.\n\n No resource provider with uuid eb745017-4330-4fc7-ac8c-0b7b35a7d882 found for delete ", "request_id": "req-be70bc55-a1ed-4484-aa1f-3e12f5438e0d"}]} [pid: 7|app: 0|req: 973/1912] 10.0.0.14 () {32 vars in 725 bytes} [Mon Jun 15 20:37:42 2026] DELETE /v2.0/networks/b55bf7d7-22b3-4d16-a2c5-79ed606a86bf => generated 0 bytes in 504 msecs (HTTP/1.1 204) 3 headers in 131 bytes (1 switches on core 0)
2026-06-15 20:37:42.676 7 INFO neutron.db.segments_db [None req-1607f8be-42ac-4b3e-8ae7-1841ae925497 6facb13fb11244c491f097345b62c2fa 54e4efff41674b2689acd98f65bbc665 - - default default] Added segment 68b631dd-72b2-4f80-850f-4fc3d9aca7b2 of type geneve for network 8dde54b7-7856-44ac-b00a-efcf292d2d53 [pid: 8|app: 0|req: 940/1913] 10.0.0.14 () {32 vars in 773 bytes} [Mon Jun 15 20:37:42 2026] GET /v2.0/security-groups?tenant_id=deee4d41418f486e97f11080460b2570&name=default => generated 2925 bytes in 357 msecs (HTTP/1.1 200) 4 headers in 158 bytes (1 switches on core 0)
2026-06-15 20:37:42.802 7 INFO neutron.db.ovn_revision_numbers_db [None req-1607f8be-42ac-4b3e-8ae7-1841ae925497 6facb13fb11244c491f097345b62c2fa 54e4efff41674b2689acd98f65bbc665 - - default default] Successfully bumped revision number for resource 8dde54b7-7856-44ac-b00a-efcf292d2d53 (type: networks) to 1
2026-06-15 20:37:43.076 7 WARNING neutron.scheduler.dhcp_agent_scheduler [None req-1607f8be-42ac-4b3e-8ae7-1841ae925497 6facb13fb11244c491f097345b62c2fa 54e4efff41674b2689acd98f65bbc665 - - default default] No more DHCP agents
2026-06-15 20:37:43.078 7 WARNING neutron.api.rpc.agentnotifiers.dhcp_rpc_agent_api [None req-1607f8be-42ac-4b3e-8ae7-1841ae925497 6facb13fb11244c491f097345b62c2fa 54e4efff41674b2689acd98f65bbc665 - - default default] Unable to schedule network 8dde54b7-7856-44ac-b00a-efcf292d2d53: no agents available; will retry on subsequent port and subnet creation events. [pid: 8|app: 0|req: 941/1914] 10.0.0.14 () {32 vars in 739 bytes} [Mon Jun 15 20:37:42 2026] DELETE /v2.0/security-groups/c88671be-4518-4a2c-b363-72731abb3288 => generated 0 bytes in 366 msecs (HTTP/1.1 204) 2 headers in 112 bytes (1 switches on core 0)
2026-06-15 20:37:43.154 8 INFO neutron.plugins.ml2.drivers.ovn.mech_driver.mech_driver [None req-00c9d17b-76f4-4d27-9c60-f3498c964a03 - - - - - -] OVN reports status down for port: 00eec605-6620-4e25-9ccc-97f9373d94ea
2026-06-15 20:37:43.185 7 INFO neutron.db.ovn_revision_numbers_db [None req-1607f8be-42ac-4b3e-8ae7-1841ae925497 6facb13fb11244c491f097345b62c2fa 54e4efff41674b2689acd98f65bbc665 - - default default] Successfully bumped revision number for resource 00eec605-6620-4e25-9ccc-97f9373d94ea (type: ports) to 1 [pid: 7|app: 0|req: 974/1915] 10.0.0.14 () {34 vars in 669 bytes} [Mon Jun 15 20:37:42 2026] POST /v2.0/networks => generated 670 bytes in 647 msecs (HTTP/1.1 201) 4 headers in 162 bytes (1 switches on core 0)
2026-06-15 20:37:43.454 8 WARNING neutron.scheduler.dhcp_agent_scheduler [None req-31169076-99b0-4357-b60e-d851e0f31b97 6facb13fb11244c491f097345b62c2fa 54e4efff41674b2689acd98f65bbc665 - - default default] No more DHCP agents
2026-06-15 20:37:43.455 8 WARNING neutron.api.rpc.agentnotifiers.dhcp_rpc_agent_api [None req-31169076-99b0-4357-b60e-d851e0f31b97 6facb13fb11244c491f097345b62c2fa 54e4efff41674b2689acd98f65bbc665 - - default default] Unable to schedule network 8dde54b7-7856-44ac-b00a-efcf292d2d53: no agents available; will retry on subsequent port and subnet creation events.
2026-06-15 20:37:43.960 8 INFO neutron.db.ovn_revision_numbers_db [None req-25703fa0-2ccb-427a-9182-3e8ef884b571 - - - - - -] Successfully bumped revision number for resource 00eec605-6620-4e25-9ccc-97f9373d94ea (type: ports) to 2
2026-06-15 20:37:44.002 8 INFO neutron.db.ovn_revision_numbers_db [None req-25703fa0-2ccb-427a-9182-3e8ef884b571 - - - - - -] Successfully bumped revision number for resource 4b20230f-5a83-4c7c-958f-af907a69e380 (type: subnets) to 0 [pid: 8|app: 0|req: 942/1918] 10.0.0.14 () {34 vars in 668 bytes} [Mon Jun 15 20:37:43 2026] POST /v2.0/subnets => generated 626 bytes in 795 msecs (HTTP/1.1 201) 4 headers in 162 bytes (1 switches on core 0)
2026-06-15 20:37:44.321 7 WARNING neutron.scheduler.dhcp_agent_scheduler [None req-93bb56c4-314c-43c8-87f0-8adeefcdb191 6facb13fb11244c491f097345b62c2fa 54e4efff41674b2689acd98f65bbc665 - - default default] No more DHCP agents
2026-06-15 20:37:44.322 7 WARNING neutron.api.rpc.agentnotifiers.dhcp_rpc_agent_api [None req-93bb56c4-314c-43c8-87f0-8adeefcdb191 6facb13fb11244c491f097345b62c2fa 54e4efff41674b2689acd98f65bbc665 - - default default] Unable to schedule network 8dde54b7-7856-44ac-b00a-efcf292d2d53: no agents available; will retry on subsequent port and subnet creation events.
2026-06-15 20:37:44.456 8 INFO neutron.plugins.ml2.drivers.ovn.mech_driver.mech_driver [None req-00c9d17b-76f4-4d27-9c60-f3498c964a03 - - - - - -] OVN reports status down for port: 868bbf9b-126c-4f0e-afd7-ee302ce36ef8
2026-06-15 20:37:44.503 7 INFO neutron.db.ovn_revision_numbers_db [None req-93bb56c4-314c-43c8-87f0-8adeefcdb191 6facb13fb11244c491f097345b62c2fa 54e4efff41674b2689acd98f65bbc665 - - default default] Successfully bumped revision number for resource 868bbf9b-126c-4f0e-afd7-ee302ce36ef8 (type: ports) to 1 [pid: 7|app: 0|req: 977/1919] 10.0.0.14 () {34 vars in 664 bytes} [Mon Jun 15 20:37:44 2026] POST /v2.0/ports => generated 911 bytes in 550 msecs (HTTP/1.1 201) 4 headers in 162 bytes (1 switches on core 0)
2026-06-15 20:37:44.747 7 INFO neutron_taas.services.taas.taas_plugin [None req-497534e8-6501-4e87-881a-5c36a4365e98 6facb13fb11244c491f097345b62c2fa 54e4efff41674b2689acd98f65bbc665 - - default default] TaaS: Handle Delete Port: 868bbf9b-126c-4f0e-afd7-ee302ce36ef8
2026-06-15 20:37:44.750 7 INFO neutron_taas.services.taas.tap_mirror_plugin [None req-497534e8-6501-4e87-881a-5c36a4365e98 6facb13fb11244c491f097345b62c2fa 54e4efff41674b2689acd98f65bbc665 - - default default] Tap Mirror: Handle Delete Port: 868bbf9b-126c-4f0e-afd7-ee302ce36ef8
2026-06-15 20:37:44.857 8 INFO neutron.db.ovn_revision_numbers_db [None req-4aa06e01-d2e4-440d-9f92-36e954315cb5 f69cc649400f4311b0e5621a11e02e6f 61889104140741a9b544a26991c1cffc - - default default] Successfully bumped revision number for resource 1eac6fe7-8217-43fe-b280-d87c40ac857c (type: security_groups) to 1
2026-06-15 20:37:44.872 8 INFO neutron.db.ovn_revision_numbers_db [None req-4aa06e01-d2e4-440d-9f92-36e954315cb5 f69cc649400f4311b0e5621a11e02e6f 61889104140741a9b544a26991c1cffc - - default default] Successfully bumped revision number for resource 35976557-170e-49a4-9744-949cf52ebf58 (type: security_group_rules) to 0
2026-06-15 20:37:44.886 8 INFO neutron.db.ovn_revision_numbers_db [None req-4aa06e01-d2e4-440d-9f92-36e954315cb5 f69cc649400f4311b0e5621a11e02e6f 61889104140741a9b544a26991c1cffc - - default default] Successfully bumped revision number for resource 49883850-70eb-4d5b-98af-ef448fe898ab (type: security_group_rules) to 0
2026-06-15 20:37:44.899 8 INFO neutron.db.ovn_revision_numbers_db [None req-4aa06e01-d2e4-440d-9f92-36e954315cb5 f69cc649400f4311b0e5621a11e02e6f 61889104140741a9b544a26991c1cffc - - default default] Successfully bumped revision number for resource 61e3c6ae-5c51-4b84-9206-5ad2fbca3f35 (type: security_group_rules) to 0
2026-06-15 20:37:44.911 8 INFO neutron.db.ovn_revision_numbers_db [None req-4aa06e01-d2e4-440d-9f92-36e954315cb5 f69cc649400f4311b0e5621a11e02e6f 61889104140741a9b544a26991c1cffc - - default default] Successfully bumped revision number for resource ce3df44b-5764-40f6-9c5e-0d0ae6138eb0 (type: security_group_rules) to 0 [pid: 7|app: 0|req: 978/1920] 10.0.0.14 () {32 vars in 719 bytes} [Mon Jun 15 20:37:44 2026] DELETE /v2.0/ports/868bbf9b-126c-4f0e-afd7-ee302ce36ef8 => generated 0 bytes in 360 msecs (HTTP/1.1 204) 3 headers in 131 bytes (1 switches on core 0)
2026-06-15 20:37:45.008 8 INFO neutron.db.segments_db [None req-4aa06e01-d2e4-440d-9f92-36e954315cb5 f69cc649400f4311b0e5621a11e02e6f 61889104140741a9b544a26991c1cffc - - default default] Added segment 6db9217f-3c2f-4099-bb60-e7f626b4d266 of type geneve for network 181e115e-0592-43f9-ad4a-b6d7f59e3884
2026-06-15 20:37:45.119 8 INFO neutron.db.ovn_revision_numbers_db [None req-4aa06e01-d2e4-440d-9f92-36e954315cb5 f69cc649400f4311b0e5621a11e02e6f 61889104140741a9b544a26991c1cffc - - default default] Successfully bumped revision number for resource 181e115e-0592-43f9-ad4a-b6d7f59e3884 (type: networks) to 1 [pid: 7|app: 0|req: 979/1921] 10.0.0.14 () {34 vars in 676 bytes} [Mon Jun 15 20:37:44 2026] POST /v2.0/subnetpools => generated 549 bytes in 172 msecs (HTTP/1.1 201) 4 headers in 162 bytes (1 switches on core 0)
2026-06-15 20:37:45.137 7 INFO neutron.pecan_wsgi.hooks.translation [None req-f0fe7ed5-9698-497f-b180-95554dabc6d8 6facb13fb11244c491f097345b62c2fa 54e4efff41674b2689acd98f65bbc665 - - default default] GET failed (client error): The resource could not be found. [pid: 7|app: 0|req: 980/1922] 10.0.0.14 () {32 vars in 716 bytes} [Mon Jun 15 20:37:45 2026] GET /v2.0/ports/868bbf9b-126c-4f0e-afd7-ee302ce36ef8 => generated 132 bytes in 17 msecs (HTTP/1.1 404) 4 headers in 164 bytes (1 switches on core 0) [pid: 7|app: 0|req: 981/1923] 10.0.0.14 () {32 vars in 728 bytes} [Mon Jun 15 20:37:45 2026] GET /v2.0/subnetpools/6d50e70a-5142-49cc-8c10-3d4d31fbcf43 => generated 549 bytes in 24 msecs (HTTP/1.1 200) 4 headers in 157 bytes (1 switches on core 0)
2026-06-15 20:37:45.287 8 WARNING neutron.scheduler.dhcp_agent_scheduler [None req-4aa06e01-d2e4-440d-9f92-36e954315cb5 f69cc649400f4311b0e5621a11e02e6f 61889104140741a9b544a26991c1cffc - - default default] No more DHCP agents
2026-06-15 20:37:45.289 8 WARNING neutron.api.rpc.agentnotifiers.dhcp_rpc_agent_api [None req-4aa06e01-d2e4-440d-9f92-36e954315cb5 f69cc649400f4311b0e5621a11e02e6f 61889104140741a9b544a26991c1cffc - - default default] Unable to schedule network 181e115e-0592-43f9-ad4a-b6d7f59e3884: no agents available; will retry on subsequent port and subnet creation events.
2026-06-15 20:37:45.365 7 INFO neutron.plugins.ml2.drivers.ovn.mech_driver.mech_driver [None req-f71cdb9a-9d0c-42e4-ac46-05d63ad8f795 - - - - - -] OVN reports status down for port: 9d2dfe47-262f-4987-92ec-8bb323d34c97
2026-06-15 20:37:45.385 8 INFO neutron.db.ovn_revision_numbers_db [None req-4aa06e01-d2e4-440d-9f92-36e954315cb5 f69cc649400f4311b0e5621a11e02e6f 61889104140741a9b544a26991c1cffc - - default default] Successfully bumped revision number for resource 9d2dfe47-262f-4987-92ec-8bb323d34c97 (type: ports) to 1 [pid: 8|app: 0|req: 943/1924] 10.0.0.14 () {34 vars in 669 bytes} [Mon Jun 15 20:37:44 2026] POST /v2.0/networks => generated 768 bytes in 1017 msecs (HTTP/1.1 201) 4 headers in 162 bytes (1 switches on core 0) [pid: 7|app: 0|req: 982/1925] 10.0.0.14 () {32 vars in 723 bytes} [Mon Jun 15 20:37:45 2026] DELETE /v2.0/subnets/4b20230f-5a83-4c7c-958f-af907a69e380 => generated 0 bytes in 271 msecs (HTTP/1.1 204) 3 headers in 131 bytes (1 switches on core 0) [pid: 8|app: 0|req: 944/1926] 10.0.0.14 () {34 vars in 748 bytes} [Mon Jun 15 20:37:45 2026] PUT /v2.0/subnetpools/6d50e70a-5142-49cc-8c10-3d4d31fbcf43 => generated 501 bytes in 65 msecs (HTTP/1.1 200) 4 headers in 157 bytes (1 switches on core 0)
2026-06-15 20:37:45.604 8 INFO neutron_taas.services.taas.taas_plugin [None req-eb61c5ee-c67a-4519-8088-da4b83152a46 6facb13fb11244c491f097345b62c2fa 54e4efff41674b2689acd98f65bbc665 - - default default] TaaS: Handle Delete Port: 00eec605-6620-4e25-9ccc-97f9373d94ea
2026-06-15 20:37:45.609 8 INFO neutron_taas.services.taas.tap_mirror_plugin [None req-eb61c5ee-c67a-4519-8088-da4b83152a46 6facb13fb11244c491f097345b62c2fa 54e4efff41674b2689acd98f65bbc665 - - default default] Tap Mirror: Handle Delete Port: 00eec605-6620-4e25-9ccc-97f9373d94ea
2026-06-15 20:37:45.644 7 WARNING neutron.scheduler.dhcp_agent_scheduler [None req-5e466d84-ae41-4026-b8f6-d4f1c548f912 f69cc649400f4311b0e5621a11e02e6f 61889104140741a9b544a26991c1cffc - - default default] No more DHCP agents
2026-06-15 20:37:45.645 7 WARNING neutron.api.rpc.agentnotifiers.dhcp_rpc_agent_api [None req-5e466d84-ae41-4026-b8f6-d4f1c548f912 f69cc649400f4311b0e5621a11e02e6f 61889104140741a9b544a26991c1cffc - - default default] Unable to schedule network 181e115e-0592-43f9-ad4a-b6d7f59e3884: no agents available; will retry on subsequent port and subnet creation events.
2026-06-15 20:37:45.818 8 INFO neutron.services.segments.plugin [-] Segment 68b631dd-72b2-4f80-850f-4fc3d9aca7b2 resource provider aggregate not found
2026-06-15 20:37:45.829 8 INFO neutron.services.segments.plugin [-] Segment 68b631dd-72b2-4f80-850f-4fc3d9aca7b2 resource provider aggregate not found
2026-06-15 20:37:45.842 8 INFO neutron.services.segments.plugin [-] Segment 68b631dd-72b2-4f80-850f-4fc3d9aca7b2 resource provider not found; error: Placement Client Error (4xx): {"errors": [{"status": 404, "title": "Not Found", "detail": "The resource could not be found.\n\n No resource provider with uuid 68b631dd-72b2-4f80-850f-4fc3d9aca7b2 found for delete ", "request_id": "req-f21b0f6b-eefa-47e4-8b0f-fa557ef87f4c"}]}
2026-06-15 20:37:45.850 8 INFO neutron.services.segments.plugin [-] Segment 68b631dd-72b2-4f80-850f-4fc3d9aca7b2 resource provider not found; error: Placement Client Error (4xx): {"errors": [{"status": 404, "title": "Not Found", "detail": "The resource could not be found.\n\n No resource provider with uuid 68b631dd-72b2-4f80-850f-4fc3d9aca7b2 found for delete ", "request_id": "req-08a3e5b7-e425-4f95-b1bb-8e5da794f42e"}]} [pid: 8|app: 0|req: 945/1927] 10.0.0.14 () {32 vars in 725 bytes} [Mon Jun 15 20:37:45 2026] DELETE /v2.0/networks/8dde54b7-7856-44ac-b00a-efcf292d2d53 => generated 0 bytes in 411 msecs (HTTP/1.1 204) 3 headers in 131 bytes (1 switches on core 0) [pid: 8|app: 0|req: 946/1928] 10.0.0.14 () {32 vars in 731 bytes} [Mon Jun 15 20:37:45 2026] DELETE /v2.0/subnetpools/6d50e70a-5142-49cc-8c10-3d4d31fbcf43 => generated 0 bytes in 52 msecs (HTTP/1.1 204) 2 headers in 112 bytes (1 switches on core 0)
2026-06-15 20:37:46.157 7 INFO neutron.db.ovn_revision_numbers_db [None req-d0560bcb-80ff-4f1a-8aa4-4b9f6f008af0 - - - - - -] Successfully bumped revision number for resource 9d2dfe47-262f-4987-92ec-8bb323d34c97 (type: ports) to 2
2026-06-15 20:37:46.188 8 WARNING neutron.scheduler.dhcp_agent_scheduler [None req-c641763d-ea96-468e-9bb9-4af7779fec32 6facb13fb11244c491f097345b62c2fa 54e4efff41674b2689acd98f65bbc665 - - default default] No more DHCP agents
2026-06-15 20:37:46.190 8 WARNING neutron.api.rpc.agentnotifiers.dhcp_rpc_agent_api [None req-c641763d-ea96-468e-9bb9-4af7779fec32 6facb13fb11244c491f097345b62c2fa 54e4efff41674b2689acd98f65bbc665 - - default default] Unable to schedule network f5c789c3-697a-4a82-b354-12a8b094d84b: no agents available; will retry on subsequent port and subnet creation events.
2026-06-15 20:37:46.199 7 INFO neutron.db.ovn_revision_numbers_db [None req-d0560bcb-80ff-4f1a-8aa4-4b9f6f008af0 - - - - - -] Successfully bumped revision number for resource 4e958f9c-0d9c-42f8-89f2-66f1aa802cb7 (type: subnets) to 0 [pid: 7|app: 0|req: 983/1929] 10.0.0.14 () {34 vars in 668 bytes} [Mon Jun 15 20:37:45 2026] POST /v2.0/subnets => generated 644 bytes in 783 msecs (HTTP/1.1 201) 4 headers in 162 bytes (1 switches on core 0)
2026-06-15 20:37:46.241 7 INFO neutron.api.v2.resource [None req-26642556-3a30-4ac1-8fe7-bc4ed5e0d484 b2d585412c6f4753a00a698ec109d2d9 d91cf32e6f51484889c2aca81f4a4b86 - - default default] show failed (client error): The resource could not be found. [pid: 7|app: 0|req: 984/1930] 10.0.0.14 () {32 vars in 728 bytes} [Mon Jun 15 20:37:46 2026] GET /v2.0/subnetpools/6d50e70a-5142-49cc-8c10-3d4d31fbcf43 => generated 145 bytes in 25 msecs (HTTP/1.1 404) 4 headers in 164 bytes (1 switches on core 0)
2026-06-15 20:37:46.257 7 WARNING neutron.api.v2.base [None req-4ca99748-aec5-4d52-8737-c7add82f161f f69cc649400f4311b0e5621a11e02e6f 61889104140741a9b544a26991c1cffc - - default default] An exception happened while processing the request body. The exception message is [Invalid input for target_tenant. Reason: 'None' is not a valid string.].: webob.exc.HTTPBadRequest: Invalid input for target_tenant. Reason: 'None' is not a valid string.
2026-06-15 20:37:46.258 7 INFO neutron.api.v2.resource [None req-4ca99748-aec5-4d52-8737-c7add82f161f f69cc649400f4311b0e5621a11e02e6f 61889104140741a9b544a26991c1cffc - - default default] create failed (client error): Invalid input for target_tenant. Reason: 'None' is not a valid string. [pid: 7|app: 0|req: 985/1931] 10.0.0.14 () {34 vars in 680 bytes} [Mon Jun 15 20:37:46 2026] POST /v2.0/rbac-policies => generated 143 bytes in 15 msecs (HTTP/1.1 400) 4 headers in 166 bytes (1 switches on core 0)
2026-06-15 20:37:46.267 7 INFO neutron.plugins.ml2.drivers.ovn.mech_driver.mech_driver [None req-f71cdb9a-9d0c-42e4-ac46-05d63ad8f795 - - - - - -] OVN reports status down for port: eb638d33-4606-495f-ad70-1d03f49f0eba
2026-06-15 20:37:46.279 8 INFO neutron.db.ovn_revision_numbers_db [None req-c641763d-ea96-468e-9bb9-4af7779fec32 6facb13fb11244c491f097345b62c2fa 54e4efff41674b2689acd98f65bbc665 - - default default] Successfully bumped revision number for resource eb638d33-4606-495f-ad70-1d03f49f0eba (type: ports) to 1
2026-06-15 20:37:46.280 7 INFO neutron.api.v2.resource [None req-23c22da7-1ffb-4981-b5d7-6b21c92e3402 b2d585412c6f4753a00a698ec109d2d9 d91cf32e6f51484889c2aca81f4a4b86 - - default default] delete failed (client error): The resource could not be found. [pid: 7|app: 0|req: 986/1932] 10.0.0.14 () {32 vars in 731 bytes} [Mon Jun 15 20:37:46 2026] DELETE /v2.0/subnetpools/6d50e70a-5142-49cc-8c10-3d4d31fbcf43 => generated 145 bytes in 21 msecs (HTTP/1.1 404) 4 headers in 164 bytes (1 switches on core 0) [pid: 8|app: 0|req: 947/1933] 10.0.0.14 () {34 vars in 664 bytes} [Mon Jun 15 20:37:45 2026] POST /v2.0/ports => generated 775 bytes in 400 msecs (HTTP/1.1 201) 4 headers in 162 bytes (1 switches on core 0) /var/lib/openstack/lib/python3.12/site-packages/pycadf/identifier.py:70: UserWarning: Invalid uuid: neutron. To ensure interoperability, identifiers should be a valid uuid. warnings.warn(('Invalid uuid: %s. To ensure interoperability, '
2026-06-15 20:37:46.493 7 INFO neutron_taas.services.taas.taas_plugin [None req-b52fb41b-8523-4625-96d4-7f44df7602de f69cc649400f4311b0e5621a11e02e6f 61889104140741a9b544a26991c1cffc - - default default] TaaS: Handle Delete Port: 9d2dfe47-262f-4987-92ec-8bb323d34c97
2026-06-15 20:37:46.502 7 INFO neutron_taas.services.taas.tap_mirror_plugin [None req-b52fb41b-8523-4625-96d4-7f44df7602de f69cc649400f4311b0e5621a11e02e6f 61889104140741a9b544a26991c1cffc - - default default] Tap Mirror: Handle Delete Port: 9d2dfe47-262f-4987-92ec-8bb323d34c97
2026-06-15 20:37:46.620 7 INFO neutron.plugins.ml2.drivers.ovn.mech_driver.mech_driver [None req-f71cdb9a-9d0c-42e4-ac46-05d63ad8f795 - - - - - -] OVN reports status down for port: eb638d33-4606-495f-ad70-1d03f49f0eba
2026-06-15 20:37:46.621 8 INFO neutron.db.ovn_revision_numbers_db [None req-979fea86-00d2-4d9e-9080-be7e028ccbae 6facb13fb11244c491f097345b62c2fa 54e4efff41674b2689acd98f65bbc665 - - default default] Successfully bumped revision number for resource eb638d33-4606-495f-ad70-1d03f49f0eba (type: ports) to 2 [pid: 8|app: 0|req: 948/1934] 10.0.0.14 () {34 vars in 736 bytes} [Mon Jun 15 20:37:46 2026] PUT /v2.0/ports/eb638d33-4606-495f-ad70-1d03f49f0eba => generated 752 bytes in 299 msecs (HTTP/1.1 200) 4 headers in 157 bytes (1 switches on core 0) /var/lib/openstack/lib/python3.12/site-packages/pycadf/identifier.py:70: UserWarning: Invalid uuid: neutron. To ensure interoperability, identifiers should be a valid uuid. warnings.warn(('Invalid uuid: %s. To ensure interoperability, '
2026-06-15 20:37:46.788 8 INFO neutron_taas.services.taas.taas_plugin [None req-95e51fdf-b254-4dd3-904a-6fc390989a58 6facb13fb11244c491f097345b62c2fa 54e4efff41674b2689acd98f65bbc665 - - default default] TaaS: Handle Delete Port: eb638d33-4606-495f-ad70-1d03f49f0eba
2026-06-15 20:37:46.792 8 INFO neutron_taas.services.taas.tap_mirror_plugin [None req-95e51fdf-b254-4dd3-904a-6fc390989a58 6facb13fb11244c491f097345b62c2fa 54e4efff41674b2689acd98f65bbc665 - - default default] Tap Mirror: Handle Delete Port: eb638d33-4606-495f-ad70-1d03f49f0eba [pid: 8|app: 0|req: 949/1935] 10.0.0.14 () {32 vars in 719 bytes} [Mon Jun 15 20:37:46 2026] DELETE /v2.0/ports/eb638d33-4606-495f-ad70-1d03f49f0eba => generated 0 bytes in 281 msecs (HTTP/1.1 204) 3 headers in 131 bytes (1 switches on core 0)
2026-06-15 20:37:46.956 7 INFO neutron.services.segments.plugin [-] Segment 6db9217f-3c2f-4099-bb60-e7f626b4d266 resource provider aggregate not found
2026-06-15 20:37:46.960 7 INFO neutron.services.segments.plugin [-] Segment 6db9217f-3c2f-4099-bb60-e7f626b4d266 resource provider aggregate not found
2026-06-15 20:37:46.982 7 INFO neutron.services.segments.plugin [-] Segment 6db9217f-3c2f-4099-bb60-e7f626b4d266 resource provider not found; error: Placement Client Error (4xx): {"errors": [{"status": 404, "title": "Not Found", "detail": "The resource could not be found.\n\n No resource provider with uuid 6db9217f-3c2f-4099-bb60-e7f626b4d266 found for delete ", "request_id": "req-0e7be31c-fbf6-43ca-aef1-890054ec0c4e"}]}
2026-06-15 20:37:46.982 7 INFO neutron.services.segments.plugin [-] Segment 6db9217f-3c2f-4099-bb60-e7f626b4d266 resource provider not found; error: Placement Client Error (4xx): {"errors": [{"status": 404, "title": "Not Found", "detail": "The resource could not be found.\n\n No resource provider with uuid 6db9217f-3c2f-4099-bb60-e7f626b4d266 found for delete ", "request_id": "req-ab926ce1-1aef-44c3-a1de-7f81e494d011"}]} [pid: 7|app: 0|req: 987/1936] 10.0.0.14 () {32 vars in 725 bytes} [Mon Jun 15 20:37:46 2026] DELETE /v2.0/networks/181e115e-0592-43f9-ad4a-b6d7f59e3884 => generated 0 bytes in 719 msecs (HTTP/1.1 204) 3 headers in 131 bytes (1 switches on core 0)
2026-06-15 20:37:47.232 8 INFO neutron.db.ovn_revision_numbers_db [None req-64da1c1f-4816-4d71-8fb4-c519448c2b66 ca2c9c39f72d41f19f5019191deca422 77841673f3a14cf3a104328e5c400809 - - default default] Successfully bumped revision number for resource 514b4672-2a0b-469c-98a0-faf73ba809d0 (type: security_groups) to 1
2026-06-15 20:37:47.251 8 INFO neutron.db.ovn_revision_numbers_db [None req-64da1c1f-4816-4d71-8fb4-c519448c2b66 ca2c9c39f72d41f19f5019191deca422 77841673f3a14cf3a104328e5c400809 - - default default] Successfully bumped revision number for resource 39ee89ba-60dc-45bc-a670-27461e8358ab (type: security_group_rules) to 0
2026-06-15 20:37:47.258 7 INFO neutron.db.ovn_revision_numbers_db [None req-65c218dd-7371-4722-aa56-51a7237d28b8 ca2c9c39f72d41f19f5019191deca422 77841673f3a14cf3a104328e5c400809 - - default default] Successfully bumped revision number for resource aa9c6b76-d012-415e-849f-edf0cff7a7e0 (type: security_groups) to 1
2026-06-15 20:37:47.276 8 INFO neutron.db.ovn_revision_numbers_db [None req-64da1c1f-4816-4d71-8fb4-c519448c2b66 ca2c9c39f72d41f19f5019191deca422 77841673f3a14cf3a104328e5c400809 - - default default] Successfully bumped revision number for resource 79c4cb22-73a0-4462-af76-20499ba574e4 (type: security_group_rules) to 0
2026-06-15 20:37:47.281 7 INFO neutron.db.ovn_revision_numbers_db [None req-65c218dd-7371-4722-aa56-51a7237d28b8 ca2c9c39f72d41f19f5019191deca422 77841673f3a14cf3a104328e5c400809 - - default default] Successfully bumped revision number for resource 37cfd42e-9155-4f0c-a2dd-2ecc90ccb248 (type: security_group_rules) to 0
2026-06-15 20:37:47.289 8 INFO neutron.db.ovn_revision_numbers_db [None req-64da1c1f-4816-4d71-8fb4-c519448c2b66 ca2c9c39f72d41f19f5019191deca422 77841673f3a14cf3a104328e5c400809 - - default default] Successfully bumped revision number for resource 998eb8a8-51ae-4c63-ae13-4a875ab49fa2 (type: security_group_rules) to 0
2026-06-15 20:37:47.294 7 INFO neutron.db.ovn_revision_numbers_db [None req-65c218dd-7371-4722-aa56-51a7237d28b8 ca2c9c39f72d41f19f5019191deca422 77841673f3a14cf3a104328e5c400809 - - default default] Successfully bumped revision number for resource 476e5756-e0ab-435f-b64c-3648d0433655 (type: security_group_rules) to 0
2026-06-15 20:37:47.300 8 INFO neutron.db.ovn_revision_numbers_db [None req-64da1c1f-4816-4d71-8fb4-c519448c2b66 ca2c9c39f72d41f19f5019191deca422 77841673f3a14cf3a104328e5c400809 - - default default] Successfully bumped revision number for resource c81e8af1-72ed-4b7a-948c-67f2c778c0dd (type: security_group_rules) to 0
2026-06-15 20:37:47.307 7 INFO neutron.db.ovn_revision_numbers_db [None req-65c218dd-7371-4722-aa56-51a7237d28b8 ca2c9c39f72d41f19f5019191deca422 77841673f3a14cf3a104328e5c400809 - - default default] Successfully bumped revision number for resource 4af48236-efb2-4624-9e01-dd6e22acef03 (type: security_group_rules) to 0
2026-06-15 20:37:47.319 7 INFO neutron.db.ovn_revision_numbers_db [None req-65c218dd-7371-4722-aa56-51a7237d28b8 ca2c9c39f72d41f19f5019191deca422 77841673f3a14cf3a104328e5c400809 - - default default] Successfully bumped revision number for resource d1e1eb85-06e4-4353-b230-939af017a9e2 (type: security_group_rules) to 0 [pid: 8|app: 0|req: 950/1937] 10.0.0.14 () {32 vars in 773 bytes} [Mon Jun 15 20:37:46 2026] GET /v2.0/security-groups?tenant_id=d91cf32e6f51484889c2aca81f4a4b86&name=default => generated 2925 bytes in 415 msecs (HTTP/1.1 200) 4 headers in 158 bytes (1 switches on core 0) [pid: 7|app: 0|req: 988/1938] 10.0.0.14 () {32 vars in 773 bytes} [Mon Jun 15 20:37:47 2026] GET /v2.0/security-groups?tenant_id=d0b5613acf144270b90b561063dfbc42&name=default => generated 2925 bytes in 359 msecs (HTTP/1.1 200) 4 headers in 158 bytes (1 switches on core 0) [pid: 8|app: 0|req: 951/1939] 10.0.0.14 () {32 vars in 642 bytes} [Mon Jun 15 20:37:47 2026] GET /v2.0/ports => generated 1534 bytes in 48 msecs (HTTP/1.1 200) 4 headers in 158 bytes (1 switches on core 0)
2026-06-15 20:37:47.467 7 INFO neutron.db.segments_db [None req-a4f8da43-3ca3-4c79-b60d-5a629aa200bd f69cc649400f4311b0e5621a11e02e6f 61889104140741a9b544a26991c1cffc - - default default] Added segment 54f615b6-3f89-4f71-a32b-6ed73eb2e04f of type geneve for network 0037b64f-bc90-454d-8475-cd8a6b650679
2026-06-15 20:37:47.622 7 INFO neutron.db.ovn_revision_numbers_db [None req-a4f8da43-3ca3-4c79-b60d-5a629aa200bd f69cc649400f4311b0e5621a11e02e6f 61889104140741a9b544a26991c1cffc - - default default] Successfully bumped revision number for resource 0037b64f-bc90-454d-8475-cd8a6b650679 (type: networks) to 1 [pid: 8|app: 0|req: 952/1940] 10.0.0.14 () {32 vars in 739 bytes} [Mon Jun 15 20:37:47 2026] DELETE /v2.0/security-groups/514b4672-2a0b-469c-98a0-faf73ba809d0 => generated 0 bytes in 303 msecs (HTTP/1.1 204) 2 headers in 112 bytes (1 switches on core 0)
2026-06-15 20:37:47.792 7 WARNING neutron.scheduler.dhcp_agent_scheduler [None req-a4f8da43-3ca3-4c79-b60d-5a629aa200bd f69cc649400f4311b0e5621a11e02e6f 61889104140741a9b544a26991c1cffc - - default default] No more DHCP agents
2026-06-15 20:37:47.793 7 WARNING neutron.api.rpc.agentnotifiers.dhcp_rpc_agent_api [None req-a4f8da43-3ca3-4c79-b60d-5a629aa200bd f69cc649400f4311b0e5621a11e02e6f 61889104140741a9b544a26991c1cffc - - default default] Unable to schedule network 0037b64f-bc90-454d-8475-cd8a6b650679: no agents available; will retry on subsequent port and subnet creation events.
2026-06-15 20:37:47.880 8 INFO neutron.plugins.ml2.drivers.ovn.mech_driver.mech_driver [None req-00c9d17b-76f4-4d27-9c60-f3498c964a03 - - - - - -] OVN reports status down for port: 3a8dfc78-ca1d-4846-80e5-0fb035d7369f
2026-06-15 20:37:47.917 7 INFO neutron.db.ovn_revision_numbers_db [None req-a4f8da43-3ca3-4c79-b60d-5a629aa200bd f69cc649400f4311b0e5621a11e02e6f 61889104140741a9b544a26991c1cffc - - default default] Successfully bumped revision number for resource 3a8dfc78-ca1d-4846-80e5-0fb035d7369f (type: ports) to 1 [pid: 7|app: 0|req: 989/1941] 10.0.0.14 () {34 vars in 669 bytes} [Mon Jun 15 20:37:47 2026] POST /v2.0/networks => generated 768 bytes in 587 msecs (HTTP/1.1 201) 4 headers in 162 bytes (1 switches on core 0)
2026-06-15 20:37:47.969 7 INFO neutron.pecan_wsgi.hooks.translation [None req-3fed19cd-b407-4179-b365-64c1233d92f2 6facb13fb11244c491f097345b62c2fa 54e4efff41674b2689acd98f65bbc665 - - default default] GET failed (client error): The resource could not be found. [pid: 7|app: 0|req: 990/1942] 10.0.0.14 () {32 vars in 716 bytes} [Mon Jun 15 20:37:47 2026] GET /v2.0/ports/eb638d33-4606-495f-ad70-1d03f49f0eba => generated 132 bytes in 21 msecs (HTTP/1.1 404) 4 headers in 164 bytes (1 switches on core 0) [pid: 8|app: 0|req: 953/1943] 10.0.0.14 () {32 vars in 739 bytes} [Mon Jun 15 20:37:47 2026] DELETE /v2.0/security-groups/aa9c6b76-d012-415e-849f-edf0cff7a7e0 => generated 0 bytes in 347 msecs (HTTP/1.1 204) 2 headers in 112 bytes (1 switches on core 0) [pid: 8|app: 0|req: 954/1944] 10.0.0.14 () {32 vars in 642 bytes} [Mon Jun 15 20:37:48 2026] GET /v2.0/ports => generated 1534 bytes in 51 msecs (HTTP/1.1 200) 4 headers in 158 bytes (1 switches on core 0) [pid: 8|app: 0|req: 955/1945] 10.0.0.14 () {32 vars in 716 bytes} [Mon Jun 15 20:37:48 2026] GET /v2.0/ports/9225be2b-6d84-47d7-bc61-2501f09d1c63 => generated 775 bytes in 34 msecs (HTTP/1.1 200) 4 headers in 157 bytes (1 switches on core 0)
2026-06-15 20:37:48.137 7 WARNING neutron.scheduler.dhcp_agent_scheduler [None req-7f6b922e-e1ae-4a8a-96ff-d2b29d55e3ba f69cc649400f4311b0e5621a11e02e6f 61889104140741a9b544a26991c1cffc - - default default] No more DHCP agents
2026-06-15 20:37:48.139 7 WARNING neutron.api.rpc.agentnotifiers.dhcp_rpc_agent_api [None req-7f6b922e-e1ae-4a8a-96ff-d2b29d55e3ba f69cc649400f4311b0e5621a11e02e6f 61889104140741a9b544a26991c1cffc - - default default] Unable to schedule network 0037b64f-bc90-454d-8475-cd8a6b650679: no agents available; will retry on subsequent port and subnet creation events.
2026-06-15 20:37:48.169 8 INFO neutron.pecan_wsgi.hooks.translation [None req-9f363b3c-768b-46cb-9da4-305a6d8f2695 6facb13fb11244c491f097345b62c2fa 54e4efff41674b2689acd98f65bbc665 - - default default] DELETE failed (client error): The resource could not be found. [pid: 8|app: 0|req: 956/1946] 10.0.0.14 () {32 vars in 719 bytes} [Mon Jun 15 20:37:48 2026] DELETE /v2.0/ports/868bbf9b-126c-4f0e-afd7-ee302ce36ef8 => generated 132 bytes in 26 msecs (HTTP/1.1 404) 4 headers in 164 bytes (1 switches on core 0)
2026-06-15 20:37:48.189 8 INFO neutron.pecan_wsgi.hooks.translation [None req-5e5993b7-0729-4a0c-a086-b6c26d3d962a 6facb13fb11244c491f097345b62c2fa 54e4efff41674b2689acd98f65bbc665 - - default default] DELETE failed (client error): The resource could not be found. [pid: 8|app: 0|req: 957/1947] 10.0.0.14 () {32 vars in 723 bytes} [Mon Jun 15 20:37:48 2026] DELETE /v2.0/subnets/4b20230f-5a83-4c7c-958f-af907a69e380 => generated 136 bytes in 17 msecs (HTTP/1.1 404) 4 headers in 164 bytes (1 switches on core 0)
2026-06-15 20:37:48.213 8 INFO neutron.pecan_wsgi.hooks.translation [None req-7f029718-6080-4b5f-b2b4-68e1e9c76da3 6facb13fb11244c491f097345b62c2fa 54e4efff41674b2689acd98f65bbc665 - - default default] DELETE failed (client error): The resource could not be found. [pid: 8|app: 0|req: 958/1948] 10.0.0.14 () {32 vars in 723 bytes} [Mon Jun 15 20:37:48 2026] DELETE /v2.0/subnets/7176def2-ca37-44a6-8db2-3d82aeeccd35 => generated 136 bytes in 19 msecs (HTTP/1.1 404) 4 headers in 164 bytes (1 switches on core 0)
2026-06-15 20:37:48.373 8 INFO neutron_taas.services.taas.taas_plugin [None req-db8c7e88-9379-47b0-a19a-8ce9b6a999d3 6facb13fb11244c491f097345b62c2fa 54e4efff41674b2689acd98f65bbc665 - - default default] TaaS: Handle Delete Port: 9225be2b-6d84-47d7-bc61-2501f09d1c63
2026-06-15 20:37:48.376 8 INFO neutron_taas.services.taas.tap_mirror_plugin [None req-db8c7e88-9379-47b0-a19a-8ce9b6a999d3 6facb13fb11244c491f097345b62c2fa 54e4efff41674b2689acd98f65bbc665 - - default default] Tap Mirror: Handle Delete Port: 9225be2b-6d84-47d7-bc61-2501f09d1c63 [pid: 8|app: 0|req: 959/1949] 10.0.0.14 () {32 vars in 719 bytes} [Mon Jun 15 20:37:48 2026] DELETE /v2.0/ports/9225be2b-6d84-47d7-bc61-2501f09d1c63 => generated 0 bytes in 300 msecs (HTTP/1.1 204) 3 headers in 131 bytes (1 switches on core 0)
2026-06-15 20:37:48.678 8 INFO neutron_taas.services.taas.taas_plugin [None req-02f117e4-1380-4725-a648-7ce4fd8b7873 6facb13fb11244c491f097345b62c2fa 54e4efff41674b2689acd98f65bbc665 - - default default] TaaS: Handle Delete Port: fc5b54de-f756-4bdd-95e5-cf2bd601093f
2026-06-15 20:37:48.688 8 INFO neutron_taas.services.taas.tap_mirror_plugin [None req-02f117e4-1380-4725-a648-7ce4fd8b7873 6facb13fb11244c491f097345b62c2fa 54e4efff41674b2689acd98f65bbc665 - - default default] Tap Mirror: Handle Delete Port: fc5b54de-f756-4bdd-95e5-cf2bd601093f
2026-06-15 20:37:48.721 7 INFO neutron.db.ovn_revision_numbers_db [None req-ee69c3bb-c0d6-4b6f-b8f5-f08f4a617669 - - - - - -] Successfully bumped revision number for resource 3a8dfc78-ca1d-4846-80e5-0fb035d7369f (type: ports) to 2
2026-06-15 20:37:48.769 7 INFO neutron.db.ovn_revision_numbers_db [None req-ee69c3bb-c0d6-4b6f-b8f5-f08f4a617669 - - - - - -] Successfully bumped revision number for resource d1b88aba-178c-4c61-8f4f-6112a617b060 (type: subnets) to 0 [pid: 7|app: 0|req: 991/1950] 10.0.0.14 () {34 vars in 668 bytes} [Mon Jun 15 20:37:47 2026] POST /v2.0/subnets => generated 647 bytes in 817 msecs (HTTP/1.1 201) 4 headers in 162 bytes (1 switches on core 0)
2026-06-15 20:37:48.808 7 WARNING neutron.api.v2.base [None req-d1df39f5-27bb-43aa-91a2-66afa4fc8420 f69cc649400f4311b0e5621a11e02e6f 61889104140741a9b544a26991c1cffc - - default default] An exception happened while processing the request body. The exception message is [Invalid input for target_tenant. Reason: '1234123412341234123412341234123412341234123412341234123412341234123412341234123412341234123412341234123412341234123412341234123412341234123412341234123412341234123412341234123412341234123412341234123412341234123412341234123412341234123412341234123412341234123412341234123412341234123412341234123412341234123412341234123412341234123412341234123412341234123412341234123412341234123412341234123412341234' exceeds maximum length of 255.].: webob.exc.HTTPBadRequest: Invalid input for target_tenant. Reason: '1234123412341234123412341234123412341234123412341234123412341234123412341234123412341234123412341234123412341234123412341234123412341234123412341234123412341234123412341234123412341234123412341234123412341234123412341234123412341234123412341234123412341234123412341234123412341234123412341234123412341234123412341234123412341234123412341234123412341234123412341234123412341234123412341234123412341234' exceeds maximum length of 255.
2026-06-15 20:37:48.809 7 INFO neutron.api.v2.resource [None req-d1df39f5-27bb-43aa-91a2-66afa4fc8420 f69cc649400f4311b0e5621a11e02e6f 61889104140741a9b544a26991c1cffc - - default default] create failed (client error): Invalid input for target_tenant. Reason: '1234123412341234123412341234123412341234123412341234123412341234123412341234123412341234123412341234123412341234123412341234123412341234123412341234123412341234123412341234123412341234123412341234123412341234123412341234123412341234123412341234123412341234123412341234123412341234123412341234123412341234123412341234123412341234123412341234123412341234123412341234123412341234123412341234123412341234' exceeds maximum length of 255. [pid: 7|app: 0|req: 992/1951] 10.0.0.14 () {34 vars in 680 bytes} [Mon Jun 15 20:37:48 2026] POST /v2.0/rbac-policies => generated 547 bytes in 11 msecs (HTTP/1.1 400) 4 headers in 166 bytes (1 switches on core 0)
2026-06-15 20:37:48.915 8 INFO neutron.services.segments.plugin [-] Segment 4baacdd3-76f9-49ca-95d6-b39e11334ed7 resource provider aggregate not found
2026-06-15 20:37:48.927 8 INFO neutron.services.segments.plugin [-] Segment 4baacdd3-76f9-49ca-95d6-b39e11334ed7 resource provider aggregate not found
2026-06-15 20:37:48.944 8 INFO neutron.services.segments.plugin [-] Segment 4baacdd3-76f9-49ca-95d6-b39e11334ed7 resource provider not found; error: Placement Client Error (4xx): {"errors": [{"status": 404, "title": "Not Found", "detail": "The resource could not be found.\n\n No resource provider with uuid 4baacdd3-76f9-49ca-95d6-b39e11334ed7 found for delete ", "request_id": "req-feb7e7f5-8e6b-4518-b428-4f3f72d6a295"}]}
2026-06-15 20:37:48.961 8 INFO neutron.services.segments.plugin [-] Segment 4baacdd3-76f9-49ca-95d6-b39e11334ed7 resource provider not found; error: Placement Client Error (4xx): {"errors": [{"status": 404, "title": "Not Found", "detail": "The resource could not be found.\n\n No resource provider with uuid 4baacdd3-76f9-49ca-95d6-b39e11334ed7 found for delete ", "request_id": "req-adc1add1-6a72-4b5f-a1ce-d8fe2294cdab"}]} [pid: 8|app: 0|req: 960/1952] 10.0.0.14 () {32 vars in 725 bytes} [Mon Jun 15 20:37:48 2026] DELETE /v2.0/networks/f5c789c3-697a-4a82-b354-12a8b094d84b => generated 0 bytes in 437 msecs (HTTP/1.1 204) 3 headers in 131 bytes (1 switches on core 0)
2026-06-15 20:37:48.987 7 INFO neutron_taas.services.taas.taas_plugin [None req-9832314d-8b0c-4d31-8fa8-66c20cf16dc7 f69cc649400f4311b0e5621a11e02e6f 61889104140741a9b544a26991c1cffc - - default default] TaaS: Handle Delete Port: 3a8dfc78-ca1d-4846-80e5-0fb035d7369f
2026-06-15 20:37:48.990 7 INFO neutron_taas.services.taas.tap_mirror_plugin [None req-9832314d-8b0c-4d31-8fa8-66c20cf16dc7 f69cc649400f4311b0e5621a11e02e6f 61889104140741a9b544a26991c1cffc - - default default] Tap Mirror: Handle Delete Port: 3a8dfc78-ca1d-4846-80e5-0fb035d7369f
2026-06-15 20:37:49.368 7 INFO neutron.services.segments.plugin [-] Segment 54f615b6-3f89-4f71-a32b-6ed73eb2e04f resource provider aggregate not found
2026-06-15 20:37:49.373 7 INFO neutron.services.segments.plugin [-] Segment 54f615b6-3f89-4f71-a32b-6ed73eb2e04f resource provider aggregate not found
2026-06-15 20:37:49.395 7 INFO neutron.services.segments.plugin [-] Segment 54f615b6-3f89-4f71-a32b-6ed73eb2e04f resource provider not found; error: Placement Client Error (4xx): {"errors": [{"status": 404, "title": "Not Found", "detail": "The resource could not be found.\n\n No resource provider with uuid 54f615b6-3f89-4f71-a32b-6ed73eb2e04f found for delete ", "request_id": "req-e138d325-93db-43f4-88f4-c5be94f8b4a5"}]}
2026-06-15 20:37:49.395 7 INFO neutron.services.segments.plugin [-] Segment 54f615b6-3f89-4f71-a32b-6ed73eb2e04f resource provider not found; error: Placement Client Error (4xx): {"errors": [{"status": 404, "title": "Not Found", "detail": "The resource could not be found.\n\n No resource provider with uuid 54f615b6-3f89-4f71-a32b-6ed73eb2e04f found for delete ", "request_id": "req-33460a9a-ef11-4eb6-a7c2-ebf5ccb840a5"}]} [pid: 7|app: 0|req: 993/1953] 10.0.0.14 () {32 vars in 725 bytes} [Mon Jun 15 20:37:48 2026] DELETE /v2.0/networks/0037b64f-bc90-454d-8475-cd8a6b650679 => generated 0 bytes in 617 msecs (HTTP/1.1 204) 3 headers in 131 bytes (1 switches on core 0)
2026-06-15 20:37:49.548 8 INFO neutron.db.segments_db [None req-4bc1cd56-ba4b-4cb5-9fde-ddcdc2343ad3 f69cc649400f4311b0e5621a11e02e6f 61889104140741a9b544a26991c1cffc - - default default] Added segment 1392af0a-5ea7-4867-94a0-0412c3f6e6f9 of type geneve for network a8dd1e74-de95-4004-9741-cd468379a4ce
2026-06-15 20:37:49.677 8 INFO neutron.db.ovn_revision_numbers_db [None req-4bc1cd56-ba4b-4cb5-9fde-ddcdc2343ad3 f69cc649400f4311b0e5621a11e02e6f 61889104140741a9b544a26991c1cffc - - default default] Successfully bumped revision number for resource a8dd1e74-de95-4004-9741-cd468379a4ce (type: networks) to 1 [pid: 7|app: 0|req: 994/1954] 10.0.0.14 () {32 vars in 773 bytes} [Mon Jun 15 20:37:49 2026] GET /v2.0/security-groups?tenant_id=54e4efff41674b2689acd98f65bbc665&name=default => generated 2925 bytes in 307 msecs (HTTP/1.1 200) 4 headers in 158 bytes (1 switches on core 0)
2026-06-15 20:37:49.831 8 WARNING neutron.scheduler.dhcp_agent_scheduler [None req-4bc1cd56-ba4b-4cb5-9fde-ddcdc2343ad3 f69cc649400f4311b0e5621a11e02e6f 61889104140741a9b544a26991c1cffc - - default default] No more DHCP agents
2026-06-15 20:37:49.833 8 WARNING neutron.api.rpc.agentnotifiers.dhcp_rpc_agent_api [None req-4bc1cd56-ba4b-4cb5-9fde-ddcdc2343ad3 f69cc649400f4311b0e5621a11e02e6f 61889104140741a9b544a26991c1cffc - - default default] Unable to schedule network a8dd1e74-de95-4004-9741-cd468379a4ce: no agents available; will retry on subsequent port and subnet creation events.
2026-06-15 20:37:49.900 7 INFO neutron.plugins.ml2.drivers.ovn.mech_driver.mech_driver [None req-f71cdb9a-9d0c-42e4-ac46-05d63ad8f795 - - - - - -] OVN reports status down for port: 0ffc6916-bfe2-488e-a4e2-b4d444682593
2026-06-15 20:37:49.940 8 INFO neutron.db.ovn_revision_numbers_db [None req-4bc1cd56-ba4b-4cb5-9fde-ddcdc2343ad3 f69cc649400f4311b0e5621a11e02e6f 61889104140741a9b544a26991c1cffc - - default default] Successfully bumped revision number for resource 0ffc6916-bfe2-488e-a4e2-b4d444682593 (type: ports) to 1 [pid: 8|app: 0|req: 961/1955] 10.0.0.14 () {34 vars in 669 bytes} [Mon Jun 15 20:37:49 2026] POST /v2.0/networks => generated 767 bytes in 519 msecs (HTTP/1.1 201) 4 headers in 162 bytes (1 switches on core 0) [pid: 7|app: 0|req: 995/1956] 10.0.0.14 () {32 vars in 739 bytes} [Mon Jun 15 20:37:49 2026] DELETE /v2.0/security-groups/9cc16daa-a66f-487e-9cba-74b74b8fd189 => generated 0 bytes in 349 msecs (HTTP/1.1 204) 2 headers in 112 bytes (1 switches on core 0)
2026-06-15 20:37:50.123 8 WARNING neutron.scheduler.dhcp_agent_scheduler [None req-c5de2f24-19d7-46e4-b3ea-ad47d62c2646 f69cc649400f4311b0e5621a11e02e6f 61889104140741a9b544a26991c1cffc - - default default] No more DHCP agents
2026-06-15 20:37:50.125 8 WARNING neutron.api.rpc.agentnotifiers.dhcp_rpc_agent_api [None req-c5de2f24-19d7-46e4-b3ea-ad47d62c2646 f69cc649400f4311b0e5621a11e02e6f 61889104140741a9b544a26991c1cffc - - default default] Unable to schedule network a8dd1e74-de95-4004-9741-cd468379a4ce: no agents available; will retry on subsequent port and subnet creation events.
2026-06-15 20:37:50.656 8 INFO neutron.db.ovn_revision_numbers_db [None req-17482af8-e8b0-4491-82ed-dec23cb57562 - - - - - -] Successfully bumped revision number for resource 0ffc6916-bfe2-488e-a4e2-b4d444682593 (type: ports) to 2
2026-06-15 20:37:50.724 8 INFO neutron.db.ovn_revision_numbers_db [None req-17482af8-e8b0-4491-82ed-dec23cb57562 - - - - - -] Successfully bumped revision number for resource 55c3878f-51d7-4bf3-b4d3-16f13de3cff5 (type: subnets) to 0 [pid: 8|app: 0|req: 962/1957] 10.0.0.14 () {34 vars in 668 bytes} [Mon Jun 15 20:37:49 2026] POST /v2.0/subnets => generated 647 bytes in 784 msecs (HTTP/1.1 201) 4 headers in 162 bytes (1 switches on core 0) [pid: 7|app: 0|req: 996/1958] 10.0.0.14 () {34 vars in 680 bytes} [Mon Jun 15 20:37:50 2026] POST /v2.0/rbac-policies => generated 324 bytes in 275 msecs (HTTP/1.1 201) 4 headers in 162 bytes (1 switches on core 0) [pid: 7|app: 0|req: 997/1959] 10.0.0.14 () {32 vars in 722 bytes} [Mon Jun 15 20:37:51 2026] GET /v2.0/networks/a8dd1e74-de95-4004-9741-cd468379a4ce => generated 692 bytes in 120 msecs (HTTP/1.1 200) 4 headers in 157 bytes (1 switches on core 0)
2026-06-15 20:37:51.573 8 INFO neutron.db.ovn_revision_numbers_db [None req-69ace4e9-e98f-4d72-a648-29a0c3bafee3 6be07095a013427fb3ce03df5a273db1 2b98906f36a3413796be390c979d75ad - - default default] Successfully bumped revision number for resource ee1d6f7a-b9b7-4938-a950-fad16a04223d (type: security_groups) to 1
2026-06-15 20:37:51.588 8 INFO neutron.db.ovn_revision_numbers_db [None req-69ace4e9-e98f-4d72-a648-29a0c3bafee3 6be07095a013427fb3ce03df5a273db1 2b98906f36a3413796be390c979d75ad - - default default] Successfully bumped revision number for resource 1bd95799-17c8-4372-a44e-e94cffab322a (type: security_group_rules) to 0
2026-06-15 20:37:51.603 8 INFO neutron.db.ovn_revision_numbers_db [None req-69ace4e9-e98f-4d72-a648-29a0c3bafee3 6be07095a013427fb3ce03df5a273db1 2b98906f36a3413796be390c979d75ad - - default default] Successfully bumped revision number for resource 67257e5e-ec85-4451-87fc-ef07c1cd57af (type: security_group_rules) to 0
2026-06-15 20:37:51.634 8 INFO neutron.db.ovn_revision_numbers_db [None req-69ace4e9-e98f-4d72-a648-29a0c3bafee3 6be07095a013427fb3ce03df5a273db1 2b98906f36a3413796be390c979d75ad - - default default] Successfully bumped revision number for resource 69b119b7-f1c6-462b-9fde-3a6ce9e3ee72 (type: security_group_rules) to 0
2026-06-15 20:37:51.662 8 INFO neutron.db.ovn_revision_numbers_db [None req-69ace4e9-e98f-4d72-a648-29a0c3bafee3 6be07095a013427fb3ce03df5a273db1 2b98906f36a3413796be390c979d75ad - - default default] Successfully bumped revision number for resource 81b2edcc-887e-456e-a9a6-6ff285e5ef31 (type: security_group_rules) to 0
2026-06-15 20:37:51.753 8 INFO neutron.db.segments_db [None req-69ace4e9-e98f-4d72-a648-29a0c3bafee3 6be07095a013427fb3ce03df5a273db1 2b98906f36a3413796be390c979d75ad - - default default] Added segment 846a6372-9698-4de1-8242-d5d9d6337bff of type geneve for network 2b311b00-532d-4a4d-80c4-acd9610a23f7
2026-06-15 20:37:51.880 8 INFO neutron.db.ovn_revision_numbers_db [None req-69ace4e9-e98f-4d72-a648-29a0c3bafee3 6be07095a013427fb3ce03df5a273db1 2b98906f36a3413796be390c979d75ad - - default default] Successfully bumped revision number for resource 2b311b00-532d-4a4d-80c4-acd9610a23f7 (type: networks) to 1
2026-06-15 20:37:52.050 7 INFO neutron.pecan_wsgi.hooks.translation [None req-3df061ee-71d1-46ca-9f57-b328ce2ab485 3efaa8e61cf24853a9483feb683bb439 c2bbb86d72ca407ca6f1fcc78084edef - - default default] GET failed (client error): The resource could not be found. [pid: 7|app: 0|req: 998/1960] 10.0.0.14 () {32 vars in 722 bytes} [Mon Jun 15 20:37:51 2026] GET /v2.0/networks/a8dd1e74-de95-4004-9741-cd468379a4ce => generated 138 bytes in 108 msecs (HTTP/1.1 404) 4 headers in 164 bytes (1 switches on core 0) [pid: 7|app: 0|req: 999/1961] 10.0.0.14 () {32 vars in 622 bytes} [Mon Jun 15 20:37:52 2026] GET / => generated 151 bytes in 1 msecs (HTTP/1.1 200) 3 headers in 91 bytes (1 switches on core 0)
2026-06-15 20:37:52.079 8 WARNING neutron.scheduler.dhcp_agent_scheduler [None req-69ace4e9-e98f-4d72-a648-29a0c3bafee3 6be07095a013427fb3ce03df5a273db1 2b98906f36a3413796be390c979d75ad - - default default] No more DHCP agents
2026-06-15 20:37:52.080 8 WARNING neutron.api.rpc.agentnotifiers.dhcp_rpc_agent_api [None req-69ace4e9-e98f-4d72-a648-29a0c3bafee3 6be07095a013427fb3ce03df5a273db1 2b98906f36a3413796be390c979d75ad - - default default] Unable to schedule network 2b311b00-532d-4a4d-80c4-acd9610a23f7: no agents available; will retry on subsequent port and subnet creation events.
2026-06-15 20:37:52.147 8 INFO neutron.plugins.ml2.drivers.ovn.mech_driver.mech_driver [None req-00c9d17b-76f4-4d27-9c60-f3498c964a03 - - - - - -] OVN reports status down for port: 7f46db59-1a4e-4237-beb9-b7e868bae460
2026-06-15 20:37:52.249 8 INFO neutron.db.ovn_revision_numbers_db [None req-69ace4e9-e98f-4d72-a648-29a0c3bafee3 6be07095a013427fb3ce03df5a273db1 2b98906f36a3413796be390c979d75ad - - default default] Successfully bumped revision number for resource 7f46db59-1a4e-4237-beb9-b7e868bae460 (type: ports) to 1
