2026-06-15 20:44:46.003 8 INFO neutron.notifiers.nova [-] Nova event matching ['req-baa46a5f-e6f1-4c2c-a4bb-442ec584c971'] response: {'name': 'network-changed', 'server_uuid': 'b2723f11-a443-4918-84a7-31311a8cef79', 'tag': 'c3fdc762-e133-40fe-96ad-7652d7a496f6', 'status': 'completed', 'code': 200} /var/lib/openstack/lib/python3.12/site-packages/pycadf/identifier.py:70: UserWarning: Invalid uuid: neutron. To ensure interoperability, identifiers should be a valid uuid. warnings.warn(('Invalid uuid: %s. To ensure interoperability, ' [pid: 8|app: 0|req: 1815/3713] 10.0.0.96 () {34 vars in 989 bytes} [Mon Jun 15 20:44:46 2026] GET /v2.0/ports?device_id=b2723f11-a443-4918-84a7-31311a8cef79 => generated 1200 bytes in 85 msecs (HTTP/1.1 200) 4 headers in 158 bytes (1 switches on core 0) [pid: 7|app: 0|req: 1899/3714] 10.0.0.96 () {34 vars in 1039 bytes} [Mon Jun 15 20:44:46 2026] GET /v2.0/security-groups?id=f50e15dc-3654-4fcf-acbb-725bfdd7a8db&fields=id&fields=name => generated 111 bytes in 41 msecs (HTTP/1.1 200) 4 headers in 157 bytes (1 switches on core 0) [pid: 8|app: 0|req: 1816/3715] 199.19.213.215 () {34 vars in 1080 bytes} [Mon Jun 15 20:44:46 2026] GET /v2.0/ports?tenant_id=3965f1d68cf54729878e29c521fd1b88&device_id=b2723f11-a443-4918-84a7-31311a8cef79 => generated 1438 bytes in 59 msecs (HTTP/1.1 200) 4 headers in 158 bytes (1 switches on core 0) [pid: 7|app: 0|req: 1900/3716] 199.19.213.215 () {34 vars in 986 bytes} [Mon Jun 15 20:44:46 2026] GET /v2.0/networks?id=9982a655-4145-4299-bdd3-e3b7d6775524 => generated 842 bytes in 62 msecs (HTTP/1.1 200) 4 headers in 157 bytes (1 switches on core 0) [pid: 8|app: 0|req: 1817/3717] 199.19.213.215 () {34 vars in 1058 bytes} [Mon Jun 15 20:44:46 2026] GET /v2.0/floatingips?fixed_ip_address=10.2.1.233&port_id=c3fdc762-e133-40fe-96ad-7652d7a496f6 => generated 19 bytes in 25 msecs (HTTP/1.1 200) 4 headers in 156 bytes (1 switches on core 0) [pid: 7|app: 0|req: 1901/3718] 199.19.213.215 () {34 vars in 1104 bytes} [Mon Jun 15 20:44:46 2026] GET /v2.0/floatingips?fixed_ip_address=fd7b%3Af9f7%3Afff%3A4eca%3A%3A202&port_id=c3fdc762-e133-40fe-96ad-7652d7a496f6 => generated 19 bytes in 29 msecs (HTTP/1.1 200) 4 headers in 156 bytes (1 switches on core 0) [pid: 8|app: 0|req: 1818/3719] 199.19.213.215 () {34 vars in 1064 bytes} [Mon Jun 15 20:44:46 2026] GET /v2.0/subnets?id=7dce3887-7271-42e7-bbba-5bf232ded716&id=474c5b2a-2f11-4a98-ac5a-97146b55a3f5 => generated 1410 bytes in 39 msecs (HTTP/1.1 200) 4 headers in 158 bytes (1 switches on core 0) [pid: 7|app: 0|req: 1902/3720] 199.19.213.215 () {34 vars in 1052 bytes} [Mon Jun 15 20:44:46 2026] GET /v2.0/ports?network_id=9982a655-4145-4299-bdd3-e3b7d6775524&device_owner=network%3Adhcp => generated 12 bytes in 27 msecs (HTTP/1.1 200) 4 headers in 156 bytes (1 switches on core 0) [pid: 8|app: 0|req: 1819/3721] 199.19.213.215 () {34 vars in 1052 bytes} [Mon Jun 15 20:44:46 2026] GET /v2.0/ports?network_id=9982a655-4145-4299-bdd3-e3b7d6775524&device_owner=network%3Adhcp => generated 12 bytes in 23 msecs (HTTP/1.1 200) 4 headers in 156 bytes (1 switches on core 0) [pid: 7|app: 0|req: 1903/3722] 199.19.213.215 () {34 vars in 1012 bytes} [Mon Jun 15 20:44:46 2026] GET /v2.0/networks/9982a655-4145-4299-bdd3-e3b7d6775524?fields=segments => generated 14 bytes in 50 msecs (HTTP/1.1 200) 4 headers in 156 bytes (1 switches on core 0) [pid: 8|app: 0|req: 1820/3723] 199.19.213.215 () {34 vars in 1112 bytes} [Mon Jun 15 20:44:46 2026] GET /v2.0/networks/9982a655-4145-4299-bdd3-e3b7d6775524?fields=provider%3Aphysical_network&fields=provider%3Anetwork_type => generated 79 bytes in 48 msecs (HTTP/1.1 200) 4 headers in 156 bytes (1 switches on core 0)
2026-06-15 20:44:47.223 7 INFO neutron.plugins.ml2.drivers.ovn.mech_driver.mech_driver [None req-6207454e-2b89-4ca2-a916-df6f0c272de6 - - - - - -] OVN reports status down for port: c3fdc762-e133-40fe-96ad-7652d7a496f6
2026-06-15 20:44:47.380 7 INFO neutron.notifiers.nova [-] Nova event matching ['req-2b8a6910-7b7f-498b-8f6f-562c05c56323'] response: {'server_uuid': 'b2723f11-a443-4918-84a7-31311a8cef79', 'name': 'network-vif-unplugged', 'status': 'completed', 'tag': 'c3fdc762-e133-40fe-96ad-7652d7a496f6', 'code': 200}
2026-06-15 20:44:47.538 7 INFO neutron.db.ovn_revision_numbers_db [None req-6207454e-2b89-4ca2-a916-df6f0c272de6 - - - - - -] Successfully bumped revision number for resource c3fdc762-e133-40fe-96ad-7652d7a496f6 (type: ports) to 6 /var/lib/openstack/lib/python3.12/site-packages/pycadf/identifier.py:70: UserWarning: Invalid uuid: neutron. To ensure interoperability, identifiers should be a valid uuid. warnings.warn(('Invalid uuid: %s. To ensure interoperability, ' [pid: 7|app: 0|req: 1904/3724] 199.19.213.215 () {34 vars in 994 bytes} [Mon Jun 15 20:44:48 2026] GET /v2.0/ports?device_id=b2723f11-a443-4918-84a7-31311a8cef79 => generated 1198 bytes in 101 msecs (HTTP/1.1 200) 4 headers in 158 bytes (1 switches on core 0)
2026-06-15 20:44:48.705 8 INFO neutron_taas.services.taas.taas_plugin [req-af90103f-cbba-4775-ac7d-785ffd10be83 req-a7e60ce6-0830-4092-ac8e-20a7edb131c2 2b43e68250374400ba4bbf1cb77c55fb 3965f1d68cf54729878e29c521fd1b88 - - default default] TaaS: Handle Delete Port: c3fdc762-e133-40fe-96ad-7652d7a496f6
2026-06-15 20:44:48.709 8 INFO neutron_taas.services.taas.tap_mirror_plugin [req-af90103f-cbba-4775-ac7d-785ffd10be83 req-a7e60ce6-0830-4092-ac8e-20a7edb131c2 2b43e68250374400ba4bbf1cb77c55fb 3965f1d68cf54729878e29c521fd1b88 - - default default] Tap Mirror: Handle Delete Port: c3fdc762-e133-40fe-96ad-7652d7a496f6 [pid: 8|app: 0|req: 1821/3725] 199.19.213.215 () {36 vars in 997 bytes} [Mon Jun 15 20:44:48 2026] DELETE /v2.0/ports/c3fdc762-e133-40fe-96ad-7652d7a496f6 => generated 0 bytes in 358 msecs (HTTP/1.1 204) 3 headers in 131 bytes (1 switches on core 0)
2026-06-15 20:44:48.913 8 INFO neutron.notifiers.nova [-] Nova event matching ['req-71e0847c-1c19-4809-a18e-094200727484'] response: {'server_uuid': 'b2723f11-a443-4918-84a7-31311a8cef79', 'name': 'network-vif-deleted', 'tag': 'c3fdc762-e133-40fe-96ad-7652d7a496f6', 'status': 'completed', 'code': 200}
2026-06-15 20:44:49.426 7 INFO neutron.notifiers.nova [-] Nova event matching ['req-23b36db5-bc89-4a15-940b-992182759c2e'] response: {'server_uuid': 'b2723f11-a443-4918-84a7-31311a8cef79', 'name': 'network-vif-unplugged', 'status': 'completed', 'tag': 'c3fdc762-e133-40fe-96ad-7652d7a496f6', 'code': 200} [pid: 7|app: 0|req: 1905/3726] 10.0.0.96 () {34 vars in 989 bytes} [Mon Jun 15 20:44:51 2026] GET /v2.0/ports?device_id=b2723f11-a443-4918-84a7-31311a8cef79 => generated 12 bytes in 22 msecs (HTTP/1.1 200) 4 headers in 156 bytes (1 switches on core 0) [pid: 8|app: 0|req: 1822/3727] 10.0.0.14 () {32 vars in 749 bytes} [Mon Jun 15 20:44:56 2026] DELETE /v2.0/security-group-rules/7afd64dc-cc50-4e1d-833c-705324a76eff => generated 0 bytes in 247 msecs (HTTP/1.1 204) 2 headers in 112 bytes (1 switches on core 0)
2026-06-15 20:44:56.726 7 INFO neutron.api.v2.resource [None req-3cfdc1f8-0c04-4890-bd88-bfe564803275 2b43e68250374400ba4bbf1cb77c55fb 3965f1d68cf54729878e29c521fd1b88 - - default default] show failed (client error): The resource could not be found. [pid: 7|app: 0|req: 1906/3728] 10.0.0.14 () {32 vars in 746 bytes} [Mon Jun 15 20:44:56 2026] GET /v2.0/security-group-rules/7afd64dc-cc50-4e1d-833c-705324a76eff => generated 155 bytes in 13 msecs (HTTP/1.1 404) 4 headers in 164 bytes (1 switches on core 0) [pid: 8|app: 0|req: 1823/3729] 10.0.0.14 () {32 vars in 749 bytes} [Mon Jun 15 20:44:56 2026] DELETE /v2.0/security-group-rules/0fc13f53-f0e2-4e1e-85c7-18294db03fce => generated 0 bytes in 215 msecs (HTTP/1.1 204) 2 headers in 112 bytes (1 switches on core 0)
2026-06-15 20:44:56.968 7 INFO neutron.api.v2.resource [None req-8c3e710d-48c1-4161-ab8b-88d0ca4f5f56 2b43e68250374400ba4bbf1cb77c55fb 3965f1d68cf54729878e29c521fd1b88 - - default default] show failed (client error): The resource could not be found. [pid: 7|app: 0|req: 1907/3730] 10.0.0.14 () {32 vars in 746 bytes} [Mon Jun 15 20:44:56 2026] GET /v2.0/security-group-rules/0fc13f53-f0e2-4e1e-85c7-18294db03fce => generated 155 bytes in 18 msecs (HTTP/1.1 404) 4 headers in 164 bytes (1 switches on core 0) [pid: 8|app: 0|req: 1824/3731] 10.0.0.14 () {32 vars in 749 bytes} [Mon Jun 15 20:44:56 2026] DELETE /v2.0/security-group-rules/de0301f1-3112-4099-914c-ba55bf04790b => generated 0 bytes in 210 msecs (HTTP/1.1 204) 2 headers in 112 bytes (1 switches on core 0)
2026-06-15 20:44:57.202 7 INFO neutron.api.v2.resource [None req-7402ab52-aed6-4aaf-b69c-9724f9deefb5 2b43e68250374400ba4bbf1cb77c55fb 3965f1d68cf54729878e29c521fd1b88 - - default default] show failed (client error): The resource could not be found. [pid: 7|app: 0|req: 1908/3732] 10.0.0.14 () {32 vars in 746 bytes} [Mon Jun 15 20:44:57 2026] GET /v2.0/security-group-rules/de0301f1-3112-4099-914c-ba55bf04790b => generated 155 bytes in 14 msecs (HTTP/1.1 404) 4 headers in 164 bytes (1 switches on core 0) [pid: 8|app: 0|req: 1825/3733] 10.0.0.14 () {32 vars in 749 bytes} [Mon Jun 15 20:44:57 2026] DELETE /v2.0/security-group-rules/b0a89c07-9204-46d0-86aa-9aadbaa86a27 => generated 0 bytes in 174 msecs (HTTP/1.1 204) 2 headers in 112 bytes (1 switches on core 0)
2026-06-15 20:44:57.401 7 INFO neutron.api.v2.resource [None req-9a79883f-8134-456c-b09b-766648e575cd 2b43e68250374400ba4bbf1cb77c55fb 3965f1d68cf54729878e29c521fd1b88 - - default default] show failed (client error): The resource could not be found. [pid: 7|app: 0|req: 1909/3734] 10.0.0.14 () {32 vars in 746 bytes} [Mon Jun 15 20:44:57 2026] GET /v2.0/security-group-rules/b0a89c07-9204-46d0-86aa-9aadbaa86a27 => generated 155 bytes in 14 msecs (HTTP/1.1 404) 4 headers in 164 bytes (1 switches on core 0) [pid: 8|app: 0|req: 1826/3735] 10.0.0.14 () {32 vars in 749 bytes} [Mon Jun 15 20:44:57 2026] DELETE /v2.0/security-group-rules/9859d9c1-7900-4f69-a036-8015c46e480a => generated 0 bytes in 157 msecs (HTTP/1.1 204) 2 headers in 112 bytes (1 switches on core 0)
2026-06-15 20:44:57.584 7 INFO neutron.api.v2.resource [None req-08675886-279b-44cc-9a4e-374c7d61e3c7 2b43e68250374400ba4bbf1cb77c55fb 3965f1d68cf54729878e29c521fd1b88 - - default default] show failed (client error): The resource could not be found. [pid: 7|app: 0|req: 1910/3736] 10.0.0.14 () {32 vars in 746 bytes} [Mon Jun 15 20:44:57 2026] GET /v2.0/security-group-rules/9859d9c1-7900-4f69-a036-8015c46e480a => generated 155 bytes in 15 msecs (HTTP/1.1 404) 4 headers in 164 bytes (1 switches on core 0) [pid: 8|app: 0|req: 1827/3737] 10.0.0.14 () {32 vars in 749 bytes} [Mon Jun 15 20:44:57 2026] DELETE /v2.0/security-group-rules/5169b746-d585-4299-9258-46e411adedb0 => generated 0 bytes in 180 msecs (HTTP/1.1 204) 2 headers in 112 bytes (1 switches on core 0)
2026-06-15 20:44:57.790 7 INFO neutron.api.v2.resource [None req-2a8324c8-656e-4922-8b0a-9125e3cbf284 2b43e68250374400ba4bbf1cb77c55fb 3965f1d68cf54729878e29c521fd1b88 - - default default] show failed (client error): The resource could not be found. [pid: 7|app: 0|req: 1911/3738] 10.0.0.14 () {32 vars in 746 bytes} [Mon Jun 15 20:44:57 2026] GET /v2.0/security-group-rules/5169b746-d585-4299-9258-46e411adedb0 => generated 155 bytes in 16 msecs (HTTP/1.1 404) 4 headers in 164 bytes (1 switches on core 0) [pid: 8|app: 0|req: 1828/3739] 10.0.0.14 () {32 vars in 749 bytes} [Mon Jun 15 20:44:57 2026] DELETE /v2.0/security-group-rules/ba922ead-a66b-4f56-be36-9b99c0eec9db => generated 0 bytes in 171 msecs (HTTP/1.1 204) 2 headers in 112 bytes (1 switches on core 0)
2026-06-15 20:44:57.987 7 INFO neutron.api.v2.resource [None req-4a5f3da0-fbcd-4762-aafc-e68e7332d01a 2b43e68250374400ba4bbf1cb77c55fb 3965f1d68cf54729878e29c521fd1b88 - - default default] show failed (client error): The resource could not be found. [pid: 7|app: 0|req: 1912/3740] 10.0.0.14 () {32 vars in 746 bytes} [Mon Jun 15 20:44:57 2026] GET /v2.0/security-group-rules/ba922ead-a66b-4f56-be36-9b99c0eec9db => generated 155 bytes in 12 msecs (HTTP/1.1 404) 4 headers in 164 bytes (1 switches on core 0) [pid: 8|app: 0|req: 1829/3741] 10.0.0.14 () {32 vars in 749 bytes} [Mon Jun 15 20:44:57 2026] DELETE /v2.0/security-group-rules/7de1db57-11b9-4ecb-aecc-98ac578783ea => generated 0 bytes in 175 msecs (HTTP/1.1 204) 2 headers in 112 bytes (1 switches on core 0)
2026-06-15 20:44:58.194 7 INFO neutron.api.v2.resource [None req-fc02ef2e-a0f8-4bdc-a157-8031fa278d56 2b43e68250374400ba4bbf1cb77c55fb 3965f1d68cf54729878e29c521fd1b88 - - default default] show failed (client error): The resource could not be found. [pid: 7|app: 0|req: 1913/3742] 10.0.0.14 () {32 vars in 746 bytes} [Mon Jun 15 20:44:58 2026] GET /v2.0/security-group-rules/7de1db57-11b9-4ecb-aecc-98ac578783ea => generated 155 bytes in 13 msecs (HTTP/1.1 404) 4 headers in 164 bytes (1 switches on core 0) [pid: 8|app: 0|req: 1830/3745] 10.0.0.14 () {32 vars in 749 bytes} [Mon Jun 15 20:44:58 2026] DELETE /v2.0/security-group-rules/4b705e59-342c-42b6-bf78-665398cc8854 => generated 0 bytes in 167 msecs (HTTP/1.1 204) 2 headers in 112 bytes (1 switches on core 0)
2026-06-15 20:44:58.383 7 INFO neutron.api.v2.resource [None req-14fa0761-3f7d-426f-a3f7-a24ec9458ca0 2b43e68250374400ba4bbf1cb77c55fb 3965f1d68cf54729878e29c521fd1b88 - - default default] show failed (client error): The resource could not be found. [pid: 7|app: 0|req: 1916/3746] 10.0.0.14 () {32 vars in 746 bytes} [Mon Jun 15 20:44:58 2026] GET /v2.0/security-group-rules/4b705e59-342c-42b6-bf78-665398cc8854 => generated 155 bytes in 12 msecs (HTTP/1.1 404) 4 headers in 164 bytes (1 switches on core 0) [pid: 8|app: 0|req: 1831/3747] 10.0.0.14 () {32 vars in 749 bytes} [Mon Jun 15 20:44:58 2026] DELETE /v2.0/security-group-rules/657eedc1-c521-4676-979e-ea1e7f3d7f0e => generated 0 bytes in 149 msecs (HTTP/1.1 204) 2 headers in 112 bytes (1 switches on core 0)
2026-06-15 20:44:58.565 7 INFO neutron.api.v2.resource [None req-06a98d00-7a9b-4de0-83a5-011cf9b85c01 2b43e68250374400ba4bbf1cb77c55fb 3965f1d68cf54729878e29c521fd1b88 - - default default] show failed (client error): The resource could not be found. [pid: 7|app: 0|req: 1917/3748] 10.0.0.14 () {32 vars in 746 bytes} [Mon Jun 15 20:44:58 2026] GET /v2.0/security-group-rules/657eedc1-c521-4676-979e-ea1e7f3d7f0e => generated 155 bytes in 20 msecs (HTTP/1.1 404) 4 headers in 164 bytes (1 switches on core 0) [pid: 8|app: 0|req: 1832/3749] 10.0.0.14 () {32 vars in 749 bytes} [Mon Jun 15 20:44:58 2026] DELETE /v2.0/security-group-rules/689da3ef-8962-40ad-8c39-0553c9d25c71 => generated 0 bytes in 132 msecs (HTTP/1.1 204) 2 headers in 112 bytes (1 switches on core 0)
2026-06-15 20:44:58.722 7 INFO neutron.api.v2.resource [None req-41a4cf5b-abf4-48e2-abb1-466690fe2928 2b43e68250374400ba4bbf1cb77c55fb 3965f1d68cf54729878e29c521fd1b88 - - default default] show failed (client error): The resource could not be found. [pid: 7|app: 0|req: 1918/3750] 10.0.0.14 () {32 vars in 746 bytes} [Mon Jun 15 20:44:58 2026] GET /v2.0/security-group-rules/689da3ef-8962-40ad-8c39-0553c9d25c71 => generated 155 bytes in 13 msecs (HTTP/1.1 404) 4 headers in 164 bytes (1 switches on core 0) [pid: 8|app: 0|req: 1833/3751] 10.0.0.14 () {32 vars in 739 bytes} [Mon Jun 15 20:44:58 2026] DELETE /v2.0/security-groups/f50e15dc-3654-4fcf-acbb-725bfdd7a8db => generated 0 bytes in 157 msecs (HTTP/1.1 204) 2 headers in 112 bytes (1 switches on core 0)
2026-06-15 20:44:58.907 7 INFO neutron.api.v2.resource [None req-c636882b-f26a-492a-9690-0035915c481f 2b43e68250374400ba4bbf1cb77c55fb 3965f1d68cf54729878e29c521fd1b88 - - default default] show failed (client error): The resource could not be found. [pid: 7|app: 0|req: 1919/3752] 10.0.0.14 () {32 vars in 736 bytes} [Mon Jun 15 20:44:58 2026] GET /v2.0/security-groups/f50e15dc-3654-4fcf-acbb-725bfdd7a8db => generated 146 bytes in 18 msecs (HTTP/1.1 404) 4 headers in 164 bytes (1 switches on core 0)
2026-06-15 20:44:59.311 8 INFO neutron_taas.services.taas.taas_plugin [None req-37288efe-4195-4c2a-a977-ead3a28fad4d 2b43e68250374400ba4bbf1cb77c55fb 3965f1d68cf54729878e29c521fd1b88 - - default default] TaaS: Handle Delete Port: eff36832-48f9-4ab5-9136-68a70e5616ce
2026-06-15 20:44:59.324 8 INFO neutron_taas.services.taas.tap_mirror_plugin [None req-37288efe-4195-4c2a-a977-ead3a28fad4d 2b43e68250374400ba4bbf1cb77c55fb 3965f1d68cf54729878e29c521fd1b88 - - default default] Tap Mirror: Handle Delete Port: eff36832-48f9-4ab5-9136-68a70e5616ce [pid: 8|app: 0|req: 1834/3753] 10.0.0.14 () {34 vars in 788 bytes} [Mon Jun 15 20:44:58 2026] PUT /v2.0/routers/f1b15f52-fede-43b9-820f-e1e7d11d821f/remove_router_interface => generated 309 bytes in 1004 msecs (HTTP/1.1 200) 4 headers in 157 bytes (1 switches on core 0)
2026-06-15 20:45:00.127 7 INFO neutron.api.v2.resource [None req-c2e0f9ed-2d9d-4719-9bca-dd7a1a6ca131 2b43e68250374400ba4bbf1cb77c55fb 3965f1d68cf54729878e29c521fd1b88 - - default default] remove_router_interface failed (client error): The resource could not be found. [pid: 7|app: 0|req: 1920/3754] 10.0.0.14 () {34 vars in 788 bytes} [Mon Jun 15 20:44:59 2026] PUT /v2.0/routers/f1b15f52-fede-43b9-820f-e1e7d11d821f/remove_router_interface => generated 198 bytes in 131 msecs (HTTP/1.1 404) 4 headers in 164 bytes (1 switches on core 0) /var/lib/openstack/lib/python3.12/site-packages/pycadf/identifier.py:70: UserWarning: Invalid uuid: neutron. To ensure interoperability, identifiers should be a valid uuid. warnings.warn(('Invalid uuid: %s. To ensure interoperability, '
2026-06-15 20:45:00.501 8 INFO neutron_taas.services.taas.taas_plugin [None req-ece313c5-1e78-4cb1-81b2-e8b1dd205f55 2b43e68250374400ba4bbf1cb77c55fb 3965f1d68cf54729878e29c521fd1b88 - - default default] TaaS: Handle Delete Port: 59d22c03-e7c2-4b3f-ab33-89bec9fa4a45
2026-06-15 20:45:00.505 8 INFO neutron_taas.services.taas.tap_mirror_plugin [None req-ece313c5-1e78-4cb1-81b2-e8b1dd205f55 2b43e68250374400ba4bbf1cb77c55fb 3965f1d68cf54729878e29c521fd1b88 - - default default] Tap Mirror: Handle Delete Port: 59d22c03-e7c2-4b3f-ab33-89bec9fa4a45 [pid: 8|app: 0|req: 1835/3755] 10.0.0.14 () {34 vars in 788 bytes} [Mon Jun 15 20:45:00 2026] PUT /v2.0/routers/f1b15f52-fede-43b9-820f-e1e7d11d821f/remove_router_interface => generated 309 bytes in 1272 msecs (HTTP/1.1 200) 4 headers in 157 bytes (1 switches on core 0)
2026-06-15 20:45:01.569 7 INFO neutron.api.v2.resource [None req-0de17475-f043-468e-bc7e-6ad5d7b21781 2b43e68250374400ba4bbf1cb77c55fb 3965f1d68cf54729878e29c521fd1b88 - - default default] remove_router_interface failed (client error): The resource could not be found. [pid: 7|app: 0|req: 1921/3756] 10.0.0.14 () {34 vars in 788 bytes} [Mon Jun 15 20:45:01 2026] PUT /v2.0/routers/f1b15f52-fede-43b9-820f-e1e7d11d821f/remove_router_interface => generated 198 bytes in 158 msecs (HTTP/1.1 404) 4 headers in 164 bytes (1 switches on core 0) /var/lib/openstack/lib/python3.12/site-packages/pycadf/identifier.py:70: UserWarning: Invalid uuid: neutron. To ensure interoperability, identifiers should be a valid uuid. warnings.warn(('Invalid uuid: %s. To ensure interoperability, '
2026-06-15 20:45:02.109 8 INFO neutron_taas.services.taas.taas_plugin [None req-01f9f75a-f0b2-4f3d-9b21-b20de3cd35e2 2b43e68250374400ba4bbf1cb77c55fb 3965f1d68cf54729878e29c521fd1b88 - - default default] TaaS: Handle Delete Port: 7e634a92-7c7b-41e4-9ad4-c6f202a9ce8e
2026-06-15 20:45:02.114 8 INFO neutron_taas.services.taas.tap_mirror_plugin [None req-01f9f75a-f0b2-4f3d-9b21-b20de3cd35e2 2b43e68250374400ba4bbf1cb77c55fb 3965f1d68cf54729878e29c521fd1b88 - - default default] Tap Mirror: Handle Delete Port: 7e634a92-7c7b-41e4-9ad4-c6f202a9ce8e [pid: 8|app: 0|req: 1836/3757] 10.0.0.14 () {34 vars in 788 bytes} [Mon Jun 15 20:45:01 2026] PUT /v2.0/routers/f1b15f52-fede-43b9-820f-e1e7d11d821f/remove_router_interface => generated 309 bytes in 1230 msecs (HTTP/1.1 200) 4 headers in 157 bytes (1 switches on core 0)
2026-06-15 20:45:02.928 7 INFO neutron.api.v2.resource [None req-acf85147-fb41-47e0-ae98-54e392d8ed25 2b43e68250374400ba4bbf1cb77c55fb 3965f1d68cf54729878e29c521fd1b88 - - default default] remove_router_interface failed (client error): The resource could not be found. [pid: 7|app: 0|req: 1922/3758] 10.0.0.14 () {34 vars in 788 bytes} [Mon Jun 15 20:45:02 2026] PUT /v2.0/routers/f1b15f52-fede-43b9-820f-e1e7d11d821f/remove_router_interface => generated 198 bytes in 114 msecs (HTTP/1.1 404) 4 headers in 164 bytes (1 switches on core 0) /var/lib/openstack/lib/python3.12/site-packages/pycadf/identifier.py:70: UserWarning: Invalid uuid: neutron. To ensure interoperability, identifiers should be a valid uuid. warnings.warn(('Invalid uuid: %s. To ensure interoperability, '
2026-06-15 20:45:03.365 8 INFO neutron_taas.services.taas.taas_plugin [None req-f0530573-85ce-42ff-9a87-9f9d41c3f08a 2b43e68250374400ba4bbf1cb77c55fb 3965f1d68cf54729878e29c521fd1b88 - - default default] TaaS: Handle Delete Port: c72a73cf-14a8-4d0d-bfaf-0ecc05f93791
2026-06-15 20:45:03.369 8 INFO neutron_taas.services.taas.tap_mirror_plugin [None req-f0530573-85ce-42ff-9a87-9f9d41c3f08a 2b43e68250374400ba4bbf1cb77c55fb 3965f1d68cf54729878e29c521fd1b88 - - default default] Tap Mirror: Handle Delete Port: c72a73cf-14a8-4d0d-bfaf-0ecc05f93791 [pid: 8|app: 0|req: 1837/3759] 10.0.0.14 () {32 vars in 723 bytes} [Mon Jun 15 20:45:02 2026] DELETE /v2.0/routers/f1b15f52-fede-43b9-820f-e1e7d11d821f => generated 0 bytes in 1016 msecs (HTTP/1.1 204) 2 headers in 112 bytes (1 switches on core 0)
2026-06-15 20:45:03.979 7 INFO neutron.api.v2.resource [None req-c8452519-1dc1-4c24-88ca-69dc60a7d492 2b43e68250374400ba4bbf1cb77c55fb 3965f1d68cf54729878e29c521fd1b88 - - default default] show failed (client error): The resource could not be found. [pid: 7|app: 0|req: 1923/3760] 10.0.0.14 () {32 vars in 720 bytes} [Mon Jun 15 20:45:03 2026] GET /v2.0/routers/f1b15f52-fede-43b9-820f-e1e7d11d821f => generated 135 bytes in 25 msecs (HTTP/1.1 404) 4 headers in 164 bytes (1 switches on core 0) [pid: 8|app: 0|req: 1838/3761] 10.0.0.14 () {32 vars in 723 bytes} [Mon Jun 15 20:45:03 2026] DELETE /v2.0/subnets/b5f01dbf-ee3d-4b0a-b990-a94da84638f6 => generated 0 bytes in 188 msecs (HTTP/1.1 204) 3 headers in 131 bytes (1 switches on core 0)
2026-06-15 20:45:04.197 7 INFO neutron.pecan_wsgi.hooks.translation [None req-def26581-8fcd-4052-9715-bfe9d0eb8f4a 2b43e68250374400ba4bbf1cb77c55fb 3965f1d68cf54729878e29c521fd1b88 - - default default] GET failed (client error): The resource could not be found. [pid: 7|app: 0|req: 1924/3762] 10.0.0.14 () {32 vars in 720 bytes} [Mon Jun 15 20:45:04 2026] GET /v2.0/subnets/b5f01dbf-ee3d-4b0a-b990-a94da84638f6 => generated 136 bytes in 19 msecs (HTTP/1.1 404) 4 headers in 164 bytes (1 switches on core 0) [pid: 8|app: 0|req: 1839/3763] 10.0.0.14 () {32 vars in 723 bytes} [Mon Jun 15 20:45:04 2026] DELETE /v2.0/subnets/31517b98-c2e9-4314-aefe-8ae557f23c3a => generated 0 bytes in 191 msecs (HTTP/1.1 204) 3 headers in 131 bytes (1 switches on core 0)
2026-06-15 20:45:04.420 7 INFO neutron.pecan_wsgi.hooks.translation [None req-c71e4343-f461-41b5-8320-746a686b4550 2b43e68250374400ba4bbf1cb77c55fb 3965f1d68cf54729878e29c521fd1b88 - - default default] GET failed (client error): The resource could not be found. [pid: 7|app: 0|req: 1925/3764] 10.0.0.14 () {32 vars in 720 bytes} [Mon Jun 15 20:45:04 2026] GET /v2.0/subnets/31517b98-c2e9-4314-aefe-8ae557f23c3a => generated 136 bytes in 18 msecs (HTTP/1.1 404) 4 headers in 164 bytes (1 switches on core 0)
2026-06-15 20:45:04.573 8 INFO neutron_taas.services.taas.taas_plugin [None req-20376380-070a-4801-a03a-cd850b218181 2b43e68250374400ba4bbf1cb77c55fb 3965f1d68cf54729878e29c521fd1b88 - - default default] TaaS: Handle Delete Port: 70c32842-23d3-4d64-a2fa-e6124301c5fc
2026-06-15 20:45:04.580 8 INFO neutron_taas.services.taas.tap_mirror_plugin [None req-20376380-070a-4801-a03a-cd850b218181 2b43e68250374400ba4bbf1cb77c55fb 3965f1d68cf54729878e29c521fd1b88 - - default default] Tap Mirror: Handle Delete Port: 70c32842-23d3-4d64-a2fa-e6124301c5fc
2026-06-15 20:45:04.818 8 INFO neutron.services.segments.plugin [-] Segment bc25f412-0d8a-405f-8eb3-77873c9e6702 resource provider aggregate not found
2026-06-15 20:45:04.824 8 INFO neutron.services.segments.plugin [-] Segment bc25f412-0d8a-405f-8eb3-77873c9e6702 resource provider aggregate not found
2026-06-15 20:45:04.845 8 INFO neutron.services.segments.plugin [-] Segment bc25f412-0d8a-405f-8eb3-77873c9e6702 resource provider not found; error: Placement Client Error (4xx): {"errors": [{"status": 404, "title": "Not Found", "detail": "The resource could not be found.\n\n No resource provider with uuid bc25f412-0d8a-405f-8eb3-77873c9e6702 found for delete ", "request_id": "req-9a0afcf9-efcf-4b7f-8aed-8cb24560a308"}]}
2026-06-15 20:45:04.850 8 INFO neutron.services.segments.plugin [-] Segment bc25f412-0d8a-405f-8eb3-77873c9e6702 resource provider not found; error: Placement Client Error (4xx): {"errors": [{"status": 404, "title": "Not Found", "detail": "The resource could not be found.\n\n No resource provider with uuid bc25f412-0d8a-405f-8eb3-77873c9e6702 found for delete ", "request_id": "req-b7690798-cd5b-427c-9472-b6d381f52c65"}]} [pid: 8|app: 0|req: 1840/3765] 10.0.0.14 () {32 vars in 725 bytes} [Mon Jun 15 20:45:04 2026] DELETE /v2.0/networks/458eea00-408c-4b50-86bd-b86820c0c08a => generated 0 bytes in 457 msecs (HTTP/1.1 204) 3 headers in 131 bytes (1 switches on core 0)
2026-06-15 20:45:04.904 7 INFO neutron.pecan_wsgi.hooks.translation [None req-90dd59b7-f6d9-4063-8b8e-78610d3ab66e 2b43e68250374400ba4bbf1cb77c55fb 3965f1d68cf54729878e29c521fd1b88 - - default default] GET failed (client error): The resource could not be found. [pid: 7|app: 0|req: 1926/3766] 10.0.0.14 () {32 vars in 722 bytes} [Mon Jun 15 20:45:04 2026] GET /v2.0/networks/458eea00-408c-4b50-86bd-b86820c0c08a => generated 138 bytes in 16 msecs (HTTP/1.1 404) 4 headers in 164 bytes (1 switches on core 0) [pid: 8|app: 0|req: 1841/3767] 10.0.0.14 () {32 vars in 723 bytes} [Mon Jun 15 20:45:04 2026] DELETE /v2.0/subnets/474c5b2a-2f11-4a98-ac5a-97146b55a3f5 => generated 0 bytes in 176 msecs (HTTP/1.1 204) 3 headers in 131 bytes (1 switches on core 0)
2026-06-15 20:45:05.124 7 INFO neutron.pecan_wsgi.hooks.translation [None req-701f43c2-5c2e-4693-9777-1f2aea9979b0 2b43e68250374400ba4bbf1cb77c55fb 3965f1d68cf54729878e29c521fd1b88 - - default default] GET failed (client error): The resource could not be found. [pid: 7|app: 0|req: 1927/3768] 10.0.0.14 () {32 vars in 720 bytes} [Mon Jun 15 20:45:05 2026] GET /v2.0/subnets/474c5b2a-2f11-4a98-ac5a-97146b55a3f5 => generated 136 bytes in 22 msecs (HTTP/1.1 404) 4 headers in 164 bytes (1 switches on core 0) [pid: 8|app: 0|req: 1842/3769] 10.0.0.14 () {32 vars in 723 bytes} [Mon Jun 15 20:45:05 2026] DELETE /v2.0/subnets/7dce3887-7271-42e7-bbba-5bf232ded716 => generated 0 bytes in 201 msecs (HTTP/1.1 204) 3 headers in 131 bytes (1 switches on core 0)
2026-06-15 20:45:05.365 7 INFO neutron.pecan_wsgi.hooks.translation [None req-5fba196e-7800-4793-b15c-8ed47614bcae 2b43e68250374400ba4bbf1cb77c55fb 3965f1d68cf54729878e29c521fd1b88 - - default default] GET failed (client error): The resource could not be found. [pid: 7|app: 0|req: 1928/3770] 10.0.0.14 () {32 vars in 720 bytes} [Mon Jun 15 20:45:05 2026] GET /v2.0/subnets/7dce3887-7271-42e7-bbba-5bf232ded716 => generated 136 bytes in 29 msecs (HTTP/1.1 404) 4 headers in 164 bytes (1 switches on core 0)
2026-06-15 20:45:05.534 8 INFO neutron_taas.services.taas.taas_plugin [None req-afb7512e-d410-4b71-8ad4-37d7fd56ecb7 2b43e68250374400ba4bbf1cb77c55fb 3965f1d68cf54729878e29c521fd1b88 - - default default] TaaS: Handle Delete Port: 81b54228-2c07-49d1-b5d5-03b95b7b1104
2026-06-15 20:45:05.538 8 INFO neutron_taas.services.taas.tap_mirror_plugin [None req-afb7512e-d410-4b71-8ad4-37d7fd56ecb7 2b43e68250374400ba4bbf1cb77c55fb 3965f1d68cf54729878e29c521fd1b88 - - default default] Tap Mirror: Handle Delete Port: 81b54228-2c07-49d1-b5d5-03b95b7b1104 [pid: 8|app: 0|req: 1843/3771] 10.0.0.14 () {32 vars in 725 bytes} [Mon Jun 15 20:45:05 2026] DELETE /v2.0/networks/9982a655-4145-4299-bdd3-e3b7d6775524 => generated 0 bytes in 405 msecs (HTTP/1.1 204) 3 headers in 131 bytes (1 switches on core 0)
2026-06-15 20:45:05.812 7 INFO neutron.pecan_wsgi.hooks.translation [None req-af2bd1fc-268e-4e13-99e9-d5891409764d 2b43e68250374400ba4bbf1cb77c55fb 3965f1d68cf54729878e29c521fd1b88 - - default default] GET failed (client error): The resource could not be found. [pid: 7|app: 0|req: 1929/3772] 10.0.0.14 () {32 vars in 722 bytes} [Mon Jun 15 20:45:05 2026] GET /v2.0/networks/9982a655-4145-4299-bdd3-e3b7d6775524 => generated 138 bytes in 17 msecs (HTTP/1.1 404) 4 headers in 164 bytes (1 switches on core 0) [pid: 8|app: 0|req: 1844/3773] 10.0.0.14 () {32 vars in 723 bytes} [Mon Jun 15 20:45:05 2026] DELETE /v2.0/subnets/c6e01ba1-d386-4f08-9f7b-da890a1d821f => generated 0 bytes in 167 msecs (HTTP/1.1 204) 3 headers in 131 bytes (1 switches on core 0)
2026-06-15 20:45:06.013 7 INFO neutron.pecan_wsgi.hooks.translation [None req-09ec260c-0051-49a4-a9a0-00c3684b0f80 2b43e68250374400ba4bbf1cb77c55fb 3965f1d68cf54729878e29c521fd1b88 - - default default] GET failed (client error): The resource could not be found. [pid: 7|app: 0|req: 1930/3774] 10.0.0.14 () {32 vars in 720 bytes} [Mon Jun 15 20:45:05 2026] GET /v2.0/subnets/c6e01ba1-d386-4f08-9f7b-da890a1d821f => generated 136 bytes in 24 msecs (HTTP/1.1 404) 4 headers in 164 bytes (1 switches on core 0) [pid: 8|app: 0|req: 1845/3775] 10.0.0.14 () {32 vars in 723 bytes} [Mon Jun 15 20:45:06 2026] DELETE /v2.0/subnets/afa32229-c393-40cf-b5f5-10cc47c30554 => generated 0 bytes in 188 msecs (HTTP/1.1 204) 3 headers in 131 bytes (1 switches on core 0)
2026-06-15 20:45:06.236 7 INFO neutron.pecan_wsgi.hooks.translation [None req-4301c88d-93ea-41e8-9bac-0b639c760970 2b43e68250374400ba4bbf1cb77c55fb 3965f1d68cf54729878e29c521fd1b88 - - default default] GET failed (client error): The resource could not be found. [pid: 7|app: 0|req: 1931/3776] 10.0.0.14 () {32 vars in 720 bytes} [Mon Jun 15 20:45:06 2026] GET /v2.0/subnets/afa32229-c393-40cf-b5f5-10cc47c30554 => generated 136 bytes in 17 msecs (HTTP/1.1 404) 4 headers in 164 bytes (1 switches on core 0)
2026-06-15 20:45:06.365 8 INFO neutron_taas.services.taas.taas_plugin [None req-5d1d2f4a-e4da-4d49-b1c8-fd3d629f6586 2b43e68250374400ba4bbf1cb77c55fb 3965f1d68cf54729878e29c521fd1b88 - - default default] TaaS: Handle Delete Port: 8eaf736d-e620-4f88-adf7-df965b77b472
2026-06-15 20:45:06.368 8 INFO neutron_taas.services.taas.tap_mirror_plugin [None req-5d1d2f4a-e4da-4d49-b1c8-fd3d629f6586 2b43e68250374400ba4bbf1cb77c55fb 3965f1d68cf54729878e29c521fd1b88 - - default default] Tap Mirror: Handle Delete Port: 8eaf736d-e620-4f88-adf7-df965b77b472 [pid: 8|app: 0|req: 1846/3777] 10.0.0.14 () {32 vars in 725 bytes} [Mon Jun 15 20:45:06 2026] DELETE /v2.0/networks/106111fb-a402-4e11-af76-371882b531d6 => generated 0 bytes in 389 msecs (HTTP/1.1 204) 3 headers in 131 bytes (1 switches on core 0)
2026-06-15 20:45:06.650 7 INFO neutron.pecan_wsgi.hooks.translation [None req-9f7d271f-0aa1-4bdd-9a6e-93e2df34323d 2b43e68250374400ba4bbf1cb77c55fb 3965f1d68cf54729878e29c521fd1b88 - - default default] GET failed (client error): The resource could not be found. [pid: 7|app: 0|req: 1932/3778] 10.0.0.14 () {32 vars in 722 bytes} [Mon Jun 15 20:45:06 2026] GET /v2.0/networks/106111fb-a402-4e11-af76-371882b531d6 => generated 138 bytes in 17 msecs (HTTP/1.1 404) 4 headers in 164 bytes (1 switches on core 0)
2026-06-15 20:45:06.871 8 INFO neutron.services.segments.plugin [-] Segment 35981c7c-69bb-4d89-ad02-af8aa935678e resource provider aggregate not found
2026-06-15 20:45:06.876 8 INFO neutron.services.segments.plugin [-] Segment 35981c7c-69bb-4d89-ad02-af8aa935678e resource provider aggregate not found
2026-06-15 20:45:06.892 8 INFO neutron.services.segments.plugin [-] Segment 35981c7c-69bb-4d89-ad02-af8aa935678e resource provider not found; error: Placement Client Error (4xx): {"errors": [{"status": 404, "title": "Not Found", "detail": "The resource could not be found.\n\n No resource provider with uuid 35981c7c-69bb-4d89-ad02-af8aa935678e found for delete ", "request_id": "req-facc3941-be16-42ca-bbd3-0178dd60cdc1"}]}
2026-06-15 20:45:06.895 8 INFO neutron.services.segments.plugin [-] Segment 35981c7c-69bb-4d89-ad02-af8aa935678e resource provider not found; error: Placement Client Error (4xx): {"errors": [{"status": 404, "title": "Not Found", "detail": "The resource could not be found.\n\n No resource provider with uuid 35981c7c-69bb-4d89-ad02-af8aa935678e found for delete ", "request_id": "req-f619353c-331e-4be3-8754-5dfb23bdc445"}]}
2026-06-15 20:45:06.911 8 INFO neutron.services.segments.plugin [-] Segment fc3cfe55-f6a3-4643-8193-47971b7aa485 resource provider aggregate not found
2026-06-15 20:45:06.916 8 INFO neutron.services.segments.plugin [-] Segment fc3cfe55-f6a3-4643-8193-47971b7aa485 resource provider aggregate not found
2026-06-15 20:45:06.932 8 INFO neutron.services.segments.plugin [-] Segment fc3cfe55-f6a3-4643-8193-47971b7aa485 resource provider not found; error: Placement Client Error (4xx): {"errors": [{"status": 404, "title": "Not Found", "detail": "The resource could not be found.\n\n No resource provider with uuid fc3cfe55-f6a3-4643-8193-47971b7aa485 found for delete ", "request_id": "req-a2135536-f0e2-4ea3-8476-fa9fc2a79faa"}]}
2026-06-15 20:45:06.933 8 INFO neutron.services.segments.plugin [-] Segment fc3cfe55-f6a3-4643-8193-47971b7aa485 resource provider not found; error: Placement Client Error (4xx): {"errors": [{"status": 404, "title": "Not Found", "detail": "The resource could not be found.\n\n No resource provider with uuid fc3cfe55-f6a3-4643-8193-47971b7aa485 found for delete ", "request_id": "req-986f3dbd-16f8-4d49-a5d7-796ff91917ea"}]}
2026-06-15 20:45:09.268 8 INFO neutron.db.ovn_revision_numbers_db [None req-5ef537dc-e686-432d-bb16-383c099374b4 ca2c9c39f72d41f19f5019191deca422 77841673f3a14cf3a104328e5c400809 - - default default] Successfully bumped revision number for resource 986f2171-f25d-415f-bd91-93138464c6b9 (type: security_groups) to 1
2026-06-15 20:45:09.284 8 INFO neutron.db.ovn_revision_numbers_db [None req-5ef537dc-e686-432d-bb16-383c099374b4 ca2c9c39f72d41f19f5019191deca422 77841673f3a14cf3a104328e5c400809 - - default default] Successfully bumped revision number for resource 17e8074e-c40f-4b9a-be30-a7fcb5815ede (type: security_group_rules) to 0
2026-06-15 20:45:09.299 8 INFO neutron.db.ovn_revision_numbers_db [None req-5ef537dc-e686-432d-bb16-383c099374b4 ca2c9c39f72d41f19f5019191deca422 77841673f3a14cf3a104328e5c400809 - - default default] Successfully bumped revision number for resource 20ad0b9e-70cf-4e17-8b22-a2e814493191 (type: security_group_rules) to 0
2026-06-15 20:45:09.317 8 INFO neutron.db.ovn_revision_numbers_db [None req-5ef537dc-e686-432d-bb16-383c099374b4 ca2c9c39f72d41f19f5019191deca422 77841673f3a14cf3a104328e5c400809 - - default default] Successfully bumped revision number for resource 6d97adb6-122d-46a5-a23d-9e1e5e4687b4 (type: security_group_rules) to 0
2026-06-15 20:45:09.331 8 INFO neutron.db.ovn_revision_numbers_db [None req-5ef537dc-e686-432d-bb16-383c099374b4 ca2c9c39f72d41f19f5019191deca422 77841673f3a14cf3a104328e5c400809 - - default default] Successfully bumped revision number for resource 7d408b8e-f4ee-4f7d-996e-7c832c42908b (type: security_group_rules) to 0 [pid: 8|app: 0|req: 1847/3779] 10.0.0.14 () {32 vars in 773 bytes} [Mon Jun 15 20:45:08 2026] GET /v2.0/security-groups?tenant_id=dd76a1c71b5a41339eec5fac2429bec7&name=default => generated 2929 bytes in 484 msecs (HTTP/1.1 200) 4 headers in 158 bytes (1 switches on core 0) [pid: 7|app: 0|req: 1933/3780] 10.0.0.14 () {32 vars in 739 bytes} [Mon Jun 15 20:45:09 2026] DELETE /v2.0/security-groups/986f2171-f25d-415f-bd91-93138464c6b9 => generated 0 bytes in 420 msecs (HTTP/1.1 204) 2 headers in 112 bytes (1 switches on core 0)
2026-06-15 20:45:10.061 8 INFO neutron.db.ovn_revision_numbers_db [None req-cf98e751-8a3e-4e84-b0f8-1fa0bd4042e2 ca2c9c39f72d41f19f5019191deca422 77841673f3a14cf3a104328e5c400809 - - default default] Successfully bumped revision number for resource 94f25517-fd26-4201-ad45-9538dd4b2ac9 (type: security_groups) to 1
2026-06-15 20:45:10.075 8 INFO neutron.db.ovn_revision_numbers_db [None req-cf98e751-8a3e-4e84-b0f8-1fa0bd4042e2 ca2c9c39f72d41f19f5019191deca422 77841673f3a14cf3a104328e5c400809 - - default default] Successfully bumped revision number for resource 06c6d256-96c8-4105-a3f8-22c3c3c36379 (type: security_group_rules) to 0
2026-06-15 20:45:10.087 8 INFO neutron.db.ovn_revision_numbers_db [None req-cf98e751-8a3e-4e84-b0f8-1fa0bd4042e2 ca2c9c39f72d41f19f5019191deca422 77841673f3a14cf3a104328e5c400809 - - default default] Successfully bumped revision number for resource 539f2ca3-acb3-4dd7-9a6d-b788c33cc62b (type: security_group_rules) to 0
2026-06-15 20:45:10.099 8 INFO neutron.db.ovn_revision_numbers_db [None req-cf98e751-8a3e-4e84-b0f8-1fa0bd4042e2 ca2c9c39f72d41f19f5019191deca422 77841673f3a14cf3a104328e5c400809 - - default default] Successfully bumped revision number for resource 84fe6c2f-48fb-487a-a80c-00450b2297b2 (type: security_group_rules) to 0
2026-06-15 20:45:10.111 8 INFO neutron.db.ovn_revision_numbers_db [None req-cf98e751-8a3e-4e84-b0f8-1fa0bd4042e2 ca2c9c39f72d41f19f5019191deca422 77841673f3a14cf3a104328e5c400809 - - default default] Successfully bumped revision number for resource da70f7dd-64b3-44d5-9a09-91c4d171ebcf (type: security_group_rules) to 0 [pid: 8|app: 0|req: 1848/3781] 10.0.0.14 () {32 vars in 773 bytes} [Mon Jun 15 20:45:09 2026] GET /v2.0/security-groups?tenant_id=b31e6870001849b8a20a9716e0c2488c&name=default => generated 2929 bytes in 223 msecs (HTTP/1.1 200) 4 headers in 158 bytes (1 switches on core 0) [pid: 7|app: 0|req: 1934/3782] 10.0.0.14 () {32 vars in 739 bytes} [Mon Jun 15 20:45:10 2026] DELETE /v2.0/security-groups/94f25517-fd26-4201-ad45-9538dd4b2ac9 => generated 0 bytes in 266 msecs (HTTP/1.1 204) 2 headers in 112 bytes (1 switches on core 0)
2026-06-15 20:45:10.770 8 INFO neutron.db.ovn_revision_numbers_db [None req-282fdc54-5fef-4c8f-9ec8-1d87bc845968 ca2c9c39f72d41f19f5019191deca422 77841673f3a14cf3a104328e5c400809 - - default default] Successfully bumped revision number for resource 9da03be4-c298-4eab-906f-89b89dd1276a (type: security_groups) to 1
2026-06-15 20:45:10.784 8 INFO neutron.db.ovn_revision_numbers_db [None req-282fdc54-5fef-4c8f-9ec8-1d87bc845968 ca2c9c39f72d41f19f5019191deca422 77841673f3a14cf3a104328e5c400809 - - default default] Successfully bumped revision number for resource 0fcdaea9-3f41-4235-abfb-49a0a82f6ac4 (type: security_group_rules) to 0
2026-06-15 20:45:10.797 8 INFO neutron.db.ovn_revision_numbers_db [None req-282fdc54-5fef-4c8f-9ec8-1d87bc845968 ca2c9c39f72d41f19f5019191deca422 77841673f3a14cf3a104328e5c400809 - - default default] Successfully bumped revision number for resource 172cb787-9ed5-4f82-82a8-d5be247ec193 (type: security_group_rules) to 0
2026-06-15 20:45:10.811 8 INFO neutron.db.ovn_revision_numbers_db [None req-282fdc54-5fef-4c8f-9ec8-1d87bc845968 ca2c9c39f72d41f19f5019191deca422 77841673f3a14cf3a104328e5c400809 - - default default] Successfully bumped revision number for resource 69cf06a9-0be2-4ab7-91fd-04b5bb8c761a (type: security_group_rules) to 0
2026-06-15 20:45:10.823 8 INFO neutron.db.ovn_revision_numbers_db [None req-282fdc54-5fef-4c8f-9ec8-1d87bc845968 ca2c9c39f72d41f19f5019191deca422 77841673f3a14cf3a104328e5c400809 - - default default] Successfully bumped revision number for resource dca1a7ed-4b0e-47a4-bd4b-9077a922e6e9 (type: security_group_rules) to 0 [pid: 8|app: 0|req: 1849/3783] 10.0.0.14 () {32 vars in 773 bytes} [Mon Jun 15 20:45:10 2026] GET /v2.0/security-groups?tenant_id=63c152c856c7489eaf145cb835828600&name=default => generated 2929 bytes in 268 msecs (HTTP/1.1 200) 4 headers in 158 bytes (1 switches on core 0) [pid: 7|app: 0|req: 1935/3784] 10.0.0.14 () {32 vars in 739 bytes} [Mon Jun 15 20:45:10 2026] DELETE /v2.0/security-groups/9da03be4-c298-4eab-906f-89b89dd1276a => generated 0 bytes in 249 msecs (HTTP/1.1 204) 2 headers in 112 bytes (1 switches on core 0)
2026-06-15 20:45:11.443 8 INFO neutron.db.ovn_revision_numbers_db [None req-c74571ce-7d4f-4485-a7b9-392b4a9f5d1f ca2c9c39f72d41f19f5019191deca422 77841673f3a14cf3a104328e5c400809 - - default default] Successfully bumped revision number for resource 8ab422d0-a372-4cab-bf22-7aa0e7c5dae4 (type: security_groups) to 1
2026-06-15 20:45:11.457 8 INFO neutron.db.ovn_revision_numbers_db [None req-c74571ce-7d4f-4485-a7b9-392b4a9f5d1f ca2c9c39f72d41f19f5019191deca422 77841673f3a14cf3a104328e5c400809 - - default default] Successfully bumped revision number for resource 0e12f226-abf1-44fc-becb-b190286eab27 (type: security_group_rules) to 0
2026-06-15 20:45:11.469 8 INFO neutron.db.ovn_revision_numbers_db [None req-c74571ce-7d4f-4485-a7b9-392b4a9f5d1f ca2c9c39f72d41f19f5019191deca422 77841673f3a14cf3a104328e5c400809 - - default default] Successfully bumped revision number for resource 535ad6b6-852e-4e31-975c-d78be97dfcee (type: security_group_rules) to 0
2026-06-15 20:45:11.488 8 INFO neutron.db.ovn_revision_numbers_db [None req-c74571ce-7d4f-4485-a7b9-392b4a9f5d1f ca2c9c39f72d41f19f5019191deca422 77841673f3a14cf3a104328e5c400809 - - default default] Successfully bumped revision number for resource 6da1ce11-7f21-48d4-92ab-2ade74ed9604 (type: security_group_rules) to 0
2026-06-15 20:45:11.507 8