2026-06-15 20:40:09.993 8 INFO neutron.db.ovn_revision_numbers_db [None req-de1abe0d-ba0d-43b4-8b42-e8b26016095e 2b43e68250374400ba4bbf1cb77c55fb 3965f1d68cf54729878e29c521fd1b88 - - default default] Successfully bumped revision number for resource b5f01dbf-ee3d-4b0a-b990-a94da84638f6 (type: subnets) to 0 [pid: 8|app: 0|req: 1313/2730] 10.0.0.14 () {34 vars in 668 bytes} [Mon Jun 15 20:40:09 2026] POST /v2.0/subnets => generated 729 bytes in 344 msecs (HTTP/1.1 201) 4 headers in 162 bytes (1 switches on core 0) [pid: 7|app: 0|req: 1418/2731] 10.0.0.14 () {32 vars in 746 bytes} [Mon Jun 15 20:40:09 2026] GET /v2.0/subnetpools/c074954f-3596-4588-952a-11c9fe1c7789/tags/red => generated 0 bytes in 41 msecs (HTTP/1.1 204) 2 headers in 112 bytes (1 switches on core 0)
2026-06-15 20:40:10.207 7 INFO neutron.db.ovn_revision_numbers_db [None req-05e3246e-d5a2-48ab-806b-bb7ac7a85a75 215dbf60b5114608a5cc03d74bccee9c 87d1a2d61b5149c7b0727711e7a3e882 - - default default] Successfully bumped revision number for resource 3b8b124e-f972-45bf-bdbe-02ed3137cbd1 (type: security_group_rules) to 0 [pid: 7|app: 0|req: 1419/2732] 10.0.0.14 () {34 vars in 694 bytes} [Mon Jun 15 20:40:10 2026] POST /v2.0/security-group-rules => generated 602 bytes in 209 msecs (HTTP/1.1 201) 4 headers in 162 bytes (1 switches on core 0)
2026-06-15 20:40:10.430 8 INFO neutron_taas.services.taas.taas_plugin [None req-ddbab131-90b7-43df-a0b7-4ae22c931cb5 3003dcac430e43d594aff8766da4def0 57909ecc48f44a3bb05237a678a80246 - - default default] TaaS: Handle Delete Port: c2588252-8eb2-4e7f-8ce7-80c9460378d3
2026-06-15 20:40:10.439 8 INFO neutron_taas.services.taas.tap_mirror_plugin [None req-ddbab131-90b7-43df-a0b7-4ae22c931cb5 3003dcac430e43d594aff8766da4def0 57909ecc48f44a3bb05237a678a80246 - - default default] Tap Mirror: Handle Delete Port: c2588252-8eb2-4e7f-8ce7-80c9460378d3
2026-06-15 20:40:10.784 8 INFO neutron_taas.services.taas.taas_plugin [None req-5d84e629-6434-4d2b-a3dc-f19c7f4665b9 - - - - - -] TaaS: Handle Delete Port: 19893732-0f1f-43f3-b6c8-a8131f57d1d7
2026-06-15 20:40:10.787 8 INFO neutron_taas.services.taas.tap_mirror_plugin [None req-5d84e629-6434-4d2b-a3dc-f19c7f4665b9 - - - - - -] Tap Mirror: Handle Delete Port: 19893732-0f1f-43f3-b6c8-a8131f57d1d7
2026-06-15 20:40:10.817 7 WARNING neutron.scheduler.dhcp_agent_scheduler [None req-8041b4af-0706-46d4-beb6-520ce76f6827 2b43e68250374400ba4bbf1cb77c55fb 3965f1d68cf54729878e29c521fd1b88 - - default default] No more DHCP agents
2026-06-15 20:40:10.819 7 WARNING neutron.api.rpc.agentnotifiers.dhcp_rpc_agent_api [None req-8041b4af-0706-46d4-beb6-520ce76f6827 2b43e68250374400ba4bbf1cb77c55fb 3965f1d68cf54729878e29c521fd1b88 - - default default] Unable to schedule network c2d9da95-e3ae-495f-b6ec-19dbfd88adc6: no agents available; will retry on subsequent port and subnet creation events.
2026-06-15 20:40:10.964 7 INFO neutron.db.ovn_revision_numbers_db [None req-8041b4af-0706-46d4-beb6-520ce76f6827 2b43e68250374400ba4bbf1cb77c55fb 3965f1d68cf54729878e29c521fd1b88 - - default default] Successfully bumped revision number for resource c72a73cf-14a8-4d0d-bfaf-0ecc05f93791 (type: ports) to 1
2026-06-15 20:40:11.196 8 INFO neutron_taas.services.taas.taas_plugin [None req-20535ad7-1010-448c-978d-985a59fd28f7 - - - - - -] TaaS: Handle Delete Port: 54374218-818b-4e62-b230-17f5d555766e
2026-06-15 20:40:11.200 8 INFO neutron_taas.services.taas.tap_mirror_plugin [None req-20535ad7-1010-448c-978d-985a59fd28f7 - - - - - -] Tap Mirror: Handle Delete Port: 54374218-818b-4e62-b230-17f5d555766e
2026-06-15 20:40:11.521 8 WARNING neutron.plugins.ml2.drivers.ovn.mech_driver.ovsdb.ovn_client [None req-92567a65-f853-4266-9a3e-471c871ec597 - - - - - -] No hosting information found for port e34bea34-8e20-42ee-9e42-e4d1afff4f96: RuntimeError: No hosting information found for port e34bea34-8e20-42ee-9e42-e4d1afff4f96
2026-06-15 20:40:11.718 8 INFO neutron.db.ovn_revision_numbers_db [None req-92567a65-f853-4266-9a3e-471c871ec597 - - - - - -] Successfully bumped revision number for resource e34bea34-8e20-42ee-9e42-e4d1afff4f96 (type: router_ports) to 2
2026-06-15 20:40:11.718 8 INFO neutron.plugins.ml2.drivers.ovn.mech_driver.mech_driver [None req-92567a65-f853-4266-9a3e-471c871ec597 - - - - - -] OVN reports status down for port: a7e6a237-0ef3-45db-b1b8-239b0f1b8d31
2026-06-15 20:40:11.748 7 INFO neutron.plugins.ml2.drivers.ovn.mech_driver.ovsdb.commands [None req-a4989b0a-9f4e-47e0-aec8-093d51b32957 - - - - - -] Schedule LRP lrp-c72a73cf-14a8-4d0d-bfaf-0ecc05f93791 on gateway c8cd0ade-51ed-49c7-b552-2650a00ec65b with priority 1
2026-06-15 20:40:11.863 7 INFO neutron.db.ovn_revision_numbers_db [None req-8041b4af-0706-46d4-beb6-520ce76f6827 2b43e68250374400ba4bbf1cb77c55fb 3965f1d68cf54729878e29c521fd1b88 - - default default] Successfully bumped revision number for resource c72a73cf-14a8-4d0d-bfaf-0ecc05f93791 (type: router_ports) to 1
2026-06-15 20:40:11.878 8 INFO neutron.plugins.ml2.drivers.ovn.mech_driver.ovsdb.ovsdb_monitor [None req-7dec5ea4-8949-4384-bb66-af9c4317ccd3 - - - - - -] Router f1b15f52-fede-43b9-820f-e1e7d11d821f is bound to host instance
2026-06-15 20:40:11.936 7 INFO neutron.db.ovn_revision_numbers_db [None req-8041b4af-0706-46d4-beb6-520ce76f6827 2b43e68250374400ba4bbf1cb77c55fb 3965f1d68cf54729878e29c521fd1b88 - - default default] Successfully bumped revision number for resource f1b15f52-fede-43b9-820f-e1e7d11d821f (type: routers) to 2 [pid: 7|app: 0|req: 1420/2733] 10.0.0.14 () {34 vars in 668 bytes} [Mon Jun 15 20:40:10 2026] POST /v2.0/routers => generated 945 bytes in 1711 msecs (HTTP/1.1 201) 4 headers in 162 bytes (1 switches on core 0)
2026-06-15 20:40:11.994 7 INFO neutron.api.v2.resource [None req-5feab386-74a7-45ac-a293-e83f2ffd506a 263317ee72fc4ff3aac164f81b77f20b c539ce7bf576428a8f90bb97bc63e7a3 - - default default] show failed (client error): The resource could not be found. [pid: 7|app: 0|req: 1421/2734] 10.0.0.14 () {32 vars in 750 bytes} [Mon Jun 15 20:40:11 2026] GET /v2.0/subnetpools/c074954f-3596-4588-952a-11c9fe1c7789/tags/green => generated 99 bytes in 41 msecs (HTTP/1.1 404) 4 headers in 163 bytes (1 switches on core 0)
2026-06-15 20:40:12.250 8 INFO neutron.plugins.ml2.drivers.ovn.mech_driver.mech_driver [None req-92567a65-f853-4266-9a3e-471c871ec597 - - - - - -] OVN reports status down for port: 54374218-818b-4e62-b230-17f5d555766e
2026-06-15 20:40:12.299 8 INFO neutron.plugins.ml2.drivers.ovn.mech_driver.mech_driver [None req-92567a65-f853-4266-9a3e-471c871ec597 - - - - - -] OVN reports status up for port: 54374218-818b-4e62-b230-17f5d555766e
2026-06-15 20:40:12.304 7 WARNING neutron.scheduler.dhcp_agent_scheduler [None req-e92cb872-465f-4d39-ae98-dbf1f010fa00 215dbf60b5114608a5cc03d74bccee9c 87d1a2d61b5149c7b0727711e7a3e882 - - default default] No more DHCP agents
2026-06-15 20:40:12.306 7 WARNING neutron.api.rpc.agentnotifiers.dhcp_rpc_agent_api [None req-e92cb872-465f-4d39-ae98-dbf1f010fa00 215dbf60b5114608a5cc03d74bccee9c 87d1a2d61b5149c7b0727711e7a3e882 - - default default] Unable to schedule network c2d9da95-e3ae-495f-b6ec-19dbfd88adc6: no agents available; will retry on subsequent port and subnet creation events.
2026-06-15 20:40:12.362 8 INFO neutron.plugins.ml2.drivers.ovn.mech_driver.mech_driver [None req-92567a65-f853-4266-9a3e-471c871ec597 - - - - - -] OVN reports status down for port: 70c32842-23d3-4d64-a2fa-e6124301c5fc [pid: 7|app: 0|req: 1422/2735] 10.0.0.14 () {34 vars in 675 bytes} [Mon Jun 15 20:40:11 2026] POST /v2.0/floatingips => generated 552 bytes in 720 msecs (HTTP/1.1 201) 4 headers in 162 bytes (1 switches on core 0)
2026-06-15 20:40:12.739 8 INFO neutron.plugins.ml2.drivers.ovn.mech_driver.mech_driver [None req-92567a65-f853-4266-9a3e-471c871ec597 - - - - - -] OVN reports status down for port: 19893732-0f1f-43f3-b6c8-a8131f57d1d7
2026-06-15 20:40:12.790 8 INFO neutron.plugins.ml2.drivers.ovn.mech_driver.mech_driver [None req-92567a65-f853-4266-9a3e-471c871ec597 - - - - - -] OVN reports status down for port: c72a73cf-14a8-4d0d-bfaf-0ecc05f93791
2026-06-15 20:40:13.044 8 WARNING neutron.plugins.ml2.drivers.ovn.mech_driver.ovsdb.ovn_client [None req-92567a65-f853-4266-9a3e-471c871ec597 - - - - - -] Logical_Switch_Port c72a73cf-14a8-4d0d-bfaf-0ecc05f93791 host information not removed, the port state is up
2026-06-15 20:40:13.045 8 INFO neutron.plugins.ml2.drivers.ovn.mech_driver.mech_driver [None req-92567a65-f853-4266-9a3e-471c871ec597 - - - - - -] OVN reports status up for port: c72a73cf-14a8-4d0d-bfaf-0ecc05f93791
2026-06-15 20:40:13.090 8 INFO neutron.plugins.ml2.plugin [None req-92567a65-f853-4266-9a3e-471c871ec597 - - - - - -] Attempt 1 to provision port c72a73cf-14a8-4d0d-bfaf-0ecc05f93791
2026-06-15 20:40:13.330 7 WARNING neutron.scheduler.dhcp_agent_scheduler [None req-076bd8b1-802f-4de4-ab92-660371d4bb9f 2b43e68250374400ba4bbf1cb77c55fb 3965f1d68cf54729878e29c521fd1b88 - - default default] No more DHCP agents
2026-06-15 20:40:13.332 7 WARNING neutron.api.rpc.agentnotifiers.dhcp_rpc_agent_api [None req-076bd8b1-802f-4de4-ab92-660371d4bb9f 2b43e68250374400ba4bbf1cb77c55fb 3965f1d68cf54729878e29c521fd1b88 - - default default] Unable to schedule network 106111fb-a402-4e11-af76-371882b531d6: no agents available; will retry on subsequent port and subnet creation events.
2026-06-15 20:40:13.496 7 INFO neutron.plugins.ml2.drivers.ovn.mech_driver.mech_driver [None req-8fa58e5e-c101-4dac-8716-e98ecaa9e788 - - - - - -] OVN reports status down for port: 7e634a92-7c7b-41e4-9ad4-c6f202a9ce8e
2026-06-15 20:40:13.594 7 INFO neutron.db.ovn_revision_numbers_db [None req-076bd8b1-802f-4de4-ab92-660371d4bb9f 2b43e68250374400ba4bbf1cb77c55fb 3965f1d68cf54729878e29c521fd1b88 - - default default] Successfully bumped revision number for resource 7e634a92-7c7b-41e4-9ad4-c6f202a9ce8e (type: ports) to 1
2026-06-15 20:40:13.679 8 INFO neutron_taas.services.taas.taas_plugin [None req-20535ad7-1010-448c-978d-985a59fd28f7 - - - - - -] TaaS: Handle Delete Port: a7e6a237-0ef3-45db-b1b8-239b0f1b8d31
2026-06-15 20:40:13.690 8 INFO neutron_taas.services.taas.tap_mirror_plugin [None req-20535ad7-1010-448c-978d-985a59fd28f7 - - - - - -] Tap Mirror: Handle Delete Port: a7e6a237-0ef3-45db-b1b8-239b0f1b8d31 [pid: 8|app: 0|req: 1314/2736] 10.0.0.14 () {32 vars in 739 bytes} [Mon Jun 15 20:40:10 2026] DELETE /v2.0/vpn/vpnservices/21f7735a-40a0-495a-932b-4f3f29018b3e => generated 0 bytes in 4182 msecs (HTTP/1.1 204) 2 headers in 112 bytes (1 switches on core 0) /var/lib/openstack/lib/python3.12/site-packages/pycadf/identifier.py:70: UserWarning: Invalid uuid: neutron. To ensure interoperability, identifiers should be a valid uuid. warnings.warn(('Invalid uuid: %s. To ensure interoperability, '
2026-06-15 20:40:14.208 8 INFO neutron.db.ovn_revision_numbers_db [None req-05d4d00d-a36b-4a4b-bdee-11af161853e2 - - - - - -] Successfully bumped revision number for resource c72a73cf-14a8-4d0d-bfaf-0ecc05f93791 (type: ports) to 4
2026-06-15 20:40:14.224 8 INFO neutron.services.segments.plugin [-] Segment c0a4ab00-5ecb-4404-88ab-733918ae553b resource provider aggregate not found
2026-06-15 20:40:14.228 8 INFO neutron.services.segments.plugin [-] Segment c0a4ab00-5ecb-4404-88ab-733918ae553b resource provider aggregate not found
2026-06-15 20:40:14.251 8 INFO neutron.services.segments.plugin [-] Segment c0a4ab00-5ecb-4404-88ab-733918ae553b resource provider not found; error: Placement Client Error (4xx): {"errors": [{"status": 404, "title": "Not Found", "detail": "The resource could not be found.\n\n No resource provider with uuid c0a4ab00-5ecb-4404-88ab-733918ae553b found for delete ", "request_id": "req-feadf68e-9a05-4c60-8be5-f0b0e1ce6fb7"}]}
2026-06-15 20:40:14.252 8 INFO neutron.services.segments.plugin [-] Segment c0a4ab00-5ecb-4404-88ab-733918ae553b resource provider not found; error: Placement Client Error (4xx): {"errors": [{"status": 404, "title": "Not Found", "detail": "The resource could not be found.\n\n No resource provider with uuid c0a4ab00-5ecb-4404-88ab-733918ae553b found for delete ", "request_id": "req-6c3ea731-341e-455a-a5d7-21d367341647"}]} [pid: 8|app: 0|req: 1315/2737] 10.0.0.14 () {32 vars in 749 bytes} [Mon Jun 15 20:40:14 2026] DELETE /v2.0/subnetpools/c074954f-3596-4588-952a-11c9fe1c7789/tags/red => generated 0 bytes in 99 msecs (HTTP/1.1 204) 2 headers in 112 bytes (1 switches on core 0)
2026-06-15 20:40:14.392 7 INFO neutron.plugins.ml2.drivers.ovn.mech_driver.mech_driver [None req-8fa58e5e-c101-4dac-8716-e98ecaa9e788 - - - - - -] OVN reports status up for port: 7e634a92-7c7b-41e4-9ad4-c6f202a9ce8e [pid: 8|app: 0|req: 1316/2738] 10.0.0.96 () {34 vars in 1099 bytes} [Mon Jun 15 20:40:14 2026] GET /v2.0/security-groups?name=tempest-securitygroup--1165419865&fields=id&tenant_id=87d1a2d61b5149c7b0727711e7a3e882 => generated 69 bytes in 118 msecs (HTTP/1.1 200) 4 headers in 156 bytes (1 switches on core 0)
2026-06-15 20:40:14.427 7 INFO neutron.plugins.ml2.plugin [None req-8fa58e5e-c101-4dac-8716-e98ecaa9e788 - - - - - -] Attempt 1 to provision port 7e634a92-7c7b-41e4-9ad4-c6f202a9ce8e [pid: 8|app: 0|req: 1319/2741] 10.0.0.14 () {32 vars in 662 bytes} [Mon Jun 15 20:40:14 2026] GET /v2.0/vpn/vpnservices => generated 863 bytes in 23 msecs (HTTP/1.1 200) 4 headers in 157 bytes (1 switches on core 0) [pid: 8|app: 0|req: 1320/2742] 10.0.0.14 () {32 vars in 738 bytes} [Mon Jun 15 20:40:14 2026] GET /v2.0/subnetpools/c074954f-3596-4588-952a-11c9fe1c7789/tags => generated 30 bytes in 56 msecs (HTTP/1.1 200) 4 headers in 156 bytes (1 switches on core 0) [pid: 8|app: 0|req: 1321/2743] 10.0.0.96 () {34 vars in 1099 bytes} [Mon Jun 15 20:40:14 2026] GET /v2.0/security-groups?name=tempest-secgroup-smoke-1611254200&fields=id&tenant_id=87d1a2d61b5149c7b0727711e7a3e882 => generated 69 bytes in 72 msecs (HTTP/1.1 200) 4 headers in 156 bytes (1 switches on core 0)
2026-06-15 20:40:14.580 7 WARNING neutron.scheduler.dhcp_agent_scheduler [None req-076bd8b1-802f-4de4-ab92-660371d4bb9f 2b43e68250374400ba4bbf1cb77c55fb 3965f1d68cf54729878e29c521fd1b88 - - default default] No more DHCP agents
2026-06-15 20:40:14.583 7 WARNING neutron.api.rpc.agentnotifiers.dhcp_rpc_agent_api [None req-076bd8b1-802f-4de4-ab92-660371d4bb9f 2b43e68250374400ba4bbf1cb77c55fb 3965f1d68cf54729878e29c521fd1b88 - - default default] Unable to schedule network 106111fb-a402-4e11-af76-371882b531d6: no agents available; will retry on subsequent port and subnet creation events.
2026-06-15 20:40:14.757 8 INFO neutron.api.v2.resource [None req-dca3fc50-c444-4833-a5f9-c4f09616d940 3003dcac430e43d594aff8766da4def0 57909ecc48f44a3bb05237a678a80246 - - default default] create failed (client error): The server could not comply with the request since it is either malformed or otherwise incorrect. [pid: 8|app: 0|req: 1322/2744] 10.0.0.14 () {34 vars in 706 bytes} [Mon Jun 15 20:40:14 2026] POST /v2.0/vpn/ipsec-site-connections => generated 127 bytes in 185 msecs (HTTP/1.1 400) 4 headers in 166 bytes (1 switches on core 0)
2026-06-15 20:40:14.838 8 INFO neutron.api.v2.resource [None req-7368d3e3-40a3-463d-bae7-cf6f950daee4 263317ee72fc4ff3aac164f81b77f20b c539ce7bf576428a8f90bb97bc63e7a3 - - default default] delete failed (client error): The resource could not be found. [pid: 8|app: 0|req: 1323/2745] 10.0.0.14 () {32 vars in 753 bytes} [Mon Jun 15 20:40:14 2026] DELETE /v2.0/subnetpools/c074954f-3596-4588-952a-11c9fe1c7789/tags/green => generated 99 bytes in 83 msecs (HTTP/1.1 404) 4 headers in 163 bytes (1 switches on core 0) [pid: 8|app: 0|req: 1324/2746] 10.0.0.96 () {34 vars in 981 bytes} [Mon Jun 15 20:40:14 2026] GET /v2.0/networks?id=aa5a7f34-9d5b-4863-8227-f2a678cf3724 => generated 710 bytes in 129 msecs (HTTP/1.1 200) 4 headers in 157 bytes (1 switches on core 0)
2026-06-15 20:40:14.989 8 INFO neutron.db.ovn_revision_numbers_db [None req-05d4d00d-a36b-4a4b-bdee-11af161853e2 - - - - - -] Successfully bumped revision number for resource c72a73cf-14a8-4d0d-bfaf-0ecc05f93791 (type: ports) to 5
2026-06-15 20:40:15.100 8 INFO neutron.api.v2.resource [None req-6c649ba9-d039-4a21-aafb-90dd466068c7 3003dcac430e43d594aff8766da4def0 57909ecc48f44a3bb05237a678a80246 - - default default] create failed (client error): The server could not comply with the request since it is either malformed or otherwise incorrect. [pid: 8|app: 0|req: 1325/2747] 10.0.0.14 () {34 vars in 706 bytes} [Mon Jun 15 20:40:14 2026] POST /v2.0/vpn/ipsec-site-connections => generated 136 bytes in 138 msecs (HTTP/1.1 400) 4 headers in 166 bytes (1 switches on core 0) [pid: 8|app: 0|req: 1326/2748] 10.0.0.14 () {32 vars in 741 bytes} [Mon Jun 15 20:40:15 2026] DELETE /v2.0/subnetpools/c074954f-3596-4588-952a-11c9fe1c7789/tags => generated 0 bytes in 86 msecs (HTTP/1.1 204) 2 headers in 112 bytes (1 switches on core 0) [pid: 8|app: 0|req: 1327/2749] 10.0.0.96 () {34 vars in 964 bytes} [Mon Jun 15 20:40:15 2026] GET /v2.0/quotas/87d1a2d61b5149c7b0727711e7a3e882 => generated 292 bytes in 27 msecs (HTTP/1.1 200) 4 headers in 157 bytes (1 switches on core 0)
2026-06-15 20:40:15.243 8 WARNING neutron.api.v2.base [None req-861f75fe-a78d-4d05-a92d-5a95eee78068 3003dcac430e43d594aff8766da4def0 57909ecc48f44a3bb05237a678a80246 - - default default] An exception happened while processing the request body. The exception message is [Invalid input for dpd. Reason: '59' is not a dictionary.].: webob.exc.HTTPBadRequest: Invalid input for dpd. Reason: '59' is not a dictionary.
2026-06-15 20:40:15.244 8 INFO neutron.api.v2.resource [None req-861f75fe-a78d-4d05-a92d-5a95eee78068 3003dcac430e43d594aff8766da4def0 57909ecc48f44a3bb05237a678a80246 - - default default] create failed (client error): Invalid input for dpd. Reason: '59' is not a dictionary. [pid: 8|app: 0|req: 1328/2750] 10.0.0.14 () {34 vars in 706 bytes} [Mon Jun 15 20:40:15 2026] POST /v2.0/vpn/ipsec-site-connections => generated 129 bytes in 22 msecs (HTTP/1.1 400) 4 headers in 166 bytes (1 switches on core 0) [pid: 8|app: 0|req: 1329/2751] 10.0.0.14 () {32 vars in 738 bytes} [Mon Jun 15 20:40:15 2026] GET /v2.0/subnetpools/c074954f-3596-4588-952a-11c9fe1c7789/tags => generated 12 bytes in 52 msecs (HTTP/1.1 200) 4 headers in 156 bytes (1 switches on core 0)
2026-06-15 20:40:15.332 7 INFO neutron.db.ovn_revision_numbers_db [None req-8fa58e5e-c101-4dac-8716-e98ecaa9e788 - - - - - -] Successfully bumped revision number for resource 7e634a92-7c7b-41e4-9ad4-c6f202a9ce8e (type: ports) to 2 [pid: 8|app: 0|req: 1330/2752] 10.0.0.96 () {34 vars in 1001 bytes} [Mon Jun 15 20:40:15 2026] GET /v2.0/ports?tenant_id=87d1a2d61b5149c7b0727711e7a3e882&fields=id => generated 103 bytes in 111 msecs (HTTP/1.1 200) 4 headers in 157 bytes (1 switches on core 0) [pid: 8|app: 0|req: 1331/2753] 10.0.0.14 () {34 vars in 692 bytes} [Mon Jun 15 20:40:15 2026] POST /v2.0/vpn/endpoint-groups => generated 294 bytes in 54 msecs (HTTP/1.1 201) 4 headers in 162 bytes (1 switches on core 0)
2026-06-15 20:40:15.473 7 INFO neutron.db.ovn_revision_numbers_db [None req-076bd8b1-802f-4de4-ab92-660371d4bb9f 2b43e68250374400ba4bbf1cb77c55fb 3965f1d68cf54729878e29c521fd1b88 - - default default] Successfully bumped revision number for resource 7e634a92-7c7b-41e4-9ad4-c6f202a9ce8e (type: router_ports) to 1 [pid: 7|app: 0|req: 1423/2754] 10.0.0.14 () {34 vars in 782 bytes} [Mon Jun 15 20:40:12 2026] PUT /v2.0/routers/f1b15f52-fede-43b9-820f-e1e7d11d821f/add_router_interface => generated 309 bytes in 2768 msecs (HTTP/1.1 200) 4 headers in 157 bytes (1 switches on core 0) [pid: 8|app: 0|req: 1332/2755] 10.0.0.14 () {32 vars in 731 bytes} [Mon Jun 15 20:40:15 2026] DELETE /v2.0/subnetpools/c074954f-3596-4588-952a-11c9fe1c7789 => generated 0 bytes in 121 msecs (HTTP/1.1 204) 2 headers in 112 bytes (1 switches on core 0) [pid: 7|app: 0|req: 1424/2756] 10.0.0.96 () {34 vars in 1007 bytes} [Mon Jun 15 20:40:15 2026] GET /v2.0/networks/aa5a7f34-9d5b-4863-8227-f2a678cf3724?fields=segments => generated 14 bytes in 103 msecs (HTTP/1.1 200) 4 headers in 156 bytes (1 switches on core 0)
2026-06-15 20:40:15.651 8 INFO neutron.api.v2.resource [None req-b6d91734-e6df-4e54-9758-d8774200760d 3003dcac430e43d594aff8766da4def0 57909ecc48f44a3bb05237a678a80246 - - default default] create failed (client error): The server could not comply with the request since it is either malformed or otherwise incorrect. [pid: 8|app: 0|req: 1333/2757] 10.0.0.14 () {34 vars in 706 bytes} [Mon Jun 15 20:40:15 2026] POST /v2.0/vpn/ipsec-site-connections => generated 149 bytes in 66 msecs (HTTP/1.1 400) 4 headers in 166 bytes (1 switches on core 0) [pid: 8|app: 0|req: 1334/2758] 10.0.0.96 () {34 vars in 1107 bytes} [Mon Jun 15 20:40:15 2026] GET /v2.0/networks/aa5a7f34-9d5b-4863-8227-f2a678cf3724?fields=provider%3Aphysical_network&fields=provider%3Anetwork_type => generated 79 bytes in 44 msecs (HTTP/1.1 200) 4 headers in 156 bytes (1 switches on core 0) [pid: 8|app: 0|req: 1335/2759] 10.0.0.14 () {32 vars in 670 bytes} [Mon Jun 15 20:40:15 2026] GET /v2.0/vpn/endpoint-groups => generated 910 bytes in 13 msecs (HTTP/1.1 200) 4 headers in 157 bytes (1 switches on core 0) [pid: 8|app: 0|req: 1336/2760] 10.0.0.14 () {32 vars in 747 bytes} [Mon Jun 15 20:40:15 2026] DELETE /v2.0/vpn/endpoint-groups/973a5440-1f7f-4313-abde-40e68cfe0d25 => generated 0 bytes in 35 msecs (HTTP/1.1 204) 2 headers in 112 bytes (1 switches on core 0) [pid: 8|app: 0|req: 1337/2761] 10.0.0.14 () {32 vars in 670 bytes} [Mon Jun 15 20:40:15 2026] GET /v2.0/vpn/endpoint-groups => generated 634 bytes in 16 msecs (HTTP/1.1 200) 4 headers in 157 bytes (1 switches on core 0) [pid: 8|app: 0|req: 1338/2762] 10.0.0.14 () {34 vars in 692 bytes} [Mon Jun 15 20:40:15 2026] POST /v2.0/vpn/endpoint-groups => generated 301 bytes in 65 msecs (HTTP/1.1 201) 4 headers in 162 bytes (1 switches on core 0)
2026-06-15 20:40:15.911 8 INFO neutron.api.v2.resource [None req-2a2680d8-742a-4a11-b6a2-c69c968c3c64 3003dcac430e43d594aff8766da4def0 57909ecc48f44a3bb05237a678a80246 - - default default] create failed (client error): The server could not comply with the request since it is either malformed or otherwise incorrect. [pid: 8|app: 0|req: 1339/2763] 10.0.0.14 () {34 vars in 706 bytes} [Mon Jun 15 20:40:15 2026] POST /v2.0/vpn/ipsec-site-connections => generated 148 bytes in 57 msecs (HTTP/1.1 400) 4 headers in 166 bytes (1 switches on core 0)
2026-06-15 20:40:16.132 7 WARNING neutron.scheduler.dhcp_agent_scheduler [None req-0e44705a-99b0-48e1-b3ac-bc1931884153 2b43e68250374400ba4bbf1cb77c55fb 3965f1d68cf54729878e29c521fd1b88 - - default default] No more DHCP agents
2026-06-15 20:40:16.134 7 WARNING neutron.api.rpc.agentnotifiers.dhcp_rpc_agent_api [None req-0e44705a-99b0-48e1-b3ac-bc1931884153 2b43e68250374400ba4bbf1cb77c55fb 3965f1d68cf54729878e29c521fd1b88 - - default default] Unable to schedule network 9982a655-4145-4299-bdd3-e3b7d6775524: no agents available; will retry on subsequent port and subnet creation events. [pid: 8|app: 0|req: 1340/2764] 10.0.0.96 () {34 vars in 989 bytes} [Mon Jun 15 20:40:15 2026] GET /v2.0/ports?device_id=1204c25e-58cb-487e-a962-e317e82aaf5d => generated 12 bytes in 223 msecs (HTTP/1.1 200) 4 headers in 156 bytes (1 switches on core 0) [pid: 8|app: 0|req: 1341/2765] 10.0.0.14 () {32 vars in 670 bytes} [Mon Jun 15 20:40:16 2026] GET /v2.0/vpn/endpoint-groups => generated 917 bytes in 19 msecs (HTTP/1.1 200) 4 headers in 157 bytes (1 switches on core 0) [pid: 8|app: 0|req: 1342/2766] 10.0.0.14 () {32 vars in 747 bytes} [Mon Jun 15 20:40:16 2026] DELETE /v2.0/vpn/endpoint-groups/3814e80e-9714-473f-ada8-8e4f1a5819be => generated 0 bytes in 28 msecs (HTTP/1.1 204) 2 headers in 112 bytes (1 switches on core 0) [pid: 8|app: 0|req: 1343/2767] 10.0.0.14 () {32 vars in 670 bytes} [Mon Jun 15 20:40:16 2026] GET /v2.0/vpn/endpoint-groups => generated 634 bytes in 12 msecs (HTTP/1.1 200) 4 headers in 157 bytes (1 switches on core 0)
2026-06-15 20:40:16.217 8 WARNING neutron.api.v2.base [None req-b2809eb9-5fcc-47a4-be74-e40d5574f795 3003dcac430e43d594aff8766da4def0 57909ecc48f44a3bb05237a678a80246 - - default default] An exception happened while processing the request body. The exception message is [Invalid input for peer_cidrs. Reason: '1.0.0.0/33' is not a valid IP subnet.].: webob.exc.HTTPBadRequest: Invalid input for peer_cidrs. Reason: '1.0.0.0/33' is not a valid IP subnet.
2026-06-15 20:40:16.218 8 INFO neutron.api.v2.resource [None req-b2809eb9-5fcc-47a4-be74-e40d5574f795 3003dcac430e43d594aff8766da4def0 57909ecc48f44a3bb05237a678a80246 - - default default] create failed (client error): Invalid input for peer_cidrs. Reason: '1.0.0.0/33' is not a valid IP subnet. [pid: 8|app: 0|req: 1344/2768] 10.0.0.14 () {34 vars in 706 bytes} [Mon Jun 15 20:40:16 2026] POST /v2.0/vpn/ipsec-site-connections => generated 149 bytes in 8 msecs (HTTP/1.1 400) 4 headers in 166 bytes (1 switches on core 0)
2026-06-15 20:40:16.335 7 INFO neutron.db.ovn_revision_numbers_db [None req-0e44705a-99b0-48e1-b3ac-bc1931884153 2b43e68250374400ba4bbf1cb77c55fb 3965f1d68cf54729878e29c521fd1b88 - - default default] Successfully bumped revision number for resource 59d22c03-e7c2-4b3f-ab33-89bec9fa4a45 (type: ports) to 1
2026-06-15 20:40:16.347 8 INFO neutron.db.segments_db [None req-2fd3deb6-8911-4da3-9024-91ad1729cdec 3003dcac430e43d594aff8766da4def0 57909ecc48f44a3bb05237a678a80246 - - default default] Added segment eb3f8f48-86b5-4bec-a696-99ad33157287 of type geneve for network 1888839a-9201-4273-a82b-51a72cce9afd
2026-06-15 20:40:16.486 8 INFO neutron.db.ovn_revision_numbers_db [None req-2fd3deb6-8911-4da3-9024-91ad1729cdec 3003dcac430e43d594aff8766da4def0 57909ecc48f44a3bb05237a678a80246 - - default default] Successfully bumped revision number for resource 1888839a-9201-4273-a82b-51a72cce9afd (type: networks) to 1
2026-06-15 20:40:16.722 8 WARNING neutron.scheduler.dhcp_agent_scheduler [None req-2fd3deb6-8911-4da3-9024-91ad1729cdec 3003dcac430e43d594aff8766da4def0 57909ecc48f44a3bb05237a678a80246 - - default default] No more DHCP agents
2026-06-15 20:40:16.723 8 WARNING neutron.api.rpc.agentnotifiers.dhcp_rpc_agent_api [None req-2fd3deb6-8911-4da3-9024-91ad1729cdec 3003dcac430e43d594aff8766da4def0 57909ecc48f44a3bb05237a678a80246 - - default default] Unable to schedule network 1888839a-9201-4273-a82b-51a72cce9afd: no agents available; will retry on subsequent port and subnet creation events.
2026-06-15 20:40:16.775 8 INFO neutron.plugins.ml2.drivers.ovn.mech_driver.mech_driver [None req-92567a65-f853-4266-9a3e-471c871ec597 - - - - - -] OVN reports status down for port: 0a571b74-8311-4bd6-be54-a68284ea0d0f
2026-06-15 20:40:16.842 8 INFO neutron.db.ovn_revision_numbers_db [None req-2fd3deb6-8911-4da3-9024-91ad1729cdec 3003dcac430e43d594aff8766da4def0 57909ecc48f44a3bb05237a678a80246 - - default default] Successfully bumped revision number for resource 0a571b74-8311-4bd6-be54-a68284ea0d0f (type: ports) to 1 [pid: 8|app: 0|req: 1345/2769] 10.0.0.14 () {34 vars in 669 bytes} [Mon Jun 15 20:40:16 2026] POST /v2.0/networks => generated 668 bytes in 672 msecs (HTTP/1.1 201) 4 headers in 162 bytes (1 switches on core 0)
2026-06-15 20:40:17.239 8 INFO neutron.db.ovn_revision_numbers_db [None req-d40d11a2-08a7-4b9e-ba0c-e3e8948e1df7 ca2c9c39f72d41f19f5019191deca422 77841673f3a14cf3a104328e5c400809 - - default default] Successfully bumped revision number for resource ca44f150-cfcc-4f53-ab7f-795bdf045ccd (type: security_groups) to 1
2026-06-15 20:40:17.253 8 INFO neutron.db.ovn_revision_numbers_db [None req-d40d11a2-08a7-4b9e-ba0c-e3e8948e1df7 ca2c9c39f72d41f19f5019191deca422 77841673f3a14cf3a104328e5c400809 - - default default] Successfully bumped revision number for resource 2282f76c-28e8-4568-b750-ba55881c85d2 (type: security_group_rules) to 0
2026-06-15 20:40:17.272 8 INFO neutron.db.ovn_revision_numbers_db [None req-d40d11a2-08a7-4b9e-ba0c-e3e8948e1df7 ca2c9c39f72d41f19f5019191deca422 77841673f3a14cf3a104328e5c400809 - - default default] Successfully bumped revision number for resource 35e6235d-5ab6-40e3-ada8-149e3404955d (type: security_group_rules) to 0
2026-06-15 20:40:17.286 8 INFO neutron.db.ovn_revision_numbers_db [None req-d40d11a2-08a7-4b9e-ba0c-e3e8948e1df7 ca2c9c39f72d41f19f5019191deca422 77841673f3a14cf3a104328e5c400809 - - default default] Successfully bumped revision number for resource 59f513f2-cd8e-44ef-8ba4-9f6d471ecee0 (type: security_group_rules) to 0
2026-06-15 20:40:17.295 7 WARNING neutron.scheduler.dhcp_agent_scheduler [None req-0e44705a-99b0-48e1-b3ac-bc1931884153 2b43e68250374400ba4bbf1cb77c55fb 3965f1d68cf54729878e29c521fd1b88 - - default default] No more DHCP agents
2026-06-15 20:40:17.297 7 WARNING neutron.api.rpc.agentnotifiers.dhcp_rpc_agent_api [None req-0e44705a-99b0-48e1-b3ac-bc1931884153 2b43e68250374400ba4bbf1cb77c55fb 3965f1d68cf54729878e29c521fd1b88 - - default default] Unable to schedule network 9982a655-4145-4299-bdd3-e3b7d6775524: no agents available; will retry on subsequent port and subnet creation events.
2026-06-15 20:40:17.301 8 INFO neutron.db.ovn_revision_numbers_db [None req-d40d11a2-08a7-4b9e-ba0c-e3e8948e1df7 ca2c9c39f72d41f19f5019191deca422 77841673f3a14cf3a104328e5c400809 - - default default] Successfully bumped revision number for resource 7b97c3ec-86d8-479d-82b0-3484be2080b9 (type: security_group_rules) to 0 [pid: 8|app: 0|req: 1346/2770] 10.0.0.14 () {32 vars in 773 bytes} [Mon Jun 15 20:40:16 2026] GET /v2.0/security-groups?tenant_id=c539ce7bf576428a8f90bb97bc63e7a3&name=default => generated 2929 bytes in 457 msecs (HTTP/1.1 200) 4 headers in 158 bytes (1 switches on core 0)
2026-06-15 20:40:17.580 8 WARNING neutron.scheduler.dhcp_agent_scheduler [None req-a5a6d4eb-2d69-4ca4-a982-ce76c78a3399 3003dcac430e43d594aff8766da4def0 57909ecc48f44a3bb05237a678a80246 - - default default] No more DHCP agents
2026-06-15 20:40:17.582 8 WARNING neutron.api.rpc.agentnotifiers.dhcp_rpc_agent_api [None req-a5a6d4eb-2d69-4ca4-a982-ce76c78a3399 3003dcac430e43d594aff8766da4def0 57909ecc48f44a3bb05237a678a80246 - - default default] Unable to schedule network 1888839a-9201-4273-a82b-51a72cce9afd: no agents available; will retry on subsequent port and subnet creation events.
2026-06-15 20:40:17.765 7 INFO neutron.db.ovn_revision_numbers_db [None req-0e44705a-99b0-48e1-b3ac-bc1931884153 2b43e68250374400ba4bbf1cb77c55fb 3965f1d68cf54729878e29c521fd1b88 - - default default] Successfully bumped revision number for resource 59d22c03-e7c2-4b3f-ab33-89bec9fa4a45 (type: router_ports) to 1 [pid: 7|app: 0|req: 1425/2771] 10.0.0.14 () {34 vars in 782 bytes} [Mon Jun 15 20:40:15 2026] PUT /v2.0/routers/f1b15f52-fede-43b9-820f-e1e7d11d821f/add_router_interface => generated 309 bytes in 2183 msecs (HTTP/1.1 200) 4 headers in 157 bytes (1 switches on core 0) [pid: 7|app: 0|req: 1426/2772] 10.0.0.96 () {34 vars in 989 bytes} [Mon Jun 15 20:40:17 2026] GET /v2.0/ports?device_id=1204c25e-58cb-487e-a962-e317e82aaf5d => generated 12 bytes in 16 msecs (HTTP/1.1 200) 4 headers in 156 bytes (1 switches on core 0) [pid: 7|app: 0|req: 1427/2773] 10.0.0.14 () {32 vars in 739 bytes} [Mon Jun 15 20:40:17 2026] DELETE /v2.0/security-groups/ca44f150-cfcc-4f53-ab7f-795bdf045ccd => generated 0 bytes in 280 msecs (HTTP/1.1 204) 2 headers in 112 bytes (1 switches on core 0)
2026-06-15 20:40:18.180 8 INFO neutron.db.ovn_revision_numbers_db [None req-7374671c-57e9-48be-ac61-7def888d3e38 - - - - - -] Successfully bumped revision number for resource 0a571b74-8311-4bd6-be54-a68284ea0d0f (type: ports) to 2
2026-06-15 20:40:18.227 8 INFO neutron.db.ovn_revision_numbers_db [None req-7374671c-57e9-48be-ac61-7def888d3e38 - - - - - -] Successfully bumped revision number for resource 73cb7d9f-23e8-4b3e-b060-4841318b4e7c (type: subnets) to 0 [pid: 8|app: 0|req: 1347/2774] 10.0.0.14 () {34 vars in 668 bytes} [Mon Jun 15 20:40:17 2026] POST /v2.0/subnets => generated 629 bytes in 895 msecs (HTTP/1.1 201) 4 headers in 162 bytes (1 switches on core 0)
2026-06-15 20:40:18.422 8 INFO neutron.db.ovn_revision_numbers_db [None req-ab0062ef-49ad-42c8-b1a9-d5d1d1c4c812 ca2c9c39f72d41f19f5019191deca422 77841673f3a14cf3a104328e5c400809 - - default default] Successfully bumped revision number for resource 0218d90e-7c6b-4f88-a42f-de7acdf599f1 (type: security_groups) to 1
2026-06-15 20:40:18.438 8 INFO neutron.db.ovn_revision_numbers_db [None req-ab0062ef-49ad-42c8-b1a9-d5d1d1c4c812 ca2c9c39f72d41f19f5019191deca422 77841673f3a14cf3a104328e5c400809 - - default default] Successfully bumped revision number for resource 22ca9e75-6ac7-4d0d-a568-cda087aa6e8f (type: security_group_rules) to 0
2026-06-15 20:40:18.451 8 INFO neutron.db.ovn_revision_numbers_db [None req-ab0062ef-49ad-42c8-b1a9-d5d1d1c4c812 ca2c9c39f72d41f19f5019191deca422 77841673f3a14cf3a104328e5c400809 - - default default] Successfully bumped revision number for resource 6ba952b4-6a72-40e8-a657-5d26b794c51b (type: security_group_rules) to 0
2026-06-15 20:40:18.465 8 INFO neutron.db.ovn_revision_numbers_db [None req-ab0062ef-49ad-42c8-b1a9-d5d1d1c4c812 ca2c9c39f72d41f19f5019191deca422 77841673f3a14cf3a104328e5c400809 - - default default] Successfully bumped revision number for resource 718151d0-04d0-473c-835b-f353c46537cd (type: security_group_rules) to 0
2026-06-15 20:40:18.484 8 INFO neutron.db.ovn_revision_numbers_db [None req-ab0062ef-49ad-42c8-b1a9-d5d1d1c4c812 ca2c9c39f72d41f19f5019191deca422 77841673f3a14cf3a104328e5c400809 - - default default] Successfully bumped revision number for resource 85813c13-707e-4df3-84f9-d53e75e9e62c (type: security_group_rules) to 0 [pid: 8|app: 0|req: 1348/2775] 10.0.0.14 () {32 vars in 773 bytes} [Mon Jun 15 20:40:18 2026] GET /v2.0/security-groups?tenant_id=95edc19b97894c35b592de61b953d2ba&name=default => generated 2929 bytes in 289 msecs (HTTP/1.1 200) 4 headers in 158 bytes (1 switches on core 0)
2026-06-15 20:40:18.716 7 WARNING neutron.scheduler.dhcp_agent_scheduler [None req-8d689896-b92e-4073-8e91-767974af3ab0 2b43e68250374400ba4bbf1cb77c55fb 3965f1d68cf54729878e29c521fd1b88 - - default default] No more DHCP agents
2026-06-15 20:40:18.717 7 WARNING neutron.api.rpc.agentnotifiers.dhcp_rpc_agent_api [None req-8d689896-b92e-4073-8e91-767974af3ab0 2b43e68250374400ba4bbf1cb77c55fb 3965f1d68cf54729878e29c521fd1b88 - - default default] Unable to schedule network 458eea00-408c-4b50-86bd-b86820c0c08a: no agents available; will retry on subsequent port and subnet creation events.
2026-06-15 20:40:18.871 7 INFO neutron.db.ovn_revision_numbers_db [None req-8d689896-b92e-4073-8e91-767974af3ab0 2b43e68250374400ba4bbf1cb77c55fb 3965f1d68cf54729878e29c521fd1b88 - - default default] Successfully bumped revision number for resource eff36832-48f9-4ab5-9136-68a70e5616ce (type: ports) to 1
2026-06-15 20:40:19.821 7 WARNING neutron.scheduler.dhcp_agent_scheduler [None req-8d689896-b92e-4073-8e91-767974af3ab0 2b43e68250374400ba4bbf1cb77c55fb 3965f1d68cf54729878e29c521fd1b88 - - default default] No more DHCP agents
2026-06-15 20:40:19.822 7 WARNING neutron.api.rpc.agentnotifiers.dhcp_rpc_agent_api [None req-8d689896-b92e-4073-8e91-767974af3ab0 2b43e68250374400ba4bbf1cb77c55fb 3965f1d68cf54729878e29c521fd1b88 - - default default] Unable to schedule network 458eea00-408c-4b50-86bd-b86820c0c08a: no agents available; will retry on subsequent port and subnet creation events.
2026-06-15 20:40:19.923 8 INFO neutron.plugins.ml2.drivers.ovn.mech_driver.mech_driver [None req-92567a65-f853-4266-9a3e-471c871ec597 - - - - - -] OVN reports status down for port: eff36832-48f9-4ab5-9136-68a70e5616ce
2026-06-15 20:40:20.117 8 WARNING neutron.plugins.ml2.drivers.ovn.mech_driver.ovsdb.ovn_client [None req-92567a65-f853-4266-9a3e-471c871ec597 - - - - - -] Logical_Switch_Port eff36832-48f9-4ab5-9136-68a70e5616ce host information not removed, the port state is up
2026-06-15 20:40:20.118 8 INFO neutron.plugins.ml2.drivers.ovn.mech_driver.mech_driver [None req-92567a65-f853-4266-9a3e-471c871ec597 - - - - - -] OVN reports status up for port: eff36832-48f9-4ab5-9136-68a70e5616ce
2026-06-15 20:40:20.148 8 INFO neutron.plugins.ml2.plugin [None req-92567a65-f853-4266-9a3e-471c871ec597 - - - - - -] Attempt 1 to provision port eff36832-48f9-4ab5-9136-68a70e5616ce
2026-06-15 20:40:20.203 7 INFO neutron.db.ovn_revision_numbers_db [None req-8d689896-b92e-4073-8e91-767974af3ab0 2b43e68250374400ba4bbf1cb77c55fb 3965f1d68cf54729878e29c521fd1b88 - - default default] Successfully bumped revision number for resource eff36832-48f9-4ab5-9136-68a70e5616ce (type: router_ports) to 1 [pid: 7|app: 0|req: 1428/2776] 10.0.0.14 () {34 vars in 782 bytes} [Mon Jun 15 20:40:18 2026] PUT /v2.0/routers/f1b15f52-fede-43b9-820f-e1e7d11d821f/add_router_interface => generated 309 bytes in 2139 msecs (HTTP/1.1 200) 4 headers in 157 bytes (1 switches on core 0)
2026-06-15 20:40:20.398 7 WARNING neutron.plugins.ml2.drivers.ovn.mech_driver.ovsdb.ovn_client [None req-3ee60fe2-f5ac-4055-bdda-0f465778abe8 - - - - - -] No hosting information found for port 7e634a92-7c7b-41e4-9ad4-c6f202a9ce8e: RuntimeError: No hosting information found for port 7e634a92-7c7b-41e4-9ad4-c6f202a9ce8e
2026-06-15 20:40:20.525 7 INFO neutron.db.ovn_revision_numbers_db [None req-3ee60fe2-f5ac-4055-bdda-0f465778abe8 - - - - - -] Successfully bumped revision number for resource 7e634a92-7c7b-41e4-9ad4-c6f202a9ce8e (type: router_ports) to 2
2026-06-15 20:40:20.525 7 INFO neutron.plugins.ml2.drivers.ovn.mech_driver.mech_driver [None req-3ee60fe2-f5ac-4055-bdda-0f465778abe8 - - - - - -] OVN reports status down for port: 59d22c03-e7c2-4b3f-ab33-89bec9fa4a45
2026-06-15 20:40:20.528 8 WARNING neutron.scheduler.dhcp_agent_scheduler [None req-000cb4e7-83e0-48cf-a944-645511bba39d 3003dcac430e43d594aff8766da4def0 57909ecc48f44a3bb05237a678a80246 - - default default] No more DHCP agents
2026-06-15 20:40:20.532 8 WARNING neutron.api.rpc.agentnotifiers.dhcp_rpc_agent_api [None req-000cb4e7-83e0-48cf-a944-645511bba39d 3003dcac430e43d594aff8766da4def0 57909ecc48f44a3bb05237a678a80246 - - default default] Unable to schedule network c2d9da95-e3ae-495f-b6ec-19dbfd88adc6: no agents available; will retry on subsequent port and subnet creation events. [pid: 7|app: 0|req: 1429/2777] 10.0.0.14 () {32 vars in 739 bytes} [Mon Jun 15 20:40:20 2026] DELETE /v2.0/security-groups/0218d90e-7c6b-4f88-a42f-de7acdf599f1 => generated 0 bytes in 367 msecs (HTTP/1.1 204) 2 headers in 112 bytes (1 switches on core 0) [pid: 7|app: 0|req: 1430/2778] 10.0.0.96 () {34 vars in 989 bytes} [Mon Jun 15 20:40:20 2026] GET /v2.0/ports?device_id=1204c25e-58cb-487e-a962-e317e82aaf5d => generated 12 bytes in 42 msecs (HTTP/1.1 200) 4 headers in 156 bytes (1 switches on core 0)
2026-06-15 20:40:20.660 7 WARNING neutron.plugins.ml2.drivers.ovn.mech_driver.ovsdb.ovn_client [None req-3ee60fe2-f5ac-4055-bdda-0f465778abe8 - - - - - -] Logical_Switch_Port 59d22c03-e7c2-4b3f-ab33-89bec9fa4a45 host information not removed, the port state is up
2026-06-15 20:40:20.661 7 INFO neutron.plugins.ml2.drivers.ovn.mech_driver.mech_driver [None req-3ee60fe2-f5ac-4055-bdda-0f465778abe8 - - - - - -] OVN reports status up for port: 59d22c03-e7c2-4b3f-ab33-89bec9fa4a45
2026-06-15 20:40:20.674 7 INFO neutron.plugins.ml2.plugin [None req-3ee60fe2-f5ac-4055-bdda-0f465778abe8 - - - - - -] Attempt 1 to provision port 59d22c03-e7c2-4b3f-ab33-89bec9fa4a45
2026-06-15 20:40:20.916 8 INFO neutron.db.ovn_revision_numbers_db [None req-000cb4e7-83e0-48cf-a944-645511bba39d 3003dcac430e43d594aff8766da4def0 57909ecc48f44a3bb05237a678a80246 - - default default] Successfully bumped revision number for resource b040666f-15db-4b03-be4c-2e9ff27c368d (type: ports) to 1 [pid: 7|app: 0|req: 1431/2779] 199.19.213.215 () {34 vars in 986 bytes} [Mon Jun 15 20:40:20 2026] GET /v2.0/networks?id=aa5a7f34-9d5b-4863-8227-f2a678cf3724 => generated 710 bytes in 382 msecs (HTTP/1.1 200) 4 headers in 157 bytes (1 switches on core 0)
2026-06-15 20:40:21.277 7 INFO neutron.db.ovn_revision_numbers_db [None req-09667919-32f3-4c51-b8a9-6b72ec6f9d0e 2b43e68250374400ba4bbf1cb77c55fb 3965f1d68cf54729878e29c521fd1b88 - - default default] Successfully bumped revision number for resource f50e15dc-3654-4fcf-acbb-725bfdd7a8db (type: security_groups) to 1
2026-06-15 20:40:21.308 7 INFO neutron.db.ovn_revision_numbers_db [None req-09667919-32f3-4c51-b8a9-6b72ec6f9d0e 2b43e68250374400ba4bbf1cb77c55fb 3965f1d68cf54729878e29c521fd1b88 - - default default] Successfully bumped revision number for resource 0af2e771-9021-4648-84dd-7c29f61eac44 (type: security_group_rules) to 0
2026-06-15 20:40:21.336 7 INFO neutron.db.ovn_revision_numbers_db [None req-09667919-32f3-4c51-b8a9-6b72ec6f9d0e 2b43e68250374400ba4bbf1cb77c55fb 3965f1d68cf54729878e29c521fd1b88 - - default default] Successfully bumped revision number for resource fb3348ec-2f05-46c0-b58c-2d1f6ba70f9a (type: security_group_rules) to 0 [pid: 7|app: 0|req: 1432/2780] 10.0.0.14 () {34 vars in 683 bytes} [Mon Jun 15 20:40:21 2026] POST /v2.0/security-groups => generated 1629 bytes in 430 msecs (HTTP/1.1 201) 4 headers in 163 bytes (1 switches on core 0)
2026-06-15 20:40:21.468 8 INFO neutron.db.ovn_revision_numbers_db [None req-92567a65-f853-4266-9a3e-471c871ec597 - - - - - -] Successfully bumped revision number for resource eff36832-48f9-4ab5-9136-68a70e5616ce (type: ports) to 2 [pid: 7|app: 0|req: 1433/2781] 199.19.213.215 () {34 vars in 1050 bytes} [Mon Jun 15 20:40:21 2026] GET /v2.0/security-groups?fields=id&fields=name&tenant_id=87d1a2d61b5149c7b0727711e7a3e882 => generated 274 bytes in 120 msecs (HTTP/1.1 200) 4 headers in 157 bytes (1 switches on core 0)
2026-06-15 20:40:21.584 7 INFO neutron.db.ovn_revision_numbers_db [None req-3ee60fe2-f5ac-4055-bdda-0f465778abe8 - - - - - -] Successfully bumped revision number for resource 59d22c03-e7c2-4b3f-ab33-89bec9fa4a45 (type: ports) to 2
2026-06-15 20:40:21.874 7 INFO neutron.db.ovn_revision_numbers_db [None req-11b2a730-a1e6-41f2-8048-0d17af930039 2b43e68250374400ba4bbf1cb77c55fb 3965f1d68cf54729878e29c521fd1b88 - - default default] Successfully bumped revision number for resource 689da3ef-8962-40ad-8c39-0553c9d25c71 (type: security_group_rules) to 0 [pid: 7|app: 0|req: 1434/2782] 10.0.0.14 () {34 vars in 694 bytes} [Mon Jun 15 20:40:21 2026] POST /v2.0/security-group-rules => generated 597 bytes in 368 msecs (HTTP/1.1 201) 4 headers in 162 bytes (1 switches on core 0)
2026-06-15 20:40:21.981 8 INFO neutron.plugins.ml2.drivers.ovn.mech_driver.ovsdb.commands [None req-99de0d4e-9b87-4e7d-9c72-3907755f5416 - - - - - -] Schedule LRP lrp-b040666f-15db-4b03-be4c-2e9ff27c368d on gateway c8cd0ade-51ed-49c7-b552-2650a00ec65b with priority 1
2026-06-15 20:40:22.068 8 INFO neutron.db.ovn_revision_numbers_db [None req-000cb4e7-83e0-48cf-a944-645511bba39d 3003dcac430e43d594aff8766da4def0 57909ecc48f44a3bb05237a678a80246 - - default default] Successfully bumped revision number for resource b040666f-15db-4b03-be4c-2e9ff27c368d (type: router_ports) to 1
2026-06-15 20:40:22.147 8 INFO neutron.db.ovn_revision_numbers_db [None req-000cb4e7-83e0-48cf-a944-645511bba39d 3003dcac430e43d594aff8766da4def0 57909ecc48f44a3bb05237a678a80246 - - default default] Successfully bumped revision number for resource 804e4c0c-6d11-4957-a5bb-01b3135b9e01 (type: routers) to 2 [pid: 8|app: 0|req: 1349/2783] 10.0.0.14 () {34 vars in 668 bytes} [Mon Jun 15 20:40:18 2026] POST /v2.0/routers => generated 937 bytes in 3627 msecs (HTTP/1.1 201) 4 headers in 162 bytes (1 switches on core 0) [pid: 8|app: 0|req: 1350/2784] 10.0.0.96 () {34 vars in 989 bytes} [Mon Jun 15 20:40:22 2026] GET /v2.0/ports?device_id=1204c25e-58cb-487e-a962-e317e82aaf5d => generated 12 bytes in 37 msecs (HTTP/1.1 200) 4 headers in 156 bytes (1 switches on core 0)
2026-06-15 20:40:22.299 7 WARNING neutron.scheduler.dhcp_agent_scheduler [req-1b1d7772-1b5a-496d-ac3c-efe184ba4894 req-d5556e90-06c5-45e5-a1f1-c00b0c17f21d 215dbf60b5114608a5cc03d74bccee9c 87d1a2d61b5149c7b0727711e7a3e882 - - default default] No more DHCP agents
2026-06-15 20:40:22.301 7 WARNING neutron.api.rpc.agentnotifiers.dhcp_rpc_agent_api [req-1b1d7772-1b5a-496d-ac3c-efe184ba4894 req-d5556e90-06c5-45e5-a1f1-c00b0c17f21d 215dbf60b5114608a5cc03d74bccee9c 87d1a2d61b5149c7b0727711e7a3e882 - - default default] Unable to schedule network aa5a7f34-9d5b-4863-8227-f2a678cf3724: no agents available; will retry on subsequent port and subnet creation events.
2026-06-15 20:40:22.358 8 INFO neutron.db.ovn_revision_numbers_db [None req-e850d32a-2373-485a-87b0-45584711f8ac 2b43e68250374400ba4bbf1cb77c55fb 3965f1d68cf54729878e29c521fd1b88 - - default default] Successfully bumped revision number for resource 657eedc1-c521-4676-979e-ea1e7f3d7f0e (type: security_group_rules) to 0 [pid: 8|app: 0|req: 1351/2785] 10.0.0.14 () {34 vars in 694 bytes} [Mon Jun 15 20:40:22 2026] POST /v2.0/security-group-rules => generated 597 bytes in 188 msecs (HTTP/1.1 201) 4 headers in 162 bytes (1 switches on core 0)
2026-06-15 20:40:22.516 7 INFO neutron.db.ovn_revision_numbers_db [req-1b1d7772-1b5a-496d-ac3c-efe184ba4894 req-d5556e90-06c5-45e5-a1f1-c00b0c17f21d 215dbf60b5114608a5cc03d74bccee9c 87d1a2d61b5149c7b0727711e7a3e882 - - default default] Successfully bumped revision number for resource b7abdd89-04a7-4693-a8b8-ab1a0030b078 (type: ports) to 1
2026-06-15 20:40:22.555 8 INFO neutron.api.v2.resource [None req-f612dc71-720c-4098-825f-85f1cbfc5d56 c48c63c97e9c4a37880a6d9b40d8207d 2b68f77afb1947639ad91ea15afb5f12 - - default default] create failed (client error): The server could not comply with the request since it is either malformed or otherwise incorrect. [pid: 8|app: 0|req: 1352/2786] 10.0.0.14 () {34 vars in 684 bytes} [Mon Jun 15 20:40:22 2026] POST /v2.0/vpn/vpnservices => generated 194 bytes in 162 msecs (HTTP/1.1 400) 4 headers in 166 bytes (1 switches on core 0) [pid: 7|app: 0|req: 1435/2787] 199.19.213.215 () {38 vars in 955 bytes} [Mon Jun 15 20:40:21 2026] POST /v2.0/ports => generated 997 bytes in 703 msecs (HTTP/1.1 201) 4 headers in 162 bytes (1 switches on core 0) /var/lib/openstack/lib/python3.12/site-packages/pycadf/identifier.py:70: UserWarning: Invalid uuid: neutron. To ensure interoperability, identifiers should be a valid uuid. warnings.warn(('Invalid uuid: %s. To ensure interoperability, '
2026-06-15 20:40:22.732 8 INFO neutron.db.ovn_revision_numbers_db [None req-2ecf42f1-0ef6-463a-b504-6dff210a6aff 2b43e68250374400ba4bbf1cb77c55fb 3965f1d68cf54729878e29c521fd1b88 - - default default] Successfully bumped revision number for resource 4b705e59-342c-42b6-bf78-665398cc8854 (type: security_group_rules) to 0
2026-06-15 20:40:22.768 7 INFO neutron_taas.services.taas.taas_plugin [None req-542196b0-d8c2-4b24-a03e-61c09e50e1a2 c48c63c97e9c4a37880a6d9b40d8207d 2b68f77afb1947639ad91ea15afb5f12 - - default default] TaaS: Handle Delete Port: 0a571b74-8311-4bd6-be54-a68284ea0d0f
2026-06-15 20:40:22.771 7 INFO neutron_taas.services.taas.tap_mirror_plugin [None req-542196b0-d8c2-4b24-a03e-61c09e50e1a2 c48c63c97e9c4a37880a6d9b40d8207d 2b68f77afb1947639ad91ea15afb5f12 - - default default] Tap Mirror: Handle Delete Port: 0a571b74-8311-4bd6-be54-a68284ea0d0f [pid: 8|app: 0|req: 1353/2788] 10.0.0.14 () {34 vars in 694 bytes} [Mon Jun 15 20:40:22 2026] POST /v2.0/security-group-rules => generated 599 bytes in 217 msecs (HTTP/1.1 201) 4 headers in 162 bytes (1 switches on core 0) [pid: 7|app: 0|req: 1436/2789] 10.0.0.14 () {32 vars in 725 bytes} [Mon Jun 15 20:40:22 2026] DELETE /v2.0/networks/1888839a-9201-4273-a82b-51a72cce9afd => generated 0 bytes in 560 msecs (HTTP/1.1 204) 3 headers in 131 bytes (1 switches on core 0)
2026-06-15 20:40:23.254 7 INFO neutron.services.segments.plugin [-] Segment eb3f8f48-86b5-4bec-a696-99ad33157287 resource provider aggregate not found
2026-06-15 20:40:23.276 7 INFO neutron.services.segments.plugin [-] Segment eb3f8f48-86b5-4bec-a696-99ad33157287 resource provider aggregate not found
2026-06-15 20:40:23.284 7 INFO neutron.services.segments.plugin [-] Segment eb3f8f48-86b5-4bec-a696-99ad33157287 resource provider not found; error: Placement Client Error (4xx): {"errors": [{"status": 404, "title": "Not Found", "detail": "The resource could not be found.\n\n No resource provider with uuid eb3f8f48-86b5-4bec-a696-99ad33157287 found for delete ", "request_id": "req-c917b4bc-cb75-497b-b0d1-4e2a0fd638e3"}]}
2026-06-15 20:40:23.305 7 INFO neutron.services.segments.plugin [-] Segment eb3f8f48-86b5-4bec-a696-99ad33157287 resource provider not found; error: Placement Client Error (4xx): {"errors": [{"status": 404, "title": "Not Found", "detail": "The resource could not be found.\n\n No resource provider with uuid eb3f8f48-86b5-4bec-a696-99ad33157287 found for delete ", "request_id": "req-86bdc0d9-3cd3-435b-b195-bee41f9449bc"}]}
2026-06-15 20:40:23.369 8 INFO neutron.db.ovn_revision_numbers_db [req-1b1d7772-1b5a-496d-ac3c-efe184ba4894 req-20ae4d62-495b-4e71-adac-c176fdb18e5d d52a37ac50ce4d939f2d8c12952e9b50 a21ba8be6cd1462f895899e16c44bc75 - - 8b03a3e88b6b4557b67c447563f25de4 8b03a3e88b6b4557b67c447563f25de4] Successfully bumped revision number for resource b7abdd89-04a7-4693-a8b8-ab1a0030b078 (type: ports) to 2
2026-06-15 20:40:23.409 7 INFO neutron.db.ovn_revision_numbers_db [None req-f5d03616-5414-472d-ac7b-76e70b9d0fca 2b43e68250374400ba4bbf1cb77c55fb 3965f1d68cf54729878e29c521fd1b88 - - default default] Successfully bumped revision number for resource 7de1db57-11b9-4ecb-aecc-98ac578783ea (type: security_group_rules) to 0 [pid: 7|app: 0|req: 1437/2790] 10.0.0.14 () {34 vars in 694 bytes} [Mon Jun 15 20:40:23 2026] POST /v2.0/security-group-rules => generated 601 bytes in 259 msecs (HTTP/1.1 201) 4 headers in 162 bytes (1 switches on core 0)
