Jun 16 01:06:31.172148 np0000180449 devstack@neutron-api.service[103118]: DEBUG neutron.quota.resource_registry [None req-06905db9-0f5b-4f31-839e-a0c89be87d95 None None] Tracking information for resource: floatingip configured {{(pid=103118) set_tracked_resource /opt/stack/neutron/neutron/quota/resource_registry.py:203}}
Jun 16 01:06:31.172260 np0000180449 devstack@neutron-api.service[103118]: INFO neutron.services.ovn_l3.plugin [None req-06905db9-0f5b-4f31-839e-a0c89be87d95 None None] Starting OVNL3RouterPlugin
Jun 16 01:06:31.172323 np0000180449 devstack@neutron-api.service[103119]: DEBUG neutron_lib.callbacks.manager [None req-328df53a-3815-4f18-b9c5-5481ff32e3fd None None] Subscribe: > logging-plugin after_init 55550000, False {{(pid=103119) subscribe /opt/stack/data/venv/lib/python3.12/site-packages/neutron_lib/callbacks/manager.py:52}}
Jun 16 01:06:31.172478 np0000180449 devstack@neutron-api.service[103118]: DEBUG neutron_lib.callbacks.manager [None req-06905db9-0f5b-4f31-839e-a0c89be87d95 None None] Subscribe: > port_forwarding_plugin after_init 55550000, False {{(pid=103118) subscribe /opt/stack/data/venv/lib/python3.12/site-packages/neutron_lib/callbacks/manager.py:52}}
Jun 16 01:06:31.172681 np0000180449 devstack@neutron-api.service[103118]: DEBUG neutron_lib.callbacks.manager [None req-06905db9-0f5b-4f31-839e-a0c89be87d95 None None] Subscribe: > router before_create 55550100, False {{(pid=103118) subscribe /opt/stack/data/venv/lib/python3.12/site-packages/neutron_lib/callbacks/manager.py:52}}
Jun 16 01:06:31.172770 np0000180449 devstack@neutron-api.service[103119]: INFO neutron.services.logapi.drivers.ovn.driver [None req-328df53a-3815-4f18-b9c5-5481ff32e3fd None None] OVN logging driver registered
Jun 16 01:06:31.172807 np0000180449 devstack@neutron-api.service[103118]: DEBUG neutron_lib.callbacks.manager [None req-06905db9-0f5b-4f31-839e-a0c89be87d95 None None] Subscribe: > router precommit_delete 55550100, False {{(pid=103118) subscribe /opt/stack/data/venv/lib/python3.12/site-packages/neutron_lib/callbacks/manager.py:52}}
Jun 16 01:06:31.172886 np0000180449 devstack@neutron-api.service[103119]: DEBUG neutron_lib.callbacks.manager [None req-328df53a-3815-4f18-b9c5-5481ff32e3fd None None] Subscribe: ._register_pvlan_driver at 0x7f9a99859580> pvlan_plugin before_spawn 55550000, False {{(pid=103119) subscribe /opt/stack/data/venv/lib/python3.12/site-packages/neutron_lib/callbacks/manager.py:52}}
Jun 16 01:06:31.172917 np0000180449 devstack@neutron-api.service[103118]: DEBUG neutron_lib.callbacks.manager [None req-06905db9-0f5b-4f31-839e-a0c89be87d95 None None] Subscribe: > router precommit_create 55550100, False {{(pid=103118) subscribe /opt/stack/data/venv/lib/python3.12/site-packages/neutron_lib/callbacks/manager.py:52}}
Jun 16 01:06:31.172975 np0000180449 devstack@neutron-api.service[103119]: DEBUG neutron_lib.callbacks.manager [None req-328df53a-3815-4f18-b9c5-5481ff32e3fd None None] Subscribe: process after_init 55550000, False {{(pid=103119) subscribe /opt/stack/data/venv/lib/python3.12/site-packages/neutron_lib/callbacks/manager.py:52}}
Jun 16 01:06:31.173010 np0000180449 devstack@neutron-api.service[103118]: DEBUG neutron_lib.callbacks.manager [None req-06905db9-0f5b-4f31-839e-a0c89be87d95 None None] Subscribe: > router precommit_update 55550100, False {{(pid=103118) subscribe /opt/stack/data/venv/lib/python3.12/site-packages/neutron_lib/callbacks/manager.py:52}}
Jun 16 01:06:31.174722 np0000180449 devstack@neutron-api.service[103119]: DEBUG neutron.plugins.ml2.plugin [None req-328df53a-3815-4f18-b9c5-5481ff32e3fd None None] neutron.plugins.ml2.plugin.Ml2Plugin method _start_rpc_notifiers called with arguments () {} {{(pid=103119) wrapper /opt/stack/data/venv/lib/python3.12/site-packages/oslo_log/helpers.py:77}}
Jun 16 01:06:31.174991 np0000180449 devstack@neutron-api.service[103119]: DEBUG neutron_lib.callbacks.manager [None req-328df53a-3815-4f18-b9c5-5481ff32e3fd None None] Subscribe: > port after_create 55550000, False {{(pid=103119) subscribe /opt/stack/data/venv/lib/python3.12/site-packages/neutron_lib/callbacks/manager.py:52}}
Jun 16 01:06:31.175130 np0000180449 devstack@neutron-api.service[103119]: DEBUG neutron_lib.callbacks.manager [None req-328df53a-3815-4f18-b9c5-5481ff32e3fd None None] Subscribe: > port after_update 55550000, False {{(pid=103119) subscribe /opt/stack/data/venv/lib/python3.12/site-packages/neutron_lib/callbacks/manager.py:52}}
Jun 16 01:06:31.175215 np0000180449 devstack@neutron-api.service[103119]: DEBUG neutron_lib.callbacks.manager [None req-328df53a-3815-4f18-b9c5-5481ff32e3fd None None] Subscribe: > port after_delete 55550000, False {{(pid=103119) subscribe /opt/stack/data/venv/lib/python3.12/site-packages/neutron_lib/callbacks/manager.py:52}}
Jun 16 01:06:31.175347 np0000180449 devstack@neutron-api.service[103119]: DEBUG neutron_lib.callbacks.manager [None req-328df53a-3815-4f18-b9c5-5481ff32e3fd None None] Subscribe: > subnet after_create 55550000, False {{(pid=103119) subscribe /opt/stack/data/venv/lib/python3.12/site-packages/neutron_lib/callbacks/manager.py:52}}
Jun 16 01:06:31.175466 np0000180449 devstack@neutron-api.service[103119]: DEBUG neutron_lib.callbacks.manager [None req-328df53a-3815-4f18-b9c5-5481ff32e3fd None None] Subscribe: > subnet after_update 55550000, False {{(pid=103119) subscribe /opt/stack/data/venv/lib/python3.12/site-packages/neutron_lib/callbacks/manager.py:52}}
Jun 16 01:06:31.175563 np0000180449 devstack@neutron-api.service[103119]: DEBUG neutron_lib.callbacks.manager [None req-328df53a-3815-4f18-b9c5-5481ff32e3fd None None] Subscribe: > subnet after_delete 55550000, False {{(pid=103119) subscribe /opt/stack/data/venv/lib/python3.12/site-packages/neutron_lib/callbacks/manager.py:52}}
Jun 16 01:06:31.175641 np0000180449 devstack@neutron-api.service[103119]: DEBUG neutron_lib.callbacks.manager [None req-328df53a-3815-4f18-b9c5-5481ff32e3fd None None] Subscribe: > network after_create 55550000, False {{(pid=103119) subscribe /opt/stack/data/venv/lib/python3.12/site-packages/neutron_lib/callbacks/manager.py:52}}
Jun 16 01:06:31.175762 np0000180449 devstack@neutron-api.service[103119]: DEBUG neutron_lib.callbacks.manager [None req-328df53a-3815-4f18-b9c5-5481ff32e3fd None None] Subscribe: > network after_update 55550000, False {{(pid=103119) subscribe /opt/stack/data/venv/lib/python3.12/site-packages/neutron_lib/callbacks/manager.py:52}}
Jun 16 01:06:31.175868 np0000180449 devstack@neutron-api.service[103119]: DEBUG neutron_lib.callbacks.manager [None req-328df53a-3815-4f18-b9c5-5481ff32e3fd None None] Subscribe: > network after_delete 55550000, False {{(pid=103119) subscribe /opt/stack/data/venv/lib/python3.12/site-packages/neutron_lib/callbacks/manager.py:52}}
Jun 16 01:06:31.176065 np0000180449 devstack@neutron-api.service[103119]: DEBUG neutron_lib.callbacks.manager [None req-328df53a-3815-4f18-b9c5-5481ff32e3fd None None] Subscribe: > security_group after_create 55550000, False {{(pid=103119) subscribe /opt/stack/data/venv/lib/python3.12/site-packages/neutron_lib/callbacks/manager.py:52}}
Jun 16 01:06:31.176065 np0000180449 devstack@neutron-api.service[103119]: DEBUG neutron_lib.callbacks.manager [None req-328df53a-3815-4f18-b9c5-5481ff32e3fd None None] Subscribe: > security_group after_update 55550000, False {{(pid=103119) subscribe /opt/stack/data/venv/lib/python3.12/site-packages/neutron_lib/callbacks/manager.py:52}}
Jun 16 01:06:31.176175 np0000180449 devstack@neutron-api.service[103119]: DEBUG neutron_lib.callbacks.manager [None req-328df53a-3815-4f18-b9c5-5481ff32e3fd None None] Subscribe: > security_group after_delete 55550000, False {{(pid=103119) subscribe /opt/stack/data/venv/lib/python3.12/site-packages/neutron_lib/callbacks/manager.py:52}}
Jun 16 01:06:31.176273 np0000180449 devstack@neutron-api.service[103119]: DEBUG neutron_lib.callbacks.manager [None req-328df53a-3815-4f18-b9c5-5481ff32e3fd None None] Subscribe: > security_group_rule after_create 55550000, False {{(pid=103119) subscribe /opt/stack/data/venv/lib/python3.12/site-packages/neutron_lib/callbacks/manager.py:52}}
Jun 16 01:06:31.176374 np0000180449 devstack@neutron-api.service[103119]: DEBUG neutron_lib.callbacks.manager [None req-328df53a-3815-4f18-b9c5-5481ff32e3fd None None] Subscribe: > security_group_rule after_update 55550000, False {{(pid=103119) subscribe /opt/stack/data/venv/lib/python3.12/site-packages/neutron_lib/callbacks/manager.py:52}}
Jun 16 01:06:31.176499 np0000180449 devstack@neutron-api.service[103119]: DEBUG neutron_lib.callbacks.manager [None req-328df53a-3815-4f18-b9c5-5481ff32e3fd None None] Subscribe: > security_group_rule after_delete 55550000, False {{(pid=103119) subscribe /opt/stack/data/venv/lib/python3.12/site-packages/neutron_lib/callbacks/manager.py:52}}
Jun 16 01:06:31.176530 np0000180449 devstack@neutron-api.service[103118]: DEBUG neutron.services.provider_configuration [None req-06905db9-0f5b-4f31-839e-a0c89be87d95 None None] Service providers = [] {{(pid=103118) parse_service_provider_opt /opt/stack/neutron/neutron/services/provider_configuration.py:170}}
Jun 16 01:06:31.176594 np0000180449 devstack@neutron-api.service[103119]: DEBUG neutron_lib.callbacks.manager [None req-328df53a-3815-4f18-b9c5-5481ff32e3fd None None] Subscribe: > address_group after_create 55550000, False {{(pid=103119) subscribe /opt/stack/data/venv/lib/python3.12/site-packages/neutron_lib/callbacks/manager.py:52}}
Jun 16 01:06:31.176669 np0000180449 devstack@neutron-api.service[103118]: DEBUG neutron.db.servicetype_db [None req-06905db9-0f5b-4f31-839e-a0c89be87d95 None None] Adding provider configuration for service L3_ROUTER_NAT {{(pid=103118) add_provider_configuration /opt/stack/neutron/neutron/db/servicetype_db.py:45}}
Jun 16 01:06:31.176700 np0000180449 devstack@neutron-api.service[103119]: DEBUG neutron_lib.callbacks.manager [None req-328df53a-3815-4f18-b9c5-5481ff32e3fd None None] Subscribe: > address_group after_update 55550000, False {{(pid=103119) subscribe /opt/stack/data/venv/lib/python3.12/site-packages/neutron_lib/callbacks/manager.py:52}}
Jun 16 01:06:31.176759 np0000180449 devstack@neutron-api.service[103119]: DEBUG neutron_lib.callbacks.manager [None req-328df53a-3815-4f18-b9c5-5481ff32e3fd None None] Subscribe: > address_group after_delete 55550000, False {{(pid=103119) subscribe /opt/stack/data/venv/lib/python3.12/site-packages/neutron_lib/callbacks/manager.py:52}}
Jun 16 01:06:31.176845 np0000180449 devstack@neutron-api.service[103119]: DEBUG neutron.plugins.ml2.ovo_rpc [None req-328df53a-3815-4f18-b9c5-5481ff32e3fd None None] ML2 OVO RPC backend initialized. {{(pid=103119) __init__ /opt/stack/neutron/neutron/plugins/ml2/ovo_rpc.py:117}}
Jun 16 01:06:31.177811 np0000180449 devstack@neutron-api.service[103119]: INFO neutron.quota [None req-328df53a-3815-4f18-b9c5-5481ff32e3fd None None] Loaded quota_driver: .
Jun 16 01:06:31.177935 np0000180449 devstack@neutron-api.service[103119]: INFO neutron.plugins.ml2.plugin [None req-328df53a-3815-4f18-b9c5-5481ff32e3fd None None] Modular L2 Plugin initialization complete
Jun 16 01:06:31.177967 np0000180449 devstack@neutron-api.service[103118]: DEBUG neutron_lib.callbacks.manager [None req-06905db9-0f5b-4f31-839e-a0c89be87d95 None None] Subscribe: > router precommit_create 55549900, False {{(pid=103118) subscribe /opt/stack/data/venv/lib/python3.12/site-packages/neutron_lib/callbacks/manager.py:52}}
Jun 16 01:06:31.178082 np0000180449 devstack@neutron-api.service[103119]: DEBUG neutron.manager [None req-328df53a-3815-4f18-b9c5-5481ff32e3fd None None] Loading services supported by the core plugin {{(pid=103119) _load_services_from_core_plugin /opt/stack/neutron/neutron/manager.py:170}}
Jun 16 01:06:31.178116 np0000180449 devstack@neutron-api.service[103118]: DEBUG neutron_lib.callbacks.manager [None req-06905db9-0f5b-4f31-839e-a0c89be87d95 None None] Subscribe: > router_interface after_create 55550000, False {{(pid=103118) subscribe /opt/stack/data/venv/lib/python3.12/site-packages/neutron_lib/callbacks/manager.py:52}}
Jun 16 01:06:31.178209 np0000180449 devstack@neutron-api.service[103119]: INFO neutron.plugins.ml2.managers [None req-328df53a-3815-4f18-b9c5-5481ff32e3fd None None] Got port-security extension from driver 'port_security'
Jun 16 01:06:31.178252 np0000180449 devstack@neutron-api.service[103118]: DEBUG neutron_lib.callbacks.manager [None req-06905db9-0f5b-4f31-839e-a0c89be87d95 None None] Subscribe: > floatingip after_create 55550000, False {{(pid=103118) subscribe /opt/stack/data/venv/lib/python3.12/site-packages/neutron_lib/callbacks/manager.py:52}}
Jun 16 01:06:31.178337 np0000180449 devstack@neutron-api.service[103118]: DEBUG neutron_lib.callbacks.manager [None req-06905db9-0f5b-4f31-839e-a0c89be87d95 None None] Subscribe: > floatingip precommit_create 55550000, False {{(pid=103118) subscribe /opt/stack/data/venv/lib/python3.12/site-packages/neutron_lib/callbacks/manager.py:52}}
Jun 16 01:06:31.178465 np0000180449 devstack@neutron-api.service[103118]: DEBUG neutron_lib.callbacks.manager [None req-06905db9-0f5b-4f31-839e-a0c89be87d95 None None] Subscribe: > floatingip precommit_update 55550000, False {{(pid=103118) subscribe /opt/stack/data/venv/lib/python3.12/site-packages/neutron_lib/callbacks/manager.py:52}}
Jun 16 01:06:31.178496 np0000180449 devstack@neutron-api.service[103119]: DEBUG neutron.manager [None req-328df53a-3815-4f18-b9c5-5481ff32e3fd None None] Loading service plugins: ['ovn-router', 'auto_allocate', 'tag', 'timestamp', 'network_ip_availability', 'flavors', 'revisions'] {{(pid=103119) _load_service_plugins /opt/stack/neutron/neutron/manager.py:195}}
Jun 16 01:06:31.178530 np0000180449 devstack@neutron-api.service[103118]: DEBUG neutron_lib.callbacks.manager [None req-06905db9-0f5b-4f31-839e-a0c89be87d95 None None] Subscribe: > floatingip after_delete 55550000, False {{(pid=103118) subscribe /opt/stack/data/venv/lib/python3.12/site-packages/neutron_lib/callbacks/manager.py:52}}
Jun 16 01:06:31.178624 np0000180449 devstack@neutron-api.service[103119]: INFO neutron.manager [None req-328df53a-3815-4f18-b9c5-5481ff32e3fd None None] Loading Plugin: ovn-router
Jun 16 01:06:31.178653 np0000180449 devstack@neutron-api.service[103118]: DEBUG neutron_lib.callbacks.manager [None req-06905db9-0f5b-4f31-839e-a0c89be87d95 None None] Subscribe: > floatingip after_status_update 55550000, False {{(pid=103118) subscribe /opt/stack/data/venv/lib/python3.12/site-packages/neutron_lib/callbacks/manager.py:52}}
Jun 16 01:06:31.178729 np0000180449 devstack@neutron-api.service[103118]: DEBUG neutron_lib.callbacks.manager [None req-06905db9-0f5b-4f31-839e-a0c89be87d95 None None] Subscribe: > floatingip after_update 55550000, False {{(pid=103118) subscribe /opt/stack/data/venv/lib/python3.12/site-packages/neutron_lib/callbacks/manager.py:52}}
Jun 16 01:06:31.178855 np0000180449 devstack@neutron-api.service[103118]: DEBUG neutron_lib.callbacks.manager [None req-06905db9-0f5b-4f31-839e-a0c89be87d95 None None] Subscribe: > port_forwarding after_create 55550000, False {{(pid=103118) subscribe /opt/stack/data/venv/lib/python3.12/site-packages/neutron_lib/callbacks/manager.py:52}}
Jun 16 01:06:31.178950 np0000180449 devstack@neutron-api.service[103118]: DEBUG neutron_lib.callbacks.manager [None req-06905db9-0f5b-4f31-839e-a0c89be87d95 None None] Subscribe: > router_interface after_delete 55550000, False {{(pid=103118) subscribe /opt/stack/data/venv/lib/python3.12/site-packages/neutron_lib/callbacks/manager.py:52}}
Jun 16 01:06:31.179032 np0000180449 devstack@neutron-api.service[103118]: DEBUG neutron_lib.callbacks.manager [None req-06905db9-0f5b-4f31-839e-a0c89be87d95 None None] Subscribe: > router after_create 55550000, False {{(pid=103118) subscribe /opt/stack/data/venv/lib/python3.12/site-packages/neutron_lib/callbacks/manager.py:52}}
Jun 16 01:06:31.179119 np0000180449 devstack@neutron-api.service[103118]: DEBUG neutron_lib.callbacks.manager [None req-06905db9-0f5b-4f31-839e-a0c89be87d95 None None] Subscribe: > router precommit_create 55550000, False {{(pid=103118) subscribe /opt/stack/data/venv/lib/python3.12/site-packages/neutron_lib/callbacks/manager.py:52}}
Jun 16 01:06:31.179278 np0000180449 devstack@neutron-api.service[103118]: DEBUG neutron_lib.callbacks.manager [None req-06905db9-0f5b-4f31-839e-a0c89be87d95 None None] Subscribe: > router after_delete 55550000, False {{(pid=103118) subscribe /opt/stack/data/venv/lib/python3.12/site-packages/neutron_lib/callbacks/manager.py:52}}
Jun 16 01:06:31.179391 np0000180449 devstack@neutron-api.service[103118]: DEBUG neutron_lib.callbacks.manager [None req-06905db9-0f5b-4f31-839e-a0c89be87d95 None None] Subscribe: > router after_update 55550000, False {{(pid=103118) subscribe /opt/stack/data/venv/lib/python3.12/site-packages/neutron_lib/callbacks/manager.py:52}}
Jun 16 01:06:31.179558 np0000180449 devstack@neutron-api.service[103118]: DEBUG neutron.services.service_base [None req-06905db9-0f5b-4f31-839e-a0c89be87d95 None None] Loaded 'neutron.services.ovn_l3.service_providers.ovn.OvnDriver' provider for service L3_ROUTER_NAT {{(pid=103118) load_drivers /opt/stack/neutron/neutron/services/service_base.py:49}}
Jun 16 01:06:31.179616 np0000180449 devstack@neutron-api.service[103118]: DEBUG neutron_lib.callbacks.manager [None req-06905db9-0f5b-4f31-839e-a0c89be87d95 None None] Subscribe: > process after_init 55550001, True {{(pid=103118) subscribe /opt/stack/data/venv/lib/python3.12/site-packages/neutron_lib/callbacks/manager.py:52}}
Jun 16 01:06:31.179755 np0000180449 devstack@neutron-api.service[103118]: DEBUG neutron.manager [None req-06905db9-0f5b-4f31-839e-a0c89be87d95 None None] Successfully loaded L3_ROUTER_NAT plugin. Description: L3 Router Service Plugin for basic L3 forwarding using OVN {{(pid=103118) _create_and_add_service_plugin /opt/stack/neutron/neutron/manager.py:239}}
Jun 16 01:06:31.179830 np0000180449 devstack@neutron-api.service[103118]: INFO neutron.manager [None req-06905db9-0f5b-4f31-839e-a0c89be87d95 None None] Loading Plugin: auto_allocate
Jun 16 01:06:31.180774 np0000180449 devstack@neutron-api.service[103118]: DEBUG neutron_lib.callbacks.manager [None req-06905db9-0f5b-4f31-839e-a0c89be87d95 None None] Subscribe: network precommit_update 55550000, False {{(pid=103118) subscribe /opt/stack/data/venv/lib/python3.12/site-packages/neutron_lib/callbacks/manager.py:52}}
Jun 16 01:06:31.180867 np0000180449 devstack@neutron-api.service[103118]: DEBUG neutron_lib.callbacks.manager [None req-06905db9-0f5b-4f31-839e-a0c89be87d95 None None] Subscribe: network precommit_create 55550000, False {{(pid=103118) subscribe /opt/stack/data/venv/lib/python3.12/site-packages/neutron_lib/callbacks/manager.py:52}}
Jun 16 01:06:31.181100 np0000180449 devstack@neutron-api.service[103118]: DEBUG neutron.manager [None req-06905db9-0f5b-4f31-839e-a0c89be87d95 None None] Successfully loaded auto-allocated-topology plugin. Description: Auto Allocated Topology - aka get me a network. {{(pid=103118) _create_and_add_service_plugin /opt/stack/neutron/neutron/manager.py:239}}
Jun 16 01:06:31.181169 np0000180449 devstack@neutron-api.service[103118]: INFO neutron.manager [None req-06905db9-0f5b-4f31-839e-a0c89be87d95 None None] Loading Plugin: tag
Jun 16 01:06:31.183969 np0000180449 devstack@neutron-api.service[103118]: DEBUG neutron.manager [None req-06905db9-0f5b-4f31-839e-a0c89be87d95 None None] Successfully loaded TAG plugin. Description: Tag support {{(pid=103118) _create_and_add_service_plugin /opt/stack/neutron/neutron/manager.py:239}}
Jun 16 01:06:31.184097 np0000180449 devstack@neutron-api.service[103118]: INFO neutron.manager [None req-06905db9-0f5b-4f31-839e-a0c89be87d95 None None] Loading Plugin: timestamp
Jun 16 01:06:31.185287 np0000180449 devstack@neutron-api.service[103118]: DEBUG neutron.manager [None req-06905db9-0f5b-4f31-839e-a0c89be87d95 None None] Successfully loaded timestamp plugin. Description: Adds timestamps to Neutron resources with standard attributes {{(pid=103118) _create_and_add_service_plugin /opt/stack/neutron/neutron/manager.py:239}}
Jun 16 01:06:31.185412 np0000180449 devstack@neutron-api.service[103118]: INFO neutron.manager [None req-06905db9-0f5b-4f31-839e-a0c89be87d95 None None] Loading Plugin: network_ip_availability
Jun 16 01:06:31.186986 np0000180449 devstack@neutron-api.service[103118]: DEBUG neutron.manager [None req-06905db9-0f5b-4f31-839e-a0c89be87d95 None None] Successfully loaded network-ip-availability plugin. Description: Provides IP availability data for each network and subnet. {{(pid=103118) _create_and_add_service_plugin /opt/stack/neutron/neutron/manager.py:239}}
Jun 16 01:06:31.187083 np0000180449 devstack@neutron-api.service[103118]: INFO neutron.manager [None req-06905db9-0f5b-4f31-839e-a0c89be87d95 None None] Loading Plugin: flavors
Jun 16 01:06:31.188743 np0000180449 devstack@neutron-api.service[103118]: DEBUG neutron.manager [None req-06905db9-0f5b-4f31-839e-a0c89be87d95 None None] Successfully loaded FLAVORS plugin. Description: Neutron Flavors and Service Profiles manager plugin {{(pid=103118) _create_and_add_service_plugin /opt/stack/neutron/neutron/manager.py:239}}
Jun 16 01:06:31.188743 np0000180449 devstack@neutron-api.service[103118]: INFO neutron.manager [None req-06905db9-0f5b-4f31-839e-a0c89be87d95 None None] Loading Plugin: revisions
Jun 16 01:06:31.189002 np0000180449 devstack@neutron-api.service[103118]: DEBUG neutron.manager [None req-06905db9-0f5b-4f31-839e-a0c89be87d95 None None] Successfully loaded revision_plugin plugin. Description: Adds revision numbers to resources. {{(pid=103118) _create_and_add_service_plugin /opt/stack/neutron/neutron/manager.py:239}}
Jun 16 01:06:31.189135 np0000180449 devstack@neutron-api.service[103118]: DEBUG oslo_concurrency.lockutils [None req-06905db9-0f5b-4f31-839e-a0c89be87d95 None None] Lock "manager" "released" by "neutron.manager.NeutronManager._create_instance" :: held 4.517s {{(pid=103118) inner /opt/stack/data/venv/lib/python3.12/site-packages/oslo_concurrency/lockutils.py:543}}
Jun 16 01:06:31.189386 np0000180449 devstack@neutron-api.service[103118]: DEBUG neutron.api.extensions [None req-06905db9-0f5b-4f31-839e-a0c89be87d95 None None] get_extension_paths = OrderedDict({'/opt/stack/neutron/neutron/extensions': 1}) {{(pid=103118) get_extensions_path /opt/stack/neutron/neutron/api/extensions.py:640}}
Jun 16 01:06:31.189464 np0000180449 devstack@neutron-api.service[103118]: INFO neutron.api.extensions [None req-06905db9-0f5b-4f31-839e-a0c89be87d95 None None] Initializing extension manager.
Jun 16 01:06:31.189737 np0000180449 devstack@neutron-api.service[103118]: DEBUG neutron.api.extensions [None req-06905db9-0f5b-4f31-839e-a0c89be87d95 None None] Loading extension file: __init__.py {{(pid=103118) _load_all_extensions_from_path /opt/stack/neutron/neutron/api/extensions.py:449}}
Jun 16 01:06:31.190644 np0000180449 devstack@neutron-api.service[103118]: DEBUG neutron.api.extensions [None req-06905db9-0f5b-4f31-839e-a0c89be87d95 None None] Loading extension file: __pycache__ {{(pid=103118) _load_all_extensions_from_path /opt/stack/neutron/neutron/api/extensions.py:449}}
Jun 16 01:06:31.190644 np0000180449 devstack@neutron-api.service[103118]: DEBUG neutron.api.extensions [None req-06905db9-0f5b-4f31-839e-a0c89be87d95 None None] Loading extension file: aap_reject_multicast.py {{(pid=103118) _load_all_extensions_from_path /opt/stack/neutron/neutron/api/extensions.py:449}}
Jun 16 01:06:31.190644 np0000180449 devstack@neutron-api.service[103118]: DEBUG neutron.api.extensions [None req-06905db9-0f5b-4f31-839e-a0c89be87d95 None None] Ext name="Allowed address pairs reject multicast extension" alias="aap-reject-multicast" description="Reject multicast addresses in Allowed Address Pairs" updated="2026-04-01T00:00:00-00:00" {{(pid=103118) _check_extension /opt/stack/neutron/neutron/api/extensions.py:415}}
Jun 16 01:06:31.190644 np0000180449 devstack@neutron-api.service[103118]: INFO neutron.api.extensions [None req-06905db9-0f5b-4f31-839e-a0c89be87d95 None None] Extension aap-reject-multicast not supported by any of loaded plugins
Jun 16 01:06:31.190644 np0000180449 devstack@neutron-api.service[103118]: DEBUG neutron.api.extensions [None req-06905db9-0f5b-4f31-839e-a0c89be87d95 None None] Loading extension file: address_group.py {{(pid=103118) _load_all_extensions_from_path /opt/stack/neutron/neutron/api/extensions.py:449}}
Jun 16 01:06:31.191154 np0000180449 devstack@neutron-api.service[103119]: DEBUG neutron_lib.callbacks.manager [None req-328df53a-3815-4f18-b9c5-5481ff32e3fd None None] Subscribe: > router before_delete 55550000, False {{(pid=103119) subscribe /opt/stack/data/venv/lib/python3.12/site-packages/neutron_lib/callbacks/manager.py:52}}
Jun 16 01:06:31.191329 np0000180449 devstack@neutron-api.service[103118]: DEBUG neutron.api.extensions [None req-06905db9-0f5b-4f31-839e-a0c89be87d95 None None] Ext name="Address group" alias="address-group" description="Support address group" updated="2020-07-15T10:00:00-00:00" {{(pid=103118) _check_extension /opt/stack/neutron/neutron/api/extensions.py:415}}
Jun 16 01:06:31.191390 np0000180449 devstack@neutron-api.service[103119]: DEBUG neutron_lib.callbacks.manager [None req-328df53a-3815-4f18-b9c5-5481ff32e3fd None None] Subscribe: port before_update 55550000, False {{(pid=103119) subscribe /opt/stack/data/venv/lib/python3.12/site-packages/neutron_lib/callbacks/manager.py:52}}
Jun 16 01:06:31.191450 np0000180449 devstack@neutron-api.service[103118]: INFO neutron.api.extensions [None req-06905db9-0f5b-4f31-839e-a0c89be87d95 None None] Loaded extension: address-group
Jun 16 01:06:31.191450 np0000180449 devstack@neutron-api.service[103118]: DEBUG neutron.api.extensions [None req-06905db9-0f5b-4f31-839e-a0c89be87d95 None None] Loading extension file: address_scope.py {{(pid=103118) _load_all_extensions_from_path /opt/stack/neutron/neutron/api/extensions.py:449}}
Jun 16 01:06:31.191512 np0000180449 devstack@neutron-api.service[103119]: DEBUG neutron_lib.callbacks.manager [None req-328df53a-3815-4f18-b9c5-5481ff32e3fd None None] Subscribe: port after_update 55550000, False {{(pid=103119) subscribe /opt/stack/data/venv/lib/python3.12/site-packages/neutron_lib/callbacks/manager.py:52}}
Jun 16 01:06:31.191512 np0000180449 devstack@neutron-api.service[103119]: DEBUG neutron_lib.callbacks.manager [None req-328df53a-3815-4f18-b9c5-5481ff32e3fd None None] Subscribe: > port precommit_delete 55550000, False {{(pid=103119) subscribe /opt/stack/data/venv/lib/python3.12/site-packages/neutron_lib/callbacks/manager.py:52}}
Jun 16 01:06:31.191512 np0000180449 devstack@neutron-api.service[103119]: DEBUG neutron_lib.callbacks.manager [None req-328df53a-3815-4f18-b9c5-5481ff32e3fd None None] Subscribe: port before_update 55550000, False {{(pid=103119) subscribe /opt/stack/data/venv/lib/python3.12/site-packages/neutron_lib/callbacks/manager.py:52}}
Jun 16 01:06:31.191640 np0000180449 devstack@neutron-api.service[103118]: DEBUG neutron.api.extensions [None req-06905db9-0f5b-4f31-839e-a0c89be87d95 None None] Ext name="Address scope" alias="address-scope" description="Address scopes extension." updated="2015-07-26T10:00:00-00:00" {{(pid=103118) _check_extension /opt/stack/neutron/neutron/api/extensions.py:415}}
Jun 16 01:06:31.191704 np0000180449 devstack@neutron-api.service[103119]: DEBUG neutron_lib.callbacks.manager [None req-328df53a-3815-4f18-b9c5-5481ff32e3fd None None] Subscribe: port before_delete 55550000, False {{(pid=103119) subscribe /opt/stack/data/venv/lib/python3.12/site-packages/neutron_lib/callbacks/manager.py:52}}
Jun 16 01:06:31.191704 np0000180449 devstack@neutron-api.service[103119]: DEBUG neutron_lib.callbacks.manager [None req-328df53a-3815-4f18-b9c5-5481ff32e3fd None None] Subscribe: > router precommit_create 55550000, False {{(pid=103119) subscribe /opt/stack/data/venv/lib/python3.12/site-packages/neutron_lib/callbacks/manager.py:52}}
Jun 16 01:06:31.191796 np0000180449 devstack@neutron-api.service[103118]: INFO neutron.api.extensions [None req-06905db9-0f5b-4f31-839e-a0c89be87d95 None None] Loaded extension: address-scope
Jun 16 01:06:31.191853 np0000180449 devstack@neutron-api.service[103119]: DEBUG neutron_lib.callbacks.manager [None req-328df53a-3815-4f18-b9c5-5481ff32e3fd None None] Subscribe: > router precommit_create 55550000, False {{(pid=103119) subscribe /opt/stack/data/venv/lib/python3.12/site-packages/neutron_lib/callbacks/manager.py:52}}
Jun 16 01:06:31.191913 np0000180449 devstack@neutron-api.service[103118]: DEBUG neutron.api.extensions [None req-06905db9-0f5b-4f31-839e-a0c89be87d95 None None] Loading extension file: admin_state_down_before_update.py {{(pid=103118) _load_all_extensions_from_path /opt/stack/neutron/neutron/api/extensions.py:449}}
Jun 16 01:06:31.191950 np0000180449 devstack@neutron-api.service[103119]: DEBUG neutron_lib.callbacks.manager [None req-328df53a-3815-4f18-b9c5-5481ff32e3fd None None] Subscribe: > router precommit_update 55550000, False {{(pid=103119) subscribe /opt/stack/data/venv/lib/python3.12/site-packages/neutron_lib/callbacks/manager.py:52}}
Jun 16 01:06:31.191950 np0000180449 devstack@neutron-api.service[103119]: DEBUG neutron_lib.callbacks.manager [None req-328df53a-3815-4f18-b9c5-5481ff32e3fd None None] Subscribe: subnet after_update 55550000, False {{(pid=103119) subscribe /opt/stack/data/venv/lib/python3.12/site-packages/neutron_lib/callbacks/manager.py:52}}
Jun 16 01:06:31.192126 np0000180449 devstack@neutron-api.service[103118]: DEBUG neutron.api.extensions [None req-06905db9-0f5b-4f31-839e-a0c89be87d95 None None] Ext name="Enforce Router's Admin State Down Before Update Extension" alias="router-admin-state-down-before-update" description="Ensure that the admin state of a router is DOWN (admin_state_up=False) before updating the distributed attribute" updated="2019-07-02T15:56:00" {{(pid=103118) _check_extension /opt/stack/neutron/neutron/api/extensions.py:415}}
Jun 16 01:06:31.192160 np0000180449 devstack@neutron-api.service[103119]: DEBUG neutron.quota.resource_registry [None req-328df53a-3815-4f18-b9c5-5481ff32e3fd None None] Tracking information for resource: router configured {{(pid=103119) set_tracked_resource /opt/stack/neutron/neutron/quota/resource_registry.py:203}}
Jun 16 01:06:31.192258 np0000180449 devstack@neutron-api.service[103119]: DEBUG neutron.quota.resource_registry [None req-328df53a-3815-4f18-b9c5-5481ff32e3fd None None] Tracking information for resource: floatingip configured {{(pid=103119) set_tracked_resource /opt/stack/neutron/neutron/quota/resource_registry.py:203}}
Jun 16 01:06:31.192377 np0000180449 devstack@neutron-api.service[103118]: INFO neutron.api.extensions [None req-06905db9-0f5b-4f31-839e-a0c89be87d95 None None] Extension router-admin-state-down-before-update not supported by any of loaded plugins
Jun 16 01:06:31.192408 np0000180449 devstack@neutron-api.service[103119]: INFO neutron.services.ovn_l3.plugin [None req-328df53a-3815-4f18-b9c5-5481ff32e3fd None None] Starting OVNL3RouterPlugin
Jun 16 01:06:31.192466 np0000180449 devstack@neutron-api.service[103118]: DEBUG neutron.api.extensions [None req-06905db9-0f5b-4f31-839e-a0c89be87d95 None None] Loading extension file: agent.py {{(pid=103118) _load_all_extensions_from_path /opt/stack/neutron/neutron/api/extensions.py:449}}
Jun 16 01:06:31.192701 np0000180449 devstack@neutron-api.service[103119]: DEBUG neutron_lib.callbacks.manager [None req-328df53a-3815-4f18-b9c5-5481ff32e3fd None None] Subscribe: > port_forwarding_plugin after_init 55550000, False {{(pid=103119) subscribe /opt/stack/data/venv/lib/python3.12/site-packages/neutron_lib/callbacks/manager.py:52}}
Jun 16 01:06:31.192869 np0000180449 devstack@neutron-api.service[103118]: DEBUG neutron.api.extensions [None req-06905db9-0f5b-4f31-839e-a0c89be87d95 None None] Ext name="agent" alias="agent" description="The agent management extension." updated="2013-02-03T10:00:00-00:00" {{(pid=103118) _check_extension /opt/stack/neutron/neutron/api/extensions.py:415}}
Jun 16 01:06:31.192970 np0000180449 devstack@neutron-api.service[103119]: DEBUG neutron_lib.callbacks.manager [None req-328df53a-3815-4f18-b9c5-5481ff32e3fd None None] Subscribe: > router before_create 55550100, False {{(pid=103119) subscribe /opt/stack/data/venv/lib/python3.12/site-packages/neutron_lib/callbacks/manager.py:52}}
Jun 16 01:06:31.193125 np0000180449 devstack@neutron-api.service[103119]: DEBUG neutron_lib.callbacks.manager [None req-328df53a-3815-4f18-b9c5-5481ff32e3fd None None] Subscribe: > router precommit_delete 55550100, False {{(pid=103119) subscribe /opt/stack/data/venv/lib/python3.12/site-packages/neutron_lib/callbacks/manager.py:52}}
Jun 16 01:06:31.193153 np0000180449 devstack@neutron-api.service[103118]: INFO neutron.api.extensions [None req-06905db9-0f5b-4f31-839e-a0c89be87d95 None None] Loaded extension: agent
Jun 16 01:06:31.193253 np0000180449 devstack@neutron-api.service[103119]: DEBUG neutron_lib.callbacks.manager [None req-328df53a-3815-4f18-b9c5-5481ff32e3fd None None] Subscribe: > router precommit_create 55550100, False {{(pid=103119) subscribe /opt/stack/data/venv/lib/python3.12/site-packages/neutron_lib/callbacks/manager.py:52}}
Jun 16 01:06:31.193296 np0000180449 devstack@neutron-api.service[103118]: DEBUG neutron.api.extensions [None req-06905db9-0f5b-4f31-839e-a0c89be87d95 None None] Loading extension file: agent_resources_synced.py {{(pid=103118) _load_all_extensions_from_path /opt/stack/neutron/neutron/api/extensions.py:449}}
Jun 16 01:06:31.193382 np0000180449 devstack@neutron-api.service[103119]: DEBUG neutron_lib.callbacks.manager [None req-328df53a-3815-4f18-b9c5-5481ff32e3fd None None] Subscribe: > router precommit_update 55550100, False {{(pid=103119) subscribe /opt/stack/data/venv/lib/python3.12/site-packages/neutron_lib/callbacks/manager.py:52}}
Jun 16 01:06:31.193573 np0000180449 devstack@neutron-api.service[103118]: DEBUG neutron.api.extensions [None req-06905db9-0f5b-4f31-839e-a0c89be87d95 None None] Ext name="Agent's Resource View Synced to Placement" alias="agent-resources-synced" description="Stores success/failure of last sync to Placement" updated="2018-12-19T00:00:00-00:00" {{(pid=103118) _check_extension /opt/stack/neutron/neutron/api/extensions.py:415}}
Jun 16 01:06:31.193875 np0000180449 devstack@neutron-api.service[103118]: INFO neutron.api.extensions [None req-06905db9-0f5b-4f31-839e-a0c89be87d95 None None] Extension agent-resources-synced not supported by any of loaded plugins
Jun 16 01:06:31.194006 np0000180449 devstack@neutron-api.service[103118]: DEBUG neutron.api.extensions [None req-06905db9-0f5b-4f31-839e-a0c89be87d95 None None] Loading extension file: agent_sort_key.py {{(pid=103118) _load_all_extensions_from_path /opt/stack/neutron/neutron/api/extensions.py:449}}
Jun 16 01:06:31.194233 np0000180449 devstack@neutron-api.service[103118]: DEBUG neutron.api.extensions [None req-06905db9-0f5b-4f31-839e-a0c89be87d95 None None] Ext name="Agents Sort Key" alias="agent_sort_key" description="Enabling the keyword sort_key for sorting in agents." updated="2013-02-03T10:00:00-00:00" {{(pid=103118) _check_extension /opt/stack/neutron/neutron/api/extensions.py:415}}
Jun 16 01:06:31.194442 np0000180449 devstack@neutron-api.service[103118]: INFO neutron.api.extensions [None req-06905db9-0f5b-4f31-839e-a0c89be87d95 None None] Extension agent_sort_key not supported by any of loaded plugins
Jun 16 01:06:31.194518 np0000180449 devstack@neutron-api.service[103118]: DEBUG neutron.api.extensions [None req-06905db9-0f5b-4f31-839e-a0c89be87d95 None None] Loading extension file: allowedaddresspairs.py {{(pid=103118) _load_all_extensions_from_path /opt/stack/neutron/neutron/api/extensions.py:449}}
Jun 16 01:06:31.195187 np0000180449 devstack@neutron-api.service[103118]: DEBUG neutron.api.extensions [None req-06905db9-0f5b-4f31-839e-a0c89be87d95 None None] Ext name="Allowed Address Pairs" alias="allowed-address-pairs" description="Provides allowed address pairs" updated="2013-07-23T10:00:00-00:00" {{(pid=103118) _check_extension /opt/stack/neutron/neutron/api/extensions.py:415}}
Jun 16 01:06:31.195390 np0000180449 devstack@neutron-api.service[103118]: INFO neutron.api.extensions [None req-06905db9-0f5b-4f31-839e-a0c89be87d95 None None] Loaded extension: allowed-address-pairs
Jun 16 01:06:31.195482 np0000180449 devstack@neutron-api.service[103118]: DEBUG neutron.api.extensions [None req-06905db9-0f5b-4f31-839e-a0c89be87d95 None None] Loading extension file: auto_allocated_topology.py {{(pid=103118) _load_all_extensions_from_path /opt/stack/neutron/neutron/api/extensions.py:449}}
Jun 16 01:06:31.195731 np0000180449 devstack@neutron-api.service[103118]: DEBUG neutron.api.extensions [None req-06905db9-0f5b-4f31-839e-a0c89be87d95 None None] Ext name="Auto Allocated Topology Services" alias="auto-allocated-topology" description="Auto Allocated Topology Services." updated="2016-01-01T00:00:00-00:00" {{(pid=103118) _check_extension /opt/stack/neutron/neutron/api/extensions.py:415}}
Jun 16 01:06:31.195928 np0000180449 devstack@neutron-api.service[103118]: INFO neutron.api.extensions [None req-06905db9-0f5b-4f31-839e-a0c89be87d95 None None] Loaded extension: auto-allocated-topology
Jun 16 01:06:31.196012 np0000180449 devstack@neutron-api.service[103118]: DEBUG neutron.api.extensions [None req-06905db9-0f5b-4f31-839e-a0c89be87d95 None None] Loading extension file: availability_zone.py {{(pid=103118) _load_all_extensions_from_path /opt/stack/neutron/neutron/api/extensions.py:449}}
Jun 16 01:06:31.197772 np0000180449 devstack@neutron-api.service[103118]: DEBUG neutron.api.extensions [None req-06905db9-0f5b-4f31-839e-a0c89be87d95 None None] Ext name="Availability Zone" alias="availability_zone" description="The availability zone extension." updated="2015-01-01T10:00:00-00:00" {{(pid=103118) _check_extension /opt/stack/neutron/neutron/api/extensions.py:415}}
Jun 16 01:06:31.197772 np0000180449 devstack@neutron-api.service[103118]: INFO neutron.api.extensions [None req-06905db9-0f5b-4f31-839e-a0c89be87d95 None None] Loaded extension: availability_zone
Jun 16 01:06:31.197772 np0000180449 devstack@neutron-api.service[103118]: DEBUG neutron.api.extensions [None req-06905db9-0f5b-4f31-839e-a0c89be87d95 None None] Loading extension file: availability_zone_filter.py {{(pid=103118) _load_all_extensions_from_path /opt/stack/neutron/neutron/api/extensions.py:449}}
Jun 16 01:06:31.198063 np0000180449 devstack@neutron-api.service[103119]: DEBUG neutron.services.provider_configuration [None req-328df53a-3815-4f18-b9c5-5481ff32e3fd None None] Service providers = [] {{(pid=103119) parse_service_provider_opt /opt/stack/neutron/neutron/services/provider_configuration.py:170}}
Jun 16 01:06:31.198063 np0000180449 devstack@neutron-api.service[103119]: DEBUG neutron.db.servicetype_db [None req-328df53a-3815-4f18-b9c5-5481ff32e3fd None None] Adding provider configuration for service L3_ROUTER_NAT {{(pid=103119) add_provider_configuration /opt/stack/neutron/neutron/db/servicetype_db.py:45}}
Jun 16 01:06:31.198190 np0000180449 devstack@neutron-api.service[103118]: DEBUG neutron.api.extensions [None req-06905db9-0f5b-4f31-839e-a0c89be87d95 None None] Ext name="Availability Zone Filter Extension" alias="availability_zone_filter" description="Add filter parameters to AvailabilityZone resource" updated="2018-06-22T10:00:00-00:00" {{(pid=103118) _check_extension /opt/stack/neutron/neutron/api/extensions.py:415}}
Jun 16 01:06:31.198190 np0000180449 devstack@neutron-api.service[103118]: INFO neutron.api.extensions [None req-06905db9-0f5b-4f31-839e-a0c89be87d95 None None] Extension availability_zone_filter not supported by any of loaded plugins
Jun 16 01:06:31.198190 np0000180449 devstack@neutron-api.service[103118]: DEBUG neutron.api.extensions [None req-06905db9-0f5b-4f31-839e-a0c89be87d95 None None] Loading extension file: data_plane_status.py {{(pid=103118) _load_all_extensions_from_path /opt/stack/neutron/neutron/api/extensions.py:449}}
Jun 16 01:06:31.198337 np0000180449 devstack@neutron-api.service[103118]: DEBUG neutron.api.extensions [None req-06905db9-0f5b-4f31-839e-a0c89be87d95 None None] Ext name="Port data plane status extension" alias="data-plane-status" description="Expose status of underlying data plane" updated="2017-01-24T10:00:00-00:00" {{(pid=103118) _check_extension /opt/stack/neutron/neutron/api/extensions.py:415}}
Jun 16 01:06:31.198502 np0000180449 devstack@neutron-api.service[103118]: INFO neutron.api.extensions [None req-06905db9-0f5b-4f31-839e-a0c89be87d95 None None] Extension data-plane-status not supported by any of loaded plugins
Jun 16 01:06:31.198594 np0000180449 devstack@neutron-api.service[103118]: DEBUG neutron.api.extensions [None req-06905db9-0f5b-4f31-839e-a0c89be87d95 None None] Loading extension file: default_subnetpools.py {{(pid=103118) _load_all_extensions_from_path /opt/stack/neutron/neutron/api/extensions.py:449}}
Jun 16 01:06:31.198829 np0000180449 devstack@neutron-api.service[103118]: DEBUG neutron.api.extensions [None req-06905db9-0f5b-4f31-839e-a0c89be87d95 None None] Ext name="Default Subnetpools" alias="default-subnetpools" description="Provides ability to mark and use a subnetpool as the default." updated="2016-02-18T18:00:00-00:00" {{(pid=103118) _check_extension /opt/stack/neutron/neutron/api/extensions.py:415}}
Jun 16 01:06:31.199006 np0000180449 devstack@neutron-api.service[103118]: INFO neutron.api.extensions [None req-06905db9-0f5b-4f31-839e-a0c89be87d95 None None] Loaded extension: default-subnetpools
Jun 16 01:06:31.199097 np0000180449 devstack@neutron-api.service[103118]: DEBUG neutron.api.extensions [None req-06905db9-0f5b-4f31-839e-a0c89be87d95 None None] Loading extension file: dhcpagentscheduler.py {{(pid=103118) _load_all_extensions_from_path /opt/stack/neutron/neutron/api/extensions.py:449}}
Jun 16 01:06:31.199157 np0000180449 devstack@neutron-api.service[103119]: DEBUG neutron_lib.callbacks.manager [None req-328df53a-3815-4f18-b9c5-5481ff32e3fd None None] Subscribe: > router precommit_create 55549900, False {{(pid=103119) subscribe /opt/stack/data/venv/lib/python3.12/site-packages/neutron_lib/callbacks/manager.py:52}}
Jun 16 01:06:31.199259 np0000180449 devstack@neutron-api.service[103119]: DEBUG neutron_lib.callbacks.manager [None req-328df53a-3815-4f18-b9c5-5481ff32e3fd None None] Subscribe: > router_interface after_create 55550000, False {{(pid=103119) subscribe /opt/stack/data/venv/lib/python3.12/site-packages/neutron_lib/callbacks/manager.py:52}}
Jun 16 01:06:31.199400 np0000180449 devstack@neutron-api.service[103119]: DEBUG neutron_lib.callbacks.manager [None req-328df53a-3815-4f18-b9c5-5481ff32e3fd None None] Subscribe: > floatingip after_create 55550000, False {{(pid=103119) subscribe /opt/stack/data/venv/lib/python3.12/site-packages/neutron_lib/callbacks/manager.py:52}}
Jun 16 01:06:31.199488 np0000180449 devstack@neutron-api.service[103119]: DEBUG neutron_lib.callbacks.manager [None req-328df53a-3815-4f18-b9c5-5481ff32e3fd None None] Subscribe: > floatingip precommit_create 55550000, False {{(pid=103119) subscribe /opt/stack/data/venv/lib/python3.12/site-packages/neutron_lib/callbacks/manager.py:52}}
Jun 16 01:06:31.199520 np0000180449 devstack@neutron-api.service[103118]: DEBUG neutron.api.extensions [None req-06905db9-0f5b-4f31-839e-a0c89be87d95 None None] Ext name="DHCP Agent Scheduler" alias="dhcp_agent_scheduler" description="Schedule networks among dhcp agents" updated="2013-02-07T10:00:00-00:00" {{(pid=103118) _check_extension /opt/stack/neutron/neutron/api/extensions.py:415}}
Jun 16 01:06:31.199580 np0000180449 devstack@neutron-api.service[103119]: DEBUG neutron_lib.callbacks.manager [None req-328df53a-3815-4f18-b9c5-5481ff32e3fd None None] Subscribe: > floatingip precommit_update 55550000, False {{(pid=103119) subscribe /opt/stack/data/venv/lib/python3.12/site-packages/neutron_lib/callbacks/manager.py:52}}
Jun 16 01:06:31.199679 np0000180449 devstack@neutron-api.service[103118]: INFO neutron.api.extensions [None req-06905db9-0f5b-4f31-839e-a0c89be87d95 None None] Loaded extension: dhcp_agent_scheduler
Jun 16 01:06:31.199709 np0000180449 devstack@neutron-api.service[103119]: DEBUG neutron_lib.callbacks.manager [None req-328df53a-3815-4f18-b9c5-5481ff32e3fd None None] Subscribe: > floatingip after_delete 55550000, False {{(pid=103119) subscribe /opt/stack/data/venv/lib/python3.12/site-packages/neutron_lib/callbacks/manager.py:52}}
Jun 16 01:06:31.199766 np0000180449 devstack@neutron-api.service[103118]: DEBUG neutron.api.extensions [None req-06905db9-0f5b-4f31-839e-a0c89be87d95 None None] Loading extension file: dns.py {{(pid=103118) _load_all_extensions_from_path /opt/stack/neutron/neutron/api/extensions.py:449}}
Jun 16 01:06:31.199792 np0000180449 devstack@neutron-api.service[103119]: DEBUG neutron_lib.callbacks.manager [None req-328df53a-3815-4f18-b9c5-5481ff32e3fd None None] Subscribe: > floatingip after_status_update 55550000, False {{(pid=103119) subscribe /opt/stack/data/venv/lib/python3.12/site-packages/neutron_lib/callbacks/manager.py:52}}
Jun 16 01:06:31.199894 np0000180449 devstack@neutron-api.service[103119]: DEBUG neutron_lib.callbacks.manager [None req-328df53a-3815-4f18-b9c5-5481ff32e3fd None None] Subscribe: > floatingip after_update 55550000, False {{(pid=103119) subscribe /opt/stack/data/venv/lib/python3.12/site-packages/neutron_lib/callbacks/manager.py:52}}
Jun 16 01:06:31.200019 np0000180449 devstack@neutron-api.service[103119]: DEBUG neutron_lib.callbacks.manager [None req-328df53a-3815-4f18-b9c5-5481ff32e3fd None None] Subscribe: > port_forwarding after_create 55550000, False {{(pid=103119) subscribe /opt/stack/data/venv/lib/python3.12/site-packages/neutron_lib/callbacks/manager.py:52}}
Jun 16 01:06:31.200051 np0000180449 devstack@neutron-api.service[103118]: DEBUG neutron.api.extensions [None req-06905db9-0f5b-4f31-839e-a0c89be87d95 None None] Ext name="DNS Integration" alias="dns-integration" description="Provides integration with DNS." updated="2015-08-15T18:00:00-00:00" {{(pid=103118) _check_extension /opt/stack/neutron/neutron/api/extensions.py:415}}
Jun 16 01:06:31.200105 np0000180449 devstack@neutron-api.service[103119]: DEBUG neutron_lib.callbacks.manager [None req-328df53a-3815-4f18-b9c5-5481ff32e3fd None None] Subscribe: > router_interface after_delete 55550000, False {{(pid=103119) subscribe /opt/stack/data/venv/lib/python3.12/site-packages/neutron_lib/callbacks/manager.py:52}}
Jun 16 01:06:31.200192 np0000180449 devstack@neutron-api.service[103118]: INFO neutron.api.extensions [None req-06905db9-0f5b-4f31-839e-a0c89be87d95 None None] Loaded extension: dns-integration
Jun 16 01:06:31.200254 np0000180449 devstack@neutron-api.service[103119]: DEBUG neutron_lib.callbacks.manager [None req-328df53a-3815-4f18-b9c5-5481ff32e3fd None None] Subscribe: > router after_create 55550000, False {{(pid=103119) subscribe /opt/stack/data/venv/lib/python3.12/site-packages/neutron_lib/callbacks/manager.py:52}}
Jun 16 01:06:31.200314 np0000180449 devstack@neutron-api.service[103118]: DEBUG neutron.api.extensions [None req-06905db9-0f5b-4f31-839e-a0c89be87d95 None None] Loading extension file: dns_domain_ports.py {{(pid=103118) _load_all_extensions_from_path /opt/stack/neutron/neutron/api/extensions.py:449}}
Jun 16 01:06:31.200344 np0000180449 devstack@neutron-api.service[103119]: DEBUG neutron_lib.callbacks.manager [None req-328df53a-3815-4f18-b9c5-5481ff32e3fd None None] Subscribe: > router precommit_create 55550000, False {{(pid=103119) subscribe /opt/stack/data/venv/lib/python3.12/site-packages/neutron_lib/callbacks/manager.py:52}}
Jun 16 01:06:31.200456 np0000180449 devstack@neutron-api.service[103119]: DEBUG neutron_lib.callbacks.manager [None req-328df53a-3815-4f18-b9c5-5481ff32e3fd None None] Subscribe: > router after_delete 55550000, False {{(pid=103119) subscribe /opt/stack/data/venv/lib/python3.12/site-packages/neutron_lib/callbacks/manager.py:52}}
Jun 16 01:06:31.200532 np0000180449 devstack@neutron-api.service[103118]: DEBUG neutron.api.extensions [None req-06905db9-0f5b-4f31-839e-a0c89be87d95 None None] Ext name="dns_domain for ports" alias="dns-domain-ports" description="Allows the DNS domain to be specified for a network port." updated="2017-04-24T10:00:00-00:00" {{(pid=103118) _check_extension /opt/stack/neutron/neutron/api/extensions.py:415}}
Jun 16 01:06:31.200568 np0000180449 devstack@neutron-api.service[103119]: DEBUG neutron_lib.callbacks.manager [None req-328df53a-3815-4f18-b9c5-5481ff32e3fd None None] Subscribe: > router after_update 55550000, False {{(pid=103119) subscribe /opt/stack/data/venv/lib/python3.12/site-packages/neutron_lib/callbacks/manager.py:52}}
Jun 16 01:06:31.200706 np0000180449 devstack@neutron-api.service[103118]: INFO neutron.api.extensions [None req-06905db9-0f5b-4f31-839e-a0c89be87d95 None None] Loaded extension: dns-domain-ports
Jun 16 01:06:31.200740 np0000180449 devstack@neutron-api.service[103119]: DEBUG neutron.services.service_base [None req-328df53a-3815-4f18-b9c5-5481ff32e3fd None None] Loaded 'neutron.services.ovn_l3.service_providers.ovn.OvnDriver' provider for service L3_ROUTER_NAT {{(pid=103119) load_drivers /opt/stack/neutron/neutron/services/service_base.py:49}}
Jun 16 01:06:31.200770 np0000180449 devstack@neutron-api.service[103118]: DEBUG neutron.api.extensions [None req-06905db9-0f5b-4f31-839e-a0c89be87d95 None None] Loading extension file: dns_integration_domain_keywords.py {{(pid=103118) _load_all_extensions_from_path /opt/stack/neutron/neutron/api/extensions.py:449}}
Jun 16 01:06:31.200867 np0000180449 devstack@neutron-api.service[103119]: DEBUG neutron_lib.callbacks.manager [None req-328df53a-3815-4f18-b9c5-5481ff32e3fd None None] Subscribe: > process after_init 55550001, True {{(pid=103119) subscribe /opt/stack/data/venv/lib/python3.12/site-packages/neutron_lib/callbacks/manager.py:52}}
