2026-06-25 23:32:22.704 10 ERROR neutron.plugins.ml2.managers with excutils.save_and_reraise_exception():
2026-06-25 23:32:22.704 10 ERROR neutron.plugins.ml2.managers
File "/var/lib/openstack/lib/python3.10/site-packages/oslo_utils/excutils.py", line 227, in __exit__
2026-06-25 23:32:22.704 10 ERROR neutron.plugins.ml2.managers self.force_reraise()
2026-06-25 23:32:22.704 10 ERROR neutron.plugins.ml2.managers
File "/var/lib/openstack/lib/python3.10/site-packages/oslo_utils/excutils.py", line 200, in force_reraise
2026-06-25 23:32:22.704 10 ERROR neutron.plugins.ml2.managers raise self.value
2026-06-25 23:32:22.704 10 ERROR neutron.plugins.ml2.managers
File "/var/lib/openstack/lib/python3.10/site-packages/neutron_lib/db/api.py", line 135, in wrapped
2026-06-25 23:32:22.704 10 ERROR neutron.plugins.ml2.managers return f(*args, **kwargs)
2026-06-25 23:32:22.704 10 ERROR neutron.plugins.ml2.managers
File "/var/lib/openstack/lib/python3.10/site-packages/oslo_db/api.py", line 144, in wrapper
2026-06-25 23:32:22.704 10 ERROR neutron.plugins.ml2.managers with excutils.save_and_reraise_exception() as ectxt:
2026-06-25 23:32:22.704 10 ERROR neutron.plugins.ml2.managers
File "/var/lib/openstack/lib/python3.10/site-packages/oslo_utils/excutils.py", line 227, in __exit__
2026-06-25 23:32:22.704 10 ERROR neutron.plugins.ml2.managers self.force_reraise()
2026-06-25 23:32:22.704 10 ERROR neutron.plugins.ml2.managers
File "/var/lib/openstack/lib/python3.10/site-packages/oslo_utils/excutils.py", line 200, in force_reraise
2026-06-25 23:32:22.704 10 ERROR neutron.plugins.ml2.managers raise self.value
2026-06-25 23:32:22.704 10 ERROR neutron.plugins.ml2.managers
File "/var/lib/openstack/lib/python3.10/site-packages/oslo_db/api.py", line 142, in wrapper
2026-06-25 23:32:22.704 10 ERROR neutron.plugins.ml2.managers return f(*args, **kwargs)
2026-06-25 23:32:22.704 10 ERROR neutron.plugins.ml2.managers
File "/var/lib/openstack/lib/python3.10/site-packages/neutron_lib/db/api.py", line 183, in wrapped
2026-06-25 23:32:22.704 10 ERROR neutron.plugins.ml2.managers with excutils.save_and_reraise_exception():
2026-06-25 23:32:22.704 10 ERROR neutron.plugins.ml2.managers
File "/var/lib/openstack/lib/python3.10/site-packages/oslo_utils/excutils.py", line 227, in __exit__
2026-06-25 23:32:22.704 10 ERROR neutron.plugins.ml2.managers self.force_reraise()
2026-06-25 23:32:22.704 10 ERROR neutron.plugins.ml2.managers
File "/var/lib/openstack/lib/python3.10/site-packages/oslo_utils/excutils.py", line 200, in force_reraise
2026-06-25 23:32:22.704 10 ERROR neutron.plugins.ml2.managers raise self.value
2026-06-25 23:32:22.704 10 ERROR neutron.plugins.ml2.managers
File "/var/lib/openstack/lib/python3.10/site-packages/neutron_lib/db/api.py", line 181, in wrapped
2026-06-25 23:32:22.704 10 ERROR neutron.plugins.ml2.managers return f(*dup_args, **dup_kwargs)
2026-06-25 23:32:22.704 10 ERROR neutron.plugins.ml2.managers
File "/var/lib/openstack/lib/python3.10/site-packages/neutron/db/db_base_plugin_v2.py", line 1198, in get_subnet
2026-06-25 23:32:22.704 10 ERROR neutron.plugins.ml2.managers subnet_obj = self._get_subnet_object(context, id)
2026-06-25 23:32:22.704 10 ERROR neutron.plugins.ml2.managers
File "/var/lib/openstack/lib/python3.10/site-packages/neutron/db/db_base_plugin_common.py", line 282, in _get_subnet_object
2026-06-25 23:32:22.704 10 ERROR neutron.plugins.ml2.managers raise exceptions.SubnetNotFound(subnet_id=id)
2026-06-25 23:32:22.704 10 ERROR neutron.plugins.ml2.managers neutron_lib.exceptions.SubnetNotFound: Subnet 9a7fadb5-c4e2-41a8-b2d2-b99a42d1c1d4 could not be found.
2026-06-25 23:32:22.704 10 ERROR neutron.plugins.ml2.managers 
2026-06-25 23:32:22.706 10 ERROR neutron.plugins.ml2.managers [None req-fafc36eb-4c55-45b1-852f-549d8f3003fe - - - - - -] Failed to bind port 96271d22-3feb-4a7d-b392-ce2067110735 on host instance for vnic_type normal using segments [{'id': '3f7a4378-2878-435c-8239-79c1f651d7c6', 'network_type': 'vxlan', 'physical_network': None, 'segmentation_id': 642, 'network_id': '58a3ab4e-db4a-41fd-8e5d-33332d0d3ea2'}]
2026-06-25 23:32:22.706 10 INFO neutron.plugins.ml2.plugin [None req-fafc36eb-4c55-45b1-852f-549d8f3003fe - - - - - -] Attempt 9 to bind port 96271d22-3feb-4a7d-b392-ce2067110735
2026-06-25 23:32:22.727 10 ERROR neutron.plugins.ml2.managers [None req-fafc36eb-4c55-45b1-852f-549d8f3003fe - - - - - -] Mechanism driver openvswitch failed in bind_port: neutron_lib.exceptions.SubnetNotFound: Subnet 9a7fadb5-c4e2-41a8-b2d2-b99a42d1c1d4 could not be found.
2026-06-25 23:32:22.727 10 ERROR neutron.plugins.ml2.managers
Traceback (most recent call last):
2026-06-25 23:32:22.727 10 ERROR neutron.plugins.ml2.managers
File "/var/lib/openstack/lib/python3.10/site-packages/neutron/plugins/ml2/managers.py", line 866, in _bind_port_level
2026-06-25 23:32:22.727 10 ERROR neutron.plugins.ml2.managers driver.obj.bind_port(context)
2026-06-25 23:32:22.727 10 ERROR neutron.plugins.ml2.managers
File "/var/lib/openstack/lib/python3.10/site-packages/neutron/plugins/ml2/drivers/openvswitch/mech_driver/mech_openvswitch.py", line 133, in bind_port
2026-06-25 23:32:22.727 10 ERROR neutron.plugins.ml2.managers super(OpenvswitchMechanismDriver, self).bind_port(context)
2026-06-25 23:32:22.727 10 ERROR neutron.plugins.ml2.managers
File "/var/lib/openstack/lib/python3.10/site-packages/neutron/plugins/ml2/drivers/mech_agent.py", line 104, in bind_port
2026-06-25 23:32:22.727 10 ERROR neutron.plugins.ml2.managers subnets = self.get_subnets_from_fixed_ips(context)
2026-06-25 23:32:22.727 10 ERROR neutron.plugins.ml2.managers
File "/var/lib/openstack/lib/python3.10/site-packages/neutron/plugins/ml2/drivers/mech_agent.py", line 149, in get_subnets_from_fixed_ips
2026-06-25 23:32:22.727 10 ERROR neutron.plugins.ml2.managers subnets.append(context._plugin.get_subnet(
2026-06-25 23:32:22.727 10 ERROR neutron.plugins.ml2.managers
File "/var/lib/openstack/lib/python3.10/site-packages/neutron_lib/db/api.py", line 223, in wrapped
2026-06-25 23:32:22.727 10 ERROR neutron.plugins.ml2.managers return f_with_retry(*args, **kwargs,
2026-06-25 23:32:22.727 10 ERROR neutron.plugins.ml2.managers
File "/var/lib/openstack/lib/python3.10/site-packages/neutron_lib/db/api.py", line 137, in wrapped
2026-06-25 23:32:22.727 10 ERROR neutron.plugins.ml2.managers with excutils.save_and_reraise_exception():
2026-06-25 23:32:22.727 10 ERROR neutron.plugins.ml2.managers
File "/var/lib/openstack/lib/python3.10/site-packages/oslo_utils/excutils.py", line 227, in __exit__
2026-06-25 23:32:22.727 10 ERROR neutron.plugins.ml2.managers self.force_reraise()
2026-06-25 23:32:22.727 10 ERROR neutron.plugins.ml2.managers
File "/var/lib/openstack/lib/python3.10/site-packages/oslo_utils/excutils.py", line 200, in force_reraise
2026-06-25 23:32:22.727 10 ERROR neutron.plugins.ml2.managers raise self.value
2026-06-25 23:32:22.727 10 ERROR neutron.plugins.ml2.managers
File "/var/lib/openstack/lib/python3.10/site-packages/neutron_lib/db/api.py", line 135, in wrapped
2026-06-25 23:32:22.727 10 ERROR neutron.plugins.ml2.managers return f(*args, **kwargs)
2026-06-25 23:32:22.727 10 ERROR neutron.plugins.ml2.managers
File "/var/lib/openstack/lib/python3.10/site-packages/oslo_db/api.py", line 144, in wrapper
2026-06-25 23:32:22.727 10 ERROR neutron.plugins.ml2.managers with excutils.save_and_reraise_exception() as ectxt:
2026-06-25 23:32:22.727 10 ERROR neutron.plugins.ml2.managers
File "/var/lib/openstack/lib/python3.10/site-packages/oslo_utils/excutils.py", line 227, in __exit__
2026-06-25 23:32:22.727 10 ERROR neutron.plugins.ml2.managers self.force_reraise()
2026-06-25 23:32:22.727 10 ERROR neutron.plugins.ml2.managers
File "/var/lib/openstack/lib/python3.10/site-packages/oslo_utils/excutils.py", line 200, in force_reraise
2026-06-25 23:32:22.727 10 ERROR neutron.plugins.ml2.managers raise self.value
2026-06-25 23:32:22.727 10 ERROR neutron.plugins.ml2.managers
File "/var/lib/openstack/lib/python3.10/site-packages/oslo_db/api.py", line 142, in wrapper
2026-06-25 23:32:22.727 10 ERROR neutron.plugins.ml2.managers return f(*args, **kwargs)
2026-06-25 23:32:22.727 10 ERROR neutron.plugins.ml2.managers
File "/var/lib/openstack/lib/python3.10/site-packages/neutron_lib/db/api.py", line 183, in wrapped
2026-06-25 23:32:22.727 10 ERROR neutron.plugins.ml2.managers with excutils.save_and_reraise_exception():
2026-06-25 23:32:22.727 10 ERROR neutron.plugins.ml2.managers
File "/var/lib/openstack/lib/python3.10/site-packages/oslo_utils/excutils.py", line 227, in __exit__
2026-06-25 23:32:22.727 10 ERROR neutron.plugins.ml2.managers self.force_reraise()
2026-06-25 23:32:22.727 10 ERROR neutron.plugins.ml2.managers
File "/var/lib/openstack/lib/python3.10/site-packages/oslo_utils/excutils.py", line 200, in force_reraise
2026-06-25 23:32:22.727 10 ERROR neutron.plugins.ml2.managers raise self.value
2026-06-25 23:32:22.727 10 ERROR neutron.plugins.ml2.managers
File "/var/lib/openstack/lib/python3.10/site-packages/neutron_lib/db/api.py", line 181, in wrapped
2026-06-25 23:32:22.727 10 ERROR neutron.plugins.ml2.managers return f(*dup_args, **dup_kwargs)
2026-06-25 23:32:22.727 10 ERROR neutron.plugins.ml2.managers
File "/var/lib/openstack/lib/python3.10/site-packages/neutron/db/db_base_plugin_v2.py", line 1198, in get_subnet
2026-06-25 23:32:22.727 10 ERROR neutron.plugins.ml2.managers subnet_obj = self._get_subnet_object(context, id)
2026-06-25 23:32:22.727 10 ERROR neutron.plugins.ml2.managers
File "/var/lib/openstack/lib/python3.10/site-packages/neutron/db/db_base_plugin_common.py", line 282, in _get_subnet_object
2026-06-25 23:32:22.727 10 ERROR neutron.plugins.ml2.managers raise exceptions.SubnetNotFound(subnet_id=id)
2026-06-25 23:32:22.727 10 ERROR neutron.plugins.ml2.managers neutron_lib.exceptions.SubnetNotFound: Subnet 9a7fadb5-c4e2-41a8-b2d2-b99a42d1c1d4 could not be found.
2026-06-25 23:32:22.727 10 ERROR neutron.plugins.ml2.managers 
2026-06-25 23:32:22.727 10 ERROR neutron.plugins.ml2.managers [None req-fafc36eb-4c55-45b1-852f-549d8f3003fe - - - - - -] Failed to bind port 96271d22-3feb-4a7d-b392-ce2067110735 on host instance for vnic_type normal using segments [{'id': '3f7a4378-2878-435c-8239-79c1f651d7c6', 'network_type': 'vxlan', 'physical_network': None, 'segmentation_id': 642, 'network_id': '58a3ab4e-db4a-41fd-8e5d-33332d0d3ea2'}]
2026-06-25 23:32:22.728 10 INFO neutron.plugins.ml2.plugin [None req-fafc36eb-4c55-45b1-852f-549d8f3003fe - - - - - -] Attempt 10 to bind port 96271d22-3feb-4a7d-b392-ce2067110735
2026-06-25 23:32:22.755 10 ERROR neutron.plugins.ml2.managers [None req-fafc36eb-4c55-45b1-852f-549d8f3003fe - - - - - -] Mechanism driver openvswitch failed in bind_port: neutron_lib.exceptions.SubnetNotFound: Subnet 9a7fadb5-c4e2-41a8-b2d2-b99a42d1c1d4 could not be found.
2026-06-25 23:32:22.755 10 ERROR neutron.plugins.ml2.managers
Traceback (most recent call last):
2026-06-25 23:32:22.755 10 ERROR neutron.plugins.ml2.managers
File "/var/lib/openstack/lib/python3.10/site-packages/neutron/plugins/ml2/managers.py", line 866, in _bind_port_level
2026-06-25 23:32:22.755 10 ERROR neutron.plugins.ml2.managers driver.obj.bind_port(context)
2026-06-25 23:32:22.755 10 ERROR neutron.plugins.ml2.managers
File "/var/lib/openstack/lib/python3.10/site-packages/neutron/plugins/ml2/drivers/openvswitch/mech_driver/mech_openvswitch.py", line 133, in bind_port
2026-06-25 23:32:22.755 10 ERROR neutron.plugins.ml2.managers super(OpenvswitchMechanismDriver, self).bind_port(context)
2026-06-25 23:32:22.755 10 ERROR neutron.plugins.ml2.managers
File "/var/lib/openstack/lib/python3.10/site-packages/neutron/plugins/ml2/drivers/mech_agent.py", line 104, in bind_port
2026-06-25 23:32:22.755 10 ERROR neutron.plugins.ml2.managers subnets = self.get_subnets_from_fixed_ips(context)
2026-06-25 23:32:22.755 10 ERROR neutron.plugins.ml2.managers
File "/var/lib/openstack/lib/python3.10/site-packages/neutron/plugins/ml2/drivers/mech_agent.py", line 149, in get_subnets_from_fixed_ips
2026-06-25 23:32:22.755 10 ERROR neutron.plugins.ml2.managers subnets.append(context._plugin.get_subnet(
2026-06-25 23:32:22.755 10 ERROR neutron.plugins.ml2.managers
File "/var/lib/openstack/lib/python3.10/site-packages/neutron_lib/db/api.py", line 223, in wrapped
2026-06-25 23:32:22.755 10 ERROR neutron.plugins.ml2.managers return f_with_retry(*args, **kwargs,
2026-06-25 23:32:22.755 10 ERROR neutron.plugins.ml2.managers
File "/var/lib/openstack/lib/python3.10/site-packages/neutron_lib/db/api.py", line 137, in wrapped
2026-06-25 23:32:22.755 10 ERROR neutron.plugins.ml2.managers with excutils.save_and_reraise_exception():
2026-06-25 23:32:22.755 10 ERROR neutron.plugins.ml2.managers
File "/var/lib/openstack/lib/python3.10/site-packages/oslo_utils/excutils.py", line 227, in __exit__
2026-06-25 23:32:22.755 10 ERROR neutron.plugins.ml2.managers self.force_reraise()
2026-06-25 23:32:22.755 10 ERROR neutron.plugins.ml2.managers
File "/var/lib/openstack/lib/python3.10/site-packages/oslo_utils/excutils.py", line 200, in force_reraise
2026-06-25 23:32:22.755 10 ERROR neutron.plugins.ml2.managers raise self.value
2026-06-25 23:32:22.755 10 ERROR neutron.plugins.ml2.managers
File "/var/lib/openstack/lib/python3.10/site-packages/neutron_lib/db/api.py", line 135, in wrapped
2026-06-25 23:32:22.755 10 ERROR neutron.plugins.ml2.managers return f(*args, **kwargs)
2026-06-25 23:32:22.755 10 ERROR neutron.plugins.ml2.managers
File "/var/lib/openstack/lib/python3.10/site-packages/oslo_db/api.py", line 144, in wrapper
2026-06-25 23:32:22.755 10 ERROR neutron.plugins.ml2.managers with excutils.save_and_reraise_exception() as ectxt:
2026-06-25 23:32:22.755 10 ERROR neutron.plugins.ml2.managers
File "/var/lib/openstack/lib/python3.10/site-packages/oslo_utils/excutils.py", line 227, in __exit__
2026-06-25 23:32:22.755 10 ERROR neutron.plugins.ml2.managers self.force_reraise()
2026-06-25 23:32:22.755 10 ERROR neutron.plugins.ml2.managers
File "/var/lib/openstack/lib/python3.10/site-packages/oslo_utils/excutils.py", line 200, in force_reraise
2026-06-25 23:32:22.755 10 ERROR neutron.plugins.ml2.managers raise self.value
2026-06-25 23:32:22.755 10 ERROR neutron.plugins.ml2.managers
File "/var/lib/openstack/lib/python3.10/site-packages/oslo_db/api.py", line 142, in wrapper
2026-06-25 23:32:22.755 10 ERROR neutron.plugins.ml2.managers return f(*args, **kwargs)
2026-06-25 23:32:22.755 10 ERROR neutron.plugins.ml2.managers
File "/var/lib/openstack/lib/python3.10/site-packages/neutron_lib/db/api.py", line 183, in wrapped
2026-06-25 23:32:22.755 10 ERROR neutron.plugins.ml2.managers with excutils.save_and_reraise_exception():
2026-06-25 23:32:22.755 10 ERROR neutron.plugins.ml2.managers
File "/var/lib/openstack/lib/python3.10/site-packages/oslo_utils/excutils.py", line 227, in __exit__
2026-06-25 23:32:22.755 10 ERROR neutron.plugins.ml2.managers self.force_reraise()
2026-06-25 23:32:22.755 10 ERROR neutron.plugins.ml2.managers
File "/var/lib/openstack/lib/python3.10/site-packages/oslo_utils/excutils.py", line 200, in force_reraise
2026-06-25 23:32:22.755 10 ERROR neutron.plugins.ml2.managers raise self.value
2026-06-25 23:32:22.755 10 ERROR neutron.plugins.ml2.managers
File "/var/lib/openstack/lib/python3.10/site-packages/neutron_lib/db/api.py", line 181, in wrapped
2026-06-25 23:32:22.755 10 ERROR neutron.plugins.ml2.managers return f(*dup_args, **dup_kwargs)
2026-06-25 23:32:22.755 10 ERROR neutron.plugins.ml2.managers
File "/var/lib/openstack/lib/python3.10/site-packages/neutron/db/db_base_plugin_v2.py", line 1198, in get_subnet
2026-06-25 23:32:22.755 10 ERROR neutron.plugins.ml2.managers subnet_obj = self._get_subnet_object(context, id)
2026-06-25 23:32:22.755 10 ERROR neutron.plugins.ml2.managers
File "/var/lib/openstack/lib/python3.10/site-packages/neutron/db/db_base_plugin_common.py", line 282, in _get_subnet_object
2026-06-25 23:32:22.755 10 ERROR neutron.plugins.ml2.managers raise exceptions.SubnetNotFound(subnet_id=id)
2026-06-25 23:32:22.755 10 ERROR neutron.plugins.ml2.managers neutron_lib.exceptions.SubnetNotFound: Subnet 9a7fadb5-c4e2-41a8-b2d2-b99a42d1c1d4 could not be found.
2026-06-25 23:32:22.755 10 ERROR neutron.plugins.ml2.managers 
2026-06-25 23:32:22.756 10 ERROR neutron.plugins.ml2.managers [None req-fafc36eb-4c55-45b1-852f-549d8f3003fe - - - - - -] Failed to bind port 96271d22-3feb-4a7d-b392-ce2067110735 on host instance for vnic_type normal using segments [{'id': '3f7a4378-2878-435c-8239-79c1f651d7c6', 'network_type': 'vxlan', 'physical_network': None, 'segmentation_id': 642, 'network_id': '58a3ab4e-db4a-41fd-8e5d-33332d0d3ea2'}]
2026-06-25 23:32:23.090 9 INFO neutron.plugins.ml2.plugin [None req-b1553db8-9d1d-47bb-a11d-6c9c7e35a281 - - - - - -] Attempt 1 to provision port 137ae567-6e47-4079-9c39-d4b21540d340
2026-06-25 23:32:23.587 9 INFO neutron.plugins.ml2.plugin [None req-a6b243ab-532f-4d2f-a1ff-27c4fd8d6ccb - - - - - -] Attempt 1 to provision port 137ae567-6e47-4079-9c39-d4b21540d340 /var/lib/openstack/lib/python3.10/site-packages/oslo_db/sqlalchemy/enginefacade.py:667: SAWarning: DELETE statement on table 'portsecuritybindings' expected to delete 1 row(s); 0 were matched. Please set confirm_deleted_rows=False within the mapper configuration to prevent this warning. self.session.flush() /var/lib/openstack/lib/python3.10/site-packages/oslo_db/sqlalchemy/enginefacade.py:667: SAWarning: DELETE statement on table 'ml2_port_bindings' expected to delete 1 row(s); 0 were matched. Please set confirm_deleted_rows=False within the mapper configuration to prevent this warning. self.session.flush() /var/lib/openstack/lib/python3.10/site-packages/oslo_db/sqlalchemy/enginefacade.py:667: SAWarning: DELETE statement on table 'ml2_port_binding_levels' expected to delete 1 row(s); 0 were matched. Please set confirm_deleted_rows=False within the mapper configuration to prevent this warning. self.session.flush() /var/lib/openstack/lib/python3.10/site-packages/oslo_db/sqlalchemy/enginefacade.py:667: SAWarning: DELETE statement on table 'ports' expected to delete 1 row(s); 0 were matched. Please set confirm_deleted_rows=False within the mapper configuration to prevent this warning. self.session.flush()
2026-06-25 23:32:31.007 10 INFO neutron.plugins.ml2.plugin [None req-381b6d16-3de6-4cf8-a543-6aa14a9c6932 - - - - - -] Attempt 1 to provision port b4bfbb67-080d-4c2a-8036-72effc6268ff
2026-06-25 23:32:31.263 10 INFO neutron.plugins.ml2.plugin [None req-b1553db8-9d1d-47bb-a11d-6c9c7e35a281 - - - - - -] Attempt 1 to provision port b4bfbb67-080d-4c2a-8036-72effc6268ff
2026-06-25 23:32:35.385 9 INFO neutron.plugins.ml2.plugin [None req-b1553db8-9d1d-47bb-a11d-6c9c7e35a281 - - - - - -] Attempt 1 to provision port b4cc31bf-d97e-4d63-8425-68db3351eea8
2026-06-25 23:32:36.317 9 INFO neutron.plugins.ml2.plugin [None req-3291c0e1-2df5-4afe-94f3-c888f3621ac1 - - - - - -] Attempt 1 to provision port b4cc31bf-d97e-4d63-8425-68db3351eea8
2026-06-25 23:32:36.805 9 INFO neutron.plugins.ml2.plugin [None req-bbbaa463-9c5e-43b4-a578-3eb8284218c3 - - - - - -] Attempt 1 to provision port 79c2c137-94db-462f-bd6c-880fa6077f29
2026-06-25 23:32:37.115 10 INFO neutron.plugins.ml2.plugin [None req-b1553db8-9d1d-47bb-a11d-6c9c7e35a281 - - - - - -] Attempt 1 to provision port b4cc31bf-d97e-4d63-8425-68db3351eea8
2026-06-25 23:32:37.320 9 INFO neutron.plugins.ml2.plugin [None req-0fb719fd-ffe8-4082-9627-bc375c09c04e - - - - - -] Attempt 1 to provision port 37dc39a1-9a75-4e9f-808e-9ec9dfcf1570
2026-06-25 23:32:37.438 10 INFO neutron.plugins.ml2.plugin [None req-b1553db8-9d1d-47bb-a11d-6c9c7e35a281 - - - - - -] Attempt 1 to provision port 79c2c137-94db-462f-bd6c-880fa6077f29
2026-06-25 23:32:37.589 10 INFO neutron.plugins.ml2.plugin [None req-088762e3-ad98-4aa6-870b-31230b866dcd - - - - - -] Attempt 1 to provision port 37dc39a1-9a75-4e9f-808e-9ec9dfcf1570
2026-06-25 23:32:38.760 9 INFO neutron.plugins.ml2.plugin [None req-4eca2179-7efe-4768-b6c2-c90815ae1389 - - - - - -] Attempt 1 to provision port 90e44484-e4ae-4001-b07d-7435fabc8a6a
2026-06-25 23:32:39.045 10 INFO neutron.plugins.ml2.plugin [None req-b1553db8-9d1d-47bb-a11d-6c9c7e35a281 - - - - - -] Attempt 1 to provision port 79c2c137-94db-462f-bd6c-880fa6077f29
2026-06-25 23:32:39.231 9 INFO neutron.plugins.ml2.plugin [None req-b29bdafc-cda8-429f-8c15-ac7e79bb343a - - - - - -] Attempt 1 to provision port 90e44484-e4ae-4001-b07d-7435fabc8a6a
2026-06-25 23:32:45.523 10 INFO neutron.plugins.ml2.plugin [None req-5a749fdb-07e1-4da8-9933-84b6598c01ac - - - - - -] Attempt 1 to provision port 93b6c486-ab57-4771-8138-6c1123e9ab89
2026-06-25 23:32:46.484 10 INFO neutron.plugins.ml2.plugin [None req-cef1d733-12d2-4913-a4e1-fd5a8c666b88 - - - - - -] Attempt 1 to provision port bee607de-5906-4289-852a-ed96dd1a3968
2026-06-25 23:32:47.091 9 INFO neutron.plugins.ml2.plugin [None req-b1553db8-9d1d-47bb-a11d-6c9c7e35a281 - - - - - -] Attempt 1 to provision port bee607de-5906-4289-852a-ed96dd1a3968
2026-06-25 23:32:47.682 10 INFO neutron.plugins.ml2.plugin [None req-b2a3947c-3e5d-4462-a931-6bfa859e6a87 - - - - - -] Attempt 1 to provision port b1310893-1889-44e9-af98-8e8333df62d2
2026-06-25 23:32:48.159 9 INFO neutron.plugins.ml2.plugin [None req-a59c4fdb-0896-4e38-9346-b3d6ebace09f - - - - - -] Attempt 1 to provision port b1310893-1889-44e9-af98-8e8333df62d2
2026-06-25 23:32:53.370 10 INFO neutron.plugins.ml2.plugin [None req-b1553db8-9d1d-47bb-a11d-6c9c7e35a281 - - - - - -] Attempt 1 to provision port 5ab9b149-4185-4a19-a287-8e0bbd3ced87
2026-06-25 23:32:54.366 9 INFO neutron.plugins.ml2.plugin [None req-19255826-ac2f-4585-ae0e-c79a3a109c0c - - - - - -] Attempt 1 to provision port 5ab9b149-4185-4a19-a287-8e0bbd3ced87
2026-06-25 23:32:55.078 10 INFO neutron.plugins.ml2.plugin [None req-b1553db8-9d1d-47bb-a11d-6c9c7e35a281 - - - - - -] Attempt 1 to provision port 5ab9b149-4185-4a19-a287-8e0bbd3ced87
2026-06-25 23:32:55.976 9 INFO neutron.plugins.ml2.plugin [None req-d0977aef-6246-420e-bff5-f463a6bfab3f - - - - - -] Attempt 1 to provision port e452c697-8814-4716-aabb-da8542531962
2026-06-25 23:32:56.525 10 INFO neutron.plugins.ml2.plugin [None req-ce9ef661-ff22-43d8-9775-8ba912d6206d - - - - - -] Attempt 1 to provision port e452c697-8814-4716-aabb-da8542531962
2026-06-25 23:33:00.495 10 INFO neutron.plugins.ml2.plugin [None req-c96442ac-1409-447a-9f23-368ce4f42bd3 - - - - - -] Attempt 1 to provision port 77744008-a300-4a98-8203-f9e2a7d93de4
2026-06-25 23:33:11.539 9 INFO neutron.plugins.ml2.plugin [None req-ba1fcf44-4ec9-4bba-9cac-7e9857731e5d - - - - - -] Attempt 1 to provision port b3e6f913-ba76-4a98-bea9-3fc011e7c10a
2026-06-25 23:33:12.486 9 INFO neutron.plugins.ml2.plugin [None req-5b43bf48-f0d6-4915-b335-30b908871946 - - - - - -] Attempt 1 to provision port a2f23fd0-2e77-484c-9bae-8b1ffcba8f74
2026-06-25 23:33:13.106 10 INFO neutron.plugins.ml2.plugin [None req-b1553db8-9d1d-47bb-a11d-6c9c7e35a281 - - - - - -] Attempt 1 to provision port a2f23fd0-2e77-484c-9bae-8b1ffcba8f74
2026-06-25 23:33:14.081 10 INFO neutron.plugins.ml2.plugin [None req-8af34563-bafe-4881-b654-efdd3c8ef16d - - - - - -] Attempt 1 to provision port b1835a80-d20f-4dc4-a226-78590bd70a03
2026-06-25 23:33:14.822 10 INFO neutron.plugins.ml2.plugin [None req-3337b0a9-ab75-4c98-8a75-d174f30ab4df - - - - - -] Attempt 1 to provision port b1835a80-d20f-4dc4-a226-78590bd70a03
2026-06-25 23:33:15.136 9 INFO neutron.plugins.ml2.plugin [None req-b1553db8-9d1d-47bb-a11d-6c9c7e35a281 - - - - - -] Attempt 1 to provision port bc79c35d-a985-444e-b31e-99942ebb37f6
2026-06-25 23:33:17.512 9 INFO neutron.plugins.ml2.plugin [None req-b1553db8-9d1d-47bb-a11d-6c9c7e35a281 - - - - - -] Attempt 1 to provision port bc79c35d-a985-444e-b31e-99942ebb37f6
2026-06-25 23:33:18.051 9 INFO neutron.plugins.ml2.plugin [None req-b1553db8-9d1d-47bb-a11d-6c9c7e35a281 - - - - - -] Attempt 1 to provision port 2c549a27-17c4-4b4a-9e6b-becb9f34db04
2026-06-25 23:33:18.499 10 INFO neutron.plugins.ml2.plugin [None req-27157eb0-e21b-49dc-a010-20df077514a3 - - - - - -] Attempt 1 to provision port 1f8cb754-d920-4198-aa87-bbe56131ba7a
2026-06-25 23:33:18.622 9 INFO neutron.plugins.ml2.plugin [None req-b1553db8-9d1d-47bb-a11d-6c9c7e35a281 - - - - - -] Attempt 1 to provision port d5113f04-d8cd-4835-8e1c-3f97b0f038d3
2026-06-25 23:33:18.878 9 INFO neutron.plugins.ml2.plugin [None req-d22bb33a-410a-4f1a-adec-3007e90751ce - - - - - -] Attempt 1 to provision port d5113f04-d8cd-4835-8e1c-3f97b0f038d3
2026-06-25 23:33:19.116 10 INFO neutron.plugins.ml2.plugin [None req-11fa12bb-684c-416e-8266-c8357fe35c6a - - - - - -] Attempt 1 to provision port 42ed337a-cbe2-4a7a-82bb-4e51daa51418
2026-06-25 23:33:19.210 9 INFO neutron.plugins.ml2.plugin [None req-b1553db8-9d1d-47bb-a11d-6c9c7e35a281 - - - - - -] Attempt 1 to provision port 1f8cb754-d920-4198-aa87-bbe56131ba7a
2026-06-25 23:33:19.270 9 INFO neutron.plugins.ml2.plugin [None req-d5f19476-029e-415b-a342-dff19dc4359b - - - - - -] Attempt 1 to provision port 2c549a27-17c4-4b4a-9e6b-becb9f34db04
2026-06-25 23:33:19.633 9 INFO neutron.plugins.ml2.plugin [None req-65b5c954-1cbb-4f69-a3da-0c579efa132a - - - - - -] Attempt 1 to provision port 204acaf9-e2e4-43b3-ad9b-c17805254800
2026-06-25 23:33:19.714 10 INFO neutron.plugins.ml2.plugin [None req-b1553db8-9d1d-47bb-a11d-6c9c7e35a281 - - - - - -] Attempt 1 to provision port 2727b69d-cb38-4327-976c-fdf1321bbefa
2026-06-25 23:33:20.377 9 INFO neutron.plugins.ml2.plugin [None req-9b862fd4-5633-4a7f-b99a-f1126e930a0b - - - - - -] Attempt 1 to provision port 204acaf9-e2e4-43b3-ad9b-c17805254800
2026-06-25 23:33:20.514 10 INFO neutron.plugins.ml2.plugin [None req-b1553db8-9d1d-47bb-a11d-6c9c7e35a281 - - - - - -] Attempt 1 to provision port 2c549a27-17c4-4b4a-9e6b-becb9f34db04
2026-06-25 23:33:20.741 10 INFO neutron.plugins.ml2.plugin [None req-a5129ed3-3180-4bd9-87e6-a90bef9f95d6 - - - - - -] Attempt 1 to provision port 2727b69d-cb38-4327-976c-fdf1321bbefa
2026-06-25 23:33:21.136 10 INFO neutron.plugins.ml2.plugin [None req-b1553db8-9d1d-47bb-a11d-6c9c7e35a281 - - - - - -] Attempt 1 to provision port 1f8cb754-d920-4198-aa87-bbe56131ba7a
2026-06-25 23:33:21.688 10 INFO neutron.plugins.ml2.plugin [None req-e8c07ce3-5a99-4499-86b1-aa746bf031c4 - - - - - -] Attempt 1 to provision port e098b8f4-a89e-4b72-bdd0-ae41f1960a0b
2026-06-25 23:33:21.688 9 INFO neutron.plugins.ml2.plugin [None req-b1553db8-9d1d-47bb-a11d-6c9c7e35a281 - - - - - -] Attempt 1 to provision port 2727b69d-cb38-4327-976c-fdf1321bbefa
2026-06-25 23:33:22.153 10 INFO neutron.plugins.ml2.plugin [None req-4f0c8331-6a99-4767-a934-837622ee6d25 - - - - - -] Attempt 1 to provision port c16aeb25-b55c-48ee-b6a5-aab8a6d3eaf0
2026-06-25 23:33:22.397 9 INFO neutron.plugins.ml2.plugin [None req-ec167c57-e61f-4262-8e67-acc33eac07b7 - - - - - -] Attempt 1 to provision port e098b8f4-a89e-4b72-bdd0-ae41f1960a0b
2026-06-25 23:33:22.759 9 INFO neutron.plugins.ml2.plugin [None req-5271bd71-1846-4242-8c19-828134996cf2 - - - - - -] Attempt 1 to provision port c16aeb25-b55c-48ee-b6a5-aab8a6d3eaf0
2026-06-25 23:33:23.909 9 INFO neutron.plugins.ml2.plugin [None req-b1553db8-9d1d-47bb-a11d-6c9c7e35a281 - - - - - -] Attempt 1 to provision port d75ea94a-ee43-4bf8-9cc3-2c2fb10a759b
2026-06-25 23:33:24.462 9 INFO neutron.plugins.ml2.plugin [None req-b1553db8-9d1d-47bb-a11d-6c9c7e35a281 - - - - - -] Attempt 1 to provision port b95e392a-647e-4b29-a6f0-fdca83f0786f
2026-06-25 23:33:25.700 9 INFO neutron.plugins.ml2.plugin [None req-b1553db8-9d1d-47bb-a11d-6c9c7e35a281 - - - - - -] Attempt 1 to provision port d75ea94a-ee43-4bf8-9cc3-2c2fb10a759b
2026-06-25 23:33:31.497 10 INFO neutron.plugins.ml2.plugin [None req-131c7993-d518-4953-9751-7cce11aac7db - - - - - -] Attempt 1 to provision port 3f872089-62e3-4688-a49d-f340ffedc4d6
2026-06-25 23:33:31.527 10 INFO neutron.plugins.ml2.plugin [None req-131c7993-d518-4953-9751-7cce11aac7db - - - - - -] Attempt 1 to provision port 6f9d6671-7609-4cf1-9e8c-2fc35dcb18ae
2026-06-25 23:33:31.564 10 INFO neutron.plugins.ml2.plugin [None req-131c7993-d518-4953-9751-7cce11aac7db - - - - - -] Attempt 1 to provision port 22a843b2-b643-493c-8dbd-9e2956a1cb67
2026-06-25 23:33:31.740 9 INFO neutron.plugins.ml2.plugin [None req-b1553db8-9d1d-47bb-a11d-6c9c7e35a281 - - - - - -] Attempt 1 to provision port b3e6f913-ba76-4a98-bea9-3fc011e7c10a
2026-06-25 23:33:32.130 9 INFO neutron.plugins.ml2.plugin [None req-b1553db8-9d1d-47bb-a11d-6c9c7e35a281 - - - - - -] Attempt 1 to provision port 22a843b2-b643-493c-8dbd-9e2956a1cb67
2026-06-25 23:33:32.361 10 INFO neutron.plugins.ml2.plugin [None req-43524bc8-7439-49a8-81d9-ff19bb815db8 - - - - - -] Attempt 1 to provision port 3f872089-62e3-4688-a49d-f340ffedc4d6
2026-06-25 23:33:32.434 9 INFO neutron.plugins.ml2.plugin [None req-b1553db8-9d1d-47bb-a11d-6c9c7e35a281 - - - - - -] Attempt 1 to provision port b1835a80-d20f-4dc4-a226-78590bd70a03
2026-06-25 23:33:33.014 10 INFO neutron.plugins.ml2.plugin [None req-f0e4d7c5-3d7a-46b2-9b5c-07470e919c0f - - - - - -] Attempt 1 to provision port 3f872089-62e3-4688-a49d-f340ffedc4d6
2026-06-25 23:33:33.959 9 INFO neutron.plugins.ml2.plugin [None req-b1553db8-9d1d-47bb-a11d-6c9c7e35a281 - - - - - -] Attempt 1 to provision port 56ac87a4-3ed8-4bc2-8a7b-e1a4eddeb988
2026-06-25 23:33:34.600 9 INFO neutron.plugins.ml2.plugin [None req-b1553db8-9d1d-47bb-a11d-6c9c7e35a281 - - - - - -] Attempt 1 to provision port b1835a80-d20f-4dc4-a226-78590bd70a03
2026-06-25 23:33:35.213 9 INFO neutron.plugins.ml2.plugin [None req-b1553db8-9d1d-47bb-a11d-6c9c7e35a281 - - - - - -] Attempt 1 to provision port b3e6f913-ba76-4a98-bea9-3fc011e7c10a
2026-06-25 23:33:35.537 9 INFO neutron.plugins.ml2.plugin [None req-b1553db8-9d1d-47bb-a11d-6c9c7e35a281 - - - - - -] Attempt 1 to provision port 22a843b2-b643-493c-8dbd-9e2956a1cb67
2026-06-25 23:33:36.071 10 INFO neutron.plugins.ml2.plugin [None req-b1553db8-9d1d-47bb-a11d-6c9c7e35a281 - - - - - -] Attempt 1 to provision port 6f9d6671-7609-4cf1-9e8c-2fc35dcb18ae
2026-06-25 23:33:36.228 10 INFO neutron.notifiers.nova [-] Nova event matching ['req-c832d74f-6bee-4705-aebb-4c7b20546b7d'] response: {'server_uuid': 'bbf9e8a9-2cf3-42b0-9ec6-7d6e063fc731', 'name': 'network-vif-plugged', 'status': 'completed', 'tag': '6f9d6671-7609-4cf1-9e8c-2fc35dcb18ae', 'code': 200}
2026-06-25 23:33:37.515 10 INFO neutron.plugins.ml2.plugin [None req-2ab2c354-223b-474c-bca1-4e016b076233 - - - - - -] Attempt 1 to provision port f48694b6-1fda-4f5e-8955-495376b79bb7
2026-06-25 23:33:38.018 9 INFO neutron.plugins.ml2.plugin [None req-b1553db8-9d1d-47bb-a11d-6c9c7e35a281 - - - - - -] Attempt 1 to provision port b0e8db7e-0b14-4e0c-818a-fb22897f0237
2026-06-25 23:33:38.568 9 INFO neutron.plugins.ml2.plugin [None req-b1553db8-9d1d-47bb-a11d-6c9c7e35a281 - - - - - -] Attempt 1 to provision port 6f9d6671-7609-4cf1-9e8c-2fc35dcb18ae
2026-06-25 23:33:38.677 10 INFO neutron.plugins.ml2.plugin [None req-b45a915c-c602-4740-9817-95436c909073 - - - - - -] Attempt 1 to provision port b0e8db7e-0b14-4e0c-818a-fb22897f0237
2026-06-25 23:33:40.173 10 INFO neutron.plugins.ml2.plugin [None req-b1553db8-9d1d-47bb-a11d-6c9c7e35a281 - - - - - -] Attempt 1 to provision port c16aeb25-b55c-48ee-b6a5-aab8a6d3eaf0
2026-06-25 23:33:40.574 10 INFO neutron.plugins.ml2.plugin [None req-b1553db8-9d1d-47bb-a11d-6c9c7e35a281 - - - - - -] Attempt 1 to provision port 42ed337a-cbe2-4a7a-82bb-4e51daa51418
2026-06-25 23:33:41.600 9 INFO neutron.plugins.ml2.plugin [None req-8f21d63a-e904-42e9-bb95-756f7babbde2 - - - - - -] Attempt 1 to provision port 3f610218-8e98-432a-a601-589e0300baae
2026-06-25 23:33:42.080 9 INFO neutron.plugins.ml2.plugin [None req-b1553db8-9d1d-47bb-a11d-6c9c7e35a281 - - - - - -] Attempt 1 to provision port c9937920-f866-46c4-ba82-d192d283b417
2026-06-25 23:33:42.780 9 INFO neutron.plugins.ml2.plugin [None req-b1553db8-9d1d-47bb-a11d-6c9c7e35a281 - - - - - -] Attempt 1 to provision port c16aeb25-b55c-48ee-b6a5-aab8a6d3eaf0
2026-06-25 23:33:42.850 9 INFO neutron.plugins.ml2.plugin [None req-023ae808-f2f9-438f-be76-692fe8c10c9a - - - - - -] Attempt 1 to provision port c466b400-8d7e-4dc2-9da9-deea97fce96c
2026-06-25 23:33:43.139 9 INFO neutron.plugins.ml2.plugin [None req-b1553db8-9d1d-47bb-a11d-6c9c7e35a281 - - - - - -] Attempt 1 to provision port 3f610218-8e98-432a-a601-589e0300baae
2026-06-25 23:33:43.304 9 INFO neutron.plugins.ml2.plugin [None req-26e57e65-e21b-4b80-97bb-0ac5e5cfc4cc - - - - - -] Attempt 1 to provision port c466b400-8d7e-4dc2-9da9-deea97fce96c
2026-06-25 23:33:43.499 9 INFO neutron.plugins.ml2.plugin [None req-b1553db8-9d1d-47bb-a11d-6c9c7e35a281 - - - - - -] Attempt 1 to provision port 42ed337a-cbe2-4a7a-82bb-4e51daa51418
2026-06-25 23:33:43.975 9 INFO neutron.plugins.ml2.plugin [None req-993c1b86-1c15-4eba-b156-d4c0277e3986 - - - - - -] Attempt 1 to provision port 97041cbc-b850-4e95-9253-b8559f5ddd52
2026-06-25 23:33:44.044 9 INFO neutron.plugins.ml2.plugin [None req-993c1b86-1c15-4eba-b156-d4c0277e3986 - - - - - -] Attempt 1 to provision port 10b16fbd-3699-48d7-8c78-e8a8a50a92bb
2026-06-25 23:33:44.060 10 INFO neutron.plugins.ml2.plugin [None req-b1553db8-9d1d-47bb-a11d-6c9c7e35a281 - - - - - -] Attempt 1 to provision port 10b16fbd-3699-48d7-8c78-e8a8a50a92bb
2026-06-25 23:33:44.527 10 INFO neutron.plugins.ml2.plugin [None req-b1553db8-9d1d-47bb-a11d-6c9c7e35a281 - - - - - -] Attempt 1 to provision port c9937920-f866-46c4-ba82-d192d283b417
2026-06-25 23:33:44.794 10 INFO neutron.plugins.ml2.plugin [None req-b1553db8-9d1d-47bb-a11d-6c9c7e35a281 - - - - - -] Attempt 1 to provision port 3f610218-8e98-432a-a601-589e0300baae
2026-06-25 23:33:45.204 10 INFO neutron.plugins.ml2.plugin [None req-09cbcde1-5640-4abc-9b16-a984388c808b - - - - - -] Attempt 1 to provision port 97041cbc-b850-4e95-9253-b8559f5ddd52
2026-06-25 23:33:45.567 9 INFO neutron.plugins.ml2.plugin [None req-beec977a-0c9f-4dcc-8983-716fe1fb4732 - - - - - -] Attempt 1 to provision port 97041cbc-b850-4e95-9253-b8559f5ddd52
2026-06-25 23:33:46.047 9 INFO neutron.plugins.ml2.plugin [None req-b1553db8-9d1d-47bb-a11d-6c9c7e35a281 - - - - - -] Attempt 1 to provision port 10b16fbd-3699-48d7-8c78-e8a8a50a92bb
2026-06-25 23:33:47.222 9 INFO neutron.plugins.ml2.plugin [None req-30a5c44e-54a9-4f24-9649-853d832a1035 - - - - - -] Attempt 1 to provision port ee36595a-6f28-4e85-a40a-613c663adf6a
2026-06-25 23:33:48.982 9 INFO neutron.plugins.ml2.plugin [None req-55e6a4c8-3e54-48dc-9201-40ed16c3cd4a - - - - - -] Attempt 1 to provision port 56a309c9-acbf-4e86-87f6-10a81af7f486
2026-06-25 23:33:52.065 9 INFO neutron.plugins.ml2.plugin [None req-b1553db8-9d1d-47bb-a11d-6c9c7e35a281 - - - - - -] Attempt 1 to provision port 56a309c9-acbf-4e86-87f6-10a81af7f486
2026-06-25 23:33:52.193 9 INFO neutron.notifiers.nova [-] Nova event matching ['req-c568e0a3-b216-45ac-a7a7-0e21223a027f'] response: {'server_uuid': '9337ca13-66ba-42a0-8a28-23dd90d33b80', 'name': 'network-vif-plugged', 'status': 'completed', 'tag': '56a309c9-acbf-4e86-87f6-10a81af7f486', 'code': 200}
2026-06-25 23:33:53.962 10 INFO neutron.plugins.ml2.plugin [None req-b1553db8-9d1d-47bb-a11d-6c9c7e35a281 - - - - - -] Attempt 1 to provision port 56a309c9-acbf-4e86-87f6-10a81af7f486
2026-06-25 23:33:58.126 9 INFO neutron.plugins.ml2.plugin [None req-b1553db8-9d1d-47bb-a11d-6c9c7e35a281 - - - - - -] Attempt 1 to provision port f48694b6-1fda-4f5e-8955-495376b79bb7
2026-06-25 23:33:58.521 9 INFO neutron.plugins.ml2.plugin [None req-b1553db8-9d1d-47bb-a11d-6c9c7e35a281 - - - - - -] Attempt 1 to provision port 97041cbc-b850-4e95-9253-b8559f5ddd52 /var/lib/openstack/lib/python3.10/site-packages/oslo_db/sqlalchemy/enginefacade.py:667: SAWarning: DELETE statement on table 'portsecuritybindings' expected to delete 1 row(s); 0 were matched. Please set confirm_deleted_rows=False within the mapper configuration to prevent this warning. self.session.flush() /var/lib/openstack/lib/python3.10/site-packages/oslo_db/sqlalchemy/enginefacade.py:667: SAWarning: DELETE statement on table 'ml2_port_bindings' expected to delete 1 row(s); 0 were matched. Please set confirm_deleted_rows=False within the mapper configuration to prevent this warning. self.session.flush() /var/lib/openstack/lib/python3.10/site-packages/oslo_db/sqlalchemy/enginefacade.py:667: SAWarning: DELETE statement on table 'ml2_port_binding_levels' expected to delete 1 row(s); 0 were matched. Please set confirm_deleted_rows=False within the mapper configuration to prevent this warning. self.session.flush() /var/lib/openstack/lib/python3.10/site-packages/oslo_db/sqlalchemy/enginefacade.py:667: SAWarning: DELETE statement on table 'ports' expected to delete 1 row(s); 0 were matched. Please set confirm_deleted_rows=False within the mapper configuration to prevent this warning. self.session.flush()
2026-06-25 23:33:59.961 10 INFO neutron.plugins.ml2.plugin [None req-b1553db8-9d1d-47bb-a11d-6c9c7e35a281 - - - - - -] Attempt 1 to provision port f48694b6-1fda-4f5e-8955-495376b79bb7
2026-06-25 23:34:00.189 10 INFO neutron.plugins.ml2.plugin [None req-b1553db8-9d1d-47bb-a11d-6c9c7e35a281 - - - - - -] Attempt 1 to provision port 97041cbc-b850-4e95-9253-b8559f5ddd52 /var/lib/openstack/lib/python3.10/site-packages/oslo_db/sqlalchemy/enginefacade.py:667: SAWarning: DELETE statement on table 'portsecuritybindings' expected to delete 1 row(s); 0 were matched. Please set confirm_deleted_rows=False within the mapper configuration to prevent this warning. self.session.flush() /var/lib/openstack/lib/python3.10/site-packages/oslo_db/sqlalchemy/enginefacade.py:667: SAWarning: DELETE statement on table 'ml2_port_bindings' expected to delete 1 row(s); 0 were matched. Please set confirm_deleted_rows=False within the mapper configuration to prevent this warning. self.session.flush() /var/lib/openstack/lib/python3.10/site-packages/oslo_db/sqlalchemy/enginefacade.py:667: SAWarning: DELETE statement on table 'ml2_port_binding_levels' expected to delete 1 row(s); 0 were matched. Please set confirm_deleted_rows=False within the mapper configuration to prevent this warning. self.session.flush() /var/lib/openstack/lib/python3.10/site-packages/oslo_db/sqlalchemy/enginefacade.py:667: SAWarning: DELETE statement on table 'ports' expected to delete 1 row(s); 0 were matched. Please set confirm_deleted_rows=False within the mapper configuration to prevent this warning. self.session.flush()
2026-06-25 23:34:10.229 10 ERROR neutron.plugins.ml2.managers [None req-08a55d29-3c5c-43ff-8f82-cd8267c53ac8 - - - - - -] Mechanism driver openvswitch failed in bind_port: neutron_lib.exceptions.SubnetNotFound: Subnet 47b4e27c-9c50-4d9b-9007-c61bbbb47605 could not be found.
2026-06-25 23:34:10.229 10 ERROR neutron.plugins.ml2.managers
Traceback (most recent call last):
2026-06-25 23:34:10.229 10 ERROR neutron.plugins.ml2.managers
File "/var/lib/openstack/lib/python3.10/site-packages/neutron/plugins/ml2/managers.py", line 866, in _bind_port_level
2026-06-25 23:34:10.229 10 ERROR neutron.plugins.ml2.managers driver.obj.bind_port(context)
2026-06-25 23:34:10.229 10 ERROR neutron.plugins.ml2.managers
File "/var/lib/openstack/lib/python3.10/site-packages/neutron/plugins/ml2/drivers/openvswitch/mech_driver/mech_openvswitch.py", line 133, in bind_port
2026-06-25 23:34:10.229 10 ERROR neutron.plugins.ml2.managers super(OpenvswitchMechanismDriver, self).bind_port(context)
2026-06-25 23:34:10.229 10 ERROR neutron.plugins.ml2.managers
File "/var/lib/openstack/lib/python3.10/site-packages/neutron/plugins/ml2/drivers/mech_agent.py", line 104, in bind_port
2026-06-25 23:34:10.229 10 ERROR neutron.plugins.ml2.managers subnets = self.get_subnets_from_fixed_ips(context)
2026-06-25 23:34:10.229 10 ERROR neutron.plugins.ml2.managers
File "/var/lib/openstack/lib/python3.10/site-packages/neutron/plugins/ml2/drivers/mech_agent.py", line 149, in get_subnets_from_fixed_ips
2026-06-25 23:34:10.229 10 ERROR neutron.plugins.ml2.managers subnets.append(context._plugin.get_subnet(
2026-06-25 23:34:10.229 10 ERROR neutron.plugins.ml2.managers
File "/var/lib/openstack/lib/python3.10/site-packages/neutron_lib/db/api.py", line 223, in wrapped
2026-06-25 23:34:10.229 10 ERROR neutron.plugins.ml2.managers return f_with_retry(*args, **kwargs,
2026-06-25 23:34:10.229 10 ERROR neutron.plugins.ml2.managers
File "/var/lib/openstack/lib/python3.10/site-packages/neutron_lib/db/api.py", line 137, in wrapped
2026-06-25 23:34:10.229 10 ERROR neutron.plugins.ml2.managers with excutils.save_and_reraise_exception():
2026-06-25 23:34:10.229 10 ERROR neutron.plugins.ml2.managers
File "/var/lib/openstack/lib/python3.10/site-packages/oslo_utils/excutils.py", line 227, in __exit__
2026-06-25 23:34:10.229 10 ERROR neutron.plugins.ml2.managers self.force_reraise()
2026-06-25 23:34:10.229 10 ERROR neutron.plugins.ml2.managers
File "/var/lib/openstack/lib/python3.10/site-packages/oslo_utils/excutils.py", line 200, in force_reraise
2026-06-25 23:34:10.229 10 ERROR neutron.plugins.ml2.managers raise self.value
2026-06-25 23:34:10.229 10 ERROR neutron.plugins.ml2.managers
File "/var/lib/openstack/lib/python3.10/site-packages/neutron_lib/db/api.py", line 135, in wrapped
2026-06-25 23:34:10.229 10 ERROR neutron.plugins.ml2.managers return f(*args, **kwargs)
2026-06-25 23:34:10.229 10 ERROR neutron.plugins.ml2.managers
File "/var/lib/openstack/lib/python3.10/site-packages/oslo_db/api.py", line 144, in wrapper
2026-06-25 23:34:10.229 10 ERROR neutron.plugins.ml2.managers with excutils.save_and_reraise_exception() as ectxt:
2026-06-25 23:34:10.229 10 ERROR neutron.plugins.ml2.managers
File "/var/lib/openstack/lib/python3.10/site-packages/oslo_utils/excutils.py", line 227, in __exit__
2026-06-25 23:34:10.229 10 ERROR neutron.plugins.ml2.managers self.force_reraise()
2026-06-25 23:34:10.229 10 ERROR neutron.plugins.ml2.managers
File "/var/lib/openstack/lib/python3.10/site-packages/oslo_utils/excutils.py", line 200, in force_reraise
2026-06-25 23:34:10.229 10 ERROR neutron.plugins.ml2.managers raise self.value
2026-06-25 23:34:10.229 10 ERROR neutron.plugins.ml2.managers
File "/var/lib/openstack/lib/python3.10/site-packages/oslo_db/api.py", line 142, in wrapper
2026-06-25 23:34:10.229 10 ERROR neutron.plugins.ml2.managers return f(*args, **kwargs)
2026-06-25 23:34:10.229 10 ERROR neutron.plugins.ml2.managers
File "/var/lib/openstack/lib/python3.10/site-packages/neutron_lib/db/api.py", line 183, in wrapped
2026-06-25 23:34:10.229 10 ERROR neutron.plugins.ml2.managers with excutils.save_and_reraise_exception():
2026-06-25 23:34:10.229 10 ERROR neutron.plugins.ml2.managers
File "/var/lib/openstack/lib/python3.10/site-packages/oslo_utils/excutils.py", line 227, in __exit__
2026-06-25 23:34:10.229 10 ERROR neutron.plugins.ml2.managers self.force_reraise()
2026-06-25 23:34:10.229 10 ERROR neutron.plugins.ml2.managers
File "/var/lib/openstack/lib/python3.10/site-packages/oslo_utils/excutils.py", line 200, in force_reraise
2026-06-25 23:34:10.229 10 ERROR neutron.plugins.ml2.managers raise self.value
2026-06-25 23:34:10.229 10 ERROR neutron.plugins.ml2.managers
File "/var/lib/openstack/lib/python3.10/site-packages/neutron_lib/db/api.py", line 181, in wrapped
2026-06-25 23:34:10.229 10 ERROR neutron.plugins.ml2.managers return f(*dup_args, **dup_kwargs)
2026-06-25 23:34:10.229 10 ERROR neutron.plugins.ml2.managers
File "/var/lib/openstack/lib/python3.10/site-packages/neutron/db/db_base_plugin_v2.py", line 1198, in get_subnet
2026-06-25 23:34:10.229 10 ERROR neutron.plugins.ml2.managers subnet_obj = self._get_subnet_object(context, id)
2026-06-25 23:34:10.229 10 ERROR neutron.plugins.ml2.managers
File "/var/lib/openstack/lib/python3.10/site-packages/neutron/db/db_base_plugin_common.py", line 282, in _get_subnet_object
2026-06-25 23:34:10.229 10 ERROR neutron.plugins.ml2.managers raise exceptions.SubnetNotFound(subnet_id=id)
2026-06-25 23:34:10.229 10 ERROR neutron.plugins.ml2.managers neutron_lib.exceptions.SubnetNotFound: Subnet 47b4e27c-9c50-4d9b-9007-c61bbbb47605 could not be found.
2026-06-25 23:34:10.229 10 ERROR neutron.plugins.ml2.managers 
2026-06-25 23:34:10.230 10 ERROR neutron.plugins.ml2.managers [None req-08a55d29-3c5c-43ff-8f82-cd8267c53ac8 - - - - - -] Failed to bind port 3704334f-cd86-4733-bf71-57cfdb9cdcfa on host instance for vnic_type normal using segments [{'id': '2f98682f-36ac-46d5-b860-5d6e0b788f51', 'network_type': 'vxlan', 'physical_network': None, 'segmentation_id': 332, 'network_id': '59cad55a-6c2c-4075-8183-6cc720e78573'}]
2026-06-25 23:34:10.231 10 INFO neutron.plugins.ml2.plugin [None req-08a55d29-3c5c-43ff-8f82-cd8267c53ac8 - - - - - -] Attempt 2 to bind port 3704334f-cd86-4733-bf71-57cfdb9cdcfa
2026-06-25 23:34:10.257 10 ERROR neutron.plugins.ml2.managers [None req-08a55d29-3c5c-43ff-8f82-cd8267c53ac8 - - - - - -] Mechanism driver openvswitch failed in bind_port: neutron_lib.exceptions.SubnetNotFound: Subnet 47b4e27c-9c50-4d9b-9007-c61bbbb47605 could not be found.
2026-06-25 23:34:10.257 10 ERROR neutron.plugins.ml2.managers
Traceback (most recent call last):
2026-06-25 23:34:10.257 10 ERROR neutron.plugins.ml2.managers
File "/var/lib/openstack/lib/python3.10/site-packages/neutron/plugins/ml2/managers.py", line 866, in _bind_port_level
2026-06-25 23:34:10.257 10 ERROR neutron.plugins.ml2.managers driver.obj.bind_port(context)
2026-06-25 23:34:10.257 10 ERROR neutron.plugins.ml2.managers
File "/var/lib/openstack/lib/python3.10/site-packages/neutron/plugins/ml2/drivers/openvswitch/mech_driver/mech_openvswitch.py", line 133, in bind_port
2026-06-25 23:34:10.257 10 ERROR neutron.plugins.ml2.managers super(OpenvswitchMechanismDriver, self).bind_port(context)
2026-06-25 23:34:10.257 10 ERROR neutron.plugins.ml2.managers
File "/var/lib/openstack/lib/python3.10/site-packages/neutron/plugins/ml2/drivers/mech_agent.py", line 104, in bind_port
2026-06-25 23:34:10.257 10 ERROR neutron.plugins.ml2.managers subnets = self.get_subnets_from_fixed_ips(context)
2026-06-25 23:34:10.257 10 ERROR neutron.plugins.ml2.managers
File "/var/lib/openstack/lib/python3.10/site-packages/neutron/plugins/ml2/drivers/mech_agent.py", line 149, in get_subnets_from_fixed_ips
2026-06-25 23:34:10.257 10 ERROR neutron.plugins.ml2.managers subnets.append(context._plugin.get_subnet(
2026-06-25 23:34:10.257 10 ERROR neutron.plugins.ml2.managers
File "/var/lib/openstack/lib/python3.10/site-packages/neutron_lib/db/api.py", line 223, in wrapped
2026-06-25 23:34:10.257 10 ERROR neutron.plugins.ml2.managers return f_with_retry(*args, **kwargs,
2026-06-25 23:34:10.257 10 ERROR neutron.plugins.ml2.managers
File "/var/lib/openstack/lib/python3.10/site-packages/neutron_lib/db/api.py", line 137, in wrapped
2026-06-25 23:34:10.257 10 ERROR neutron.plugins.ml2.managers with excutils.save_and_reraise_exception():
2026-06-25 23:34:10.257 10 ERROR neutron.plugins.ml2.managers
File "/var/lib/openstack/lib/python3.10/site-packages/oslo_utils/excutils.py", line 227, in __exit__
2026-06-25 23:34:10.257 10 ERROR neutron.plugins.ml2.managers self.force_reraise()
2026-06-25 23:34:10.257 10 ERROR neutron.plugins.ml2.managers
File "/var/lib/openstack/lib/python3.10/site-packages/oslo_utils/excutils.py", line 200, in force_reraise
2026-06-25 23:34:10.257 10 ERROR neutron.plugins.ml2.managers raise self.value
2026-06-25 23:34:10.257 10 ERROR neutron.plugins.ml2.managers
File "/var/lib/openstack/lib/python3.10/site-packages/neutron_lib/db/api.py", line 135, in wrapped
2026-06-25 23:34:10.257 10 ERROR neutron.plugins.ml2.managers return f(*args, **kwargs)
2026-06-25 23:34:10.257 10 ERROR neutron.plugins.ml2.managers
File "/var/lib/openstack/lib/python3.10/site-packages/oslo_db/api.py", line 144, in wrapper
2026-06-25 23:34:10.257 10 ERROR neutron.plugins.ml2.managers with excutils.save_and_reraise_exception() as ectxt:
2026-06-25 23:34:10.257 10 ERROR neutron.plugins.ml2.managers
File "/var/lib/openstack/lib/python3.10/site-packages/oslo_utils/excutils.py", line 227, in __exit__
2026-06-25 23:34:10.257 10 ERROR neutron.plugins.ml2.managers self.force_reraise()
2026-06-25 23:34:10.257 10 ERROR neutron.plugins.ml2.managers
File "/var/lib/openstack/lib/python3.10/site-packages/oslo_utils/excutils.py", line 200, in force_reraise
2026-06-25 23:34:10.257 10 ERROR neutron.plugins.ml2.managers raise self.value
2026-06-25 23:34:10.257 10 ERROR neutron.plugins.ml2.managers
File "/var/lib/openstack/lib/python3.10/site-packages/oslo_db/api.py", line 142, in wrapper
2026-06-25 23:34:10.257 10 ERROR neutron.plugins.ml2.managers return f(*args, **kwargs)
2026-06-25 23:34:10.257 10 ERROR neutron.plugins.ml2.managers
File "/var/lib/openstack/lib/python3.10/site-packages/neutron_lib/db/api.py", line 183, in wrapped
2026-06-25 23:34:10.257 10 ERROR neutron.plugins.ml2.managers with excutils.save_and_reraise_exception():
2026-06-25 23:34:10.257 10 ERROR neutron.plugins.ml2.managers
File "/var/lib/openstack/lib/python3.10/site-packages/oslo_utils/excutils.py", line 227, in __exit__
2026-06-25 23:34:10.257 10 ERROR neutron.plugins.ml2.managers self.force_reraise()
2026-06-25 23:34:10.257 10 ERROR neutron.plugins.ml2.managers
File "/var/lib/openstack/lib/python3.10/site-packages/oslo_utils/excutils.py", line 200, in force_reraise
2026-06-25 23:34:10.257 10 ERROR neutron.plugins.ml2.managers raise self.value
2026-06-25 23:34:10.257 10 ERROR neutron.plugins.ml2.managers
File "/var/lib/openstack/lib/python3.10/site-packages/neutron_lib/db/api.py", line 181, in wrapped
2026-06-25 23:34:10.257 10 ERROR neutron.plugins.ml2.managers return f(*dup_args, **dup_kwargs)
2026-06-25 23:34:10.257 10 ERROR neutron.plugins.ml2.managers
File "/var/lib/openstack/lib/python3.10/site-packages/neutron/db/db_base_plugin_v2.py", line 1198, in get_subnet
2026-06-25 23:34:10.257 10 ERROR neutron.plugins.ml2.managers subnet_obj = self._get_subnet_object(context, id)
2026-06-25 23:34:10.257 10 ERROR neutron.plugins.ml2.managers
File "/var/lib/openstack/lib/python3.10/site-packages/neutron/db/db_base_plugin_common.py", line 282, in _get_subnet_object
