Mar 17 10:29:09.631953 np0000159061 devstack@neutron-api.service[102676]: [pid: 102676|app: 0|req: 6/23] 199.204.45.227 () {64 vars in 1415 bytes} [Tue Mar 17 10:29:09 2026] GET /networking/v2.0/networks/9fc5d4fa-3514-4712-a1bb-9e4e2c7c8d0d => generated 717 bytes in 42 msecs (HTTP/1.1 200) 4 headers in 157 bytes (1 switches on core 0)
Mar 17 10:29:09.650238 np0000159061 devstack@neutron-api.service[102675]: DEBUG neutron.api.wsgi [None req-6c12c9c3-d36b-4577-9319-17947d0240b5 admin admin] Missing Content-Type {{(pid=102675) get_content_type /opt/stack/neutron/neutron/api/wsgi.py:85}}
Mar 17 10:29:09.650542 np0000159061 devstack@neutron-api.service[102675]: DEBUG neutron.api.wsgi [None req-6c12c9c3-d36b-4577-9319-17947d0240b5 admin admin] https://199.204.45.227/networking/v2.0/extensions/external-gateway-multihoming returned with HTTP 200 {{(pid=102675) __call__ /opt/stack/neutron/neutron/api/wsgi.py:545}}
Mar 17 10:29:09.650936 np0000159061 devstack@neutron-api.service[102675]: [pid: 102675|app: 0|req: 6/24] 199.204.45.227 () {64 vars in 1397 bytes} [Tue Mar 17 10:29:09 2026] GET /networking/v2.0/extensions/external-gateway-multihoming => generated 227 bytes in 5 msecs (HTTP/1.1 200) 4 headers in 157 bytes (1 switches on core 0)
Mar 17 10:29:09.941398 np0000159061 devstack@neutron-api.service[102673]: DEBUG neutron_lib.callbacks.manager [None req-34b331b6-9c4e-4463-9a90-6a8991392206 admin admin] Publish callbacks [] for router_gateway (28ce2dee-667a-4be9-91e5-f71ad6cdd0a9), precommit_update {{(pid=102673) _notify_loop /opt/stack/data/venv/lib/python3.12/site-packages/neutron_lib/callbacks/manager.py:184}}
Mar 17 10:29:10.036572 np0000159061 devstack@neutron-api.service[102673]: DEBUG neutron_lib.callbacks.manager [None req-34b331b6-9c4e-4463-9a90-6a8991392206 admin admin] Publish callbacks [] for router_gateway (28ce2dee-667a-4be9-91e5-f71ad6cdd0a9), before_create {{(pid=102673) _notify_loop /opt/stack/data/venv/lib/python3.12/site-packages/neutron_lib/callbacks/manager.py:184}}
Mar 17 10:29:10.064659 np0000159061 devstack@neutron-api.service[102673]: DEBUG neutron_lib.callbacks.manager [None req-34b331b6-9c4e-4463-9a90-6a8991392206 admin admin] Publish callbacks ['neutron.plugins.ml2.plugin.SecurityGroupDbMixin._ensure_default_security_group_handler-79882'] for port (None), before_create {{(pid=102673) _notify_loop /opt/stack/data/venv/lib/python3.12/site-packages/neutron_lib/callbacks/manager.py:184}}
Mar 17 10:29:10.127574 np0000159061 devstack@neutron-api.service[102673]: DEBUG neutron.db.db_base_plugin_common [None req-34b331b6-9c4e-4463-9a90-6a8991392206 admin admin] Allocated IP 172.24.5.4 (9fc5d4fa-3514-4712-a1bb-9e4e2c7c8d0d/be3ca515-2e56-4335-8c8d-749c7d5d9c28/3f3a1e63-917c-4f72-a33b-1fdd37134cd8) {{(pid=102673) _store_ip_allocation /opt/stack/neutron/neutron/db/db_base_plugin_common.py:131}}
Mar 17 10:29:10.174781 np0000159061 devstack@neutron-api.service[102673]: DEBUG neutron_lib.callbacks.manager [None req-34b331b6-9c4e-4463-9a90-6a8991392206 admin admin] Publish callbacks ['neutron.plugins.ml2.drivers.ovn.mech_driver.mech_driver.OVNMechanismDriver._validate_allowed_address_pairs-387152'] for allowed_address_pair (3f3a1e63-917c-4f72-a33b-1fdd37134cd8), before_create {{(pid=102673) _notify_loop /opt/stack/data/venv/lib/python3.12/site-packages/neutron_lib/callbacks/manager.py:184}}
Mar 17 10:29:10.175345 np0000159061 devstack@neutron-api.service[102673]: DEBUG neutron_lib.callbacks.manager [None req-34b331b6-9c4e-4463-9a90-6a8991392206 admin admin] Publish callbacks [] for port (3f3a1e63-917c-4f72-a33b-1fdd37134cd8), precommit_create {{(pid=102673) _notify_loop /opt/stack/data/venv/lib/python3.12/site-packages/neutron_lib/callbacks/manager.py:184}}
Mar 17 10:29:10.175512 np0000159061 devstack@neutron-api.service[102673]: DEBUG neutron.plugins.ml2.drivers.ovn.mech_driver.mech_driver [None req-34b331b6-9c4e-4463-9a90-6a8991392206 admin admin] No provisioning block for port 3f3a1e63-917c-4f72-a33b-1fdd37134cd8 since it does not have a host {{(pid=102673) _is_port_provisioning_required /opt/stack/neutron/neutron/plugins/ml2/drivers/ovn/mech_driver/mech_driver.py:883}}
Mar 17 10:29:10.175640 np0000159061 devstack@neutron-api.service[102673]: DEBUG neutron.db.ovn_revision_numbers_db [None req-34b331b6-9c4e-4463-9a90-6a8991392206 admin admin] create_initial_revision uuid=3f3a1e63-917c-4f72-a33b-1fdd37134cd8, type=ports, rev=-1 {{(pid=102673) create_initial_revision /opt/stack/neutron/neutron/db/ovn_revision_numbers_db.py:98}}
Mar 17 10:29:10.263736 np0000159061 devstack@neutron-api.service[102673]: DEBUG neutron.db.ovn_revision_numbers_db [None req-34b331b6-9c4e-4463-9a90-6a8991392206 admin admin] create_initial_revision uuid=3f3a1e63-917c-4f72-a33b-1fdd37134cd8, type=router_ports, rev=-1 {{(pid=102673) create_initial_revision /opt/stack/neutron/neutron/db/ovn_revision_numbers_db.py:98}}
Mar 17 10:29:10.295222 np0000159061 devstack@neutron-api.service[102673]: DEBUG neutron_lib.callbacks.manager [None req-34b331b6-9c4e-4463-9a90-6a8991392206 admin admin] Publish callbacks ['neutron.plugins.ml2.ovo_rpc._ObjectChangeHandler.handle_event-15144490'] for port (3f3a1e63-917c-4f72-a33b-1fdd37134cd8), after_create {{(pid=102673) _notify_loop /opt/stack/data/venv/lib/python3.12/site-packages/neutron_lib/callbacks/manager.py:184}}
Mar 17 10:29:10.333825 np0000159061 devstack@neutron-api.service[102673]: DEBUG neutron.api.rpc.handlers.resources_rpc [None req-34b331b6-9c4e-4463-9a90-6a8991392206 admin admin] Pushing event updated for resources: {'Port': ['ID=3f3a1e63-917c-4f72-a33b-1fdd37134cd8,revision_number=1']} {{(pid=102673) push /opt/stack/neutron/neutron/api/rpc/handlers/resources_rpc.py:237}}
Mar 17 10:29:10.415414 np0000159061 devstack@neutron-api.service[102673]: DEBUG ovsdbapp.backend.ovs_idl.transaction [None req-ffd3e570-b848-45ca-ae24-dcc0c10df3c4 None None] Running txn n=1 command(idx=0): AddLSwitchPortCommand(_result=None, lport=3f3a1e63-917c-4f72-a33b-1fdd37134cd8, lswitch=neutron-9fc5d4fa-3514-4712-a1bb-9e4e2c7c8d0d, may_exist=True, network_uuid=9fc5d4fa-3514-4712-a1bb-9e4e2c7c8d0d, columns={'addresses': ['unknown'], 'external_ids': {'neutron:port_name': '', 'neutron:device_id': '28ce2dee-667a-4be9-91e5-f71ad6cdd0a9', 'neutron:project_id': '', 'neutron:cidrs': '172.24.5.4/24', 'neutron:device_owner': 'network:router_gateway', 'neutron:subnet_pool_addr_scope4': '', 'neutron:subnet_pool_addr_scope6': '', 'neutron:network_name': 'neutron-9fc5d4fa-3514-4712-a1bb-9e4e2c7c8d0d', 'neutron:security_group_ids': '', 'neutron:revision_number': '1', 'neutron:vnic_type': 'normal', 'neutron:port_capabilities': '', 'neutron:mtu': ''}, 'parent_name': [], 'tag': [], 'enabled': True, 'options': {}, 'type': '', 'port_security': [], 'dhcpv4_options': [], 'dhcpv6_options': []}) {{(pid=102673) do_commit /opt/stack/data/venv/lib/python3.12/site-packages/ovsdbapp/backend/ovs_idl/transaction.py:89}}
Mar 17 10:29:10.415989 np0000159061 devstack@neutron-api.service[102673]: DEBUG ovsdbapp.backend.ovs_idl.transaction [None req-ffd3e570-b848-45ca-ae24-dcc0c10df3c4 None None] Running txn n=1 command(idx=1): QoSDelCommand(_result=None, switch=neutron-9fc5d4fa-3514-4712-a1bb-9e4e2c7c8d0d, conditions=[('direction', '=', 'to-lport'), ('priority', '=', 2002), ('match', '=', 'outport == "3f3a1e63-917c-4f72-a33b-1fdd37134cd8"')], if_exists=True) {{(pid=102673) do_commit /opt/stack/data/venv/lib/python3.12/site-packages/ovsdbapp/backend/ovs_idl/transaction.py:89}}
Mar 17 10:29:10.416201 np0000159061 devstack@neutron-api.service[102673]: DEBUG ovsdbapp.backend.ovs_idl.transaction [None req-ffd3e570-b848-45ca-ae24-dcc0c10df3c4 None None] Running txn n=1 command(idx=2): QoSDelCommand(_result=None, switch=neutron-9fc5d4fa-3514-4712-a1bb-9e4e2c7c8d0d, conditions=[('direction', '=', 'from-lport'), ('priority', '=', 2002), ('match', '=', 'inport == "3f3a1e63-917c-4f72-a33b-1fdd37134cd8"')], if_exists=True) {{(pid=102673) do_commit /opt/stack/data/venv/lib/python3.12/site-packages/ovsdbapp/backend/ovs_idl/transaction.py:89}}
Mar 17 10:29:10.416430 np0000159061 devstack@neutron-api.service[102673]: DEBUG ovsdbapp.backend.ovs_idl.transaction [None req-ffd3e570-b848-45ca-ae24-dcc0c10df3c4 None None] Running txn n=1 command(idx=3): UpdateLSwitchPortQosOptionsCommand(_result=None, lport=AddLSwitchPortCommand(_result=766eb98d-af69-4158-b303-0bb5a17b924c, lport=3f3a1e63-917c-4f72-a33b-1fdd37134cd8, lswitch=neutron-9fc5d4fa-3514-4712-a1bb-9e4e2c7c8d0d, may_exist=True, network_uuid=9fc5d4fa-3514-4712-a1bb-9e4e2c7c8d0d, columns={'addresses': ['unknown'], 'external_ids': {'neutron:port_name': '', 'neutron:device_id': '28ce2dee-667a-4be9-91e5-f71ad6cdd0a9', 'neutron:project_id': '', 'neutron:cidrs': '172.24.5.4/24', 'neutron:device_owner': 'network:router_gateway', 'neutron:subnet_pool_addr_scope4': '', 'neutron:subnet_pool_addr_scope6': '', 'neutron:network_name': 'neutron-9fc5d4fa-3514-4712-a1bb-9e4e2c7c8d0d', 'neutron:security_group_ids': '', 'neutron:revision_number': '1', 'neutron:vnic_type': 'normal', 'neutron:port_capabilities': '', 'neutron:mtu': ''}, 'parent_name': [], 'enabled': True, 'options': {}, 'type': '', 'port_security': []}), if_exists=True, qos={'qos_max_rate': None, 'qos_burst': None, 'qos_min_rate': None}) {{(pid=102673) do_commit /opt/stack/data/venv/lib/python3.12/site-packages/ovsdbapp/backend/ovs_idl/transaction.py:89}}
Mar 17 10:29:10.471112 np0000159061 devstack@neutron-api.service[102674]: DEBUG neutron.plugins.ml2.drivers.ovn.mech_driver.ovsdb.ovsdb_monitor [None req-6f646696-482c-4f23-bfed-8fa7492f6540 None None] Touching Hash Ring node "98364e49342c55c79ae7882d498fb924" from IDL notify handler {{(pid=102674) notify /opt/stack/neutron/neutron/plugins/ml2/drivers/ovn/mech_driver/ovsdb/ovsdb_monitor.py:898}}
Mar 17 10:29:10.471481 np0000159061 devstack@neutron-api.service[102676]: DEBUG neutron.plugins.ml2.drivers.ovn.mech_driver.ovsdb.ovsdb_monitor [None req-39ce5841-d980-4987-8a95-a197908a8717 None None] Touching Hash Ring node "32ce8849933e5e59bf16fd4007282648" from IDL notify handler {{(pid=102676) notify /opt/stack/neutron/neutron/plugins/ml2/drivers/ovn/mech_driver/ovsdb/ovsdb_monitor.py:898}}
Mar 17 10:29:10.473449 np0000159061 devstack@neutron-api.service[102675]: DEBUG neutron.plugins.ml2.drivers.ovn.mech_driver.ovsdb.ovsdb_monitor [None req-6938da37-29b1-458a-aabd-2847727ddc15 None None] Touching Hash Ring node "b329fedcd7575815924ccfbe6bdc7cbc" from IDL notify handler {{(pid=102675) notify /opt/stack/neutron/neutron/plugins/ml2/drivers/ovn/mech_driver/ovsdb/ovsdb_monitor.py:898}}
Mar 17 10:29:10.474608 np0000159061 devstack@neutron-api.service[102674]: DEBUG neutron.plugins.ml2.drivers.ovn.mech_driver.ovsdb.ovsdb_monitor [None req-e9ec0ef6-7881-45f8-9f8b-570ecb5c2717 None None] Touching Hash Ring node "98364e49342c55c79ae7882d498fb924" from IDL notify handler {{(pid=102674) notify /opt/stack/neutron/neutron/plugins/ml2/drivers/ovn/mech_driver/ovsdb/ovsdb_monitor.py:898}}
Mar 17 10:29:10.480067 np0000159061 devstack@neutron-api.service[102676]: DEBUG neutron.plugins.ml2.drivers.ovn.mech_driver.ovsdb.ovsdb_monitor [None req-39ce5841-d980-4987-8a95-a197908a8717 None None] Hash Ring: Node 32ce8849933e5e59bf16fd4007282648 (host: np0000159061) handling event "create" for row 1eefd78a-7b8e-4cf4-8337-3cf70909c6f6 (table: Port_Binding) {{(pid=102676) notify /opt/stack/neutron/neutron/plugins/ml2/drivers/ovn/mech_driver/ovsdb/ovsdb_monitor.py:906}}
Mar 17 10:29:10.484158 np0000159061 devstack@neutron-api.service[102674]: DEBUG neutron.plugins.ml2.drivers.ovn.mech_driver.ovsdb.ovsdb_monitor [None req-6f646696-482c-4f23-bfed-8fa7492f6540 None None] Hash Ring: Node 98364e49342c55c79ae7882d498fb924 (host: np0000159061) handling event "create" for row 1eefd78a-7b8e-4cf4-8337-3cf70909c6f6 (table: Port_Binding) {{(pid=102674) notify /opt/stack/neutron/neutron/plugins/ml2/drivers/ovn/mech_driver/ovsdb/ovsdb_monitor.py:906}}
Mar 17 10:29:10.484880 np0000159061 devstack@neutron-api.service[102674]: DEBUG neutron.plugins.ml2.drivers.ovn.mech_driver.ovsdb.ovsdb_monitor [None req-e9ec0ef6-7881-45f8-9f8b-570ecb5c2717 None None] Hash Ring: Node 98364e49342c55c79ae7882d498fb924 (host: np0000159061) handling event "update" for row 9fc5d4fa-3514-4712-a1bb-9e4e2c7c8d0d (table: Logical_Switch) {{(pid=102674) notify /opt/stack/neutron/neutron/plugins/ml2/drivers/ovn/mech_driver/ovsdb/ovsdb_monitor.py:906}}
Mar 17 10:29:10.485280 np0000159061 devstack@neutron-api.service[102675]: DEBUG neutron.plugins.ml2.drivers.ovn.mech_driver.ovsdb.ovsdb_monitor [None req-6938da37-29b1-458a-aabd-2847727ddc15 None None] Hash Ring: Node b329fedcd7575815924ccfbe6bdc7cbc (host: np0000159061) handling event "update" for row 9fc5d4fa-3514-4712-a1bb-9e4e2c7c8d0d (table: Logical_Switch) {{(pid=102675) notify /opt/stack/neutron/neutron/plugins/ml2/drivers/ovn/mech_driver/ovsdb/ovsdb_monitor.py:906}}
Mar 17 10:29:10.485922 np0000159061 devstack@neutron-api.service[102674]: DEBUG neutron.plugins.ml2.drivers.ovn.mech_driver.ovsdb.ovsdb_monitor [None req-e9ec0ef6-7881-45f8-9f8b-570ecb5c2717 None None] Touching Hash Ring node "98364e49342c55c79ae7882d498fb924" from IDL notify handler {{(pid=102674) notify /opt/stack/neutron/neutron/plugins/ml2/drivers/ovn/mech_driver/ovsdb/ovsdb_monitor.py:898}}
Mar 17 10:29:10.489006 np0000159061 devstack@neutron-api.service[102674]: DEBUG neutron.plugins.ml2.drivers.ovn.mech_driver.ovsdb.ovsdb_monitor [None req-e9ec0ef6-7881-45f8-9f8b-570ecb5c2717 None None] Hash Ring: Node 98364e49342c55c79ae7882d498fb924 (host: np0000159061) handling event "create" for row f3d42048-70ba-488f-ab4b-7e7658f61708 (table: Logical_Switch_Port) {{(pid=102674) notify /opt/stack/neutron/neutron/plugins/ml2/drivers/ovn/mech_driver/ovsdb/ovsdb_monitor.py:906}}
Mar 17 10:29:10.491241 np0000159061 devstack@neutron-api.service[102674]: DEBUG ovsdbapp.backend.ovs_idl.event [None req-e9ec0ef6-7881-45f8-9f8b-570ecb5c2717 None None] Matched CREATE: LogicalSwitchPortCreateEvent(events=('create',), table='Logical_Switch_Port', conditions=[], old_conditions=None), priority=20 to row=Logical_Switch_Port(uuid=f3d42048-70ba-488f-ab4b-7e7658f61708, addresses=['unknown'], dhcpv4_options=[], dhcpv6_options=[], dynamic_addresses=[], enabled=True, external_ids={'neutron:cidrs': '172.24.5.4/24', 'neutron:device_id': '28ce2dee-667a-4be9-91e5-f71ad6cdd0a9', 'neutron:device_owner': 'network:router_gateway', 'neutron:mtu': '', 'neutron:network_name': 'neutron-9fc5d4fa-3514-4712-a1bb-9e4e2c7c8d0d', 'neutron:port_capabilities': '', 'neutron:port_name': '', 'neutron:project_id': '', 'neutron:revision_number': '1', 'neutron:security_group_ids': '', 'neutron:subnet_pool_addr_scope4': '', 'neutron:subnet_pool_addr_scope6': '', 'neutron:vnic_type': 'normal'}, ha_chassis_group=[], mirror_rules=[], name='3f3a1e63-917c-4f72-a33b-1fdd37134cd8', options={}, parent_name=[], port_security=[], tag=[], tag_request=[], type='', up=[]) old= {{(pid=102674) matches /opt/stack/data/venv/lib/python3.12/site-packages/ovsdbapp/backend/ovs_idl/event.py:55}}
Mar 17 10:29:10.494348 np0000159061 devstack@neutron-api.service[102674]: DEBUG neutron.plugins.ml2.drivers.ovn.mech_driver.ovsdb.ovsdb_monitor [None req-e9ec0ef6-7881-45f8-9f8b-570ecb5c2717 None None] Touching Hash Ring node "98364e49342c55c79ae7882d498fb924" from IDL notify handler {{(pid=102674) notify /opt/stack/neutron/neutron/plugins/ml2/drivers/ovn/mech_driver/ovsdb/ovsdb_monitor.py:898}}
Mar 17 10:29:10.496621 np0000159061 devstack@neutron-api.service[102674]: DEBUG neutron.plugins.ml2.drivers.ovn.mech_driver.ovsdb.ovsdb_monitor [None req-e9ec0ef6-7881-45f8-9f8b-570ecb5c2717 None None] Hash Ring: Node 98364e49342c55c79ae7882d498fb924 (host: np0000159061) handling event "update" for row f3d42048-70ba-488f-ab4b-7e7658f61708 (table: Logical_Switch_Port) {{(pid=102674) notify /opt/stack/neutron/neutron/plugins/ml2/drivers/ovn/mech_driver/ovsdb/ovsdb_monitor.py:906}}
Mar 17 10:29:10.505069 np0000159061 devstack@neutron-api.service[102673]: INFO neutron.db.ovn_revision_numbers_db [None req-34b331b6-9c4e-4463-9a90-6a8991392206 admin admin] Successfully bumped revision number for resource 3f3a1e63-917c-4f72-a33b-1fdd37134cd8 (type: ports) to 1
Mar 17 10:29:10.667233 np0000159061 devstack@neutron-api.service[102673]: DEBUG neutron_lib.callbacks.manager [None req-34b331b6-9c4e-4463-9a90-6a8991392206 admin admin] Publish callbacks [] for router_gateway (28ce2dee-667a-4be9-91e5-f71ad6cdd0a9), after_create {{(pid=102673) _notify_loop /opt/stack/data/venv/lib/python3.12/site-packages/neutron_lib/callbacks/manager.py:184}}
Mar 17 10:29:11.232911 np0000159061 devstack@neutron-api.service[102673]: DEBUG neutron_lib.callbacks.manager [None req-34b331b6-9c4e-4463-9a90-6a8991392206 admin admin] Publish callbacks ['neutron.services.ovn_l3.plugin.ExtraGatewaysDbOnlyMixin._process_bfd_ecmp_update-1022622', 'neutron.services.ovn_l3.service_providers.driver_controller.DriverController._update_router_provider-1041129'] for router (28ce2dee-667a-4be9-91e5-f71ad6cdd0a9), precommit_update {{(pid=102673) _notify_loop /opt/stack/data/venv/lib/python3.12/site-packages/neutron_lib/callbacks/manager.py:184}}
Mar 17 10:29:11.235774 np0000159061 devstack@neutron-api.service[102673]: DEBUG neutron_lib.callbacks.manager [None req-34b331b6-9c4e-4463-9a90-6a8991392206 admin admin] Publish callbacks ['neutron.services.ovn_l3.service_providers.ovn.OvnDriver._process_router_update-1005100'] for router (28ce2dee-667a-4be9-91e5-f71ad6cdd0a9), after_update {{(pid=102673) _notify_loop /opt/stack/data/venv/lib/python3.12/site-packages/neutron_lib/callbacks/manager.py:184}}
Mar 17 10:29:11.235933 np0000159061 devstack@neutron-api.service[102673]: INFO neutron.plugins.ml2.drivers.ovn.mech_driver.ovsdb.extensions.qos [None req-34b331b6-9c4e-4463-9a90-6a8991392206 admin admin] Starting OVNClientQosExtension
Mar 17 10:29:11.424697 np0000159061 devstack@neutron-api.service[102674]: DEBUG neutron.plugins.ml2.drivers.ovn.mech_driver.ovsdb.ovsdb_monitor [None req-e9ec0ef6-7881-45f8-9f8b-570ecb5c2717 None None] Touching Hash Ring node "98364e49342c55c79ae7882d498fb924" from IDL notify handler {{(pid=102674) notify /opt/stack/neutron/neutron/plugins/ml2/drivers/ovn/mech_driver/ovsdb/ovsdb_monitor.py:898}}
Mar 17 10:29:11.432247 np0000159061 devstack@neutron-api.service[102674]: DEBUG neutron.plugins.ml2.drivers.ovn.mech_driver.ovsdb.ovsdb_monitor [None req-e9ec0ef6-7881-45f8-9f8b-570ecb5c2717 None None] Hash Ring: Node 98364e49342c55c79ae7882d498fb924 (host: np0000159061) handling event "update" for row 1e7d0ed5-ef18-4211-bbcc-61a6d23f6bbf (table: NB_Global) {{(pid=102674) notify /opt/stack/neutron/neutron/plugins/ml2/drivers/ovn/mech_driver/ovsdb/ovsdb_monitor.py:906}}
Mar 17 10:29:11.451547 np0000159061 devstack@neutron-api.service[102673]: DEBUG neutron.plugins.ml2.drivers.ovn.mech_driver.ovsdb.ovsdb_monitor [None req-ffd3e570-b848-45ca-ae24-dcc0c10df3c4 None None] Touching Hash Ring node "d500d81ef4eb5eed9f40a8c06dce7e80" from IDL notify handler {{(pid=102673) notify /opt/stack/neutron/neutron/plugins/ml2/drivers/ovn/mech_driver/ovsdb/ovsdb_monitor.py:898}}
Mar 17 10:29:11.523483 np0000159061 devstack@neutron-api.service[102673]: DEBUG neutron.plugins.ml2.drivers.ovn.mech_driver.ovsdb.ovsdb_monitor [None req-ffd3e570-b848-45ca-ae24-dcc0c10df3c4 None None] Hash Ring: Node d500d81ef4eb5eed9f40a8c06dce7e80 (host: np0000159061) handling event "update" for row 1e7d0ed5-ef18-4211-bbcc-61a6d23f6bbf (table: NB_Global) {{(pid=102673) notify /opt/stack/neutron/neutron/plugins/ml2/drivers/ovn/mech_driver/ovsdb/ovsdb_monitor.py:906}}
Mar 17 10:29:11.582500 np0000159061 devstack@neutron-api.service[102674]: DEBUG neutron.plugins.ml2.drivers.ovn.mech_driver.ovsdb.ovsdb_monitor [None req-e9ec0ef6-7881-45f8-9f8b-570ecb5c2717 None None] Touching Hash Ring node "98364e49342c55c79ae7882d498fb924" from IDL notify handler {{(pid=102674) notify /opt/stack/neutron/neutron/plugins/ml2/drivers/ovn/mech_driver/ovsdb/ovsdb_monitor.py:898}}
Mar 17 10:29:11.584504 np0000159061 devstack@neutron-api.service[102673]: DEBUG neutron.plugins.ml2.drivers.ovn.mech_driver.ovsdb.ovsdb_monitor [None req-ffd3e570-b848-45ca-ae24-dcc0c10df3c4 None None] Touching Hash Ring node "d500d81ef4eb5eed9f40a8c06dce7e80" from IDL notify handler {{(pid=102673) notify /opt/stack/neutron/neutron/plugins/ml2/drivers/ovn/mech_driver/ovsdb/ovsdb_monitor.py:898}}
Mar 17 10:29:11.726706 np0000159061 devstack@neutron-api.service[102674]: DEBUG neutron.plugins.ml2.drivers.ovn.mech_driver.ovsdb.ovsdb_monitor [None req-e9ec0ef6-7881-45f8-9f8b-570ecb5c2717 None None] Hash Ring: Node 98364e49342c55c79ae7882d498fb924 (host: np0000159061) handling event "update" for row 1e7d0ed5-ef18-4211-bbcc-61a6d23f6bbf (table: NB_Global) {{(pid=102674) notify /opt/stack/neutron/neutron/plugins/ml2/drivers/ovn/mech_driver/ovsdb/ovsdb_monitor.py:906}}
Mar 17 10:29:11.727813 np0000159061 devstack@neutron-api.service[102673]: DEBUG neutron.plugins.ml2.drivers.ovn.mech_driver.ovsdb.ovsdb_monitor [None req-ffd3e570-b848-45ca-ae24-dcc0c10df3c4 None None] Hash Ring: Node d500d81ef4eb5eed9f40a8c06dce7e80 (host: np0000159061) handling event "update" for row 1e7d0ed5-ef18-4211-bbcc-61a6d23f6bbf (table: NB_Global) {{(pid=102673) notify /opt/stack/neutron/neutron/plugins/ml2/drivers/ovn/mech_driver/ovsdb/ovsdb_monitor.py:906}}
Mar 17 10:29:11.729897 np0000159061 devstack@neutron-api.service[102674]: DEBUG neutron.plugins.ml2.drivers.ovn.mech_driver.ovsdb.ovsdb_monitor [None req-e9ec0ef6-7881-45f8-9f8b-570ecb5c2717 None None] Touching Hash Ring node "98364e49342c55c79ae7882d498fb924" from IDL notify handler {{(pid=102674) notify /opt/stack/neutron/neutron/plugins/ml2/drivers/ovn/mech_driver/ovsdb/ovsdb_monitor.py:898}}
Mar 17 10:29:11.730553 np0000159061 devstack@neutron-api.service[102673]: DEBUG neutron.plugins.ml2.drivers.ovn.mech_driver.ovsdb.ovsdb_monitor [None req-ffd3e570-b848-45ca-ae24-dcc0c10df3c4 None None] Touching Hash Ring node "d500d81ef4eb5eed9f40a8c06dce7e80" from IDL notify handler {{(pid=102673) notify /opt/stack/neutron/neutron/plugins/ml2/drivers/ovn/mech_driver/ovsdb/ovsdb_monitor.py:898}}
Mar 17 10:29:11.735706 np0000159061 devstack@neutron-api.service[102674]: DEBUG neutron.plugins.ml2.drivers.ovn.mech_driver.ovsdb.ovsdb_monitor [None req-e9ec0ef6-7881-45f8-9f8b-570ecb5c2717 None None] Hash Ring: Node 98364e49342c55c79ae7882d498fb924 (host: np0000159061) handling event "update" for row 1e7d0ed5-ef18-4211-bbcc-61a6d23f6bbf (table: NB_Global) {{(pid=102674) notify /opt/stack/neutron/neutron/plugins/ml2/drivers/ovn/mech_driver/ovsdb/ovsdb_monitor.py:906}}
Mar 17 10:29:11.736273 np0000159061 devstack@neutron-api.service[102673]: DEBUG neutron.plugins.ml2.drivers.ovn.mech_driver.ovsdb.ovsdb_monitor [None req-ffd3e570-b848-45ca-ae24-dcc0c10df3c4 None None] Hash Ring: Node d500d81ef4eb5eed9f40a8c06dce7e80 (host: np0000159061) handling event "update" for row 1e7d0ed5-ef18-4211-bbcc-61a6d23f6bbf (table: NB_Global) {{(pid=102673) notify /opt/stack/neutron/neutron/plugins/ml2/drivers/ovn/mech_driver/ovsdb/ovsdb_monitor.py:906}}
Mar 17 10:29:11.926174 np0000159061 devstack@neutron-api.service[102673]: DEBUG ovsdbapp.backend.ovs_idl.transaction [None req-ffd3e570-b848-45ca-ae24-dcc0c10df3c4 None None] Running txn n=1 command(idx=0): CheckRevisionNumberCommand(_result=None, name=neutron-28ce2dee-667a-4be9-91e5-f71ad6cdd0a9, resource={'id': '28ce2dee-667a-4be9-91e5-f71ad6cdd0a9', 'name': 'router1', 'project_id': 'c274fc2d4bb44fb6b87fa46a89b26275', 'admin_state_up': True, 'status': 'ACTIVE', 'enable_snat': True, 'external_gateway_info': {'network_id': '9fc5d4fa-3514-4712-a1bb-9e4e2c7c8d0d', 'external_fixed_ips': [{'subnet_id': 'be3ca515-2e56-4335-8c8d-749c7d5d9c28', 'ip_address': '172.24.5.4'}], 'enable_snat': True}, 'gw_port_id': '3f3a1e63-917c-4f72-a33b-1fdd37134cd8', 'description': '', 'availability_zones': [], 'distributed': False, 'ha': True, 'ha_vr_id': 0, 'availability_zone_hints': [], 'enable_default_route_ecmp': False, 'enable_default_route_bfd': False, 'external_gateways': [{'network_id': '9fc5d4fa-3514-4712-a1bb-9e4e2c7c8d0d', 'external_fixed_ips': [{'ip_address': '172.24.5.4', 'subnet_id': 'be3ca515-2e56-4335-8c8d-749c7d5d9c28'}]}], 'routes': [], 'flavor_id': None, 'tags': [], 'created_at': '2026-03-17T10:29:04Z', 'updated_at': '2026-03-17T10:29:10Z', 'revision_number': 3, 'tenant_id': 'c274fc2d4bb44fb6b87fa46a89b26275'}, resource_type=routers, if_exists=True) {{(pid=102673) do_commit /opt/stack/data/venv/lib/python3.12/site-packages/ovsdbapp/backend/ovs_idl/transaction.py:89}}
Mar 17 10:29:11.926683 np0000159061 devstack@neutron-api.service[102673]: DEBUG ovsdbapp.backend.ovs_idl.transaction [None req-ffd3e570-b848-45ca-ae24-dcc0c10df3c4 None None] Running txn n=1 command(idx=1): DeleteLRouterExtGwCommand(_result=None, lrouter=neutron-28ce2dee-667a-4be9-91e5-f71ad6cdd0a9, if_exists=True, maintain_bfd=True) {{(pid=102673) do_commit /opt/stack/data/venv/lib/python3.12/site-packages/ovsdbapp/backend/ovs_idl/transaction.py:89}}
Mar 17 10:29:11.927475 np0000159061 devstack@neutron-api.service[102673]: DEBUG ovsdbapp.backend.ovs_idl.transaction [None req-ffd3e570-b848-45ca-ae24-dcc0c10df3c4 None None] Running txn n=1 command(idx=2): DeleteNATRuleInLRouterCommand(_result=None, lrouter=neutron-28ce2dee-667a-4be9-91e5-f71ad6cdd0a9, type=snat, logical_ip=10.1.0.0/26, external_ip=172.24.5.4, if_exists=True) {{(pid=102673) do_commit /opt/stack/data/venv/lib/python3.12/site-packages/ovsdbapp/backend/ovs_idl/transaction.py:89}}
Mar 17 10:29:11.927760 np0000159061 devstack@neutron-api.service[102673]: DEBUG ovsdbapp.backend.ovs_idl.transaction [None req-ffd3e570-b848-45ca-ae24-dcc0c10df3c4 None None] Running txn n=1 command(idx=3): DelStaticRoutesCommand(_result=None, lrouter=neutron-28ce2dee-667a-4be9-91e5-f71ad6cdd0a9, routes=[('0.0.0.0/0', '172.24.5.1')], if_exists=True) {{(pid=102673) do_commit /opt/stack/data/venv/lib/python3.12/site-packages/ovsdbapp/backend/ovs_idl/transaction.py:89}}
Mar 17 10:29:11.928060 np0000159061 devstack@neutron-api.service[102673]: DEBUG ovsdbapp.backend.ovs_idl.transaction [None req-ffd3e570-b848-45ca-ae24-dcc0c10df3c4 None None] Running txn n=1 command(idx=4): DelLRouterPortCommand(_result=None, name=lrp-3f3a1e63-917c-4f72-a33b-1fdd37134cd8, lrouter=neutron-28ce2dee-667a-4be9-91e5-f71ad6cdd0a9, if_exists=True) {{(pid=102673) do_commit /opt/stack/data/venv/lib/python3.12/site-packages/ovsdbapp/backend/ovs_idl/transaction.py:89}}
Mar 17 10:29:11.928541 np0000159061 devstack@neutron-api.service[102673]: DEBUG ovsdbapp.backend.ovs_idl.transaction [None req-ffd3e570-b848-45ca-ae24-dcc0c10df3c4 None None] Running txn n=1 command(idx=5): AddLRouterPortCommand(_result=None, name=lrp-3f3a1e63-917c-4f72-a33b-1fdd37134cd8, lrouter=neutron-28ce2dee-667a-4be9-91e5-f71ad6cdd0a9, may_exist=True, columns={'mac': 'fa:16:3e:6a:60:a4', 'networks': ['172.24.5.4/24'], 'external_ids': {'neutron:revision_number': '1', 'neutron:subnet_ids': 'be3ca515-2e56-4335-8c8d-749c7d5d9c28', 'neutron:network_name': 'neutron-9fc5d4fa-3514-4712-a1bb-9e4e2c7c8d0d', 'neutron:is_ext_gw': 'True', 'neutron:router_name': 'neutron-28ce2dee-667a-4be9-91e5-f71ad6cdd0a9'}, 'options': {'reside-on-redirect-chassis': 'true', 'gateway_mtu': '1372'}}) {{(pid=102673) do_commit /opt/stack/data/venv/lib/python3.12/site-packages/ovsdbapp/backend/ovs_idl/transaction.py:89}}
Mar 17 10:29:11.929305 np0000159061 devstack@neutron-api.service[102673]: DEBUG ovsdbapp.backend.ovs_idl.transaction [None req-ffd3e570-b848-45ca-ae24-dcc0c10df3c4 None None] Running txn n=1 command(idx=6): ScheduleNewGatewayCommand(_result=None, g_name=lrp-3f3a1e63-917c-4f72-a33b-1fdd37134cd8, sb_api=, lrouter_name=neutron-28ce2dee-667a-4be9-91e5-f71ad6cdd0a9, ovn_client=, scheduler=, physnet=public, az_hints=[]) {{(pid=102673) do_commit /opt/stack/data/venv/lib/python3.12/site-packages/ovsdbapp/backend/ovs_idl/transaction.py:89}}
Mar 17 10:29:11.930556 np0000159061 devstack@neutron-api.service[102673]: DEBUG neutron.plugins.ml2.drivers.ovn.mech_driver.ovsdb.ovn_client [None req-ffd3e570-b848-45ca-ae24-dcc0c10df3c4 None None] Chassis candidates for scheduling gateway router ports for "public" physical network: ['1843b167-f6f6-449f-b6a8-181e7ffee334'] {{(pid=102673) get_candidates_for_scheduling /opt/stack/neutron/neutron/plugins/ml2/drivers/ovn/mech_driver/ovsdb/ovn_client.py:1689}}
Mar 17 10:29:11.931439 np0000159061 devstack@neutron-api.service[102673]: DEBUG neutron.scheduler.l3_ovn_scheduler [None req-ffd3e570-b848-45ca-ae24-dcc0c10df3c4 None None] Gateway lrp-3f3a1e63-917c-4f72-a33b-1fdd37134cd8 scheduled on chassis ['1843b167-f6f6-449f-b6a8-181e7ffee334'] {{(pid=102673) _schedule_gateway /opt/stack/neutron/neutron/scheduler/l3_ovn_scheduler.py:87}}
Mar 17 10:29:11.931988 np0000159061 devstack@neutron-api.service[102673]: INFO neutron.plugins.ml2.drivers.ovn.mech_driver.ovsdb.commands [None req-ffd3e570-b848-45ca-ae24-dcc0c10df3c4 None None] Schedule LRP lrp-3f3a1e63-917c-4f72-a33b-1fdd37134cd8 on gateway 1843b167-f6f6-449f-b6a8-181e7ffee334 with priority 1
Mar 17 10:29:11.932263 np0000159061 devstack@neutron-api.service[102673]: DEBUG ovsdbapp.backend.ovs_idl.transaction [None req-ffd3e570-b848-45ca-ae24-dcc0c10df3c4 None None] Running txn n=1 command(idx=7): SetLRouterPortInLSwitchPortCommand(_result=None, lswitch_port=3f3a1e63-917c-4f72-a33b-1fdd37134cd8, lrouter_port=lrp-3f3a1e63-917c-4f72-a33b-1fdd37134cd8, is_gw_port=True, if_exists=True, lsp_address=router) {{(pid=102673) do_commit /opt/stack/data/venv/lib/python3.12/site-packages/ovsdbapp/backend/ovs_idl/transaction.py:89}}
Mar 17 10:29:11.932748 np0000159061 devstack@neutron-api.service[102673]: DEBUG ovsdbapp.backend.ovs_idl.transaction [None req-ffd3e570-b848-45ca-ae24-dcc0c10df3c4 None None] Running txn n=1 command(idx=8): AddStaticRouteCommand(_result=None, lrouter=neutron-28ce2dee-667a-4be9-91e5-f71ad6cdd0a9, maintain_bfd=False, columns={'ip_prefix': '0.0.0.0/0', 'nexthop': '172.24.5.1', 'external_ids': {'neutron:is_ext_gw': 'true', 'neutron:subnet_id': 'be3ca515-2e56-4335-8c8d-749c7d5d9c28', 'neutron:is_static_route': 'true'}}) {{(pid=102673) do_commit /opt/stack/data/venv/lib/python3.12/site-packages/ovsdbapp/backend/ovs_idl/transaction.py:89}}
Mar 17 10:29:11.933322 np0000159061 devstack@neutron-api.service[102673]: DEBUG ovsdbapp.backend.ovs_idl.transaction [None req-ffd3e570-b848-45ca-ae24-dcc0c10df3c4 None None] Running txn n=1 command(idx=9): AddNATRuleInLRouterCommand(_result=None, lrouter=neutron-28ce2dee-667a-4be9-91e5-f71ad6cdd0a9, columns={'type': 'snat', 'logical_ip': '10.1.0.0/26', 'external_ip': '172.24.5.4'}) {{(pid=102673) do_commit /opt/stack/data/venv/lib/python3.12/site-packages/ovsdbapp/backend/ovs_idl/transaction.py:89}}
Mar 17 10:29:11.933759 np0000159061 devstack@neutron-api.service[102673]: DEBUG ovsdbapp.backend.ovs_idl.transaction [None req-ffd3e570-b848-45ca-ae24-dcc0c10df3c4 None None] Running txn n=1 command(idx=10): UpdateLRouterCommand(_result=None, name=neutron-28ce2dee-667a-4be9-91e5-f71ad6cdd0a9, columns={'external_ids': {'neutron:router_name': 'router1', 'neutron:revision_number': '3', 'neutron:availability_zone_hints': ''}, 'enabled': True}, if_exists=True) {{(pid=102673) do_commit /opt/stack/data/venv/lib/python3.12/site-packages/ovsdbapp/backend/ovs_idl/transaction.py:89}}
Mar 17 10:29:11.934334 np0000159061 devstack@neutron-api.service[102673]: DEBUG ovsdbapp.backend.ovs_idl.transaction [None req-ffd3e570-b848-45ca-ae24-dcc0c10df3c4 None None] Running txn n=1 command(idx=11): QoSDelCommand(_result=None, switch=neutron-9fc5d4fa-3514-4712-a1bb-9e4e2c7c8d0d, conditions=[('direction', '=', 'from-lport'), ('priority', '=', 2002), ('match', '=', 'inport == "3f3a1e63-917c-4f72-a33b-1fdd37134cd8"')], if_exists=True) {{(pid=102673) do_commit /opt/stack/data/venv/lib/python3.12/site-packages/ovsdbapp/backend/ovs_idl/transaction.py:89}}
Mar 17 10:29:11.934667 np0000159061 devstack@neutron-api.service[102673]: DEBUG ovsdbapp.backend.ovs_idl.transaction [None req-ffd3e570-b848-45ca-ae24-dcc0c10df3c4 None None] Running txn n=1 command(idx=12): QoSDelCommand(_result=None, switch=neutron-9fc5d4fa-3514-4712-a1bb-9e4e2c7c8d0d, conditions=[('direction', '=', 'to-lport'), ('priority', '=', 2002), ('match', '=', 'outport == "3f3a1e63-917c-4f72-a33b-1fdd37134cd8"')], if_exists=True) {{(pid=102673) do_commit /opt/stack/data/venv/lib/python3.12/site-packages/ovsdbapp/backend/ovs_idl/transaction.py:89}}
Mar 17 10:29:11.943063 np0000159061 devstack@neutron-api.service[102675]: DEBUG neutron.plugins.ml2.drivers.ovn.mech_driver.ovsdb.ovsdb_monitor [None req-6938da37-29b1-458a-aabd-2847727ddc15 None None] Touching Hash Ring node "b329fedcd7575815924ccfbe6bdc7cbc" from IDL notify handler {{(pid=102675) notify /opt/stack/neutron/neutron/plugins/ml2/drivers/ovn/mech_driver/ovsdb/ovsdb_monitor.py:898}}
Mar 17 10:29:11.943995 np0000159061 devstack@neutron-api.service[102674]: DEBUG neutron.plugins.ml2.drivers.ovn.mech_driver.ovsdb.ovsdb_monitor [None req-e9ec0ef6-7881-45f8-9f8b-570ecb5c2717 None None] Touching Hash Ring node "98364e49342c55c79ae7882d498fb924" from IDL notify handler {{(pid=102674) notify /opt/stack/neutron/neutron/plugins/ml2/drivers/ovn/mech_driver/ovsdb/ovsdb_monitor.py:898}}
Mar 17 10:29:11.944146 np0000159061 devstack@neutron-api.service[102676]: DEBUG neutron.plugins.ml2.drivers.ovn.mech_driver.ovsdb.ovsdb_monitor [None req-62125337-0329-4939-a906-282184966a48 None None] Touching Hash Ring node "32ce8849933e5e59bf16fd4007282648" from IDL notify handler {{(pid=102676) notify /opt/stack/neutron/neutron/plugins/ml2/drivers/ovn/mech_driver/ovsdb/ovsdb_monitor.py:898}}
Mar 17 10:29:11.951397 np0000159061 devstack@neutron-api.service[102674]: DEBUG neutron.plugins.ml2.drivers.ovn.mech_driver.ovsdb.ovsdb_monitor [None req-e9ec0ef6-7881-45f8-9f8b-570ecb5c2717 None None] Hash Ring: Node 98364e49342c55c79ae7882d498fb924 (host: np0000159061) handling event "create" for row a47225cd-e1f2-4a53-8331-8e854ad0b404 (table: Gateway_Chassis) {{(pid=102674) notify /opt/stack/neutron/neutron/plugins/ml2/drivers/ovn/mech_driver/ovsdb/ovsdb_monitor.py:906}}
Mar 17 10:29:11.953205 np0000159061 devstack@neutron-api.service[102676]: DEBUG neutron.plugins.ml2.drivers.ovn.mech_driver.ovsdb.ovsdb_monitor [None req-39ce5841-d980-4987-8a95-a197908a8717 None None] Touching Hash Ring node "32ce8849933e5e59bf16fd4007282648" from IDL notify handler {{(pid=102676) notify /opt/stack/neutron/neutron/plugins/ml2/drivers/ovn/mech_driver/ovsdb/ovsdb_monitor.py:898}}
Mar 17 10:29:11.953611 np0000159061 devstack@neutron-api.service[102674]: DEBUG neutron.plugins.ml2.drivers.ovn.mech_driver.ovsdb.ovsdb_monitor [None req-6f646696-482c-4f23-bfed-8fa7492f6540 None None] Touching Hash Ring node "98364e49342c55c79ae7882d498fb924" from IDL notify handler {{(pid=102674) notify /opt/stack/neutron/neutron/plugins/ml2/drivers/ovn/mech_driver/ovsdb/ovsdb_monitor.py:898}}
Mar 17 10:29:11.955551 np0000159061 devstack@neutron-api.service[102674]: DEBUG neutron.plugins.ml2.drivers.ovn.mech_driver.ovsdb.ovsdb_monitor [None req-e9ec0ef6-7881-45f8-9f8b-570ecb5c2717 None None] Touching Hash Ring node "98364e49342c55c79ae7882d498fb924" from IDL notify handler {{(pid=102674) notify /opt/stack/neutron/neutron/plugins/ml2/drivers/ovn/mech_driver/ovsdb/ovsdb_monitor.py:898}}
Mar 17 10:29:11.958973 np0000159061 devstack@neutron-api.service[102676]: DEBUG neutron.plugins.ml2.drivers.ovn.mech_driver.ovsdb.ovsdb_monitor [None req-62125337-0329-4939-a906-282184966a48 None None] Hash Ring: Node 32ce8849933e5e59bf16fd4007282648 (host: np0000159061) handling event "create" for row a47225cd-e1f2-4a53-8331-8e854ad0b404 (table: Gateway_Chassis) {{(pid=102676) notify /opt/stack/neutron/neutron/plugins/ml2/drivers/ovn/mech_driver/ovsdb/ovsdb_monitor.py:906}}
Mar 17 10:29:11.960439 np0000159061 devstack@neutron-api.service[102676]: DEBUG neutron.plugins.ml2.drivers.ovn.mech_driver.ovsdb.ovsdb_monitor [None req-39ce5841-d980-4987-8a95-a197908a8717 None None] Hash Ring: Node 32ce8849933e5e59bf16fd4007282648 (host: np0000159061) handling event "update" for row 1eefd78a-7b8e-4cf4-8337-3cf70909c6f6 (table: Port_Binding) {{(pid=102676) notify /opt/stack/neutron/neutron/plugins/ml2/drivers/ovn/mech_driver/ovsdb/ovsdb_monitor.py:906}}
Mar 17 10:29:11.961151 np0000159061 devstack@neutron-api.service[102674]: DEBUG neutron.plugins.ml2.drivers.ovn.mech_driver.ovsdb.ovsdb_monitor [None req-6f646696-482c-4f23-bfed-8fa7492f6540 None None] Hash Ring: Node 98364e49342c55c79ae7882d498fb924 (host: np0000159061) handling event "update" for row 1eefd78a-7b8e-4cf4-8337-3cf70909c6f6 (table: Port_Binding) {{(pid=102674) notify /opt/stack/neutron/neutron/plugins/ml2/drivers/ovn/mech_driver/ovsdb/ovsdb_monitor.py:906}}
Mar 17 10:29:11.961332 np0000159061 devstack@neutron-api.service[102675]: DEBUG neutron.plugins.ml2.drivers.ovn.mech_driver.ovsdb.ovsdb_monitor [None req-6938da37-29b1-458a-aabd-2847727ddc15 None None] Hash Ring: Node b329fedcd7575815924ccfbe6bdc7cbc (host: np0000159061) handling event "create" for row 36da4215-028d-4e26-91f9-65b0359a5f7b (table: Logical_Router_Port) {{(pid=102675) notify /opt/stack/neutron/neutron/plugins/ml2/drivers/ovn/mech_driver/ovsdb/ovsdb_monitor.py:906}}
Mar 17 10:29:11.962244 np0000159061 devstack@neutron-api.service[102676]: DEBUG neutron.plugins.ml2.drivers.ovn.mech_driver.ovsdb.ovsdb_monitor [None req-62125337-0329-4939-a906-282184966a48 None None] Touching Hash Ring node "32ce8849933e5e59bf16fd4007282648" from IDL notify handler {{(pid=102676) notify /opt/stack/neutron/neutron/plugins/ml2/drivers/ovn/mech_driver/ovsdb/ovsdb_monitor.py:898}}
Mar 17 10:29:11.962923 np0000159061 devstack@neutron-api.service[102674]: DEBUG neutron.plugins.ml2.drivers.ovn.mech_driver.ovsdb.ovsdb_monitor [None req-e9ec0ef6-7881-45f8-9f8b-570ecb5c2717 None None] Hash Ring: Node 98364e49342c55c79ae7882d498fb924 (host: np0000159061) handling event "update" for row 409f4177-bf12-4245-9133-881f76efd4ee (table: Logical_Router) {{(pid=102674) notify /opt/stack/neutron/neutron/plugins/ml2/drivers/ovn/mech_driver/ovsdb/ovsdb_monitor.py:906}}
Mar 17 10:29:11.963098 np0000159061 devstack@neutron-api.service[102675]: DEBUG ovsdbapp.backend.ovs_idl.event [None req-6938da37-29b1-458a-aabd-2847727ddc15 None None] Matched CREATE: LogicalRouterPortEvent(events=('create', 'delete'), table='Logical_Router_Port', conditions=None, old_conditions=None), priority=20 to row=Logical_Router_Port(uuid=36da4215-028d-4e26-91f9-65b0359a5f7b, enabled=[], external_ids={'neutron:is_ext_gw': 'True', 'neutron:network_name': 'neutron-9fc5d4fa-3514-4712-a1bb-9e4e2c7c8d0d', 'neutron:revision_number': '1', 'neutron:router_name': 'neutron-28ce2dee-667a-4be9-91e5-f71ad6cdd0a9', 'neutron:subnet_ids': 'be3ca515-2e56-4335-8c8d-749c7d5d9c28'}, gateway_chassis=[a47225cd-e1f2-4a53-8331-8e854ad0b404], ha_chassis_group=[], ipv6_prefix=[], ipv6_ra_configs={}, mac='fa:16:3e:6a:60:a4', name='lrp-3f3a1e63-917c-4f72-a33b-1fdd37134cd8', networks=['172.24.5.4/24'], options={'gateway_mtu': '1372', 'reside-on-redirect-chassis': 'true'}, peer=[], status={}) old= {{(pid=102675) matches /opt/stack/data/venv/lib/python3.12/site-packages/ovsdbapp/backend/ovs_idl/event.py:55}}
Mar 17 10:29:11.964776 np0000159061 devstack@neutron-api.service[102675]: INFO neutron.plugins.ml2.drivers.ovn.mech_driver.ovsdb.extensions.qos [None req-2ab5b564-6557-4b6f-b872-4accab7ad640 None None] Starting OVNClientQosExtension
Mar 17 10:29:11.965058 np0000159061 devstack@neutron-api.service[102674]: DEBUG neutron.plugins.ml2.drivers.ovn.mech_driver.ovsdb.ovsdb_monitor [None req-e9ec0ef6-7881-45f8-9f8b-570ecb5c2717 None None] Touching Hash Ring node "98364e49342c55c79ae7882d498fb924" from IDL notify handler {{(pid=102674) notify /opt/stack/neutron/neutron/plugins/ml2/drivers/ovn/mech_driver/ovsdb/ovsdb_monitor.py:898}}
Mar 17 10:29:11.965563 np0000159061 devstack@neutron-api.service[102674]: DEBUG neutron.plugins.ml2.drivers.ovn.mech_driver.ovsdb.ovsdb_monitor [None req-6f646696-482c-4f23-bfed-8fa7492f6540 None None] Touching Hash Ring node "98364e49342c55c79ae7882d498fb924" from IDL notify handler {{(pid=102674) notify /opt/stack/neutron/neutron/plugins/ml2/drivers/ovn/mech_driver/ovsdb/ovsdb_monitor.py:898}}
Mar 17 10:29:11.965833 np0000159061 devstack@neutron-api.service[102675]: DEBUG neutron.plugins.ml2.drivers.ovn.mech_driver.ovsdb.ovsdb_monitor [None req-6938da37-29b1-458a-aabd-2847727ddc15 None None] Touching Hash Ring node "b329fedcd7575815924ccfbe6bdc7cbc" from IDL notify handler {{(pid=102675) notify /opt/stack/neutron/neutron/plugins/ml2/drivers/ovn/mech_driver/ovsdb/ovsdb_monitor.py:898}}
Mar 17 10:29:11.966729 np0000159061 devstack@neutron-api.service[102676]: DEBUG neutron.plugins.ml2.drivers.ovn.mech_driver.ovsdb.ovsdb_monitor [None req-62125337-0329-4939-a906-282184966a48 None None] Hash Ring: Node 32ce8849933e5e59bf16fd4007282648 (host: np0000159061) handling event "update" for row 409f4177-bf12-4245-9133-881f76efd4ee (table: Logical_Router) {{(pid=102676) notify /opt/stack/neutron/neutron/plugins/ml2/drivers/ovn/mech_driver/ovsdb/ovsdb_monitor.py:906}}
Mar 17 10:29:11.968027 np0000159061 devstack@neutron-api.service[102676]: DEBUG neutron.plugins.ml2.drivers.ovn.mech_driver.ovsdb.ovsdb_monitor [None req-62125337-0329-4939-a906-282184966a48 None None] Touching Hash Ring node "32ce8849933e5e59bf16fd4007282648" from IDL notify handler {{(pid=102676) notify /opt/stack/neutron/neutron/plugins/ml2/drivers/ovn/mech_driver/ovsdb/ovsdb_monitor.py:898}}
Mar 17 10:29:11.970441 np0000159061 devstack@neutron-api.service[102675]: DEBUG neutron.plugins.ml2.drivers.ovn.mech_driver.ovsdb.ovsdb_monitor [None req-6938da37-29b1-458a-aabd-2847727ddc15 None None] Hash Ring: Node b329fedcd7575815924ccfbe6bdc7cbc (host: np0000159061) handling event "create" for row 25ac7e33-1e45-441c-afba-311d6573bedd (table: Logical_Router_Static_Route) {{(pid=102675) notify /opt/stack/neutron/neutron/plugins/ml2/drivers/ovn/mech_driver/ovsdb/ovsdb_monitor.py:906}}
Mar 17 10:29:11.970947 np0000159061 devstack@neutron-api.service[102674]: DEBUG neutron.plugins.ml2.drivers.ovn.mech_driver.ovsdb.ovsdb_monitor [None req-e9ec0ef6-7881-45f8-9f8b-570ecb5c2717 None None] Hash Ring: Node 98364e49342c55c79ae7882d498fb924 (host: np0000159061) handling event "create" for row 36da4215-028d-4e26-91f9-65b0359a5f7b (table: Logical_Router_Port) {{(pid=102674) notify /opt/stack/neutron/neutron/plugins/ml2/drivers/ovn/mech_driver/ovsdb/ovsdb_monitor.py:906}}
Mar 17 10:29:11.971757 np0000159061 devstack@neutron-api.service[102676]: DEBUG neutron.plugins.ml2.drivers.ovn.mech_driver.ovsdb.ovsdb_monitor [None req-62125337-0329-4939-a906-282184966a48 None None] Hash Ring: Node 32ce8849933e5e59bf16fd4007282648 (host: np0000159061) handling event "create" for row 36da4215-028d-4e26-91f9-65b0359a5f7b (table: Logical_Router_Port) {{(pid=102676) notify /opt/stack/neutron/neutron/plugins/ml2/drivers/ovn/mech_driver/ovsdb/ovsdb_monitor.py:906}}
Mar 17 10:29:11.972065 np0000159061 devstack@neutron-api.service[102674]: DEBUG ovsdbapp.backend.ovs_idl.event [None req-e9ec0ef6-7881-45f8-9f8b-570ecb5c2717 None None] Matched CREATE: LogicalRouterPortEvent(events=('create', 'delete'), table='Logical_Router_Port', conditions=None, old_conditions=None), priority=20 to row=Logical_Router_Port(uuid=36da4215-028d-4e26-91f9-65b0359a5f7b, enabled=[], external_ids={'neutron:is_ext_gw': 'True', 'neutron:network_name': 'neutron-9fc5d4fa-3514-4712-a1bb-9e4e2c7c8d0d', 'neutron:revision_number': '1', 'neutron:router_name': 'neutron-28ce2dee-667a-4be9-91e5-f71ad6cdd0a9', 'neutron:subnet_ids': 'be3ca515-2e56-4335-8c8d-749c7d5d9c28'}, gateway_chassis=[a47225cd-e1f2-4a53-8331-8e854ad0b404], ha_chassis_group=[], ipv6_prefix=[], ipv6_ra_configs={}, mac='fa:16:3e:6a:60:a4', name='lrp-3f3a1e63-917c-4f72-a33b-1fdd37134cd8', networks=['172.24.5.4/24'], options={'gateway_mtu': '1372', 'reside-on-redirect-chassis': 'true'}, peer=[], status={}) old= {{(pid=102674) matches /opt/stack/data/venv/lib/python3.12/site-packages/ovsdbapp/backend/ovs_idl/event.py:55}}
Mar 17 10:29:11.972672 np0000159061 devstack@neutron-api.service[102676]: DEBUG ovsdbapp.backend.ovs_idl.event [None req-62125337-0329-4939-a906-282184966a48 None None] Matched CREATE: LogicalRouterPortEvent(events=('create', 'delete'), table='Logical_Router_Port', conditions=None, old_conditions=None), priority=20 to row=Logical_Router_Port(uuid=36da4215-028d-4e26-91f9-65b0359a5f7b, enabled=[], external_ids={'neutron:is_ext_gw': 'True', 'neutron:network_name': 'neutron-9fc5d4fa-3514-4712-a1bb-9e4e2c7c8d0d', 'neutron:revision_number': '1', 'neutron:router_name': 'neutron-28ce2dee-667a-4be9-91e5-f71ad6cdd0a9', 'neutron:subnet_ids': 'be3ca515-2e56-4335-8c8d-749c7d5d9c28'}, gateway_chassis=[a47225cd-e1f2-4a53-8331-8e854ad0b404], ha_chassis_group=[], ipv6_prefix=[], ipv6_ra_configs={}, mac='fa:16:3e:6a:60:a4', name='lrp-3f3a1e63-917c-4f72-a33b-1fdd37134cd8', networks=['172.24.5.4/24'], options={'gateway_mtu': '1372', 'reside-on-redirect-chassis': 'true'}, peer=[], status={}) old= {{(pid=102676) matches /opt/stack/data/venv/lib/python3.12/site-packages/ovsdbapp/backend/ovs_idl/event.py:55}}
Mar 17 10:29:11.972965 np0000159061 devstack@neutron-api.service[102675]: DEBUG neutron.plugins.ml2.drivers.ovn.mech_driver.ovsdb.ovsdb_monitor [None req-6938da37-29b1-458a-aabd-2847727ddc15 None None] Touching Hash Ring node "b329fedcd7575815924ccfbe6bdc7cbc" from IDL notify handler {{(pid=102675) notify /opt/stack/neutron/neutron/plugins/ml2/drivers/ovn/mech_driver/ovsdb/ovsdb_monitor.py:898}}
Mar 17 10:29:11.973687 np0000159061 devstack@neutron-api.service[102676]: DEBUG neutron.plugins.ml2.drivers.ovn.mech_driver.ovsdb.ovsdb_monitor [None req-62125337-0329-4939-a906-282184966a48 None None] Touching Hash Ring node "32ce8849933e5e59bf16fd4007282648" from IDL notify handler {{(pid=102676) notify /opt/stack/neutron/neutron/plugins/ml2/drivers/ovn/mech_driver/ovsdb/ovsdb_monitor.py:898}}
Mar 17 10:29:11.973922 np0000159061 devstack@neutron-api.service[102674]: DEBUG neutron.plugins.ml2.drivers.ovn.mech_driver.ovsdb.ovsdb_monitor [None req-e9ec0ef6-7881-45f8-9f8b-570ecb5c2717 None None] Touching Hash Ring node "98364e49342c55c79ae7882d498fb924" from IDL notify handler {{(pid=102674) notify /opt/stack/neutron/neutron/plugins/ml2/drivers/ovn/mech_driver/ovsdb/ovsdb_monitor.py:898}}
Mar 17 10:29:11.975094 np0000159061 devstack@neutron-api.service[102674]: DEBUG neutron.plugins.ml2.drivers.ovn.mech_driver.ovsdb.ovsdb_monitor [None req-6f646696-482c-4f23-bfed-8fa7492f6540 None None] Hash Ring: Node 98364e49342c55c79ae7882d498fb924 (host: np0000159061) handling event "create" for row f4dfeb2b-3a17-42b4-988e-ab7adfadcb11 (table: Port_Binding) {{(pid=102674) notify /opt/stack/neutron/neutron/plugins/ml2/drivers/ovn/mech_driver/ovsdb/ovsdb_monitor.py:906}}
Mar 17 10:29:11.975555 np0000159061 devstack@neutron-api.service[102676]: DEBUG neutron.plugins.ml2.drivers.ovn.mech_driver.ovsdb.ovsdb_monitor [None req-62125337-0329-4939-a906-282184966a48 None None] Hash Ring: Node 32ce8849933e5e59bf16fd4007282648 (host: np0000159061) handling event "create" for row 5ef511d4-dd40-43a3-9537-f204dbf7ac61 (table: NAT) {{(pid=102676) notify /opt/stack/neutron/neutron/plugins/ml2/drivers/ovn/mech_driver/ovsdb/ovsdb_monitor.py:906}}
Mar 17 10:29:11.976205 np0000159061 devstack@neutron-api.service[102675]: DEBUG neutron.plugins.ml2.drivers.ovn.mech_driver.ovsdb.ovsdb_monitor [None req-6938da37-29b1-458a-aabd-2847727ddc15 None None] Hash Ring: Node b329fedcd7575815924ccfbe6bdc7cbc (host: np0000159061) handling event "update" for row 36da4215-028d-4e26-91f9-65b0359a5f7b (table: Logical_Router_Port) {{(pid=102675) notify /opt/stack/neutron/neutron/plugins/ml2/drivers/ovn/mech_driver/ovsdb/ovsdb_monitor.py:906}}
Mar 17 10:29:11.976819 np0000159061 devstack@neutron-api.service[102674]: DEBUG neutron.plugins.ml2.drivers.ovn.mech_driver.ovsdb.ovsdb_monitor [None req-6f646696-482c-4f23-bfed-8fa7492f6540 None None] Touching Hash Ring node "98364e49342c55c79ae7882d498fb924" from IDL notify handler {{(pid=102674) notify /opt/stack/neutron/neutron/plugins/ml2/drivers/ovn/mech_driver/ovsdb/ovsdb_monitor.py:898}}
Mar 17 10:29:11.977202 np0000159061 devstack@neutron-api.service[102676]: DEBUG neutron.plugins.ml2.drivers.ovn.mech_driver.ovsdb.ovsdb_monitor [None req-62125337-0329-4939-a906-282184966a48 None None] Touching Hash Ring node "32ce8849933e5e59bf16fd4007282648" from IDL notify handler {{(pid=102676) notify /opt/stack/neutron/neutron/plugins/ml2/drivers/ovn/mech_driver/ovsdb/ovsdb_monitor.py:898}}
Mar 17 10:29:11.978789 np0000159061 devstack@neutron-api.service[102676]: DEBUG neutron.plugins.ml2.drivers.ovn.mech_driver.ovsdb.ovsdb_monitor [None req-62125337-0329-4939-a906-282184966a48 None None] Hash Ring: Node 32ce8849933e5e59bf16fd4007282648 (host: np0000159061) handling event "update" for row 36da4215-028d-4e26-91f9-65b0359a5f7b (table: Logical_Router_Port) {{(pid=102676) notify /opt/stack/neutron/neutron/plugins/ml2/drivers/ovn/mech_driver/ovsdb/ovsdb_monitor.py:906}}
Mar 17 10:29:11.979172 np0000159061 devstack@neutron-api.service[102674]: DEBUG neutron.plugins.ml2.drivers.ovn.mech_driver.ovsdb.ovsdb_monitor [None req-e9ec0ef6-7881-45f8-9f8b-570ecb5c2717 None None] Hash Ring: Node 98364e49342c55c79ae7882d498fb924 (host: np0000159061) handling event "create" for row 25ac7e33-1e45-441c-afba-311d6573bedd (table: Logical_Router_Static_Route) {{(pid=102674) notify /opt/stack/neutron/neutron/plugins/ml2/drivers/ovn/mech_driver/ovsdb/ovsdb_monitor.py:906}}
