Feb 17 17:59:07.335614 np0000156075 systemd[1]: Starting devstack@n-api-meta.service - Devstack devstack@n-api-meta.service...
Feb 17 17:59:07.343290 np0000156075 devstack@n-api-meta.service[108616]: [uWSGI] getting INI configuration from /etc/nova/nova-metadata-uwsgi.ini
Feb 17 17:59:07.343863 np0000156075 devstack@n-api-meta.service[108616]: open("./http_plugin.so"): No such file or directory [core/utils.c line 3709]
Feb 17 17:59:07.343863 np0000156075 devstack@n-api-meta.service[108616]: !!! UNABLE to load uWSGI plugin: ./http_plugin.so: cannot open shared object file: No such file or directory !!!
Feb 17 17:59:07.343863 np0000156075 devstack@n-api-meta.service[108616]: open("./python3_plugin.so"): No such file or directory [core/utils.c line 3709]
Feb 17 17:59:07.343863 np0000156075 devstack@n-api-meta.service[108616]: !!! UNABLE to load uWSGI plugin: ./python3_plugin.so: cannot open shared object file: No such file or directory !!!
Feb 17 17:59:07.343863 np0000156075 devstack@n-api-meta.service[108616]: *** Starting uWSGI 2.0.31 (64bit) on [Tue Feb 17 17:59:07 2026] ***
Feb 17 17:59:07.343863 np0000156075 devstack@n-api-meta.service[108616]: compiled with version: 13.3.0 on 17 February 2026 17:49:09
Feb 17 17:59:07.343863 np0000156075 devstack@n-api-meta.service[108616]: os: Linux-6.8.0-100-generic #100-Ubuntu SMP PREEMPT_DYNAMIC Tue Jan 13 16:40:06 UTC 2026
Feb 17 17:59:07.343863 np0000156075 devstack@n-api-meta.service[108616]: nodename: np0000156075
Feb 17 17:59:07.343863 np0000156075 devstack@n-api-meta.service[108616]: machine: x86_64
Feb 17 17:59:07.343863 np0000156075 devstack@n-api-meta.service[108616]: clock source: unix
Feb 17 17:59:07.343863 np0000156075 devstack@n-api-meta.service[108616]: pcre jit disabled
Feb 17 17:59:07.343863 np0000156075 devstack@n-api-meta.service[108616]: detected number of CPU cores: 16
Feb 17 17:59:07.343863 np0000156075 devstack@n-api-meta.service[108616]: current working directory: /
Feb 17 17:59:07.343863 np0000156075 devstack@n-api-meta.service[108616]: detected binary path: /opt/stack/data/venv/bin/uwsgi
Feb 17 17:59:07.343863 np0000156075 devstack@n-api-meta.service[108616]: your processes number limit is 256923
Feb 17 17:59:07.343863 np0000156075 devstack@n-api-meta.service[108616]: your memory page size is 4096 bytes
Feb 17 17:59:07.343863 np0000156075 devstack@n-api-meta.service[108616]: detected max file descriptor number: 2048
Feb 17 17:59:07.343863 np0000156075 devstack@n-api-meta.service[108616]: lock engine: pthread robust mutexes
Feb 17 17:59:07.343863 np0000156075 devstack@n-api-meta.service[108616]: thunder lock: enabled
Feb 17 17:59:07.344835 np0000156075 devstack@n-api-meta.service[108616]: uWSGI http bound on 0.0.0.0:8775 fd 5
Feb 17 17:59:07.344835 np0000156075 devstack@n-api-meta.service[108616]: uwsgi socket 0 bound to TCP address 127.0.0.1:40027 (port auto-assigned) fd 4
Feb 17 17:59:07.344835 np0000156075 devstack@n-api-meta.service[108616]: Python version: 3.12.3 (main, Jan 22 2026, 20:57:42) [GCC 13.3.0]
Feb 17 17:59:07.344835 np0000156075 devstack@n-api-meta.service[108616]: PEP 405 virtualenv detected: /opt/stack/data/venv
Feb 17 17:59:07.344835 np0000156075 devstack@n-api-meta.service[108616]: Set PythonHome to /opt/stack/data/venv
Feb 17 17:59:07.381260 np0000156075 devstack@n-api-meta.service[108616]: Python main interpreter initialized at 0x79d6014a3668
Feb 17 17:59:07.381260 np0000156075 devstack@n-api-meta.service[108616]: python threads support enabled
Feb 17 17:59:07.381260 np0000156075 devstack@n-api-meta.service[108616]: your server socket listen backlog is limited to 100 connections
Feb 17 17:59:07.381260 np0000156075 devstack@n-api-meta.service[108616]: your mercy for graceful operations on workers is 80 seconds
Feb 17 17:59:07.381732 np0000156075 devstack@n-api-meta.service[108616]: mapped 671795 bytes (656 KB) for 4 cores
Feb 17 17:59:07.381868 np0000156075 devstack@n-api-meta.service[108616]: *** Operational MODE: preforking ***
Feb 17 17:59:07.382078 np0000156075 devstack@n-api-meta.service[108616]: *** uWSGI is running in multiple interpreter mode ***
Feb 17 17:59:07.382078 np0000156075 devstack@n-api-meta.service[108616]: spawned uWSGI master process (pid: 108616)
Feb 17 17:59:07.382219 np0000156075 systemd[1]: Started devstack@n-api-meta.service - Devstack devstack@n-api-meta.service.
Feb 17 17:59:07.382716 np0000156075 devstack@n-api-meta.service[108616]: spawned uWSGI worker 1 (pid: 108617, cores: 1)
Feb 17 17:59:07.383398 np0000156075 devstack@n-api-meta.service[108616]: spawned uWSGI worker 2 (pid: 108618, cores: 1)
Feb 17 17:59:07.383844 np0000156075 devstack@n-api-meta.service[108616]: spawned uWSGI worker 3 (pid: 108619, cores: 1)
Feb 17 17:59:07.384337 np0000156075 devstack@n-api-meta.service[108616]: spawned uWSGI worker 4 (pid: 108620, cores: 1)
Feb 17 17:59:07.384775 np0000156075 devstack@n-api-meta.service[108616]: spawned uWSGI http 1 (pid: 108621)
Feb 17 17:59:07.384775 np0000156075 devstack@n-api-meta.service[108616]: running "unix_signal:15 gracefully_kill_them_all" (master-start)...
Feb 17 17:59:07.713984 np0000156075 devstack@n-api-meta.service[108619]: Service is starting with native threading. This is currently experimental. Do not use it in production without first testing it in pre-production.
Feb 17 17:59:07.719815 np0000156075 devstack@n-api-meta.service[108618]: Service is starting with native threading. This is currently experimental. Do not use it in production without first testing it in pre-production.
Feb 17 17:59:07.723578 np0000156075 devstack@n-api-meta.service[108617]: Service is starting with native threading. This is currently experimental. Do not use it in production without first testing it in pre-production.
Feb 17 17:59:07.731672 np0000156075 devstack@n-api-meta.service[108620]: Service is starting with native threading. This is currently experimental. Do not use it in production without first testing it in pre-production.
Feb 17 17:59:09.054274 np0000156075 devstack@n-api-meta.service[108619]: INFO dbcounter [None req-c986dffa-30bb-4cd4-8a01-43c7a9d6d36e None None] Registered counter for database nova_api
Feb 17 17:59:09.070779 np0000156075 devstack@n-api-meta.service[108619]: DEBUG oslo_db.sqlalchemy.engines [None req-c986dffa-30bb-4cd4-8a01-43c7a9d6d36e None None] MySQL server mode set to STRICT_TRANS_TABLES,STRICT_ALL_TABLES,NO_ZERO_IN_DATE,NO_ZERO_DATE,ERROR_FOR_DIVISION_BY_ZERO,TRADITIONAL,NO_ENGINE_SUBSTITUTION {{(pid=108619) _check_effective_sql_mode /opt/stack/data/venv/lib/python3.12/site-packages/oslo_db/sqlalchemy/engines.py:325}}
Feb 17 17:59:09.104768 np0000156075 devstack@n-api-meta.service[108619]: DEBUG dbcounter [-] [108619] Writer thread running {{(pid=108619) stat_writer /opt/stack/data/venv/lib/python3.12/site-packages/dbcounter.py:102}}
Feb 17 17:59:09.106573 np0000156075 devstack@n-api-meta.service[108619]: DEBUG nova.context [None req-c986dffa-30bb-4cd4-8a01-43c7a9d6d36e None None] Found 2 cells: 00000000-0000-0000-0000-000000000000(cell0),04fdc79a-cb37-4e42-b580-34151ecfd243(cell1) {{(pid=108619) load_cells /opt/stack/nova/nova/context.py:509}}
Feb 17 17:59:09.106787 np0000156075 devstack@n-api-meta.service[108619]: INFO nova.utils [None req-c986dffa-30bb-4cd4-8a01-43c7a9d6d36e None None] The cell worker thread pool MainProcess.cell_worker is initialized
Feb 17 17:59:09.108418 np0000156075 devstack@n-api-meta.service[108619]: DEBUG oslo_concurrency.lockutils [None req-c986dffa-30bb-4cd4-8a01-43c7a9d6d36e None None] Acquiring lock "00000000-0000-0000-0000-000000000000" by "nova.context.set_target_cell..get_or_set_cached_cell_and_set_connections" {{(pid=108619) inner /opt/stack/data/venv/lib/python3.12/site-packages/oslo_concurrency/lockutils.py:506}}
Feb 17 17:59:09.108577 np0000156075 devstack@n-api-meta.service[108619]: DEBUG oslo_concurrency.lockutils [None req-c986dffa-30bb-4cd4-8a01-43c7a9d6d36e None None] Lock "00000000-0000-0000-0000-000000000000" acquired by "nova.context.set_target_cell..get_or_set_cached_cell_and_set_connections" :: waited 0.000s {{(pid=108619) inner /opt/stack/data/venv/lib/python3.12/site-packages/oslo_concurrency/lockutils.py:519}}
Feb 17 17:59:09.108903 np0000156075 devstack@n-api-meta.service[108619]: DEBUG oslo_concurrency.lockutils [None req-c986dffa-30bb-4cd4-8a01-43c7a9d6d36e None None] Lock "00000000-0000-0000-0000-000000000000" "released" by "nova.context.set_target_cell..get_or_set_cached_cell_and_set_connections" :: held 0.000s {{(pid=108619) inner /opt/stack/data/venv/lib/python3.12/site-packages/oslo_concurrency/lockutils.py:538}}
Feb 17 17:59:09.110179 np0000156075 devstack@n-api-meta.service[108619]: DEBUG oslo_concurrency.lockutils [None req-c986dffa-30bb-4cd4-8a01-43c7a9d6d36e None None] Acquiring lock "04fdc79a-cb37-4e42-b580-34151ecfd243" by "nova.context.set_target_cell..get_or_set_cached_cell_and_set_connections" {{(pid=108619) inner /opt/stack/data/venv/lib/python3.12/site-packages/oslo_concurrency/lockutils.py:506}}
Feb 17 17:59:09.110179 np0000156075 devstack@n-api-meta.service[108619]: DEBUG oslo_concurrency.lockutils [None req-c986dffa-30bb-4cd4-8a01-43c7a9d6d36e None None] Lock "04fdc79a-cb37-4e42-b580-34151ecfd243" acquired by "nova.context.set_target_cell..get_or_set_cached_cell_and_set_connections" :: waited 0.000s {{(pid=108619) inner /opt/stack/data/venv/lib/python3.12/site-packages/oslo_concurrency/lockutils.py:519}}
Feb 17 17:59:09.110814 np0000156075 devstack@n-api-meta.service[108619]: DEBUG oslo_concurrency.lockutils [None req-c986dffa-30bb-4cd4-8a01-43c7a9d6d36e None None] Lock "04fdc79a-cb37-4e42-b580-34151ecfd243" "released" by "nova.context.set_target_cell..get_or_set_cached_cell_and_set_connections" :: held 0.001s {{(pid=108619) inner /opt/stack/data/venv/lib/python3.12/site-packages/oslo_concurrency/lockutils.py:538}}
Feb 17 17:59:09.114701 np0000156075 devstack@n-api-meta.service[108619]: INFO dbcounter [None req-c986dffa-30bb-4cd4-8a01-43c7a9d6d36e None None] Registered counter for database nova_cell0
Feb 17 17:59:09.115914 np0000156075 devstack@n-api-meta.service[108620]: INFO dbcounter [None req-7d82e845-2fdc-4ef4-bfb1-185211008ca9 None None] Registered counter for database nova_api
Feb 17 17:59:09.120641 np0000156075 devstack@n-api-meta.service[108619]: INFO dbcounter [None req-c986dffa-30bb-4cd4-8a01-43c7a9d6d36e None None] Registered counter for database nova_cell1
Feb 17 17:59:09.132702 np0000156075 devstack@n-api-meta.service[108619]: DEBUG oslo_db.sqlalchemy.engines [None req-c986dffa-30bb-4cd4-8a01-43c7a9d6d36e None None] MySQL server mode set to STRICT_TRANS_TABLES,STRICT_ALL_TABLES,NO_ZERO_IN_DATE,NO_ZERO_DATE,ERROR_FOR_DIVISION_BY_ZERO,TRADITIONAL,NO_ENGINE_SUBSTITUTION {{(pid=108619) _check_effective_sql_mode /opt/stack/data/venv/lib/python3.12/site-packages/oslo_db/sqlalchemy/engines.py:325}}
Feb 17 17:59:09.143714 np0000156075 devstack@n-api-meta.service[108620]: DEBUG oslo_db.sqlalchemy.engines [None req-7d82e845-2fdc-4ef4-bfb1-185211008ca9 None None] MySQL server mode set to STRICT_TRANS_TABLES,STRICT_ALL_TABLES,NO_ZERO_IN_DATE,NO_ZERO_DATE,ERROR_FOR_DIVISION_BY_ZERO,TRADITIONAL,NO_ENGINE_SUBSTITUTION {{(pid=108620) _check_effective_sql_mode /opt/stack/data/venv/lib/python3.12/site-packages/oslo_db/sqlalchemy/engines.py:325}}
Feb 17 17:59:09.144004 np0000156075 devstack@n-api-meta.service[108619]: DEBUG oslo_db.sqlalchemy.engines [None req-c986dffa-30bb-4cd4-8a01-43c7a9d6d36e None None] MySQL server mode set to STRICT_TRANS_TABLES,STRICT_ALL_TABLES,NO_ZERO_IN_DATE,NO_ZERO_DATE,ERROR_FOR_DIVISION_BY_ZERO,TRADITIONAL,NO_ENGINE_SUBSTITUTION {{(pid=108619) _check_effective_sql_mode /opt/stack/data/venv/lib/python3.12/site-packages/oslo_db/sqlalchemy/engines.py:325}}
Feb 17 17:59:09.181869 np0000156075 devstack@n-api-meta.service[108620]: DEBUG dbcounter [-] [108620] Writer thread running {{(pid=108620) stat_writer /opt/stack/data/venv/lib/python3.12/site-packages/dbcounter.py:102}}
Feb 17 17:59:09.186513 np0000156075 devstack@n-api-meta.service[108620]: DEBUG nova.context [None req-7d82e845-2fdc-4ef4-bfb1-185211008ca9 None None] Found 2 cells: 00000000-0000-0000-0000-000000000000(cell0),04fdc79a-cb37-4e42-b580-34151ecfd243(cell1) {{(pid=108620) load_cells /opt/stack/nova/nova/context.py:509}}
Feb 17 17:59:09.186986 np0000156075 devstack@n-api-meta.service[108620]: INFO nova.utils [None req-7d82e845-2fdc-4ef4-bfb1-185211008ca9 None None] The cell worker thread pool MainProcess.cell_worker is initialized
Feb 17 17:59:09.190341 np0000156075 devstack@n-api-meta.service[108620]: DEBUG oslo_concurrency.lockutils [None req-7d82e845-2fdc-4ef4-bfb1-185211008ca9 None None] Acquiring lock "00000000-0000-0000-0000-000000000000" by "nova.context.set_target_cell..get_or_set_cached_cell_and_set_connections" {{(pid=108620) inner /opt/stack/data/venv/lib/python3.12/site-packages/oslo_concurrency/lockutils.py:506}}
Feb 17 17:59:09.190496 np0000156075 devstack@n-api-meta.service[108620]: DEBUG oslo_concurrency.lockutils [None req-7d82e845-2fdc-4ef4-bfb1-185211008ca9 None None] Lock "00000000-0000-0000-0000-000000000000" acquired by "nova.context.set_target_cell..get_or_set_cached_cell_and_set_connections" :: waited 0.000s {{(pid=108620) inner /opt/stack/data/venv/lib/python3.12/site-packages/oslo_concurrency/lockutils.py:519}}
Feb 17 17:59:09.190861 np0000156075 devstack@n-api-meta.service[108620]: DEBUG oslo_concurrency.lockutils [None req-7d82e845-2fdc-4ef4-bfb1-185211008ca9 None None] Lock "00000000-0000-0000-0000-000000000000" "released" by "nova.context.set_target_cell..get_or_set_cached_cell_and_set_connections" :: held 0.000s {{(pid=108620) inner /opt/stack/data/venv/lib/python3.12/site-packages/oslo_concurrency/lockutils.py:538}}
Feb 17 17:59:09.191497 np0000156075 devstack@n-api-meta.service[108620]: DEBUG oslo_concurrency.lockutils [None req-7d82e845-2fdc-4ef4-bfb1-185211008ca9 None None] Acquiring lock "04fdc79a-cb37-4e42-b580-34151ecfd243" by "nova.context.set_target_cell..get_or_set_cached_cell_and_set_connections" {{(pid=108620) inner /opt/stack/data/venv/lib/python3.12/site-packages/oslo_concurrency/lockutils.py:506}}
Feb 17 17:59:09.193291 np0000156075 devstack@n-api-meta.service[108620]: DEBUG oslo_concurrency.lockutils [None req-7d82e845-2fdc-4ef4-bfb1-185211008ca9 None None] Lock "04fdc79a-cb37-4e42-b580-34151ecfd243" acquired by "nova.context.set_target_cell..get_or_set_cached_cell_and_set_connections" :: waited 0.002s {{(pid=108620) inner /opt/stack/data/venv/lib/python3.12/site-packages/oslo_concurrency/lockutils.py:519}}
Feb 17 17:59:09.194474 np0000156075 devstack@n-api-meta.service[108620]: INFO dbcounter [None req-7d82e845-2fdc-4ef4-bfb1-185211008ca9 None None] Registered counter for database nova_cell0
Feb 17 17:59:09.195814 np0000156075 devstack@n-api-meta.service[108617]: INFO dbcounter [None req-ff761acd-eef5-483b-8cd7-8bf197609fc3 None None] Registered counter for database nova_api
Feb 17 17:59:09.196229 np0000156075 devstack@n-api-meta.service[108620]: DEBUG oslo_concurrency.lockutils [None req-7d82e845-2fdc-4ef4-bfb1-185211008ca9 None None] Lock "04fdc79a-cb37-4e42-b580-34151ecfd243" "released" by "nova.context.set_target_cell..get_or_set_cached_cell_and_set_connections" :: held 0.001s {{(pid=108620) inner /opt/stack/data/venv/lib/python3.12/site-packages/oslo_concurrency/lockutils.py:538}}
Feb 17 17:59:09.199723 np0000156075 devstack@n-api-meta.service[108620]: INFO dbcounter [None req-7d82e845-2fdc-4ef4-bfb1-185211008ca9 None None] Registered counter for database nova_cell1
Feb 17 17:59:09.212105 np0000156075 devstack@n-api-meta.service[108620]: DEBUG oslo_db.sqlalchemy.engines [None req-7d82e845-2fdc-4ef4-bfb1-185211008ca9 None None] MySQL server mode set to STRICT_TRANS_TABLES,STRICT_ALL_TABLES,NO_ZERO_IN_DATE,NO_ZERO_DATE,ERROR_FOR_DIVISION_BY_ZERO,TRADITIONAL,NO_ENGINE_SUBSTITUTION {{(pid=108620) _check_effective_sql_mode /opt/stack/data/venv/lib/python3.12/site-packages/oslo_db/sqlalchemy/engines.py:325}}
Feb 17 17:59:09.219327 np0000156075 devstack@n-api-meta.service[108620]: DEBUG oslo_db.sqlalchemy.engines [None req-7d82e845-2fdc-4ef4-bfb1-185211008ca9 None None] MySQL server mode set to STRICT_TRANS_TABLES,STRICT_ALL_TABLES,NO_ZERO_IN_DATE,NO_ZERO_DATE,ERROR_FOR_DIVISION_BY_ZERO,TRADITIONAL,NO_ENGINE_SUBSTITUTION {{(pid=108620) _check_effective_sql_mode /opt/stack/data/venv/lib/python3.12/site-packages/oslo_db/sqlalchemy/engines.py:325}}
Feb 17 17:59:09.220407 np0000156075 devstack@n-api-meta.service[108618]: INFO dbcounter [None req-08cb40df-4065-4164-9adc-4082c1aeb15b None None] Registered counter for database nova_api
Feb 17 17:59:09.222292 np0000156075 devstack@n-api-meta.service[108617]: DEBUG oslo_db.sqlalchemy.engines [None req-ff761acd-eef5-483b-8cd7-8bf197609fc3 None None] MySQL server mode set to STRICT_TRANS_TABLES,STRICT_ALL_TABLES,NO_ZERO_IN_DATE,NO_ZERO_DATE,ERROR_FOR_DIVISION_BY_ZERO,TRADITIONAL,NO_ENGINE_SUBSTITUTION {{(pid=108617) _check_effective_sql_mode /opt/stack/data/venv/lib/python3.12/site-packages/oslo_db/sqlalchemy/engines.py:325}}
Feb 17 17:59:09.234486 np0000156075 devstack@n-api-meta.service[108619]: DEBUG dbcounter [-] [108619] Writer thread running {{(pid=108619) stat_writer /opt/stack/data/venv/lib/python3.12/site-packages/dbcounter.py:102}}
Feb 17 17:59:09.235409 np0000156075 devstack@n-api-meta.service[108619]: DEBUG dbcounter [-] [108619] Writer thread running {{(pid=108619) stat_writer /opt/stack/data/venv/lib/python3.12/site-packages/dbcounter.py:102}}
Feb 17 17:59:09.238551 np0000156075 devstack@n-api-meta.service[108618]: DEBUG oslo_db.sqlalchemy.engines [None req-08cb40df-4065-4164-9adc-4082c1aeb15b None None] MySQL server mode set to STRICT_TRANS_TABLES,STRICT_ALL_TABLES,NO_ZERO_IN_DATE,NO_ZERO_DATE,ERROR_FOR_DIVISION_BY_ZERO,TRADITIONAL,NO_ENGINE_SUBSTITUTION {{(pid=108618) _check_effective_sql_mode /opt/stack/data/venv/lib/python3.12/site-packages/oslo_db/sqlalchemy/engines.py:325}}
Feb 17 17:59:09.241405 np0000156075 devstack@n-api-meta.service[108619]: INFO dbcounter [None req-c986dffa-30bb-4cd4-8a01-43c7a9d6d36e None None] Registered counter for database nova_cell0
Feb 17 17:59:09.253052 np0000156075 devstack@n-api-meta.service[108619]: DEBUG oslo_db.sqlalchemy.engines [None req-c986dffa-30bb-4cd4-8a01-43c7a9d6d36e None None] MySQL server mode set to STRICT_TRANS_TABLES,STRICT_ALL_TABLES,NO_ZERO_IN_DATE,NO_ZERO_DATE,ERROR_FOR_DIVISION_BY_ZERO,TRADITIONAL,NO_ENGINE_SUBSTITUTION {{(pid=108619) _check_effective_sql_mode /opt/stack/data/venv/lib/python3.12/site-packages/oslo_db/sqlalchemy/engines.py:325}}
Feb 17 17:59:09.258038 np0000156075 devstack@n-api-meta.service[108617]: DEBUG dbcounter [-] [108617] Writer thread running {{(pid=108617) stat_writer /opt/stack/data/venv/lib/python3.12/site-packages/dbcounter.py:102}}
Feb 17 17:59:09.260623 np0000156075 devstack@n-api-meta.service[108617]: DEBUG nova.context [None req-ff761acd-eef5-483b-8cd7-8bf197609fc3 None None] Found 2 cells: 00000000-0000-0000-0000-000000000000(cell0),04fdc79a-cb37-4e42-b580-34151ecfd243(cell1) {{(pid=108617) load_cells /opt/stack/nova/nova/context.py:509}}
Feb 17 17:59:09.260771 np0000156075 devstack@n-api-meta.service[108617]: INFO nova.utils [None req-ff761acd-eef5-483b-8cd7-8bf197609fc3 None None] The cell worker thread pool MainProcess.cell_worker is initialized
Feb 17 17:59:09.260980 np0000156075 devstack@n-api-meta.service[108619]: DEBUG dbcounter [-] [108619] Writer thread running {{(pid=108619) stat_writer /opt/stack/data/venv/lib/python3.12/site-packages/dbcounter.py:102}}
Feb 17 17:59:09.262646 np0000156075 devstack@n-api-meta.service[108617]: DEBUG oslo_concurrency.lockutils [None req-ff761acd-eef5-483b-8cd7-8bf197609fc3 None None] Acquiring lock "00000000-0000-0000-0000-000000000000" by "nova.context.set_target_cell..get_or_set_cached_cell_and_set_connections" {{(pid=108617) inner /opt/stack/data/venv/lib/python3.12/site-packages/oslo_concurrency/lockutils.py:506}}
Feb 17 17:59:09.262762 np0000156075 devstack@n-api-meta.service[108617]: DEBUG oslo_concurrency.lockutils [None req-ff761acd-eef5-483b-8cd7-8bf197609fc3 None None] Lock "00000000-0000-0000-0000-000000000000" acquired by "nova.context.set_target_cell..get_or_set_cached_cell_and_set_connections" :: waited 0.000s {{(pid=108617) inner /opt/stack/data/venv/lib/python3.12/site-packages/oslo_concurrency/lockutils.py:519}}
Feb 17 17:59:09.263142 np0000156075 devstack@n-api-meta.service[108617]: DEBUG oslo_concurrency.lockutils [None req-ff761acd-eef5-483b-8cd7-8bf197609fc3 None None] Lock "00000000-0000-0000-0000-000000000000" "released" by "nova.context.set_target_cell..get_or_set_cached_cell_and_set_connections" :: held 0.000s {{(pid=108617) inner /opt/stack/data/venv/lib/python3.12/site-packages/oslo_concurrency/lockutils.py:538}}
Feb 17 17:59:09.263829 np0000156075 devstack@n-api-meta.service[108617]: DEBUG oslo_concurrency.lockutils [None req-ff761acd-eef5-483b-8cd7-8bf197609fc3 None None] Acquiring lock "04fdc79a-cb37-4e42-b580-34151ecfd243" by "nova.context.set_target_cell..get_or_set_cached_cell_and_set_connections" {{(pid=108617) inner /opt/stack/data/venv/lib/python3.12/site-packages/oslo_concurrency/lockutils.py:506}}
Feb 17 17:59:09.263942 np0000156075 devstack@n-api-meta.service[108617]: DEBUG oslo_concurrency.lockutils [None req-ff761acd-eef5-483b-8cd7-8bf197609fc3 None None] Lock "04fdc79a-cb37-4e42-b580-34151ecfd243" acquired by "nova.context.set_target_cell..get_or_set_cached_cell_and_set_connections" :: waited 0.000s {{(pid=108617) inner /opt/stack/data/venv/lib/python3.12/site-packages/oslo_concurrency/lockutils.py:519}}
Feb 17 17:59:09.264796 np0000156075 devstack@n-api-meta.service[108617]: DEBUG oslo_concurrency.lockutils [None req-ff761acd-eef5-483b-8cd7-8bf197609fc3 None None] Lock "04fdc79a-cb37-4e42-b580-34151ecfd243" "released" by "nova.context.set_target_cell..get_or_set_cached_cell_and_set_connections" :: held 0.001s {{(pid=108617) inner /opt/stack/data/venv/lib/python3.12/site-packages/oslo_concurrency/lockutils.py:538}}
Feb 17 17:59:09.267938 np0000156075 devstack@n-api-meta.service[108617]: INFO dbcounter [None req-ff761acd-eef5-483b-8cd7-8bf197609fc3 None None] Registered counter for database nova_cell0
Feb 17 17:59:09.273797 np0000156075 devstack@n-api-meta.service[108617]: INFO dbcounter [None req-ff761acd-eef5-483b-8cd7-8bf197609fc3 None None] Registered counter for database nova_cell1
Feb 17 17:59:09.273919 np0000156075 devstack@n-api-meta.service[108618]: DEBUG dbcounter [-] [108618] Writer thread running {{(pid=108618) stat_writer /opt/stack/data/venv/lib/python3.12/site-packages/dbcounter.py:102}}
Feb 17 17:59:09.276666 np0000156075 devstack@n-api-meta.service[108618]: DEBUG nova.context [None req-08cb40df-4065-4164-9adc-4082c1aeb15b None None] Found 2 cells: 00000000-0000-0000-0000-000000000000(cell0),04fdc79a-cb37-4e42-b580-34151ecfd243(cell1) {{(pid=108618) load_cells /opt/stack/nova/nova/context.py:509}}
Feb 17 17:59:09.276854 np0000156075 devstack@n-api-meta.service[108618]: INFO nova.utils [None req-08cb40df-4065-4164-9adc-4082c1aeb15b None None] The cell worker thread pool MainProcess.cell_worker is initialized
Feb 17 17:59:09.278814 np0000156075 devstack@n-api-meta.service[108618]: DEBUG oslo_concurrency.lockutils [None req-08cb40df-4065-4164-9adc-4082c1aeb15b None None] Acquiring lock "00000000-0000-0000-0000-000000000000" by "nova.context.set_target_cell..get_or_set_cached_cell_and_set_connections" {{(pid=108618) inner /opt/stack/data/venv/lib/python3.12/site-packages/oslo_concurrency/lockutils.py:506}}
Feb 17 17:59:09.278978 np0000156075 devstack@n-api-meta.service[108618]: DEBUG oslo_concurrency.lockutils [None req-08cb40df-4065-4164-9adc-4082c1aeb15b None None] Lock "00000000-0000-0000-0000-000000000000" acquired by "nova.context.set_target_cell..get_or_set_cached_cell_and_set_connections" :: waited 0.000s {{(pid=108618) inner /opt/stack/data/venv/lib/python3.12/site-packages/oslo_concurrency/lockutils.py:519}}
Feb 17 17:59:09.279405 np0000156075 devstack@n-api-meta.service[108618]: DEBUG oslo_concurrency.lockutils [None req-08cb40df-4065-4164-9adc-4082c1aeb15b None None] Lock "00000000-0000-0000-0000-000000000000" "released" by "nova.context.set_target_cell..get_or_set_cached_cell_and_set_connections" :: held 0.000s {{(pid=108618) inner /opt/stack/data/venv/lib/python3.12/site-packages/oslo_concurrency/lockutils.py:538}}
Feb 17 17:59:09.280160 np0000156075 devstack@n-api-meta.service[108618]: DEBUG oslo_concurrency.lockutils [None req-08cb40df-4065-4164-9adc-4082c1aeb15b None None] Acquiring lock "04fdc79a-cb37-4e42-b580-34151ecfd243" by "nova.context.set_target_cell..get_or_set_cached_cell_and_set_connections" {{(pid=108618) inner /opt/stack/data/venv/lib/python3.12/site-packages/oslo_concurrency/lockutils.py:506}}
Feb 17 17:59:09.280294 np0000156075 devstack@n-api-meta.service[108618]: DEBUG oslo_concurrency.lockutils [None req-08cb40df-4065-4164-9adc-4082c1aeb15b None None] Lock "04fdc79a-cb37-4e42-b580-34151ecfd243" acquired by "nova.context.set_target_cell..get_or_set_cached_cell_and_set_connections" :: waited 0.000s {{(pid=108618) inner /opt/stack/data/venv/lib/python3.12/site-packages/oslo_concurrency/lockutils.py:519}}
Feb 17 17:59:09.281208 np0000156075 devstack@n-api-meta.service[108618]: DEBUG oslo_concurrency.lockutils [None req-08cb40df-4065-4164-9adc-4082c1aeb15b None None] Lock "04fdc79a-cb37-4e42-b580-34151ecfd243" "released" by "nova.context.set_target_cell..get_or_set_cached_cell_and_set_connections" :: held 0.001s {{(pid=108618) inner /opt/stack/data/venv/lib/python3.12/site-packages/oslo_concurrency/lockutils.py:538}}
Feb 17 17:59:09.284832 np0000156075 devstack@n-api-meta.service[108617]: DEBUG oslo_db.sqlalchemy.engines [None req-ff761acd-eef5-483b-8cd7-8bf197609fc3 None None] MySQL server mode set to STRICT_TRANS_TABLES,STRICT_ALL_TABLES,NO_ZERO_IN_DATE,NO_ZERO_DATE,ERROR_FOR_DIVISION_BY_ZERO,TRADITIONAL,NO_ENGINE_SUBSTITUTION {{(pid=108617) _check_effective_sql_mode /opt/stack/data/venv/lib/python3.12/site-packages/oslo_db/sqlalchemy/engines.py:325}}
Feb 17 17:59:09.284903 np0000156075 devstack@n-api-meta.service[108618]: INFO dbcounter [None req-08cb40df-4065-4164-9adc-4082c1aeb15b None None] Registered counter for database nova_cell0
Feb 17 17:59:09.290888 np0000156075 devstack@n-api-meta.service[108617]: DEBUG oslo_db.sqlalchemy.engines [None req-ff761acd-eef5-483b-8cd7-8bf197609fc3 None None] MySQL server mode set to STRICT_TRANS_TABLES,STRICT_ALL_TABLES,NO_ZERO_IN_DATE,NO_ZERO_DATE,ERROR_FOR_DIVISION_BY_ZERO,TRADITIONAL,NO_ENGINE_SUBSTITUTION {{(pid=108617) _check_effective_sql_mode /opt/stack/data/venv/lib/python3.12/site-packages/oslo_db/sqlalchemy/engines.py:325}}
Feb 17 17:59:09.291394 np0000156075 devstack@n-api-meta.service[108618]: INFO dbcounter [None req-08cb40df-4065-4164-9adc-4082c1aeb15b None None] Registered counter for database nova_cell1
Feb 17 17:59:09.302870 np0000156075 devstack@n-api-meta.service[108618]: DEBUG oslo_db.sqlalchemy.engines [None req-08cb40df-4065-4164-9adc-4082c1aeb15b None None] MySQL server mode set to STRICT_TRANS_TABLES,STRICT_ALL_TABLES,NO_ZERO_IN_DATE,NO_ZERO_DATE,ERROR_FOR_DIVISION_BY_ZERO,TRADITIONAL,NO_ENGINE_SUBSTITUTION {{(pid=108618) _check_effective_sql_mode /opt/stack/data/venv/lib/python3.12/site-packages/oslo_db/sqlalchemy/engines.py:325}}
Feb 17 17:59:09.305148 np0000156075 devstack@n-api-meta.service[108619]: WARNING nova.api.metadata.handler [None req-c986dffa-30bb-4cd4-8a01-43c7a9d6d36e None None] metadata_proxy_shared_secret is not configured, the metadata information returned by the proxy cannot be trusted
Feb 17 17:59:09.307466 np0000156075 devstack@n-api-meta.service[108619]: DEBUG nova.api.openstack.wsgi_app [None req-c986dffa-30bb-4cd4-8a01-43c7a9d6d36e None None] ******************************************************************************** {{(pid=108619) log_opt_values /opt/stack/data/venv/lib/python3.12/site-packages/oslo_config/cfg.py:2804}}
Feb 17 17:59:09.307571 np0000156075 devstack@n-api-meta.service[108619]: DEBUG nova.api.openstack.wsgi_app [None req-c986dffa-30bb-4cd4-8a01-43c7a9d6d36e None None] Configuration options gathered from: {{(pid=108619) log_opt_values /opt/stack/data/venv/lib/python3.12/site-packages/oslo_config/cfg.py:2805}}
Feb 17 17:59:09.307658 np0000156075 devstack@n-api-meta.service[108619]: DEBUG nova.api.openstack.wsgi_app [None req-c986dffa-30bb-4cd4-8a01-43c7a9d6d36e None None] command line args: [] {{(pid=108619) log_opt_values /opt/stack/data/venv/lib/python3.12/site-packages/oslo_config/cfg.py:2806}}
Feb 17 17:59:09.307823 np0000156075 devstack@n-api-meta.service[108619]: DEBUG nova.api.openstack.wsgi_app [None req-c986dffa-30bb-4cd4-8a01-43c7a9d6d36e None None] config files: ['/etc/nova/api-paste.ini', '/etc/nova/nova.conf'] {{(pid=108619) log_opt_values /opt/stack/data/venv/lib/python3.12/site-packages/oslo_config/cfg.py:2807}}
Feb 17 17:59:09.307921 np0000156075 devstack@n-api-meta.service[108619]: DEBUG nova.api.openstack.wsgi_app [None req-c986dffa-30bb-4cd4-8a01-43c7a9d6d36e None None] ================================================================================ {{(pid=108619) log_opt_values /opt/stack/data/venv/lib/python3.12/site-packages/oslo_config/cfg.py:2809}}
Feb 17 17:59:09.308050 np0000156075 devstack@n-api-meta.service[108620]: DEBUG dbcounter [-] [108620] Writer thread running {{(pid=108620) stat_writer /opt/stack/data/venv/lib/python3.12/site-packages/dbcounter.py:102}}
Feb 17 17:59:09.308135 np0000156075 devstack@n-api-meta.service[108619]: DEBUG nova.api.openstack.wsgi_app [None req-c986dffa-30bb-4cd4-8a01-43c7a9d6d36e None None] allow_resize_to_same_host = True {{(pid=108619) log_opt_values /opt/stack/data/venv/lib/python3.12/site-packages/oslo_config/cfg.py:2817}}
Feb 17 17:59:09.308298 np0000156075 devstack@n-api-meta.service[108619]: DEBUG nova.api.openstack.wsgi_app [None req-c986dffa-30bb-4cd4-8a01-43c7a9d6d36e None None] arq_binding_timeout = 300 {{(pid=108619) log_opt_values /opt/stack/data/venv/lib/python3.12/site-packages/oslo_config/cfg.py:2817}}
Feb 17 17:59:09.308426 np0000156075 devstack@n-api-meta.service[108619]: DEBUG nova.api.openstack.wsgi_app [None req-c986dffa-30bb-4cd4-8a01-43c7a9d6d36e None None] block_device_allocate_retries = 60 {{(pid=108619) log_opt_values /opt/stack/data/venv/lib/python3.12/site-packages/oslo_config/cfg.py:2817}}
Feb 17 17:59:09.308554 np0000156075 devstack@n-api-meta.service[108619]: DEBUG nova.api.openstack.wsgi_app [None req-c986dffa-30bb-4cd4-8a01-43c7a9d6d36e None None] block_device_allocate_retries_interval = 3 {{(pid=108619) log_opt_values /opt/stack/data/venv/lib/python3.12/site-packages/oslo_config/cfg.py:2817}}
Feb 17 17:59:09.308784 np0000156075 devstack@n-api-meta.service[108619]: DEBUG nova.api.openstack.wsgi_app [None req-c986dffa-30bb-4cd4-8a01-43c7a9d6d36e None None] cell_worker_thread_pool_size = 5 {{(pid=108619) log_opt_values /opt/stack/data/venv/lib/python3.12/site-packages/oslo_config/cfg.py:2817}}
Feb 17 17:59:09.308842 np0000156075 devstack@n-api-meta.service[108620]: DEBUG dbcounter [-] [108620] Writer thread running {{(pid=108620) stat_writer /opt/stack/data/venv/lib/python3.12/site-packages/dbcounter.py:102}}
Feb 17 17:59:09.308893 np0000156075 devstack@n-api-meta.service[108619]: DEBUG nova.api.openstack.wsgi_app [None req-c986dffa-30bb-4cd4-8a01-43c7a9d6d36e None None] cert = self.pem {{(pid=108619) log_opt_values /opt/stack/data/venv/lib/python3.12/site-packages/oslo_config/cfg.py:2817}}
Feb 17 17:59:09.308943 np0000156075 devstack@n-api-meta.service[108619]: DEBUG nova.api.openstack.wsgi_app [None req-c986dffa-30bb-4cd4-8a01-43c7a9d6d36e None None] compute_driver = libvirt.LibvirtDriver {{(pid=108619) log_opt_values /opt/stack/data/venv/lib/python3.12/site-packages/oslo_config/cfg.py:2817}}
Feb 17 17:59:09.309122 np0000156075 devstack@n-api-meta.service[108619]: DEBUG nova.api.openstack.wsgi_app [None req-c986dffa-30bb-4cd4-8a01-43c7a9d6d36e None None] compute_monitors = [] {{(pid=108619) log_opt_values /opt/stack/data/venv/lib/python3.12/site-packages/oslo_config/cfg.py:2817}}
Feb 17 17:59:09.309264 np0000156075 devstack@n-api-meta.service[108619]: DEBUG nova.api.openstack.wsgi_app [None req-c986dffa-30bb-4cd4-8a01-43c7a9d6d36e None None] config_dir = [] {{(pid=108619) log_opt_values /opt/stack/data/venv/lib/python3.12/site-packages/oslo_config/cfg.py:2817}}
Feb 17 17:59:09.309396 np0000156075 devstack@n-api-meta.service[108619]: DEBUG nova.api.openstack.wsgi_app [None req-c986dffa-30bb-4cd4-8a01-43c7a9d6d36e None None] config_drive_format = iso9660 {{(pid=108619) log_opt_values /opt/stack/data/venv/lib/python3.12/site-packages/oslo_config/cfg.py:2817}}
Feb 17 17:59:09.309502 np0000156075 devstack@n-api-meta.service[108619]: DEBUG nova.api.openstack.wsgi_app [None req-c986dffa-30bb-4cd4-8a01-43c7a9d6d36e None None] config_file = ['/etc/nova/api-paste.ini', '/etc/nova/nova.conf'] {{(pid=108619) log_opt_values /opt/stack/data/venv/lib/python3.12/site-packages/oslo_config/cfg.py:2817}}
Feb 17 17:59:09.309626 np0000156075 devstack@n-api-meta.service[108619]: DEBUG nova.api.openstack.wsgi_app [None req-c986dffa-30bb-4cd4-8a01-43c7a9d6d36e None None] config_source = [] {{(pid=108619) log_opt_values /opt/stack/data/venv/lib/python3.12/site-packages/oslo_config/cfg.py:2817}}
Feb 17 17:59:09.309756 np0000156075 devstack@n-api-meta.service[108619]: DEBUG nova.api.openstack.wsgi_app [None req-c986dffa-30bb-4cd4-8a01-43c7a9d6d36e None None] console_host = np0000156075 {{(pid=108619) log_opt_values /opt/stack/data/venv/lib/python3.12/site-packages/oslo_config/cfg.py:2817}}
Feb 17 17:59:09.309893 np0000156075 devstack@n-api-meta.service[108619]: DEBUG nova.api.openstack.wsgi_app [None req-c986dffa-30bb-4cd4-8a01-43c7a9d6d36e None None] control_exchange = nova {{(pid=108619) log_opt_values /opt/stack/data/venv/lib/python3.12/site-packages/oslo_config/cfg.py:2817}}
Feb 17 17:59:09.310019 np0000156075 devstack@n-api-meta.service[108619]: DEBUG nova.api.openstack.wsgi_app [None req-c986dffa-30bb-4cd4-8a01-43c7a9d6d36e None None] cpu_allocation_ratio = None {{(pid=108619) log_opt_values /opt/stack/data/venv/lib/python3.12/site-packages/oslo_config/cfg.py:2817}}
Feb 17 17:59:09.310157 np0000156075 devstack@n-api-meta.service[108619]: DEBUG nova.api.openstack.wsgi_app [None req-c986dffa-30bb-4cd4-8a01-43c7a9d6d36e None None] daemon = False {{(pid=108619) log_opt_values /opt/stack/data/venv/lib/python3.12/site-packages/oslo_config/cfg.py:2817}}
Feb 17 17:59:09.310286 np0000156075 devstack@n-api-meta.service[108619]: DEBUG nova.api.openstack.wsgi_app [None req-c986dffa-30bb-4cd4-8a01-43c7a9d6d36e None None] debug = True {{(pid=108619) log_opt_values /opt/stack/data/venv/lib/python3.12/site-packages/oslo_config/cfg.py:2817}}
Feb 17 17:59:09.310407 np0000156075 devstack@n-api-meta.service[108619]: DEBUG nova.api.openstack.wsgi_app [None req-c986dffa-30bb-4cd4-8a01-43c7a9d6d36e None None] default_access_ip_network_name = None {{(pid=108619) log_opt_values /opt/stack/data/venv/lib/python3.12/site-packages/oslo_config/cfg.py:2817}}
Feb 17 17:59:09.310536 np0000156075 devstack@n-api-meta.service[108619]: DEBUG nova.api.openstack.wsgi_app [None req-c986dffa-30bb-4cd4-8a01-43c7a9d6d36e None None] default_availability_zone = nova {{(pid=108619) log_opt_values /opt/stack/data/venv/lib/python3.12/site-packages/oslo_config/cfg.py:2817}}
Feb 17 17:59:09.310661 np0000156075 devstack@n-api-meta.service[108619]: DEBUG nova.api.openstack.wsgi_app [None req-c986dffa-30bb-4cd4-8a01-43c7a9d6d36e None None] default_ephemeral_format = ext4 {{(pid=108619) log_opt_values /opt/stack/data/venv/lib/python3.12/site-packages/oslo_config/cfg.py:2817}}
Feb 17 17:59:09.310784 np0000156075 devstack@n-api-meta.service[108619]: DEBUG nova.api.openstack.wsgi_app [None req-c986dffa-30bb-4cd4-8a01-43c7a9d6d36e None None] default_green_pool_size = 1000 {{(pid=108619) log_opt_values /opt/stack/data/venv/lib/python3.12/site-packages/oslo_config/cfg.py:2817}}
Feb 17 17:59:09.310995 np0000156075 devstack@n-api-meta.service[108619]: DEBUG nova.api.openstack.wsgi_app [None req-c986dffa-30bb-4cd4-8a01-43c7a9d6d36e None None] default_log_levels = ['amqp=WARN', 'boto=WARN', 'sqlalchemy=WARN', 'suds=INFO', 'oslo.messaging=INFO', 'oslo_messaging=INFO', 'iso8601=WARN', 'requests.packages.urllib3.connectionpool=WARN', 'urllib3.connectionpool=WARN', 'websocket=WARN', 'requests.packages.urllib3.util.retry=WARN', 'urllib3.util.retry=WARN', 'keystonemiddleware=WARN', 'routes.middleware=WARN', 'stevedore=WARN', 'taskflow=WARN', 'keystoneauth=WARN', 'oslo.cache=INFO', 'oslo_policy=INFO', 'dogpile.core.dogpile=INFO', 'glanceclient=WARN', 'oslo.privsep.daemon=INFO'] {{(pid=108619) log_opt_values /opt/stack/data/venv/lib/python3.12/site-packages/oslo_config/cfg.py:2817}}
Feb 17 17:59:09.311156 np0000156075 devstack@n-api-meta.service[108619]: DEBUG nova.api.openstack.wsgi_app [None req-c986dffa-30bb-4cd4-8a01-43c7a9d6d36e None None] default_schedule_zone = None {{(pid=108619) log_opt_values /opt/stack/data/venv/lib/python3.12/site-packages/oslo_config/cfg.py:2817}}
Feb 17 17:59:09.311256 np0000156075 devstack@n-api-meta.service[108619]: DEBUG nova.api.openstack.wsgi_app [None req-c986dffa-30bb-4cd4-8a01-43c7a9d6d36e None None] default_thread_pool_size = 10 {{(pid=108619) log_opt_values /opt/stack/data/venv/lib/python3.12/site-packages/oslo_config/cfg.py:2817}}
Feb 17 17:59:09.311378 np0000156075 devstack@n-api-meta.service[108619]: DEBUG nova.api.openstack.wsgi_app [None req-c986dffa-30bb-4cd4-8a01-43c7a9d6d36e None None] disk_allocation_ratio = None {{(pid=108619) log_opt_values /opt/stack/data/venv/lib/python3.12/site-packages/oslo_config/cfg.py:2817}}
Feb 17 17:59:09.311499 np0000156075 devstack@n-api-meta.service[108619]: DEBUG nova.api.openstack.wsgi_app [None req-c986dffa-30bb-4cd4-8a01-43c7a9d6d36e None None] enable_new_services = True {{(pid=108619) log_opt_values /opt/stack/data/venv/lib/python3.12/site-packages/oslo_config/cfg.py:2817}}
Feb 17 17:59:09.311622 np0000156075 devstack@n-api-meta.service[108619]: DEBUG nova.api.openstack.wsgi_app [None req-c986dffa-30bb-4cd4-8a01-43c7a9d6d36e None None] flat_injected = False {{(pid=108619) log_opt_values /opt/stack/data/venv/lib/python3.12/site-packages/oslo_config/cfg.py:2817}}
Feb 17 17:59:09.311743 np0000156075 devstack@n-api-meta.service[108619]: DEBUG nova.api.openstack.wsgi_app [None req-c986dffa-30bb-4cd4-8a01-43c7a9d6d36e None None] force_config_drive = False {{(pid=108619) log_opt_values /opt/stack/data/venv/lib/python3.12/site-packages/oslo_config/cfg.py:2817}}
Feb 17 17:59:09.311865 np0000156075 devstack@n-api-meta.service[108619]: DEBUG nova.api.openstack.wsgi_app [None req-c986dffa-30bb-4cd4-8a01-43c7a9d6d36e None None] force_raw_images = True {{(pid=108619) log_opt_values /opt/stack/data/venv/lib/python3.12/site-packages/oslo_config/cfg.py:2817}}
Feb 17 17:59:09.311995 np0000156075 devstack@n-api-meta.service[108619]: DEBUG nova.api.openstack.wsgi_app [None req-c986dffa-30bb-4cd4-8a01-43c7a9d6d36e None None] graceful_shutdown_timeout = 5 {{(pid=108619) log_opt_values /opt/stack/data/venv/lib/python3.12/site-packages/oslo_config/cfg.py:2817}}
Feb 17 17:59:09.312138 np0000156075 devstack@n-api-meta.service[108619]: DEBUG nova.api.openstack.wsgi_app [None req-c986dffa-30bb-4cd4-8a01-43c7a9d6d36e None None] heal_instance_info_cache_interval = -1 {{(pid=108619) log_opt_values /opt/stack/data/venv/lib/python3.12/site-packages/oslo_config/cfg.py:2817}}
Feb 17 17:59:09.312310 np0000156075 devstack@n-api-meta.service[108619]: DEBUG nova.api.openstack.wsgi_app [None req-c986dffa-30bb-4cd4-8a01-43c7a9d6d36e None None] host = np0000156075 {{(pid=108619) log_opt_values /opt/stack/data/venv/lib/python3.12/site-packages/oslo_config/cfg.py:2817}}
Feb 17 17:59:09.312452 np0000156075 devstack@n-api-meta.service[108619]: DEBUG nova.api.openstack.wsgi_app [None req-c986dffa-30bb-4cd4-8a01-43c7a9d6d36e None None] initial_cpu_allocation_ratio = 4.0 {{(pid=108619) log_opt_values /opt/stack/data/venv/lib/python3.12/site-packages/oslo_config/cfg.py:2817}}
Feb 17 17:59:09.312578 np0000156075 devstack@n-api-meta.service[108619]: DEBUG nova.api.openstack.wsgi_app [None req-c986dffa-30bb-4cd4-8a01-43c7a9d6d36e None None] initial_disk_allocation_ratio = 1.0 {{(pid=108619) log_opt_values /opt/stack/data/venv/lib/python3.12/site-packages/oslo_config/cfg.py:2817}}
Feb 17 17:59:09.312715 np0000156075 devstack@n-api-meta.service[108619]: DEBUG nova.api.openstack.wsgi_app [None req-c986dffa-30bb-4cd4-8a01-43c7a9d6d36e None None] initial_ram_allocation_ratio = 1.0 {{(pid=108619) log_opt_values /opt/stack/data/venv/lib/python3.12/site-packages/oslo_config/cfg.py:2817}}
Feb 17 17:59:09.312892 np0000156075 devstack@n-api-meta.service[108619]: DEBUG nova.api.openstack.wsgi_app [None req-c986dffa-30bb-4cd4-8a01-43c7a9d6d36e None None] injected_network_template = /opt/stack/nova/nova/virt/interfaces.template {{(pid=108619) log_opt_values /opt/stack/data/venv/lib/python3.12/site-packages/oslo_config/cfg.py:2817}}
Feb 17 17:59:09.313019 np0000156075 devstack@n-api-meta.service[108619]: DEBUG nova.api.openstack.wsgi_app [None req-c986dffa-30bb-4cd4-8a01-43c7a9d6d36e None None] instance_build_timeout = 0 {{(pid=108619) log_opt_values /opt/stack/data/venv/lib/python3.12/site-packages/oslo_config/cfg.py:2817}}
Feb 17 17:59:09.313168 np0000156075 devstack@n-api-meta.service[108619]: DEBUG nova.api.openstack.wsgi_app [None req-c986dffa-30bb-4cd4-8a01-43c7a9d6d36e None None] instance_delete_interval = 300 {{(pid=108619) log_opt_values /opt/stack/data/venv/lib/python3.12/site-packages/oslo_config/cfg.py:2817}}
Feb 17 17:59:09.313301 np0000156075 devstack@n-api-meta.service[108619]: DEBUG nova.api.openstack.wsgi_app [None req-c986dffa-30bb-4cd4-8a01-43c7a9d6d36e None None] instance_format = [instance: %(uuid)s] {{(pid=108619) log_opt_values /opt/stack/data/venv/lib/python3.12/site-packages/oslo_config/cfg.py:2817}}
Feb 17 17:59:09.313428 np0000156075 devstack@n-api-meta.service[108619]: DEBUG nova.api.openstack.wsgi_app [None req-c986dffa-30bb-4cd4-8a01-43c7a9d6d36e None None] instance_name_template = instance-%08x {{(pid=108619) log_opt_values /opt/stack/data/venv/lib/python3.12/site-packages/oslo_config/cfg.py:2817}}
Feb 17 17:59:09.313558 np0000156075 devstack@n-api-meta.service[108619]: DEBUG nova.api.openstack.wsgi_app [None req-c986dffa-30bb-4cd4-8a01-43c7a9d6d36e None None] instance_usage_audit = False {{(pid=108619) log_opt_values /opt/stack/data/venv/lib/python3.12/site-packages/oslo_config/cfg.py:2817}}
Feb 17 17:59:09.313686 np0000156075 devstack@n-api-meta.service[108619]: DEBUG nova.api.openstack.wsgi_app [None req-c986dffa-30bb-4cd4-8a01-43c7a9d6d36e None None] instance_usage_audit_period = month {{(pid=108619) log_opt_values /opt/stack/data/venv/lib/python3.12/site-packages/oslo_config/cfg.py:2817}}
Feb 17 17:59:09.313813 np0000156075 devstack@n-api-meta.service[108619]: DEBUG nova.api.openstack.wsgi_app [None req-c986dffa-30bb-4cd4-8a01-43c7a9d6d36e None None] instance_uuid_format = [instance: %(uuid)s] {{(pid=108619) log_opt_values /opt/stack/data/venv/lib/python3.12/site-packages/oslo_config/cfg.py:2817}}
Feb 17 17:59:09.313939 np0000156075 devstack@n-api-meta.service[108619]: DEBUG nova.api.openstack.wsgi_app [None req-c986dffa-30bb-4cd4-8a01-43c7a9d6d36e None None] instances_path = /opt/stack/data/nova/instances {{(pid=108619) log_opt_values /opt/stack/data/venv/lib/python3.12/site-packages/oslo_config/cfg.py:2817}}
Feb 17 17:59:09.314066 np0000156075 devstack@n-api-meta.service[108619]: DEBUG nova.api.openstack.wsgi_app [None req-c986dffa-30bb-4cd4-8a01-43c7a9d6d36e None None] internal_service_availability_zone = internal {{(pid=108619) log_opt_values /opt/stack/data/venv/lib/python3.12/site-packages/oslo_config/cfg.py:2817}}
Feb 17 17:59:09.315753 np0000156075 devstack@n-api-meta.service[108620]: INFO dbcounter [None req-7d82e845-2fdc-4ef4-bfb1-185211008ca9 None None] Registered counter for database nova_cell0
Feb 17 17:59:09.317095 np0000156075 devstack@n-api-meta.service[108619]: DEBUG nova.api.openstack.wsgi_app [None req-c986dffa-30bb-4cd4-8a01-43c7a9d6d36e None None] key = None {{(pid=108619) log_opt_values /opt/stack/data/venv/lib/python3.12/site-packages/oslo_config/cfg.py:2817}}
Feb 17 17:59:09.317241 np0000156075 devstack@n-api-meta.service[108619]: DEBUG nova.api.openstack.wsgi_app [None req-c986dffa-30bb-4cd4-8a01-43c7a9d6d36e None None] live_migration_retry_count = 30 {{(pid=108619) log_opt_values /opt/stack/data/venv/lib/python3.12/site-packages/oslo_config/cfg.py:2817}}
Feb 17 17:59:09.317381 np0000156075 devstack@n-api-meta.service[108619]: DEBUG nova.api.openstack.wsgi_app [None req-c986dffa-30bb-4cd4-8a01-43c7a9d6d36e None None] log_color = False {{(pid=108619) log_opt_values /opt/stack/data/venv/lib/python3.12/site-packages/oslo_config/cfg.py:2817}}
Feb 17 17:59:09.317523 np0000156075 devstack@n-api-meta.service[108619]: DEBUG nova.api.openstack.wsgi_app [None req-c986dffa-30bb-4cd4-8a01-43c7a9d6d36e None None] log_config_append = None {{(pid=108619) log_opt_values /opt/stack/data/venv/lib/python3.12/site-packages/oslo_config/cfg.py:2817}}
Feb 17 17:59:09.317657 np0000156075 devstack@n-api-meta.service[108619]: DEBUG nova.api.openstack.wsgi_app [None req-c986dffa-30bb-4cd4-8a01-43c7a9d6d36e None None] log_date_format = %Y-%m-%d %H:%M:%S {{(pid=108619) log_opt_values /opt/stack/data/venv/lib/python3.12/site-packages/oslo_config/cfg.py:2817}}
Feb 17 17:59:09.317781 np0000156075 devstack@n-api-meta.service[108619]: DEBUG nova.api.openstack.wsgi_app [None req-c986dffa-30bb-4cd4-8a01-43c7a9d6d36e None None] log_dir = None {{(pid=108619) log_opt_values /opt/stack/data/venv/lib/python3.12/site-packages/oslo_config/cfg.py:2817}}
Feb 17 17:59:09.317918 np0000156075 devstack@n-api-meta.service[108619]: DEBUG nova.api.openstack.wsgi_app [None req-c986dffa-30bb-4cd4-8a01-43c7a9d6d36e None None] log_file = None {{(pid=108619) log_opt_values /opt/stack/data/venv/lib/python3.12/site-packages/oslo_config/cfg.py:2817}}
Feb 17 17:59:09.318017 np0000156075 devstack@n-api-meta.service[108619]: DEBUG nova.api.openstack.wsgi_app [None req-c986dffa-30bb-4cd4-8a01-43c7a9d6d36e None None] log_options = True {{(pid=108619) log_opt_values /opt/stack/data/venv/lib/python3.12/site-packages/oslo_config/cfg.py:2817}}
Feb 17 17:59:09.318168 np0000156075 devstack@n-api-meta.service[108619]: DEBUG nova.api.openstack.wsgi_app [None req-c986dffa-30bb-4cd4-8a01-43c7a9d6d36e None None] log_rotate_interval = 1 {{(pid=108619) log_opt_values /opt/stack/data/venv/lib/python3.12/site-packages/oslo_config/cfg.py:2817}}
Feb 17 17:59:09.318296 np0000156075 devstack@n-api-meta.service[108619]: DEBUG nova.api.openstack.wsgi_app [None req-c986dffa-30bb-4cd4-8a01-43c7a9d6d36e None None] log_rotate_interval_type = days {{(pid=108619) log_opt_values /opt/stack/data/venv/lib/python3.12/site-packages/oslo_config/cfg.py:2817}}
Feb 17 17:59:09.318427 np0000156075 devstack@n-api-meta.service[108619]: DEBUG nova.api.openstack.wsgi_app [None req-c986dffa-30bb-4cd4-8a01-43c7a9d6d36e None None] log_rotation_type = none {{(pid=108619) log_opt_values /opt/stack/data/venv/lib/python3.12/site-packages/oslo_config/cfg.py:2817}}
Feb 17 17:59:09.318527 np0000156075 devstack@n-api-meta.service[108619]: DEBUG nova.api.openstack.wsgi_app [None req-c986dffa-30bb-4cd4-8a01-43c7a9d6d36e None None] logging_context_format_string = %(color)s%(levelname)s %(name)s [%(global_request_id)s %(request_id)s %(project_name)s %(user_name)s%(color)s] %(instance)s%(color)s%(message)s {{(pid=108619) log_opt_values /opt/stack/data/venv/lib/python3.12/site-packages/oslo_config/cfg.py:2817}}
Feb 17 17:59:09.318627 np0000156075 devstack@n-api-meta.service[108619]: DEBUG nova.api.openstack.wsgi_app [None req-c986dffa-30bb-4cd4-8a01-43c7a9d6d36e None None] logging_debug_format_suffix = {{(pid=%(process)d) %(funcName)s %(pathname)s:%(lineno)d}} {{(pid=108619) log_opt_values /opt/stack/data/venv/lib/python3.12/site-packages/oslo_config/cfg.py:2817}}
Feb 17 17:59:09.318805 np0000156075 devstack@n-api-meta.service[108619]: DEBUG nova.api.openstack.wsgi_app [None req-c986dffa-30bb-4cd4-8a01-43c7a9d6d36e None None] logging_default_format_string = %(color)s%(levelname)s %(name)s [-%(color)s] %(instance)s%(color)s%(message)s {{(pid=108619) log_opt_values /opt/stack/data/venv/lib/python3.12/site-packages/oslo_config/cfg.py:2817}}
Feb 17 17:59:09.318882 np0000156075 devstack@n-api-meta.service[108619]: DEBUG nova.api.openstack.wsgi_app [None req-c986dffa-30bb-4cd4-8a01-43c7a9d6d36e None None] logging_exception_prefix = ERROR %(name)s %(instance)s {{(pid=108619) log_opt_values /opt/stack/data/venv/lib/python3.12/site-packages/oslo_config/cfg.py:2817}}
Feb 17 17:59:09.318981 np0000156075 devstack@n-api-meta.service[108619]: DEBUG nova.api.openstack.wsgi_app [None req-c986dffa-30bb-4cd4-8a01-43c7a9d6d36e None None] logging_user_identity_format = %(user)s %(project)s %(domain)s %(system_scope)s %(user_domain)s %(project_domain)s {{(pid=108619) log_opt_values /opt/stack/data/venv/lib/python3.12/site-packages/oslo_config/cfg.py:2817}}
Feb 17 17:59:09.319120 np0000156075 devstack@n-api-meta.service[108619]: DEBUG nova.api.openstack.wsgi_app [None req-c986dffa-30bb-4cd4-8a01-43c7a9d6d36e None None] long_rpc_timeout = 1800 {{(pid=108619) log_opt_values /opt/stack/data/venv/lib/python3.12/site-packages/oslo_config/cfg.py:2817}}
Feb 17 17:59:09.319245 np0000156075 devstack@n-api-meta.service[108619]: DEBUG nova.api.openstack.wsgi_app [None req-c986dffa-30bb-4cd4-8a01-43c7a9d6d36e None None] max_concurrent_builds = 10 {{(pid=108619) log_opt_values /opt/stack/data/venv/lib/python3.12/site-packages/oslo_config/cfg.py:2817}}
