Apr 20 19:34:11.183882 np0000168568 devstack@neutron-api.service[104264]: DEBUG neutron.api.extensions [None req-361335b0-9ac9-491a-85df-7f9713c0337e None None] Ext name="Floating IP Port Forwarding new attribute description" alias="floating-ip-port-forwarding-description" description="Add a description field to Port Forwarding rules" updated="2019-11-01T10:00:00-00:00" {{(pid=104264) _check_extension /opt/stack/neutron/neutron/api/extensions.py:415}}
Apr 20 19:34:11.184028 np0000168568 devstack@neutron-api.service[104263]: DEBUG neutron_lib.callbacks.manager [None req-d4ee5ae8-8775-4c35-8451-ed5b6d63109e None None] Subscribe: > port_forwarding_plugin after_init 55550000, False {{(pid=104263) subscribe /opt/stack/data/venv/lib/python3.12/site-packages/neutron_lib/callbacks/manager.py:52}}
Apr 20 19:34:11.184101 np0000168568 devstack@neutron-api.service[104264]: INFO neutron.api.extensions [None req-361335b0-9ac9-491a-85df-7f9713c0337e None None] Extension floating-ip-port-forwarding-description not supported by any of loaded plugins
Apr 20 19:34:11.184155 np0000168568 devstack@neutron-api.service[104264]: DEBUG neutron.api.extensions [None req-361335b0-9ac9-491a-85df-7f9713c0337e None None] Loading extension file: fip_pf_detail.py {{(pid=104264) _load_all_extensions_from_path /opt/stack/neutron/neutron/api/extensions.py:449}}
Apr 20 19:34:11.184316 np0000168568 devstack@neutron-api.service[104263]: DEBUG neutron_lib.callbacks.manager [None req-d4ee5ae8-8775-4c35-8451-ed5b6d63109e None None] Subscribe: > router before_create 55550100, False {{(pid=104263) subscribe /opt/stack/data/venv/lib/python3.12/site-packages/neutron_lib/callbacks/manager.py:52}}
Apr 20 19:34:11.184405 np0000168568 devstack@neutron-api.service[104264]: DEBUG neutron.api.extensions [None req-361335b0-9ac9-491a-85df-7f9713c0337e None None] Ext name="Floating IP port forwarding detail" alias="floating-ip-port-forwarding-detail" description="Allow list floating ip return more port forwarding data, include'id' and 'internal_port_id'" updated="2022-05-06T10:00:00-00:00" {{(pid=104264) _check_extension /opt/stack/neutron/neutron/api/extensions.py:415}}
Apr 20 19:34:11.184484 np0000168568 devstack@neutron-api.service[104263]: DEBUG neutron_lib.callbacks.manager [None req-d4ee5ae8-8775-4c35-8451-ed5b6d63109e None None] Subscribe: > router precommit_delete 55550100, False {{(pid=104263) subscribe /opt/stack/data/venv/lib/python3.12/site-packages/neutron_lib/callbacks/manager.py:52}}
Apr 20 19:34:11.184538 np0000168568 devstack@neutron-api.service[104264]: INFO neutron.api.extensions [None req-361335b0-9ac9-491a-85df-7f9713c0337e None None] Loaded extension: floating-ip-port-forwarding-detail
Apr 20 19:34:11.184687 np0000168568 devstack@neutron-api.service[104264]: DEBUG neutron.api.extensions [None req-361335b0-9ac9-491a-85df-7f9713c0337e None None] Loading extension file: fip_pf_port_range.py {{(pid=104264) _load_all_extensions_from_path /opt/stack/neutron/neutron/api/extensions.py:449}}
Apr 20 19:34:11.184734 np0000168568 devstack@neutron-api.service[104263]: DEBUG neutron_lib.callbacks.manager [None req-d4ee5ae8-8775-4c35-8451-ed5b6d63109e None None] Subscribe: > router precommit_create 55550100, False {{(pid=104263) subscribe /opt/stack/data/venv/lib/python3.12/site-packages/neutron_lib/callbacks/manager.py:52}}
Apr 20 19:34:11.184777 np0000168568 devstack@neutron-api.service[104263]: DEBUG neutron_lib.callbacks.manager [None req-d4ee5ae8-8775-4c35-8451-ed5b6d63109e None None] Subscribe: > router precommit_update 55550100, False {{(pid=104263) subscribe /opt/stack/data/venv/lib/python3.12/site-packages/neutron_lib/callbacks/manager.py:52}}
Apr 20 19:34:11.184848 np0000168568 devstack@neutron-api.service[104264]: DEBUG neutron.api.extensions [None req-361335b0-9ac9-491a-85df-7f9713c0337e None None] Ext name="Floating IP Port Forwarding support port ranges" alias="floating-ip-port-forwarding-port-ranges" description="Add support to port ranges" updated="2020-07-01T10:00:00-00:00" {{(pid=104264) _check_extension /opt/stack/neutron/neutron/api/extensions.py:415}}
Apr 20 19:34:11.185012 np0000168568 devstack@neutron-api.service[104264]: INFO neutron.api.extensions [None req-361335b0-9ac9-491a-85df-7f9713c0337e None None] Extension floating-ip-port-forwarding-port-ranges not supported by any of loaded plugins
Apr 20 19:34:11.185104 np0000168568 devstack@neutron-api.service[104264]: DEBUG neutron.api.extensions [None req-361335b0-9ac9-491a-85df-7f9713c0337e None None] Loading extension file: fip_port_details.py {{(pid=104264) _load_all_extensions_from_path /opt/stack/neutron/neutron/api/extensions.py:449}}
Apr 20 19:34:11.185335 np0000168568 devstack@neutron-api.service[104264]: DEBUG neutron.api.extensions [None req-361335b0-9ac9-491a-85df-7f9713c0337e None None] Ext name="Floating IP Port Details Extension" alias="fip-port-details" description="Add port_details attribute to Floating IP resource" updated="2018-04-09T10:00:00-00:00" {{(pid=104264) _check_extension /opt/stack/neutron/neutron/api/extensions.py:415}}
Apr 20 19:34:11.185711 np0000168568 devstack@neutron-api.service[104264]: INFO neutron.api.extensions [None req-361335b0-9ac9-491a-85df-7f9713c0337e None None] Loaded extension: fip-port-details
Apr 20 19:34:11.185808 np0000168568 devstack@neutron-api.service[104264]: DEBUG neutron.api.extensions [None req-361335b0-9ac9-491a-85df-7f9713c0337e None None] Loading extension file: flavors.py {{(pid=104264) _load_all_extensions_from_path /opt/stack/neutron/neutron/api/extensions.py:449}}
Apr 20 19:34:11.186074 np0000168568 devstack@neutron-api.service[104264]: DEBUG neutron.api.extensions [None req-361335b0-9ac9-491a-85df-7f9713c0337e None None] Ext name="Neutron Service Flavors" alias="flavors" description="Flavor specification for Neutron advanced services." updated="2015-09-17T10:00:00-00:00" {{(pid=104264) _check_extension /opt/stack/neutron/neutron/api/extensions.py:415}}
Apr 20 19:34:11.186251 np0000168568 devstack@neutron-api.service[104264]: INFO neutron.api.extensions [None req-361335b0-9ac9-491a-85df-7f9713c0337e None None] Loaded extension: flavors
Apr 20 19:34:11.186338 np0000168568 devstack@neutron-api.service[104264]: DEBUG neutron.api.extensions [None req-361335b0-9ac9-491a-85df-7f9713c0337e None None] Loading extension file: floating_ip_port_forwarding.py {{(pid=104264) _load_all_extensions_from_path /opt/stack/neutron/neutron/api/extensions.py:449}}
Apr 20 19:34:11.186895 np0000168568 devstack@neutron-api.service[104264]: DEBUG neutron.api.extensions [None req-361335b0-9ac9-491a-85df-7f9713c0337e None None] Ext name="Floating IP Port Forwarding" alias="floating-ip-port-forwarding" description="Allow port forwarding from floating IP port to an internal port" updated="2018-01-19T10:00:00-00:00" {{(pid=104264) _check_extension /opt/stack/neutron/neutron/api/extensions.py:415}}
Apr 20 19:34:11.186895 np0000168568 devstack@neutron-api.service[104264]: INFO neutron.api.extensions [None req-361335b0-9ac9-491a-85df-7f9713c0337e None None] Extension floating-ip-port-forwarding not supported by any of loaded plugins
Apr 20 19:34:11.187015 np0000168568 devstack@neutron-api.service[104264]: DEBUG neutron.api.extensions [None req-361335b0-9ac9-491a-85df-7f9713c0337e None None] Loading extension file: floatingip_pools.py {{(pid=104264) _load_all_extensions_from_path /opt/stack/neutron/neutron/api/extensions.py:449}}
Apr 20 19:34:11.187279 np0000168568 devstack@neutron-api.service[104264]: DEBUG neutron.api.extensions [None req-361335b0-9ac9-491a-85df-7f9713c0337e None None] Ext name="Floating IP Pools Extension" alias="floatingip-pools" description="Provides a floating IP pools API." updated="2018-03-21T10:00:00-00:00" {{(pid=104264) _check_extension /opt/stack/neutron/neutron/api/extensions.py:415}}
Apr 20 19:34:11.187461 np0000168568 devstack@neutron-api.service[104264]: INFO neutron.api.extensions [None req-361335b0-9ac9-491a-85df-7f9713c0337e None None] Loaded extension: floatingip-pools
Apr 20 19:34:11.187554 np0000168568 devstack@neutron-api.service[104264]: DEBUG neutron.api.extensions [None req-361335b0-9ac9-491a-85df-7f9713c0337e None None] Loading extension file: ip_allocation.py {{(pid=104264) _load_all_extensions_from_path /opt/stack/neutron/neutron/api/extensions.py:449}}
Apr 20 19:34:11.187785 np0000168568 devstack@neutron-api.service[104264]: DEBUG neutron.api.extensions [None req-361335b0-9ac9-491a-85df-7f9713c0337e None None] Ext name="IP Allocation" alias="ip_allocation" description="IP allocation extension." updated="2016-06-10T23:00:00-00:00" {{(pid=104264) _check_extension /opt/stack/neutron/neutron/api/extensions.py:415}}
Apr 20 19:34:11.187960 np0000168568 devstack@neutron-api.service[104264]: INFO neutron.api.extensions [None req-361335b0-9ac9-491a-85df-7f9713c0337e None None] Extension ip_allocation not supported by any of loaded plugins
Apr 20 19:34:11.188053 np0000168568 devstack@neutron-api.service[104264]: DEBUG neutron.api.extensions [None req-361335b0-9ac9-491a-85df-7f9713c0337e None None] Loading extension file: ip_substring_port_filtering.py {{(pid=104264) _load_all_extensions_from_path /opt/stack/neutron/neutron/api/extensions.py:449}}
Apr 20 19:34:11.188284 np0000168568 devstack@neutron-api.service[104264]: DEBUG neutron.api.extensions [None req-361335b0-9ac9-491a-85df-7f9713c0337e None None] Ext name="IP address substring filtering" alias="ip-substring-filtering" description="Provides IP address substring filtering when listing ports" updated="2017-11-28T09:00:00-00:00" {{(pid=104264) _check_extension /opt/stack/neutron/neutron/api/extensions.py:415}}
Apr 20 19:34:11.188473 np0000168568 devstack@neutron-api.service[104264]: INFO neutron.api.extensions [None req-361335b0-9ac9-491a-85df-7f9713c0337e None None] Extension ip-substring-filtering not supported by any of loaded plugins
Apr 20 19:34:11.188564 np0000168568 devstack@neutron-api.service[104264]: DEBUG neutron.api.extensions [None req-361335b0-9ac9-491a-85df-7f9713c0337e None None] Loading extension file: l2_adjacency.py {{(pid=104264) _load_all_extensions_from_path /opt/stack/neutron/neutron/api/extensions.py:449}}
Apr 20 19:34:11.188795 np0000168568 devstack@neutron-api.service[104264]: DEBUG neutron.api.extensions [None req-361335b0-9ac9-491a-85df-7f9713c0337e None None] Ext name="L2 Adjacency" alias="l2_adjacency" description="Display L2 Adjacency for Neutron Networks." updated="2016-04-12T16:00:00-00:00" {{(pid=104264) _check_extension /opt/stack/neutron/neutron/api/extensions.py:415}}
Apr 20 19:34:11.188964 np0000168568 devstack@neutron-api.service[104264]: INFO neutron.api.extensions [None req-361335b0-9ac9-491a-85df-7f9713c0337e None None] Extension l2_adjacency not supported by any of loaded plugins
Apr 20 19:34:11.189057 np0000168568 devstack@neutron-api.service[104264]: DEBUG neutron.api.extensions [None req-361335b0-9ac9-491a-85df-7f9713c0337e None None] Loading extension file: l3.py {{(pid=104264) _load_all_extensions_from_path /opt/stack/neutron/neutron/api/extensions.py:449}}
Apr 20 19:34:11.189573 np0000168568 devstack@neutron-api.service[104264]: DEBUG neutron.api.extensions [None req-361335b0-9ac9-491a-85df-7f9713c0337e None None] Ext name="Neutron L3 Router" alias="router" description="Router abstraction for basic L3 forwarding between L2 Neutron networks and access to external networks via a NAT gateway." updated="2012-07-20T10:00:00-00:00" {{(pid=104264) _check_extension /opt/stack/neutron/neutron/api/extensions.py:415}}
Apr 20 19:34:11.189805 np0000168568 devstack@neutron-api.service[104264]: INFO neutron.api.extensions [None req-361335b0-9ac9-491a-85df-7f9713c0337e None None] Loaded extension: router
Apr 20 19:34:11.189865 np0000168568 devstack@neutron-api.service[104263]: DEBUG neutron.services.provider_configuration [None req-d4ee5ae8-8775-4c35-8451-ed5b6d63109e None None] Service providers = [] {{(pid=104263) parse_service_provider_opt /opt/stack/neutron/neutron/services/provider_configuration.py:170}}
Apr 20 19:34:11.189914 np0000168568 devstack@neutron-api.service[104264]: DEBUG neutron.api.extensions [None req-361335b0-9ac9-491a-85df-7f9713c0337e None None] Loading extension file: l3_conntrack_helper.py {{(pid=104264) _load_all_extensions_from_path /opt/stack/neutron/neutron/api/extensions.py:449}}
Apr 20 19:34:11.190007 np0000168568 devstack@neutron-api.service[104263]: DEBUG neutron.db.servicetype_db [None req-d4ee5ae8-8775-4c35-8451-ed5b6d63109e None None] Adding provider configuration for service L3_ROUTER_NAT {{(pid=104263) add_provider_configuration /opt/stack/neutron/neutron/db/servicetype_db.py:42}}
Apr 20 19:34:11.190564 np0000168568 devstack@neutron-api.service[104264]: DEBUG neutron.api.extensions [None req-361335b0-9ac9-491a-85df-7f9713c0337e None None] Ext name="L3 Conntrack helper" alias="l3-conntrack-helper" description="Allow adding CT target rules for conntrack helper" updated="2019-04-04T10:00:00-00:00" {{(pid=104264) _check_extension /opt/stack/neutron/neutron/api/extensions.py:415}}
Apr 20 19:34:11.190826 np0000168568 devstack@neutron-api.service[104264]: INFO neutron.api.extensions [None req-361335b0-9ac9-491a-85df-7f9713c0337e None None] Extension l3-conntrack-helper not supported by any of loaded plugins
Apr 20 19:34:11.190922 np0000168568 devstack@neutron-api.service[104264]: DEBUG neutron.api.extensions [None req-361335b0-9ac9-491a-85df-7f9713c0337e None None] Loading extension file: l3_enable_default_route_bfd.py {{(pid=104264) _load_all_extensions_from_path /opt/stack/neutron/neutron/api/extensions.py:449}}
Apr 20 19:34:11.191175 np0000168568 devstack@neutron-api.service[104264]: DEBUG neutron.api.extensions [None req-361335b0-9ac9-491a-85df-7f9713c0337e None None] Ext name="Enable Default Route BFD" alias="enable-default-route-bfd" description="Enables configurable BFD behavior for default routes" updated="2023-02-27T00:00:00-00:00" {{(pid=104264) _check_extension /opt/stack/neutron/neutron/api/extensions.py:415}}
Apr 20 19:34:11.191366 np0000168568 devstack@neutron-api.service[104264]: INFO neutron.api.extensions [None req-361335b0-9ac9-491a-85df-7f9713c0337e None None] Loaded extension: enable-default-route-bfd
Apr 20 19:34:11.191458 np0000168568 devstack@neutron-api.service[104264]: DEBUG neutron.api.extensions [None req-361335b0-9ac9-491a-85df-7f9713c0337e None None] Loading extension file: l3_enable_default_route_ecmp.py {{(pid=104264) _load_all_extensions_from_path /opt/stack/neutron/neutron/api/extensions.py:449}}
Apr 20 19:34:11.191710 np0000168568 devstack@neutron-api.service[104264]: DEBUG neutron.api.extensions [None req-361335b0-9ac9-491a-85df-7f9713c0337e None None] Ext name="Enable Default Route ECMP" alias="enable-default-route-ecmp" description="Enables configurable ECMP behavior for default routes" updated="2023-02-27T00:00:00-00:00" {{(pid=104264) _check_extension /opt/stack/neutron/neutron/api/extensions.py:415}}
Apr 20 19:34:11.191875 np0000168568 devstack@neutron-api.service[104264]: INFO neutron.api.extensions [None req-361335b0-9ac9-491a-85df-7f9713c0337e None None] Loaded extension: enable-default-route-ecmp
Apr 20 19:34:11.191967 np0000168568 devstack@neutron-api.service[104264]: DEBUG neutron.api.extensions [None req-361335b0-9ac9-491a-85df-7f9713c0337e None None] Loading extension file: l3_ext_gw_mode.py {{(pid=104264) _load_all_extensions_from_path /opt/stack/neutron/neutron/api/extensions.py:449}}
Apr 20 19:34:11.192204 np0000168568 devstack@neutron-api.service[104264]: DEBUG neutron.api.extensions [None req-361335b0-9ac9-491a-85df-7f9713c0337e None None] Ext name="Neutron L3 Configurable external gateway mode" alias="ext-gw-mode" description="Extension of the router abstraction for specifying whether SNAT should occur on the external gateway" updated="2013-03-28T10:00:00-00:00" {{(pid=104264) _check_extension /opt/stack/neutron/neutron/api/extensions.py:415}}
Apr 20 19:34:11.192296 np0000168568 devstack@neutron-api.service[104263]: DEBUG neutron_lib.callbacks.manager [None req-d4ee5ae8-8775-4c35-8451-ed5b6d63109e None None] Subscribe: > router precommit_create 55549900, False {{(pid=104263) subscribe /opt/stack/data/venv/lib/python3.12/site-packages/neutron_lib/callbacks/manager.py:52}}
Apr 20 19:34:11.192400 np0000168568 devstack@neutron-api.service[104264]: INFO neutron.api.extensions [None req-361335b0-9ac9-491a-85df-7f9713c0337e None None] Loaded extension: ext-gw-mode
Apr 20 19:34:11.192476 np0000168568 devstack@neutron-api.service[104264]: DEBUG neutron.api.extensions [None req-361335b0-9ac9-491a-85df-7f9713c0337e None None] Loading extension file: l3_ext_ha_mode.py {{(pid=104264) _load_all_extensions_from_path /opt/stack/neutron/neutron/api/extensions.py:449}}
Apr 20 19:34:11.192514 np0000168568 devstack@neutron-api.service[104263]: DEBUG neutron_lib.callbacks.manager [None req-d4ee5ae8-8775-4c35-8451-ed5b6d63109e None None] Subscribe: > router_interface after_create 55550000, False {{(pid=104263) subscribe /opt/stack/data/venv/lib/python3.12/site-packages/neutron_lib/callbacks/manager.py:52}}
Apr 20 19:34:11.192657 np0000168568 devstack@neutron-api.service[104263]: DEBUG neutron_lib.callbacks.manager [None req-d4ee5ae8-8775-4c35-8451-ed5b6d63109e None None] Subscribe: > floatingip after_create 55550000, False {{(pid=104263) subscribe /opt/stack/data/venv/lib/python3.12/site-packages/neutron_lib/callbacks/manager.py:52}}
Apr 20 19:34:11.192702 np0000168568 devstack@neutron-api.service[104264]: DEBUG neutron.api.extensions [None req-361335b0-9ac9-491a-85df-7f9713c0337e None None] Ext name="HA Router extension" alias="l3-ha" description="Adds HA capability to routers." updated="2014-04-26T00:00:00-00:00" {{(pid=104264) _check_extension /opt/stack/neutron/neutron/api/extensions.py:415}}
Apr 20 19:34:11.192818 np0000168568 devstack@neutron-api.service[104263]: DEBUG neutron_lib.callbacks.manager [None req-d4ee5ae8-8775-4c35-8451-ed5b6d63109e None None] Subscribe: > floatingip precommit_create 55550000, False {{(pid=104263) subscribe /opt/stack/data/venv/lib/python3.12/site-packages/neutron_lib/callbacks/manager.py:52}}
Apr 20 19:34:11.192882 np0000168568 devstack@neutron-api.service[104264]: INFO neutron.api.extensions [None req-361335b0-9ac9-491a-85df-7f9713c0337e None None] Loaded extension: l3-ha
Apr 20 19:34:11.192926 np0000168568 devstack@neutron-api.service[104263]: DEBUG neutron_lib.callbacks.manager [None req-d4ee5ae8-8775-4c35-8451-ed5b6d63109e None None] Subscribe: > floatingip precommit_update 55550000, False {{(pid=104263) subscribe /opt/stack/data/venv/lib/python3.12/site-packages/neutron_lib/callbacks/manager.py:52}}
Apr 20 19:34:11.192961 np0000168568 devstack@neutron-api.service[104264]: DEBUG neutron.api.extensions [None req-361335b0-9ac9-491a-85df-7f9713c0337e None None] Loading extension file: l3_ext_ndp_proxy.py {{(pid=104264) _load_all_extensions_from_path /opt/stack/neutron/neutron/api/extensions.py:449}}
Apr 20 19:34:11.193039 np0000168568 devstack@neutron-api.service[104263]: DEBUG neutron_lib.callbacks.manager [None req-d4ee5ae8-8775-4c35-8451-ed5b6d63109e None None] Subscribe: > floatingip after_delete 55550000, False {{(pid=104263) subscribe /opt/stack/data/venv/lib/python3.12/site-packages/neutron_lib/callbacks/manager.py:52}}
Apr 20 19:34:11.193143 np0000168568 devstack@neutron-api.service[104263]: DEBUG neutron_lib.callbacks.manager [None req-d4ee5ae8-8775-4c35-8451-ed5b6d63109e None None] Subscribe: > floatingip after_status_update 55550000, False {{(pid=104263) subscribe /opt/stack/data/venv/lib/python3.12/site-packages/neutron_lib/callbacks/manager.py:52}}
Apr 20 19:34:11.193187 np0000168568 devstack@neutron-api.service[104264]: DEBUG neutron.api.extensions [None req-361335b0-9ac9-491a-85df-7f9713c0337e None None] Ext name="Router support to enable NDP proxy" alias="l3-ext-ndp-proxy" description="Router extension to enable ndp proxy" updated="2020-08-25T00:00:00-00:00" {{(pid=104264) _check_extension /opt/stack/neutron/neutron/api/extensions.py:415}}
Apr 20 19:34:11.193249 np0000168568 devstack@neutron-api.service[104263]: DEBUG neutron_lib.callbacks.manager [None req-d4ee5ae8-8775-4c35-8451-ed5b6d63109e None None] Subscribe: > floatingip after_update 55550000, False {{(pid=104263) subscribe /opt/stack/data/venv/lib/python3.12/site-packages/neutron_lib/callbacks/manager.py:52}}
Apr 20 19:34:11.193782 np0000168568 devstack@neutron-api.service[104264]: INFO neutron.api.extensions [None req-361335b0-9ac9-491a-85df-7f9713c0337e None None] Extension l3-ext-ndp-proxy not supported by any of loaded plugins
Apr 20 19:34:11.194216 np0000168568 devstack@neutron-api.service[104263]: DEBUG neutron_lib.callbacks.manager [None req-d4ee5ae8-8775-4c35-8451-ed5b6d63109e None None] Subscribe: > port_forwarding after_create 55550000, False {{(pid=104263) subscribe /opt/stack/data/venv/lib/python3.12/site-packages/neutron_lib/callbacks/manager.py:52}}
Apr 20 19:34:11.194408 np0000168568 devstack@neutron-api.service[104264]: DEBUG neutron.api.extensions [None req-361335b0-9ac9-491a-85df-7f9713c0337e None None] Loading extension file: l3_extra_gws.py {{(pid=104264) _load_all_extensions_from_path /opt/stack/neutron/neutron/api/extensions.py:449}}
Apr 20 19:34:11.194511 np0000168568 devstack@neutron-api.service[104263]: DEBUG neutron_lib.callbacks.manager [None req-d4ee5ae8-8775-4c35-8451-ed5b6d63109e None None] Subscribe: > router_interface after_delete 55550000, False {{(pid=104263) subscribe /opt/stack/data/venv/lib/python3.12/site-packages/neutron_lib/callbacks/manager.py:52}}
Apr 20 19:34:11.194511 np0000168568 devstack@neutron-api.service[104263]: DEBUG neutron_lib.callbacks.manager [None req-d4ee5ae8-8775-4c35-8451-ed5b6d63109e None None] Subscribe: > router after_create 55550000, False {{(pid=104263) subscribe /opt/stack/data/venv/lib/python3.12/site-packages/neutron_lib/callbacks/manager.py:52}}
Apr 20 19:34:11.194646 np0000168568 devstack@neutron-api.service[104264]: DEBUG neutron.api.extensions [None req-361335b0-9ac9-491a-85df-7f9713c0337e None None] Ext name="Neutron L3 External Gateway Multihoming" alias="external-gateway-multihoming" description="Allow multiple external gateway ports per router" updated="2023-01-18T00:00:00-00:00" {{(pid=104264) _check_extension /opt/stack/neutron/neutron/api/extensions.py:415}}
Apr 20 19:34:11.194724 np0000168568 devstack@neutron-api.service[104263]: DEBUG neutron_lib.callbacks.manager [None req-d4ee5ae8-8775-4c35-8451-ed5b6d63109e None None] Subscribe: > router precommit_create 55550000, False {{(pid=104263) subscribe /opt/stack/data/venv/lib/python3.12/site-packages/neutron_lib/callbacks/manager.py:52}}
Apr 20 19:34:11.194724 np0000168568 devstack@neutron-api.service[104263]: DEBUG neutron_lib.callbacks.manager [None req-d4ee5ae8-8775-4c35-8451-ed5b6d63109e None None] Subscribe: > router after_delete 55550000, False {{(pid=104263) subscribe /opt/stack/data/venv/lib/python3.12/site-packages/neutron_lib/callbacks/manager.py:52}}
Apr 20 19:34:11.194810 np0000168568 devstack@neutron-api.service[104264]: INFO neutron.api.extensions [None req-361335b0-9ac9-491a-85df-7f9713c0337e None None] Loaded extension: external-gateway-multihoming
Apr 20 19:34:11.194858 np0000168568 devstack@neutron-api.service[104263]: DEBUG neutron_lib.callbacks.manager [None req-d4ee5ae8-8775-4c35-8451-ed5b6d63109e None None] Subscribe: > router after_update 55550000, False {{(pid=104263) subscribe /opt/stack/data/venv/lib/python3.12/site-packages/neutron_lib/callbacks/manager.py:52}}
Apr 20 19:34:11.194904 np0000168568 devstack@neutron-api.service[104264]: DEBUG neutron.api.extensions [None req-361335b0-9ac9-491a-85df-7f9713c0337e None None] Loading extension file: l3_flavors.py {{(pid=104264) _load_all_extensions_from_path /opt/stack/neutron/neutron/api/extensions.py:449}}
Apr 20 19:34:11.194945 np0000168568 devstack@neutron-api.service[104263]: DEBUG neutron.services.service_base [None req-d4ee5ae8-8775-4c35-8451-ed5b6d63109e None None] Loaded 'neutron.services.ovn_l3.service_providers.ovn.OvnDriver' provider for service L3_ROUTER_NAT {{(pid=104263) load_drivers /opt/stack/neutron/neutron/services/service_base.py:49}}
Apr 20 19:34:11.195013 np0000168568 devstack@neutron-api.service[104264]: DEBUG neutron.api.extensions [None req-361335b0-9ac9-491a-85df-7f9713c0337e None None] Ext name="Router Flavor Extension" alias="l3-flavors" description="Flavor support for routers." updated="2016-05-17T00:00:00-00:00" {{(pid=104264) _check_extension /opt/stack/neutron/neutron/api/extensions.py:415}}
Apr 20 19:34:11.195047 np0000168568 devstack@neutron-api.service[104263]: DEBUG neutron_lib.callbacks.manager [None req-d4ee5ae8-8775-4c35-8451-ed5b6d63109e None None] Subscribe: > process after_init 55550001, True {{(pid=104263) subscribe /opt/stack/data/venv/lib/python3.12/site-packages/neutron_lib/callbacks/manager.py:52}}
Apr 20 19:34:11.195082 np0000168568 devstack@neutron-api.service[104264]: INFO neutron.api.extensions [None req-361335b0-9ac9-491a-85df-7f9713c0337e None None] Loaded extension: l3-flavors
Apr 20 19:34:11.195177 np0000168568 devstack@neutron-api.service[104263]: DEBUG neutron.manager [None req-d4ee5ae8-8775-4c35-8451-ed5b6d63109e None None] Successfully loaded L3_ROUTER_NAT plugin. Description: L3 Router Service Plugin for basic L3 forwarding using OVN {{(pid=104263) _create_and_add_service_plugin /opt/stack/neutron/neutron/manager.py:239}}
Apr 20 19:34:11.195265 np0000168568 devstack@neutron-api.service[104264]: DEBUG neutron.api.extensions [None req-361335b0-9ac9-491a-85df-7f9713c0337e None None] Loading extension file: l3_ndp_proxy.py {{(pid=104264) _load_all_extensions_from_path /opt/stack/neutron/neutron/api/extensions.py:449}}
Apr 20 19:34:11.195312 np0000168568 devstack@neutron-api.service[104263]: INFO neutron.manager [None req-d4ee5ae8-8775-4c35-8451-ed5b6d63109e None None] Loading Plugin: auto_allocate
Apr 20 19:34:11.195416 np0000168568 devstack@neutron-api.service[104264]: DEBUG neutron.api.extensions [None req-361335b0-9ac9-491a-85df-7f9713c0337e None None] Ext name="name" alias="l3-ndp-proxy" description="description" updated="2021-06-29T10:00:00-00:00" {{(pid=104264) _check_extension /opt/stack/neutron/neutron/api/extensions.py:415}}
Apr 20 19:34:11.195416 np0000168568 devstack@neutron-api.service[104264]: INFO neutron.api.extensions [None req-361335b0-9ac9-491a-85df-7f9713c0337e None None] Extension l3-ndp-proxy not supported by any of loaded plugins
Apr 20 19:34:11.195416 np0000168568 devstack@neutron-api.service[104264]: DEBUG neutron.api.extensions [None req-361335b0-9ac9-491a-85df-7f9713c0337e None None] Loading extension file: l3_port_ip_change_not_allowed.py {{(pid=104264) _load_all_extensions_from_path /opt/stack/neutron/neutron/api/extensions.py:449}}
Apr 20 19:34:11.195416 np0000168568 devstack@neutron-api.service[104264]: DEBUG neutron.api.extensions [None req-361335b0-9ac9-491a-85df-7f9713c0337e None None] Ext name="Prevent L3 router ports IP address change extension" alias="l3-port-ip-change-not-allowed" description="Prevent change of IP address for some L3 router ports" updated="2018-10-09T10:00:00-00:00" {{(pid=104264) _check_extension /opt/stack/neutron/neutron/api/extensions.py:415}}
Apr 20 19:34:11.195416 np0000168568 devstack@neutron-api.service[104264]: INFO neutron.api.extensions [None req-361335b0-9ac9-491a-85df-7f9713c0337e None None] Extension l3-port-ip-change-not-allowed not supported by any of loaded plugins
Apr 20 19:34:11.195416 np0000168568 devstack@neutron-api.service[104264]: DEBUG neutron.api.extensions [None req-361335b0-9ac9-491a-85df-7f9713c0337e None None] Loading extension file: l3agentscheduler.py {{(pid=104264) _load_all_extensions_from_path /opt/stack/neutron/neutron/api/extensions.py:449}}
Apr 20 19:34:11.195638 np0000168568 devstack@neutron-api.service[104263]: DEBUG neutron_lib.callbacks.manager [None req-d4ee5ae8-8775-4c35-8451-ed5b6d63109e None None] Subscribe: network precommit_update 55550000, False {{(pid=104263) subscribe /opt/stack/data/venv/lib/python3.12/site-packages/neutron_lib/callbacks/manager.py:52}}
Apr 20 19:34:11.195795 np0000168568 devstack@neutron-api.service[104263]: DEBUG neutron_lib.callbacks.manager [None req-d4ee5ae8-8775-4c35-8451-ed5b6d63109e None None] Subscribe: network precommit_create 55550000, False {{(pid=104263) subscribe /opt/stack/data/venv/lib/python3.12/site-packages/neutron_lib/callbacks/manager.py:52}}
Apr 20 19:34:11.196202 np0000168568 devstack@neutron-api.service[104263]: DEBUG neutron.manager [None req-d4ee5ae8-8775-4c35-8451-ed5b6d63109e None None] Successfully loaded auto-allocated-topology plugin. Description: Auto Allocated Topology - aka get me a network. {{(pid=104263) _create_and_add_service_plugin /opt/stack/neutron/neutron/manager.py:239}}
Apr 20 19:34:11.196301 np0000168568 devstack@neutron-api.service[104264]: DEBUG neutron.api.extensions [None req-361335b0-9ac9-491a-85df-7f9713c0337e None None] Ext name="L3 Agent Scheduler" alias="l3_agent_scheduler" description="Schedule routers among l3 agents" updated="2013-02-07T10:00:00-00:00" {{(pid=104264) _check_extension /opt/stack/neutron/neutron/api/extensions.py:415}}
Apr 20 19:34:11.196440 np0000168568 devstack@neutron-api.service[104263]: INFO neutron.manager [None req-d4ee5ae8-8775-4c35-8451-ed5b6d63109e None None] Loading Plugin: tag
Apr 20 19:34:11.196491 np0000168568 devstack@neutron-api.service[104264]: INFO neutron.api.extensions [None req-361335b0-9ac9-491a-85df-7f9713c0337e None None] Extension l3_agent_scheduler not supported by any of loaded plugins
Apr 20 19:34:11.196491 np0000168568 devstack@neutron-api.service[104264]: DEBUG neutron.api.extensions [None req-361335b0-9ac9-491a-85df-7f9713c0337e None None] Loading extension file: local_ip.py {{(pid=104264) _load_all_extensions_from_path /opt/stack/neutron/neutron/api/extensions.py:449}}
Apr 20 19:34:11.196672 np0000168568 devstack@neutron-api.service[104264]: DEBUG neutron.api.extensions [None req-361335b0-9ac9-491a-85df-7f9713c0337e None None] Ext name="Local IP" alias="local_ip" description="Support Node Local Virtual IP" updated="2021-07-26T10:00:00-00:00" {{(pid=104264) _check_extension /opt/stack/neutron/neutron/api/extensions.py:415}}
Apr 20 19:34:11.196924 np0000168568 devstack@neutron-api.service[104264]: INFO neutron.api.extensions [None req-361335b0-9ac9-491a-85df-7f9713c0337e None None] Extension local_ip not supported by any of loaded plugins
Apr 20 19:34:11.197017 np0000168568 devstack@neutron-api.service[104264]: DEBUG neutron.api.extensions [None req-361335b0-9ac9-491a-85df-7f9713c0337e None None] Loading extension file: logging.py {{(pid=104264) _load_all_extensions_from_path /opt/stack/neutron/neutron/api/extensions.py:449}}
Apr 20 19:34:11.197342 np0000168568 devstack@neutron-api.service[104264]: DEBUG neutron.api.extensions [None req-361335b0-9ac9-491a-85df-7f9713c0337e None None] Ext name="Logging API Extension" alias="logging" description="Provides a logging API for resources such as security group and firewall." updated="2017-01-01T10:00:00-00:00" {{(pid=104264) _check_extension /opt/stack/neutron/neutron/api/extensions.py:415}}
Apr 20 19:34:11.197510 np0000168568 devstack@neutron-api.service[104264]: INFO neutron.api.extensions [None req-361335b0-9ac9-491a-85df-7f9713c0337e None None] Extension logging not supported by any of loaded plugins
Apr 20 19:34:11.197593 np0000168568 devstack@neutron-api.service[104264]: DEBUG neutron.api.extensions [None req-361335b0-9ac9-491a-85df-7f9713c0337e None None] Loading extension file: metering.py {{(pid=104264) _load_all_extensions_from_path /opt/stack/neutron/neutron/api/extensions.py:449}}
Apr 20 19:34:11.198078 np0000168568 devstack@neutron-api.service[104264]: DEBUG neutron.api.extensions [None req-361335b0-9ac9-491a-85df-7f9713c0337e None None] Ext name="Neutron Metering" alias="metering" description="Neutron Metering extension." updated="2013-06-12T10:00:00-00:00" {{(pid=104264) _check_extension /opt/stack/neutron/neutron/api/extensions.py:415}}
Apr 20 19:34:11.198253 np0000168568 devstack@neutron-api.service[104264]: INFO neutron.api.extensions [None req-361335b0-9ac9-491a-85df-7f9713c0337e None None] Extension metering not supported by any of loaded plugins
Apr 20 19:34:11.198374 np0000168568 devstack@neutron-api.service[104264]: DEBUG neutron.api.extensions [None req-361335b0-9ac9-491a-85df-7f9713c0337e None None] Loading extension file: metering_source_and_destination_fields.py {{(pid=104264) _load_all_extensions_from_path /opt/stack/neutron/neutron/api/extensions.py:449}}
Apr 20 19:34:11.198603 np0000168568 devstack@neutron-api.service[104264]: DEBUG neutron.api.extensions [None req-361335b0-9ac9-491a-85df-7f9713c0337e None None] Ext name="Neutron Metering with source and destination filtering" alias="metering_source_and_destination_fields" description="Neutron Metering extension that enables the use of source and destination IP prefixes to create metering label rules." updated="2020-08-21T08:12:00-00:00" {{(pid=104264) _check_extension /opt/stack/neutron/neutron/api/extensions.py:415}}
Apr 20 19:34:11.198778 np0000168568 devstack@neutron-api.service[104264]: INFO neutron.api.extensions [None req-361335b0-9ac9-491a-85df-7f9713c0337e None None] Extension metering_source_and_destination_fields not supported by any of loaded plugins
Apr 20 19:34:11.198882 np0000168568 devstack@neutron-api.service[104264]: DEBUG neutron.api.extensions [None req-361335b0-9ac9-491a-85df-7f9713c0337e None None] Loading extension file: multiprovidernet.py {{(pid=104264) _load_all_extensions_from_path /opt/stack/neutron/neutron/api/extensions.py:449}}
Apr 20 19:34:11.199032 np0000168568 devstack@neutron-api.service[104263]: DEBUG neutron.manager [None req-d4ee5ae8-8775-4c35-8451-ed5b6d63109e None None] Successfully loaded TAG plugin. Description: Tag support {{(pid=104263) _create_and_add_service_plugin /opt/stack/neutron/neutron/manager.py:239}}
Apr 20 19:34:11.199108 np0000168568 devstack@neutron-api.service[104264]: DEBUG neutron.api.extensions [None req-361335b0-9ac9-491a-85df-7f9713c0337e None None] Ext name="Multi Provider Network" alias="multi-provider" description="Expose mapping of virtual networks to multiple physical networks" updated="2013-06-27T10:00:00-00:00" {{(pid=104264) _check_extension /opt/stack/neutron/neutron/api/extensions.py:415}}
Apr 20 19:34:11.199143 np0000168568 devstack@neutron-api.service[104263]: INFO neutron.manager [None req-d4ee5ae8-8775-4c35-8451-ed5b6d63109e None None] Loading Plugin: timestamp
Apr 20 19:34:11.199264 np0000168568 devstack@neutron-api.service[104264]: INFO neutron.api.extensions [None req-361335b0-9ac9-491a-85df-7f9713c0337e None None] Loaded extension: multi-provider
Apr 20 19:34:11.199380 np0000168568 devstack@neutron-api.service[104264]: DEBUG neutron.api.extensions [None req-361335b0-9ac9-491a-85df-7f9713c0337e None None] Loading extension file: netmtu.py {{(pid=104264) _load_all_extensions_from_path /opt/stack/neutron/neutron/api/extensions.py:449}}
Apr 20 19:34:11.199608 np0000168568 devstack@neutron-api.service[104264]: DEBUG neutron.api.extensions [None req-361335b0-9ac9-491a-85df-7f9713c0337e None None] Ext name="Network MTU" alias="net-mtu" description="Provides MTU attribute for a network resource." updated="2015-03-25T10:00:00-00:00" {{(pid=104264) _check_extension /opt/stack/neutron/neutron/api/extensions.py:415}}
Apr 20 19:34:11.199781 np0000168568 devstack@neutron-api.service[104264]: INFO neutron.api.extensions [None req-361335b0-9ac9-491a-85df-7f9713c0337e None None] Loaded extension: net-mtu
Apr 20 19:34:11.200048 np0000168568 devstack@neutron-api.service[104264]: DEBUG neutron.api.extensions [None req-361335b0-9ac9-491a-85df-7f9713c0337e None None] Loading extension file: netmtu_writable.py {{(pid=104264) _load_all_extensions_from_path /opt/stack/neutron/neutron/api/extensions.py:449}}
Apr 20 19:34:11.200153 np0000168568 devstack@neutron-api.service[104264]: DEBUG neutron.api.extensions [None req-361335b0-9ac9-491a-85df-7f9713c0337e None None] Ext name="Network MTU (writable)" alias="net-mtu-writable" description="Provides a writable MTU attribute for a network resource." updated="2017-07-12T00:00:00-00:00" {{(pid=104264) _check_extension /opt/stack/neutron/neutron/api/extensions.py:415}}
Apr 20 19:34:11.200256 np0000168568 devstack@neutron-api.service[104264]: INFO neutron.api.extensions [None req-361335b0-9ac9-491a-85df-7f9713c0337e None None] Loaded extension: net-mtu-writable
Apr 20 19:34:11.200339 np0000168568 devstack@neutron-api.service[104264]: DEBUG neutron.api.extensions [None req-361335b0-9ac9-491a-85df-7f9713c0337e None None] Loading extension file: network_availability_zone.py {{(pid=104264) _load_all_extensions_from_path /opt/stack/neutron/neutron/api/extensions.py:449}}
Apr 20 19:34:11.200518 np0000168568 devstack@neutron-api.service[104263]: DEBUG neutron.manager [None req-d4ee5ae8-8775-4c35-8451-ed5b6d63109e None None] Successfully loaded timestamp plugin. Description: Adds timestamps to Neutron resources with standard attributes {{(pid=104263) _create_and_add_service_plugin /opt/stack/neutron/neutron/manager.py:239}}
Apr 20 19:34:11.200616 np0000168568 devstack@neutron-api.service[104264]: DEBUG neutron.api.extensions [None req-361335b0-9ac9-491a-85df-7f9713c0337e None None] Ext name="Network Availability Zone" alias="network_availability_zone" description="Availability zone support for network." updated="2015-01-01T10:00:00-00:00" {{(pid=104264) _check_extension /opt/stack/neutron/neutron/api/extensions.py:415}}
Apr 20 19:34:11.200652 np0000168568 devstack@neutron-api.service[104263]: INFO neutron.manager [None req-d4ee5ae8-8775-4c35-8451-ed5b6d63109e None None] Loading Plugin: network_ip_availability
Apr 20 19:34:11.200788 np0000168568 devstack@neutron-api.service[104264]: INFO neutron.api.extensions [None req-361335b0-9ac9-491a-85df-7f9713c0337e None None] Loaded extension: network_availability_zone
Apr 20 19:34:11.200885 np0000168568 devstack@neutron-api.service[104264]: DEBUG neutron.api.extensions [None req-361335b0-9ac9-491a-85df-7f9713c0337e None None] Loading extension file: network_ha.py {{(pid=104264) _load_all_extensions_from_path /opt/stack/neutron/neutron/api/extensions.py:449}}
Apr 20 19:34:11.201116 np0000168568 devstack@neutron-api.service[104264]: DEBUG neutron.api.extensions [None req-361335b0-9ac9-491a-85df-7f9713c0337e None None] Ext name="Network HA creation flag" alias="network_ha" description="Network high availability creation flag." updated="2023-04-27T10:00:00-00:00" {{(pid=104264) _check_extension /opt/stack/neutron/neutron/api/extensions.py:415}}
Apr 20 19:34:11.201262 np0000168568 devstack@neutron-api.service[104264]: INFO neutron.api.extensions [None req-361335b0-9ac9-491a-85df-7f9713c0337e None None] Extension network_ha not supported by any of loaded plugins
Apr 20 19:34:11.201412 np0000168568 devstack@neutron-api.service[104264]: DEBUG neutron.api.extensions [None req-361335b0-9ac9-491a-85df-7f9713c0337e None None] Loading extension file: network_ip_availability.py {{(pid=104264) _load_all_extensions_from_path /opt/stack/neutron/neutron/api/extensions.py:449}}
Apr 20 19:34:11.201664 np0000168568 devstack@neutron-api.service[104264]: DEBUG neutron.api.extensions [None req-361335b0-9ac9-491a-85df-7f9713c0337e None None] Ext name="Network IP Availability" alias="network-ip-availability" description="Provides IP availability data for each network and subnet." updated="2015-09-24T00:00:00-00:00" {{(pid=104264) _check_extension /opt/stack/neutron/neutron/api/extensions.py:415}}
Apr 20 19:34:11.201806 np0000168568 devstack@neutron-api.service[104264]: INFO neutron.api.extensions [None req-361335b0-9ac9-491a-85df-7f9713c0337e None None] Loaded extension: network-ip-availability
Apr 20 19:34:11.201903 np0000168568 devstack@neutron-api.service[104264]: DEBUG neutron.api.extensions [None req-361335b0-9ac9-491a-85df-7f9713c0337e None None] Loading extension file: network_ip_availability_details.py {{(pid=104264) _load_all_extensions_from_path /opt/stack/neutron/neutron/api/extensions.py:449}}
Apr 20 19:34:11.202145 np0000168568 devstack@neutron-api.service[104264]: DEBUG neutron.api.extensions [None req-361335b0-9ac9-491a-85df-7f9713c0337e None None] Ext name="Network IP Availability Details Extension" alias="network-ip-availability-details" description="Add ip_availability_details attribute to network-ip-availabilities resource." updated="2025-10-31T00:00:00-00:00" {{(pid=104264) _check_extension /opt/stack/neutron/neutron/api/extensions.py:415}}
Apr 20 19:34:11.202299 np0000168568 devstack@neutron-api.service[104264]: INFO neutron.api.extensions [None req-361335b0-9ac9-491a-85df-7f9713c0337e None None] Loaded extension: network-ip-availability-details
Apr 20 19:34:11.202415 np0000168568 devstack@neutron-api.service[104264]: DEBUG neutron.api.extensions [None req-361335b0-9ac9-491a-85df-7f9713c0337e None None] Loading extension file: network_segment_range.py {{(pid=104264) _load_all_extensions_from_path /opt/stack/neutron/neutron/api/extensions.py:449}}
Apr 20 19:34:11.202585 np0000168568 devstack@neutron-api.service[104263]: DEBUG neutron.manager [None req-d4ee5ae8-8775-4c35-8451-ed5b6d63109e None None] Successfully loaded network-ip-availability plugin. Description: Provides IP availability data for each network and subnet. {{(pid=104263) _create_and_add_service_plugin /opt/stack/neutron/neutron/manager.py:239}}
Apr 20 19:34:11.202682 np0000168568 devstack@neutron-api.service[104263]: INFO neutron.manager [None req-d4ee5ae8-8775-4c35-8451-ed5b6d63109e None None] Loading Plugin: flavors
Apr 20 19:34:11.202722 np0000168568 devstack@neutron-api.service[104264]: DEBUG neutron.api.extensions [None req-361335b0-9ac9-491a-85df-7f9713c0337e None None] Ext name="Neutron Network Segment Range" alias="network-segment-range" description="Provides support for the network segment range management" updated="2018-11-29T00:00:00-00:00" {{(pid=104264) _check_extension /opt/stack/neutron/neutron/api/extensions.py:415}}
Apr 20 19:34:11.202753 np0000168568 devstack@neutron-api.service[104265]: INFO neutron.plugins.ml2.drivers.type_vlan [None req-da62e80d-41d5-425d-92a3-99bcf5acc500 None None] VlanTypeDriver initialization complete
Apr 20 19:34:11.203075 np0000168568 devstack@neutron-api.service[104265]: INFO neutron.plugins.ml2.managers [None req-da62e80d-41d5-425d-92a3-99bcf5acc500 None None] Initializing extension driver 'port_security'
Apr 20 19:34:11.203170 np0000168568 devstack@neutron-api.service[104264]: INFO neutron.api.extensions [None req-361335b0-9ac9-491a-85df-7f9713c0337e None None] Extension network-segment-range not supported by any of loaded plugins
Apr 20 19:34:11.203170 np0000168568 devstack@neutron-api.service[104264]: DEBUG neutron.api.extensions [None req-361335b0-9ac9-491a-85df-7f9713c0337e None None] Loading extension file: pagination.py {{(pid=104264) _load_all_extensions_from_path /opt/stack/neutron/neutron/api/extensions.py:449}}
Apr 20 19:34:11.203227 np0000168568 devstack@neutron-api.service[104265]: INFO neutron.plugins.ml2.extensions.port_security [None req-da62e80d-41d5-425d-92a3-99bcf5acc500 None None] PortSecurityExtensionDriver initialization complete
Apr 20 19:34:11.203227 np0000168568 devstack@neutron-api.service[104265]: INFO neutron.plugins.ml2.managers [None req-da62e80d-41d5-425d-92a3-99bcf5acc500 None None] Initializing extension driver 'qos'
Apr 20 19:34:11.203227 np0000168568 devstack@neutron-api.service[104265]: DEBUG neutron.plugins.ml2.extensions.qos [None req-da62e80d-41d5-425d-92a3-99bcf5acc500 None None] QosExtensionDriver initialization complete {{(pid=104265) initialize /opt/stack/neutron/neutron/plugins/ml2/extensions/qos.py:31}}
Apr 20 19:34:11.203384 np0000168568 devstack@neutron-api.service[104264]: DEBUG neutron.api.extensions [None req-361335b0-9ac9-491a-85df-7f9713c0337e None None] Ext name="Pagination support" alias="pagination" description="Extension that indicates that pagination is enabled." updated="2016-06-12T00:00:00-00:00" {{(pid=104264) _check_extension /opt/stack/neutron/neutron/api/extensions.py:415}}
Apr 20 19:34:11.203453 np0000168568 devstack@neutron-api.service[104265]: INFO neutron.plugins.ml2.managers [None req-da62e80d-41d5-425d-92a3-99bcf5acc500 None None] Initializing mechanism driver 'ovn'
Apr 20 19:34:11.203514 np0000168568 devstack@neutron-api.service[104264]: INFO neutron.api.extensions [None req-361335b0-9ac9-491a-85df-7f9713c0337e None None] Loaded extension: pagination
Apr 20 19:34:11.203542 np0000168568 devstack@neutron-api.service[104265]: INFO neutron.plugins.ml2.drivers.ovn.mech_driver.mech_driver [None req-da62e80d-41d5-425d-92a3-99bcf5acc500 None None] Starting OVNMechanismDriver
Apr 20 19:34:11.203610 np0000168568 devstack@neutron-api.service[104264]: DEBUG neutron.api.extensions [None req-361335b0-9ac9-491a-85df-7f9713c0337e None None] Loading extension file: port_device_profile.py {{(pid=104264) _load_all_extensions_from_path /opt/stack/neutron/neutron/api/extensions.py:449}}
Apr 20 19:34:11.203610 np0000168568 devstack@neutron-api.service[104264]: DEBUG neutron.api.extensions [None req-361335b0-9ac9-491a-85df-7f9713c0337e None None] Ext name="Port device profile" alias="port-device-profile" description="Expose the port device profile (Cyborg)" updated="2020-12-17T10:00:00-00:00" {{(pid=104264) _check_extension /opt/stack/neutron/neutron/api/extensions.py:415}}
Apr 20 19:34:11.203860 np0000168568 devstack@neutron-api.service[104264]: INFO neutron.api.extensions [None req-361335b0-9ac9-491a-85df-7f9713c0337e None None] Loaded extension: port-device-profile
Apr 20 19:34:11.203860 np0000168568 devstack@neutron-api.service[104264]: DEBUG neutron.api.extensions [None req-361335b0-9ac9-491a-85df-7f9713c0337e None None] Loading extension file: port_hardware_offload_type.py {{(pid=104264) _load_all_extensions_from_path /opt/stack/neutron/neutron/api/extensions.py:449}}
Apr 20 19:34:11.204120 np0000168568 devstack@neutron-api.service[104264]: DEBUG neutron.api.extensions [None req-361335b0-9ac9-491a-85df-7f9713c0337e None None] Ext name="Port hardware offload" alias="port-hardware-offload-type" description="Expose port hardware offload extension" updated="2023-05-09T10:00:00-00:00" {{(pid=104264) _check_extension /opt/stack/neutron/neutron/api/extensions.py:415}}
Apr 20 19:34:11.204255 np0000168568 devstack@neutron-api.service[104264]: INFO neutron.api.extensions [None req-361335b0-9ac9-491a-85df-7f9713c0337e None None] Extension port-hardware-offload-type not supported by any of loaded plugins
Apr 20 19:34:11.204371 np0000168568 devstack@neutron-api.service[104264]: DEBUG neutron.api.extensions [None req-361335b0-9ac9-491a-85df-7f9713c0337e None None] Loading extension file: port_hint_ovs_tx_steering.py {{(pid=104264) _load_all_extensions_from_path /opt/stack/neutron/neutron/api/extensions.py:449}}
Apr 20 19:34:11.204517 np0000168568 devstack@neutron-api.service[104263]: DEBUG neutron.manager [None req-d4ee5ae8-8775-4c35-8451-ed5b6d63109e None None] Successfully loaded FLAVORS plugin. Description: Neutron Flavors and Service Profiles manager plugin {{(pid=104263) _create_and_add_service_plugin /opt/stack/neutron/neutron/manager.py:239}}
Apr 20 19:34:11.204602 np0000168568 devstack@neutron-api.service[104264]: DEBUG neutron.api.extensions [None req-361335b0-9ac9-491a-85df-7f9713c0337e None None] Ext name="Port hint: Open vSwitch Tx steering" alias="port-hint-ovs-tx-steering" description="Enable Port hint: Open vSwitch Tx steering" updated="2023-01-01T00:00:00-00:00" {{(pid=104264) _check_extension /opt/stack/neutron/neutron/api/extensions.py:415}}
Apr 20 19:34:11.204649 np0000168568 devstack@neutron-api.service[104263]: INFO neutron.manager [None req-d4ee5ae8-8775-4c35-8451-ed5b6d63109e None None] Loading Plugin: revisions
Apr 20 19:34:11.204776 np0000168568 devstack@neutron-api.service[104264]: INFO neutron.api.extensions [None req-361335b0-9ac9-491a-85df-7f9713c0337e None None] Extension port-hint-ovs-tx-steering not supported by any of loaded plugins
Apr 20 19:34:11.204894 np0000168568 devstack@neutron-api.service[104264]: DEBUG neutron.api.extensions [None req-361335b0-9ac9-491a-85df-7f9713c0337e None None] Loading extension file: port_hints.py {{(pid=104264) _load_all_extensions_from_path /opt/stack/neutron/neutron/api/extensions.py:449}}
Apr 20 19:34:11.205067 np0000168568 devstack@neutron-api.service[104264]: DEBUG neutron.api.extensions [None req-361335b0-9ac9-491a-85df-7f9713c0337e None None] Ext name="Port hints" alias="port-hints" description="Backend specific port hints to allow backend specific tuning" updated="2023-01-01T00:00:00-00:00" {{(pid=104264) _check_extension /opt/stack/neutron/neutron/api/extensions.py:415}}
Apr 20 19:34:11.205235 np0000168568 devstack@neutron-api.service[104264]: INFO neutron.api.extensions [None req-361335b0-9ac9-491a-85df-7f9713c0337e None None] Extension port-hints not supported by any of loaded plugins
Apr 20 19:34:11.205279 np0000168568 devstack@neutron-api.service[104265]: DEBUG neutron_lib.callbacks.manager [None req-da62e80d-41d5-425d-92a3-99bcf5acc500 None None] Subscribe: > process before_spawn 55550000, False {{(pid=104265) subscribe /opt/stack/data/venv/lib/python3.12/site-packages/neutron_lib/callbacks/manager.py:52}}
Apr 20 19:34:11.205427 np0000168568 devstack@neutron-api.service[104264]: DEBUG neutron.api.extensions [None req-361335b0-9ac9-491a-85df-7f9713c0337e None None] Loading extension file: port_mac_address_override.py {{(pid=104264) _load_all_extensions_from_path /opt/stack/neutron/neutron/api/extensions.py:449}}
Apr 20 19:34:11.205496 np0000168568 devstack@neutron-api.service[104265]: DEBUG neutron_lib.callbacks.manager [None req-da62e80d-41d5-425d-92a3-99bcf5acc500 None None] Subscribe: > process after_init 55550000, True {{(pid=104265) subscribe /opt/stack/data/venv/lib/python3.12/site-packages/neutron_lib/callbacks/manager.py:52}}
