Apr 20 19:34:11.498632 np0000168568 devstack@neutron-api.service[104263]: WARNING keystonemiddleware.auth_token [None req-d4ee5ae8-8775-4c35-8451-ed5b6d63109e None None] AuthToken middleware is set with keystone_authtoken.service_token_roles_required set to False. This is backwards compatible but deprecated behaviour. Please set this to True.
Apr 20 19:34:11.498680 np0000168568 devstack@neutron-api.service[104265]: DEBUG neutron.api.v2.resource_helper [None req-da62e80d-41d5-425d-92a3-99bcf5acc500 None None] Service L3_ROUTER_NAT assigned prefix: {{(pid=104265) build_resource_info /opt/stack/neutron/neutron/api/v2/resource_helper.py:77}}
Apr 20 19:34:11.498757 np0000168568 devstack@neutron-api.service[104265]: INFO neutron.quota.resource_registry [None req-da62e80d-41d5-425d-92a3-99bcf5acc500 None None] Creating instance of TrackedResource for resource:router
Apr 20 19:34:11.499148 np0000168568 devstack@neutron-api.service[104265]: INFO neutron.quota.resource_registry [None req-da62e80d-41d5-425d-92a3-99bcf5acc500 None None] Creating instance of TrackedResource for resource:floatingip
Apr 20 19:34:11.500034 np0000168568 devstack@neutron-api.service[104264]: DEBUG neutron.plugins.ml2.drivers.ovn.mech_driver.ovsdb.maintenance [None req-361335b0-9ac9-491a-85df-7f9713c0337e None None] Periodic task found: HashRingHealthCheckPeriodics.touch_hash_ring_node {{(pid=104264) add_periodics /opt/stack/neutron/neutron/plugins/ml2/drivers/ovn/mech_driver/ovsdb/maintenance.py:148}}
Apr 20 19:34:11.500226 np0000168568 devstack@neutron-api.service[104265]: INFO neutron.quota.resource_registry [None req-da62e80d-41d5-425d-92a3-99bcf5acc500 None None] Creating instance of CountableResource for resource:rbac_policy
Apr 20 19:34:11.500819 np0000168568 devstack@neutron-api.service[104265]: INFO neutron.quota.resource_registry [None req-da62e80d-41d5-425d-92a3-99bcf5acc500 None None] Creating instance of TrackedResource for resource:security_group
Apr 20 19:34:11.501195 np0000168568 devstack@neutron-api.service[104265]: INFO neutron.quota.resource_registry [None req-da62e80d-41d5-425d-92a3-99bcf5acc500 None None] Creating instance of TrackedResource for resource:security_group_rule
Apr 20 19:34:11.501394 np0000168568 devstack@neutron-api.service[104264]: INFO neutron.plugins.ml2.drivers.ovn.mech_driver.mech_driver [None req-361335b0-9ac9-491a-85df-7f9713c0337e None None] Hash Ring probing thread for node 5a5d9ce4335951a2b83f7b331f4fe8e1 has started
Apr 20 19:34:11.501904 np0000168568 devstack@neutron-api.service[104265]: DEBUG neutron.api.v2.resource_helper [None req-da62e80d-41d5-425d-92a3-99bcf5acc500 None None] Service CORE assigned prefix: {{(pid=104265) build_resource_info /opt/stack/neutron/neutron/api/v2/resource_helper.py:77}}
Apr 20 19:34:11.502000 np0000168568 devstack@neutron-api.service[104264]: INFO neutron.plugins.ml2.drivers.ovn.mech_driver.ovsdb.impl_idl_ovn [None req-361335b0-9ac9-491a-85df-7f9713c0337e None None] Getting OvsdbNbOvnIdl for WorkerService with retry
Apr 20 19:34:11.502078 np0000168568 devstack@neutron-api.service[104265]: INFO neutron.quota.resource_registry [None req-da62e80d-41d5-425d-92a3-99bcf5acc500 None None] Creating instance of TrackedResource for resource:subnetpool
Apr 20 19:34:11.502141 np0000168568 devstack@neutron-api.service[104265]: WARNING neutron.quota.resource_registry [None req-da62e80d-41d5-425d-92a3-99bcf5acc500 None None] subnetpool is already registered
Apr 20 19:34:11.504490 np0000168568 devstack@neutron-api.service[104265]: DEBUG neutron.api.v2.resource_helper [None req-da62e80d-41d5-425d-92a3-99bcf5acc500 None None] Service L3_ROUTER_NAT assigned prefix: {{(pid=104265) build_resource_info /opt/stack/neutron/neutron/api/v2/resource_helper.py:77}}
Apr 20 19:34:11.504864 np0000168568 devstack@neutron-api.service[104265]: DEBUG neutron.api.v2.resource_helper [None req-da62e80d-41d5-425d-92a3-99bcf5acc500 None None] Service FLAVORS assigned prefix: {{(pid=104265) build_resource_info /opt/stack/neutron/neutron/api/v2/resource_helper.py:77}}
Apr 20 19:34:11.505813 np0000168568 devstack@neutron-api.service[104265]: DEBUG neutron.api.v2.resource_helper [None req-da62e80d-41d5-425d-92a3-99bcf5acc500 None None] Service L3_ROUTER_NAT assigned prefix: {{(pid=104265) build_resource_info /opt/stack/neutron/neutron/api/v2/resource_helper.py:77}}
Apr 20 19:34:11.506155 np0000168568 devstack@neutron-api.service[104265]: DEBUG neutron.api.v2.resource_helper [None req-da62e80d-41d5-425d-92a3-99bcf5acc500 None None] Service L3_ROUTER_NAT assigned prefix: {{(pid=104265) build_resource_info /opt/stack/neutron/neutron/api/v2/resource_helper.py:77}}
Apr 20 19:34:11.506325 np0000168568 devstack@neutron-api.service[104265]: INFO neutron.quota.resource_registry [None req-da62e80d-41d5-425d-92a3-99bcf5acc500 None None] Creating instance of TrackedResource for resource:router
Apr 20 19:34:11.506473 np0000168568 devstack@neutron-api.service[104265]: WARNING neutron.quota.resource_registry [None req-da62e80d-41d5-425d-92a3-99bcf5acc500 None None] router is already registered
Apr 20 19:34:11.506843 np0000168568 devstack@neutron-api.service[104265]: INFO neutron.quota.resource_registry [None req-da62e80d-41d5-425d-92a3-99bcf5acc500 None None] Creating instance of TrackedResource for resource:floatingip
Apr 20 19:34:11.506942 np0000168568 devstack@neutron-api.service[104265]: WARNING neutron.quota.resource_registry [None req-da62e80d-41d5-425d-92a3-99bcf5acc500 None None] floatingip is already registered
Apr 20 19:34:11.508347 np0000168568 devstack@neutron-api.service[104265]: INFO neutron.quota.resource_registry [None req-da62e80d-41d5-425d-92a3-99bcf5acc500 None None] Creating instance of CountableResource for resource:rbac_policy
Apr 20 19:34:11.508347 np0000168568 devstack@neutron-api.service[104265]: WARNING neutron.quota.resource_registry [None req-da62e80d-41d5-425d-92a3-99bcf5acc500 None None] rbac_policy is already registered
Apr 20 19:34:11.509089 np0000168568 devstack@neutron-api.service[104265]: INFO neutron.quota.resource_registry [None req-da62e80d-41d5-425d-92a3-99bcf5acc500 None None] Creating instance of TrackedResource for resource:security_group
Apr 20 19:34:11.509089 np0000168568 devstack@neutron-api.service[104265]: WARNING neutron.quota.resource_registry [None req-da62e80d-41d5-425d-92a3-99bcf5acc500 None None] security_group is already registered
Apr 20 19:34:11.509529 np0000168568 devstack@neutron-api.service[104265]: INFO neutron.quota.resource_registry [None req-da62e80d-41d5-425d-92a3-99bcf5acc500 None None] Creating instance of TrackedResource for resource:security_group_rule
Apr 20 19:34:11.509729 np0000168568 devstack@neutron-api.service[104265]: WARNING neutron.quota.resource_registry [None req-da62e80d-41d5-425d-92a3-99bcf5acc500 None None] security_group_rule is already registered
Apr 20 19:34:11.510131 np0000168568 devstack@neutron-api.service[104265]: DEBUG neutron.api.v2.resource_helper [None req-da62e80d-41d5-425d-92a3-99bcf5acc500 None None] Service CORE assigned prefix: {{(pid=104265) build_resource_info /opt/stack/neutron/neutron/api/v2/resource_helper.py:77}}
Apr 20 19:34:11.510248 np0000168568 devstack@neutron-api.service[104265]: INFO neutron.quota.resource_registry [None req-da62e80d-41d5-425d-92a3-99bcf5acc500 None None] Creating instance of TrackedResource for resource:subnetpool
Apr 20 19:34:11.510384 np0000168568 devstack@neutron-api.service[104265]: WARNING neutron.quota.resource_registry [None req-da62e80d-41d5-425d-92a3-99bcf5acc500 None None] subnetpool is already registered
Apr 20 19:34:11.510765 np0000168568 devstack@neutron-api.service[104265]: DEBUG neutron.api.extensions [None req-da62e80d-41d5-425d-92a3-99bcf5acc500 None None] Extended resource: extensions {{(pid=104265) __init__ /opt/stack/neutron/neutron/api/extensions.py:156}}
Apr 20 19:34:11.511519 np0000168568 devstack@neutron-api.service[104265]: DEBUG neutron.api.extensions [None req-da62e80d-41d5-425d-92a3-99bcf5acc500 None None] Extended resource: address-groups {{(pid=104265) __init__ /opt/stack/neutron/neutron/api/extensions.py:156}}
Apr 20 19:34:11.512330 np0000168568 devstack@neutron-api.service[104265]: DEBUG neutron.api.extensions [None req-da62e80d-41d5-425d-92a3-99bcf5acc500 None None] Extended resource: address-scopes {{(pid=104265) __init__ /opt/stack/neutron/neutron/api/extensions.py:156}}
Apr 20 19:34:11.512882 np0000168568 devstack@neutron-api.service[104265]: DEBUG neutron.api.extensions [None req-da62e80d-41d5-425d-92a3-99bcf5acc500 None None] Extended resource: agents {{(pid=104265) __init__ /opt/stack/neutron/neutron/api/extensions.py:156}}
Apr 20 19:34:11.513460 np0000168568 devstack@neutron-api.service[104265]: DEBUG neutron.api.extensions [None req-da62e80d-41d5-425d-92a3-99bcf5acc500 None None] Extended resource: auto-allocated-topology {{(pid=104265) __init__ /opt/stack/neutron/neutron/api/extensions.py:156}}
Apr 20 19:34:11.514052 np0000168568 devstack@neutron-api.service[104265]: DEBUG neutron.api.extensions [None req-da62e80d-41d5-425d-92a3-99bcf5acc500 None None] Extended resource: availability_zones {{(pid=104265) __init__ /opt/stack/neutron/neutron/api/extensions.py:156}}
Apr 20 19:34:11.514654 np0000168568 devstack@neutron-api.service[104265]: DEBUG neutron.api.extensions [None req-da62e80d-41d5-425d-92a3-99bcf5acc500 None None] Extended resource: dhcp-networks {{(pid=104265) __init__ /opt/stack/neutron/neutron/api/extensions.py:156}}
Apr 20 19:34:11.515395 np0000168568 devstack@neutron-api.service[104265]: DEBUG neutron.api.extensions [None req-da62e80d-41d5-425d-92a3-99bcf5acc500 None None] Extended resource: dhcp-agents {{(pid=104265) __init__ /opt/stack/neutron/neutron/api/extensions.py:156}}
Apr 20 19:34:11.515938 np0000168568 devstack@neutron-api.service[104265]: DEBUG neutron.api.extensions [None req-da62e80d-41d5-425d-92a3-99bcf5acc500 None None] Extended resource: routers {{(pid=104265) __init__ /opt/stack/neutron/neutron/api/extensions.py:156}}
Apr 20 19:34:11.517115 np0000168568 devstack@neutron-api.service[104265]: DEBUG neutron.api.extensions [None req-da62e80d-41d5-425d-92a3-99bcf5acc500 None None] Extended resource: flavors {{(pid=104265) __init__ /opt/stack/neutron/neutron/api/extensions.py:156}}
Apr 20 19:34:11.517693 np0000168568 devstack@neutron-api.service[104265]: DEBUG neutron.api.extensions [None req-da62e80d-41d5-425d-92a3-99bcf5acc500 None None] Extended resource: service_profiles {{(pid=104265) __init__ /opt/stack/neutron/neutron/api/extensions.py:156}}
Apr 20 19:34:11.518076 np0000168568 devstack@neutron-api.service[104265]: DEBUG neutron.api.extensions [None req-da62e80d-41d5-425d-92a3-99bcf5acc500 None None] Extended resource: next_providers {{(pid=104265) __init__ /opt/stack/neutron/neutron/api/extensions.py:156}}
Apr 20 19:34:11.518803 np0000168568 devstack@neutron-api.service[104265]: DEBUG neutron.api.extensions [None req-da62e80d-41d5-425d-92a3-99bcf5acc500 None None] Extended resource: service_profiles {{(pid=104265) __init__ /opt/stack/neutron/neutron/api/extensions.py:156}}
Apr 20 19:34:11.519401 np0000168568 devstack@neutron-api.service[104265]: DEBUG neutron.api.extensions [None req-da62e80d-41d5-425d-92a3-99bcf5acc500 None None] Extended resource: floatingip-pools {{(pid=104265) __init__ /opt/stack/neutron/neutron/api/extensions.py:156}}
Apr 20 19:34:11.519935 np0000168568 devstack@neutron-api.service[104265]: DEBUG neutron.api.extensions [None req-da62e80d-41d5-425d-92a3-99bcf5acc500 None None] Extended resource: routers {{(pid=104265) __init__ /opt/stack/neutron/neutron/api/extensions.py:156}}
Apr 20 19:34:11.520975 np0000168568 devstack@neutron-api.service[104265]: DEBUG neutron.api.extensions [None req-da62e80d-41d5-425d-92a3-99bcf5acc500 None None] Extended resource: floatingips {{(pid=104265) __init__ /opt/stack/neutron/neutron/api/extensions.py:156}}
Apr 20 19:34:11.521561 np0000168568 devstack@neutron-api.service[104265]: DEBUG neutron.api.extensions [None req-da62e80d-41d5-425d-92a3-99bcf5acc500 None None] Extended resource: network-ip-availabilities {{(pid=104265) __init__ /opt/stack/neutron/neutron/api/extensions.py:156}}
Apr 20 19:34:11.522120 np0000168568 devstack@neutron-api.service[104265]: DEBUG neutron.api.extensions [None req-da62e80d-41d5-425d-92a3-99bcf5acc500 None None] Extended resource: network-ip-availabilities {{(pid=104265) __init__ /opt/stack/neutron/neutron/api/extensions.py:156}}
Apr 20 19:34:11.523437 np0000168568 devstack@neutron-api.service[104265]: DEBUG neutron.api.extensions [None req-da62e80d-41d5-425d-92a3-99bcf5acc500 None None] Extended resource: bindings {{(pid=104265) __init__ /opt/stack/neutron/neutron/api/extensions.py:156}}
Apr 20 19:34:11.524078 np0000168568 devstack@neutron-api.service[104265]: DEBUG neutron.api.extensions [None req-da62e80d-41d5-425d-92a3-99bcf5acc500 None None] Extended resource: quotas {{(pid=104265) __init__ /opt/stack/neutron/neutron/api/extensions.py:156}}
Apr 20 19:34:11.524792 np0000168568 devstack@neutron-api.service[104265]: DEBUG neutron.api.extensions [None req-da62e80d-41d5-425d-92a3-99bcf5acc500 None None] Extended resource: quotas {{(pid=104265) __init__ /opt/stack/neutron/neutron/api/extensions.py:156}}
Apr 20 19:34:11.525520 np0000168568 devstack@neutron-api.service[104265]: DEBUG neutron.api.extensions [None req-da62e80d-41d5-425d-92a3-99bcf5acc500 None None] Extended resource: rbac-policies {{(pid=104265) __init__ /opt/stack/neutron/neutron/api/extensions.py:156}}
Apr 20 19:34:11.526073 np0000168568 devstack@neutron-api.service[104265]: DEBUG neutron.api.extensions [None req-da62e80d-41d5-425d-92a3-99bcf5acc500 None None] Extended resource: default-security-group-rules {{(pid=104265) __init__ /opt/stack/neutron/neutron/api/extensions.py:156}}
Apr 20 19:34:11.526610 np0000168568 devstack@neutron-api.service[104263]: DEBUG neutron_lib.callbacks.manager [None req-d4ee5ae8-8775-4c35-8451-ed5b6d63109e None None] Publish callbacks ['neutron.plugins.ml2.drivers.ovn.mech_driver.mech_driver.OVNMechanismDriver.pre_fork_initialize-1922451'] for process (None), before_spawn {{(pid=104263) _notify_loop /opt/stack/data/venv/lib/python3.12/site-packages/neutron_lib/callbacks/manager.py:184}}
Apr 20 19:34:11.526686 np0000168568 devstack@neutron-api.service[104265]: DEBUG neutron.api.extensions [None req-da62e80d-41d5-425d-92a3-99bcf5acc500 None None] Extended resource: security-groups {{(pid=104265) __init__ /opt/stack/neutron/neutron/api/extensions.py:156}}
Apr 20 19:34:11.527074 np0000168568 devstack@neutron-api.service[104263]: DEBUG oslo_concurrency.processutils [None req-d4ee5ae8-8775-4c35-8451-ed5b6d63109e None None] Running cmd (subprocess): ovsdb-client transact ssl:199.204.45.132:6641 --timeout 180 -p /opt/stack/data/CA/int-ca/private/devstack-cert.key -c /opt/stack/data/CA/int-ca/devstack-cert.crt -C /opt/stack/data/CA/int-ca/ca-chain.pem ["OVN_Northbound", {"op": "wait", "timeout": 0, "table": "Port_Group", "where": [["name", "==", "neutron_pg_drop"]], "until": "==", "rows": []}, {"op": "insert", "table": "ACL", "row": {"action": "drop", "direction": "to-lport", "match": "outport == @neutron_pg_drop && ip", "priority": 1001}, "uuid-name": "droptoport"}, {"op": "insert", "table": "ACL", "row": {"action": "drop", "direction": "from-lport", "match": "inport == @neutron_pg_drop && ip", "priority": 1001}, "uuid-name": "dropfromport"}, {"op": "insert", "table": "Port_Group", "row": {"name": "neutron_pg_drop", "acls": ["set", [["named-uuid", "droptoport"], ["named-uuid", "dropfromport"]]]}}] {{(pid=104263) execute /opt/stack/data/venv/lib/python3.12/site-packages/oslo_concurrency/processutils.py:440}}
Apr 20 19:34:11.527269 np0000168568 devstack@neutron-api.service[104265]: DEBUG neutron.api.extensions [None req-da62e80d-41d5-425d-92a3-99bcf5acc500 None None] Extended resource: security-group-rules {{(pid=104265) __init__ /opt/stack/neutron/neutron/api/extensions.py:156}}
Apr 20 19:34:11.528065 np0000168568 devstack@neutron-api.service[104265]: DEBUG neutron.api.extensions [None req-da62e80d-41d5-425d-92a3-99bcf5acc500 None None] Extended resource: service-providers {{(pid=104265) __init__ /opt/stack/neutron/neutron/api/extensions.py:156}}
Apr 20 19:34:11.528694 np0000168568 devstack@neutron-api.service[104265]: DEBUG neutron.api.extensions [None req-da62e80d-41d5-425d-92a3-99bcf5acc500 None None] Extended resource: subnetpools {{(pid=104265) __init__ /opt/stack/neutron/neutron/api/extensions.py:156}}
Apr 20 19:34:11.529405 np0000168568 devstack@neutron-api.service[104265]: DEBUG neutron.api.extensions [None req-da62e80d-41d5-425d-92a3-99bcf5acc500 None None] Extended resource: tags {{(pid=104265) __init__ /opt/stack/neutron/neutron/api/extensions.py:156}}
Apr 20 19:34:11.530152 np0000168568 devstack@neutron-api.service[104265]: DEBUG neutron.api.extensions [None req-da62e80d-41d5-425d-92a3-99bcf5acc500 None None] Extended resource: tags {{(pid=104265) __init__ /opt/stack/neutron/neutron/api/extensions.py:156}}
Apr 20 19:34:11.530920 np0000168568 devstack@neutron-api.service[104265]: DEBUG neutron.api.extensions [None req-da62e80d-41d5-425d-92a3-99bcf5acc500 None None] Extended resource: tags {{(pid=104265) __init__ /opt/stack/neutron/neutron/api/extensions.py:156}}
Apr 20 19:34:11.531778 np0000168568 devstack@neutron-api.service[104265]: DEBUG neutron.api.extensions [None req-da62e80d-41d5-425d-92a3-99bcf5acc500 None None] Extended resource: tags {{(pid=104265) __init__ /opt/stack/neutron/neutron/api/extensions.py:156}}
Apr 20 19:34:11.532557 np0000168568 devstack@neutron-api.service[104265]: DEBUG neutron.api.extensions [None req-da62e80d-41d5-425d-92a3-99bcf5acc500 None None] Extended resource: tags {{(pid=104265) __init__ /opt/stack/neutron/neutron/api/extensions.py:156}}
Apr 20 19:34:11.533395 np0000168568 devstack@neutron-api.service[104265]: DEBUG neutron.api.extensions [None req-da62e80d-41d5-425d-92a3-99bcf5acc500 None None] Extended resource: tags {{(pid=104265) __init__ /opt/stack/neutron/neutron/api/extensions.py:156}}
Apr 20 19:34:11.534262 np0000168568 devstack@neutron-api.service[104265]: DEBUG neutron.api.extensions [None req-da62e80d-41d5-425d-92a3-99bcf5acc500 None None] Extended resource: tags {{(pid=104265) __init__ /opt/stack/neutron/neutron/api/extensions.py:156}}
Apr 20 19:34:11.535054 np0000168568 devstack@neutron-api.service[104265]: DEBUG neutron.api.extensions [None req-da62e80d-41d5-425d-92a3-99bcf5acc500 None None] Extended resource: tags {{(pid=104265) __init__ /opt/stack/neutron/neutron/api/extensions.py:156}}
Apr 20 19:34:11.535887 np0000168568 devstack@neutron-api.service[104265]: DEBUG neutron.api.extensions [None req-da62e80d-41d5-425d-92a3-99bcf5acc500 None None] Extended resource: tags {{(pid=104265) __init__ /opt/stack/neutron/neutron/api/extensions.py:156}}
Apr 20 19:34:11.536680 np0000168568 devstack@neutron-api.service[104265]: DEBUG neutron.api.extensions [None req-da62e80d-41d5-425d-92a3-99bcf5acc500 None None] Extended resource: tags {{(pid=104265) __init__ /opt/stack/neutron/neutron/api/extensions.py:156}}
Apr 20 19:34:11.540103 np0000168568 devstack@neutron-api.service[104265]: WARNING keystonemiddleware.auth_token [None req-da62e80d-41d5-425d-92a3-99bcf5acc500 None None] AuthToken middleware is set with keystone_authtoken.service_token_roles_required set to False. This is backwards compatible but deprecated behaviour. Please set this to True.
Apr 20 19:34:11.546370 np0000168568 devstack@neutron-api.service[104264]: DEBUG ovsdbapp.backend.ovs_idl [None req-361335b0-9ac9-491a-85df-7f9713c0337e None None] Created lookup_table index Logical_Switch.name {{(pid=104264) autocreate_indices /opt/stack/data/venv/lib/python3.12/site-packages/ovsdbapp/backend/ovs_idl/__init__.py:87}}
Apr 20 19:34:11.546370 np0000168568 devstack@neutron-api.service[104264]: DEBUG ovsdbapp.backend.ovs_idl [None req-361335b0-9ac9-491a-85df-7f9713c0337e None None] Created lookup_table index Logical_Router.name {{(pid=104264) autocreate_indices /opt/stack/data/venv/lib/python3.12/site-packages/ovsdbapp/backend/ovs_idl/__init__.py:87}}
Apr 20 19:34:11.546370 np0000168568 devstack@neutron-api.service[104264]: DEBUG ovsdbapp.backend.ovs_idl [None req-361335b0-9ac9-491a-85df-7f9713c0337e None None] Created lookup_table index Load_Balancer.name {{(pid=104264) autocreate_indices /opt/stack/data/venv/lib/python3.12/site-packages/ovsdbapp/backend/ovs_idl/__init__.py:87}}
Apr 20 19:34:11.546370 np0000168568 devstack@neutron-api.service[104264]: DEBUG ovsdbapp.backend.ovs_idl [None req-361335b0-9ac9-491a-85df-7f9713c0337e None None] Created schema index Copp.name {{(pid=104264) autocreate_indices /opt/stack/data/venv/lib/python3.12/site-packages/ovsdbapp/backend/ovs_idl/__init__.py:106}}
Apr 20 19:34:11.546370 np0000168568 devstack@neutron-api.service[104264]: DEBUG ovsdbapp.backend.ovs_idl [None req-361335b0-9ac9-491a-85df-7f9713c0337e None None] Created schema index Meter.name {{(pid=104264) autocreate_indices /opt/stack/data/venv/lib/python3.12/site-packages/ovsdbapp/backend/ovs_idl/__init__.py:106}}
Apr 20 19:34:11.546370 np0000168568 devstack@neutron-api.service[104264]: DEBUG ovsdbapp.backend.ovs_idl [None req-361335b0-9ac9-491a-85df-7f9713c0337e None None] Created schema index Load_Balancer_Group.name {{(pid=104264) autocreate_indices /opt/stack/data/venv/lib/python3.12/site-packages/ovsdbapp/backend/ovs_idl/__init__.py:106}}
Apr 20 19:34:11.546864 np0000168568 devstack@neutron-api.service[104264]: DEBUG ovsdbapp.backend.ovs_idl [None req-361335b0-9ac9-491a-85df-7f9713c0337e None None] Created schema index HA_Chassis_Group.name {{(pid=104264) autocreate_indices /opt/stack/data/venv/lib/python3.12/site-packages/ovsdbapp/backend/ovs_idl/__init__.py:106}}
Apr 20 19:34:11.546864 np0000168568 devstack@neutron-api.service[104264]: DEBUG ovsdbapp.backend.ovs_idl [None req-361335b0-9ac9-491a-85df-7f9713c0337e None None] Created schema index Address_Set.name {{(pid=104264) autocreate_indices /opt/stack/data/venv/lib/python3.12/site-packages/ovsdbapp/backend/ovs_idl/__init__.py:106}}
Apr 20 19:34:11.546864 np0000168568 devstack@neutron-api.service[104264]: DEBUG ovsdbapp.backend.ovs_idl [None req-361335b0-9ac9-491a-85df-7f9713c0337e None None] Created schema index Connection.target {{(pid=104264) autocreate_indices /opt/stack/data/venv/lib/python3.12/site-packages/ovsdbapp/backend/ovs_idl/__init__.py:106}}
Apr 20 19:34:11.546864 np0000168568 devstack@neutron-api.service[104264]: DEBUG ovsdbapp.backend.ovs_idl [None req-361335b0-9ac9-491a-85df-7f9713c0337e None None] Created schema index Gateway_Chassis.name {{(pid=104264) autocreate_indices /opt/stack/data/venv/lib/python3.12/site-packages/ovsdbapp/backend/ovs_idl/__init__.py:106}}
Apr 20 19:34:11.546864 np0000168568 devstack@neutron-api.service[104264]: DEBUG ovsdbapp.backend.ovs_idl [None req-361335b0-9ac9-491a-85df-7f9713c0337e None None] Created schema index Mirror.name {{(pid=104264) autocreate_indices /opt/stack/data/venv/lib/python3.12/site-packages/ovsdbapp/backend/ovs_idl/__init__.py:106}}
Apr 20 19:34:11.546864 np0000168568 devstack@neutron-api.service[104264]: DEBUG ovsdbapp.backend.ovs_idl [None req-361335b0-9ac9-491a-85df-7f9713c0337e None None] Created schema index Chassis_Template_Var.chassis {{(pid=104264) autocreate_indices /opt/stack/data/venv/lib/python3.12/site-packages/ovsdbapp/backend/ovs_idl/__init__.py:106}}
Apr 20 19:34:11.547305 np0000168568 devstack@neutron-api.service[104264]: DEBUG ovsdbapp.backend.ovs_idl [None req-361335b0-9ac9-491a-85df-7f9713c0337e None None] Created schema index Logical_Router_Port.name {{(pid=104264) autocreate_indices /opt/stack/data/venv/lib/python3.12/site-packages/ovsdbapp/backend/ovs_idl/__init__.py:106}}
Apr 20 19:34:11.547305 np0000168568 devstack@neutron-api.service[104264]: DEBUG ovsdbapp.backend.ovs_idl [None req-361335b0-9ac9-491a-85df-7f9713c0337e None None] Created schema index Port_Group.name {{(pid=104264) autocreate_indices /opt/stack/data/venv/lib/python3.12/site-packages/ovsdbapp/backend/ovs_idl/__init__.py:106}}
Apr 20 19:34:11.547305 np0000168568 devstack@neutron-api.service[104264]: DEBUG ovsdbapp.backend.ovs_idl [None req-361335b0-9ac9-491a-85df-7f9713c0337e None None] Created schema index Logical_Switch_Port.name {{(pid=104264) autocreate_indices /opt/stack/data/venv/lib/python3.12/site-packages/ovsdbapp/backend/ovs_idl/__init__.py:106}}
Apr 20 19:34:11.547305 np0000168568 devstack@neutron-api.service[104264]: INFO ovsdbapp.backend.ovs_idl.vlog [None req-361335b0-9ac9-491a-85df-7f9713c0337e None None] ssl:199.204.45.132:6641: connecting...
Apr 20 19:34:11.547615 np0000168568 devstack@neutron-api.service[104265]: DEBUG neutron_lib.callbacks.manager [None req-da62e80d-41d5-425d-92a3-99bcf5acc500 None None] Publish callbacks ['neutron.plugins.ml2.drivers.ovn.mech_driver.mech_driver.OVNMechanismDriver.pre_fork_initialize-1929625'] for process (None), before_spawn {{(pid=104265) _notify_loop /opt/stack/data/venv/lib/python3.12/site-packages/neutron_lib/callbacks/manager.py:184}}
Apr 20 19:34:11.547615 np0000168568 devstack@neutron-api.service[104265]: DEBUG oslo_concurrency.processutils [None req-da62e80d-41d5-425d-92a3-99bcf5acc500 None None] Running cmd (subprocess): ovsdb-client transact ssl:199.204.45.132:6641 --timeout 180 -p /opt/stack/data/CA/int-ca/private/devstack-cert.key -c /opt/stack/data/CA/int-ca/devstack-cert.crt -C /opt/stack/data/CA/int-ca/ca-chain.pem ["OVN_Northbound", {"op": "wait", "timeout": 0, "table": "Port_Group", "where": [["name", "==", "neutron_pg_drop"]], "until": "==", "rows": []}, {"op": "insert", "table": "ACL", "row": {"action": "drop", "direction": "to-lport", "match": "outport == @neutron_pg_drop && ip", "priority": 1001}, "uuid-name": "droptoport"}, {"op": "insert", "table": "ACL", "row": {"action": "drop", "direction": "from-lport", "match": "inport == @neutron_pg_drop && ip", "priority": 1001}, "uuid-name": "dropfromport"}, {"op": "insert", "table": "Port_Group", "row": {"name": "neutron_pg_drop", "acls": ["set", [["named-uuid", "droptoport"], ["named-uuid", "dropfromport"]]]}}] {{(pid=104265) execute /opt/stack/data/venv/lib/python3.12/site-packages/oslo_concurrency/processutils.py:440}}
Apr 20 19:34:11.553321 np0000168568 devstack@neutron-api.service[104264]: INFO ovsdbapp.backend.ovs_idl.vlog [None req-361335b0-9ac9-491a-85df-7f9713c0337e None None] ssl:199.204.45.132:6641: connected
Apr 20 19:34:11.579914 np0000168568 devstack@neutron-api.service[104263]: DEBUG oslo_concurrency.processutils [None req-d4ee5ae8-8775-4c35-8451-ed5b6d63109e None None] CMD "ovsdb-client transact ssl:199.204.45.132:6641 --timeout 180 -p /opt/stack/data/CA/int-ca/private/devstack-cert.key -c /opt/stack/data/CA/int-ca/devstack-cert.crt -C /opt/stack/data/CA/int-ca/ca-chain.pem ["OVN_Northbound", {"op": "wait", "timeout": 0, "table": "Port_Group", "where": [["name", "==", "neutron_pg_drop"]], "until": "==", "rows": []}, {"op": "insert", "table": "ACL", "row": {"action": "drop", "direction": "to-lport", "match": "outport == @neutron_pg_drop && ip", "priority": 1001}, "uuid-name": "droptoport"}, {"op": "insert", "table": "ACL", "row": {"action": "drop", "direction": "from-lport", "match": "inport == @neutron_pg_drop && ip", "priority": 1001}, "uuid-name": "dropfromport"}, {"op": "insert", "table": "Port_Group", "row": {"name": "neutron_pg_drop", "acls": ["set", [["named-uuid", "droptoport"], ["named-uuid", "dropfromport"]]]}}]" returned: 0 in 0.052s {{(pid=104263) execute /opt/stack/data/venv/lib/python3.12/site-packages/oslo_concurrency/processutils.py:468}}
Apr 20 19:34:11.580728 np0000168568 devstack@neutron-api.service[104263]: DEBUG neutron_lib.callbacks.manager [None req-d4ee5ae8-8775-4c35-8451-ed5b6d63109e None None] Publish callbacks ['neutron.plugins.ml2.drivers.ovn.mech_driver.mech_driver.OVNMechanismDriver.post_fork_initialize-1932879', 'neutron.services.ovn_l3.plugin.OVNL3RouterPlugin._post_fork_initialize-7928079'] for process (None), after_init {{(pid=104263) _notify_loop /opt/stack/data/venv/lib/python3.12/site-packages/neutron_lib/callbacks/manager.py:184}}
Apr 20 19:34:11.581599 np0000168568 devstack@neutron-api.service[104263]: DEBUG oslo_concurrency.lockutils [None req-d4ee5ae8-8775-4c35-8451-ed5b6d63109e None None] Acquiring lock "singleton_lock" {{(pid=104263) lock /opt/stack/data/venv/lib/python3.12/site-packages/oslo_concurrency/lockutils.py:390}}
Apr 20 19:34:11.581928 np0000168568 devstack@neutron-api.service[104263]: DEBUG oslo_concurrency.lockutils [None req-d4ee5ae8-8775-4c35-8451-ed5b6d63109e None None] Acquired lock "singleton_lock" {{(pid=104263) lock /opt/stack/data/venv/lib/python3.12/site-packages/oslo_concurrency/lockutils.py:393}}
Apr 20 19:34:11.582548 np0000168568 devstack@neutron-api.service[104263]: DEBUG oslo_concurrency.lockutils [None req-d4ee5ae8-8775-4c35-8451-ed5b6d63109e None None] Releasing lock "singleton_lock" {{(pid=104263) lock /opt/stack/data/venv/lib/python3.12/site-packages/oslo_concurrency/lockutils.py:413}}
Apr 20 19:34:11.584474 np0000168568 devstack@neutron-api.service[104264]: DEBUG neutron.common.ovn.hash_ring_manager [None req-361335b0-9ac9-491a-85df-7f9713c0337e None None] Disallow caching, nodes 2<4 {{(pid=104264) _wait_startup_before_caching /opt/stack/neutron/neutron/common/ovn/hash_ring_manager.py:72}}
Apr 20 19:34:11.587551 np0000168568 devstack@neutron-api.service[104263]: DEBUG neutron.plugins.ml2.drivers.ovn.mech_driver.mech_driver [None req-d4ee5ae8-8775-4c35-8451-ed5b6d63109e None None] Hash Ring setup using WSGI start time 2026-04-20 19:34:04+00:00 {{(pid=104263) _init_hash_ring /opt/stack/neutron/neutron/plugins/ml2/drivers/ovn/mech_driver/mech_driver.py:402}}
Apr 20 19:34:11.590681 np0000168568 devstack@neutron-api.service[104264]: DEBUG neutron.common.ovn.hash_ring_manager [None req-361335b0-9ac9-491a-85df-7f9713c0337e None None] Hash Ring loaded. 2 active nodes. 0 offline nodes {{(pid=104264) _load_hash_ring /opt/stack/neutron/neutron/common/ovn/hash_ring_manager.py:102}}
Apr 20 19:34:11.593652 np0000168568 devstack@neutron-api.service[104263]: INFO neutron.db.ovn_hash_ring_db [None req-d4ee5ae8-8775-4c35-8451-ed5b6d63109e None None] Nodes from host "np0000168568" and group "mechanism_driver" removed from the Hash Ring created at 2026-04-20 19:34:04+00:00
Apr 20 19:34:11.596180 np0000168568 devstack@neutron-api.service[104263]: INFO neutron.db.ovn_hash_ring_db [None req-d4ee5ae8-8775-4c35-8451-ed5b6d63109e None None] Node 4d404cb1271657e680ab287ce95871bb from host "np0000168568" and group "mechanism_driver" added to the Hash Ring
Apr 20 19:34:11.596212 np0000168568 devstack@neutron-api.service[104264]: DEBUG neutron.common.ovn.hash_ring_manager [None req-361335b0-9ac9-491a-85df-7f9713c0337e None None] Hash Ring loaded. 2 active nodes. 0 offline nodes {{(pid=104264) _load_hash_ring /opt/stack/neutron/neutron/common/ovn/hash_ring_manager.py:102}}
Apr 20 19:34:11.599231 np0000168568 devstack@neutron-api.service[104263]: DEBUG neutron.plugins.ml2.drivers.ovn.mech_driver.mech_driver [None req-d4ee5ae8-8775-4c35-8451-ed5b6d63109e None None] Hash Ring setup, this worker has detected 3 OVN hash ring registers in the database {{(pid=104263) _init_hash_ring /opt/stack/neutron/neutron/plugins/ml2/drivers/ovn/mech_driver/mech_driver.py:412}}
Apr 20 19:34:11.600803 np0000168568 devstack@neutron-api.service[104264]: DEBUG neutron.common.ovn.hash_ring_manager [None req-361335b0-9ac9-491a-85df-7f9713c0337e None None] Hash Ring loaded. 2 active nodes. 0 offline nodes {{(pid=104264) _load_hash_ring /opt/stack/neutron/neutron/common/ovn/hash_ring_manager.py:102}}
Apr 20 19:34:11.603592 np0000168568 devstack@neutron-api.service[104265]: DEBUG oslo_concurrency.processutils [None req-da62e80d-41d5-425d-92a3-99bcf5acc500 None None] CMD "ovsdb-client transact ssl:199.204.45.132:6641 --timeout 180 -p /opt/stack/data/CA/int-ca/private/devstack-cert.key -c /opt/stack/data/CA/int-ca/devstack-cert.crt -C /opt/stack/data/CA/int-ca/ca-chain.pem ["OVN_Northbound", {"op": "wait", "timeout": 0, "table": "Port_Group", "where": [["name", "==", "neutron_pg_drop"]], "until": "==", "rows": []}, {"op": "insert", "table": "ACL", "row": {"action": "drop", "direction": "to-lport", "match": "outport == @neutron_pg_drop && ip", "priority": 1001}, "uuid-name": "droptoport"}, {"op": "insert", "table": "ACL", "row": {"action": "drop", "direction": "from-lport", "match": "inport == @neutron_pg_drop && ip", "priority": 1001}, "uuid-name": "dropfromport"}, {"op": "insert", "table": "Port_Group", "row": {"name": "neutron_pg_drop", "acls": ["set", [["named-uuid", "droptoport"], ["named-uuid", "dropfromport"]]]}}]" returned: 0 in 0.055s {{(pid=104265) execute /opt/stack/data/venv/lib/python3.12/site-packages/oslo_concurrency/processutils.py:468}}
Apr 20 19:34:11.604334 np0000168568 devstack@neutron-api.service[104265]: DEBUG neutron_lib.callbacks.manager [None req-da62e80d-41d5-425d-92a3-99bcf5acc500 None None] Publish callbacks ['neutron.plugins.ml2.drivers.ovn.mech_driver.mech_driver.OVNMechanismDriver.post_fork_initialize-1917557', 'neutron.services.ovn_l3.plugin.OVNL3RouterPlugin._post_fork_initialize-464400'] for process (None), after_init {{(pid=104265) _notify_loop /opt/stack/data/venv/lib/python3.12/site-packages/neutron_lib/callbacks/manager.py:184}}
Apr 20 19:34:11.605312 np0000168568 devstack@neutron-api.service[104265]: DEBUG oslo_concurrency.lockutils [None req-da62e80d-41d5-425d-92a3-99bcf5acc500 None None] Acquiring lock "singleton_lock" {{(pid=104265) lock /opt/stack/data/venv/lib/python3.12/site-packages/oslo_concurrency/lockutils.py:390}}
Apr 20 19:34:11.605555 np0000168568 devstack@neutron-api.service[104265]: DEBUG oslo_concurrency.lockutils [None req-da62e80d-41d5-425d-92a3-99bcf5acc500 None None] Acquired lock "singleton_lock" {{(pid=104265) lock /opt/stack/data/venv/lib/python3.12/site-packages/oslo_concurrency/lockutils.py:393}}
Apr 20 19:34:11.606130 np0000168568 devstack@neutron-api.service[104265]: DEBUG oslo_concurrency.lockutils [None req-da62e80d-41d5-425d-92a3-99bcf5acc500 None None] Releasing lock "singleton_lock" {{(pid=104265) lock /opt/stack/data/venv/lib/python3.12/site-packages/oslo_concurrency/lockutils.py:413}}
Apr 20 19:34:11.606257 np0000168568 devstack@neutron-api.service[104264]: DEBUG neutron.common.ovn.hash_ring_manager [None req-361335b0-9ac9-491a-85df-7f9713c0337e None None] Hash Ring loaded. 2 active nodes. 0 offline nodes {{(pid=104264) _load_hash_ring /opt/stack/neutron/neutron/common/ovn/hash_ring_manager.py:102}}
Apr 20 19:34:11.606433 np0000168568 devstack@neutron-api.service[104264]: DEBUG neutron.plugins.ml2.drivers.ovn.mech_driver.ovsdb.ovsdb_monitor [None req-361335b0-9ac9-491a-85df-7f9713c0337e None None] Hash Ring: Node 5a5d9ce4335951a2b83f7b331f4fe8e1 (host: np0000168568) handling event "create" for row 5e34e66e-4ea5-404b-8e10-db4b7263be93 (table: NB_Global) {{(pid=104264) notify /opt/stack/neutron/neutron/plugins/ml2/drivers/ovn/mech_driver/ovsdb/ovsdb_monitor.py:914}}
Apr 20 19:34:11.607993 np0000168568 devstack@neutron-api.service[104263]: DEBUG neutron.plugins.ml2.drivers.ovn.mech_driver.ovsdb.maintenance [None req-d4ee5ae8-8775-4c35-8451-ed5b6d63109e None None] Periodic task found: HashRingHealthCheckPeriodics.touch_hash_ring_node {{(pid=104263) add_periodics /opt/stack/neutron/neutron/plugins/ml2/drivers/ovn/mech_driver/ovsdb/maintenance.py:148}}
Apr 20 19:34:11.609089 np0000168568 devstack@neutron-api.service[104263]: INFO neutron.plugins.ml2.drivers.ovn.mech_driver.mech_driver [None req-d4ee5ae8-8775-4c35-8451-ed5b6d63109e None None] Hash Ring probing thread for node 4d404cb1271657e680ab287ce95871bb has started
Apr 20 19:34:11.609146 np0000168568 devstack@neutron-api.service[104264]: DEBUG neutron.common.ovn.hash_ring_manager [None req-361335b0-9ac9-491a-85df-7f9713c0337e None None] Disallow caching, nodes 3<4 {{(pid=104264) _wait_startup_before_caching /opt/stack/neutron/neutron/common/ovn/hash_ring_manager.py:72}}
Apr 20 19:34:11.609747 np0000168568 devstack@neutron-api.service[104265]: DEBUG neutron.plugins.ml2.drivers.ovn.mech_driver.mech_driver [None req-da62e80d-41d5-425d-92a3-99bcf5acc500 None None] Hash Ring setup using WSGI start time 2026-04-20 19:34:04+00:00 {{(pid=104265) _init_hash_ring /opt/stack/neutron/neutron/plugins/ml2/drivers/ovn/mech_driver/mech_driver.py:402}}
Apr 20 19:34:11.609906 np0000168568 devstack@neutron-api.service[104263]: INFO neutron.plugins.ml2.drivers.ovn.mech_driver.ovsdb.impl_idl_ovn [None req-d4ee5ae8-8775-4c35-8451-ed5b6d63109e None None] Getting OvsdbNbOvnIdl for WorkerService with retry
Apr 20 19:34:11.613016 np0000168568 devstack@neutron-api.service[104264]: DEBUG neutron.common.ovn.hash_ring_manager [None req-361335b0-9ac9-491a-85df-7f9713c0337e None None] Hash Ring loaded. 3 active nodes. 0 offline nodes {{(pid=104264) _load_hash_ring /opt/stack/neutron/neutron/common/ovn/hash_ring_manager.py:102}}
Apr 20 19:34:11.615508 np0000168568 devstack@neutron-api.service[104265]: INFO neutron.db.ovn_hash_ring_db [None req-da62e80d-41d5-425d-92a3-99bcf5acc500 None None] Nodes from host "np0000168568" and group "mechanism_driver" removed from the Hash Ring created at 2026-04-20 19:34:04+00:00
Apr 20 19:34:11.617970 np0000168568 devstack@neutron-api.service[104265]: INFO neutron.db.ovn_hash_ring_db [None req-da62e80d-41d5-425d-92a3-99bcf5acc500 None None] Node 6e18e9f5732559f78e975c3723fc33aa from host "np0000168568" and group "mechanism_driver" added to the Hash Ring
Apr 20 19:34:11.618308 np0000168568 devstack@neutron-api.service[104264]: DEBUG neutron.common.ovn.hash_ring_manager [None req-361335b0-9ac9-491a-85df-7f9713c0337e None None] Hash Ring loaded. 3 active nodes. 0 offline nodes {{(pid=104264) _load_hash_ring /opt/stack/neutron/neutron/common/ovn/hash_ring_manager.py:102}}
Apr 20 19:34:11.619695 np0000168568 devstack@neutron-api.service[104264]: INFO neutron.plugins.ml2.drivers.ovn.mech_driver.ovsdb.impl_idl_ovn [None req-361335b0-9ac9-491a-85df-7f9713c0337e None None] Getting OvsdbSbOvnIdl for WorkerService with retry
Apr 20 19:34:11.621170 np0000168568 devstack@neutron-api.service[104265]: DEBUG neutron.plugins.ml2.drivers.ovn.mech_driver.mech_driver [None req-da62e80d-41d5-425d-92a3-99bcf5acc500 None None] Hash Ring setup, this worker has detected 4 OVN hash ring registers in the database {{(pid=104265) _init_hash_ring /opt/stack/neutron/neutron/plugins/ml2/drivers/ovn/mech_driver/mech_driver.py:412}}
Apr 20 19:34:11.630487 np0000168568 devstack@neutron-api.service[104265]: DEBUG neutron.plugins.ml2.drivers.ovn.mech_driver.ovsdb.maintenance [None req-da62e80d-41d5-425d-92a3-99bcf5acc500 None None] Periodic task found: HashRingHealthCheckPeriodics.touch_hash_ring_node {{(pid=104265) add_periodics /opt/stack/neutron/neutron/plugins/ml2/drivers/ovn/mech_driver/ovsdb/maintenance.py:148}}
Apr 20 19:34:11.631788 np0000168568 devstack@neutron-api.service[104265]: INFO neutron.plugins.ml2.drivers.ovn.mech_driver.mech_driver [None req-da62e80d-41d5-425d-92a3-99bcf5acc500 None None] Hash Ring probing thread for node 6e18e9f5732559f78e975c3723fc33aa has started
Apr 20 19:34:11.632492 np0000168568 devstack@neutron-api.service[104265]: INFO neutron.plugins.ml2.drivers.ovn.mech_driver.ovsdb.impl_idl_ovn [None req-da62e80d-41d5-425d-92a3-99bcf5acc500 None None] Getting OvsdbNbOvnIdl for WorkerService with retry
Apr 20 19:34:11.650499 np0000168568 devstack@neutron-api.service[104264]: DEBUG ovsdbapp.backend.ovs_idl [None req-361335b0-9ac9-491a-85df-7f9713c0337e None None] Created lookup_table index Chassis.name {{(pid=104264) autocreate_indices /opt/stack/data/venv/lib/python3.12/site-packages/ovsdbapp/backend/ovs_idl/__init__.py:87}}
Apr 20 19:34:11.650606 np0000168568 devstack@neutron-api.service[104264]: DEBUG ovsdbapp.backend.ovs_idl [None req-361335b0-9ac9-491a-85df-7f9713c0337e None None] Created lookup_table index Port_Binding.logical_port {{(pid=104264) autocreate_indices /opt/stack/data/venv/lib/python3.12/site-packages/ovsdbapp/backend/ovs_idl/__init__.py:87}}
Apr 20 19:34:11.650703 np0000168568 devstack@neutron-api.service[104264]: DEBUG ovsdbapp.backend.ovs_idl [None req-361335b0-9ac9-491a-85df-7f9713c0337e None None] Created schema index Chassis_Private.name {{(pid=104264) autocreate_indices /opt/stack/data/venv/lib/python3.12/site-packages/ovsdbapp/backend/ovs_idl/__init__.py:106}}
Apr 20 19:34:11.650820 np0000168568 devstack@neutron-api.service[104264]: DEBUG ovsdbapp.backend.ovs_idl [None req-361335b0-9ac9-491a-85df-7f9713c0337e None None] Created schema index Datapath_Binding.tunnel_key {{(pid=104264) autocreate_indices /opt/stack/data/venv/lib/python3.12/site-packages/ovsdbapp/backend/ovs_idl/__init__.py:106}}
Apr 20 19:34:11.652644 np0000168568 devstack@neutron-api.service[104264]: INFO ovsdbapp.backend.ovs_idl.vlog [None req-361335b0-9ac9-491a-85df-7f9713c0337e None None] ssl:199.204.45.132:6642: connecting...
Apr 20 19:34:11.657653 np0000168568 devstack@neutron-api.service[104264]: INFO ovsdbapp.backend.ovs_idl.vlog [None req-361335b0-9ac9-491a-85df-7f9713c0337e None None] ssl:199.204.45.132:6642: connected
Apr 20 19:34:11.664542 np0000168568 devstack@neutron-api.service[104263]: DEBUG ovsdbapp.backend.ovs_idl [None req-d4ee5ae8-8775-4c35-8451-ed5b6d63109e None None] Created lookup_table index Logical_Switch.name {{(pid=104263) autocreate_indices /opt/stack/data/venv/lib/python3.12/site-packages/ovsdbapp/backend/ovs_idl/__init__.py:87}}
Apr 20 19:34:11.664646 np0000168568 devstack@neutron-api.service[104263]: DEBUG ovsdbapp.backend.ovs_idl [None req-d4ee5ae8-8775-4c35-8451-ed5b6d63109e None None] Created lookup_table index Logical_Router.name {{(pid=104263) autocreate_indices /opt/stack/data/venv/lib/python3.12/site-packages/ovsdbapp/backend/ovs_idl/__init__.py:87}}
Apr 20 19:34:11.664753 np0000168568 devstack@neutron-api.service[104263]: DEBUG ovsdbapp.backend.ovs_idl [None req-d4ee5ae8-8775-4c35-8451-ed5b6d63109e None None] Created lookup_table index Load_Balancer.name {{(pid=104263) autocreate_indices /opt/stack/data/venv/lib/python3.12/site-packages/ovsdbapp/backend/ovs_idl/__init__.py:87}}
Apr 20 19:34:11.664866 np0000168568 devstack@neutron-api.service[104263]: DEBUG ovsdbapp.backend.ovs_idl [None req-d4ee5ae8-8775-4c35-8451-ed5b6d63109e None None] Created schema index Copp.name {{(pid=104263) autocreate_indices /opt/stack/data/venv/lib/python3.12/site-packages/ovsdbapp/backend/ovs_idl/__init__.py:106}}
Apr 20 19:34:11.664958 np0000168568 devstack@neutron-api.service[104263]: DEBUG ovsdbapp.backend.ovs_idl [None req-d4ee5ae8-8775-4c35-8451-ed5b6d63109e None None] Created schema index Meter.name {{(pid=104263) autocreate_indices /opt/stack/data/venv/lib/python3.12/site-packages/ovsdbapp/backend/ovs_idl/__init__.py:106}}
Apr 20 19:34:11.665052 np0000168568 devstack@neutron-api.service[104263]: DEBUG ovsdbapp.backend.ovs_idl [None req-d4ee5ae8-8775-4c35-8451-ed5b6d63109e None None] Created schema index Load_Balancer_Group.name {{(pid=104263) autocreate_indices /opt/stack/data/venv/lib/python3.12/site-packages/ovsdbapp/backend/ovs_idl/__init__.py:106}}
Apr 20 19:34:11.665144 np0000168568 devstack@neutron-api.service[104263]: DEBUG ovsdbapp.backend.ovs_idl [None req-d4ee5ae8-8775-4c35-8451-ed5b6d63109e None None] Created schema index HA_Chassis_Group.name {{(pid=104263) autocreate_indices /opt/stack/data/venv/lib/python3.12/site-packages/ovsdbapp/backend/ovs_idl/__init__.py:106}}
Apr 20 19:34:11.665238 np0000168568 devstack@neutron-api.service[104263]: DEBUG ovsdbapp.backend.ovs_idl [None req-d4ee5ae8-8775-4c35-8451-ed5b6d63109e None None] Created schema index Address_Set.name {{(pid=104263) autocreate_indices /opt/stack/data/venv/lib/python3.12/site-packages/ovsdbapp/backend/ovs_idl/__init__.py:106}}
Apr 20 19:34:11.665345 np0000168568 devstack@neutron-api.service[104263]: DEBUG ovsdbapp.backend.ovs_idl [None req-d4ee5ae8-8775-4c35-8451-ed5b6d63109e None None] Created schema index Connection.target {{(pid=104263) autocreate_indices /opt/stack/data/venv/lib/python3.12/site-packages/ovsdbapp/backend/ovs_idl/__init__.py:106}}
Apr 20 19:34:11.665471 np0000168568 devstack@neutron-api.service[104263]: DEBUG ovsdbapp.backend.ovs_idl [None req-d4ee5ae8-8775-4c35-8451-ed5b6d63109e None None] Created schema index Gateway_Chassis.name {{(pid=104263) autocreate_indices /opt/stack/data/venv/lib/python3.12/site-packages/ovsdbapp/backend/ovs_idl/__init__.py:106}}
Apr 20 19:34:11.665564 np0000168568 devstack@neutron-api.service[104263]: DEBUG ovsdbapp.backend.ovs_idl [None req-d4ee5ae8-8775-4c35-8451-ed5b6d63109e None None] Created schema index Mirror.name {{(pid=104263) autocreate_indices /opt/stack/data/venv/lib/python3.12/site-packages/ovsdbapp/backend/ovs_idl/__init__.py:106}}
Apr 20 19:34:11.665693 np0000168568 devstack@neutron-api.service[104263]: DEBUG ovsdbapp.backend.ovs_idl [None req-d4ee5ae8-8775-4c35-8451-ed5b6d63109e None None] Created schema index Chassis_Template_Var.chassis {{(pid=104263) autocreate_indices /opt/stack/data/venv/lib/python3.12/site-packages/ovsdbapp/backend/ovs_idl/__init__.py:106}}
Apr 20 19:34:11.665784 np0000168568 devstack@neutron-api.service[104263]: DEBUG ovsdbapp.backend.ovs_idl [None req-d4ee5ae8-8775-4c35-8451-ed5b6d63109e None None] Created schema index Logical_Router_Port.name {{(pid=104263) autocreate_indices /opt/stack/data/venv/lib/python3.12/site-packages/ovsdbapp/backend/ovs_idl/__init__.py:106}}
Apr 20 19:34:11.665876 np0000168568 devstack@neutron-api.service[104263]: DEBUG ovsdbapp.backend.ovs_idl [None req-d4ee5ae8-8775-4c35-8451-ed5b6d63109e None None] Created schema index Port_Group.name {{(pid=104263) autocreate_indices /opt/stack/data/venv/lib/python3.12/site-packages/ovsdbapp/backend/ovs_idl/__init__.py:106}}
Apr 20 19:34:11.665972 np0000168568 devstack@neutron-api.service[104263]: DEBUG ovsdbapp.backend.ovs_idl [None req-d4ee5ae8-8775-4c35-8451-ed5b6d63109e None None] Created schema index Logical_Switch_Port.name {{(pid=104263) autocreate_indices /opt/stack/data/venv/lib/python3.12/site-packages/ovsdbapp/backend/ovs_idl/__init__.py:106}}
Apr 20 19:34:11.668508 np0000168568 devstack@neutron-api.service[104263]: INFO ovsdbapp.backend.ovs_idl.vlog [None req-d4ee5ae8-8775-4c35-8451-ed5b6d63109e None None] ssl:199.204.45.132:6641: connecting...
Apr 20 19:34:11.678894 np0000168568 devstack@neutron-api.service[104263]: INFO ovsdbapp.backend.ovs_idl.vlog [None req-d4ee5ae8-8775-4c35-8451-ed5b6d63109e None None] ssl:199.204.45.132:6641: connected
Apr 20 19:34:11.685793 np0000168568 devstack@neutron-api.service[104264]: DEBUG neutron.common.ovn.hash_ring_manager [None req-361335b0-9ac9-491a-85df-7f9713c0337e None None] Allow caching, nodes 4>=4 {{(pid=104264) _wait_startup_before_caching /opt/stack/neutron/neutron/common/ovn/hash_ring_manager.py:65}}
Apr 20 19:34:11.689327 np0000168568 devstack@neutron-api.service[104264]: DEBUG neutron.common.ovn.hash_ring_manager [None req-361335b0-9ac9-491a-85df-7f9713c0337e None None] Hash Ring loaded. 4 active nodes. 0 offline nodes {{(pid=104264) _load_hash_ring /opt/stack/neutron/neutron/common/ovn/hash_ring_manager.py:102}}
Apr 20 19:34:11.689484 np0000168568 devstack@neutron-api.service[104264]: DEBUG neutron.plugins.ml2.drivers.ovn.mech_driver.ovsdb.ovsdb_monitor [None req-361335b0-9ac9-491a-85df-7f9713c0337e None None] Hash Ring: Node 5a5d9ce4335951a2b83f7b331f4fe8e1 (host: np0000168568) handling event "create" for row bbb454d4-b39c-4c62-908e-211e29a2f40e (table: Chassis) {{(pid=104264) notify /opt/stack/neutron/neutron/plugins/ml2/drivers/ovn/mech_driver/ovsdb/ovsdb_monitor.py:914}}
Apr 20 19:34:11.690176 np0000168568 devstack@neutron-api.service[104264]: DEBUG ovsdbapp.backend.ovs_idl.event [None req-361335b0-9ac9-491a-85df-7f9713c0337e None None] Matched CREATE: ChassisBandwidthConfigEvent(events=('create', 'update'), table='Chassis', conditions=None, old_conditions=None), priority=20 to row=Chassis(uuid=bbb454d4-b39c-4c62-908e-211e29a2f40e, encaps=[39ffe8e0-c260-4816-a866-4ab4edf76bbc], external_ids={}, hostname='np0000168568', name='76ccca3d-f873-47a6-9aa0-970cb700f52e', nb_cfg=0, other_config={'ct-commit-nat-v2': 'true', 'ct-commit-to-zone': 'true', 'ct-next-zone': 'true', 'ct-no-masked-label': 'true', 'ct-state-save': 'true', 'datapath-type': 'system', 'fdb-timestamp': 'true', 'iface-types': 'afxdp,afxdp-nonpmd,bareudp,erspan,geneve,gre,gtpu,internal,ip6erspan,ip6gre,lisp,patch,srv6,stt,system,tap,vxlan', 'is-interconn': 'false', 'ls-dpg-column': 'true', 'mac-binding-timestamp': 'true', 'ovn-bridge-mappings': 'public:br-ex', 'ovn-chassis-mac-mappings': '', 'ovn-cms-options': 'enable-chassis-as-gw', 'ovn-ct-lb-related': 'true', 'ovn-enable-lflow-cache': 'true', 'ovn-limit-lflow-cache': '', 'ovn-memlimit-lflow-cache-kb': '', 'ovn-monitor-all': 'false', 'ovn-trim-limit-lflow-cache': '', 'ovn-trim-timeout-ms': '', 'ovn-trim-wmark-perc-lflow-cache': '', 'port-up-notif': 'true'}, transport_zones=[], vtep_logical_switches=[]) old= {{(pid=104264) matches /opt/stack/data/venv/lib/python3.12/site-packages/ovsdbapp/backend/ovs_idl/event.py:55}}
Apr 20 19:34:11.690631 np0000168568 devstack@neutron-api.service[104264]: DEBUG neutron.plugins.ml2.drivers.ovn.mech_driver.ovsdb.ovsdb_monitor [None req-361335b0-9ac9-491a-85df-7f9713c0337e None None] ChassisAgentWriteEvent : Matched Chassis_Private, create, None None {{(pid=104264) matches /opt/stack/neutron/neutron/plugins/ml2/drivers/ovn/mech_driver/ovsdb/ovsdb_monitor.py:64}}
Apr 20 19:34:11.690799 np0000168568 devstack@neutron-api.service[104264]: DEBUG neutron.plugins.ml2.drivers.ovn.mech_driver.ovsdb.ovsdb_monitor [None req-361335b0-9ac9-491a-85df-7f9713c0337e None None] ChassisOVNAgentWriteEvent : Matched Chassis_Private, create, None None {{(pid=104264) matches /opt/stack/neutron/neutron/plugins/ml2/drivers/ovn/mech_driver/ovsdb/ovsdb_monitor.py:64}}
