Apr 02 10:40:31.855698 np0000162864 neutron-periodic-workers[104023]: DEBUG cotyledon.oslo_config_glue [-] ml2.project_network_types = ['geneve'] {{(pid=104023) log_opt_values /opt/stack/data/venv/lib/python3.12/site-packages/oslo_config/cfg.py:3006}}
Apr 02 10:40:31.855761 np0000162864 neutron-periodic-workers[104023]: DEBUG cotyledon.oslo_config_glue [-] ml2.tunnelled_network_rp_name = rp_tunnelled {{(pid=104023) log_opt_values /opt/stack/data/venv/lib/python3.12/site-packages/oslo_config/cfg.py:3006}}
Apr 02 10:40:31.855791 np0000162864 neutron-periodic-workers[104023]: DEBUG cotyledon.oslo_config_glue [-] ml2.type_drivers = ['local', 'flat', 'vlan', 'geneve'] {{(pid=104023) log_opt_values /opt/stack/data/venv/lib/python3.12/site-packages/oslo_config/cfg.py:3006}}
Apr 02 10:40:31.855862 np0000162864 neutron-periodic-workers[104023]: DEBUG cotyledon.oslo_config_glue [-] ml2_type_flat.flat_networks = ['public'] {{(pid=104023) log_opt_values /opt/stack/data/venv/lib/python3.12/site-packages/oslo_config/cfg.py:3006}}
Apr 02 10:40:31.855918 np0000162864 neutron-periodic-workers[104023]: DEBUG cotyledon.oslo_config_glue [-] ml2_type_geneve.max_header_size = 38 {{(pid=104023) log_opt_values /opt/stack/data/venv/lib/python3.12/site-packages/oslo_config/cfg.py:3006}}
Apr 02 10:40:31.855969 np0000162864 neutron-periodic-workers[104023]: DEBUG cotyledon.oslo_config_glue [-] ml2_type_geneve.vni_ranges = ['1:65536'] {{(pid=104023) log_opt_values /opt/stack/data/venv/lib/python3.12/site-packages/oslo_config/cfg.py:3006}}
Apr 02 10:40:31.856036 np0000162864 neutron-periodic-workers[104023]: DEBUG cotyledon.oslo_config_glue [-] ml2_type_vlan.network_vlan_ranges = ['public'] {{(pid=104023) log_opt_values /opt/stack/data/venv/lib/python3.12/site-packages/oslo_config/cfg.py:3006}}
Apr 02 10:40:31.856120 np0000162864 neutron-periodic-workers[104023]: DEBUG cotyledon.oslo_config_glue [-] network_log.burst_limit = 25 {{(pid=104023) log_opt_values /opt/stack/data/venv/lib/python3.12/site-packages/oslo_config/cfg.py:3006}}
Apr 02 10:40:31.856188 np0000162864 neutron-periodic-workers[104023]: DEBUG cotyledon.oslo_config_glue [-] network_log.local_output_log_base = None {{(pid=104023) log_opt_values /opt/stack/data/venv/lib/python3.12/site-packages/oslo_config/cfg.py:3006}}
Apr 02 10:40:31.856240 np0000162864 neutron-periodic-workers[104023]: DEBUG cotyledon.oslo_config_glue [-] network_log.rate_limit = 100 {{(pid=104023) log_opt_values /opt/stack/data/venv/lib/python3.12/site-packages/oslo_config/cfg.py:3006}}
Apr 02 10:40:31.856321 np0000162864 neutron-periodic-workers[104023]: DEBUG cotyledon.oslo_config_glue [-] database.asyncio_connection = **** {{(pid=104023) log_opt_values /opt/stack/data/venv/lib/python3.12/site-packages/oslo_config/cfg.py:3006}}
Apr 02 10:40:31.856399 np0000162864 neutron-periodic-workers[104023]: DEBUG cotyledon.oslo_config_glue [-] database.asyncio_slave_connection = **** {{(pid=104023) log_opt_values /opt/stack/data/venv/lib/python3.12/site-packages/oslo_config/cfg.py:3006}}
Apr 02 10:40:31.856472 np0000162864 neutron-periodic-workers[104023]: DEBUG cotyledon.oslo_config_glue [-] database.backend = sqlalchemy {{(pid=104023) log_opt_values /opt/stack/data/venv/lib/python3.12/site-packages/oslo_config/cfg.py:3006}}
Apr 02 10:40:31.856570 np0000162864 neutron-periodic-workers[104023]: DEBUG cotyledon.oslo_config_glue [-] database.connection = **** {{(pid=104023) log_opt_values /opt/stack/data/venv/lib/python3.12/site-packages/oslo_config/cfg.py:3006}}
Apr 02 10:40:31.856644 np0000162864 neutron-periodic-workers[104023]: DEBUG cotyledon.oslo_config_glue [-] database.connection_debug = 0 {{(pid=104023) log_opt_values /opt/stack/data/venv/lib/python3.12/site-packages/oslo_config/cfg.py:3006}}
Apr 02 10:40:31.856707 np0000162864 neutron-periodic-workers[104023]: DEBUG cotyledon.oslo_config_glue [-] database.connection_parameters = {{(pid=104023) log_opt_values /opt/stack/data/venv/lib/python3.12/site-packages/oslo_config/cfg.py:3006}}
Apr 02 10:40:31.856773 np0000162864 neutron-periodic-workers[104023]: DEBUG cotyledon.oslo_config_glue [-] database.connection_recycle_time = 3600 {{(pid=104023) log_opt_values /opt/stack/data/venv/lib/python3.12/site-packages/oslo_config/cfg.py:3006}}
Apr 02 10:40:31.856773 np0000162864 neutron-periodic-workers[104023]: DEBUG cotyledon.oslo_config_glue [-] database.connection_trace = False {{(pid=104023) log_opt_values /opt/stack/data/venv/lib/python3.12/site-packages/oslo_config/cfg.py:3006}}
Apr 02 10:40:31.856900 np0000162864 neutron-periodic-workers[104023]: DEBUG cotyledon.oslo_config_glue [-] database.db_inc_retry_interval = True {{(pid=104023) log_opt_values /opt/stack/data/venv/lib/python3.12/site-packages/oslo_config/cfg.py:3006}}
Apr 02 10:40:31.856900 np0000162864 neutron-periodic-workers[104023]: DEBUG cotyledon.oslo_config_glue [-] database.db_max_retries = 20 {{(pid=104023) log_opt_values /opt/stack/data/venv/lib/python3.12/site-packages/oslo_config/cfg.py:3006}}
Apr 02 10:40:31.856959 np0000162864 neutron-periodic-workers[104023]: DEBUG cotyledon.oslo_config_glue [-] database.db_max_retry_interval = 10 {{(pid=104023) log_opt_values /opt/stack/data/venv/lib/python3.12/site-packages/oslo_config/cfg.py:3006}}
Apr 02 10:40:31.857061 np0000162864 neutron-periodic-workers[104023]: DEBUG cotyledon.oslo_config_glue [-] database.db_retry_interval = 1 {{(pid=104023) log_opt_values /opt/stack/data/venv/lib/python3.12/site-packages/oslo_config/cfg.py:3006}}
Apr 02 10:40:31.857061 np0000162864 neutron-periodic-workers[104023]: DEBUG cotyledon.oslo_config_glue [-] database.max_overflow = 50 {{(pid=104023) log_opt_values /opt/stack/data/venv/lib/python3.12/site-packages/oslo_config/cfg.py:3006}}
Apr 02 10:40:31.857183 np0000162864 neutron-periodic-workers[104023]: DEBUG cotyledon.oslo_config_glue [-] database.max_pool_size = 5 {{(pid=104023) log_opt_values /opt/stack/data/venv/lib/python3.12/site-packages/oslo_config/cfg.py:3006}}
Apr 02 10:40:31.857183 np0000162864 neutron-periodic-workers[104023]: DEBUG cotyledon.oslo_config_glue [-] database.max_retries = 10 {{(pid=104023) log_opt_values /opt/stack/data/venv/lib/python3.12/site-packages/oslo_config/cfg.py:3006}}
Apr 02 10:40:31.857305 np0000162864 neutron-periodic-workers[104023]: DEBUG cotyledon.oslo_config_glue [-] database.mysql_sql_mode = TRADITIONAL {{(pid=104023) log_opt_values /opt/stack/data/venv/lib/python3.12/site-packages/oslo_config/cfg.py:3006}}
Apr 02 10:40:31.857305 np0000162864 neutron-periodic-workers[104023]: DEBUG cotyledon.oslo_config_glue [-] database.mysql_wsrep_sync_wait = None {{(pid=104023) log_opt_values /opt/stack/data/venv/lib/python3.12/site-packages/oslo_config/cfg.py:3006}}
Apr 02 10:40:31.857413 np0000162864 neutron-periodic-workers[104023]: DEBUG cotyledon.oslo_config_glue [-] database.pool_timeout = None {{(pid=104023) log_opt_values /opt/stack/data/venv/lib/python3.12/site-packages/oslo_config/cfg.py:3006}}
Apr 02 10:40:31.857472 np0000162864 neutron-periodic-workers[104023]: DEBUG cotyledon.oslo_config_glue [-] database.retry_interval = 10 {{(pid=104023) log_opt_values /opt/stack/data/venv/lib/python3.12/site-packages/oslo_config/cfg.py:3006}}
Apr 02 10:40:31.857531 np0000162864 neutron-periodic-workers[104023]: DEBUG cotyledon.oslo_config_glue [-] database.slave_connection = **** {{(pid=104023) log_opt_values /opt/stack/data/venv/lib/python3.12/site-packages/oslo_config/cfg.py:3006}}
Apr 02 10:40:31.857602 np0000162864 neutron-periodic-workers[104023]: DEBUG cotyledon.oslo_config_glue [-] database.sqlite_synchronous = True {{(pid=104023) log_opt_values /opt/stack/data/venv/lib/python3.12/site-packages/oslo_config/cfg.py:3006}}
Apr 02 10:40:31.857668 np0000162864 neutron-periodic-workers[104023]: DEBUG cotyledon.oslo_config_glue [-] database.synchronous_reader = True {{(pid=104023) log_opt_values /opt/stack/data/venv/lib/python3.12/site-packages/oslo_config/cfg.py:3006}}
Apr 02 10:40:31.857668 np0000162864 neutron-periodic-workers[104023]: DEBUG cotyledon.oslo_config_glue [-] database.use_db_reconnect = False {{(pid=104023) log_opt_values /opt/stack/data/venv/lib/python3.12/site-packages/oslo_config/cfg.py:3006}}
Apr 02 10:40:31.857783 np0000162864 neutron-periodic-workers[104023]: DEBUG cotyledon.oslo_config_glue [-] ovn.bfd_min_rx = 1000 {{(pid=104023) log_opt_values /opt/stack/data/venv/lib/python3.12/site-packages/oslo_config/cfg.py:3006}}
Apr 02 10:40:31.857838 np0000162864 neutron-periodic-workers[104023]: DEBUG cotyledon.oslo_config_glue [-] ovn.bfd_min_tx = 100 {{(pid=104023) log_opt_values /opt/stack/data/venv/lib/python3.12/site-packages/oslo_config/cfg.py:3006}}
Apr 02 10:40:31.857864 np0000162864 neutron-periodic-workers[104023]: DEBUG cotyledon.oslo_config_glue [-] ovn.bfd_mult = 3 {{(pid=104023) log_opt_values /opt/stack/data/venv/lib/python3.12/site-packages/oslo_config/cfg.py:3006}}
Apr 02 10:40:31.857959 np0000162864 neutron-periodic-workers[104023]: DEBUG cotyledon.oslo_config_glue [-] ovn.broadcast_arps_to_all_routers = True {{(pid=104023) log_opt_values /opt/stack/data/venv/lib/python3.12/site-packages/oslo_config/cfg.py:3006}}
Apr 02 10:40:31.857995 np0000162864 neutron-periodic-workers[104023]: DEBUG cotyledon.oslo_config_glue [-] ovn.dhcp_default_lease_time = 43200 {{(pid=104023) log_opt_values /opt/stack/data/venv/lib/python3.12/site-packages/oslo_config/cfg.py:3006}}
Apr 02 10:40:31.858023 np0000162864 neutron-periodic-workers[104023]: DEBUG cotyledon.oslo_config_glue [-] ovn.disable_ovn_dhcp_for_baremetal_ports = False {{(pid=104023) log_opt_values /opt/stack/data/venv/lib/python3.12/site-packages/oslo_config/cfg.py:3006}}
Apr 02 10:40:31.858084 np0000162864 neutron-periodic-workers[104023]: DEBUG cotyledon.oslo_config_glue [-] ovn.dns_records_ovn_owned = False {{(pid=104023) log_opt_values /opt/stack/data/venv/lib/python3.12/site-packages/oslo_config/cfg.py:3006}}
Apr 02 10:40:31.858137 np0000162864 neutron-periodic-workers[104023]: DEBUG cotyledon.oslo_config_glue [-] ovn.dns_servers = [] {{(pid=104023) log_opt_values /opt/stack/data/venv/lib/python3.12/site-packages/oslo_config/cfg.py:3006}}
Apr 02 10:40:31.858190 np0000162864 neutron-periodic-workers[104023]: DEBUG cotyledon.oslo_config_glue [-] ovn.enable_distributed_floating_ip = False {{(pid=104023) log_opt_values /opt/stack/data/venv/lib/python3.12/site-packages/oslo_config/cfg.py:3006}}
Apr 02 10:40:31.858244 np0000162864 neutron-periodic-workers[104023]: DEBUG cotyledon.oslo_config_glue [-] ovn.fdb_age_threshold = 300 {{(pid=104023) log_opt_values /opt/stack/data/venv/lib/python3.12/site-packages/oslo_config/cfg.py:3006}}
Apr 02 10:40:31.858299 np0000162864 neutron-periodic-workers[104023]: DEBUG cotyledon.oslo_config_glue [-] ovn.ha_failover_strategy = normal {{(pid=104023) log_opt_values /opt/stack/data/venv/lib/python3.12/site-packages/oslo_config/cfg.py:3006}}
Apr 02 10:40:31.858430 np0000162864 neutron-periodic-workers[104023]: DEBUG cotyledon.oslo_config_glue [-] ovn.live_migration_activation_strategy = rarp {{(pid=104023) log_opt_values /opt/stack/data/venv/lib/python3.12/site-packages/oslo_config/cfg.py:3006}}
Apr 02 10:40:31.858430 np0000162864 neutron-periodic-workers[104023]: DEBUG cotyledon.oslo_config_glue [-] ovn.localnet_learn_fdb = False {{(pid=104023) log_opt_values /opt/stack/data/venv/lib/python3.12/site-packages/oslo_config/cfg.py:3006}}
Apr 02 10:40:31.858577 np0000162864 neutron-periodic-workers[104023]: DEBUG cotyledon.oslo_config_glue [-] ovn.mac_binding_age_threshold = 300 {{(pid=104023) log_opt_values /opt/stack/data/venv/lib/python3.12/site-packages/oslo_config/cfg.py:3006}}
Apr 02 10:40:31.858679 np0000162864 neutron-periodic-workers[104023]: DEBUG cotyledon.oslo_config_glue [-] ovn.neutron_sync_mode = log {{(pid=104023) log_opt_values /opt/stack/data/venv/lib/python3.12/site-packages/oslo_config/cfg.py:3006}}
Apr 02 10:40:31.858679 np0000162864 neutron-periodic-workers[104023]: DEBUG cotyledon.oslo_config_glue [-] ovn.ovn_dhcp4_global_options = {} {{(pid=104023) log_opt_values /opt/stack/data/venv/lib/python3.12/site-packages/oslo_config/cfg.py:3006}}
Apr 02 10:40:31.858780 np0000162864 neutron-periodic-workers[104023]: DEBUG cotyledon.oslo_config_glue [-] ovn.ovn_dhcp6_global_options = {} {{(pid=104023) log_opt_values /opt/stack/data/venv/lib/python3.12/site-packages/oslo_config/cfg.py:3006}}
Apr 02 10:40:31.858780 np0000162864 neutron-periodic-workers[104023]: DEBUG cotyledon.oslo_config_glue [-] ovn.ovn_l3_scheduler = leastloaded {{(pid=104023) log_opt_values /opt/stack/data/venv/lib/python3.12/site-packages/oslo_config/cfg.py:3006}}
Apr 02 10:40:31.858780 np0000162864 neutron-periodic-workers[104023]: DEBUG cotyledon.oslo_config_glue [-] ovn.ovn_metadata_enabled = True {{(pid=104023) log_opt_values /opt/stack/data/venv/lib/python3.12/site-packages/oslo_config/cfg.py:3006}}
Apr 02 10:40:31.858856 np0000162864 neutron-periodic-workers[104023]: DEBUG cotyledon.oslo_config_glue [-] ovn.ovn_nb_ca_cert = /opt/stack/data/CA/int-ca/ca-chain.pem {{(pid=104023) log_opt_values /opt/stack/data/venv/lib/python3.12/site-packages/oslo_config/cfg.py:3006}}
Apr 02 10:40:31.858885 np0000162864 neutron-periodic-workers[104023]: DEBUG cotyledon.oslo_config_glue [-] ovn.ovn_nb_certificate = /opt/stack/data/CA/int-ca/devstack-cert.crt {{(pid=104023) log_opt_values /opt/stack/data/venv/lib/python3.12/site-packages/oslo_config/cfg.py:3006}}
Apr 02 10:40:31.858929 np0000162864 neutron-periodic-workers[104023]: DEBUG cotyledon.oslo_config_glue [-] ovn.ovn_nb_connection = ['ssl:199.204.45.38:6641'] {{(pid=104023) log_opt_values /opt/stack/data/venv/lib/python3.12/site-packages/oslo_config/cfg.py:3006}}
Apr 02 10:40:31.858982 np0000162864 neutron-periodic-workers[104023]: DEBUG cotyledon.oslo_config_glue [-] ovn.ovn_nb_private_key = /opt/stack/data/CA/int-ca/private/devstack-cert.key {{(pid=104023) log_opt_values /opt/stack/data/venv/lib/python3.12/site-packages/oslo_config/cfg.py:3006}}
Apr 02 10:40:31.859026 np0000162864 neutron-periodic-workers[104023]: DEBUG cotyledon.oslo_config_glue [-] ovn.ovn_router_indirect_snat = False {{(pid=104023) log_opt_values /opt/stack/data/venv/lib/python3.12/site-packages/oslo_config/cfg.py:3006}}
Apr 02 10:40:31.859069 np0000162864 neutron-periodic-workers[104023]: DEBUG cotyledon.oslo_config_glue [-] ovn.ovn_sb_ca_cert = /opt/stack/data/CA/int-ca/ca-chain.pem {{(pid=104023) log_opt_values /opt/stack/data/venv/lib/python3.12/site-packages/oslo_config/cfg.py:3006}}
Apr 02 10:40:31.859110 np0000162864 neutron-periodic-workers[104023]: DEBUG cotyledon.oslo_config_glue [-] ovn.ovn_sb_certificate = /opt/stack/data/CA/int-ca/devstack-cert.crt {{(pid=104023) log_opt_values /opt/stack/data/venv/lib/python3.12/site-packages/oslo_config/cfg.py:3006}}
Apr 02 10:40:31.859154 np0000162864 neutron-periodic-workers[104023]: DEBUG cotyledon.oslo_config_glue [-] ovn.ovn_sb_connection = ['ssl:199.204.45.38:6642'] {{(pid=104023) log_opt_values /opt/stack/data/venv/lib/python3.12/site-packages/oslo_config/cfg.py:3006}}
Apr 02 10:40:31.859196 np0000162864 neutron-periodic-workers[104023]: DEBUG cotyledon.oslo_config_glue [-] ovn.ovn_sb_private_key = /opt/stack/data/CA/int-ca/private/devstack-cert.key {{(pid=104023) log_opt_values /opt/stack/data/venv/lib/python3.12/site-packages/oslo_config/cfg.py:3006}}
Apr 02 10:40:31.859239 np0000162864 neutron-periodic-workers[104023]: DEBUG cotyledon.oslo_config_glue [-] ovn.ovs_create_tap = False {{(pid=104023) log_opt_values /opt/stack/data/venv/lib/python3.12/site-packages/oslo_config/cfg.py:3006}}
Apr 02 10:40:31.859281 np0000162864 neutron-periodic-workers[104023]: DEBUG cotyledon.oslo_config_glue [-] ovn.ovsdb_connection_timeout = 180 {{(pid=104023) log_opt_values /opt/stack/data/venv/lib/python3.12/site-packages/oslo_config/cfg.py:3006}}
Apr 02 10:40:31.859325 np0000162864 neutron-periodic-workers[104023]: DEBUG cotyledon.oslo_config_glue [-] ovn.ovsdb_log_level = INFO {{(pid=104023) log_opt_values /opt/stack/data/venv/lib/python3.12/site-packages/oslo_config/cfg.py:3006}}
Apr 02 10:40:31.859397 np0000162864 neutron-periodic-workers[104023]: DEBUG cotyledon.oslo_config_glue [-] ovn.ovsdb_probe_interval = 60000 {{(pid=104023) log_opt_values /opt/stack/data/venv/lib/python3.12/site-packages/oslo_config/cfg.py:3006}}
Apr 02 10:40:31.859450 np0000162864 neutron-periodic-workers[104023]: DEBUG cotyledon.oslo_config_glue [-] ovn.ovsdb_retry_max_interval = 180 {{(pid=104023) log_opt_values /opt/stack/data/venv/lib/python3.12/site-packages/oslo_config/cfg.py:3006}}
Apr 02 10:40:31.859488 np0000162864 neutron-periodic-workers[104023]: DEBUG cotyledon.oslo_config_glue [-] ovn.stateless_nat_enabled = False {{(pid=104023) log_opt_values /opt/stack/data/venv/lib/python3.12/site-packages/oslo_config/cfg.py:3006}}
Apr 02 10:40:31.859542 np0000162864 neutron-periodic-workers[104023]: DEBUG cotyledon.oslo_config_glue [-] ovn.vhost_sock_dir = /var/run/openvswitch {{(pid=104023) log_opt_values /opt/stack/data/venv/lib/python3.12/site-packages/oslo_config/cfg.py:3006}}
Apr 02 10:40:31.859600 np0000162864 neutron-periodic-workers[104023]: DEBUG cotyledon.oslo_config_glue [-] OVS.bridge_mac_table_size = 50000 {{(pid=104023) log_opt_values /opt/stack/data/venv/lib/python3.12/site-packages/oslo_config/cfg.py:3006}}
Apr 02 10:40:31.859650 np0000162864 neutron-periodic-workers[104023]: DEBUG cotyledon.oslo_config_glue [-] OVS.igmp_flood = False {{(pid=104023) log_opt_values /opt/stack/data/venv/lib/python3.12/site-packages/oslo_config/cfg.py:3006}}
Apr 02 10:40:31.859693 np0000162864 neutron-periodic-workers[104023]: DEBUG cotyledon.oslo_config_glue [-] OVS.igmp_flood_reports = True {{(pid=104023) log_opt_values /opt/stack/data/venv/lib/python3.12/site-packages/oslo_config/cfg.py:3006}}
Apr 02 10:40:31.859740 np0000162864 neutron-periodic-workers[104023]: DEBUG cotyledon.oslo_config_glue [-] OVS.igmp_flood_unregistered = False {{(pid=104023) log_opt_values /opt/stack/data/venv/lib/python3.12/site-packages/oslo_config/cfg.py:3006}}
Apr 02 10:40:31.859789 np0000162864 neutron-periodic-workers[104023]: DEBUG cotyledon.oslo_config_glue [-] OVS.igmp_snooping_enable = False {{(pid=104023) log_opt_values /opt/stack/data/venv/lib/python3.12/site-packages/oslo_config/cfg.py:3006}}
Apr 02 10:40:31.859832 np0000162864 neutron-periodic-workers[104023]: DEBUG cotyledon.oslo_config_glue [-] OVS.ovsdb_timeout = 10 {{(pid=104023) log_opt_values /opt/stack/data/venv/lib/python3.12/site-packages/oslo_config/cfg.py:3006}}
Apr 02 10:40:31.859878 np0000162864 neutron-periodic-workers[104023]: DEBUG cotyledon.oslo_config_glue [-] ovn_nb_global.fdb_removal_limit = 0 {{(pid=104023) log_opt_values /opt/stack/data/venv/lib/python3.12/site-packages/oslo_config/cfg.py:3006}}
Apr 02 10:40:31.859927 np0000162864 neutron-periodic-workers[104023]: DEBUG cotyledon.oslo_config_glue [-] ovn_nb_global.ignore_lsp_down = False {{(pid=104023) log_opt_values /opt/stack/data/venv/lib/python3.12/site-packages/oslo_config/cfg.py:3006}}
Apr 02 10:40:31.859976 np0000162864 neutron-periodic-workers[104023]: DEBUG cotyledon.oslo_config_glue [-] ovn_nb_global.mac_binding_removal_limit = 0 {{(pid=104023) log_opt_values /opt/stack/data/venv/lib/python3.12/site-packages/oslo_config/cfg.py:3006}}
Apr 02 10:40:31.860019 np0000162864 neutron-periodic-workers[104023]: DEBUG cotyledon.oslo_config_glue [-] ******************************************************************************** {{(pid=104023) log_opt_values /opt/stack/data/venv/lib/python3.12/site-packages/oslo_config/cfg.py:3013}}
Apr 02 10:40:31.860191 np0000162864 neutron-periodic-workers[104023]: DEBUG cotyledon._service_worker [-] Run service ServiceWrapper(0) [104023] {{(pid=104023) wait_forever /opt/stack/data/venv/lib/python3.12/site-packages/cotyledon/_service_worker.py:218}}
Apr 02 10:40:41.501038 np0000162864 neutron-periodic-workers[103276]: DEBUG dbcounter [-] [103276] Writing DB stats neutron:SELECT=4 {{(pid=103276) stat_writer /opt/stack/data/venv/lib/python3.12/site-packages/dbcounter.py:115}}
Apr 02 10:41:36.804100 np0000162864 neutron-periodic-workers[103984]: DEBUG oslo_db.sqlalchemy.engines [None req-fab805cd-1f52-4550-9242-ec61bcc13538 None None] Parent process 103276 forked (103984) with an open database connection, which is being discarded and recreated. {{(pid=103984) checkout /opt/stack/data/venv/lib/python3.12/site-packages/oslo_db/sqlalchemy/engines.py:402}}
Apr 02 10:41:36.811804 np0000162864 neutron-periodic-workers[103984]: DEBUG dbcounter [-] [103984] Writer thread running {{(pid=103984) stat_writer /opt/stack/data/venv/lib/python3.12/site-packages/dbcounter.py:102}}
Apr 02 10:41:36.822604 np0000162864 neutron-periodic-workers[103984]: DEBUG oslo.service.backend._threading.loopingcall [None req-fab805cd-1f52-4550-9242-ec61bcc13538 None None] Fixed interval looping call 'neutron.plugins.ml2.plugin.DhcpAgentSchedulerDbMixin.remove_networks_from_down_agents' sleeping for 36.98 seconds {{(pid=103984) _run_loop /opt/stack/data/venv/lib/python3.12/site-packages/oslo_service/backend/_threading/loopingcall.py:125}}
Apr 02 10:41:40.830871 np0000162864 neutron-periodic-workers[103995]: DEBUG dbcounter [-] [103995] Writer thread running {{(pid=103995) stat_writer /opt/stack/data/venv/lib/python3.12/site-packages/dbcounter.py:102}}
Apr 02 10:41:40.834020 np0000162864 neutron-periodic-workers[103995]: DEBUG neutron.db.agents_db [None req-39c3fb57-bc38-4b6b-9f95-b8dd50cb9bb3 None None] Agent healthcheck: found 0 active agents {{(pid=103995) agent_health_check /opt/stack/neutron/neutron/db/agents_db.py:317}}
Apr 02 10:41:40.834173 np0000162864 neutron-periodic-workers[103995]: DEBUG oslo.service.backend._threading.loopingcall [None req-39c3fb57-bc38-4b6b-9f95-b8dd50cb9bb3 None None] Fixed interval looping call 'neutron.plugins.ml2.plugin.AgentDbMixin.agent_health_check' sleeping for 36.98 seconds {{(pid=103995) _run_loop /opt/stack/data/venv/lib/python3.12/site-packages/oslo_service/backend/_threading/loopingcall.py:125}}
Apr 02 10:41:46.820940 np0000162864 neutron-periodic-workers[103984]: DEBUG dbcounter [-] [103984] Writing DB stats neutron:SELECT=3 {{(pid=103984) stat_writer /opt/stack/data/venv/lib/python3.12/site-packages/dbcounter.py:115}}
Apr 02 10:41:50.831499 np0000162864 neutron-periodic-workers[103995]: DEBUG dbcounter [-] [103995] Writing DB stats neutron:SELECT=1 {{(pid=103995) stat_writer /opt/stack/data/venv/lib/python3.12/site-packages/dbcounter.py:115}}
Apr 02 10:42:13.814795 np0000162864 neutron-periodic-workers[103984]: DEBUG oslo.service.backend._threading.loopingcall [None req-fab805cd-1f52-4550-9242-ec61bcc13538 None None] Fixed interval looping call 'neutron.plugins.ml2.plugin.DhcpAgentSchedulerDbMixin.remove_networks_from_down_agents' sleeping for 36.99 seconds {{(pid=103984) _run_loop /opt/stack/data/venv/lib/python3.12/site-packages/oslo_service/backend/_threading/loopingcall.py:125}}
Apr 02 10:42:17.820481 np0000162864 neutron-periodic-workers[103995]: DEBUG neutron.db.agents_db [None req-39c3fb57-bc38-4b6b-9f95-b8dd50cb9bb3 None None] Agent healthcheck: found 0 active agents {{(pid=103995) agent_health_check /opt/stack/neutron/neutron/db/agents_db.py:317}}
Apr 02 10:42:17.821027 np0000162864 neutron-periodic-workers[103995]: DEBUG oslo.service.backend._threading.loopingcall [None req-39c3fb57-bc38-4b6b-9f95-b8dd50cb9bb3 None None] Fixed interval looping call 'neutron.plugins.ml2.plugin.AgentDbMixin.agent_health_check' sleeping for 36.99 seconds {{(pid=103995) _run_loop /opt/stack/data/venv/lib/python3.12/site-packages/oslo_service/backend/_threading/loopingcall.py:125}}
Apr 02 10:42:23.813589 np0000162864 neutron-periodic-workers[103984]: DEBUG dbcounter [-] [103984] Writing DB stats neutron:SELECT=3 {{(pid=103984) stat_writer /opt/stack/data/venv/lib/python3.12/site-packages/dbcounter.py:115}}
Apr 02 10:42:27.818496 np0000162864 neutron-periodic-workers[103995]: DEBUG dbcounter [-] [103995] Writing DB stats neutron:SELECT=1 {{(pid=103995) stat_writer /opt/stack/data/venv/lib/python3.12/site-packages/dbcounter.py:115}}
Apr 02 10:42:31.854690 np0000162864 neutron-periodic-workers[104006]: DEBUG dbcounter [-] [104006] Writer thread running {{(pid=104006) stat_writer /opt/stack/data/venv/lib/python3.12/site-packages/dbcounter.py:102}}
Apr 02 10:42:31.856951 np0000162864 neutron-periodic-workers[104006]: DEBUG oslo.service.backend._threading.loopingcall [None req-06024156-6e1b-4925-bffd-b40fee0f6539 None None] Fixed interval looping call 'neutron.db.quota.driver_nolock.DbQuotaNoLockDriver._remove_expired_reservations' sleeping for 119.98 seconds {{(pid=104006) _run_loop /opt/stack/data/venv/lib/python3.12/site-packages/oslo_service/backend/_threading/loopingcall.py:125}}
Apr 02 10:42:41.855608 np0000162864 neutron-periodic-workers[104006]: DEBUG dbcounter [-] [104006] Writing DB stats neutron:DELETE=1 {{(pid=104006) stat_writer /opt/stack/data/venv/lib/python3.12/site-packages/dbcounter.py:115}}
Apr 02 10:42:50.814048 np0000162864 neutron-periodic-workers[103984]: DEBUG oslo.service.backend._threading.loopingcall [None req-fab805cd-1f52-4550-9242-ec61bcc13538 None None] Fixed interval looping call 'neutron.plugins.ml2.plugin.DhcpAgentSchedulerDbMixin.remove_networks_from_down_agents' sleeping for 36.99 seconds {{(pid=103984) _run_loop /opt/stack/data/venv/lib/python3.12/site-packages/oslo_service/backend/_threading/loopingcall.py:125}}
Apr 02 10:42:54.815686 np0000162864 neutron-periodic-workers[103995]: DEBUG neutron.db.agents_db [None req-39c3fb57-bc38-4b6b-9f95-b8dd50cb9bb3 None None] Agent healthcheck: found 0 active agents {{(pid=103995) agent_health_check /opt/stack/neutron/neutron/db/agents_db.py:317}}
Apr 02 10:42:54.816187 np0000162864 neutron-periodic-workers[103995]: DEBUG oslo.service.backend._threading.loopingcall [None req-39c3fb57-bc38-4b6b-9f95-b8dd50cb9bb3 None None] Fixed interval looping call 'neutron.plugins.ml2.plugin.AgentDbMixin.agent_health_check' sleeping for 37.00 seconds {{(pid=103995) _run_loop /opt/stack/data/venv/lib/python3.12/site-packages/oslo_service/backend/_threading/loopingcall.py:125}}
Apr 02 10:43:00.813790 np0000162864 neutron-periodic-workers[103984]: DEBUG dbcounter [-] [103984] Writing DB stats neutron:SELECT=3 {{(pid=103984) stat_writer /opt/stack/data/venv/lib/python3.12/site-packages/dbcounter.py:115}}
Apr 02 10:43:04.814495 np0000162864 neutron-periodic-workers[103995]: DEBUG dbcounter [-] [103995] Writing DB stats neutron:SELECT=1 {{(pid=103995) stat_writer /opt/stack/data/venv/lib/python3.12/site-packages/dbcounter.py:115}}
Apr 02 10:43:27.816246 np0000162864 neutron-periodic-workers[103984]: DEBUG oslo.service.backend._threading.loopingcall [None req-fab805cd-1f52-4550-9242-ec61bcc13538 None None] Fixed interval looping call 'neutron.plugins.ml2.plugin.DhcpAgentSchedulerDbMixin.remove_networks_from_down_agents' sleeping for 36.99 seconds {{(pid=103984) _run_loop /opt/stack/data/venv/lib/python3.12/site-packages/oslo_service/backend/_threading/loopingcall.py:125}}
Apr 02 10:43:31.821094 np0000162864 neutron-periodic-workers[103995]: DEBUG neutron.db.agents_db [None req-39c3fb57-bc38-4b6b-9f95-b8dd50cb9bb3 None None] Agent healthcheck: found 0 active agents {{(pid=103995) agent_health_check /opt/stack/neutron/neutron/db/agents_db.py:317}}
Apr 02 10:43:31.821857 np0000162864 neutron-periodic-workers[103995]: DEBUG oslo.service.backend._threading.loopingcall [None req-39c3fb57-bc38-4b6b-9f95-b8dd50cb9bb3 None None] Fixed interval looping call 'neutron.plugins.ml2.plugin.AgentDbMixin.agent_health_check' sleeping for 37.00 seconds {{(pid=103995) _run_loop /opt/stack/data/venv/lib/python3.12/site-packages/oslo_service/backend/_threading/loopingcall.py:125}}
Apr 02 10:43:37.814591 np0000162864 neutron-periodic-workers[103984]: DEBUG dbcounter [-] [103984] Writing DB stats neutron:SELECT=3 {{(pid=103984) stat_writer /opt/stack/data/venv/lib/python3.12/site-packages/dbcounter.py:115}}
Apr 02 10:43:41.819907 np0000162864 neutron-periodic-workers[103995]: DEBUG dbcounter [-] [103995] Writing DB stats neutron:SELECT=1 {{(pid=103995) stat_writer /opt/stack/data/venv/lib/python3.12/site-packages/dbcounter.py:115}}
Apr 02 10:43:48.911201 np0000162864 neutron-periodic-workers[104023]: DEBUG dbcounter [-] [104023] Writer thread running {{(pid=104023) stat_writer /opt/stack/data/venv/lib/python3.12/site-packages/dbcounter.py:102}}
Apr 02 10:43:48.924519 np0000162864 neutron-periodic-workers[104023]: DEBUG oslo.service.backend._threading.loopingcall [None req-7590676b-4cda-436c-8e88-cdae63fdf041 None None] Fixed interval looping call 'neutron.services.ovn_l3.plugin.L3_NAT_dbonly_mixin._clean_garbage' sleeping for 299.96 seconds {{(pid=104023) _run_loop /opt/stack/data/venv/lib/python3.12/site-packages/oslo_service/backend/_threading/loopingcall.py:125}}
Apr 02 10:43:58.911901 np0000162864 neutron-periodic-workers[104023]: DEBUG dbcounter [-] [104023] Writing DB stats neutron:SELECT=1 {{(pid=104023) stat_writer /opt/stack/data/venv/lib/python3.12/site-packages/dbcounter.py:115}}
Apr 02 10:44:04.818939 np0000162864 neutron-periodic-workers[103984]: DEBUG oslo.service.backend._threading.loopingcall [None req-fab805cd-1f52-4550-9242-ec61bcc13538 None None] Fixed interval looping call 'neutron.plugins.ml2.plugin.DhcpAgentSchedulerDbMixin.remove_networks_from_down_agents' sleeping for 36.99 seconds {{(pid=103984) _run_loop /opt/stack/data/venv/lib/python3.12/site-packages/oslo_service/backend/_threading/loopingcall.py:125}}
Apr 02 10:44:08.826689 np0000162864 neutron-periodic-workers[103995]: DEBUG neutron.db.agents_db [None req-39c3fb57-bc38-4b6b-9f95-b8dd50cb9bb3 None None] Agent healthcheck: found 0 active agents {{(pid=103995) agent_health_check /opt/stack/neutron/neutron/db/agents_db.py:317}}
Apr 02 10:44:08.827184 np0000162864 neutron-periodic-workers[103995]: DEBUG oslo.service.backend._threading.loopingcall [None req-39c3fb57-bc38-4b6b-9f95-b8dd50cb9bb3 None None] Fixed interval looping call 'neutron.plugins.ml2.plugin.AgentDbMixin.agent_health_check' sleeping for 36.99 seconds {{(pid=103995) _run_loop /opt/stack/data/venv/lib/python3.12/site-packages/oslo_service/backend/_threading/loopingcall.py:125}}
Apr 02 10:44:14.817017 np0000162864 neutron-periodic-workers[103984]: DEBUG dbcounter [-] [103984] Writing DB stats neutron:SELECT=3 {{(pid=103984) stat_writer /opt/stack/data/venv/lib/python3.12/site-packages/dbcounter.py:115}}
Apr 02 10:44:18.825031 np0000162864 neutron-periodic-workers[103995]: DEBUG dbcounter [-] [103995] Writing DB stats neutron:SELECT=1 {{(pid=103995) stat_writer /opt/stack/data/venv/lib/python3.12/site-packages/dbcounter.py:115}}
Apr 02 10:44:31.843219 np0000162864 neutron-periodic-workers[104006]: DEBUG oslo.service.backend._threading.loopingcall [None req-06024156-6e1b-4925-bffd-b40fee0f6539 None None] Fixed interval looping call 'neutron.db.quota.driver_nolock.DbQuotaNoLockDriver._remove_expired_reservations' sleeping for 119.99 seconds {{(pid=104006) _run_loop /opt/stack/data/venv/lib/python3.12/site-packages/oslo_service/backend/_threading/loopingcall.py:125}}
Apr 02 10:44:41.818652 np0000162864 neutron-periodic-workers[103984]: DEBUG oslo.service.backend._threading.loopingcall [None req-fab805cd-1f52-4550-9242-ec61bcc13538 None None] Fixed interval looping call 'neutron.plugins.ml2.plugin.DhcpAgentSchedulerDbMixin.remove_networks_from_down_agents' sleeping for 36.99 seconds {{(pid=103984) _run_loop /opt/stack/data/venv/lib/python3.12/site-packages/oslo_service/backend/_threading/loopingcall.py:125}}
Apr 02 10:44:41.841322 np0000162864 neutron-periodic-workers[104006]: DEBUG dbcounter [-] [104006] Writing DB stats neutron:DELETE=1 {{(pid=104006) stat_writer /opt/stack/data/venv/lib/python3.12/site-packages/dbcounter.py:115}}
Apr 02 10:44:45.826833 np0000162864 neutron-periodic-workers[103995]: DEBUG neutron.db.agents_db [None req-39c3fb57-bc38-4b6b-9f95-b8dd50cb9bb3 None None] Agent healthcheck: found 0 active agents {{(pid=103995) agent_health_check /opt/stack/neutron/neutron/db/agents_db.py:317}}
Apr 02 10:44:45.827546 np0000162864 neutron-periodic-workers[103995]: DEBUG oslo.service.backend._threading.loopingcall [None req-39c3fb57-bc38-4b6b-9f95-b8dd50cb9bb3 None None] Fixed interval looping call 'neutron.plugins.ml2.plugin.AgentDbMixin.agent_health_check' sleeping for 36.99 seconds {{(pid=103995) _run_loop /opt/stack/data/venv/lib/python3.12/site-packages/oslo_service/backend/_threading/loopingcall.py:125}}
Apr 02 10:44:51.818145 np0000162864 neutron-periodic-workers[103984]: DEBUG dbcounter [-] [103984] Writing DB stats neutron:SELECT=3 {{(pid=103984) stat_writer /opt/stack/data/venv/lib/python3.12/site-packages/dbcounter.py:115}}
Apr 02 10:44:55.825688 np0000162864 neutron-periodic-workers[103995]: DEBUG dbcounter [-] [103995] Writing DB stats neutron:SELECT=1 {{(pid=103995) stat_writer /opt/stack/data/venv/lib/python3.12/site-packages/dbcounter.py:115}}
Apr 02 10:45:18.816703 np0000162864 neutron-periodic-workers[103984]: DEBUG oslo.service.backend._threading.loopingcall [None req-fab805cd-1f52-4550-9242-ec61bcc13538 None None] Fixed interval looping call 'neutron.plugins.ml2.plugin.DhcpAgentSchedulerDbMixin.remove_networks_from_down_agents' sleeping for 36.99 seconds {{(pid=103984) _run_loop /opt/stack/data/venv/lib/python3.12/site-packages/oslo_service/backend/_threading/loopingcall.py:125}}
Apr 02 10:45:22.824166 np0000162864 neutron-periodic-workers[103995]: DEBUG neutron.db.agents_db [None req-39c3fb57-bc38-4b6b-9f95-b8dd50cb9bb3 None None] Agent healthcheck: found 0 active agents {{(pid=103995) agent_health_check /opt/stack/neutron/neutron/db/agents_db.py:317}}
Apr 02 10:45:22.824876 np0000162864 neutron-periodic-workers[103995]: DEBUG oslo.service.backend._threading.loopingcall [None req-39c3fb57-bc38-4b6b-9f95-b8dd50cb9bb3 None None] Fixed interval looping call 'neutron.plugins.ml2.plugin.AgentDbMixin.agent_health_check' sleeping for 36.99 seconds {{(pid=103995) _run_loop /opt/stack/data/venv/lib/python3.12/site-packages/oslo_service/backend/_threading/loopingcall.py:125}}
Apr 02 10:45:28.815887 np0000162864 neutron-periodic-workers[103984]: DEBUG dbcounter [-] [103984] Writing DB stats neutron:SELECT=3 {{(pid=103984) stat_writer /opt/stack/data/venv/lib/python3.12/site-packages/dbcounter.py:115}}
Apr 02 10:45:32.821755 np0000162864 neutron-periodic-workers[103995]: DEBUG dbcounter [-] [103995] Writing DB stats neutron:SELECT=1 {{(pid=103995) stat_writer /opt/stack/data/venv/lib/python3.12/site-packages/dbcounter.py:115}}
Apr 02 10:45:55.816865 np0000162864 neutron-periodic-workers[103984]: DEBUG oslo.service.backend._threading.loopingcall [None req-fab805cd-1f52-4550-9242-ec61bcc13538 None None] Fixed interval looping call 'neutron.plugins.ml2.plugin.DhcpAgentSchedulerDbMixin.remove_networks_from_down_agents' sleeping for 36.99 seconds {{(pid=103984) _run_loop /opt/stack/data/venv/lib/python3.12/site-packages/oslo_service/backend/_threading/loopingcall.py:125}}
Apr 02 10:45:59.819843 np0000162864 neutron-periodic-workers[103995]: DEBUG neutron.db.agents_db [None req-39c3fb57-bc38-4b6b-9f95-b8dd50cb9bb3 None None] Agent healthcheck: found 0 active agents {{(pid=103995) agent_health_check /opt/stack/neutron/neutron/db/agents_db.py:317}}
Apr 02 10:45:59.820739 np0000162864 neutron-periodic-workers[103995]: DEBUG oslo.service.backend._threading.loopingcall [None req-39c3fb57-bc38-4b6b-9f95-b8dd50cb9bb3 None None] Fixed interval looping call 'neutron.plugins.ml2.plugin.AgentDbMixin.agent_health_check' sleeping for 37.00 seconds {{(pid=103995) _run_loop /opt/stack/data/venv/lib/python3.12/site-packages/oslo_service/backend/_threading/loopingcall.py:125}}
Apr 02 10:46:05.815379 np0000162864 neutron-periodic-workers[103984]: DEBUG dbcounter [-] [103984] Writing DB stats neutron:SELECT=3 {{(pid=103984) stat_writer /opt/stack/data/venv/lib/python3.12/site-packages/dbcounter.py:115}}
Apr 02 10:46:09.819106 np0000162864 neutron-periodic-workers[103995]: DEBUG dbcounter [-] [103995] Writing DB stats neutron:SELECT=1 {{(pid=103995) stat_writer /opt/stack/data/venv/lib/python3.12/site-packages/dbcounter.py:115}}
Apr 02 10:46:31.837333 np0000162864 neutron-periodic-workers[104006]: DEBUG oslo.service.backend._threading.loopingcall [None req-06024156-6e1b-4925-bffd-b40fee0f6539 None None] Fixed interval looping call 'neutron.db.quota.driver_nolock.DbQuotaNoLockDriver._remove_expired_reservations' sleeping for 120.00 seconds {{(pid=104006) _run_loop /opt/stack/data/venv/lib/python3.12/site-packages/oslo_service/backend/_threading/loopingcall.py:125}}
Apr 02 10:46:32.814426 np0000162864 neutron-periodic-workers[103984]: DEBUG oslo.service.backend._threading.loopingcall [None req-fab805cd-1f52-4550-9242-ec61bcc13538 None None] Fixed interval looping call 'neutron.plugins.ml2.plugin.DhcpAgentSchedulerDbMixin.remove_networks_from_down_agents' sleeping for 36.99 seconds {{(pid=103984) _run_loop /opt/stack/data/venv/lib/python3.12/site-packages/oslo_service/backend/_threading/loopingcall.py:125}}
Apr 02 10:46:36.827548 np0000162864 neutron-periodic-workers[103995]: DEBUG neutron.db.agents_db [None req-39c3fb57-bc38-4b6b-9f95-b8dd50cb9bb3 None None] Agent healthcheck: found 0 active agents {{(pid=103995) agent_health_check /opt/stack/neutron/neutron/db/agents_db.py:317}}
Apr 02 10:46:36.827548 np0000162864 neutron-periodic-workers[103995]: DEBUG oslo.service.backend._threading.loopingcall [None req-39c3fb57-bc38-4b6b-9f95-b8dd50cb9bb3 None None] Fixed interval looping call 'neutron.plugins.ml2.plugin.AgentDbMixin.agent_health_check' sleeping for 36.99 seconds {{(pid=103995) _run_loop /opt/stack/data/venv/lib/python3.12/site-packages/oslo_service/backend/_threading/loopingcall.py:125}}
Apr 02 10:46:41.836524 np0000162864 neutron-periodic-workers[104006]: DEBUG dbcounter [-] [104006] Writing DB stats neutron:DELETE=1 {{(pid=104006) stat_writer /opt/stack/data/venv/lib/python3.12/site-packages/dbcounter.py:115}}
Apr 02 10:46:42.813514 np0000162864 neutron-periodic-workers[103984]: DEBUG dbcounter [-] [103984] Writing DB stats neutron:SELECT=3 {{(pid=103984) stat_writer /opt/stack/data/venv/lib/python3.12/site-packages/dbcounter.py:115}}
Apr 02 10:46:46.824268 np0000162864 neutron-periodic-workers[103995]: DEBUG dbcounter [-] [103995] Writing DB stats neutron:SELECT=1 {{(pid=103995) stat_writer /opt/stack/data/venv/lib/python3.12/site-packages/dbcounter.py:115}}
Apr 02 10:47:09.814119 np0000162864 neutron-periodic-workers[103984]: DEBUG oslo.service.backend._threading.loopingcall [None req-fab805cd-1f52-4550-9242-ec61bcc13538 None None] Fixed interval looping call 'neutron.plugins.ml2.plugin.DhcpAgentSchedulerDbMixin.remove_networks_from_down_agents' sleeping for 36.99 seconds {{(pid=103984) _run_loop /opt/stack/data/venv/lib/python3.12/site-packages/oslo_service/backend/_threading/loopingcall.py:125}}
Apr 02 10:47:13.825478 np0000162864 neutron-periodic-workers[103995]: DEBUG neutron.db.agents_db [None req-39c3fb57-bc38-4b6b-9f95-b8dd50cb9bb3 None None] Agent healthcheck: found 0 active agents {{(pid=103995) agent_health_check /opt/stack/neutron/neutron/db/agents_db.py:317}}
Apr 02 10:47:13.826078 np0000162864 neutron-periodic-workers[103995]: DEBUG oslo.service.backend._threading.loopingcall [None req-39c3fb57-bc38-4b6b-9f95-b8dd50cb9bb3 None None] Fixed interval looping call 'neutron.plugins.ml2.plugin.AgentDbMixin.agent_health_check' sleeping for 36.99 seconds {{(pid=103995) _run_loop /opt/stack/data/venv/lib/python3.12/site-packages/oslo_service/backend/_threading/loopingcall.py:125}}
Apr 02 10:47:19.812788 np0000162864 neutron-periodic-workers[103984]: DEBUG dbcounter [-] [103984] Writing DB stats neutron:SELECT=3 {{(pid=103984) stat_writer /opt/stack/data/venv/lib/python3.12/site-packages/dbcounter.py:115}}
Apr 02 10:47:23.824110 np0000162864 neutron-periodic-workers[103995]: DEBUG dbcounter [-] [103995] Writing DB stats neutron:SELECT=1 {{(pid=103995) stat_writer /opt/stack/data/venv/lib/python3.12/site-packages/dbcounter.py:115}}
Apr 02 10:47:46.815056 np0000162864 neutron-periodic-workers[103984]: DEBUG oslo.service.backend._threading.loopingcall [None req-fab805cd-1f52-4550-9242-ec61bcc13538 None None] Fixed interval looping call 'neutron.plugins.ml2.plugin.DhcpAgentSchedulerDbMixin.remove_networks_from_down_agents' sleeping for 36.99 seconds {{(pid=103984) _run_loop /opt/stack/data/venv/lib/python3.12/site-packages/oslo_service/backend/_threading/loopingcall.py:125}}
Apr 02 10:47:50.821069 np0000162864 neutron-periodic-workers[103995]: DEBUG neutron.db.agents_db [None req-39c3fb57-bc38-4b6b-9f95-b8dd50cb9bb3 None None] Agent healthcheck: found 0 active agents {{(pid=103995) agent_health_check /opt/stack/neutron/neutron/db/agents_db.py:317}}
Apr 02 10:47:50.821754 np0000162864 neutron-periodic-workers[103995]: DEBUG oslo.service.backend._threading.loopingcall [None req-39c3fb57-bc38-4b6b-9f95-b8dd50cb9bb3 None None] Fixed interval looping call 'neutron.plugins.ml2.plugin.AgentDbMixin.agent_health_check' sleeping for 36.99 seconds {{(pid=103995) _run_loop /opt/stack/data/venv/lib/python3.12/site-packages/oslo_service/backend/_threading/loopingcall.py:125}}
Apr 02 10:47:56.814679 np0000162864 neutron-periodic-workers[103984]: DEBUG dbcounter [-] [103984] Writing DB stats neutron:SELECT=3 {{(pid=103984) stat_writer /opt/stack/data/venv/lib/python3.12/site-packages/dbcounter.py:115}}
Apr 02 10:48:00.819538 np0000162864 neutron-periodic-workers[103995]: DEBUG dbcounter [-] [103995] Writing DB stats neutron:SELECT=1 {{(pid=103995) stat_writer /opt/stack/data/venv/lib/python3.12/site-packages/dbcounter.py:115}}
Apr 02 10:48:23.814526 np0000162864 neutron-periodic-workers[103984]: DEBUG oslo.service.backend._threading.loopingcall [None req-fab805cd-1f52-4550-9242-ec61bcc13538 None None] Fixed interval looping call 'neutron.plugins.ml2.plugin.DhcpAgentSchedulerDbMixin.remove_networks_from_down_agents' sleeping for 36.99 seconds {{(pid=103984) _run_loop /opt/stack/data/venv/lib/python3.12/site-packages/oslo_service/backend/_threading/loopingcall.py:125}}
Apr 02 10:48:27.817820 np0000162864 neutron-periodic-workers[103995]: DEBUG neutron.db.agents_db [None req-39c3fb57-bc38-4b6b-9f95-b8dd50cb9bb3 None None] Agent healthcheck: found 0 active agents {{(pid=103995) agent_health_check /opt/stack/neutron/neutron/db/agents_db.py:317}}
Apr 02 10:48:27.818557 np0000162864 neutron-periodic-workers[103995]: DEBUG oslo.service.backend._threading.loopingcall [None req-39c3fb57-bc38-4b6b-9f95-b8dd50cb9bb3 None None] Fixed interval looping call 'neutron.plugins.ml2.plugin.AgentDbMixin.agent_health_check' sleeping for 36.99 seconds {{(pid=103995) _run_loop /opt/stack/data/venv/lib/python3.12/site-packages/oslo_service/backend/_threading/loopingcall.py:125}}
Apr 02 10:48:31.844593 np0000162864 neutron-periodic-workers[104006]: DEBUG oslo.service.backend._threading.loopingcall [None req-06024156-6e1b-4925-bffd-b40fee0f6539 None None] Fixed interval looping call 'neutron.db.quota.driver_nolock.DbQuotaNoLockDriver._remove_expired_reservations' sleeping for 119.99 seconds {{(pid=104006) _run_loop /opt/stack/data/venv/lib/python3.12/site-packages/oslo_service/backend/_threading/loopingcall.py:125}}
Apr 02 10:48:33.812441 np0000162864 neutron-periodic-workers[103984]: DEBUG dbcounter [-] [103984] Writing DB stats neutron:SELECT=3 {{(pid=103984) stat_writer /opt/stack/data/venv/lib/python3.12/site-packages/dbcounter.py:115}}
Apr 02 10:48:37.815661 np0000162864 neutron-periodic-workers[103995]: DEBUG dbcounter [-] [103995] Writing DB stats neutron:SELECT=1 {{(pid=103995) stat_writer /opt/stack/data/venv/lib/python3.12/site-packages/dbcounter.py:115}}
Apr 02 10:48:41.843331 np0000162864 neutron-periodic-workers[104006]: DEBUG dbcounter [-] [104006] Writing DB stats neutron:DELETE=1 {{(pid=104006) stat_writer /opt/stack/data/venv/lib/python3.12/site-packages/dbcounter.py:115}}
Apr 02 10:48:48.894957 np0000162864 neutron-periodic-workers[104023]: DEBUG oslo.service.backend._threading.loopingcall [None req-7590676b-4cda-436c-8e88-cdae63fdf041 None None] Fixed interval looping call 'neutron.services.ovn_l3.plugin.L3_NAT_dbonly_mixin._clean_garbage' sleeping for 299.99 seconds {{(pid=104023) _run_loop /opt/stack/data/venv/lib/python3.12/site-packages/oslo_service/backend/_threading/loopingcall.py:125}}
Apr 02 10:48:58.888372 np0000162864 neutron-periodic-workers[104023]: DEBUG dbcounter [-] [104023] Writing DB stats neutron:SELECT=1 {{(pid=104023) stat_writer /opt/stack/data/venv/lib/python3.12/site-packages/dbcounter.py:115}}
Apr 02 10:49:00.814846 np0000162864 neutron-periodic-workers[103984]: DEBUG oslo.service.backend._threading.loopingcall [None req-fab805cd-1f52-4550-9242-ec61bcc13538 None None] Fixed interval looping call 'neutron.plugins.ml2.plugin.DhcpAgentSchedulerDbMixin.remove_networks_from_down_agents' sleeping for 36.99 seconds {{(pid=103984) _run_loop /opt/stack/data/venv/lib/python3.12/site-packages/oslo_service/backend/_threading/loopingcall.py:125}}
Apr 02 10:49:04.813431 np0000162864 neutron-periodic-workers[103995]: DEBUG neutron.db.agents_db [None req-39c3fb57-bc38-4b6b-9f95-b8dd50cb9bb3 None None] Agent healthcheck: found 0 active agents {{(pid=103995) agent_health_check /opt/stack/neutron/neutron/db/agents_db.py:317}}
Apr 02 10:49:04.814158 np0000162864 neutron-periodic-workers[103995]: DEBUG oslo.service.backend._threading.loopingcall [None req-39c3fb57-bc38-4b6b-9f95-b8dd50cb9bb3 None None] Fixed interval looping call 'neutron.plugins.ml2.plugin.AgentDbMixin.agent_health_check' sleeping for 36.99 seconds {{(pid=103995) _run_loop /opt/stack/data/venv/lib/python3.12/site-packages/oslo_service/backend/_threading/loopingcall.py:125}}
Apr 02 10:49:10.813767 np0000162864 neutron-periodic-workers[103984]: DEBUG dbcounter [-] [103984] Writing DB stats neutron:SELECT=3 {{(pid=103984) stat_writer /opt/stack/data/venv/lib/python3.12/site-packages/dbcounter.py:115}}
Apr 02 10:49:14.811747 np0000162864 neutron-periodic-workers[103995]: DEBUG dbcounter [-] [103995] Writing DB stats neutron:SELECT=1 {{(pid=103995) stat_writer /opt/stack/data/venv/lib/python3.12/site-packages/dbcounter.py:115}}
Apr 02 10:49:37.816714 np0000162864 neutron-periodic-workers[103984]: DEBUG oslo.service.backend._threading.loopingcall [None req-fab805cd-1f52-4550-9242-ec61bcc13538 None None] Fixed interval looping call 'neutron.plugins.ml2.plugin.DhcpAgentSchedulerDbMixin.remove_networks_from_down_agents' sleeping for 36.99 seconds {{(pid=103984) _run_loop /opt/stack/data/venv/lib/python3.12/site-packages/oslo_service/backend/_threading/loopingcall.py:125}}
Apr 02 10:49:41.807231 np0000162864 neutron-periodic-workers[103995]: DEBUG neutron.db.agents_db [None req-39c3fb57-bc38-4b6b-9f95-b8dd50cb9bb3 None None] Agent healthcheck: found 0 active agents {{(pid=103995) agent_health_check /opt/stack/neutron/neutron/db/agents_db.py:317}}
Apr 02 10:49:41.807598 np0000162864 neutron-periodic-workers[103995]: DEBUG oslo.service.backend._threading.loopingcall [None req-39c3fb57-bc38-4b6b-9f95-b8dd50cb9bb3 None None] Fixed interval looping call 'neutron.plugins.ml2.plugin.AgentDbMixin.agent_health_check' sleeping for 37.00 seconds {{(pid=103995) _run_loop /opt/stack/data/venv/lib/python3.12/site-packages/oslo_service/backend/_threading/loopingcall.py:125}}
Apr 02 10:49:47.815772 np0000162864 neutron-periodic-workers[103984]: DEBUG dbcounter [-] [103984] Writing DB stats neutron:SELECT=3 {{(pid=103984) stat_writer /opt/stack/data/venv/lib/python3.12/site-packages/dbcounter.py:115}}
Apr 02 10:49:51.806554 np0000162864 neutron-periodic-workers[103995]: DEBUG dbcounter [-] [103995] Writing DB stats neutron:SELECT=1 {{(pid=103995) stat_writer /opt/stack/data/venv/lib/python3.12/site-packages/dbcounter.py:115}}
Apr 02 10:50:14.816535 np0000162864 neutron-periodic-workers[103984]: DEBUG oslo.service.backend._threading.loopingcall [None req-fab805cd-1f52-4550-9242-ec61bcc13538 None None] Fixed interval looping call 'neutron.plugins.ml2.plugin.DhcpAgentSchedulerDbMixin.remove_networks_from_down_agents' sleeping for 36.99 seconds {{(pid=103984) _run_loop /opt/stack/data/venv/lib/python3.12/site-packages/oslo_service/backend/_threading/loopingcall.py:125}}
Apr 02 10:50:18.811540 np0000162864 neutron-periodic-workers[103995]: DEBUG neutron.db.agents_db [None req-39c3fb57-bc38-4b6b-9f95-b8dd50cb9bb3 None None] Agent healthcheck: found 0 active agents {{(pid=103995) agent_health_check /opt/stack/neutron/neutron/db/agents_db.py:317}}
Apr 02 10:50:18.811540 np0000162864 neutron-periodic-workers[103995]: DEBUG oslo.service.backend._threading.loopingcall [None req-39c3fb57-bc38-4b6b-9f95-b8dd50cb9bb3 None None] Fixed interval looping call 'neutron.plugins.ml2.plugin.AgentDbMixin.agent_health_check' sleeping for 37.00 seconds {{(pid=103995) _run_loop /opt/stack/data/venv/lib/python3.12/site-packages/oslo_service/backend/_threading/loopingcall.py:125}}
Apr 02 10:50:24.815186 np0000162864 neutron-periodic-workers[103984]: DEBUG dbcounter [-] [103984] Writing DB stats neutron:SELECT=3 {{(pid=103984) stat_writer /opt/stack/data/venv/lib/python3.12/site-packages/dbcounter.py:115}}
Apr 02 10:50:28.810367 np0000162864 neutron-periodic-workers[103995]: DEBUG dbcounter [-] [103995] Writing DB stats neutron:SELECT=1 {{(pid=103995) stat_writer /opt/stack/data/venv/lib/python3.12/site-packages/dbcounter.py:115}}
Apr 02 10:50:31.839582 np0000162864 neutron-periodic-workers[104006]: DEBUG oslo.service.backend._threading.loopingcall [None req-06024156-6e1b-4925-bffd-b40fee0f6539 None None] Fixed interval looping call 'neutron.db.quota.driver_nolock.DbQuotaNoLockDriver._remove_expired_reservations' sleeping for 120.00 seconds {{(pid=104006) _run_loop /opt/stack/data/venv/lib/python3.12/site-packages/oslo_service/backend/_threading/loopingcall.py:125}}
