Aug 16 23:08:46.203880 np0000189914 devstack@neutron-api.service[101719]: DEBUG neutron.plugins.ml2.plugin [None req-ead734cd-54eb-4a5a-86bd-a9c9629ce0cb None None] Current status of the port fdcee9f2-0471-45cd-9c3b-54576025f02c is: DOWN; New status is: DOWN {{(pid=101719) _update_individual_port_db_status /opt/stack/neutron/neutron/plugins/ml2/plugin.py:2473}}
Aug 16 23:08:46.205314 np0000189914 devstack@neutron-api.service[101719]: DEBUG ovsdbapp.backend.ovs_idl.transaction [None req-1255c1e1-db3d-42a4-87e9-20a1d67bf330 None None] Running txn n=1 command(idx=0): DbRemoveCommand(_result=None, table=Logical_Switch_Port, record=fdcee9f2-0471-45cd-9c3b-54576025f02c, column=external_ids, values=('neutron:host_id',), keyvalues={}, if_exists=True) {{(pid=101719) do_commit /opt/stack/data/venv/lib/python3.12/site-packages/ovsdbapp/backend/ovs_idl/transaction.py:89}}
Aug 16 23:08:46.423969 np0000189914 devstack@neutron-api.service[101717]: INFO neutron.pecan_wsgi.hooks.translation [None req-86fdaca3-4e99-4a44-939d-c00a0abcc1b8 admin admin] GET failed (client error): The resource could not be found.
Aug 16 23:08:46.424544 np0000189914 devstack@neutron-api.service[101717]: [pid: 101717|app: 0|req: 25/94] 199.204.45.156 () {64 vars in 1334 bytes} [Sun Aug 16 23:08:46 2026] GET /networking/v2.0/networks/admin_net => generated 111 bytes in 15 msecs (HTTP/1.1 404) 4 headers in 164 bytes (1 switches on core 0)
Aug 16 23:08:46.473728 np0000189914 devstack@neutron-api.service[101718]: DEBUG neutron.pecan_wsgi.hooks.policy_enforcement [None req-c5682f79-42f9-4b7a-9dc9-ee856c0dd88e admin admin] Attributes excluded by policy engine: ['standard_attr_id'] {{(pid=101718) _exclude_attributes_by_policy /opt/stack/neutron/neutron/pecan_wsgi/hooks/policy_enforcement.py:259}}
Aug 16 23:08:46.474739 np0000189914 devstack@neutron-api.service[101718]: [pid: 101718|app: 0|req: 24/95] 199.204.45.156 () {64 vars in 1346 bytes} [Sun Aug 16 23:08:46 2026] GET /networking/v2.0/networks?name=admin_net => generated 667 bytes in 42 msecs (HTTP/1.1 200) 4 headers in 157 bytes (1 switches on core 0)
Aug 16 23:08:46.703911 np0000189914 devstack@neutron-api.service[101719]: INFO neutron.pecan_wsgi.hooks.translation [None req-54df8112-9c64-4e09-a1e7-2ffd8891c337 admin admin] GET failed (client error): The resource could not be found.
Aug 16 23:08:46.704621 np0000189914 devstack@neutron-api.service[101719]: [pid: 101719|app: 0|req: 24/96] 199.204.45.156 () {64 vars in 1340 bytes} [Sun Aug 16 23:08:46 2026] GET /networking/v2.0/subnets/admin_subnet => generated 112 bytes in 13 msecs (HTTP/1.1 404) 4 headers in 164 bytes (1 switches on core 0)
Aug 16 23:08:46.736562 np0000189914 devstack@neutron-api.service[101720]: [pid: 101720|app: 0|req: 24/97] 199.204.45.156 () {64 vars in 1349 bytes} [Sun Aug 16 23:08:46 2026] GET /networking/v2.0/subnets?name=admin_subnet => generated 14 bytes in 21 msecs (HTTP/1.1 200) 4 headers in 156 bytes (1 switches on core 0)
Aug 16 23:08:47.015368 np0000189914 devstack@neutron-api.service[101717]: DEBUG neutron.pecan_wsgi.hooks.policy_enforcement [None req-28568b8b-ff1f-4f00-ba5a-c280669c2dcf admin admin] Attributes excluded by policy engine: ['standard_attr_id'] {{(pid=101717) _exclude_attributes_by_policy /opt/stack/neutron/neutron/pecan_wsgi/hooks/policy_enforcement.py:259}}
Aug 16 23:08:47.016475 np0000189914 devstack@neutron-api.service[101717]: [pid: 101717|app: 0|req: 26/98] 199.204.45.156 () {64 vars in 1415 bytes} [Sun Aug 16 23:08:46 2026] GET /networking/v2.0/networks/c0f3f5a9-a901-472f-bb7d-904b31e52cbe => generated 664 bytes in 30 msecs (HTTP/1.1 200) 4 headers in 157 bytes (1 switches on core 0)
Aug 16 23:08:47.035428 np0000189914 devstack@neutron-api.service[101718]: DEBUG neutron.api.v2.base [None req-f837e496-800e-4829-a829-9fb4b0e0645f admin admin] Request body: {'subnet': {'name': 'admin_subnet', 'network_id': 'c0f3f5a9-a901-472f-bb7d-904b31e52cbe', 'project_id': '4ef0d58d4e1a4eceaa8688f880d894a1', 'gateway_ip': None, 'ip_version': 4, 'cidr': '10.2.5.0/24'}} {{(pid=101718) prepare_request_body /opt/stack/neutron/neutron/api/v2/base.py:727}}
Aug 16 23:08:47.055914 np0000189914 devstack@neutron-api.service[101718]: DEBUG neutron.pecan_wsgi.hooks.quota_enforcement [None req-f837e496-800e-4829-a829-9fb4b0e0645f admin admin] Made reservation on behalf of 4ef0d58d4e1a4eceaa8688f880d894a1 for: {'subnet': 1} {{(pid=101718) before /opt/stack/neutron/neutron/pecan_wsgi/hooks/quota_enforcement.py:66}}
Aug 16 23:08:47.060615 np0000189914 devstack@neutron-api.service[101718]: DEBUG neutron_lib.callbacks.manager [None req-f837e496-800e-4829-a829-9fb4b0e0645f admin admin] Publish callbacks [] for subnet (None), before_create {{(pid=101718) _notify_loop /opt/stack/data/venv/lib/python3.12/site-packages/neutron_lib/callbacks/manager.py:184}}
Aug 16 23:08:47.124987 np0000189914 devstack@neutron-api.service[101718]: DEBUG neutron.db.ovn_revision_numbers_db [None req-f837e496-800e-4829-a829-9fb4b0e0645f admin admin] create_initial_revision uuid=71437563-3729-434c-a9d8-ad81be78fb53, type=subnets, rev=-1 {{(pid=101718) create_initial_revision /opt/stack/neutron/neutron/db/ovn_revision_numbers_db.py:98}}
Aug 16 23:08:47.132719 np0000189914 devstack@neutron-api.service[101718]: DEBUG neutron_lib.callbacks.manager [None req-f837e496-800e-4829-a829-9fb4b0e0645f admin admin] Publish callbacks ['neutron.plugins.ml2.ovo_rpc._ObjectChangeHandler.handle_event-3113024'] for subnet (71437563-3729-434c-a9d8-ad81be78fb53), after_create {{(pid=101718) _notify_loop /opt/stack/data/venv/lib/python3.12/site-packages/neutron_lib/callbacks/manager.py:184}}
Aug 16 23:08:47.148202 np0000189914 devstack@neutron-api.service[101718]: DEBUG neutron.api.rpc.handlers.resources_rpc [None req-f837e496-800e-4829-a829-9fb4b0e0645f admin admin] Pushing event updated for resources: {'Subnet': ['ID=71437563-3729-434c-a9d8-ad81be78fb53,revision_number=0']} {{(pid=101718) push /opt/stack/neutron/neutron/api/rpc/handlers/resources_rpc.py:237}}
Aug 16 23:08:47.159182 np0000189914 devstack@neutron-api.service[101718]: DEBUG neutron.api.rpc.callbacks.version_manager [None req-f837e496-800e-4829-a829-9fb4b0e0645f admin admin] Tracked resource versions report:
Aug 16 23:08:47.159182 np0000189914 devstack@neutron-api.service[101718]: pushed versions:
Aug 16 23:08:47.159182 np0000189914 devstack@neutron-api.service[101718]: { 'AddressGroup': {'1.2'},
Aug 16 23:08:47.159182 np0000189914 devstack@neutron-api.service[101718]: 'Agent': {'1.1'},
Aug 16 23:08:47.159182 np0000189914 devstack@neutron-api.service[101718]: 'ConntrackHelper': {'1.0'},
Aug 16 23:08:47.159182 np0000189914 devstack@neutron-api.service[101718]: 'LocalIPAssociation': {'1.0'},
Aug 16 23:08:47.159182 np0000189914 devstack@neutron-api.service[101718]: 'Log': {'1.0'},
Aug 16 23:08:47.159182 np0000189914 devstack@neutron-api.service[101718]: 'NDPProxy': {'1.0'},
Aug 16 23:08:47.159182 np0000189914 devstack@neutron-api.service[101718]: 'Network': {'1.3'},
Aug 16 23:08:47.159182 np0000189914 devstack@neutron-api.service[101718]: 'Port': {'1.11'},
Aug 16 23:08:47.159182 np0000189914 devstack@neutron-api.service[101718]: 'PortForwarding': {'1.3'},
Aug 16 23:08:47.159182 np0000189914 devstack@neutron-api.service[101718]: 'QosPolicy': {'1.10'},
Aug 16 23:08:47.159182 np0000189914 devstack@neutron-api.service[101718]: 'SecurityGroup': {'1.6'},
Aug 16 23:08:47.159182 np0000189914 devstack@neutron-api.service[101718]: 'SecurityGroupRule': {'1.3'},
Aug 16 23:08:47.159182 np0000189914 devstack@neutron-api.service[101718]: 'SubPort': {'1.0'},
Aug 16 23:08:47.159182 np0000189914 devstack@neutron-api.service[101718]: 'Subnet': {'1.2'},
Aug 16 23:08:47.159182 np0000189914 devstack@neutron-api.service[101718]: 'Trunk': {'1.1'}}
Aug 16 23:08:47.159182 np0000189914 devstack@neutron-api.service[101718]: consumer versions:
Aug 16 23:08:47.159182 np0000189914 devstack@neutron-api.service[101718]: { OVN Controller Gateway agent@np0000189914: {},
Aug 16 23:08:47.159182 np0000189914 devstack@neutron-api.service[101718]: OVN Neutron agent@np0000189914: {}}
Aug 16 23:08:47.159182 np0000189914 devstack@neutron-api.service[101718]: {{(pid=101718) report /opt/stack/neutron/neutron/api/rpc/callbacks/version_manager.py:183}}
Aug 16 23:08:47.203044 np0000189914 devstack@neutron-api.service[101718]: DEBUG neutron_lib.callbacks.manager [None req-f837e496-800e-4829-a829-9fb4b0e0645f admin admin] Publish callbacks ['neutron.plugins.ml2.plugin.SecurityGroupDbMixin._ensure_default_security_group_handler-510247', 'neutron.services.ovn_l3.plugin.OVNL3RouterPlugin._port_update-8410478917836', 'neutron.db.l3_db.L3_NAT_dbonly_mixin._prevent_internal_ip_change_for_fip-8410480422872'] for port (fdcee9f2-0471-45cd-9c3b-54576025f02c), before_update {{(pid=101718) _notify_loop /opt/stack/data/venv/lib/python3.12/site-packages/neutron_lib/callbacks/manager.py:184}}
Aug 16 23:08:47.288581 np0000189914 devstack@neutron-api.service[101718]: DEBUG neutron.db.db_base_plugin_common [None req-f837e496-800e-4829-a829-9fb4b0e0645f admin admin] Allocated IP 10.2.5.1 (c0f3f5a9-a901-472f-bb7d-904b31e52cbe/71437563-3729-434c-a9d8-ad81be78fb53/fdcee9f2-0471-45cd-9c3b-54576025f02c) {{(pid=101718) _store_ip_allocation /opt/stack/neutron/neutron/db/db_base_plugin_common.py:131}}
Aug 16 23:08:47.350846 np0000189914 devstack@neutron-api.service[101718]: DEBUG neutron_lib.callbacks.manager [None req-f837e496-800e-4829-a829-9fb4b0e0645f admin admin] Publish callbacks [] for port (fdcee9f2-0471-45cd-9c3b-54576025f02c), precommit_update {{(pid=101718) _notify_loop /opt/stack/data/venv/lib/python3.12/site-packages/neutron_lib/callbacks/manager.py:184}}
Aug 16 23:08:47.351011 np0000189914 devstack@neutron-api.service[101718]: DEBUG neutron.plugins.ml2.drivers.ovn.mech_driver.mech_driver [None req-f837e496-800e-4829-a829-9fb4b0e0645f admin admin] No provisioning block for port fdcee9f2-0471-45cd-9c3b-54576025f02c since it does not have a host {{(pid=101718) _is_port_provisioning_required /opt/stack/neutron/neutron/plugins/ml2/drivers/ovn/mech_driver/mech_driver.py:877}}
Aug 16 23:08:47.363041 np0000189914 devstack@neutron-api.service[101718]: DEBUG neutron_lib.callbacks.manager [None req-f837e496-800e-4829-a829-9fb4b0e0645f admin admin] Publish callbacks ['neutron.plugins.ml2.ovo_rpc._ObjectChangeHandler.handle_event-3113044', 'neutron.services.ovn_l3.plugin.OVNL3RouterPlugin._port_update-8410478917836'] for port (fdcee9f2-0471-45cd-9c3b-54576025f02c), after_update {{(pid=101718) _notify_loop /opt/stack/data/venv/lib/python3.12/site-packages/neutron_lib/callbacks/manager.py:184}}
Aug 16 23:08:47.391957 np0000189914 devstack@neutron-api.service[101718]: DEBUG neutron.api.rpc.handlers.resources_rpc [None req-f837e496-800e-4829-a829-9fb4b0e0645f admin admin] Pushing event updated for resources: {'Port': ['ID=fdcee9f2-0471-45cd-9c3b-54576025f02c,revision_number=2']} {{(pid=101718) push /opt/stack/neutron/neutron/api/rpc/handlers/resources_rpc.py:237}}
Aug 16 23:08:47.483243 np0000189914 devstack@neutron-api.service[101718]: DEBUG neutron.plugins.ml2.drivers.ovn.mech_driver.ovsdb.commands [None req-f837e496-800e-4829-a829-9fb4b0e0645f admin admin] Converting tag [] to a tag_request {{(pid=101718) _tag_column_to_tag_request /opt/stack/neutron/neutron/plugins/ml2/drivers/ovn/mech_driver/ovsdb/commands.py:227}}
Aug 16 23:08:47.484762 np0000189914 devstack@neutron-api.service[101718]: DEBUG ovsdbapp.backend.ovs_idl.transaction [None req-c43c07c5-2f80-4b2b-87d4-bbed1f6b4505 None None] Running txn n=1 command(idx=0): CheckRevisionNumberCommand(_result=None, name=fdcee9f2-0471-45cd-9c3b-54576025f02c, resource={'id': 'fdcee9f2-0471-45cd-9c3b-54576025f02c', 'name': '', 'network_id': 'c0f3f5a9-a901-472f-bb7d-904b31e52cbe', 'project_id': '4ef0d58d4e1a4eceaa8688f880d894a1', 'mac_address': 'fa:16:3e:a0:f9:2a', 'admin_state_up': True, 'status': 'DOWN', 'device_id': 'ovnmeta-c0f3f5a9-a901-472f-bb7d-904b31e52cbe', 'device_owner': 'network:distributed', 'standard_attr_id': 44, 'fixed_ips': [{'subnet_id': '71437563-3729-434c-a9d8-ad81be78fb53', 'ip_address': '10.2.5.1'}], 'allowed_address_pairs': [], 'extra_dhcp_opts': [], 'security_groups': [], 'description': '', 'binding:vnic_type': 'normal', 'binding:profile': {}, 'binding:host_id': '', 'binding:vif_type': 'unbound', 'binding:vif_details': {}, 'port_security_enabled': False, 'tags': [], 'created_at': '2026-08-16T23:08:46Z', 'updated_at': '2026-08-16T23:08:47Z', 'revision_number': 2, 'tenant_id': '4ef0d58d4e1a4eceaa8688f880d894a1', 'network': {'id': 'c0f3f5a9-a901-472f-bb7d-904b31e52cbe', 'name': 'admin_net', 'tenant_id': '4ef0d58d4e1a4eceaa8688f880d894a1', 'project_id': '4ef0d58d4e1a4eceaa8688f880d894a1', 'admin_state_up': True, 'mtu': 1372, 'status': 'ACTIVE', 'subnets': ['71437563-3729-434c-a9d8-ad81be78fb53'], 'standard_attr_id': 42, 'shared': False, 'availability_zone_hints': [], 'availability_zones': [], 'ipv4_address_scope': None, 'ipv6_address_scope': None, 'router:external': False, 'qinq': False, 'vlan_transparent': False, 'description': '', 'port_security_enabled': True, 'tags': [], 'created_at': '2026-08-16T23:08:45Z', 'updated_at': '2026-08-16T23:08:47Z', 'revision_number': 2, 'provider:network_type': 'geneve', 'provider:physical_network': None, 'provider:segmentation_id': 46921}}, resource_type=ports, if_exists=True) {{(pid=101718) do_commit /opt/stack/data/venv/lib/python3.12/site-packages/ovsdbapp/backend/ovs_idl/transaction.py:89}}
Aug 16 23:08:47.485523 np0000189914 devstack@neutron-api.service[101718]: DEBUG ovsdbapp.backend.ovs_idl.transaction [None req-c43c07c5-2f80-4b2b-87d4-bbed1f6b4505 None None] Running txn n=1 command(idx=1): AddDHCPOptionsCommand(_result=None, columns={'cidr': '10.2.5.0/24', 'options': {'server_id': '10.2.5.1', 'lease_time': '43200', 'mtu': '1372', 'server_mac': 'fa:16:3e:8a:d2:a9', 'dns_server': '{127.0.0.53}', 'classless_static_route': '{169.254.169.254/32,10.2.5.1}'}, 'external_ids': {'subnet_id': '71437563-3729-434c-a9d8-ad81be78fb53', 'neutron:network_id': 'c0f3f5a9-a901-472f-bb7d-904b31e52cbe', 'neutron:revision_number': '0'}}, may_exist=True, subnet_id=71437563-3729-434c-a9d8-ad81be78fb53, port_id=None, new_insert=False) {{(pid=101718) do_commit /opt/stack/data/venv/lib/python3.12/site-packages/ovsdbapp/backend/ovs_idl/transaction.py:89}}
Aug 16 23:08:47.486105 np0000189914 devstack@neutron-api.service[101718]: DEBUG ovsdbapp.backend.ovs_idl.transaction [None req-c43c07c5-2f80-4b2b-87d4-bbed1f6b4505 None None] Running txn n=1 command(idx=2): SetLSwitchPortCommand(_result=None, lport=fdcee9f2-0471-45cd-9c3b-54576025f02c, external_ids_update=None, columns={'external_ids': {'neutron:port_name': '', 'neutron:device_id': 'ovnmeta-c0f3f5a9-a901-472f-bb7d-904b31e52cbe', 'neutron:project_id': '4ef0d58d4e1a4eceaa8688f880d894a1', 'neutron:cidrs': '10.2.5.1/24', 'neutron:device_owner': 'network:distributed', 'neutron:subnet_pool_addr_scope4': '', 'neutron:subnet_pool_addr_scope6': '', 'neutron:network_name': 'neutron-c0f3f5a9-a901-472f-bb7d-904b31e52cbe', 'neutron:security_group_ids': '', 'neutron:revision_number': '2', 'neutron:vnic_type': 'normal', 'neutron:port_capabilities': '', 'neutron:mtu': '1372'}, 'parent_name': [], 'options': {}, 'enabled': True, 'port_security': [], 'dhcpv4_options': [], 'dhcpv6_options': [], 'type': 'localport', 'addresses': ['fa:16:3e:a0:f9:2a 10.2.5.1'], 'ha_chassis_group': [], 'tag_request': []}, if_exists=False) {{(pid=101718) do_commit /opt/stack/data/venv/lib/python3.12/site-packages/ovsdbapp/backend/ovs_idl/transaction.py:89}}
Aug 16 23:08:47.487550 np0000189914 devstack@neutron-api.service[101718]: DEBUG ovsdbapp.backend.ovs_idl.transaction [None req-c43c07c5-2f80-4b2b-87d4-bbed1f6b4505 None None] Running txn n=1 command(idx=3): PgDelPortCommand(_result=None, port_group=neutron_pg_drop, lsp=['fdcee9f2-0471-45cd-9c3b-54576025f02c'], if_exists=False) {{(pid=101718) do_commit /opt/stack/data/venv/lib/python3.12/site-packages/ovsdbapp/backend/ovs_idl/transaction.py:89}}
Aug 16 23:08:47.498739 np0000189914 devstack@neutron-api.service[101719]: DEBUG neutron.plugins.ml2.drivers.ovn.mech_driver.ovsdb.ovsdb_monitor [None req-1255c1e1-db3d-42a4-87e9-20a1d67bf330 None None] Touching Hash Ring node "21f2906e125c5c9ea884b19d0fc52ac8" from IDL notify handler {{(pid=101719) notify /opt/stack/neutron/neutron/plugins/ml2/drivers/ovn/mech_driver/ovsdb/ovsdb_monitor.py:1091}}
Aug 16 23:08:47.505208 np0000189914 devstack@neutron-api.service[101720]: DEBUG neutron.plugins.ml2.drivers.ovn.mech_driver.ovsdb.ovsdb_monitor [None req-71e280ea-e9e0-42f8-b2ad-7288ab45468e None None] Hash Ring: Node 489f07e1ba825d00addaf994593902db (host: np0000189914) handling event "update" for row 631ff581-ad29-4230-9e05-00dcf99a22c5 (table: Port_Binding) {{(pid=101720) notify /opt/stack/neutron/neutron/plugins/ml2/drivers/ovn/mech_driver/ovsdb/ovsdb_monitor.py:1099}}
Aug 16 23:08:47.509754 np0000189914 devstack@neutron-api.service[101719]: DEBUG neutron.plugins.ml2.drivers.ovn.mech_driver.ovsdb.ovsdb_monitor [None req-1255c1e1-db3d-42a4-87e9-20a1d67bf330 None None] Hash Ring: Node 21f2906e125c5c9ea884b19d0fc52ac8 (host: np0000189914) handling event "create" for row e647aca3-1208-4107-b4cc-a77a24eebf34 (table: DHCP_Options) {{(pid=101719) notify /opt/stack/neutron/neutron/plugins/ml2/drivers/ovn/mech_driver/ovsdb/ovsdb_monitor.py:1099}}
Aug 16 23:08:47.511315 np0000189914 devstack@neutron-api.service[101719]: DEBUG neutron.plugins.ml2.drivers.ovn.mech_driver.ovsdb.ovsdb_monitor [None req-1255c1e1-db3d-42a4-87e9-20a1d67bf330 None None] Touching Hash Ring node "21f2906e125c5c9ea884b19d0fc52ac8" from IDL notify handler {{(pid=101719) notify /opt/stack/neutron/neutron/plugins/ml2/drivers/ovn/mech_driver/ovsdb/ovsdb_monitor.py:1091}}
Aug 16 23:08:47.519583 np0000189914 devstack@neutron-api.service[101719]: DEBUG neutron.plugins.ml2.drivers.ovn.mech_driver.ovsdb.ovsdb_monitor [None req-1255c1e1-db3d-42a4-87e9-20a1d67bf330 None None] Hash Ring: Node 21f2906e125c5c9ea884b19d0fc52ac8 (host: np0000189914) handling event "update" for row 51264fda-5eee-4a23-8e44-ee0b4b9ae798 (table: Logical_Switch_Port) {{(pid=101719) notify /opt/stack/neutron/neutron/plugins/ml2/drivers/ovn/mech_driver/ovsdb/ovsdb_monitor.py:1099}}
Aug 16 23:08:47.538694 np0000189914 devstack@neutron-api.service[101718]: INFO neutron.db.ovn_revision_numbers_db [None req-f837e496-800e-4829-a829-9fb4b0e0645f admin admin] Successfully bumped revision number for resource fdcee9f2-0471-45cd-9c3b-54576025f02c (type: ports) to 2
Aug 16 23:08:47.548691 np0000189914 devstack@neutron-api.service[101718]: DEBUG neutron.plugins.ml2.plugin [None req-f837e496-800e-4829-a829-9fb4b0e0645f admin admin] In _notify_port_updated(), no bound segment for port fdcee9f2-0471-45cd-9c3b-54576025f02c on network c0f3f5a9-a901-472f-bb7d-904b31e52cbe {{(pid=101718) _notify_port_updated /opt/stack/neutron/neutron/plugins/ml2/plugin.py:1041}}
Aug 16 23:08:47.567317 np0000189914 devstack@neutron-api.service[101718]: INFO neutron.db.ovn_revision_numbers_db [None req-f837e496-800e-4829-a829-9fb4b0e0645f admin admin] Successfully bumped revision number for resource 71437563-3729-434c-a9d8-ad81be78fb53 (type: subnets) to 0
Aug 16 23:08:47.569573 np0000189914 devstack@neutron-api.service[101718]: DEBUG neutron.pecan_wsgi.hooks.policy_enforcement [None req-f837e496-800e-4829-a829-9fb4b0e0645f admin admin] Attributes excluded by policy engine: ['standard_attr_id', 'shared', 'network'] {{(pid=101718) _exclude_attributes_by_policy /opt/stack/neutron/neutron/pecan_wsgi/hooks/policy_enforcement.py:259}}
Aug 16 23:08:47.569938 np0000189914 devstack@neutron-api.service[101718]: DEBUG neutron_lib.callbacks.manager [None req-f837e496-800e-4829-a829-9fb4b0e0645f admin admin] Publish callbacks [] for subnet (None), before_response {{(pid=101718) _notify_loop /opt/stack/data/venv/lib/python3.12/site-packages/neutron_lib/callbacks/manager.py:184}}
Aug 16 23:08:47.582575 np0000189914 devstack@neutron-api.service[101718]: [pid: 101718|app: 0|req: 25/99] 199.204.45.156 () {68 vars in 1355 bytes} [Sun Aug 16 23:08:47 2026] POST /networking/v2.0/subnets => generated 625 bytes in 552 msecs (HTTP/1.1 201) 4 headers in 162 bytes (1 switches on core 0)
Aug 16 23:08:47.808784 np0000189914 devstack@neutron-api.service[101719]: INFO neutron.pecan_wsgi.hooks.translation [None req-88f4662f-789d-40fe-98b3-9d0fa712e7cd admin admin] GET failed (client error): The resource could not be found.
Aug 16 23:08:47.809276 np0000189914 devstack@neutron-api.service[101719]: [pid: 101719|app: 0|req: 25/100] 199.204.45.156 () {64 vars in 1340 bytes} [Sun Aug 16 23:08:47 2026] GET /networking/v2.0/subnets/admin_subnet => generated 112 bytes in 15 msecs (HTTP/1.1 404) 4 headers in 164 bytes (1 switches on core 0)
Aug 16 23:08:47.842114 np0000189914 devstack@neutron-api.service[101720]: DEBUG neutron.pecan_wsgi.hooks.policy_enforcement [None req-1d517fab-40e9-4686-b111-f332aec8150c admin admin] Attributes excluded by policy engine: ['standard_attr_id', 'shared'] {{(pid=101720) _exclude_attributes_by_policy /opt/stack/neutron/neutron/pecan_wsgi/hooks/policy_enforcement.py:259}}
Aug 16 23:08:47.843818 np0000189914 devstack@neutron-api.service[101720]: [pid: 101720|app: 0|req: 25/101] 199.204.45.156 () {64 vars in 1349 bytes} [Sun Aug 16 23:08:47 2026] GET /networking/v2.0/subnets?name=admin_subnet => generated 628 bytes in 24 msecs (HTTP/1.1 200) 4 headers in 157 bytes (1 switches on core 0)
Aug 16 23:08:52.625297 np0000189914 devstack@neutron-api.service[101717]: [pid: 101717|app: 0|req: 27/102] 199.204.45.156 () {64 vars in 1369 bytes} [Sun Aug 16 23:08:52 2026] GET /networking/v2.0/ports?device_id=manila-admin-share&binding%3Ahost_id=np0000189914 => generated 12 bytes in 75 msecs (HTTP/1.1 200) 4 headers in 156 bytes (1 switches on core 0)
Aug 16 23:08:52.668569 np0000189914 devstack@neutron-api.service[101718]: DEBUG neutron.api.wsgi [None req-82e302a3-bffe-4e97-9c55-43031fdc7fc5 service manila] Missing Content-Type {{(pid=101718) get_content_type /opt/stack/neutron/neutron/api/wsgi.py:80}}
Aug 16 23:08:52.669237 np0000189914 devstack@neutron-api.service[101718]: DEBUG neutron.api.wsgi [None req-82e302a3-bffe-4e97-9c55-43031fdc7fc5 service manila] https://199.204.45.156/networking/v2.0/extensions returned with HTTP 200 {{(pid=101718) __call__ /opt/stack/neutron/neutron/api/wsgi.py:540}}
Aug 16 23:08:52.669677 np0000189914 devstack@neutron-api.service[101718]: [pid: 101718|app: 0|req: 26/103] 199.204.45.156 () {64 vars in 1265 bytes} [Sun Aug 16 23:08:52 2026] GET /networking/v2.0/extensions => generated 16171 bytes in 7 msecs (HTTP/1.1 200) 4 headers in 159 bytes (1 switches on core 0)
Aug 16 23:08:52.708476 np0000189914 devstack@neutron-api.service[101719]: DEBUG neutron.api.v2.base [None req-ff5b0c36-05f8-4f4f-ba7f-9a440be1572f service manila] Request body: {'port': {'network_id': 'c0f3f5a9-a901-472f-bb7d-904b31e52cbe', 'admin_state_up': True, 'project_id': '4ef0d58d4e1a4eceaa8688f880d894a1', 'port_security_enabled': False, 'binding:host_id': 'np0000189914', 'fixed_ips': [{'subnet_id': '71437563-3729-434c-a9d8-ad81be78fb53'}], 'device_owner': 'manila:share', 'device_id': 'manila-admin-share'}} {{(pid=101719) prepare_request_body /opt/stack/neutron/neutron/api/v2/base.py:727}}
Aug 16 23:08:52.725496 np0000189914 devstack@neutron-api.service[101719]: DEBUG neutron.pecan_wsgi.hooks.quota_enforcement [None req-ff5b0c36-05f8-4f4f-ba7f-9a440be1572f service manila] Made reservation on behalf of 4ef0d58d4e1a4eceaa8688f880d894a1 for: {'port': 1} {{(pid=101719) before /opt/stack/neutron/neutron/pecan_wsgi/hooks/quota_enforcement.py:66}}
Aug 16 23:08:52.730634 np0000189914 devstack@neutron-api.service[101719]: DEBUG neutron_lib.callbacks.manager [None req-ff5b0c36-05f8-4f4f-ba7f-9a440be1572f service manila] Publish callbacks ['neutron.plugins.ml2.plugin.SecurityGroupDbMixin._ensure_default_security_group_handler-207610'] for port (None), before_create {{(pid=101719) _notify_loop /opt/stack/data/venv/lib/python3.12/site-packages/neutron_lib/callbacks/manager.py:184}}
Aug 16 23:08:52.809262 np0000189914 devstack@neutron-api.service[101719]: DEBUG neutron.db.db_base_plugin_common [None req-ff5b0c36-05f8-4f4f-ba7f-9a440be1572f service manila] Allocated IP 10.2.5.85 (c0f3f5a9-a901-472f-bb7d-904b31e52cbe/71437563-3729-434c-a9d8-ad81be78fb53/ffc3ae8d-10ac-48cb-8abc-8d0e2ff6f344) {{(pid=101719) _store_ip_allocation /opt/stack/neutron/neutron/db/db_base_plugin_common.py:131}}
Aug 16 23:08:52.870522 np0000189914 devstack@neutron-api.service[101719]: DEBUG neutron_lib.callbacks.manager [None req-ff5b0c36-05f8-4f4f-ba7f-9a440be1572f service manila] Publish callbacks ['neutron.plugins.ml2.drivers.ovn.mech_driver.mech_driver.OVNMechanismDriver._validate_allowed_address_pairs-2042641'] for allowed_address_pair (ffc3ae8d-10ac-48cb-8abc-8d0e2ff6f344), before_create {{(pid=101719) _notify_loop /opt/stack/data/venv/lib/python3.12/site-packages/neutron_lib/callbacks/manager.py:184}}
Aug 16 23:08:52.872631 np0000189914 devstack@neutron-api.service[101719]: DEBUG neutron_lib.callbacks.manager [None req-ff5b0c36-05f8-4f4f-ba7f-9a440be1572f service manila] Publish callbacks [] for port (ffc3ae8d-10ac-48cb-8abc-8d0e2ff6f344), precommit_create {{(pid=101719) _notify_loop /opt/stack/data/venv/lib/python3.12/site-packages/neutron_lib/callbacks/manager.py:184}}
Aug 16 23:08:52.877029 np0000189914 devstack@neutron-api.service[101719]: DEBUG neutron.db.provisioning_blocks [None req-ff5b0c36-05f8-4f4f-ba7f-9a440be1572f service manila] Transition to ACTIVE for port object ffc3ae8d-10ac-48cb-8abc-8d0e2ff6f344 will not be triggered until provisioned by entity L2. {{(pid=101719) add_provisioning_component /opt/stack/neutron/neutron/db/provisioning_blocks.py:74}}
Aug 16 23:08:52.877174 np0000189914 devstack@neutron-api.service[101719]: DEBUG neutron.db.ovn_revision_numbers_db [None req-ff5b0c36-05f8-4f4f-ba7f-9a440be1572f service manila] create_initial_revision uuid=ffc3ae8d-10ac-48cb-8abc-8d0e2ff6f344, type=ports, rev=-1 {{(pid=101719) create_initial_revision /opt/stack/neutron/neutron/db/ovn_revision_numbers_db.py:98}}
Aug 16 23:08:52.888249 np0000189914 devstack@neutron-api.service[101719]: DEBUG neutron_lib.callbacks.manager [None req-ff5b0c36-05f8-4f4f-ba7f-9a440be1572f service manila] Publish callbacks ['neutron.plugins.ml2.ovo_rpc._ObjectChangeHandler.handle_event-3017811'] for port (ffc3ae8d-10ac-48cb-8abc-8d0e2ff6f344), after_create {{(pid=101719) _notify_loop /opt/stack/data/venv/lib/python3.12/site-packages/neutron_lib/callbacks/manager.py:184}}
Aug 16 23:08:52.912571 np0000189914 devstack@neutron-api.service[101719]: DEBUG neutron.api.rpc.handlers.resources_rpc [None req-ff5b0c36-05f8-4f4f-ba7f-9a440be1572f service manila] Pushing event updated for resources: {'Port': ['ID=ffc3ae8d-10ac-48cb-8abc-8d0e2ff6f344,revision_number=1']} {{(pid=101719) push /opt/stack/neutron/neutron/api/rpc/handlers/resources_rpc.py:237}}
Aug 16 23:08:52.954304 np0000189914 devstack@neutron-api.service[101719]: DEBUG neutron.plugins.ml2.drivers.ovn.mech_driver.ovsdb.commands [None req-ff5b0c36-05f8-4f4f-ba7f-9a440be1572f service manila] Converting tag [] to a tag_request {{(pid=101719) _tag_column_to_tag_request /opt/stack/neutron/neutron/plugins/ml2/drivers/ovn/mech_driver/ovsdb/commands.py:227}}
Aug 16 23:08:52.955613 np0000189914 devstack@neutron-api.service[101719]: DEBUG ovsdbapp.backend.ovs_idl.transaction [None req-1255c1e1-db3d-42a4-87e9-20a1d67bf330 None None] Running txn n=1 command(idx=0): AddLSwitchPortCommand(_result=None, lport=ffc3ae8d-10ac-48cb-8abc-8d0e2ff6f344, lswitch=neutron-c0f3f5a9-a901-472f-bb7d-904b31e52cbe, may_exist=True, network_uuid=c0f3f5a9-a901-472f-bb7d-904b31e52cbe, columns={'addresses': ['fa:16:3e:e6:0c:65 10.2.5.85', 'unknown'], 'external_ids': {'neutron:port_name': '', 'neutron:device_id': 'manila-admin-share', 'neutron:project_id': '4ef0d58d4e1a4eceaa8688f880d894a1', 'neutron:cidrs': '10.2.5.85/24', 'neutron:device_owner': 'manila:share', 'neutron:subnet_pool_addr_scope4': '', 'neutron:subnet_pool_addr_scope6': '', 'neutron:network_name': 'neutron-c0f3f5a9-a901-472f-bb7d-904b31e52cbe', 'neutron:security_group_ids': '', 'neutron:revision_number': '1', 'neutron:vnic_type': 'normal', 'neutron:port_capabilities': '', 'neutron:mtu': ''}, 'parent_name': [], 'enabled': True, 'options': {'requested-chassis': 'np0000189914'}, 'type': '', 'port_security': [], 'dhcpv4_options': [UUID('e647aca3-1208-4107-b4cc-a77a24eebf34')], 'dhcpv6_options': [], 'tag_request': []}) {{(pid=101719) do_commit /opt/stack/data/venv/lib/python3.12/site-packages/ovsdbapp/backend/ovs_idl/transaction.py:89}}
Aug 16 23:08:52.956660 np0000189914 devstack@neutron-api.service[101719]: DEBUG ovsdbapp.backend.ovs_idl.transaction [None req-1255c1e1-db3d-42a4-87e9-20a1d67bf330 None None] Running txn n=1 command(idx=1): QoSDelCommand(_result=None, switch=neutron-c0f3f5a9-a901-472f-bb7d-904b31e52cbe, conditions=[('direction', '=', 'to-lport'), ('priority', '=', 2002), ('match', '=', 'outport == "ffc3ae8d-10ac-48cb-8abc-8d0e2ff6f344"')], if_exists=True) {{(pid=101719) do_commit /opt/stack/data/venv/lib/python3.12/site-packages/ovsdbapp/backend/ovs_idl/transaction.py:89}}
Aug 16 23:08:52.957009 np0000189914 devstack@neutron-api.service[101719]: DEBUG ovsdbapp.backend.ovs_idl.transaction [None req-1255c1e1-db3d-42a4-87e9-20a1d67bf330 None None] Running txn n=1 command(idx=2): QoSDelCommand(_result=None, switch=neutron-c0f3f5a9-a901-472f-bb7d-904b31e52cbe, conditions=[('direction', '=', 'from-lport'), ('priority', '=', 2002), ('match', '=', 'inport == "ffc3ae8d-10ac-48cb-8abc-8d0e2ff6f344"')], if_exists=True) {{(pid=101719) do_commit /opt/stack/data/venv/lib/python3.12/site-packages/ovsdbapp/backend/ovs_idl/transaction.py:89}}
Aug 16 23:08:52.964652 np0000189914 devstack@neutron-api.service[101720]: DEBUG neutron.plugins.ml2.drivers.ovn.mech_driver.ovsdb.ovsdb_monitor [None req-50d36113-ba0f-4c9e-a198-4b6a0ce31c46 None None] Touching Hash Ring node "489f07e1ba825d00addaf994593902db" from IDL notify handler {{(pid=101720) notify /opt/stack/neutron/neutron/plugins/ml2/drivers/ovn/mech_driver/ovsdb/ovsdb_monitor.py:1091}}
Aug 16 23:08:52.975645 np0000189914 devstack@neutron-api.service[101720]: DEBUG neutron.plugins.ml2.drivers.ovn.mech_driver.ovsdb.ovsdb_monitor [None req-71e280ea-e9e0-42f8-b2ad-7288ab45468e None None] Hash Ring: Node 489f07e1ba825d00addaf994593902db (host: np0000189914) handling event "create" for row 8bd33c00-5eb8-44f6-9bb5-d00c7fcf972a (table: Port_Binding) {{(pid=101720) notify /opt/stack/neutron/neutron/plugins/ml2/drivers/ovn/mech_driver/ovsdb/ovsdb_monitor.py:1099}}
Aug 16 23:08:52.977077 np0000189914 devstack@neutron-api.service[101720]: DEBUG neutron.plugins.ml2.drivers.ovn.mech_driver.ovsdb.ovsdb_monitor [None req-50d36113-ba0f-4c9e-a198-4b6a0ce31c46 None None] Hash Ring: Node 489f07e1ba825d00addaf994593902db (host: np0000189914) handling event "update" for row c0f3f5a9-a901-472f-bb7d-904b31e52cbe (table: Logical_Switch) {{(pid=101720) notify /opt/stack/neutron/neutron/plugins/ml2/drivers/ovn/mech_driver/ovsdb/ovsdb_monitor.py:1099}}
Aug 16 23:08:52.977924 np0000189914 devstack@neutron-api.service[101720]: DEBUG neutron.plugins.ml2.drivers.ovn.mech_driver.ovsdb.ovsdb_monitor [None req-50d36113-ba0f-4c9e-a198-4b6a0ce31c46 None None] Touching Hash Ring node "489f07e1ba825d00addaf994593902db" from IDL notify handler {{(pid=101720) notify /opt/stack/neutron/neutron/plugins/ml2/drivers/ovn/mech_driver/ovsdb/ovsdb_monitor.py:1091}}
Aug 16 23:08:52.980635 np0000189914 devstack@neutron-api.service[101720]: DEBUG neutron.plugins.ml2.drivers.ovn.mech_driver.ovsdb.ovsdb_monitor [None req-50d36113-ba0f-4c9e-a198-4b6a0ce31c46 None None] Hash Ring: Node 489f07e1ba825d00addaf994593902db (host: np0000189914) handling event "create" for row 2dfb1c5e-eb1d-4901-9c99-a151cffbe8ad (table: Logical_Switch_Port) {{(pid=101720) notify /opt/stack/neutron/neutron/plugins/ml2/drivers/ovn/mech_driver/ovsdb/ovsdb_monitor.py:1099}}
Aug 16 23:08:52.981991 np0000189914 devstack@neutron-api.service[101720]: DEBUG ovsdbapp.backend.ovs_idl.event [None req-50d36113-ba0f-4c9e-a198-4b6a0ce31c46 None None] Matched CREATE: LogicalSwitchPortCreateEvent(events=('create',), table='Logical_Switch_Port', conditions=[], old_conditions=None), priority=20 to row=Logical_Switch_Port(uuid=2dfb1c5e-eb1d-4901-9c99-a151cffbe8ad, addresses=['fa:16:3e:e6:0c:65 10.2.5.85', 'unknown'], dhcpv4_options=e647aca3-1208-4107-b4cc-a77a24eebf34, dhcpv6_options=[], dynamic_addresses=[], enabled=True, external_ids={'neutron:cidrs': '10.2.5.85/24', 'neutron:device_id': 'manila-admin-share', 'neutron:device_owner': 'manila:share', 'neutron:mtu': '', 'neutron:network_name': 'neutron-c0f3f5a9-a901-472f-bb7d-904b31e52cbe', 'neutron:port_capabilities': '', 'neutron:port_name': '', 'neutron:project_id': '4ef0d58d4e1a4eceaa8688f880d894a1', 'neutron:revision_number': '1', 'neutron:security_group_ids': '', 'neutron:subnet_pool_addr_scope4': '', 'neutron:subnet_pool_addr_scope6': '', 'neutron:vnic_type': 'normal'}, ha_chassis_group=[], mirror_rules=[], name='ffc3ae8d-10ac-48cb-8abc-8d0e2ff6f344', options={'requested-chassis': 'np0000189914'}, parent_name=[], port_security=[], tag=[], tag_request=[], type='', up=[]) old= {{(pid=101720) matches /opt/stack/data/venv/lib/python3.12/site-packages/ovsdbapp/backend/ovs_idl/event.py:55}}
Aug 16 23:08:52.983334 np0000189914 devstack@neutron-api.service[101720]: INFO neutron.plugins.ml2.drivers.ovn.mech_driver.mech_driver [None req-6b1cef53-a6cc-4e3e-8e46-6720679beafd None None] OVN reports status down for port: ffc3ae8d-10ac-48cb-8abc-8d0e2ff6f344
Aug 16 23:08:52.984485 np0000189914 devstack@neutron-api.service[101720]: DEBUG neutron.plugins.ml2.drivers.ovn.mech_driver.ovsdb.ovsdb_monitor [None req-50d36113-ba0f-4c9e-a198-4b6a0ce31c46 None None] Touching Hash Ring node "489f07e1ba825d00addaf994593902db" from IDL notify handler {{(pid=101720) notify /opt/stack/neutron/neutron/plugins/ml2/drivers/ovn/mech_driver/ovsdb/ovsdb_monitor.py:1091}}
Aug 16 23:08:52.986394 np0000189914 devstack@neutron-api.service[101720]: DEBUG neutron.plugins.ml2.drivers.ovn.mech_driver.ovsdb.ovsdb_monitor [None req-50d36113-ba0f-4c9e-a198-4b6a0ce31c46 None None] Hash Ring: Node 489f07e1ba825d00addaf994593902db (host: np0000189914) handling event "update" for row 2dfb1c5e-eb1d-4901-9c99-a151cffbe8ad (table: Logical_Switch_Port) {{(pid=101720) notify /opt/stack/neutron/neutron/plugins/ml2/drivers/ovn/mech_driver/ovsdb/ovsdb_monitor.py:1099}}
Aug 16 23:08:53.001951 np0000189914 devstack@neutron-api.service[101719]: INFO neutron.db.ovn_revision_numbers_db [None req-ff5b0c36-05f8-4f4f-ba7f-9a440be1572f service manila] Successfully bumped revision number for resource ffc3ae8d-10ac-48cb-8abc-8d0e2ff6f344 (type: ports) to 1
Aug 16 23:08:53.012944 np0000189914 devstack@neutron-api.service[101720]: DEBUG neutron.db.provisioning_blocks [None req-6b1cef53-a6cc-4e3e-8e46-6720679beafd None None] Ignored duplicate provisioning block setup for port ffc3ae8d-10ac-48cb-8abc-8d0e2ff6f344 by entity L2. {{(pid=101720) add_provisioning_component /opt/stack/neutron/neutron/db/provisioning_blocks.py:69}}
Aug 16 23:08:53.016853 np0000189914 devstack@neutron-api.service[101719]: DEBUG neutron.plugins.ml2.managers [None req-ff5b0c36-05f8-4f4f-ba7f-9a440be1572f service manila] Attempting to bind port ffc3ae8d-10ac-48cb-8abc-8d0e2ff6f344 on host np0000189914 for vnic_type normal with profile {{(pid=101719) bind_port /opt/stack/neutron/neutron/plugins/ml2/managers.py:865}}
Aug 16 23:08:53.017006 np0000189914 devstack@neutron-api.service[101719]: DEBUG neutron.plugins.ml2.managers [None req-ff5b0c36-05f8-4f4f-ba7f-9a440be1572f service manila] Attempting to bind port ffc3ae8d-10ac-48cb-8abc-8d0e2ff6f344 by drivers ovn on host np0000189914 at level 0 using segments [{'id': 'df1a138f-874e-47b1-9439-44068be22196', 'network_type': 'geneve', 'physical_network': None, 'segmentation_id': 46921, 'network_id': 'c0f3f5a9-a901-472f-bb7d-904b31e52cbe'}] {{(pid=101719) _bind_port_level /opt/stack/neutron/neutron/plugins/ml2/managers.py:890}}
Aug 16 23:08:53.018170 np0000189914 devstack@neutron-api.service[101719]: DEBUG neutron.plugins.ml2.drivers.ovn.mech_driver.mech_driver [None req-ff5b0c36-05f8-4f4f-ba7f-9a440be1572f service manila] Attempting to bind port ffc3ae8d-10ac-48cb-8abc-8d0e2ff6f344 on host np0000189914 for network segment with type geneve, segmentation ID 46921, physical network None {{(pid=101719) bind_port /opt/stack/neutron/neutron/plugins/ml2/drivers/ovn/mech_driver/mech_driver.py:1187}}
Aug 16 23:08:53.018714 np0000189914 devstack@neutron-api.service[101719]: DEBUG neutron.plugins.ml2.managers [None req-ff5b0c36-05f8-4f4f-ba7f-9a440be1572f service manila] Bound port: ffc3ae8d-10ac-48cb-8abc-8d0e2ff6f344, host: np0000189914, vif_type: ovs, vif_details: {"port_filter": true, "connectivity": "l2", "ovs_create_tap": true, "bridge_name": "br-int", "datapath_type": "system"}, binding_levels: [{'bound_driver': 'ovn', 'bound_segment': {'id': 'df1a138f-874e-47b1-9439-44068be22196', 'network_type': 'geneve', 'physical_network': None, 'segmentation_id': 46921, 'network_id': 'c0f3f5a9-a901-472f-bb7d-904b31e52cbe'}}] {{(pid=101719) _bind_port_level /opt/stack/neutron/neutron/plugins/ml2/managers.py:1001}}
Aug 16 23:08:53.018862 np0000189914 devstack@neutron-api.service[101719]: DEBUG neutron_lib.callbacks.manager [None req-ff5b0c36-05f8-4f4f-ba7f-9a440be1572f service manila] Publish callbacks ['neutron.plugins.ml2.plugin.SecurityGroupDbMixin._ensure_default_security_group_handler-207610', 'neutron.services.ovn_l3.plugin.OVNL3RouterPlugin._port_update-8410479376388', 'neutron.db.l3_db.L3_NAT_dbonly_mixin._prevent_internal_ip_change_for_fip-8410480420674'] for port (ffc3ae8d-10ac-48cb-8abc-8d0e2ff6f344), before_update {{(pid=101719) _notify_loop /opt/stack/data/venv/lib/python3.12/site-packages/neutron_lib/callbacks/manager.py:184}}
Aug 16 23:08:53.030690 np0000189914 devstack@neutron-api.service[101720]: DEBUG neutron.plugins.ml2.plugin [None req-6b1cef53-a6cc-4e3e-8e46-6720679beafd None None] Current status of the port ffc3ae8d-10ac-48cb-8abc-8d0e2ff6f344 is: DOWN; New status is: DOWN {{(pid=101720) _update_individual_port_db_status /opt/stack/neutron/neutron/plugins/ml2/plugin.py:2473}}
Aug 16 23:08:53.032164 np0000189914 devstack@neutron-api.service[101720]: DEBUG ovsdbapp.backend.ovs_idl.transaction [None req-50d36113-ba0f-4c9e-a198-4b6a0ce31c46 None None] Running txn n=1 command(idx=0): DbRemoveCommand(_result=None, table=Logical_Switch_Port, record=ffc3ae8d-10ac-48cb-8abc-8d0e2ff6f344, column=external_ids, values=('neutron:host_id',), keyvalues={}, if_exists=True) {{(pid=101720) do_commit /opt/stack/data/venv/lib/python3.12/site-packages/ovsdbapp/backend/ovs_idl/transaction.py:89}}
Aug 16 23:08:53.057714 np0000189914 devstack@neutron-api.service[101719]: DEBUG neutron.plugins.ml2.db [None req-ff5b0c36-05f8-4f4f-ba7f-9a440be1572f service manila] For port ffc3ae8d-10ac-48cb-8abc-8d0e2ff6f344, host np0000189914, cleared binding levels {{(pid=101719) clear_binding_levels /opt/stack/neutron/neutron/plugins/ml2/db.py:87}}
Aug 16 23:08:53.060429 np0000189914 devstack@neutron-api.service[101719]: DEBUG neutron.plugins.ml2.db [None req-ff5b0c36-05f8-4f4f-ba7f-9a440be1572f service manila] For port ffc3ae8d-10ac-48cb-8abc-8d0e2ff6f344, host np0000189914, set binding levels [PortBindingLevel(driver='ovn',host='np0000189914',level=0,port_id=ffc3ae8d-10ac-48cb-8abc-8d0e2ff6f344,segment=NetworkSegment(df1a138f-874e-47b1-9439-44068be22196),segment_id=df1a138f-874e-47b1-9439-44068be22196)] {{(pid=101719) set_binding_levels /opt/stack/neutron/neutron/plugins/ml2/db.py:59}}
Aug 16 23:08:53.061823 np0000189914 devstack@neutron-api.service[101719]: DEBUG neutron.plugins.ml2.drivers.ovn.mech_driver.mech_driver [None req-ff5b0c36-05f8-4f4f-ba7f-9a440be1572f service manila] No provisioning block for port ffc3ae8d-10ac-48cb-8abc-8d0e2ff6f344 since host unchanged {{(pid=101719) _is_port_provisioning_required /opt/stack/neutron/neutron/plugins/ml2/drivers/ovn/mech_driver/mech_driver.py:882}}
Aug 16 23:08:53.067949 np0000189914 devstack@neutron-api.service[101719]: DEBUG neutron_lib.callbacks.manager [None req-ff5b0c36-05f8-4f4f-ba7f-9a440be1572f service manila] Publish callbacks ['neutron.plugins.ml2.ovo_rpc._ObjectChangeHandler.handle_event-3017811', 'neutron.services.ovn_l3.plugin.OVNL3RouterPlugin._port_update-8410479376388'] for port (ffc3ae8d-10ac-48cb-8abc-8d0e2ff6f344), after_update {{(pid=101719) _notify_loop /opt/stack/data/venv/lib/python3.12/site-packages/neutron_lib/callbacks/manager.py:184}}
Aug 16 23:08:53.099814 np0000189914 devstack@neutron-api.service[101719]: DEBUG neutron.api.rpc.handlers.resources_rpc [None req-ff5b0c36-05f8-4f4f-ba7f-9a440be1572f service manila] Pushing event updated for resources: {'Port': ['ID=ffc3ae8d-10ac-48cb-8abc-8d0e2ff6f344,revision_number=3']} {{(pid=101719) push /opt/stack/neutron/neutron/api/rpc/handlers/resources_rpc.py:237}}
Aug 16 23:08:53.127289 np0000189914 devstack@neutron-api.service[101719]: DEBUG neutron.plugins.ml2.drivers.ovn.mech_driver.ovsdb.commands [None req-ff5b0c36-05f8-4f4f-ba7f-9a440be1572f service manila] Converting tag [] to a tag_request {{(pid=101719) _tag_column_to_tag_request /opt/stack/neutron/neutron/plugins/ml2/drivers/ovn/mech_driver/ovsdb/commands.py:227}}
Aug 16 23:08:53.128562 np0000189914 devstack@neutron-api.service[101719]: DEBUG ovsdbapp.backend.ovs_idl.transaction [None req-1255c1e1-db3d-42a4-87e9-20a1d67bf330 None None] Running txn n=1 command(idx=0): CheckRevisionNumberCommand(_result=None, name=ffc3ae8d-10ac-48cb-8abc-8d0e2ff6f344, resource={'id': 'ffc3ae8d-10ac-48cb-8abc-8d0e2ff6f344', 'name': '', 'network_id': 'c0f3f5a9-a901-472f-bb7d-904b31e52cbe', 'project_id': '4ef0d58d4e1a4eceaa8688f880d894a1', 'mac_address': 'fa:16:3e:e6:0c:65', 'admin_state_up': True, 'status': 'DOWN', 'device_id': 'manila-admin-share', 'device_owner': 'manila:share', 'standard_attr_id': 46, 'fixed_ips': [{'subnet_id': '71437563-3729-434c-a9d8-ad81be78fb53', 'ip_address': '10.2.5.85'}], 'allowed_address_pairs': [], 'extra_dhcp_opts': [], 'security_groups': [], 'description': '', 'binding:vnic_type': 'normal', 'binding:profile': {}, 'binding:host_id': 'np0000189914', 'binding:vif_type': 'ovs', 'binding:vif_details': {'port_filter': True, 'connectivity': 'l2', 'ovs_create_tap': True, 'bridge_name': 'br-int', 'datapath_type': 'system', 'bound_drivers': {'0': 'ovn'}}, 'port_security_enabled': False, 'tags': [], 'created_at': '2026-08-16T23:08:52Z', 'updated_at': '2026-08-16T23:08:53Z', 'revision_number': 3, 'tenant_id': '4ef0d58d4e1a4eceaa8688f880d894a1', 'network': {'id': 'c0f3f5a9-a901-472f-bb7d-904b31e52cbe', 'name': 'admin_net', 'tenant_id': '4ef0d58d4e1a4eceaa8688f880d894a1', 'project_id': '4ef0d58d4e1a4eceaa8688f880d894a1', 'admin_state_up': True, 'mtu': 1372, 'status': 'ACTIVE', 'subnets': ['71437563-3729-434c-a9d8-ad81be78fb53'], 'standard_attr_id': 42, 'shared': False, 'availability_zone_hints': [], 'availability_zones': [], 'ipv4_address_scope': None, 'ipv6_address_scope': None, 'router:external': False, 'qinq': False, 'vlan_transparent': False, 'description': '', 'port_security_enabled': True, 'tags': [], 'created_at': '2026-08-16T23:08:45Z', 'updated_at': '2026-08-16T23:08:47Z', 'revision_number': 2, 'provider:network_type': 'geneve', 'provider:physical_network': None, 'provider:segmentation_id': 46921}}, resource_type=ports, if_exists=True) {{(pid=101719) do_commit /opt/stack/data/venv/lib/python3.12/site-packages/ovsdbapp/backend/ovs_idl/transaction.py:89}}
Aug 16 23:08:53.129380 np0000189914 devstack@neutron-api.service[101719]: DEBUG ovsdbapp.backend.ovs_idl.transaction [None req-1255c1e1-db3d-42a4-87e9-20a1d67bf330 None None] Running txn n=1 command(idx=1): SetLSwitchPortCommand(_result=None, lport=ffc3ae8d-10ac-48cb-8abc-8d0e2ff6f344, external_ids_update=None, columns={'external_ids': {'neutron:port_name': '', 'neutron:device_id': 'manila-admin-share', 'neutron:project_id': '4ef0d58d4e1a4eceaa8688f880d894a1', 'neutron:cidrs': '10.2.5.85/24', 'neutron:device_owner': 'manila:share', 'neutron:subnet_pool_addr_scope4': '', 'neutron:subnet_pool_addr_scope6': '', 'neutron:network_name': 'neutron-c0f3f5a9-a901-472f-bb7d-904b31e52cbe', 'neutron:security_group_ids': '', 'neutron:revision_number': '3', 'neutron:vnic_type': 'normal', 'neutron:port_capabilities': '', 'neutron:mtu': ''}, 'parent_name': [], 'options': {'requested-chassis': 'np0000189914'}, 'enabled': True, 'port_security': [], 'dhcpv4_options': [UUID('e647aca3-1208-4107-b4cc-a77a24eebf34')], 'dhcpv6_options': [], 'type': '', 'addresses': ['fa:16:3e:e6:0c:65 10.2.5.85', 'unknown'], 'ha_chassis_group': [], 'tag_request': []}, if_exists=False) {{(pid=101719) do_commit /opt/stack/data/venv/lib/python3.12/site-packages/ovsdbapp/backend/ovs_idl/transaction.py:89}}
Aug 16 23:08:53.131199 np0000189914 devstack@neutron-api.service[101719]: DEBUG ovsdbapp.backend.ovs_idl.transaction [None req-1255c1e1-db3d-42a4-87e9-20a1d67bf330 None None] Running txn n=1 command(idx=2): PgDelPortCommand(_result=None, port_group=neutron_pg_drop, lsp=['ffc3ae8d-10ac-48cb-8abc-8d0e2ff6f344'], if_exists=False) {{(pid=101719) do_commit /opt/stack/data/venv/lib/python3.12/site-packages/ovsdbapp/backend/ovs_idl/transaction.py:89}}
Aug 16 23:08:53.135730 np0000189914 devstack@neutron-api.service[101720]: DEBUG neutron.plugins.ml2.drivers.ovn.mech_driver.ovsdb.ovsdb_monitor [None req-50d36113-ba0f-4c9e-a198-4b6a0ce31c46 None None] Touching Hash Ring node "489f07e1ba825d00addaf994593902db" from IDL notify handler {{(pid=101720) notify /opt/stack/neutron/neutron/plugins/ml2/drivers/ovn/mech_driver/ovsdb/ovsdb_monitor.py:1091}}
Aug 16 23:08:53.142640 np0000189914 devstack@neutron-api.service[101720]: DEBUG neutron.plugins.ml2.drivers.ovn.mech_driver.ovsdb.ovsdb_monitor [None req-71e280ea-e9e0-42f8-b2ad-7288ab45468e None None] Hash Ring: Node 489f07e1ba825d00addaf994593902db (host: np0000189914) handling event "update" for row 8bd33c00-5eb8-44f6-9bb5-d00c7fcf972a (table: Port_Binding) {{(pid=101720) notify /opt/stack/neutron/neutron/plugins/ml2/drivers/ovn/mech_driver/ovsdb/ovsdb_monitor.py:1099}}
Aug 16 23:08:53.144626 np0000189914 devstack@neutron-api.service[101720]: DEBUG neutron.plugins.ml2.drivers.ovn.mech_driver.ovsdb.ovsdb_monitor [None req-50d36113-ba0f-4c9e-a198-4b6a0ce31c46 None None] Hash Ring: Node 489f07e1ba825d00addaf994593902db (host: np0000189914) handling event "update" for row 2dfb1c5e-eb1d-4901-9c99-a151cffbe8ad (table: Logical_Switch_Port) {{(pid=101720) notify /opt/stack/neutron/neutron/plugins/ml2/drivers/ovn/mech_driver/ovsdb/ovsdb_monitor.py:1099}}
Aug 16 23:08:53.176861 np0000189914 devstack@neutron-api.service[101719]: INFO neutron.db.ovn_revision_numbers_db [None req-ff5b0c36-05f8-4f4f-ba7f-9a440be1572f service manila] Successfully bumped revision number for resource ffc3ae8d-10ac-48cb-8abc-8d0e2ff6f344 (type: ports) to 3
Aug 16 23:08:53.189241 np0000189914 devstack@neutron-api.service[101719]: DEBUG neutron.pecan_wsgi.hooks.policy_enforcement [None req-ff5b0c36-05f8-4f4f-ba7f-9a440be1572f service manila] Attributes excluded by policy engine: ['standard_attr_id'] {{(pid=101719) _exclude_attributes_by_policy /opt/stack/neutron/neutron/pecan_wsgi/hooks/policy_enforcement.py:259}}
Aug 16 23:08:53.189492 np0000189914 devstack@neutron-api.service[101719]: DEBUG neutron_lib.callbacks.manager [None req-ff5b0c36-05f8-4f4f-ba7f-9a440be1572f service manila] Publish callbacks ['neutron.notifiers.nova.Notifier._send_nova_notification-2029390'] for port (None), before_response {{(pid=101719) _notify_loop /opt/stack/data/venv/lib/python3.12/site-packages/neutron_lib/callbacks/manager.py:184}}
Aug 16 23:08:53.200463 np0000189914 devstack@neutron-api.service[101719]: [pid: 101719|app: 0|req: 26/104] 199.204.45.156 () {68 vars in 1304 bytes} [Sun Aug 16 23:08:52 2026] POST /networking/v2.0/ports => generated 925 bytes in 497 msecs (HTTP/1.1 201) 4 headers in 162 bytes (1 switches on core 0)
Aug 16 23:08:53.400419 np0000189914 devstack@neutron-api.service[101720]: DEBUG neutron.plugins.ml2.drivers.ovn.mech_driver.ovsdb.ovsdb_monitor [None req-71e280ea-e9e0-42f8-b2ad-7288ab45468e None None] Hash Ring: Node 489f07e1ba825d00addaf994593902db (host: np0000189914) handling event "update" for row 8bd33c00-5eb8-44f6-9bb5-d00c7fcf972a (table: Port_Binding) {{(pid=101720) notify /opt/stack/neutron/neutron/plugins/ml2/drivers/ovn/mech_driver/ovsdb/ovsdb_monitor.py:1099}}
Aug 16 23:08:53.443611 np0000189914 devstack@neutron-api.service[101720]: DEBUG neutron.plugins.ml2.drivers.ovn.mech_driver.ovsdb.ovsdb_monitor [None req-71e280ea-e9e0-42f8-b2ad-7288ab45468e None None] Hash Ring: Node 489f07e1ba825d00addaf994593902db (host: np0000189914) handling event "update" for row 8bd33c00-5eb8-44f6-9bb5-d00c7fcf972a (table: Port_Binding) {{(pid=101720) notify /opt/stack/neutron/neutron/plugins/ml2/drivers/ovn/mech_driver/ovsdb/ovsdb_monitor.py:1099}}
Aug 16 23:08:53.451497 np0000189914 devstack@neutron-api.service[101720]: DEBUG neutron.plugins.ml2.drivers.ovn.mech_driver.ovsdb.ovsdb_monitor [None req-50d36113-ba0f-4c9e-a198-4b6a0ce31c46 None None] Touching Hash Ring node "489f07e1ba825d00addaf994593902db" from IDL notify handler {{(pid=101720) notify /opt/stack/neutron/neutron/plugins/ml2/drivers/ovn/mech_driver/ovsdb/ovsdb_monitor.py:1091}}
Aug 16 23:08:53.461274 np0000189914 devstack@neutron-api.service[101720]: DEBUG neutron.plugins.ml2.drivers.ovn.mech_driver.ovsdb.ovsdb_monitor [None req-50d36113-ba0f-4c9e-a198-4b6a0ce31c46 None None] Hash Ring: Node 489f07e1ba825d00addaf994593902db (host: np0000189914) handling event "update" for row 2dfb1c5e-eb1d-4901-9c99-a151cffbe8ad (table: Logical_Switch_Port) {{(pid=101720) notify /opt/stack/neutron/neutron/plugins/ml2/drivers/ovn/mech_driver/ovsdb/ovsdb_monitor.py:1099}}
