+ exec cinder-volume --config-file /etc/cinder/cinder.conf --config-file /etc/cinder/conf/backends.conf --config-file /tmp/pod-shared/internal_tenant.conf simplejson unavailable, fall-back to standard python json
2026-02-26 03:24:21.644 1 INFO cinder.rpc [None req-784b2696-ea39-4b5c-a439-132a5534d663 - - - - - -] Automatically selected cinder-scheduler objects version 1.39 as minimum service version.
2026-02-26 03:24:21.647 1 INFO cinder.rpc [None req-784b2696-ea39-4b5c-a439-132a5534d663 - - - - - -] Automatically selected cinder-scheduler RPC version 3.12 as minimum service version.
2026-02-26 03:24:21.775 1 INFO cinder.volume.manager [None req-784b2696-ea39-4b5c-a439-132a5534d663 - - - - - -] Determined volume DB was empty at startup.
2026-02-26 03:24:21.781 1 INFO cinder.volume.manager [None req-784b2696-ea39-4b5c-a439-132a5534d663 - - - - - -] Service not found for updating active_backend_id, assuming default for driver init.
2026-02-26 03:24:21.835 1 INFO cinder.rpc [None req-784b2696-ea39-4b5c-a439-132a5534d663 - - - - - -] Automatically selected cinder-volume objects version 1.39 as minimum service version.
2026-02-26 03:24:21.838 1 INFO cinder.rpc [None req-784b2696-ea39-4b5c-a439-132a5534d663 - - - - - -] Automatically selected cinder-volume RPC version 3.20 as minimum service version.
2026-02-26 03:24:21.840 1 INFO cinder.volume.manager [None req-784b2696-ea39-4b5c-a439-132a5534d663 - - - - - -] Image-volume cache enabled for host cinder-volume-worker@rbd1.
2026-02-26 03:24:21.877 1 INFO oslo_service.backend._eventlet.service [None req-784b2696-ea39-4b5c-a439-132a5534d663 - - - - - -] Starting 1 workers
2026-02-26 03:24:21.885 8 INFO cinder.service [-] Starting cinder-volume node (version 27.1.0)
2026-02-26 03:24:21.899 1 INFO cinder.volume.manager [None req-784b2696-ea39-4b5c-a439-132a5534d663 - - - - - -] Determined volume DB was empty at startup.
2026-02-26 03:24:21.903 1 INFO cinder.volume.manager [None req-784b2696-ea39-4b5c-a439-132a5534d663 - - - - - -] Service not found for updating active_backend_id, assuming default for driver init.
2026-02-26 03:24:21.909 1 INFO cinder.volume.manager [None req-784b2696-ea39-4b5c-a439-132a5534d663 - - - - - -] Image-volume cache enabled for host cinder-volume-worker@rbd_ec.
2026-02-26 03:24:21.923 8 INFO cinder.volume.manager [None req-36bff3bf-ff8d-4249-b613-118020c85517 - - - - - -] Starting volume driver RBDDriver (1.3.0)
2026-02-26 03:24:21.931 1 INFO oslo_service.backend._eventlet.service [None req-784b2696-ea39-4b5c-a439-132a5534d663 - - - - - -] Starting 1 workers
2026-02-26 03:24:21.940 16 INFO cinder.service [-] Starting cinder-volume node (version 27.1.0)
2026-02-26 03:24:21.942 1 WARNING oslo_config.cfg [None req-784b2696-ea39-4b5c-a439-132a5534d663 - - - - - -] Deprecated: Option "auth_uri" from group "keystone_authtoken" is deprecated for removal (The auth_uri option is deprecated in favor of www_authenticate_uri and will be removed in the S release.). Its value may be silently ignored in the future.
2026-02-26 03:24:21.943 1 WARNING oslo_config.cfg [None req-784b2696-ea39-4b5c-a439-132a5534d663 - - - - - -] Deprecated: Option "auth_uri" from group "keystone_authtoken" is deprecated. Use option "www_authenticate_uri" from group "keystone_authtoken".
2026-02-26 03:24:21.974 16 INFO cinder.volume.manager [None req-bf64b3d2-cf70-4d6c-8d7b-6fe4c77ea335 - - - - - -] Starting volume driver RBDDriver (1.3.0)
2026-02-26 03:24:22.012 8 INFO cinder.volume.driver [None req-36bff3bf-ff8d-4249-b613-118020c85517 - - - - - -] Driver hasn't implemented _init_vendor_properties()
2026-02-26 03:24:22.060 8 INFO cinder.keymgr.migration [None req-13b0ac5f-517a-42f0-b379-415a9bb99f5f - - - - - -] Not migrating encryption keys because the ConfKeyManager's fixed_key is not in use.
2026-02-26 03:24:22.073 16 INFO cinder.volume.driver [None req-bf64b3d2-cf70-4d6c-8d7b-6fe4c77ea335 - - - - - -] Driver hasn't implemented _init_vendor_properties()
2026-02-26 03:24:22.119 16 INFO cinder.keymgr.migration [None req-ca3330a5-0816-4c55-a2d3-0ffded941416 - - - - - -] Not migrating encryption keys because the ConfKeyManager's fixed_key is not in use.
2026-02-26 03:24:22.174 8 INFO cinder.volume.manager [None req-36bff3bf-ff8d-4249-b613-118020c85517 - - - - - -] Driver initialization completed successfully.
2026-02-26 03:24:22.174 8 INFO cinder.manager [None req-36bff3bf-ff8d-4249-b613-118020c85517 - - - - - -] Initiating service 3 cleanup
2026-02-26 03:24:22.185 8 INFO cinder.manager [None req-36bff3bf-ff8d-4249-b613-118020c85517 - - - - - -] Service 3 cleanup completed.
2026-02-26 03:24:22.225 8 INFO cinder.volume.manager [None req-36bff3bf-ff8d-4249-b613-118020c85517 - - - - - -] Initializing RPC dependent components of volume driver RBDDriver (1.3.0)
2026-02-26 03:24:22.238 16 INFO cinder.volume.manager [None req-bf64b3d2-cf70-4d6c-8d7b-6fe4c77ea335 - - - - - -] Driver initialization completed successfully.
2026-02-26 03:24:22.239 16 INFO cinder.manager [None req-bf64b3d2-cf70-4d6c-8d7b-6fe4c77ea335 - - - - - -] Initiating service 4 cleanup
2026-02-26 03:24:22.246 16 INFO cinder.manager [None req-bf64b3d2-cf70-4d6c-8d7b-6fe4c77ea335 - - - - - -] Service 4 cleanup completed.
2026-02-26 03:24:22.284 16 INFO cinder.volume.manager [None req-bf64b3d2-cf70-4d6c-8d7b-6fe4c77ea335 - - - - - -] Initializing RPC dependent components of volume driver RBDDriver (1.3.0)
2026-02-26 03:24:22.311 8 INFO cinder.volume.manager [None req-36bff3bf-ff8d-4249-b613-118020c85517 - - - - - -] Driver post RPC initialization completed successfully.
2026-02-26 03:24:22.353 16 INFO cinder.volume.manager [None req-bf64b3d2-cf70-4d6c-8d7b-6fe4c77ea335 - - - - - -] Driver post RPC initialization completed successfully.
2026-02-26 04:07:04.354 8 INFO cinder.volume.flows.manager.create_volume [None req-2cf8f38c-c5f2-4c07-82cc-5a45563db062 e0bb4256c37943ae8c5e6d1e80a9b27f abcb998d2e5e42bc849f736d0561d3e0 - - - -] Volume f21132e4-a39f-496d-94b8-e01554ed64e7: being created as image with specification: {'status': 'creating', 'volume_name': 'volume-f21132e4-a39f-496d-94b8-e01554ed64e7', 'volume_size': 1, 'image_id': '96bd21c2-013a-439f-8996-07a278e8c2d3', 'image_location': (None, [{'url': 'rbd://4837cbf8-4f90-4300-b3f6-726c9b9f89b4/glance.images/96bd21c2-013a-439f-8996-07a278e8c2d3/snap', 'metadata': {}}]), 'image_meta': {'name': 'cirros', 'disk_format': 'raw', 'container_format': 'bare', 'visibility': 'public', 'size': 117440512, 'virtual_size': 117440512, 'status': 'active', 'checksum': '4245576e3df99ea1211871b8b9514d3b', 'protected': False, 'min_ram': 0, 'min_disk': 1, 'owner': '7601539739e34243a6ddb9b29540082e', 'os_hidden': False, 'os_hash_algo': 'sha512', 'os_hash_value': 'dbb480bdc4f13ead7e00b62766df2815ddc8d4775af8a82ec40f8afd433d4cb95a109a58fbe7e0a661be86e0a06321c00362bc881f58c61c40bd2d1486954594', 'id': '96bd21c2-013a-439f-8996-07a278e8c2d3', 'created_at': datetime.datetime(2026, 2, 26, 3, 18, 48, tzinfo=datetime.timezone.utc), 'updated_at': datetime.datetime(2026, 2, 26, 3, 18, 52, tzinfo=datetime.timezone.utc), 'locations': [{'url': 'rbd://4837cbf8-4f90-4300-b3f6-726c9b9f89b4/glance.images/96bd21c2-013a-439f-8996-07a278e8c2d3/snap', 'metadata': {}}], 'direct_url': 'rbd://4837cbf8-4f90-4300-b3f6-726c9b9f89b4/glance.images/96bd21c2-013a-439f-8996-07a278e8c2d3/snap', 'tags': [], 'file': '/v2/images/96bd21c2-013a-439f-8996-07a278e8c2d3/file', 'properties': {'owner_specified.openstack.md5': '', 'owner_specified.openstack.object': 'images/cirros', 'owner_specified.openstack.sha256': ''}}, 'image_service': }
2026-02-26 04:07:06.336 8 INFO cinder.volume.flows.manager.create_volume [None req-2cf8f38c-c5f2-4c07-82cc-5a45563db062 e0bb4256c37943ae8c5e6d1e80a9b27f abcb998d2e5e42bc849f736d0561d3e0 - - - -] Volume volume-f21132e4-a39f-496d-94b8-e01554ed64e7 (f21132e4-a39f-496d-94b8-e01554ed64e7): created successfully
2026-02-26 04:07:06.345 8 INFO cinder.volume.manager [None req-2cf8f38c-c5f2-4c07-82cc-5a45563db062 e0bb4256c37943ae8c5e6d1e80a9b27f abcb998d2e5e42bc849f736d0561d3e0 - - - -] Created volume successfully.
2026-02-26 04:07:09.307 8 WARNING cinder.quota [req-4865d658-f523-4b4c-8ea7-6ae66e93acde req-88693739-04cb-4710-8e98-7cca810f2d0d e0bb4256c37943ae8c5e6d1e80a9b27f abcb998d2e5e42bc849f736d0561d3e0 - - - -] Deprecated: Default quota for resource: volumes_rbd1 is set by the default quota flag: quota_volumes_rbd1, it is now deprecated. Please use the default quota class for default quota.
2026-02-26 04:07:09.307 8 WARNING cinder.quota [req-4865d658-f523-4b4c-8ea7-6ae66e93acde req-88693739-04cb-4710-8e98-7cca810f2d0d e0bb4256c37943ae8c5e6d1e80a9b27f abcb998d2e5e42bc849f736d0561d3e0 - - - -] Deprecated: Default quota for resource: gigabytes_rbd1 is set by the default quota flag: quota_gigabytes_rbd1, it is now deprecated. Please use the default quota class for default quota.
2026-02-26 04:07:09.477 8 INFO cinder.volume.manager [req-4865d658-f523-4b4c-8ea7-6ae66e93acde req-88693739-04cb-4710-8e98-7cca810f2d0d e0bb4256c37943ae8c5e6d1e80a9b27f abcb998d2e5e42bc849f736d0561d3e0 - - - -] Deleted volume successfully.
2026-02-26 04:08:53.976 8 INFO cinder.volume.flows.manager.create_volume [None req-5466dc55-a8a4-419b-ac05-c57f8c38c376 333560fdb5e8418fa2868f99b2804f93 d2b51a81c5044a7aa6ab993432f89708 - - - -] Volume feb0dd15-0c10-4f20-b192-705fba5ab0bd: being created as raw with specification: {'status': 'creating', 'volume_name': 'volume-feb0dd15-0c10-4f20-b192-705fba5ab0bd', 'volume_size': 1}
2026-02-26 04:08:54.059 8 INFO cinder.volume.flows.manager.create_volume [None req-5466dc55-a8a4-419b-ac05-c57f8c38c376 333560fdb5e8418fa2868f99b2804f93 d2b51a81c5044a7aa6ab993432f89708 - - - -] Volume volume-feb0dd15-0c10-4f20-b192-705fba5ab0bd (feb0dd15-0c10-4f20-b192-705fba5ab0bd): created successfully
2026-02-26 04:08:54.072 8 INFO cinder.volume.manager [None req-5466dc55-a8a4-419b-ac05-c57f8c38c376 333560fdb5e8418fa2868f99b2804f93 d2b51a81c5044a7aa6ab993432f89708 - - - -] Created volume successfully.
2026-02-26 04:08:58.488 8 INFO cinder.volume.manager [None req-218a5c74-b4b4-4a7e-87ec-cbf779d8cfdc 333560fdb5e8418fa2868f99b2804f93 d2b51a81c5044a7aa6ab993432f89708 - - - -] Deleted volume successfully.
2026-02-26 04:09:05.826 8 INFO cinder.volume.flows.manager.create_volume [None req-dc0d7ce3-0ce0-4c04-8e19-2cacefaa5246 1048e9ede29b40f08512462165b606fe 65e51c2b45de43078605c456cdd9340e - - - -] Volume d33edfb6-4e31-4f85-98fa-5777d25aa603: being created as raw with specification: {'status': 'creating', 'volume_name': 'volume-d33edfb6-4e31-4f85-98fa-5777d25aa603', 'volume_size': 1}
2026-02-26 04:09:05.910 8 INFO cinder.volume.flows.manager.create_volume [None req-dc0d7ce3-0ce0-4c04-8e19-2cacefaa5246 1048e9ede29b40f08512462165b606fe 65e51c2b45de43078605c456cdd9340e - - - -] Volume volume-d33edfb6-4e31-4f85-98fa-5777d25aa603 (d33edfb6-4e31-4f85-98fa-5777d25aa603): created successfully
2026-02-26 04:09:05.920 8 INFO cinder.volume.manager [None req-dc0d7ce3-0ce0-4c04-8e19-2cacefaa5246 1048e9ede29b40f08512462165b606fe 65e51c2b45de43078605c456cdd9340e - - - -] Created volume successfully.
2026-02-26 04:09:07.296 8 INFO cinder.volume.flows.manager.create_volume [None req-77401161-1ccd-414f-aee8-562651ab5e93 1048e9ede29b40f08512462165b606fe 65e51c2b45de43078605c456cdd9340e - - - -] Volume bf149b1a-d783-49bd-8df2-2d7c3d27e130: being created as raw with specification: {'status': 'creating', 'volume_name': 'volume-bf149b1a-d783-49bd-8df2-2d7c3d27e130', 'volume_size': 1}
2026-02-26 04:09:07.380 8 INFO cinder.volume.flows.manager.create_volume [None req-77401161-1ccd-414f-aee8-562651ab5e93 1048e9ede29b40f08512462165b606fe 65e51c2b45de43078605c456cdd9340e - - - -] Volume volume-bf149b1a-d783-49bd-8df2-2d7c3d27e130 (bf149b1a-d783-49bd-8df2-2d7c3d27e130): created successfully
2026-02-26 04:09:07.389 8 INFO cinder.volume.manager [None req-77401161-1ccd-414f-aee8-562651ab5e93 1048e9ede29b40f08512462165b606fe 65e51c2b45de43078605c456cdd9340e - - - -] Created volume successfully.
2026-02-26 04:09:08.823 8 INFO cinder.volume.manager [None req-034237dc-9845-47c0-8011-34f838588688 1048e9ede29b40f08512462165b606fe 65e51c2b45de43078605c456cdd9340e - - - -] Deleted volume successfully.
2026-02-26 04:09:09.997 8 INFO cinder.volume.manager [None req-f18be80b-b025-47d2-b665-ecb94d3a37a0 1048e9ede29b40f08512462165b606fe 65e51c2b45de43078605c456cdd9340e - - - -] Deleted volume successfully.
2026-02-26 04:09:11.698 8 INFO cinder.volume.flows.manager.create_volume [None req-60a52f54-d637-4471-9de6-684af9805f25 1048e9ede29b40f08512462165b606fe 65e51c2b45de43078605c456cdd9340e - - - -] Volume 59522e01-ce18-4683-9f27-d92b6ca96413: being created as image with specification: {'status': 'creating', 'volume_name': 'volume-59522e01-ce18-4683-9f27-d92b6ca96413', 'volume_size': 1, 'image_id': '96bd21c2-013a-439f-8996-07a278e8c2d3', 'image_location': (None, [{'url': 'rbd://4837cbf8-4f90-4300-b3f6-726c9b9f89b4/glance.images/96bd21c2-013a-439f-8996-07a278e8c2d3/snap', 'metadata': {}}]), 'image_meta': {'name': 'cirros', 'disk_format': 'raw', 'container_format': 'bare', 'visibility': 'public', 'size': 117440512, 'virtual_size': 117440512, 'status': 'active', 'checksum': '4245576e3df99ea1211871b8b9514d3b', 'protected': False, 'min_ram': 0, 'min_disk': 1, 'owner': '7601539739e34243a6ddb9b29540082e', 'os_hidden': False, 'os_hash_algo': 'sha512', 'os_hash_value': 'dbb480bdc4f13ead7e00b62766df2815ddc8d4775af8a82ec40f8afd433d4cb95a109a58fbe7e0a661be86e0a06321c00362bc881f58c61c40bd2d1486954594', 'id': '96bd21c2-013a-439f-8996-07a278e8c2d3', 'created_at': datetime.datetime(2026, 2, 26, 3, 18, 48, tzinfo=datetime.timezone.utc), 'updated_at': datetime.datetime(2026, 2, 26, 3, 18, 52, tzinfo=datetime.timezone.utc), 'locations': [{'url': 'rbd://4837cbf8-4f90-4300-b3f6-726c9b9f89b4/glance.images/96bd21c2-013a-439f-8996-07a278e8c2d3/snap', 'metadata': {}}], 'direct_url': 'rbd://4837cbf8-4f90-4300-b3f6-726c9b9f89b4/glance.images/96bd21c2-013a-439f-8996-07a278e8c2d3/snap', 'tags': [], 'file': '/v2/images/96bd21c2-013a-439f-8996-07a278e8c2d3/file', 'properties': {'owner_specified.openstack.md5': '', 'owner_specified.openstack.object': 'images/cirros', 'owner_specified.openstack.sha256': ''}}, 'image_service': }
2026-02-26 04:09:12.160 8 INFO cinder.volume.flows.manager.create_volume [None req-60a52f54-d637-4471-9de6-684af9805f25 1048e9ede29b40f08512462165b606fe 65e51c2b45de43078605c456cdd9340e - - - -] Volume volume-59522e01-ce18-4683-9f27-d92b6ca96413 (59522e01-ce18-4683-9f27-d92b6ca96413): created successfully
2026-02-26 04:09:12.170 8 INFO cinder.volume.manager [None req-60a52f54-d637-4471-9de6-684af9805f25 1048e9ede29b40f08512462165b606fe 65e51c2b45de43078605c456cdd9340e - - - -] Created volume successfully.
2026-02-26 04:09:13.089 8 INFO cinder.volume.flows.manager.create_volume [None req-087130d6-3976-40ad-870d-c032c7b05bb8 1048e9ede29b40f08512462165b606fe 65e51c2b45de43078605c456cdd9340e - - - -] Volume cd154df8-7e83-4223-a31e-aa8473535769: being created as raw with specification: {'status': 'creating', 'volume_name': 'volume-cd154df8-7e83-4223-a31e-aa8473535769', 'volume_size': 1}
2026-02-26 04:09:13.185 8 INFO cinder.volume.flows.manager.create_volume [None req-087130d6-3976-40ad-870d-c032c7b05bb8 1048e9ede29b40f08512462165b606fe 65e51c2b45de43078605c456cdd9340e - - - -] Volume volume-cd154df8-7e83-4223-a31e-aa8473535769 (cd154df8-7e83-4223-a31e-aa8473535769): created successfully
2026-02-26 04:09:13.194 8 INFO cinder.volume.manager [None req-087130d6-3976-40ad-870d-c032c7b05bb8 1048e9ede29b40f08512462165b606fe 65e51c2b45de43078605c456cdd9340e - - - -] Created volume successfully.
2026-02-26 04:09:14.723 8 INFO cinder.volume.manager [None req-29f3a674-1601-4fe1-bd5a-9826b0c0ae5f 1048e9ede29b40f08512462165b606fe 65e51c2b45de43078605c456cdd9340e - - - -] Deleted volume successfully.
2026-02-26 04:09:15.841 8 INFO cinder.volume.manager [None req-1cc16796-b3cb-49ed-baf3-4e12a1c86f91 1048e9ede29b40f08512462165b606fe 65e51c2b45de43078605c456cdd9340e - - - -] Deleted volume successfully.
2026-02-26 04:09:41.283 8 INFO cinder.volume.flows.manager.create_volume [None req-e2c10a62-4f21-447e-8888-2740fb23f232 68945d34b22c45b885b86a280a87fbe0 21ba843a58f249279f92f89a0f263e13 - - - -] Volume 69e6bbf9-2025-4800-b23d-f5842119f4f3: being created as raw with specification: {'status': 'creating', 'volume_name': 'volume-69e6bbf9-2025-4800-b23d-f5842119f4f3', 'volume_size': 1}
2026-02-26 04:09:41.363 8 INFO cinder.volume.flows.manager.create_volume [None req-e2c10a62-4f21-447e-8888-2740fb23f232 68945d34b22c45b885b86a280a87fbe0 21ba843a58f249279f92f89a0f263e13 - - - -] Volume volume-69e6bbf9-2025-4800-b23d-f5842119f4f3 (69e6bbf9-2025-4800-b23d-f5842119f4f3): created successfully
2026-02-26 04:09:41.371 8 INFO cinder.volume.manager [None req-e2c10a62-4f21-447e-8888-2740fb23f232 68945d34b22c45b885b86a280a87fbe0 21ba843a58f249279f92f89a0f263e13 - - - -] Created volume successfully.
2026-02-26 04:09:42.551 8 INFO cinder.volume.flows.manager.create_volume [None req-83a48a92-66ab-4c14-8e9b-82abe5634df5 68945d34b22c45b885b86a280a87fbe0 21ba843a58f249279f92f89a0f263e13 - - - -] Volume c736ccb8-1047-4b8b-b4d5-882ea5a1e10f: being created as raw with specification: {'status': 'creating', 'volume_name': 'volume-c736ccb8-1047-4b8b-b4d5-882ea5a1e10f', 'volume_size': 1}
2026-02-26 04:09:42.630 8 INFO cinder.volume.flows.manager.create_volume [None req-83a48a92-66ab-4c14-8e9b-82abe5634df5 68945d34b22c45b885b86a280a87fbe0 21ba843a58f249279f92f89a0f263e13 - - - -] Volume volume-c736ccb8-1047-4b8b-b4d5-882ea5a1e10f (c736ccb8-1047-4b8b-b4d5-882ea5a1e10f): created successfully
2026-02-26 04:09:42.640 8 INFO cinder.volume.manager [None req-83a48a92-66ab-4c14-8e9b-82abe5634df5 68945d34b22c45b885b86a280a87fbe0 21ba843a58f249279f92f89a0f263e13 - - - -] Created volume successfully.
2026-02-26 04:09:44.083 8 INFO cinder.volume.flows.manager.create_volume [None req-9e583a6c-04f8-4c80-b211-b7f4ca0d63c5 68945d34b22c45b885b86a280a87fbe0 21ba843a58f249279f92f89a0f263e13 - - - -] Volume 2fa210fd-ffe3-4184-9dc8-d34a8ef83282: being created as raw with specification: {'status': 'creating', 'volume_name': 'volume-2fa210fd-ffe3-4184-9dc8-d34a8ef83282', 'volume_size': 1}
2026-02-26 04:09:44.166 8 INFO cinder.volume.flows.manager.create_volume [None req-9e583a6c-04f8-4c80-b211-b7f4ca0d63c5 68945d34b22c45b885b86a280a87fbe0 21ba843a58f249279f92f89a0f263e13 - - - -] Volume volume-2fa210fd-ffe3-4184-9dc8-d34a8ef83282 (2fa210fd-ffe3-4184-9dc8-d34a8ef83282): created successfully
2026-02-26 04:09:44.178 8 INFO cinder.volume.manager [None req-9e583a6c-04f8-4c80-b211-b7f4ca0d63c5 68945d34b22c45b885b86a280a87fbe0 21ba843a58f249279f92f89a0f263e13 - - - -] Created volume successfully.
2026-02-26 04:09:45.643 8 INFO cinder.volume.manager [None req-3211abda-8a64-4c64-9dbf-dc41db3795ae 68945d34b22c45b885b86a280a87fbe0 21ba843a58f249279f92f89a0f263e13 - - - -] Deleted volume successfully.
2026-02-26 04:09:46.805 8 INFO cinder.volume.manager [None req-eae28778-e6e3-40c4-9d46-0fc2ffc23fcf 68945d34b22c45b885b86a280a87fbe0 21ba843a58f249279f92f89a0f263e13 - - - -] Deleted volume successfully.
2026-02-26 04:09:47.994 8 INFO cinder.volume.manager [None req-40829ade-ad71-49b1-aaa9-6f05e24bf8c8 68945d34b22c45b885b86a280a87fbe0 21ba843a58f249279f92f89a0f263e13 - - - -] Deleted volume successfully.