2026-02-26 22:51:45.342 7 INFO placement.requestlog [None req-6307052b-50ce-43fa-a399-0768aa622b9d 7b8b3e7a9ae549efa729f77811f0ddf2 ceee567fea5c487283774f553313b658 - - 1121ce3566d04016b7a2a1c945cba5cf 1121ce3566d04016b7a2a1c945cba5cf] 10.0.0.26 "GET /resource_providers/afd34d2b-1402-4d56-9045-899a7ded5715/aggregates" status: 404 len: 235 microversion: 1.1 [pid: 7|app: 0|req: 336/673] 10.0.0.26 () {32 vars in 814 bytes} [Thu Feb 26 22:51:45 2026] GET /resource_providers/afd34d2b-1402-4d56-9045-899a7ded5715/aggregates => generated 235 bytes in 10 msecs (HTTP/1.1 404) 5 headers in 202 bytes (1 switches on core 0)
2026-02-26 22:51:45.350 8 INFO placement.requestlog [None req-54c89aa1-4542-4ff0-9a94-9946764cc335 7b8b3e7a9ae549efa729f77811f0ddf2 ceee567fea5c487283774f553313b658 - - 1121ce3566d04016b7a2a1c945cba5cf 1121ce3566d04016b7a2a1c945cba5cf] 10.0.0.26 "GET /resource_providers/afd34d2b-1402-4d56-9045-899a7ded5715/aggregates" status: 404 len: 235 microversion: 1.1 [pid: 8|app: 0|req: 338/674] 10.0.0.26 () {32 vars in 814 bytes} [Thu Feb 26 22:51:45 2026] GET /resource_providers/afd34d2b-1402-4d56-9045-899a7ded5715/aggregates => generated 235 bytes in 22 msecs (HTTP/1.1 404) 5 headers in 202 bytes (1 switches on core 0)
2026-02-26 22:51:45.363 7 INFO placement.requestlog [None req-717381ac-00f1-4cf4-90c1-263e5a458a86 7b8b3e7a9ae549efa729f77811f0ddf2 ceee567fea5c487283774f553313b658 - - 1121ce3566d04016b7a2a1c945cba5cf 1121ce3566d04016b7a2a1c945cba5cf] 10.0.0.26 "DELETE /resource_providers/afd34d2b-1402-4d56-9045-899a7ded5715" status: 404 len: 246 microversion: 1.1 [pid: 7|app: 0|req: 337/675] 10.0.0.26 () {34 vars in 814 bytes} [Thu Feb 26 22:51:45 2026] DELETE /resource_providers/afd34d2b-1402-4d56-9045-899a7ded5715 => generated 246 bytes in 9 msecs (HTTP/1.1 404) 6 headers in 231 bytes (1 switches on core 0)
2026-02-26 22:51:45.375 8 INFO placement.requestlog [None req-d15f1c6b-49be-4ee6-9c01-2af6e1fc178c 7b8b3e7a9ae549efa729f77811f0ddf2 ceee567fea5c487283774f553313b658 - - 1121ce3566d04016b7a2a1c945cba5cf 1121ce3566d04016b7a2a1c945cba5cf] 10.0.0.26 "DELETE /resource_providers/afd34d2b-1402-4d56-9045-899a7ded5715" status: 404 len: 246 microversion: 1.1 [pid: 8|app: 0|req: 339/676] 10.0.0.26 () {34 vars in 814 bytes} [Thu Feb 26 22:51:45 2026] DELETE /resource_providers/afd34d2b-1402-4d56-9045-899a7ded5715 => generated 246 bytes in 8 msecs (HTTP/1.1 404) 6 headers in 231 bytes (1 switches on core 0)
2026-02-26 22:51:46.155 7 INFO placement.requestlog [None req-80e061b3-4560-4013-a8a5-ea0546412334 - - - - - -] 10.0.0.253 "GET /" status: 200 len: 136 microversion: 1.0
2026-02-26 22:51:46.156 8 INFO placement.requestlog [None req-2e539f54-b138-405b-a885-fc82a58963af - - - - - -] 10.0.0.253 "GET /" status: 200 len: 136 microversion: 1.0
2026-02-26 22:51:47.402 8 INFO placement.requestlog [None req-f993a72c-a3b8-4510-9d84-a86c7cd0e37f 7b8b3e7a9ae549efa729f77811f0ddf2 ceee567fea5c487283774f553313b658 - - 1121ce3566d04016b7a2a1c945cba5cf 1121ce3566d04016b7a2a1c945cba5cf] 10.0.0.26 "GET /resource_providers/bbfedce8-56ab-4325-955b-901924cac6d7/aggregates" status: 404 len: 235 microversion: 1.1 [pid: 8|app: 0|req: 341/679] 10.0.0.26 () {32 vars in 814 bytes} [Thu Feb 26 22:51:47 2026] GET /resource_providers/bbfedce8-56ab-4325-955b-901924cac6d7/aggregates => generated 235 bytes in 16 msecs (HTTP/1.1 404) 5 headers in 202 bytes (1 switches on core 0)
2026-02-26 22:51:47.406 7 INFO placement.requestlog [None req-e3f1a560-e56f-4535-99d6-12002ff7a086 7b8b3e7a9ae549efa729f77811f0ddf2 ceee567fea5c487283774f553313b658 - - 1121ce3566d04016b7a2a1c945cba5cf 1121ce3566d04016b7a2a1c945cba5cf] 10.0.0.26 "GET /resource_providers/bbfedce8-56ab-4325-955b-901924cac6d7/aggregates" status: 404 len: 235 microversion: 1.1 [pid: 7|app: 0|req: 339/680] 10.0.0.26 () {32 vars in 814 bytes} [Thu Feb 26 22:51:47 2026] GET /resource_providers/bbfedce8-56ab-4325-955b-901924cac6d7/aggregates => generated 235 bytes in 19 msecs (HTTP/1.1 404) 5 headers in 202 bytes (1 switches on core 0)
2026-02-26 22:51:47.466 7 INFO placement.requestlog [None req-54f5a190-2a40-4b77-af83-6efab60f06d2 7b8b3e7a9ae549efa729f77811f0ddf2 ceee567fea5c487283774f553313b658 - - 1121ce3566d04016b7a2a1c945cba5cf 1121ce3566d04016b7a2a1c945cba5cf] 10.0.0.26 "DELETE /resource_providers/bbfedce8-56ab-4325-955b-901924cac6d7" status: 404 len: 246 microversion: 1.1 [pid: 7|app: 0|req: 340/681] 10.0.0.26 () {34 vars in 814 bytes} [Thu Feb 26 22:51:47 2026] DELETE /resource_providers/bbfedce8-56ab-4325-955b-901924cac6d7 => generated 246 bytes in 13 msecs (HTTP/1.1 404) 6 headers in 231 bytes (1 switches on core 0)
2026-02-26 22:51:47.467 8 INFO placement.requestlog [None req-361b57f1-bf50-4cc6-847c-63fdeaa2bd8b 7b8b3e7a9ae549efa729f77811f0ddf2 ceee567fea5c487283774f553313b658 - - 1121ce3566d04016b7a2a1c945cba5cf 1121ce3566d04016b7a2a1c945cba5cf] 10.0.0.26 "DELETE /resource_providers/bbfedce8-56ab-4325-955b-901924cac6d7" status: 404 len: 246 microversion: 1.1 [pid: 8|app: 0|req: 342/682] 10.0.0.26 () {34 vars in 814 bytes} [Thu Feb 26 22:51:47 2026] DELETE /resource_providers/bbfedce8-56ab-4325-955b-901924cac6d7 => generated 246 bytes in 16 msecs (HTTP/1.1 404) 6 headers in 231 bytes (1 switches on core 0)
2026-02-26 22:51:53.657 7 INFO placement.requestlog [req-451b0fb5-01f7-4074-848a-ae9092324fbe req-d1e988b4-49da-43de-acf5-f92ade8261c6 9a31200b2e694e3498df3951b9538d92 ceee567fea5c487283774f553313b658 - - 1121ce3566d04016b7a2a1c945cba5cf 1121ce3566d04016b7a2a1c945cba5cf] 162.253.55.110 "GET /resource_providers/bcb93973-bb40-42f9-96aa-a16b42be5736/allocations" status: 200 len: 252 microversion: 1.0 [pid: 7|app: 0|req: 341/683] 162.253.55.110 () {32 vars in 856 bytes} [Thu Feb 26 22:51:53 2026] GET /resource_providers/bcb93973-bb40-42f9-96aa-a16b42be5736/allocations => generated 252 bytes in 21 msecs (HTTP/1.1 200) 6 headers in 224 bytes (1 switches on core 0)
2026-02-26 22:51:53.678 8 INFO placement.requestlog [req-451b0fb5-01f7-4074-848a-ae9092324fbe req-02f72a5a-95a6-4fe7-8fb3-f141590b15f5 9a31200b2e694e3498df3951b9538d92 ceee567fea5c487283774f553313b658 - - 1121ce3566d04016b7a2a1c945cba5cf 1121ce3566d04016b7a2a1c945cba5cf] 162.253.55.110 "GET /allocations/d884bd75-95e9-4a92-8a72-22e798cdd731" status: 200 len: 257 microversion: 1.28 [pid: 8|app: 0|req: 343/684] 162.253.55.110 () {34 vars in 862 bytes} [Thu Feb 26 22:51:53 2026] GET /allocations/d884bd75-95e9-4a92-8a72-22e798cdd731 => generated 257 bytes in 17 msecs (HTTP/1.1 200) 8 headers in 296 bytes (1 switches on core 0)
2026-02-26 22:51:53.698 7 INFO placement.requestlog [req-451b0fb5-01f7-4074-848a-ae9092324fbe req-e293b113-1cdf-4854-a44c-7051b6bf27f2 9a31200b2e694e3498df3951b9538d92 ceee567fea5c487283774f553313b658 - - 1121ce3566d04016b7a2a1c945cba5cf 1121ce3566d04016b7a2a1c945cba5cf] 162.253.55.110 "GET /allocations/bf1db8a4-3f1f-44b5-a627-e8a23a3460b6" status: 200 len: 257 microversion: 1.28 [pid: 7|app: 0|req: 342/685] 162.253.55.110 () {34 vars in 862 bytes} [Thu Feb 26 22:51:53 2026] GET /allocations/bf1db8a4-3f1f-44b5-a627-e8a23a3460b6 => generated 257 bytes in 15 msecs (HTTP/1.1 200) 8 headers in 296 bytes (1 switches on core 0)
2026-02-26 22:51:54.766 8 INFO placement.requestlog [req-451b0fb5-01f7-4074-848a-ae9092324fbe req-bd0c0447-1c02-490b-8534-ea92de1aa7b8 9a31200b2e694e3498df3951b9538d92 ceee567fea5c487283774f553313b658 - - 1121ce3566d04016b7a2a1c945cba5cf 1121ce3566d04016b7a2a1c945cba5cf] 162.253.55.110 "DELETE /allocations/bf1db8a4-3f1f-44b5-a627-e8a23a3460b6" status: 204 len: 0 microversion: 1.0 [pid: 8|app: 0|req: 344/686] 162.253.55.110 () {34 vars in 840 bytes} [Thu Feb 26 22:51:54 2026] DELETE /allocations/bf1db8a4-3f1f-44b5-a627-e8a23a3460b6 => generated 0 bytes in 43 msecs (HTTP/1.1 204) 5 headers in 198 bytes (1 switches on core 0)
2026-02-26 22:51:55.252 7 INFO placement.requestlog [None req-48198e99-d9cd-461d-89f6-6782723cdf14 e382bf0d2a614ec28117704ace4a0c9e ae5698641f0347c39165ed03a0f6421a - - default default] 10.0.0.227 "GET /resource_providers" status: 200 len: 405 microversion: 1.0 [pid: 7|app: 0|req: 343/687] 10.0.0.227 () {28 vars in 592 bytes} [Thu Feb 26 22:51:54 2026] GET /resource_providers => generated 405 bytes in 493 msecs (HTTP/1.1 200) 6 headers in 224 bytes (1 switches on core 0)
2026-02-26 22:51:55.275 8 INFO placement.requestlog [None req-6215710e-583b-4a28-be3e-60c6cb5cc1f2 e382bf0d2a614ec28117704ace4a0c9e ae5698641f0347c39165ed03a0f6421a - - default default] 10.0.0.227 "GET /resource_providers/bcb93973-bb40-42f9-96aa-a16b42be5736/inventories" status: 200 len: 400 microversion: 1.0 [pid: 8|app: 0|req: 345/688] 10.0.0.227 () {28 vars in 690 bytes} [Thu Feb 26 22:51:55 2026] GET /resource_providers/bcb93973-bb40-42f9-96aa-a16b42be5736/inventories => generated 400 bytes in 17 msecs (HTTP/1.1 200) 6 headers in 224 bytes (1 switches on core 0)
2026-02-26 22:51:55.303 7 INFO placement.requestlog [None req-69b7fed4-19c6-49a0-9cc9-f831ba22589c e382bf0d2a614ec28117704ace4a0c9e ae5698641f0347c39165ed03a0f6421a - - default default] 10.0.0.227 "GET /resource_providers/bcb93973-bb40-42f9-96aa-a16b42be5736/usages" status: 200 len: 90 microversion: 1.0 [pid: 7|app: 0|req: 344/689] 10.0.0.227 () {28 vars in 680 bytes} [Thu Feb 26 22:51:55 2026] GET /resource_providers/bcb93973-bb40-42f9-96aa-a16b42be5736/usages => generated 90 bytes in 23 msecs (HTTP/1.1 200) 6 headers in 223 bytes (1 switches on core 0)
2026-02-26 22:51:56.156 7 INFO placement.requestlog [None req-3fec537a-28c1-4433-ad81-af0c905518eb - - - - - -] 10.0.0.253 "GET /" status: 200 len: 136 microversion: 1.0
2026-02-26 22:51:56.156 8 INFO placement.requestlog [None req-82bba5bc-7765-41ad-a1b0-3a12f1531209 - - - - - -] 10.0.0.253 "GET /" status: 200 len: 136 microversion: 1.0
2026-02-26 22:51:56.954 7 INFO placement.requestlog [req-8b3b08a9-ed05-4a81-9ecb-fe60032cce95 req-3fcf7e00-4d11-4579-b59a-a534893f97ff 9a31200b2e694e3498df3951b9538d92 ceee567fea5c487283774f553313b658 - - 1121ce3566d04016b7a2a1c945cba5cf 1121ce3566d04016b7a2a1c945cba5cf] 10.0.0.32 "GET /allocation_candidates?limit=1000&resources=MEMORY_MB%3A512%2CVCPU%3A1&root_required=%21COMPUTE_STATUS_DISABLED" status: 200 len: 2769 microversion: 1.36 [pid: 7|app: 0|req: 346/692] 10.0.0.32 () {34 vars in 982 bytes} [Thu Feb 26 22:51:56 2026] GET /allocation_candidates?limit=1000&resources=MEMORY_MB%3A512%2CVCPU%3A1&root_required=%21COMPUTE_STATUS_DISABLED => generated 2769 bytes in 68 msecs (HTTP/1.1 200) 8 headers in 297 bytes (1 switches on core 0)
2026-02-26 22:51:56.996 8 INFO placement.requestlog [req-8b3b08a9-ed05-4a81-9ecb-fe60032cce95 req-726a58fb-bcdd-4bcb-a4b3-dcd8a640aed7 9a31200b2e694e3498df3951b9538d92 ceee567fea5c487283774f553313b658 - - 1121ce3566d04016b7a2a1c945cba5cf 1121ce3566d04016b7a2a1c945cba5cf] 10.0.0.32 "GET /allocations/bc2a0155-905a-4558-986d-e2fde9f2d9fb" status: 200 len: 19 microversion: 1.28 [pid: 8|app: 0|req: 347/693] 10.0.0.32 () {34 vars in 859 bytes} [Thu Feb 26 22:51:56 2026] GET /allocations/bc2a0155-905a-4558-986d-e2fde9f2d9fb => generated 19 bytes in 15 msecs (HTTP/1.1 200) 8 headers in 295 bytes (1 switches on core 0)
2026-02-26 22:51:57.099 7 INFO placement.requestlog [req-8b3b08a9-ed05-4a81-9ecb-fe60032cce95 req-dabc33d9-29ba-4240-a5fc-7c28a5505fa2 9a31200b2e694e3498df3951b9538d92 ceee567fea5c487283774f553313b658 - - 1121ce3566d04016b7a2a1c945cba5cf 1121ce3566d04016b7a2a1c945cba5cf] 10.0.0.32 "PUT /allocations/bc2a0155-905a-4558-986d-e2fde9f2d9fb" status: 204 len: 0 microversion: 1.36 [pid: 7|app: 0|req: 347/694] 10.0.0.32 () {38 vars in 912 bytes} [Thu Feb 26 22:51:57 2026] PUT /allocations/bc2a0155-905a-4558-986d-e2fde9f2d9fb => generated 0 bytes in 81 msecs (HTTP/1.1 204) 5 headers in 199 bytes (1 switches on core 0)
2026-02-26 22:51:58.565 8 INFO placement.requestlog [req-8b3b08a9-ed05-4a81-9ecb-fe60032cce95 req-0a0df8c6-693f-4a9c-a18c-e84c34c30043 9a31200b2e694e3498df3951b9538d92 ceee567fea5c487283774f553313b658 - - 1121ce3566d04016b7a2a1c945cba5cf 1121ce3566d04016b7a2a1c945cba5cf] 162.253.55.110 "GET /allocations/bc2a0155-905a-4558-986d-e2fde9f2d9fb" status: 200 len: 243 microversion: 1.28 [pid: 8|app: 0|req: 348/695] 162.253.55.110 () {34 vars in 862 bytes} [Thu Feb 26 22:51:58 2026] GET /allocations/bc2a0155-905a-4558-986d-e2fde9f2d9fb => generated 243 bytes in 23 msecs (HTTP/1.1 200) 8 headers in 296 bytes (1 switches on core 0)
2026-02-26 22:51:58.769 7 INFO placement.requestlog [None req-a1d0d96d-1a5f-4048-8c5a-f3250f983eea 7b8b3e7a9ae549efa729f77811f0ddf2 ceee567fea5c487283774f553313b658 - - 1121ce3566d04016b7a2a1c945cba5cf 1121ce3566d04016b7a2a1c945cba5cf] 10.0.0.26 "GET /resource_providers/939b1d68-fd6c-4693-9331-a9b919152002/aggregates" status: 404 len: 235 microversion: 1.1 [pid: 7|app: 0|req: 348/696] 10.0.0.26 () {32 vars in 814 bytes} [Thu Feb 26 22:51:58 2026] GET /resource_providers/939b1d68-fd6c-4693-9331-a9b919152002/aggregates => generated 235 bytes in 8 msecs (HTTP/1.1 404) 5 headers in 202 bytes (1 switches on core 0)
2026-02-26 22:51:58.774 8 INFO placement.requestlog [None req-45c3876e-b6f9-45f9-8bef-0bdb2c2ef4f5 7b8b3e7a9ae549efa729f77811f0ddf2 ceee567fea5c487283774f553313b658 - - 1121ce3566d04016b7a2a1c945cba5cf 1121ce3566d04016b7a2a1c945cba5cf] 10.0.0.26 "GET /resource_providers/939b1d68-fd6c-4693-9331-a9b919152002/aggregates" status: 404 len: 235 microversion: 1.1 [pid: 8|app: 0|req: 349/697] 10.0.0.26 () {32 vars in 814 bytes} [Thu Feb 26 22:51:58 2026] GET /resource_providers/939b1d68-fd6c-4693-9331-a9b919152002/aggregates => generated 235 bytes in 12 msecs (HTTP/1.1 404) 5 headers in 202 bytes (1 switches on core 0)
2026-02-26 22:51:58.790 7 INFO placement.requestlog [None req-d857a24e-b3b6-43a2-92b3-a5fdca4b5985 7b8b3e7a9ae549efa729f77811f0ddf2 ceee567fea5c487283774f553313b658 - - 1121ce3566d04016b7a2a1c945cba5cf 1121ce3566d04016b7a2a1c945cba5cf] 10.0.0.26 "DELETE /resource_providers/939b1d68-fd6c-4693-9331-a9b919152002" status: 404 len: 246 microversion: 1.1 [pid: 7|app: 0|req: 349/698] 10.0.0.26 () {34 vars in 814 bytes} [Thu Feb 26 22:51:58 2026] DELETE /resource_providers/939b1d68-fd6c-4693-9331-a9b919152002 => generated 246 bytes in 11 msecs (HTTP/1.1 404) 6 headers in 231 bytes (1 switches on core 0)
2026-02-26 22:51:58.801 8 INFO placement.requestlog [None req-b840e568-9b58-4e5d-b7aa-bbde8c7d7406 7b8b3e7a9ae549efa729f77811f0ddf2 ceee567fea5c487283774f553313b658 - - 1121ce3566d04016b7a2a1c945cba5cf 1121ce3566d04016b7a2a1c945cba5cf] 10.0.0.26 "DELETE /resource_providers/939b1d68-fd6c-4693-9331-a9b919152002" status: 404 len: 246 microversion: 1.1 [pid: 8|app: 0|req: 350/699] 10.0.0.26 () {34 vars in 814 bytes} [Thu Feb 26 22:51:58 2026] DELETE /resource_providers/939b1d68-fd6c-4693-9331-a9b919152002 => generated 246 bytes in 9 msecs (HTTP/1.1 404) 6 headers in 231 bytes (1 switches on core 0)
2026-02-26 22:51:59.481 7 INFO placement.requestlog [None req-652516fd-45e7-4eff-b835-aaa14a65aff9 7b8b3e7a9ae549efa729f77811f0ddf2 ceee567fea5c487283774f553313b658 - - 1121ce3566d04016b7a2a1c945cba5cf 1121ce3566d04016b7a2a1c945cba5cf] 10.0.0.26 "GET /resource_providers/2b0cde4d-ce5e-487c-957d-800d02cf0402/aggregates" status: 404 len: 235 microversion: 1.1 [pid: 7|app: 0|req: 350/700] 10.0.0.26 () {32 vars in 814 bytes} [Thu Feb 26 22:51:59 2026] GET /resource_providers/2b0cde4d-ce5e-487c-957d-800d02cf0402/aggregates => generated 235 bytes in 11 msecs (HTTP/1.1 404) 5 headers in 202 bytes (1 switches on core 0)
2026-02-26 22:51:59.498 7 INFO placement.requestlog [None req-fff1a7c3-0ed5-416e-aa0b-7e280e835b29 7b8b3e7a9ae549efa729f77811f0ddf2 ceee567fea5c487283774f553313b658 - - 1121ce3566d04016b7a2a1c945cba5cf 1121ce3566d04016b7a2a1c945cba5cf] 10.0.0.26 "DELETE /resource_providers/2b0cde4d-ce5e-487c-957d-800d02cf0402" status: 404 len: 246 microversion: 1.1 [pid: 7|app: 0|req: 351/701] 10.0.0.26 () {34 vars in 814 bytes} [Thu Feb 26 22:51:59 2026] DELETE /resource_providers/2b0cde4d-ce5e-487c-957d-800d02cf0402 => generated 246 bytes in 7 msecs (HTTP/1.1 404) 6 headers in 231 bytes (1 switches on core 0)
2026-02-26 22:51:59.498 8 INFO placement.requestlog [None req-dcf351a0-b2fd-47a7-a0ee-08cf3fb98f59 7b8b3e7a9ae549efa729f77811f0ddf2 ceee567fea5c487283774f553313b658 - - 1121ce3566d04016b7a2a1c945cba5cf 1121ce3566d04016b7a2a1c945cba5cf] 10.0.0.26 "GET /resource_providers/2b0cde4d-ce5e-487c-957d-800d02cf0402/aggregates" status: 404 len: 235 microversion: 1.1 [pid: 8|app: 0|req: 351/702] 10.0.0.26 () {32 vars in 814 bytes} [Thu Feb 26 22:51:59 2026] GET /resource_providers/2b0cde4d-ce5e-487c-957d-800d02cf0402/aggregates => generated 235 bytes in 19 msecs (HTTP/1.1 404) 5 headers in 202 bytes (1 switches on core 0)
2026-02-26 22:51:59.516 7 INFO placement.requestlog [None req-f816a8b8-d383-4be0-b6be-d477a8f91723 7b8b3e7a9ae549efa729f77811f0ddf2 ceee567fea5c487283774f553313b658 - - 1121ce3566d04016b7a2a1c945cba5cf 1121ce3566d04016b7a2a1c945cba5cf] 10.0.0.26 "DELETE /resource_providers/2b0cde4d-ce5e-487c-957d-800d02cf0402" status: 404 len: 246 microversion: 1.1 [pid: 7|app: 0|req: 352/703] 10.0.0.26 () {34 vars in 814 bytes} [Thu Feb 26 22:51:59 2026] DELETE /resource_providers/2b0cde4d-ce5e-487c-957d-800d02cf0402 => generated 246 bytes in 5 msecs (HTTP/1.1 404) 6 headers in 231 bytes (1 switches on core 0)
2026-02-26 22:51:59.640 8 INFO placement.requestlog [req-8b3b08a9-ed05-4a81-9ecb-fe60032cce95 req-a73c108c-c623-4c01-a34e-08599d6f853e 9a31200b2e694e3498df3951b9538d92 ceee567fea5c487283774f553313b658 - - 1121ce3566d04016b7a2a1c945cba5cf 1121ce3566d04016b7a2a1c945cba5cf] 162.253.55.110 "GET /resource_providers/bcb93973-bb40-42f9-96aa-a16b42be5736/allocations" status: 200 len: 238 microversion: 1.0 [pid: 8|app: 0|req: 352/704] 162.253.55.110 () {32 vars in 856 bytes} [Thu Feb 26 22:51:59 2026] GET /resource_providers/bcb93973-bb40-42f9-96aa-a16b42be5736/allocations => generated 238 bytes in 20 msecs (HTTP/1.1 200) 6 headers in 224 bytes (1 switches on core 0)
2026-02-26 22:51:59.665 7 INFO placement.requestlog [req-8b3b08a9-ed05-4a81-9ecb-fe60032cce95 req-e0cdb2d5-3150-4951-bf17-8f415cab74de 9a31200b2e694e3498df3951b9538d92 ceee567fea5c487283774f553313b658 - - 1121ce3566d04016b7a2a1c945cba5cf 1121ce3566d04016b7a2a1c945cba5cf] 162.253.55.110 "GET /allocations/d884bd75-95e9-4a92-8a72-22e798cdd731" status: 200 len: 257 microversion: 1.28 [pid: 7|app: 0|req: 353/705] 162.253.55.110 () {34 vars in 862 bytes} [Thu Feb 26 22:51:59 2026] GET /allocations/d884bd75-95e9-4a92-8a72-22e798cdd731 => generated 257 bytes in 18 msecs (HTTP/1.1 200) 8 headers in 296 bytes (1 switches on core 0)
2026-02-26 22:51:59.688 8 INFO placement.requestlog [req-8b3b08a9-ed05-4a81-9ecb-fe60032cce95 req-35e7b21e-e4dc-46da-b0d2-62b19b49b830 9a31200b2e694e3498df3951b9538d92 ceee567fea5c487283774f553313b658 - - 1121ce3566d04016b7a2a1c945cba5cf 1121ce3566d04016b7a2a1c945cba5cf] 162.253.55.110 "GET /allocations/bc2a0155-905a-4558-986d-e2fde9f2d9fb" status: 200 len: 243 microversion: 1.28 [pid: 8|app: 0|req: 353/706] 162.253.55.110 () {34 vars in 862 bytes} [Thu Feb 26 22:51:59 2026] GET /allocations/bc2a0155-905a-4558-986d-e2fde9f2d9fb => generated 243 bytes in 15 msecs (HTTP/1.1 200) 8 headers in 296 bytes (1 switches on core 0)
2026-02-26 22:52:06.155 7 INFO placement.requestlog [None req-3b016f24-1880-48e9-b87e-551b211993b1 - - - - - -] 10.0.0.253 "GET /" status: 200 len: 136 microversion: 1.0
2026-02-26 22:52:06.156 8 INFO placement.requestlog [None req-3e5028ac-ccfa-4fcc-8dbd-79db43b51c70 - - - - - -] 10.0.0.253 "GET /" status: 200 len: 136 microversion: 1.0
2026-02-26 22:52:09.328 7 INFO placement.requestlog [req-fded207a-d7be-4c8b-a75c-a618ae86e93e req-106d4fe6-118b-4727-ab18-af102e30c7b0 9a31200b2e694e3498df3951b9538d92 ceee567fea5c487283774f553313b658 - - 1121ce3566d04016b7a2a1c945cba5cf 1121ce3566d04016b7a2a1c945cba5cf] 10.0.0.32 "GET /allocation_candidates?limit=1000&resources=DISK_GB%3A1%2CMEMORY_MB%3A512%2CVCPU%3A1&root_required=%21COMPUTE_STATUS_DISABLED" status: 200 len: 2784 microversion: 1.36 [pid: 7|app: 0|req: 355/709] 10.0.0.32 () {34 vars in 1010 bytes} [Thu Feb 26 22:52:09 2026] GET /allocation_candidates?limit=1000&resources=DISK_GB%3A1%2CMEMORY_MB%3A512%2CVCPU%3A1&root_required=%21COMPUTE_STATUS_DISABLED => generated 2784 bytes in 59 msecs (HTTP/1.1 200) 8 headers in 297 bytes (1 switches on core 0)
2026-02-26 22:52:09.360 8 INFO placement.requestlog [req-fded207a-d7be-4c8b-a75c-a618ae86e93e req-eebfa9c0-ff0a-4e4f-8838-27f6a1f076f4 9a31200b2e694e3498df3951b9538d92 ceee567fea5c487283774f553313b658 - - 1121ce3566d04016b7a2a1c945cba5cf 1121ce3566d04016b7a2a1c945cba5cf] 10.0.0.32 "GET /allocations/b9ce2ee0-f7a0-48fa-868b-47acfc0ff7c9" status: 200 len: 19 microversion: 1.28 [pid: 8|app: 0|req: 355/710] 10.0.0.32 () {34 vars in 859 bytes} [Thu Feb 26 22:52:09 2026] GET /allocations/b9ce2ee0-f7a0-48fa-868b-47acfc0ff7c9 => generated 19 bytes in 9 msecs (HTTP/1.1 200) 8 headers in 295 bytes (1 switches on core 0)
2026-02-26 22:52:09.461 7 INFO placement.requestlog [req-fded207a-d7be-4c8b-a75c-a618ae86e93e req-14e19c7a-11e6-4be7-a704-66c1e81bd5de 9a31200b2e694e3498df3951b9538d92 ceee567fea5c487283774f553313b658 - - 1121ce3566d04016b7a2a1c945cba5cf 1121ce3566d04016b7a2a1c945cba5cf] 10.0.0.32 "PUT /allocations/b9ce2ee0-f7a0-48fa-868b-47acfc0ff7c9" status: 204 len: 0 microversion: 1.36 [pid: 7|app: 0|req: 356/711] 10.0.0.32 () {38 vars in 912 bytes} [Thu Feb 26 22:52:09 2026] PUT /allocations/b9ce2ee0-f7a0-48fa-868b-47acfc0ff7c9 => generated 0 bytes in 95 msecs (HTTP/1.1 204) 5 headers in 199 bytes (1 switches on core 0)
2026-02-26 22:52:10.959 8 INFO placement.requestlog [req-fded207a-d7be-4c8b-a75c-a618ae86e93e req-a73ae02d-68de-4c7c-a1f5-78430be9db1e 9a31200b2e694e3498df3951b9538d92 ceee567fea5c487283774f553313b658 - - 1121ce3566d04016b7a2a1c945cba5cf 1121ce3566d04016b7a2a1c945cba5cf] 162.253.55.110 "GET /allocations/b9ce2ee0-f7a0-48fa-868b-47acfc0ff7c9" status: 200 len: 257 microversion: 1.28 [pid: 8|app: 0|req: 356/712] 162.253.55.110 () {34 vars in 862 bytes} [Thu Feb 26 22:52:10 2026] GET /allocations/b9ce2ee0-f7a0-48fa-868b-47acfc0ff7c9 => generated 257 bytes in 27 msecs (HTTP/1.1 200) 8 headers in 296 bytes (1 switches on core 0)
2026-02-26 22:52:12.006 7 INFO placement.requestlog [req-fded207a-d7be-4c8b-a75c-a618ae86e93e req-7b5b0823-dee5-4776-9f11-f311d84cb69d 9a31200b2e694e3498df3951b9538d92 ceee567fea5c487283774f553313b658 - - 1121ce3566d04016b7a2a1c945cba5cf 1121ce3566d04016b7a2a1c945cba5cf] 162.253.55.110 "GET /resource_providers/bcb93973-bb40-42f9-96aa-a16b42be5736/allocations" status: 200 len: 338 microversion: 1.0 [pid: 7|app: 0|req: 357/713] 162.253.55.110 () {32 vars in 856 bytes} [Thu Feb 26 22:52:11 2026] GET /resource_providers/bcb93973-bb40-42f9-96aa-a16b42be5736/allocations => generated 338 bytes in 18 msecs (HTTP/1.1 200) 6 headers in 224 bytes (1 switches on core 0)
2026-02-26 22:52:12.023 8 INFO placement.requestlog [req-fded207a-d7be-4c8b-a75c-a618ae86e93e req-d667f0b1-2027-4f04-ad6c-f6ad9e5f0370 9a31200b2e694e3498df3951b9538d92 ceee567fea5c487283774f553313b658 - - 1121ce3566d04016b7a2a1c945cba5cf 1121ce3566d04016b7a2a1c945cba5cf] 162.253.55.110 "GET /allocations/d884bd75-95e9-4a92-8a72-22e798cdd731" status: 200 len: 257 microversion: 1.28 [pid: 8|app: 0|req: 357/714] 162.253.55.110 () {34 vars in 862 bytes} [Thu Feb 26 22:52:12 2026] GET /allocations/d884bd75-95e9-4a92-8a72-22e798cdd731 => generated 257 bytes in 13 msecs (HTTP/1.1 200) 8 headers in 296 bytes (1 switches on core 0)
2026-02-26 22:52:12.042 7 INFO placement.requestlog [req-fded207a-d7be-4c8b-a75c-a618ae86e93e req-475546ea-53d9-4255-8498-5d14b61b96ff 9a31200b2e694e3498df3951b9538d92 ceee567fea5c487283774f553313b658 - - 1121ce3566d04016b7a2a1c945cba5cf 1121ce3566d04016b7a2a1c945cba5cf] 162.253.55.110 "GET /allocations/b9ce2ee0-f7a0-48fa-868b-47acfc0ff7c9" status: 200 len: 257 microversion: 1.28 [pid: 7|app: 0|req: 358/715] 162.253.55.110 () {34 vars in 862 bytes} [Thu Feb 26 22:52:12 2026] GET /allocations/b9ce2ee0-f7a0-48fa-868b-47acfc0ff7c9 => generated 257 bytes in 16 msecs (HTTP/1.1 200) 8 headers in 296 bytes (1 switches on core 0)
2026-02-26 22:52:12.063 8 INFO placement.requestlog [req-fded207a-d7be-4c8b-a75c-a618ae86e93e req-1dff9325-46c2-4c13-beea-9b7fdb7fede1 9a31200b2e694e3498df3951b9538d92 ceee567fea5c487283774f553313b658 - - 1121ce3566d04016b7a2a1c945cba5cf 1121ce3566d04016b7a2a1c945cba5cf] 162.253.55.110 "GET /allocations/bc2a0155-905a-4558-986d-e2fde9f2d9fb" status: 200 len: 243 microversion: 1.28 [pid: 8|app: 0|req: 358/716] 162.253.55.110 () {34 vars in 862 bytes} [Thu Feb 26 22:52:12 2026] GET /allocations/bc2a0155-905a-4558-986d-e2fde9f2d9fb => generated 243 bytes in 15 msecs (HTTP/1.1 200) 8 headers in 296 bytes (1 switches on core 0)
2026-02-26 22:52:16.156 8 INFO placement.requestlog [None req-be01a783-655f-4da1-aa09-e1a7d935f3c9 - - - - - -] 10.0.0.253 "GET /" status: 200 len: 136 microversion: 1.0
2026-02-26 22:52:16.158 7 INFO placement.requestlog [None req-cdec1eef-92ba-467d-8375-f5d3b34c8eab - - - - - -] 10.0.0.253 "GET /" status: 200 len: 136 microversion: 1.0
2026-02-26 22:52:21.260 8 INFO placement.requestlog [req-6e82e067-9586-4f88-be9d-7da0897243ea req-e0716212-5919-4d07-8f2e-26bbc0cd62e0 9a31200b2e694e3498df3951b9538d92 ceee567fea5c487283774f553313b658 - - 1121ce3566d04016b7a2a1c945cba5cf 1121ce3566d04016b7a2a1c945cba5cf] 162.253.55.110 "GET /resource_providers/bcb93973-bb40-42f9-96aa-a16b42be5736/allocations" status: 200 len: 338 microversion: 1.0 [pid: 8|app: 0|req: 360/719] 162.253.55.110 () {32 vars in 856 bytes} [Thu Feb 26 22:52:21 2026] GET /resource_providers/bcb93973-bb40-42f9-96aa-a16b42be5736/allocations => generated 338 bytes in 18 msecs (HTTP/1.1 200) 6 headers in 224 bytes (1 switches on core 0)
2026-02-26 22:52:21.298 7 INFO placement.requestlog [req-6e82e067-9586-4f88-be9d-7da0897243ea req-0cbbb589-8d40-4e19-b80d-a308fabefe37 9a31200b2e694e3498df3951b9538d92 ceee567fea5c487283774f553313b658 - - 1121ce3566d04016b7a2a1c945cba5cf 1121ce3566d04016b7a2a1c945cba5cf] 162.253.55.110 "GET /allocations/d884bd75-95e9-4a92-8a72-22e798cdd731" status: 200 len: 257 microversion: 1.28 [pid: 7|app: 0|req: 360/720] 162.253.55.110 () {34 vars in 862 bytes} [Thu Feb 26 22:52:21 2026] GET /allocations/d884bd75-95e9-4a92-8a72-22e798cdd731 => generated 257 bytes in 32 msecs (HTTP/1.1 200) 8 headers in 296 bytes (1 switches on core 0)
2026-02-26 22:52:21.326 8 INFO placement.requestlog [req-6e82e067-9586-4f88-be9d-7da0897243ea req-e47cb703-95b1-46a7-ae17-21bf24e5e005 9a31200b2e694e3498df3951b9538d92 ceee567fea5c487283774f553313b658 - - 1121ce3566d04016b7a2a1c945cba5cf 1121ce3566d04016b7a2a1c945cba5cf] 162.253.55.110 "GET /allocations/b9ce2ee0-f7a0-48fa-868b-47acfc0ff7c9" status: 200 len: 257 microversion: 1.28 [pid: 8|app: 0|req: 361/721] 162.253.55.110 () {34 vars in 862 bytes} [Thu Feb 26 22:52:21 2026] GET /allocations/b9ce2ee0-f7a0-48fa-868b-47acfc0ff7c9 => generated 257 bytes in 23 msecs (HTTP/1.1 200) 8 headers in 296 bytes (1 switches on core 0)
2026-02-26 22:52:21.344 7 INFO placement.requestlog [req-6e82e067-9586-4f88-be9d-7da0897243ea req-b906d7e0-4a60-4043-87ca-358451f3ac03 9a31200b2e694e3498df3951b9538d92 ceee567fea5c487283774f553313b658 - - 1121ce3566d04016b7a2a1c945cba5cf 1121ce3566d04016b7a2a1c945cba5cf] 162.253.55.110 "GET /allocations/bc2a0155-905a-4558-986d-e2fde9f2d9fb" status: 200 len: 243 microversion: 1.28 [pid: 7|app: 0|req: 361/722] 162.253.55.110 () {34 vars in 862 bytes} [Thu Feb 26 22:52:21 2026] GET /allocations/bc2a0155-905a-4558-986d-e2fde9f2d9fb => generated 243 bytes in 12 msecs (HTTP/1.1 200) 8 headers in 296 bytes (1 switches on core 0)
2026-02-26 22:52:22.393 8 INFO placement.requestlog [req-6e82e067-9586-4f88-be9d-7da0897243ea req-5b6c4d2d-bd72-4d21-a195-457e8d577c03 9a31200b2e694e3498df3951b9538d92 ceee567fea5c487283774f553313b658 - - 1121ce3566d04016b7a2a1c945cba5cf 1121ce3566d04016b7a2a1c945cba5cf] 162.253.55.110 "DELETE /allocations/bc2a0155-905a-4558-986d-e2fde9f2d9fb" status: 204 len: 0 microversion: 1.0 [pid: 8|app: 0|req: 362/723] 162.253.55.110 () {34 vars in 840 bytes} [Thu Feb 26 22:52:22 2026] DELETE /allocations/bc2a0155-905a-4558-986d-e2fde9f2d9fb => generated 0 bytes in 26 msecs (HTTP/1.1 204) 5 headers in 198 bytes (1 switches on core 0)
2026-02-26 22:52:25.809 7 INFO placement.requestlog [None req-02b84b94-b5c1-40e0-8754-c394f6f6c13e 7b8b3e7a9ae549efa729f77811f0ddf2 ceee567fea5c487283774f553313b658 - - 1121ce3566d04016b7a2a1c945cba5cf 1121ce3566d04016b7a2a1c945cba5cf] 10.0.0.26 "GET /resource_providers/58e4b2b3-4ded-43df-bdec-6ddeb3c15459/aggregates" status: 404 len: 235 microversion: 1.1 [pid: 7|app: 0|req: 362/724] 10.0.0.26 () {32 vars in 814 bytes} [Thu Feb 26 22:52:25 2026] GET /resource_providers/58e4b2b3-4ded-43df-bdec-6ddeb3c15459/aggregates => generated 235 bytes in 13 msecs (HTTP/1.1 404) 5 headers in 202 bytes (1 switches on core 0)
2026-02-26 22:52:25.810 8 INFO placement.requestlog [None req-a857040f-f8e9-4920-b0c6-0efc3ea9548b 7b8b3e7a9ae549efa729f77811f0ddf2 ceee567fea5c487283774f553313b658 - - 1121ce3566d04016b7a2a1c945cba5cf 1121ce3566d04016b7a2a1c945cba5cf] 10.0.0.26 "GET /resource_providers/58e4b2b3-4ded-43df-bdec-6ddeb3c15459/aggregates" status: 404 len: 235 microversion: 1.1 [pid: 8|app: 0|req: 363/725] 10.0.0.26 () {32 vars in 814 bytes} [Thu Feb 26 22:52:25 2026] GET /resource_providers/58e4b2b3-4ded-43df-bdec-6ddeb3c15459/aggregates => generated 235 bytes in 9 msecs (HTTP/1.1 404) 5 headers in 202 bytes (1 switches on core 0)
2026-02-26 22:52:25.830 8 INFO placement.requestlog [None req-4dca530c-269e-4e5c-ab25-fc458c2ee77d 7b8b3e7a9ae549efa729f77811f0ddf2 ceee567fea5c487283774f553313b658 - - 1121ce3566d04016b7a2a1c945cba5cf 1121ce3566d04016b7a2a1c945cba5cf] 10.0.0.26 "DELETE /resource_providers/58e4b2b3-4ded-43df-bdec-6ddeb3c15459" status: 404 len: 246 microversion: 1.1 [pid: 8|app: 0|req: 364/726] 10.0.0.26 () {34 vars in 814 bytes} [Thu Feb 26 22:52:25 2026] DELETE /resource_providers/58e4b2b3-4ded-43df-bdec-6ddeb3c15459 => generated 246 bytes in 8 msecs (HTTP/1.1 404) 6 headers in 231 bytes (1 switches on core 0)
2026-02-26 22:52:25.837 7 INFO placement.requestlog [None req-e78803f9-d07c-4e10-aa83-b3dab37110ec 7b8b3e7a9ae549efa729f77811f0ddf2 ceee567fea5c487283774f553313b658 - - 1121ce3566d04016b7a2a1c945cba5cf 1121ce3566d04016b7a2a1c945cba5cf] 10.0.0.26 "DELETE /resource_providers/58e4b2b3-4ded-43df-bdec-6ddeb3c15459" status: 404 len: 246 microversion: 1.1 [pid: 7|app: 0|req: 363/727] 10.0.0.26 () {34 vars in 814 bytes} [Thu Feb 26 22:52:25 2026] DELETE /resource_providers/58e4b2b3-4ded-43df-bdec-6ddeb3c15459 => generated 246 bytes in 15 msecs (HTTP/1.1 404) 6 headers in 231 bytes (1 switches on core 0)
2026-02-26 22:52:26.156 8 INFO placement.requestlog [None req-9dfb80a7-12a8-4d62-bb9d-36402c96c002 - - - - - -] 10.0.0.253 "GET /" status: 200 len: 136 microversion: 1.0
2026-02-26 22:52:26.156 7 INFO placement.requestlog [None req-66241e93-7f68-4dd8-8186-a5c6b227e548 - - - - - -] 10.0.0.253 "GET /" status: 200 len: 136 microversion: 1.0
2026-02-26 22:52:27.871 7 INFO placement.requestlog [None req-e9903a7c-784d-4d01-ac1a-8039a2e77770 7b8b3e7a9ae549efa729f77811f0ddf2 ceee567fea5c487283774f553313b658 - - 1121ce3566d04016b7a2a1c945cba5cf 1121ce3566d04016b7a2a1c945cba5cf] 10.0.0.26 "GET /resource_providers/6617bcd2-8a47-4e11-b2e7-47f4e1dfc4d7/aggregates" status: 404 len: 235 microversion: 1.1 [pid: 7|app: 0|req: 365/730] 10.0.0.26 () {32 vars in 814 bytes} [Thu Feb 26 22:52:27 2026] GET /resource_providers/6617bcd2-8a47-4e11-b2e7-47f4e1dfc4d7/aggregates => generated 235 bytes in 12 msecs (HTTP/1.1 404) 5 headers in 202 bytes (1 switches on core 0)
2026-02-26 22:52:27.873 8 INFO placement.requestlog [None req-4261ffef-49b7-4d1d-bc2f-cf23fe728822 7b8b3e7a9ae549efa729f77811f0ddf2 ceee567fea5c487283774f553313b658 - - 1121ce3566d04016b7a2a1c945cba5cf 1121ce3566d04016b7a2a1c945cba5cf] 10.0.0.26 "GET /resource_providers/6617bcd2-8a47-4e11-b2e7-47f4e1dfc4d7/aggregates" status: 404 len: 235 microversion: 1.1 [pid: 8|app: 0|req: 366/731] 10.0.0.26 () {32 vars in 814 bytes} [Thu Feb 26 22:52:27 2026] GET /resource_providers/6617bcd2-8a47-4e11-b2e7-47f4e1dfc4d7/aggregates => generated 235 bytes in 15 msecs (HTTP/1.1 404) 5 headers in 202 bytes (1 switches on core 0)
2026-02-26 22:52:27.893 7 INFO placement.requestlog [None req-6a4c3c3e-cc03-4497-94ec-e06bd57f5bf4 7b8b3e7a9ae549efa729f77811f0ddf2 ceee567fea5c487283774f553313b658 - - 1121ce3566d04016b7a2a1c945cba5cf 1121ce3566d04016b7a2a1c945cba5cf] 10.0.0.26 "DELETE /resource_providers/6617bcd2-8a47-4e11-b2e7-47f4e1dfc4d7" status: 404 len: 246 microversion: 1.1 [pid: 7|app: 0|req: 366/732] 10.0.0.26 () {34 vars in 814 bytes} [Thu Feb 26 22:52:27 2026] DELETE /resource_providers/6617bcd2-8a47-4e11-b2e7-47f4e1dfc4d7 => generated 246 bytes in 10 msecs (HTTP/1.1 404) 6 headers in 231 bytes (1 switches on core 0)
2026-02-26 22:52:27.894 8 INFO placement.requestlog [None req-db5485f7-b2e7-41aa-acd6-ca37e20d6189 7b8b3e7a9ae549efa729f77811f0ddf2 ceee567fea5c487283774f553313b658 - - 1121ce3566d04016b7a2a1c945cba5cf 1121ce3566d04016b7a2a1c945cba5cf] 10.0.0.26 "DELETE /resource_providers/6617bcd2-8a47-4e11-b2e7-47f4e1dfc4d7" status: 404 len: 246 microversion: 1.1 [pid: 8|app: 0|req: 367/733] 10.0.0.26 () {34 vars in 814 bytes} [Thu Feb 26 22:52:27 2026] DELETE /resource_providers/6617bcd2-8a47-4e11-b2e7-47f4e1dfc4d7 => generated 246 bytes in 8 msecs (HTTP/1.1 404) 6 headers in 231 bytes (1 switches on core 0)
2026-02-26 22:52:30.096 7 INFO placement.requestlog [req-f72ef7bc-05f7-4c16-850d-bebab868d249 req-391f80ea-7296-40ab-bbe5-330e01dbb497 9a31200b2e694e3498df3951b9538d92 ceee567fea5c487283774f553313b658 - - 1121ce3566d04016b7a2a1c945cba5cf 1121ce3566d04016b7a2a1c945cba5cf] 162.253.55.110 "GET /resource_providers/bcb93973-bb40-42f9-96aa-a16b42be5736/allocations" status: 200 len: 252 microversion: 1.0 [pid: 7|app: 0|req: 367/734] 162.253.55.110 () {32 vars in 856 bytes} [Thu Feb 26 22:52:30 2026] GET /resource_providers/bcb93973-bb40-42f9-96aa-a16b42be5736/allocations => generated 252 bytes in 16 msecs (HTTP/1.1 200) 6 headers in 224 bytes (1 switches on core 0)
2026-02-26 22:52:30.121 8 INFO placement.requestlog [req-f72ef7bc-05f7-4c16-850d-bebab868d249 req-472af10a-bba6-4dc4-adca-a009af9690be 9a31200b2e694e3498df3951b9538d92 ceee567fea5c487283774f553313b658 - - 1121ce3566d04016b7a2a1c945cba5cf 1121ce3566d04016b7a2a1c945cba5cf] 162.253.55.110 "GET /allocations/d884bd75-95e9-4a92-8a72-22e798cdd731" status: 200 len: 257 microversion: 1.28 [pid: 8|app: 0|req: 368/735] 162.253.55.110 () {34 vars in 862 bytes} [Thu Feb 26 22:52:30 2026] GET /allocations/d884bd75-95e9-4a92-8a72-22e798cdd731 => generated 257 bytes in 18 msecs (HTTP/1.1 200) 8 headers in 296 bytes (1 switches on core 0)
2026-02-26 22:52:30.142 7 INFO placement.requestlog [req-f72ef7bc-05f7-4c16-850d-bebab868d249 req-755d5214-f264-417b-9a2f-04556f8df7fa 9a31200b2e694e3498df3951b9538d92 ceee567fea5c487283774f553313b658 - - 1121ce3566d04016b7a2a1c945cba5cf 1121ce3566d04016b7a2a1c945cba5cf] 162.253.55.110 "GET /allocations/b9ce2ee0-f7a0-48fa-868b-47acfc0ff7c9" status: 200 len: 257 microversion: 1.28 [pid: 7|app: 0|req: 368/736] 162.253.55.110 () {34 vars in 862 bytes} [Thu Feb 26 22:52:30 2026] GET /allocations/b9ce2ee0-f7a0-48fa-868b-47acfc0ff7c9 => generated 257 bytes in 16 msecs (HTTP/1.1 200) 8 headers in 296 bytes (1 switches on core 0)
2026-02-26 22:52:31.207 8 INFO placement.requestlog [req-f72ef7bc-05f7-4c16-850d-bebab868d249 req-effadbe0-1358-49b2-9025-385e28593f47 9a31200b2e694e3498df3951b9538d92 ceee567fea5c487283774f553313b658 - - 1121ce3566d04016b7a2a1c945cba5cf 1121ce3566d04016b7a2a1c945cba5cf] 162.253.55.110 "DELETE /allocations/d884bd75-95e9-4a92-8a72-22e798cdd731" status: 204 len: 0 microversion: 1.0 [pid: 8|app: 0|req: 369/737] 162.253.55.110 () {34 vars in 840 bytes} [Thu Feb 26 22:52:31 2026] DELETE /allocations/d884bd75-95e9-4a92-8a72-22e798cdd731 => generated 0 bytes in 38 msecs (HTTP/1.1 204) 5 headers in 198 bytes (1 switches on core 0)
2026-02-26 22:52:35.094 7 INFO placement.requestlog [None req-01369977-bcad-4311-8efe-8224f0e936f3 7b8b3e7a9ae549efa729f77811f0ddf2 ceee567fea5c487283774f553313b658 - - 1121ce3566d04016b7a2a1c945cba5cf 1121ce3566d04016b7a2a1c945cba5cf] 10.0.0.26 "GET /resource_providers/8d4f27de-8581-4e40-aeda-a7fca04f5240/aggregates" status: 404 len: 235 microversion: 1.1 [pid: 7|app: 0|req: 369/738] 10.0.0.26 () {32 vars in 814 bytes} [Thu Feb 26 22:52:35 2026] GET /resource_providers/8d4f27de-8581-4e40-aeda-a7fca04f5240/aggregates => generated 235 bytes in 13 msecs (HTTP/1.1 404) 5 headers in 202 bytes (1 switches on core 0)
2026-02-26 22:52:35.099 8 INFO placement.requestlog [None req-766f0767-7bb4-4866-99e8-41f76b28501e 7b8b3e7a9ae549efa729f77811f0ddf2 ceee567fea5c487283774f553313b658 - - 1121ce3566d04016b7a2a1c945cba5cf 1121ce3566d04016b7a2a1c945cba5cf] 10.0.0.26 "GET /resource_providers/8d4f27de-8581-4e40-aeda-a7fca04f5240/aggregates" status: 404 len: 235 microversion: 1.1 [pid: 8|app: 0|req: 370/739] 10.0.0.26 () {32 vars in 814 bytes} [Thu Feb 26 22:52:35 2026] GET /resource_providers/8d4f27de-8581-4e40-aeda-a7fca04f5240/aggregates => generated 235 bytes in 14 msecs (HTTP/1.1 404) 5 headers in 202 bytes (1 switches on core 0)
2026-02-26 22:52:35.118 7 INFO placement.requestlog [None req-d73c8c21-b92c-4549-8de9-ca44d2b53a24 7b8b3e7a9ae549efa729f77811f0ddf2 ceee567fea5c487283774f553313b658 - - 1121ce3566d04016b7a2a1c945cba5cf 1121ce3566d04016b7a2a1c945cba5cf] 10.0.0.26 "DELETE /resource_providers/8d4f27de-8581-4e40-aeda-a7fca04f5240" status: 404 len: 246 microversion: 1.1 [pid: 7|app: 0|req: 370/740] 10.0.0.26 () {34 vars in 814 bytes} [Thu Feb 26 22:52:35 2026] DELETE /resource_providers/8d4f27de-8581-4e40-aeda-a7fca04f5240 => generated 246 bytes in 9 msecs (HTTP/1.1 404) 6 headers in 231 bytes (1 switches on core 0)
2026-02-26 22:52:35.143 8 INFO placement.requestlog [None req-303acd25-3be9-4f16-b8c8-6c4eac3847d2 7b8b3e7a9ae549efa729f77811f0ddf2 ceee567fea5c487283774f553313b658 - - 1121ce3566d04016b7a2a1c945cba5cf 1121ce3566d04016b7a2a1c945cba5cf] 10.0.0.26 "DELETE /resource_providers/8d4f27de-8581-4e40-aeda-a7fca04f5240" status: 404 len: 246 microversion: 1.1 [pid: 8|app: 0|req: 371/741] 10.0.0.26 () {34 vars in 814 bytes} [Thu Feb 26 22:52:35 2026] DELETE /resource_providers/8d4f27de-8581-4e40-aeda-a7fca04f5240 => generated 246 bytes in 14 msecs (HTTP/1.1 404) 6 headers in 231 bytes (1 switches on core 0)
2026-02-26 22:52:36.155 7 INFO placement.requestlog [None req-a533ab67-806e-4d2c-b650-acb19d620e4f - - - - - -] 10.0.0.253 "GET /" status: 200 len: 136 microversion: 1.0
2026-02-26 22:52:36.156 8 INFO placement.requestlog [None req-ef9ced5b-76cf-4fc1-89f6-e97507479111 - - - - - -] 10.0.0.253 "GET /" status: 200 len: 136 microversion: 1.0
2026-02-26 22:52:36.873 7 INFO placement.requestlog [req-5a42c1c1-c52a-4a85-a199-4fdee12547cc req-248b0822-3bb8-4052-a7c1-0308a4337d7e 9a31200b2e694e3498df3951b9538d92 ceee567fea5c487283774f553313b658 - - 1121ce3566d04016b7a2a1c945cba5cf 1121ce3566d04016b7a2a1c945cba5cf] 10.0.0.32 "GET /allocation_candidates?limit=1000&resources=DISK_GB%3A1%2CMEMORY_MB%3A512%2CVCPU%3A1&root_required=%21COMPUTE_STATUS_DISABLED" status: 200 len: 2783 microversion: 1.36 [pid: 7|app: 0|req: 372/744] 10.0.0.32 () {34 vars in 1010 bytes} [Thu Feb 26 22:52:36 2026] GET /allocation_candidates?limit=1000&resources=DISK_GB%3A1%2CMEMORY_MB%3A512%2CVCPU%3A1&root_required=%21COMPUTE_STATUS_DISABLED => generated 2783 bytes in 57 msecs (HTTP/1.1 200) 8 headers in 297 bytes (1 switches on core 0)
2026-02-26 22:52:36.915 8 INFO placement.requestlog [req-5a42c1c1-c52a-4a85-a199-4fdee12547cc req-45a5adb9-fb1a-4573-ab01-3fefc329afa9 9a31200b2e694e3498df3951b9538d92 ceee567fea5c487283774f553313b658 - - 1121ce3566d04016b7a2a1c945cba5cf 1121ce3566d04016b7a2a1c945cba5cf] 10.0.0.32 "GET /allocations/b89a3671-2bac-48b2-ba07-7c846aa0b279" status: 200 len: 19 microversion: 1.28 [pid: 8|app: 0|req: 373/745] 10.0.0.32 () {34 vars in 859 bytes} [Thu Feb 26 22:52:36 2026] GET /allocations/b89a3671-2bac-48b2-ba07-7c846aa0b279 => generated 19 bytes in 14 msecs (HTTP/1.1 200) 8 headers in 295 bytes (1 switches on core 0)
2026-02-26 22:52:36.987 7 INFO placement.requestlog [req-5a42c1c1-c52a-4a85-a199-4fdee12547cc req-d92db37e-8ef3-4135-923b-141859c81911 9a31200b2e694e3498df3951b9538d92 ceee567fea5c487283774f553313b658 - - 1121ce3566d04016b7a2a1c945cba5cf 1121ce3566d04016b7a2a1c945cba5cf] 10.0.0.32 "PUT /allocations/b89a3671-2bac-48b2-ba07-7c846aa0b279" status: 204 len: 0 microversion: 1.36 [pid: 7|app: 0|req: 373/746] 10.0.0.32 () {38 vars in 912 bytes} [Thu Feb 26 22:52:36 2026] PUT /allocations/b89a3671-2bac-48b2-ba07-7c846aa0b279 => generated 0 bytes in 63 msecs (HTTP/1.1 204) 5 headers in 199 bytes (1 switches on core 0)
2026-02-26 22:52:37.137 8 INFO placement.requestlog [None req-59e2adaa-6e7b-44fa-adba-063ca0a2f741 7b8b3e7a9ae549efa729f77811f0ddf2 ceee567fea5c487283774f553313b658 - - 1121ce3566d04016b7a2a1c945cba5cf 1121ce3566d04016b7a2a1c945cba5cf] 10.0.0.26 "GET /resource_providers/0e950f67-52ea-480a-a00c-441e3092c6d9/aggregates" status: 404 len: 235 microversion: 1.1 [pid: 8|app: 0|req: 374/747] 10.0.0.26 () {32 vars in 814 bytes} [Thu Feb 26 22:52:37 2026] GET /resource_providers/0e950f67-52ea-480a-a00c-441e3092c6d9/aggregates => generated 235 bytes in 9 msecs (HTTP/1.1 404) 5 headers in 202 bytes (1 switches on core 0)
2026-02-26 22:52:37.155 7 INFO placement.requestlog [None req-8e5c566c-ed14-4061-8f39-43939abb00a0 7b8b3e7a9ae549efa729f77811f0ddf2 ceee567fea5c487283774f553313b658 - - 1121ce3566d04016b7a2a1c945cba5cf 1121ce3566d04016b7a2a1c945cba5cf] 10.0.0.26 "DELETE /resource_providers/0e950f67-52ea-480a-a00c-441e3092c6d9" status: 404 len: 246 microversion: 1.1 [pid: 7|app: 0|req: 374/748] 10.0.0.26 () {34 vars in 814 bytes} [Thu Feb 26 22:52:37 2026] DELETE /resource_providers/0e950f67-52ea-480a-a00c-441e3092c6d9 => generated 246 bytes in 10 msecs (HTTP/1.1 404) 6 headers in 231 bytes (1 switches on core 0)
2026-02-26 22:52:37.170 8 INFO placement.requestlog [None req-7886771e-c761-4276-ae73-0059890b0bf5 7b8b3e7a9ae549efa729f77811f0ddf2 ceee567fea5c487283774f553313b658 - - 1121ce3566d04016b7a2a1c945cba5cf 1121ce3566d04016b7a2a1c945cba5cf] 10.0.0.26 "GET /resource_providers/0e950f67-52ea-480a-a00c-441e3092c6d9/aggregates" status: 404 len: 235 microversion: 1.1 [pid: 8|app: 0|req: 375/749] 10.0.0.26 () {32 vars in 814 bytes} [Thu Feb 26 22:52:37 2026] GET /resource_providers/0e950f67-52ea-480a-a00c-441e3092c6d9/aggregates => generated 235 bytes in 16 msecs (HTTP/1.1 404) 5 headers in 202 bytes (1 switches on core 0)
2026-02-26 22:52:37.190 7 INFO placement.requestlog [None req-ef48b9aa-fa0b-46d0-93b2-760b6cffcaf7 7b8b3e7a9ae549efa729f77811f0ddf2 ceee567fea5c487283774f553313b658 - - 1121ce3566d04016b7a2a1c945cba5cf 1121ce3566d04016b7a2a1c945cba5cf] 10.0.0.26 "DELETE /resource_providers/0e950f67-52ea-480a-a00c-441e3092c6d9" status: 404 len: 246 microversion: 1.1 [pid: 7|app: 0|req: 375/750] 10.0.0.26 () {34 vars in 814 bytes} [Thu Feb 26 22:52:37 2026] DELETE /resource_providers/0e950f67-52ea-480a-a00c-441e3092c6d9 => generated 246 bytes in 11 msecs (HTTP/1.1 404) 6 headers in 231 bytes (1 switches on core 0)
2026-02-26 22:52:38.527 8 INFO placement.requestlog [req-5a42c1c1-c52a-4a85-a199-4fdee12547cc req-816b2409-0f83-44b1-871c-ddaa9559d136 9a31200b2e694e3498df3951b9538d92 ceee567fea5c487283774f553313b658 - - 1121ce3566d04016b7a2a1c945cba5cf 1121ce3566d04016b7a2a1c945cba5cf] 162.253.55.110 "GET /allocations/b89a3671-2bac-48b2-ba07-7c846aa0b279" status: 200 len: 257 microversion: 1.28 [pid: 8|app: 0|req: 376/751] 162.253.55.110 () {34 vars in 862 bytes} [Thu Feb 26 22:52:38 2026] GET /allocations/b89a3671-2bac-48b2-ba07-7c846aa0b279 => generated 257 bytes in 16 msecs (HTTP/1.1 200) 8 headers in 296 bytes (1 switches on core 0)
2026-02-26 22:52:39.602 7 INFO placement.requestlog [req-5a42c1c1-c52a-4a85-a199-4fdee12547cc req-046aff11-2cec-40b7-ad10-c59821d82283 9a31200b2e694e3498df3951b9538d92 ceee567fea5c487283774f553313b658 - - 1121ce3566d04016b7a2a1c945cba5cf 1121ce3566d04016b7a2a1c945cba5cf] 162.253.55.110 "GET /resource_providers/bcb93973-bb40-42f9-96aa-a16b42be5736/allocations" status: 200 len: 252 microversion: 1.0 [pid: 7|app: 0|req: 376/752] 162.253.55.110 () {32 vars in 856 bytes} [Thu Feb 26 22:52:39 2026] GET /resource_providers/bcb93973-bb40-42f9-96aa-a16b42be5736/allocations => generated 252 bytes in 32 msecs (HTTP/1.1 200) 6 headers in 224 bytes (1 switches on core 0)
2026-02-26 22:52:39.624 8 INFO placement.requestlog [req-5a42c1c1-c52a-4a85-a199-4fdee12547cc req-89e41610-975c-482e-9e94-89fd917c29a0 9a31200b2e694e3498df3951b9538d92 ceee567fea5c487283774f553313b658 - - 1121ce3566d04016b7a2a1c945cba5cf 1121ce3566d04016b7a2a1c945cba5cf] 162.253.55.110 "GET /allocations/b9ce2ee0-f7a0-48fa-868b-47acfc0ff7c9" status: 200 len: 257 microversion: 1.28 [pid: 8|app: 0|req: 377/753] 162.253.55.110 () {34 vars in 862 bytes} [Thu Feb 26 22:52:39 2026] GET /allocations/b9ce2ee0-f7a0-48fa-868b-47acfc0ff7c9 => generated 257 bytes in 17 msecs (HTTP/1.1 200) 8 headers in 296 bytes (1 switches on core 0)
2026-02-26 22:52:39.664 7 INFO placement.requestlog [req-5a42c1c1-c52a-4a85-a199-4fdee12547cc req-b55feb7a-0d5e-47f4-8a7b-e5520254bb62 9a31200b2e694e3498df3951b9538d92 ceee567fea5c487283774f553313b658 - - 1121ce3566d04016b7a2a1c945cba5cf 1121ce3566d04016b7a2a1c945cba5cf] 162.253.55.110 "GET /allocations/b89a3671-2bac-48b2-ba07-7c846aa0b279" status: 200 len: 257 microversion: 1.28 [pid: 7|app: 0|req: 377/754] 162.253.55.110 () {34 vars in 862 bytes} [Thu Feb 26 22:52:39 2026] GET /allocations/b89a3671-2bac-48b2-ba07-7c846aa0b279 => generated 257 bytes in 31 msecs (HTTP/1.1 200) 8 headers in 296 bytes (1 switches on core 0)
2026-02-26 22:52:42.830 8 INFO placement.requestlog [req-61c7611d-691b-4f7b-9ee4-010c19ffb443 req-c0af4347-306d-4fe4-bf0f-240200f1ad13 9a31200b2e694e3498df3951b9538d92 ceee567fea5c487283774f553313b658 - - 1121ce3566d04016b7a2a1c945cba5cf 1121ce3566d04016b7a2a1c945cba5cf] 10.0.0.32 "GET /allocation_candidates?limit=1000&resources=DISK_GB%3A1%2CMEMORY_MB%3A512%2CVCPU%3A1&root_required=%21COMPUTE_STATUS_DISABLED" status: 200 len: 2784 microversion: 1.36 [pid: 8|app: 0|req: 378/755] 10.0.0.32 () {34 vars in 1010 bytes} [Thu Feb 26 22:52:42 2026] GET /allocation_candidates?limit=1000&resources=DISK_GB%3A1%2CMEMORY_MB%3A512%2CVCPU%3A1&root_required=%21COMPUTE_STATUS_DISABLED => generated 2784 bytes in 70 msecs (HTTP/1.1 200) 8 headers in 297 bytes (1 switches on core 0)
2026-02-26 22:52:42.880 7 INFO placement.requestlog [req-61c7611d-691b-4f7b-9ee4-010c19ffb443 req-4e32ec96-197f-41a1-a5b9-6f85bf4b0545 9a31200b2e694e3498df3951b9538d92 ceee567fea5c487283774f553313b658 - - 1121ce3566d04016b7a2a1c945cba5cf 1121ce3566d04016b7a2a1c945cba5cf] 10.0.0.32 "GET /allocations/e4e7e79e-f822-4695-9aab-3d2d10fcbe16" status: 200 len: 19 microversion: 1.28 [pid: 7|app: 0|req: 378/756] 10.0.0.32 () {34 vars in 859 bytes} [Thu Feb 26 22:52:42 2026] GET /allocations/e4e7e79e-f822-4695-9aab-3d2d10fcbe16 => generated 19 bytes in 12 msecs (HTTP/1.1 200) 8 headers in 295 bytes (1 switches on core 0)
2026-02-26 22:52:42.969 8 INFO placement.requestlog [req-61c7611d-691b-4f7b-9ee4-010c19ffb443 req-37ea726a-307c-4ee9-a9f0-add855f436e4 9a31200b2e694e3498df3951b9538d92 ceee567fea5c487283774f553313b658 - - 1121ce3566d04016b7a2a1c945cba5cf 1121ce3566d04016b7a2a1c945cba5cf] 10.0.0.32 "PUT /allocations/e4e7e79e-f822-4695-9aab-3d2d10fcbe16" status: 204 len: 0 microversion: 1.36 [pid: 8|app: 0|req: 379/757] 10.0.0.32 () {38 vars in 912 bytes} [Thu Feb 26 22:52:42 2026] PUT /allocations/e4e7e79e-f822-4695-9aab-3d2d10fcbe16 => generated 0 bytes in 82 msecs (HTTP/1.1 204) 5 headers in 199 bytes (1 switches on core 0)
2026-02-26 22:52:43.873 7 INFO placement.requestlog [req-ec687ad3-9f69-4b6e-8886-c8ad28d46c1b req-554297d2-4059-465d-8193-d2576d698a20 9a31200b2e694e3498df3951b9538d92 ceee567fea5c487283774f553313b658 - - 1121ce3566d04016b7a2a1c945cba5cf 1121ce3566d04016b7a2a1c945cba5cf] 162.253.55.110 "GET /resource_providers/bcb93973-bb40-42f9-96aa-a16b42be5736/allocations" status: 200 len: 352 microversion: 1.0 [pid: 7|app: 0|req: 379/758] 162.253.55.110 () {32 vars in 856 bytes} [Thu Feb 26 22:52:43 2026] GET /resource_providers/bcb93973-bb40-42f9-96aa-a16b42be5736/allocations => generated 352 bytes in 29 msecs (HTTP/1.1 200) 6 headers in 224 bytes (1 switches on core 0)
2026-02-26 22:52:44.300 8 INFO placement.requestlog [req-dbd35f1b-dc13-443c-bea7-080518354df8 req-5de2c711-2530-4f30-8605-b79ab3bca10b 9a31200b2e694e3498df3951b9538d92 ceee567fea5c487283774f553313b658 - - 1121ce3566d04016b7a2a1c945cba5cf 1121ce3566d04016b7a2a1c945cba5cf] 10.0.0.32 "GET /allocation_candidates?limit=1000&resources=DISK_GB%3A1%2CMEMORY_MB%3A512%2CVCPU%3A1&root_required=%21COMPUTE_STATUS_DISABLED" status: 200 len: 2784 microversion: 1.36 [pid: 8|app: 0|req: 380/759] 10.0.0.32 () {34 vars in 1010 bytes} [Thu Feb 26 22:52:44 2026] GET /allocation_candidates?limit=1000&resources=DISK_GB%3A1%2CMEMORY_MB%3A512%2CVCPU%3A1&root_required=%21COMPUTE_STATUS_DISABLED => generated 2784 bytes in 52 msecs (HTTP/1.1 200) 8 headers in 297 bytes (1 switches on core 0)
2026-02-26 22:52:44.338 7 INFO placement.requestlog [req-dbd35f1b-dc13-443c-bea7-080518354df8 req-81dde62d-cb8b-4739-a507-e94d074d9869 9a31200b2e694e3498df3951b9538d92 ceee567fea5c487283774f553313b658 - - 1121ce3566d04016b7a2a1c945cba5cf 1121ce3566d04016b7a2a1c945cba5cf] 10.0.0.32 "GET /allocations/9be9052e-cb9d-47c9-83ed-bf835e569713" status: 200 len: 19 microversion: 1.28 [pid: 7|app: 0|req: 380/760] 10.0.0.32 () {34 vars in 859 bytes} [Thu Feb 26 22:52:44 2026] GET /allocations/9be9052e-cb9d-47c9-83ed-bf835e569713 => generated 19 bytes in 9 msecs (HTTP/1.1 200) 8 headers in 295 bytes (1 switches on core 0)
