2026-02-26 22:56:36.157 8 INFO placement.requestlog [None req-56db9907-01a9-409b-84b7-b6093e82890f - - - - - -] 10.0.0.253 "GET /" status: 200 len: 136 microversion: 1.0
2026-02-26 22:56:36.158 7 INFO placement.requestlog [None req-265be63c-c045-4c14-93b3-b12020511722 - - - - - -] 10.0.0.253 "GET /" status: 200 len: 136 microversion: 1.0
2026-02-26 22:56:45.096 8 INFO placement.requestlog [req-f43f6f2c-7682-4f9f-8839-8fcb532653a0 req-5cf048ba-3897-48cc-837d-2b020c6c9ec4 9a31200b2e694e3498df3951b9538d92 ceee567fea5c487283774f553313b658 - - 1121ce3566d04016b7a2a1c945cba5cf 1121ce3566d04016b7a2a1c945cba5cf] 10.0.0.32 "GET /allocation_candidates?limit=1000&resources=MEMORY_MB%3A2048%2CVCPU%3A2&root_required=%21COMPUTE_STATUS_DISABLED" status: 200 len: 2771 microversion: 1.36 [pid: 8|app: 0|req: 602/1200] 10.0.0.32 () {34 vars in 984 bytes} [Thu Feb 26 22:56:44 2026] GET /allocation_candidates?limit=1000&resources=MEMORY_MB%3A2048%2CVCPU%3A2&root_required=%21COMPUTE_STATUS_DISABLED => generated 2771 bytes in 143 msecs (HTTP/1.1 200) 8 headers in 297 bytes (1 switches on core 0)
2026-02-26 22:56:45.132 7 INFO placement.requestlog [req-f43f6f2c-7682-4f9f-8839-8fcb532653a0 req-d3da0578-d717-4a59-9686-13610f1844ff 9a31200b2e694e3498df3951b9538d92 ceee567fea5c487283774f553313b658 - - 1121ce3566d04016b7a2a1c945cba5cf 1121ce3566d04016b7a2a1c945cba5cf] 10.0.0.32 "GET /allocations/ffcc7273-4e5b-47cd-97d9-cd7fc756f7c7" status: 200 len: 19 microversion: 1.28 [pid: 7|app: 0|req: 599/1201] 10.0.0.32 () {34 vars in 859 bytes} [Thu Feb 26 22:56:45 2026] GET /allocations/ffcc7273-4e5b-47cd-97d9-cd7fc756f7c7 => generated 19 bytes in 10 msecs (HTTP/1.1 200) 8 headers in 295 bytes (1 switches on core 0)
2026-02-26 22:56:45.177 8 INFO placement.requestlog [req-c8dff05a-6f2d-4a7a-82c6-5d70756899e6 req-a047198b-e5a6-4271-8e54-4e17f1a0348f 9a31200b2e694e3498df3951b9538d92 ceee567fea5c487283774f553313b658 - - 1121ce3566d04016b7a2a1c945cba5cf 1121ce3566d04016b7a2a1c945cba5cf] 162.253.55.110 "GET /resource_providers/bcb93973-bb40-42f9-96aa-a16b42be5736/allocations" status: 200 len: 253 microversion: 1.0 [pid: 8|app: 0|req: 603/1202] 162.253.55.110 () {32 vars in 856 bytes} [Thu Feb 26 22:56:45 2026] GET /resource_providers/bcb93973-bb40-42f9-96aa-a16b42be5736/allocations => generated 253 bytes in 52 msecs (HTTP/1.1 200) 6 headers in 224 bytes (1 switches on core 0)
2026-02-26 22:56:45.200 8 INFO placement.requestlog [req-c8dff05a-6f2d-4a7a-82c6-5d70756899e6 req-43e724cb-746b-4288-a264-d8c4aae69319 9a31200b2e694e3498df3951b9538d92 ceee567fea5c487283774f553313b658 - - 1121ce3566d04016b7a2a1c945cba5cf 1121ce3566d04016b7a2a1c945cba5cf] 162.253.55.110 "GET /resource_providers?in_tree=bcb93973-bb40-42f9-96aa-a16b42be5736" status: 200 len: 798 microversion: 1.14
2026-02-26 22:56:45.200 7 INFO placement.requestlog [req-f43f6f2c-7682-4f9f-8839-8fcb532653a0 req-028faae6-f716-42e7-b5cd-7a33452580bd 9a31200b2e694e3498df3951b9538d92 ceee567fea5c487283774f553313b658 - - 1121ce3566d04016b7a2a1c945cba5cf 1121ce3566d04016b7a2a1c945cba5cf] 10.0.0.32 "PUT /allocations/ffcc7273-4e5b-47cd-97d9-cd7fc756f7c7" status: 204 len: 0 microversion: 1.36 [pid: 8|app: 0|req: 604/1203] 162.253.55.110 () {34 vars in 891 bytes} [Thu Feb 26 22:56:45 2026] GET /resource_providers?in_tree=bcb93973-bb40-42f9-96aa-a16b42be5736 => generated 798 bytes in 14 msecs (HTTP/1.1 200) 6 headers in 225 bytes (1 switches on core 0) [pid: 7|app: 0|req: 600/1204] 10.0.0.32 () {38 vars in 912 bytes} [Thu Feb 26 22:56:45 2026] PUT /allocations/ffcc7273-4e5b-47cd-97d9-cd7fc756f7c7 => generated 0 bytes in 60 msecs (HTTP/1.1 204) 5 headers in 199 bytes (1 switches on core 0)
2026-02-26 22:56:45.218 8 INFO placement.requestlog [req-c8dff05a-6f2d-4a7a-82c6-5d70756899e6 req-0055341b-ee3a-441d-90fd-8a8a7bebaa6f 9a31200b2e694e3498df3951b9538d92 ceee567fea5c487283774f553313b658 - - 1121ce3566d04016b7a2a1c945cba5cf 1121ce3566d04016b7a2a1c945cba5cf] 162.253.55.110 "GET /resource_providers/bcb93973-bb40-42f9-96aa-a16b42be5736/inventories" status: 200 len: 401 microversion: 1.0 [pid: 8|app: 0|req: 605/1205] 162.253.55.110 () {32 vars in 856 bytes} [Thu Feb 26 22:56:45 2026] GET /resource_providers/bcb93973-bb40-42f9-96aa-a16b42be5736/inventories => generated 401 bytes in 12 msecs (HTTP/1.1 200) 6 headers in 224 bytes (1 switches on core 0)
2026-02-26 22:56:45.238 7 INFO placement.requestlog [req-c8dff05a-6f2d-4a7a-82c6-5d70756899e6 req-246c0b89-8935-4251-8e28-c2e163cd8a0d 9a31200b2e694e3498df3951b9538d92 ceee567fea5c487283774f553313b658 - - 1121ce3566d04016b7a2a1c945cba5cf 1121ce3566d04016b7a2a1c945cba5cf] 162.253.55.110 "GET /resource_providers/bcb93973-bb40-42f9-96aa-a16b42be5736/aggregates" status: 200 len: 54 microversion: 1.19 [pid: 7|app: 0|req: 601/1206] 162.253.55.110 () {34 vars in 898 bytes} [Thu Feb 26 22:56:45 2026] GET /resource_providers/bcb93973-bb40-42f9-96aa-a16b42be5736/aggregates => generated 54 bytes in 12 msecs (HTTP/1.1 200) 8 headers in 295 bytes (1 switches on core 0)
2026-02-26 22:56:45.269 8 INFO placement.requestlog [req-c8dff05a-6f2d-4a7a-82c6-5d70756899e6 req-2a9196ec-bdfc-4283-9a6d-fd11717c2bca 9a31200b2e694e3498df3951b9538d92 ceee567fea5c487283774f553313b658 - - 1121ce3566d04016b7a2a1c945cba5cf 1121ce3566d04016b7a2a1c945cba5cf] 162.253.55.110 "GET /resource_providers/bcb93973-bb40-42f9-96aa-a16b42be5736/traits" status: 200 len: 2317 microversion: 1.6 [pid: 8|app: 0|req: 606/1207] 162.253.55.110 () {34 vars in 889 bytes} [Thu Feb 26 22:56:45 2026] GET /resource_providers/bcb93973-bb40-42f9-96aa-a16b42be5736/traits => generated 2317 bytes in 24 msecs (HTTP/1.1 200) 6 headers in 225 bytes (1 switches on core 0)
2026-02-26 22:56:45.297 7 INFO placement.requestlog [req-c8dff05a-6f2d-4a7a-82c6-5d70756899e6 req-ac2a90d7-e32f-4166-95f0-040f11050650 9a31200b2e694e3498df3951b9538d92 ceee567fea5c487283774f553313b658 - - 1121ce3566d04016b7a2a1c945cba5cf 1121ce3566d04016b7a2a1c945cba5cf] 162.253.55.110 "GET /resource_providers/bcb93973-bb40-42f9-96aa-a16b42be5736/allocations" status: 200 len: 340 microversion: 1.0 [pid: 7|app: 0|req: 602/1208] 162.253.55.110 () {32 vars in 856 bytes} [Thu Feb 26 22:56:45 2026] GET /resource_providers/bcb93973-bb40-42f9-96aa-a16b42be5736/allocations => generated 340 bytes in 19 msecs (HTTP/1.1 200) 6 headers in 224 bytes (1 switches on core 0)
2026-02-26 22:56:45.319 8 INFO placement.requestlog [req-c8dff05a-6f2d-4a7a-82c6-5d70756899e6 req-9e8ca9e5-d348-46ac-a809-78ba9b50954f 9a31200b2e694e3498df3951b9538d92 ceee567fea5c487283774f553313b658 - - 1121ce3566d04016b7a2a1c945cba5cf 1121ce3566d04016b7a2a1c945cba5cf] 162.253.55.110 "GET /allocations/62b3d35d-6e8b-46ae-93db-fdf6b5533e9a" status: 200 len: 258 microversion: 1.28 [pid: 8|app: 0|req: 607/1209] 162.253.55.110 () {34 vars in 862 bytes} [Thu Feb 26 22:56:45 2026] GET /allocations/62b3d35d-6e8b-46ae-93db-fdf6b5533e9a => generated 258 bytes in 14 msecs (HTTP/1.1 200) 8 headers in 296 bytes (1 switches on core 0)
2026-02-26 22:56:45.341 7 INFO placement.requestlog [req-c8dff05a-6f2d-4a7a-82c6-5d70756899e6 req-5e3212cd-b56c-4da6-95fb-d30b018fe0ba 9a31200b2e694e3498df3951b9538d92 ceee567fea5c487283774f553313b658 - - 1121ce3566d04016b7a2a1c945cba5cf 1121ce3566d04016b7a2a1c945cba5cf] 162.253.55.110 "GET /allocations/ffcc7273-4e5b-47cd-97d9-cd7fc756f7c7" status: 200 len: 245 microversion: 1.28 [pid: 7|app: 0|req: 603/1210] 162.253.55.110 () {34 vars in 862 bytes} [Thu Feb 26 22:56:45 2026] GET /allocations/ffcc7273-4e5b-47cd-97d9-cd7fc756f7c7 => generated 245 bytes in 14 msecs (HTTP/1.1 200) 8 headers in 296 bytes (1 switches on core 0)
2026-02-26 22:56:45.362 8 INFO placement.requestlog [req-c8dff05a-6f2d-4a7a-82c6-5d70756899e6 req-19b5d9a0-930f-4bf5-92e4-f25fe1f1c70e 9a31200b2e694e3498df3951b9538d92 ceee567fea5c487283774f553313b658 - - 1121ce3566d04016b7a2a1c945cba5cf 1121ce3566d04016b7a2a1c945cba5cf] 162.253.55.110 "GET /allocations/43a03aac-4a1d-40df-91da-73edef180a3e" status: 200 len: 258 microversion: 1.28 [pid: 8|app: 0|req: 608/1211] 162.253.55.110 () {34 vars in 862 bytes} [Thu Feb 26 22:56:45 2026] GET /allocations/43a03aac-4a1d-40df-91da-73edef180a3e => generated 258 bytes in 15 msecs (HTTP/1.1 200) 8 headers in 296 bytes (1 switches on core 0)
2026-02-26 22:56:46.156 7 INFO placement.requestlog [None req-a5f65bef-5191-4c39-830a-fdbb7dcfac9d - - - - - -] 10.0.0.253 "GET /" status: 200 len: 136 microversion: 1.0
2026-02-26 22:56:46.156 8 INFO placement.requestlog [None req-95005253-31d0-4d0a-8a75-ae7e95093b95 - - - - - -] 10.0.0.253 "GET /" status: 200 len: 136 microversion: 1.0
2026-02-26 22:56:46.601 7 INFO placement.requestlog [req-f43f6f2c-7682-4f9f-8839-8fcb532653a0 req-68228976-a830-40e2-9708-c22288c12d95 9a31200b2e694e3498df3951b9538d92 ceee567fea5c487283774f553313b658 - - 1121ce3566d04016b7a2a1c945cba5cf 1121ce3566d04016b7a2a1c945cba5cf] 162.253.55.110 "GET /allocations/ffcc7273-4e5b-47cd-97d9-cd7fc756f7c7" status: 200 len: 245 microversion: 1.28 [pid: 7|app: 0|req: 605/1214] 162.253.55.110 () {34 vars in 862 bytes} [Thu Feb 26 22:56:46 2026] GET /allocations/ffcc7273-4e5b-47cd-97d9-cd7fc756f7c7 => generated 245 bytes in 16 msecs (HTTP/1.1 200) 8 headers in 296 bytes (1 switches on core 0)
2026-02-26 22:56:47.648 8 INFO placement.requestlog [req-f43f6f2c-7682-4f9f-8839-8fcb532653a0 req-f699f026-ef34-4b68-8d21-dfc7d6078a76 9a31200b2e694e3498df3951b9538d92 ceee567fea5c487283774f553313b658 - - 1121ce3566d04016b7a2a1c945cba5cf 1121ce3566d04016b7a2a1c945cba5cf] 162.253.55.110 "GET /resource_providers/bcb93973-bb40-42f9-96aa-a16b42be5736/allocations" status: 200 len: 340 microversion: 1.0 [pid: 8|app: 0|req: 610/1215] 162.253.55.110 () {32 vars in 856 bytes} [Thu Feb 26 22:56:47 2026] GET /resource_providers/bcb93973-bb40-42f9-96aa-a16b42be5736/allocations => generated 340 bytes in 19 msecs (HTTP/1.1 200) 6 headers in 224 bytes (1 switches on core 0)
2026-02-26 22:56:47.667 7 INFO placement.requestlog [req-f43f6f2c-7682-4f9f-8839-8fcb532653a0 req-8201adb3-8157-4a4e-b5c0-4005654d5add 9a31200b2e694e3498df3951b9538d92 ceee567fea5c487283774f553313b658 - - 1121ce3566d04016b7a2a1c945cba5cf 1121ce3566d04016b7a2a1c945cba5cf] 162.253.55.110 "GET /allocations/62b3d35d-6e8b-46ae-93db-fdf6b5533e9a" status: 200 len: 258 microversion: 1.28 [pid: 7|app: 0|req: 606/1216] 162.253.55.110 () {34 vars in 862 bytes} [Thu Feb 26 22:56:47 2026] GET /allocations/62b3d35d-6e8b-46ae-93db-fdf6b5533e9a => generated 258 bytes in 12 msecs (HTTP/1.1 200) 8 headers in 296 bytes (1 switches on core 0)
2026-02-26 22:56:47.686 8 INFO placement.requestlog [req-f43f6f2c-7682-4f9f-8839-8fcb532653a0 req-f2987aeb-9925-4a3f-9a2e-d9f03716d7c7 9a31200b2e694e3498df3951b9538d92 ceee567fea5c487283774f553313b658 - - 1121ce3566d04016b7a2a1c945cba5cf 1121ce3566d04016b7a2a1c945cba5cf] 162.253.55.110 "GET /allocations/ffcc7273-4e5b-47cd-97d9-cd7fc756f7c7" status: 200 len: 245 microversion: 1.28 [pid: 8|app: 0|req: 611/1217] 162.253.55.110 () {34 vars in 862 bytes} [Thu Feb 26 22:56:47 2026] GET /allocations/ffcc7273-4e5b-47cd-97d9-cd7fc756f7c7 => generated 245 bytes in 11 msecs (HTTP/1.1 200) 8 headers in 296 bytes (1 switches on core 0)
2026-02-26 22:56:47.710 7 INFO placement.requestlog [req-f43f6f2c-7682-4f9f-8839-8fcb532653a0 req-0fd7f53b-82d7-4693-9aa2-f95f71eb1200 9a31200b2e694e3498df3951b9538d92 ceee567fea5c487283774f553313b658 - - 1121ce3566d04016b7a2a1c945cba5cf 1121ce3566d04016b7a2a1c945cba5cf] 162.253.55.110 "GET /allocations/43a03aac-4a1d-40df-91da-73edef180a3e" status: 200 len: 258 microversion: 1.28 [pid: 7|app: 0|req: 607/1218] 162.253.55.110 () {34 vars in 862 bytes} [Thu Feb 26 22:56:47 2026] GET /allocations/43a03aac-4a1d-40df-91da-73edef180a3e => generated 258 bytes in 15 msecs (HTTP/1.1 200) 8 headers in 296 bytes (1 switches on core 0)
2026-02-26 22:56:54.477 8 INFO placement.requestlog [None req-8289b6f6-7922-4868-a1be-b3833b7f67de e382bf0d2a614ec28117704ace4a0c9e ae5698641f0347c39165ed03a0f6421a - - default default] 10.0.0.227 "GET /resource_providers" status: 200 len: 406 microversion: 1.0 [pid: 8|app: 0|req: 612/1219] 10.0.0.227 () {28 vars in 592 bytes} [Thu Feb 26 22:56:54 2026] GET /resource_providers => generated 406 bytes in 78 msecs (HTTP/1.1 200) 6 headers in 224 bytes (1 switches on core 0)
2026-02-26 22:56:54.503 7 INFO placement.requestlog [None req-bc33c47d-51af-4b57-951d-ef7aaa9d0732 e382bf0d2a614ec28117704ace4a0c9e ae5698641f0347c39165ed03a0f6421a - - default default] 10.0.0.227 "GET /resource_providers/bcb93973-bb40-42f9-96aa-a16b42be5736/inventories" status: 200 len: 401 microversion: 1.0 [pid: 7|app: 0|req: 608/1220] 10.0.0.227 () {28 vars in 690 bytes} [Thu Feb 26 22:56:54 2026] GET /resource_providers/bcb93973-bb40-42f9-96aa-a16b42be5736/inventories => generated 401 bytes in 19 msecs (HTTP/1.1 200) 6 headers in 224 bytes (1 switches on core 0)
2026-02-26 22:56:54.531 8 INFO placement.requestlog [None req-6c68247b-231c-463a-ac24-df07ca0551bf e382bf0d2a614ec28117704ace4a0c9e ae5698641f0347c39165ed03a0f6421a - - default default] 10.0.0.227 "GET /resource_providers/bcb93973-bb40-42f9-96aa-a16b42be5736/usages" status: 200 len: 92 microversion: 1.0 [pid: 8|app: 0|req: 613/1221] 10.0.0.227 () {28 vars in 680 bytes} [Thu Feb 26 22:56:54 2026] GET /resource_providers/bcb93973-bb40-42f9-96aa-a16b42be5736/usages => generated 92 bytes in 24 msecs (HTTP/1.1 200) 6 headers in 223 bytes (1 switches on core 0)
2026-02-26 22:56:56.156 8 INFO placement.requestlog [None req-b17c5417-bf8e-4c6e-957d-26e7298dd016 - - - - - -] 10.0.0.253 "GET /" status: 200 len: 136 microversion: 1.0
2026-02-26 22:56:56.157 7 INFO placement.requestlog [None req-ec792a09-64f8-4b69-bc4b-1da2df198013 - - - - - -] 10.0.0.253 "GET /" status: 200 len: 136 microversion: 1.0
2026-02-26 22:57:06.157 8 INFO placement.requestlog [None req-26dde4d8-565a-415f-a150-bc82ebda4370 - - - - - -] 10.0.0.253 "GET /" status: 200 len: 136 microversion: 1.0
2026-02-26 22:57:06.157 7 INFO placement.requestlog [None req-5a36c3ae-eca4-47d3-8802-8c46e430700f - - - - - -] 10.0.0.253 "GET /" status: 200 len: 136 microversion: 1.0
2026-02-26 22:57:16.156 8 INFO placement.requestlog [None req-6c51b25b-0b61-49fa-8940-8fcb390c0742 - - - - - -] 10.0.0.253 "GET /" status: 200 len: 136 microversion: 1.0
2026-02-26 22:57:16.157 7 INFO placement.requestlog [None req-2b71f3e6-d4b7-4ae4-b38e-c05b510c86e7 - - - - - -] 10.0.0.253 "GET /" status: 200 len: 136 microversion: 1.0
2026-02-26 22:57:26.156 8 INFO placement.requestlog [None req-b0f1b49b-ebbc-44f1-a73d-7c5d683cb284 - - - - - -] 10.0.0.253 "GET /" status: 200 len: 136 microversion: 1.0
2026-02-26 22:57:26.156 7 INFO placement.requestlog [None req-719ec74e-524f-4643-8fb6-35e5c2abfa30 - - - - - -] 10.0.0.253 "GET /" status: 200 len: 136 microversion: 1.0
2026-02-26 22:57:36.156 8 INFO placement.requestlog [None req-5e3ba5cf-8125-421f-8774-0e1e17b2b0b6 - - - - - -] 10.0.0.253 "GET /" status: 200 len: 136 microversion: 1.0
2026-02-26 22:57:36.156 7 INFO placement.requestlog [None req-cde13a47-ac5b-495e-9f5d-96b6aeb0aa65 - - - - - -] 10.0.0.253 "GET /" status: 200 len: 136 microversion: 1.0
2026-02-26 22:57:46.156 8 INFO placement.requestlog [None req-b8e08924-8f2d-4037-b081-ed2347e2a0a1 - - - - - -] 10.0.0.253 "GET /" status: 200 len: 136 microversion: 1.0
2026-02-26 22:57:46.156 7 INFO placement.requestlog [None req-e50fe323-534b-4f22-b1d3-50b78bd149ca - - - - - -] 10.0.0.253 "GET /" status: 200 len: 136 microversion: 1.0
2026-02-26 22:57:46.847 7 INFO placement.requestlog [req-7d12103a-dc71-4d12-a2c0-72963a7dff89 req-31208e84-f927-40ab-b93e-51382d8d7d71 9a31200b2e694e3498df3951b9538d92 ceee567fea5c487283774f553313b658 - - 1121ce3566d04016b7a2a1c945cba5cf 1121ce3566d04016b7a2a1c945cba5cf] 162.253.55.110 "GET /resource_providers/bcb93973-bb40-42f9-96aa-a16b42be5736/allocations" status: 200 len: 340 microversion: 1.0 [pid: 7|app: 0|req: 615/1234] 162.253.55.110 () {32 vars in 856 bytes} [Thu Feb 26 22:57:46 2026] GET /resource_providers/bcb93973-bb40-42f9-96aa-a16b42be5736/allocations => generated 340 bytes in 25 msecs (HTTP/1.1 200) 6 headers in 224 bytes (1 switches on core 0)
2026-02-26 22:57:46.871 8 INFO placement.requestlog [req-7d12103a-dc71-4d12-a2c0-72963a7dff89 req-ea479bd6-ffc8-46f4-b72b-5c93be40b351 9a31200b2e694e3498df3951b9538d92 ceee567fea5c487283774f553313b658 - - 1121ce3566d04016b7a2a1c945cba5cf 1121ce3566d04016b7a2a1c945cba5cf] 162.253.55.110 "GET /resource_providers/bcb93973-bb40-42f9-96aa-a16b42be5736/allocations" status: 200 len: 340 microversion: 1.0 [pid: 8|app: 0|req: 620/1235] 162.253.55.110 () {32 vars in 856 bytes} [Thu Feb 26 22:57:46 2026] GET /resource_providers/bcb93973-bb40-42f9-96aa-a16b42be5736/allocations => generated 340 bytes in 18 msecs (HTTP/1.1 200) 6 headers in 224 bytes (1 switches on core 0)
2026-02-26 22:57:46.889 7 INFO placement.requestlog [req-7d12103a-dc71-4d12-a2c0-72963a7dff89 req-888107b8-c618-4c2c-9f0e-bf81a7ef18bf 9a31200b2e694e3498df3951b9538d92 ceee567fea5c487283774f553313b658 - - 1121ce3566d04016b7a2a1c945cba5cf 1121ce3566d04016b7a2a1c945cba5cf] 162.253.55.110 "GET /allocations/62b3d35d-6e8b-46ae-93db-fdf6b5533e9a" status: 200 len: 258 microversion: 1.28 [pid: 7|app: 0|req: 616/1236] 162.253.55.110 () {34 vars in 862 bytes} [Thu Feb 26 22:57:46 2026] GET /allocations/62b3d35d-6e8b-46ae-93db-fdf6b5533e9a => generated 258 bytes in 15 msecs (HTTP/1.1 200) 8 headers in 296 bytes (1 switches on core 0)
2026-02-26 22:57:46.907 8 INFO placement.requestlog [req-7d12103a-dc71-4d12-a2c0-72963a7dff89 req-d111f593-36d8-41c3-b063-646a44e89ec8 9a31200b2e694e3498df3951b9538d92 ceee567fea5c487283774f553313b658 - - 1121ce3566d04016b7a2a1c945cba5cf 1121ce3566d04016b7a2a1c945cba5cf] 162.253.55.110 "GET /allocations/ffcc7273-4e5b-47cd-97d9-cd7fc756f7c7" status: 200 len: 245 microversion: 1.28 [pid: 8|app: 0|req: 621/1237] 162.253.55.110 () {34 vars in 862 bytes} [Thu Feb 26 22:57:46 2026] GET /allocations/ffcc7273-4e5b-47cd-97d9-cd7fc756f7c7 => generated 245 bytes in 13 msecs (HTTP/1.1 200) 8 headers in 296 bytes (1 switches on core 0)
2026-02-26 22:57:46.924 7 INFO placement.requestlog [req-7d12103a-dc71-4d12-a2c0-72963a7dff89 req-eba5abc7-0ccd-4e90-abc6-7c8f4ba8fc15 9a31200b2e694e3498df3951b9538d92 ceee567fea5c487283774f553313b658 - - 1121ce3566d04016b7a2a1c945cba5cf 1121ce3566d04016b7a2a1c945cba5cf] 162.253.55.110 "GET /allocations/43a03aac-4a1d-40df-91da-73edef180a3e" status: 200 len: 258 microversion: 1.28 [pid: 7|app: 0|req: 617/1238] 162.253.55.110 () {34 vars in 862 bytes} [Thu Feb 26 22:57:46 2026] GET /allocations/43a03aac-4a1d-40df-91da-73edef180a3e => generated 258 bytes in 13 msecs (HTTP/1.1 200) 8 headers in 296 bytes (1 switches on core 0)
2026-02-26 22:57:54.541 8 INFO placement.requestlog [None req-5d1e5894-f5a4-4389-ae07-6c26a44c7d36 e382bf0d2a614ec28117704ace4a0c9e ae5698641f0347c39165ed03a0f6421a - - default default] 10.0.0.227 "GET /resource_providers" status: 200 len: 406 microversion: 1.0 [pid: 8|app: 0|req: 622/1239] 10.0.0.227 () {28 vars in 592 bytes} [Thu Feb 26 22:57:54 2026] GET /resource_providers => generated 406 bytes in 61 msecs (HTTP/1.1 200) 6 headers in 224 bytes (1 switches on core 0)
2026-02-26 22:57:54.565 7 INFO placement.requestlog [None req-ff01246b-12af-4a59-8845-015f14dc3173 e382bf0d2a614ec28117704ace4a0c9e ae5698641f0347c39165ed03a0f6421a - - default default] 10.0.0.227 "GET /resource_providers/bcb93973-bb40-42f9-96aa-a16b42be5736/inventories" status: 200 len: 401 microversion: 1.0 [pid: 7|app: 0|req: 618/1240] 10.0.0.227 () {28 vars in 690 bytes} [Thu Feb 26 22:57:54 2026] GET /resource_providers/bcb93973-bb40-42f9-96aa-a16b42be5736/inventories => generated 401 bytes in 18 msecs (HTTP/1.1 200) 6 headers in 224 bytes (1 switches on core 0)
2026-02-26 22:57:54.586 8 INFO placement.requestlog [None req-6c5e734b-66f0-4580-ad40-04c6ada41a92 e382bf0d2a614ec28117704ace4a0c9e ae5698641f0347c39165ed03a0f6421a - - default default] 10.0.0.227 "GET /resource_providers/bcb93973-bb40-42f9-96aa-a16b42be5736/usages" status: 200 len: 92 microversion: 1.0 [pid: 8|app: 0|req: 623/1241] 10.0.0.227 () {28 vars in 680 bytes} [Thu Feb 26 22:57:54 2026] GET /resource_providers/bcb93973-bb40-42f9-96aa-a16b42be5736/usages => generated 92 bytes in 19 msecs (HTTP/1.1 200) 6 headers in 223 bytes (1 switches on core 0)
2026-02-26 22:57:56.156 7 INFO placement.requestlog [None req-1024172c-a042-4936-b4a7-8bdecc817265 - - - - - -] 10.0.0.253 "GET /" status: 200 len: 136 microversion: 1.0
2026-02-26 22:57:56.156 8 INFO placement.requestlog [None req-187df638-faa9-4d41-bc4b-6ae72442f05e - - - - - -] 10.0.0.253 "GET /" status: 200 len: 136 microversion: 1.0
2026-02-26 22:58:06.156 8 INFO placement.requestlog [None req-bc8bdcb1-d580-44e8-b159-906d27bfe978 - - - - - -] 10.0.0.253 "GET /" status: 200 len: 136 microversion: 1.0
2026-02-26 22:58:06.156 7 INFO placement.requestlog [None req-d8559f15-dcf2-4121-9943-5b8316a818d2 - - - - - -] 10.0.0.253 "GET /" status: 200 len: 136 microversion: 1.0
2026-02-26 22:58:16.156 7 INFO placement.requestlog [None req-b0e288d4-959b-48c0-a282-a093bc87e532 - - - - - -] 10.0.0.253 "GET /" status: 200 len: 136 microversion: 1.0
2026-02-26 22:58:16.156 8 INFO placement.requestlog [None req-0635f7e0-ed45-43c6-b96c-003827f11944 - - - - - -] 10.0.0.253 "GET /" status: 200 len: 136 microversion: 1.0
2026-02-26 22:58:26.156 8 INFO placement.requestlog [None req-c2a940dc-5ad7-497d-87ff-45c13c2f0dd3 - - - - - -] 10.0.0.253 "GET /" status: 200 len: 136 microversion: 1.0
2026-02-26 22:58:26.156 7 INFO placement.requestlog [None req-642c1307-6d1b-42bb-81e4-90554e18b125 - - - - - -] 10.0.0.253 "GET /" status: 200 len: 136 microversion: 1.0
2026-02-26 22:58:36.156 7 INFO placement.requestlog [None req-6c592d50-7d0e-4a20-b735-fe9eda743225 - - - - - -] 10.0.0.253 "GET /" status: 200 len: 136 microversion: 1.0
2026-02-26 22:58:36.156 8 INFO placement.requestlog [None req-1c25bf73-2b8e-4a8c-8772-d56f1149cd48 - - - - - -] 10.0.0.253 "GET /" status: 200 len: 136 microversion: 1.0
2026-02-26 22:58:46.156 7 INFO placement.requestlog [None req-24575c1d-559c-45c8-9c69-d6ce3fc0620a - - - - - -] 10.0.0.253 "GET /" status: 200 len: 136 microversion: 1.0
2026-02-26 22:58:46.156 8 INFO placement.requestlog [None req-34d912a0-fb60-433d-bfeb-04d9cb4cabda - - - - - -] 10.0.0.253 "GET /" status: 200 len: 136 microversion: 1.0
2026-02-26 22:58:47.253 7 INFO placement.requestlog [req-130b9b95-732e-4a79-8776-9c425479e00a req-a6641542-dfc7-4f7c-8ebe-aa25eaf1dc27 9a31200b2e694e3498df3951b9538d92 ceee567fea5c487283774f553313b658 - - 1121ce3566d04016b7a2a1c945cba5cf 1121ce3566d04016b7a2a1c945cba5cf] 162.253.55.110 "GET /resource_providers/bcb93973-bb40-42f9-96aa-a16b42be5736/allocations" status: 200 len: 340 microversion: 1.0 [pid: 7|app: 0|req: 625/1254] 162.253.55.110 () {32 vars in 856 bytes} [Thu Feb 26 22:58:47 2026] GET /resource_providers/bcb93973-bb40-42f9-96aa-a16b42be5736/allocations => generated 340 bytes in 15 msecs (HTTP/1.1 200) 6 headers in 224 bytes (1 switches on core 0)
2026-02-26 22:58:47.279 8 INFO placement.requestlog [req-130b9b95-732e-4a79-8776-9c425479e00a req-f05f5312-a12d-4cbc-a76c-a992cd79969d 9a31200b2e694e3498df3951b9538d92 ceee567fea5c487283774f553313b658 - - 1121ce3566d04016b7a2a1c945cba5cf 1121ce3566d04016b7a2a1c945cba5cf] 162.253.55.110 "GET /resource_providers/bcb93973-bb40-42f9-96aa-a16b42be5736/allocations" status: 200 len: 340 microversion: 1.0 [pid: 8|app: 0|req: 630/1255] 162.253.55.110 () {32 vars in 856 bytes} [Thu Feb 26 22:58:47 2026] GET /resource_providers/bcb93973-bb40-42f9-96aa-a16b42be5736/allocations => generated 340 bytes in 18 msecs (HTTP/1.1 200) 6 headers in 224 bytes (1 switches on core 0)
2026-02-26 22:58:47.297 7 INFO placement.requestlog [req-130b9b95-732e-4a79-8776-9c425479e00a req-f23fabee-c315-40e1-9587-105fb81daeb2 9a31200b2e694e3498df3951b9538d92 ceee567fea5c487283774f553313b658 - - 1121ce3566d04016b7a2a1c945cba5cf 1121ce3566d04016b7a2a1c945cba5cf] 162.253.55.110 "GET /allocations/62b3d35d-6e8b-46ae-93db-fdf6b5533e9a" status: 200 len: 258 microversion: 1.28 [pid: 7|app: 0|req: 626/1256] 162.253.55.110 () {34 vars in 862 bytes} [Thu Feb 26 22:58:47 2026] GET /allocations/62b3d35d-6e8b-46ae-93db-fdf6b5533e9a => generated 258 bytes in 13 msecs (HTTP/1.1 200) 8 headers in 296 bytes (1 switches on core 0)
2026-02-26 22:58:47.312 8 INFO placement.requestlog [req-130b9b95-732e-4a79-8776-9c425479e00a req-28f0df74-edc2-43ee-b30a-80af16a30987 9a31200b2e694e3498df3951b9538d92 ceee567fea5c487283774f553313b658 - - 1121ce3566d04016b7a2a1c945cba5cf 1121ce3566d04016b7a2a1c945cba5cf] 162.253.55.110 "GET /allocations/ffcc7273-4e5b-47cd-97d9-cd7fc756f7c7" status: 200 len: 245 microversion: 1.28 [pid: 8|app: 0|req: 631/1257] 162.253.55.110 () {34 vars in 862 bytes} [Thu Feb 26 22:58:47 2026] GET /allocations/ffcc7273-4e5b-47cd-97d9-cd7fc756f7c7 => generated 245 bytes in 11 msecs (HTTP/1.1 200) 8 headers in 296 bytes (1 switches on core 0)
2026-02-26 22:58:47.331 7 INFO placement.requestlog [req-130b9b95-732e-4a79-8776-9c425479e00a req-bde6c66a-ffc9-44d7-aeb7-917233db1b6a 9a31200b2e694e3498df3951b9538d92 ceee567fea5c487283774f553313b658 - - 1121ce3566d04016b7a2a1c945cba5cf 1121ce3566d04016b7a2a1c945cba5cf] 162.253.55.110 "GET /allocations/43a03aac-4a1d-40df-91da-73edef180a3e" status: 200 len: 258 microversion: 1.28 [pid: 7|app: 0|req: 627/1258] 162.253.55.110 () {34 vars in 862 bytes} [Thu Feb 26 22:58:47 2026] GET /allocations/43a03aac-4a1d-40df-91da-73edef180a3e => generated 258 bytes in 13 msecs (HTTP/1.1 200) 8 headers in 296 bytes (1 switches on core 0)
2026-02-26 22:58:54.445 8 INFO placement.requestlog [None req-ab87dc78-32b6-4cf7-a6af-d495d8ec0e80 e382bf0d2a614ec28117704ace4a0c9e ae5698641f0347c39165ed03a0f6421a - - default default] 10.0.0.227 "GET /resource_providers" status: 200 len: 406 microversion: 1.0 [pid: 8|app: 0|req: 632/1259] 10.0.0.227 () {28 vars in 592 bytes} [Thu Feb 26 22:58:54 2026] GET /resource_providers => generated 406 bytes in 121 msecs (HTTP/1.1 200) 6 headers in 224 bytes (1 switches on core 0)
2026-02-26 22:58:54.473 7 INFO placement.requestlog [None req-22124db6-f1e0-4ddb-8d95-f1572fb1711d e382bf0d2a614ec28117704ace4a0c9e ae5698641f0347c39165ed03a0f6421a - - default default] 10.0.0.227 "GET /resource_providers/bcb93973-bb40-42f9-96aa-a16b42be5736/inventories" status: 200 len: 401 microversion: 1.0 [pid: 7|app: 0|req: 628/1260] 10.0.0.227 () {28 vars in 690 bytes} [Thu Feb 26 22:58:54 2026] GET /resource_providers/bcb93973-bb40-42f9-96aa-a16b42be5736/inventories => generated 401 bytes in 24 msecs (HTTP/1.1 200) 6 headers in 224 bytes (1 switches on core 0)
2026-02-26 22:58:54.504 8 INFO placement.requestlog [None req-a2e455f4-d84d-489c-834a-095065dd9e07 e382bf0d2a614ec28117704ace4a0c9e ae5698641f0347c39165ed03a0f6421a - - default default] 10.0.0.227 "GET /resource_providers/bcb93973-bb40-42f9-96aa-a16b42be5736/usages" status: 200 len: 92 microversion: 1.0 [pid: 8|app: 0|req: 633/1261] 10.0.0.227 () {28 vars in 680 bytes} [Thu Feb 26 22:58:54 2026] GET /resource_providers/bcb93973-bb40-42f9-96aa-a16b42be5736/usages => generated 92 bytes in 25 msecs (HTTP/1.1 200) 6 headers in 223 bytes (1 switches on core 0)
2026-02-26 22:58:56.156 7 INFO placement.requestlog [None req-711414b0-1336-4254-a0e4-69d9e91c8cff - - - - - -] 10.0.0.253 "GET /" status: 200 len: 136 microversion: 1.0
2026-02-26 22:58:56.157 8 INFO placement.requestlog [None req-4fb6f766-0856-4030-b045-0831aedbb314 - - - - - -] 10.0.0.253 "GET /" status: 200 len: 136 microversion: 1.0
2026-02-26 22:59:06.157 8 INFO placement.requestlog [None req-c0a05e0b-f225-4cce-8211-98448b396681 - - - - - -] 10.0.0.253 "GET /" status: 200 len: 136 microversion: 1.0
2026-02-26 22:59:06.157 7 INFO placement.requestlog [None req-bf9ca439-a7ab-42dc-8b01-49376c053d96 - - - - - -] 10.0.0.253 "GET /" status: 200 len: 136 microversion: 1.0
2026-02-26 22:59:16.157 8 INFO placement.requestlog [None req-7a360903-1814-4c3b-959e-f8fd1e81a9de - - - - - -] 10.0.0.253 "GET /" status: 200 len: 136 microversion: 1.0
2026-02-26 22:59:16.157 7 INFO placement.requestlog [None req-b578f1a7-37a5-49ba-adc2-74fb03e9f47c - - - - - -] 10.0.0.253 "GET /" status: 200 len: 136 microversion: 1.0
2026-02-26 22:59:26.156 8 INFO placement.requestlog [None req-8c346298-a47a-46da-80b5-8c82c4246508 - - - - - -] 10.0.0.253 "GET /" status: 200 len: 136 microversion: 1.0
2026-02-26 22:59:26.156 7 INFO placement.requestlog [None req-997e7bd1-5f27-47c0-9bb7-2c1e5acbd27d - - - - - -] 10.0.0.253 "GET /" status: 200 len: 136 microversion: 1.0
2026-02-26 22:59:35.797 8 INFO placement.requestlog [req-0fd01ced-f576-45a0-8adf-3f03194ba211 req-ced08606-19c4-413c-a780-33c79939bbdc 9a31200b2e694e3498df3951b9538d92 ceee567fea5c487283774f553313b658 - - 1121ce3566d04016b7a2a1c945cba5cf 1121ce3566d04016b7a2a1c945cba5cf] 162.253.55.110 "GET /resource_providers/bcb93973-bb40-42f9-96aa-a16b42be5736/allocations" status: 200 len: 340 microversion: 1.0 [pid: 8|app: 0|req: 638/1270] 162.253.55.110 () {32 vars in 856 bytes} [Thu Feb 26 22:59:35 2026] GET /resource_providers/bcb93973-bb40-42f9-96aa-a16b42be5736/allocations => generated 340 bytes in 17 msecs (HTTP/1.1 200) 6 headers in 224 bytes (1 switches on core 0)
2026-02-26 22:59:35.817 7 INFO placement.requestlog [req-0fd01ced-f576-45a0-8adf-3f03194ba211 req-f267e4c4-9262-4838-9f17-02cf96f572f7 9a31200b2e694e3498df3951b9538d92 ceee567fea5c487283774f553313b658 - - 1121ce3566d04016b7a2a1c945cba5cf 1121ce3566d04016b7a2a1c945cba5cf] 162.253.55.110 "GET /allocations/62b3d35d-6e8b-46ae-93db-fdf6b5533e9a" status: 200 len: 258 microversion: 1.28 [pid: 7|app: 0|req: 633/1271] 162.253.55.110 () {34 vars in 862 bytes} [Thu Feb 26 22:59:35 2026] GET /allocations/62b3d35d-6e8b-46ae-93db-fdf6b5533e9a => generated 258 bytes in 13 msecs (HTTP/1.1 200) 8 headers in 296 bytes (1 switches on core 0)
2026-02-26 22:59:35.837 8 INFO placement.requestlog [req-0fd01ced-f576-45a0-8adf-3f03194ba211 req-6065f894-46c1-4863-8520-dc57348d5c43 9a31200b2e694e3498df3951b9538d92 ceee567fea5c487283774f553313b658 - - 1121ce3566d04016b7a2a1c945cba5cf 1121ce3566d04016b7a2a1c945cba5cf] 162.253.55.110 "GET /allocations/ffcc7273-4e5b-47cd-97d9-cd7fc756f7c7" status: 200 len: 245 microversion: 1.28 [pid: 8|app: 0|req: 639/1272] 162.253.55.110 () {34 vars in 862 bytes} [Thu Feb 26 22:59:35 2026] GET /allocations/ffcc7273-4e5b-47cd-97d9-cd7fc756f7c7 => generated 245 bytes in 11 msecs (HTTP/1.1 200) 8 headers in 296 bytes (1 switches on core 0)
2026-02-26 22:59:35.855 7 INFO placement.requestlog [req-0fd01ced-f576-45a0-8adf-3f03194ba211 req-cf87b852-a9a8-42a4-b284-72e5714f86be 9a31200b2e694e3498df3951b9538d92 ceee567fea5c487283774f553313b658 - - 1121ce3566d04016b7a2a1c945cba5cf 1121ce3566d04016b7a2a1c945cba5cf] 162.253.55.110 "GET /allocations/43a03aac-4a1d-40df-91da-73edef180a3e" status: 200 len: 258 microversion: 1.28 [pid: 7|app: 0|req: 634/1273] 162.253.55.110 () {34 vars in 862 bytes} [Thu Feb 26 22:59:35 2026] GET /allocations/43a03aac-4a1d-40df-91da-73edef180a3e => generated 258 bytes in 14 msecs (HTTP/1.1 200) 8 headers in 296 bytes (1 switches on core 0)
2026-02-26 22:59:36.156 7 INFO placement.requestlog [None req-92a2fa3c-a9c4-4598-9ff2-a8c45f17bc4a - - - - - -] 10.0.0.253 "GET /" status: 200 len: 136 microversion: 1.0
2026-02-26 22:59:36.156 8 INFO placement.requestlog [None req-0e472204-e364-4534-a70e-f31f63835f04 - - - - - -] 10.0.0.253 "GET /" status: 200 len: 136 microversion: 1.0
2026-02-26 22:59:36.928 8 INFO placement.requestlog [req-0fd01ced-f576-45a0-8adf-3f03194ba211 req-cbc8d838-fa12-489c-ab20-0e674a423858 9a31200b2e694e3498df3951b9538d92 ceee567fea5c487283774f553313b658 - - 1121ce3566d04016b7a2a1c945cba5cf 1121ce3566d04016b7a2a1c945cba5cf] 162.253.55.110 "DELETE /allocations/ffcc7273-4e5b-47cd-97d9-cd7fc756f7c7" status: 204 len: 0 microversion: 1.0 [pid: 8|app: 0|req: 641/1276] 162.253.55.110 () {34 vars in 840 bytes} [Thu Feb 26 22:59:36 2026] DELETE /allocations/ffcc7273-4e5b-47cd-97d9-cd7fc756f7c7 => generated 0 bytes in 47 msecs (HTTP/1.1 204) 5 headers in 198 bytes (1 switches on core 0)
2026-02-26 22:59:39.565 7 INFO placement.requestlog [req-ce597e77-6035-424e-9206-2645566340e1 req-80d44978-bb75-4a27-9cc6-7b56516e9d93 9a31200b2e694e3498df3951b9538d92 ceee567fea5c487283774f553313b658 - - 1121ce3566d04016b7a2a1c945cba5cf 1121ce3566d04016b7a2a1c945cba5cf] 162.253.55.110 "GET /resource_providers/bcb93973-bb40-42f9-96aa-a16b42be5736/allocations" status: 200 len: 253 microversion: 1.0 [pid: 7|app: 0|req: 636/1277] 162.253.55.110 () {32 vars in 856 bytes} [Thu Feb 26 22:59:39 2026] GET /resource_providers/bcb93973-bb40-42f9-96aa-a16b42be5736/allocations => generated 253 bytes in 20 msecs (HTTP/1.1 200) 6 headers in 224 bytes (1 switches on core 0)
2026-02-26 22:59:39.586 8 INFO placement.requestlog [req-ce597e77-6035-424e-9206-2645566340e1 req-4f6b23fe-5caa-44ac-8209-bdd2d5aa688e 9a31200b2e694e3498df3951b9538d92 ceee567fea5c487283774f553313b658 - - 1121ce3566d04016b7a2a1c945cba5cf 1121ce3566d04016b7a2a1c945cba5cf] 162.253.55.110 "GET /allocations/62b3d35d-6e8b-46ae-93db-fdf6b5533e9a" status: 200 len: 258 microversion: 1.28 [pid: 8|app: 0|req: 642/1278] 162.253.55.110 () {34 vars in 862 bytes} [Thu Feb 26 22:59:39 2026] GET /allocations/62b3d35d-6e8b-46ae-93db-fdf6b5533e9a => generated 258 bytes in 13 msecs (HTTP/1.1 200) 8 headers in 296 bytes (1 switches on core 0)
2026-02-26 22:59:39.606 7 INFO placement.requestlog [req-ce597e77-6035-424e-9206-2645566340e1 req-e47b7824-08e5-4904-a588-c27696f4d8e9 9a31200b2e694e3498df3951b9538d92 ceee567fea5c487283774f553313b658 - - 1121ce3566d04016b7a2a1c945cba5cf 1121ce3566d04016b7a2a1c945cba5cf] 162.253.55.110 "GET /allocations/43a03aac-4a1d-40df-91da-73edef180a3e" status: 200 len: 258 microversion: 1.28 [pid: 7|app: 0|req: 637/1279] 162.253.55.110 () {34 vars in 862 bytes} [Thu Feb 26 22:59:39 2026] GET /allocations/43a03aac-4a1d-40df-91da-73edef180a3e => generated 258 bytes in 13 msecs (HTTP/1.1 200) 8 headers in 296 bytes (1 switches on core 0)
2026-02-26 22:59:40.678 8 INFO placement.requestlog [req-ce597e77-6035-424e-9206-2645566340e1 req-1c0803df-6c77-4e0f-8c86-2f6c5a3a5f35 9a31200b2e694e3498df3951b9538d92 ceee567fea5c487283774f553313b658 - - 1121ce3566d04016b7a2a1c945cba5cf 1121ce3566d04016b7a2a1c945cba5cf] 162.253.55.110 "DELETE /allocations/62b3d35d-6e8b-46ae-93db-fdf6b5533e9a" status: 204 len: 0 microversion: 1.0 [pid: 8|app: 0|req: 643/1280] 162.253.55.110 () {34 vars in 840 bytes} [Thu Feb 26 22:59:40 2026] DELETE /allocations/62b3d35d-6e8b-46ae-93db-fdf6b5533e9a => generated 0 bytes in 37 msecs (HTTP/1.1 204) 5 headers in 198 bytes (1 switches on core 0)
2026-02-26 22:59:46.156 7 INFO placement.requestlog [None req-03fdf666-bc43-4e0b-aa4e-37197d2de46c - - - - - -] 10.0.0.253 "GET /" status: 200 len: 136 microversion: 1.0
2026-02-26 22:59:46.158 8 INFO placement.requestlog [None req-f397b1a2-ba1a-4caf-b441-2f0b493cfb1e - - - - - -] 10.0.0.253 "GET /" status: 200 len: 136 microversion: 1.0
2026-02-26 22:59:47.564 7 INFO placement.requestlog [req-e13c655c-8958-49b5-9092-beacfda97791 req-4b872440-8108-4e6a-8d0a-1fe3c26440fa 9a31200b2e694e3498df3951b9538d92 ceee567fea5c487283774f553313b658 - - 1121ce3566d04016b7a2a1c945cba5cf 1121ce3566d04016b7a2a1c945cba5cf] 162.253.55.110 "GET /resource_providers/bcb93973-bb40-42f9-96aa-a16b42be5736/allocations" status: 200 len: 153 microversion: 1.0 [pid: 7|app: 0|req: 639/1283] 162.253.55.110 () {32 vars in 856 bytes} [Thu Feb 26 22:59:47 2026] GET /resource_providers/bcb93973-bb40-42f9-96aa-a16b42be5736/allocations => generated 153 bytes in 16 msecs (HTTP/1.1 200) 6 headers in 224 bytes (1 switches on core 0)
2026-02-26 22:59:47.590 8 INFO placement.requestlog [req-e13c655c-8958-49b5-9092-beacfda97791 req-afb14809-8382-42e4-97d7-c6539afc3c02 9a31200b2e694e3498df3951b9538d92 ceee567fea5c487283774f553313b658 - - 1121ce3566d04016b7a2a1c945cba5cf 1121ce3566d04016b7a2a1c945cba5cf] 162.253.55.110 "GET /resource_providers/bcb93973-bb40-42f9-96aa-a16b42be5736/allocations" status: 200 len: 153 microversion: 1.0 [pid: 8|app: 0|req: 645/1284] 162.253.55.110 () {32 vars in 856 bytes} [Thu Feb 26 22:59:47 2026] GET /resource_providers/bcb93973-bb40-42f9-96aa-a16b42be5736/allocations => generated 153 bytes in 19 msecs (HTTP/1.1 200) 6 headers in 224 bytes (1 switches on core 0)
2026-02-26 22:59:47.606 7 INFO placement.requestlog [req-e13c655c-8958-49b5-9092-beacfda97791 req-5870d2b1-cf6e-4010-bdf1-746d10b6ff28 9a31200b2e694e3498df3951b9538d92 ceee567fea5c487283774f553313b658 - - 1121ce3566d04016b7a2a1c945cba5cf 1121ce3566d04016b7a2a1c945cba5cf] 162.253.55.110 "GET /allocations/43a03aac-4a1d-40df-91da-73edef180a3e" status: 200 len: 258 microversion: 1.28 [pid: 7|app: 0|req: 640/1285] 162.253.55.110 () {34 vars in 862 bytes} [Thu Feb 26 22:59:47 2026] GET /allocations/43a03aac-4a1d-40df-91da-73edef180a3e => generated 258 bytes in 12 msecs (HTTP/1.1 200) 8 headers in 296 bytes (1 switches on core 0)
2026-02-26 22:59:50.754 8 INFO placement.requestlog [req-f1c3ced6-9f58-480d-bb3c-6e6e60c01b40 req-0699733b-0cb6-4e6b-aace-805f303e74b7 9a31200b2e694e3498df3951b9538d92 ceee567fea5c487283774f553313b658 - - 1121ce3566d04016b7a2a1c945cba5cf 1121ce3566d04016b7a2a1c945cba5cf] 162.253.55.110 "GET /resource_providers/bcb93973-bb40-42f9-96aa-a16b42be5736/allocations" status: 200 len: 153 microversion: 1.0 [pid: 8|app: 0|req: 646/1286] 162.253.55.110 () {32 vars in 856 bytes} [Thu Feb 26 22:59:50 2026] GET /resource_providers/bcb93973-bb40-42f9-96aa-a16b42be5736/allocations => generated 153 bytes in 20 msecs (HTTP/1.1 200) 6 headers in 224 bytes (1 switches on core 0)
2026-02-26 22:59:50.775 7 INFO placement.requestlog [req-f1c3ced6-9f58-480d-bb3c-6e6e60c01b40 req-29446cd0-d2b3-421e-b904-980ab3462054 9a31200b2e694e3498df3951b9538d92 ceee567fea5c487283774f553313b658 - - 1121ce3566d04016b7a2a1c945cba5cf 1121ce3566d04016b7a2a1c945cba5cf] 162.253.55.110 "GET /allocations/43a03aac-4a1d-40df-91da-73edef180a3e" status: 200 len: 258 microversion: 1.28 [pid: 7|app: 0|req: 641/1287] 162.253.55.110 () {34 vars in 862 bytes} [Thu Feb 26 22:59:50 2026] GET /allocations/43a03aac-4a1d-40df-91da-73edef180a3e => generated 258 bytes in 13 msecs (HTTP/1.1 200) 8 headers in 296 bytes (1 switches on core 0)
2026-02-26 22:59:51.821 8 INFO placement.requestlog [req-f1c3ced6-9f58-480d-bb3c-6e6e60c01b40 req-20b61789-d66a-4a16-afaf-209fabd86615 9a31200b2e694e3498df3951b9538d92 ceee567fea5c487283774f553313b658 - - 1121ce3566d04016b7a2a1c945cba5cf 1121ce3566d04016b7a2a1c945cba5cf] 162.253.55.110 "DELETE /allocations/43a03aac-4a1d-40df-91da-73edef180a3e" status: 204 len: 0 microversion: 1.0 [pid: 8|app: 0|req: 647/1288] 162.253.55.110 () {34 vars in 840 bytes} [Thu Feb 26 22:59:51 2026] DELETE /allocations/43a03aac-4a1d-40df-91da-73edef180a3e => generated 0 bytes in 23 msecs (HTTP/1.1 204) 5 headers in 198 bytes (1 switches on core 0)
2026-02-26 22:59:54.473 7 INFO placement.requestlog [None req-a308e1e4-9c3a-4c0a-9705-8bf5c3e89882 e382bf0d2a614ec28117704ace4a0c9e ae5698641f0347c39165ed03a0f6421a - - default default] 10.0.0.227 "GET /resource_providers" status: 200 len: 406 microversion: 1.0 [pid: 7|app: 0|req: 642/1289] 10.0.0.227 () {28 vars in 592 bytes} [Thu Feb 26 22:59:54 2026] GET /resource_providers => generated 406 bytes in 96 msecs (HTTP/1.1 200) 6 headers in 224 bytes (1 switches on core 0)
2026-02-26 22:59:54.488 8 INFO placement.requestlog [None req-7b9de7bc-4d89-4db4-bcda-ff77e1dee2f9 e382bf0d2a614ec28117704ace4a0c9e ae5698641f0347c39165ed03a0f6421a - - default default] 10.0.0.227 "GET /resource_providers/bcb93973-bb40-42f9-96aa-a16b42be5736/inventories" status: 200 len: 401 microversion: 1.0 [pid: 8|app: 0|req: 648/1290] 10.0.0.227 () {28 vars in 690 bytes} [Thu Feb 26 22:59:54 2026] GET /resource_providers/bcb93973-bb40-42f9-96aa-a16b42be5736/inventories => generated 401 bytes in 12 msecs (HTTP/1.1 200) 6 headers in 224 bytes (1 switches on core 0)
2026-02-26 22:59:54.509 7 INFO placement.requestlog [None req-095abfc3-26e2-42ab-91f9-3d675eb28387 e382bf0d2a614ec28117704ace4a0c9e ae5698641f0347c39165ed03a0f6421a - - default default] 10.0.0.227 "GET /resource_providers/bcb93973-bb40-42f9-96aa-a16b42be5736/usages" status: 200 len: 89 microversion: 1.0 [pid: 7|app: 0|req: 643/1291] 10.0.0.227 () {28 vars in 680 bytes} [Thu Feb 26 22:59:54 2026] GET /resource_providers/bcb93973-bb40-42f9-96aa-a16b42be5736/usages => generated 89 bytes in 17 msecs (HTTP/1.1 200) 6 headers in 223 bytes (1 switches on core 0)
2026-02-26 22:59:56.156 8 INFO placement.requestlog [None req-029e0070-2681-4498-acb4-71d7a27521cb - - - - - -] 10.0.0.253 "GET /" status: 200 len: 136 microversion: 1.0
2026-02-26 22:59:56.158 7 INFO placement.requestlog [None req-20439f13-38ff-40ac-bbc9-9d971854729e - - - - - -] 10.0.0.253 "GET /" status: 200 len: 136 microversion: 1.0
2026-02-26 23:00:02.612 7 INFO placement.requestlog [None req-2a10151b-1a84-49b2-9c69-d8806a36e0d6 7b8b3e7a9ae549efa729f77811f0ddf2 ceee567fea5c487283774f553313b658 - - 1121ce3566d04016b7a2a1c945cba5cf 1121ce3566d04016b7a2a1c945cba5cf] 10.0.0.26 "GET /resource_providers/f019a741-b081-41fe-a897-b3ae46ae1cf9/aggregates" status: 404 len: 235 microversion: 1.1 [pid: 7|app: 0|req: 645/1294] 10.0.0.26 () {32 vars in 814 bytes} [Thu Feb 26 23:00:02 2026] GET /resource_providers/f019a741-b081-41fe-a897-b3ae46ae1cf9/aggregates => generated 235 bytes in 49 msecs (HTTP/1.1 404) 5 headers in 202 bytes (1 switches on core 0)
2026-02-26 23:00:02.619 8 INFO placement.requestlog [None req-c686dc3a-1a74-4a32-93d5-a25f116665a0 7b8b3e7a9ae549efa729f77811f0ddf2 ceee567fea5c487283774f553313b658 - - 1121ce3566d04016b7a2a1c945cba5cf 1121ce3566d04016b7a2a1c945cba5cf] 10.0.0.26 "GET /resource_providers/f019a741-b081-41fe-a897-b3ae46ae1cf9/aggregates" status: 404 len: 235 microversion: 1.1 [pid: 8|app: 0|req: 650/1295] 10.0.0.26 () {32 vars in 814 bytes} [Thu Feb 26 23:00:02 2026] GET /resource_providers/f019a741-b081-41fe-a897-b3ae46ae1cf9/aggregates => generated 235 bytes in 59 msecs (HTTP/1.1 404) 5 headers in 202 bytes (1 switches on core 0)
2026-02-26 23:00:02.635 8 INFO placement.requestlog [None req-c9bda490-1a4c-4cd4-b1f6-ae29a1845099 7b8b3e7a9ae549efa729f77811f0ddf2 ceee567fea5c487283774f553313b658 - - 1121ce3566d04016b7a2a1c945cba5cf 1121ce3566d04016b7a2a1c945cba5cf] 10.0.0.26 "DELETE /resource_providers/f019a741-b081-41fe-a897-b3ae46ae1cf9" status: 404 len: 246 microversion: 1.1 [pid: 8|app: 0|req: 651/1296] 10.0.0.26 () {34 vars in 814 bytes} [Thu Feb 26 23:00:02 2026] DELETE /resource_providers/f019a741-b081-41fe-a897-b3ae46ae1cf9 => generated 246 bytes in 8 msecs (HTTP/1.1 404) 6 headers in 231 bytes (1 switches on core 0)
2026-02-26 23:00:02.639 7 INFO placement.requestlog [None req-2544fcb2-1e8b-4c5a-87d2-e7f8e0370cf1 7b8b3e7a9ae549efa729f77811f0ddf2 ceee567fea5c487283774f553313b658 - - 1121ce3566d04016b7a2a1c945cba5cf 1121ce3566d04016b7a2a1c945cba5cf] 10.0.0.26 "DELETE /resource_providers/f019a741-b081-41fe-a897-b3ae46ae1cf9" status: 404 len: 246 microversion: 1.1 [pid: 7|app: 0|req: 646/1297] 10.0.0.26 () {34 vars in 814 bytes} [Thu Feb 26 23:00:02 2026] DELETE /resource_providers/f019a741-b081-41fe-a897-b3ae46ae1cf9 => generated 246 bytes in 15 msecs (HTTP/1.1 404) 6 headers in 231 bytes (1 switches on core 0)
2026-02-26 23:00:04.667 8 INFO placement.requestlog [None req-09ae1172-4fbf-434f-bdf4-766cc4604202 7b8b3e7a9ae549efa729f77811f0ddf2 ceee567fea5c487283774f553313b658 - - 1121ce3566d04016b7a2a1c945cba5cf 1121ce3566d04016b7a2a1c945cba5cf] 10.0.0.26 "GET /resource_providers/259b86dc-451c-4ab8-91da-3f463b8c0db2/aggregates" status: 404 len: 235 microversion: 1.1 [pid: 8|app: 0|req: 652/1298] 10.0.0.26 () {32 vars in 814 bytes} [Thu Feb 26 23:00:04 2026] GET /resource_providers/259b86dc-451c-4ab8-91da-3f463b8c0db2/aggregates => generated 235 bytes in 11 msecs (HTTP/1.1 404) 5 headers in 202 bytes (1 switches on core 0)
2026-02-26 23:00:04.669 7 INFO placement.requestlog [None req-0bf69b70-84e0-47ac-a032-1b87d68daa65 7b8b3e7a9ae549efa729f77811f0ddf2 ceee567fea5c487283774f553313b658 - - 1121ce3566d04016b7a2a1c945cba5cf 1121ce3566d04016b7a2a1c945cba5cf] 10.0.0.26 "GET /resource_providers/259b86dc-451c-4ab8-91da-3f463b8c0db2/aggregates" status: 404 len: 235 microversion: 1.1 [pid: 7|app: 0|req: 647/1299] 10.0.0.26 () {32 vars in 814 bytes} [Thu Feb 26 23:00:04 2026] GET /resource_providers/259b86dc-451c-4ab8-91da-3f463b8c0db2/aggregates => generated 235 bytes in 12 msecs (HTTP/1.1 404) 5 headers in 202 bytes (1 switches on core 0)
2026-02-26 23:00:04.690 8 INFO placement.requestlog [None req-1a1103b9-a9eb-4670-bd20-0f673dc43176 7b8b3e7a9ae549efa729f77811f0ddf2 ceee567fea5c487283774f553313b658 - - 1121ce3566d04016b7a2a1c945cba5cf 1121ce3566d04016b7a2a1c945cba5cf] 10.0.0.26 "DELETE /resource_providers/259b86dc-451c-4ab8-91da-3f463b8c0db2" status: 404 len: 246 microversion: 1.1 [pid: 8|app: 0|req: 653/1300] 10.0.0.26 () {34 vars in 814 bytes} [Thu Feb 26 23:00:04 2026] DELETE /resource_providers/259b86dc-451c-4ab8-91da-3f463b8c0db2 => generated 246 bytes in 8 msecs (HTTP/1.1 404) 6 headers in 231 bytes (1 switches on core 0)
2026-02-26 23:00:04.707 7 INFO placement.requestlog [None req-cc92c0f6-7239-4619-a28b-a1f166172cd8 7b8b3e7a9ae549efa729f77811f0ddf2 ceee567fea5c487283774f553313b658 - - 1121ce3566d04016b7a2a1c945cba5cf 1121ce3566d04016b7a2a1c945cba5cf] 10.0.0.26 "DELETE /resource_providers/259b86dc-451c-4ab8-91da-3f463b8c0db2" status: 404 len: 246 microversion: 1.1 [pid: 7|app: 0|req: 648/1301] 10.0.0.26 () {34 vars in 814 bytes} [Thu Feb 26 23:00:04 2026] DELETE /resource_providers/259b86dc-451c-4ab8-91da-3f463b8c0db2 => generated 246 bytes in 13 msecs (HTTP/1.1 404) 6 headers in 231 bytes (1 switches on core 0)
2026-02-26 23:00:04.717 8 INFO placement.requestlog [None req-174b1305-302e-4019-b30c-ddf8e008f348 7b8b3e7a9ae549efa729f77811f0ddf2 ceee567fea5c487283774f553313b658 - - 1121ce3566d04016b7a2a1c945cba5cf 1121ce3566d04016b7a2a1c945cba5cf] 10.0.0.26 "GET /resource_providers/cb24c1ff-f410-496a-922a-a39597f1be29/aggregates" status: 404 len: 235 microversion: 1.1 [pid: 8|app: 0|req: 654/1302] 10.0.0.26 () {32 vars in 814 bytes} [Thu Feb 26 23:00:04 2026] GET /resource_providers/cb24c1ff-f410-496a-922a-a39597f1be29/aggregates => generated 235 bytes in 8 msecs (HTTP/1.1 404) 5 headers in 202 bytes (1 switches on core 0)
2026-02-26 23:00:04.730 7 INFO placement.requestlog [None req-8d7697e6-60eb-4d06-9167-13f15b239b14 7b8b3e7a9ae549efa729f77811f0ddf2 ceee567fea5c487283774f553313b658 - - 1121ce3566d04016b7a2a1c945cba5cf 1121ce3566d04016b7a2a1c945cba5cf] 10.0.0.26 "GET /resource_providers/cb24c1ff-f410-496a-922a-a39597f1be29/aggregates" status: 404 len: 235 microversion: 1.1 [pid: 7|app: 0|req: 649/1303] 10.0.0.26 () {32 vars in 814 bytes} [Thu Feb 26 23:00:04 2026] GET /resource_providers/cb24c1ff-f410-496a-922a-a39597f1be29/aggregates => generated 235 bytes in 10 msecs (HTTP/1.1 404) 5 headers in 202 bytes (1 switches on core 0)
2026-02-26 23:00:04.737 8 INFO placement.requestlog [None req-32bd9947-7bec-40d2-aaf1-62c6fe21dd8e 7b8b3e7a9ae549efa729f77811f0ddf2 ceee567fea5c487283774f553313b658 - - 1121ce3566d04016b7a2a1c945cba5cf 1121ce3566d04016b7a2a1c945cba5cf] 10.0.0.26 "DELETE /resource_providers/cb24c1ff-f410-496a-922a-a39597f1be29" status: 404 len: 246 microversion: 1.1 [pid: 8|app: 0|req: 655/1304] 10.0.0.26 () {34 vars in 814 bytes} [Thu Feb 26 23:00:04 2026] DELETE /resource_providers/cb24c1ff-f410-496a-922a-a39597f1be29 => generated 246 bytes in 10 msecs (HTTP/1.1 404) 6 headers in 231 bytes (1 switches on core 0)
2026-02-26 23:00:04.753 7 INFO placement.requestlog [None req-7f1fa4a0-48cb-4a94-aded-3303d921cb2e 7b8b3e7a9ae549efa729f77811f0ddf2 ceee567fea5c487283774f553313b658 - - 1121ce3566d04016b7a2a1c945cba5cf 1121ce3566d04016b7a2a1c945cba5cf] 10.0.0.26 "DELETE /resource_providers/cb24c1ff-f410-496a-922a-a39597f1be29" status: 404 len: 246 microversion: 1.1 [pid: 7|app: 0|req: 650/1305] 10.0.0.26 () {34 vars in 814 bytes} [Thu Feb 26 23:00:04 2026] DELETE /resource_providers/cb24c1ff-f410-496a-922a-a39597f1be29 => generated 246 bytes in 12 msecs (HTTP/1.1 404) 6 headers in 231 bytes (1 switches on core 0)
2026-02-26 23:00:06.157 8 INFO placement.requestlog [None req-6cc687e5-075f-45b4-9b2d-d5ee15173059 - - - - - -] 10.0.0.253 "GET /" status: 200 len: 136 microversion: 1.0
2026-02-26 23:00:06.157 7 INFO placement.requestlog [None req-04de5069-338c-43d6-85a9-40c54f02fb06 - - - - - -] 10.0.0.253 "GET /" status: 200 len: 136 microversion: 1.0
2026-02-26 23:00:06.760 8 INFO placement.requestlog [None req-a265999b-96dd-42fb-a818-71282c8acaef 7b8b3e7a9ae549efa729f77811f0ddf2 ceee567fea5c487283774f553313b658 - - 1121ce3566d04016b7a2a1c945cba5cf 1121ce3566d04016b7a2a1c945cba5cf] 10.0.0.26 "GET /resource_providers/9ec6e48a-0a18-406f-9a89-aea2eed15846/aggregates" status: 404 len: 235 microversion: 1.1 [pid: 8|app: 0|req: 657/1308] 10.0.0.26 () {32 vars in 814 bytes} [Thu Feb 26 23:00:06 2026] GET /resource_providers/9ec6e48a-0a18-406f-9a89-aea2eed15846/aggregates => generated 235 bytes in 12 msecs (HTTP/1.1 404) 5 headers in 202 bytes (1 switches on core 0)
2026-02-26 23:00:06.782 7 INFO placement.requestlog [None req-5151d7f1-39e4-47c2-bcd3-6b5af932b02f 7b8b3e7a9ae549efa729f77811f0ddf2 ceee567fea5c487283774f553313b658 - - 1121ce3566d04016b7a2a1c945cba5cf 1121ce3566d04016b7a2a1c945cba5cf] 10.0.0.26 "GET /resource_providers/9ec6e48a-0a18-406f-9a89-aea2eed15846/aggregates" status: 404 len: 235 microversion: 1.1
