2026-07-03 20:01:35.939 8 INFO placement.requestlog [None req-8a69a664-3c19-48b1-93f6-51e7412f3842 068b39e4e11744dfbeb1e74fb6a012ae e5b0534d0eb74a2581f72af0fcd9822b - - 0f74a15bc3274c62b0bb50af55601897 0f74a15bc3274c62b0bb50af55601897] 10.0.0.216 "DELETE /resource_providers/fc769cc6-8d61-4178-839d-0926bb48d813" status: 404 len: 246 microversion: 1.1 [pid: 8|app: 0|req: 466/924] 10.0.0.216 () {34 vars in 816 bytes} [Fri Jul 3 20:01:35 2026] DELETE /resource_providers/fc769cc6-8d61-4178-839d-0926bb48d813 => generated 246 bytes in 8 msecs (HTTP/1.1 404) 6 headers in 231 bytes (1 switches on core 0)
2026-07-03 20:01:35.961 7 INFO placement.requestlog [None req-a7e6f923-b58d-40d1-a2a4-9faa426b45f3 068b39e4e11744dfbeb1e74fb6a012ae e5b0534d0eb74a2581f72af0fcd9822b - - 0f74a15bc3274c62b0bb50af55601897 0f74a15bc3274c62b0bb50af55601897] 10.0.0.216 "DELETE /resource_providers/fc769cc6-8d61-4178-839d-0926bb48d813" status: 404 len: 246 microversion: 1.1 [pid: 7|app: 0|req: 459/925] 10.0.0.216 () {34 vars in 816 bytes} [Fri Jul 3 20:01:35 2026] DELETE /resource_providers/fc769cc6-8d61-4178-839d-0926bb48d813 => generated 246 bytes in 10 msecs (HTTP/1.1 404) 6 headers in 231 bytes (1 switches on core 0)
2026-07-03 20:01:37.100 7 INFO placement.requestlog [None req-0afaad14-9731-444d-8417-2df278f71483 - - - - - -] 10.0.0.225 "GET /" status: 200 len: 136 microversion: 1.0
2026-07-03 20:01:37.100 8 INFO placement.requestlog [None req-398594ab-f527-41a4-b684-72ebffc5dbb3 - - - - - -] 10.0.0.225 "GET /" status: 200 len: 136 microversion: 1.0
2026-07-03 20:01:41.332 8 INFO placement.requestlog [None req-708df8a6-ce34-47bd-8b29-05bd554409ea 068b39e4e11744dfbeb1e74fb6a012ae e5b0534d0eb74a2581f72af0fcd9822b - - 0f74a15bc3274c62b0bb50af55601897 0f74a15bc3274c62b0bb50af55601897] 10.0.0.216 "GET /resource_providers/999bfb06-533e-4b70-a314-e129bc02b73c/aggregates" status: 404 len: 235 microversion: 1.1 [pid: 8|app: 0|req: 468/928] 10.0.0.216 () {32 vars in 816 bytes} [Fri Jul 3 20:01:41 2026] GET /resource_providers/999bfb06-533e-4b70-a314-e129bc02b73c/aggregates => generated 235 bytes in 9 msecs (HTTP/1.1 404) 5 headers in 202 bytes (1 switches on core 0)
2026-07-03 20:01:41.333 7 INFO placement.requestlog [None req-8e59220d-5193-4ad0-b484-e3afb9e59691 068b39e4e11744dfbeb1e74fb6a012ae e5b0534d0eb74a2581f72af0fcd9822b - - 0f74a15bc3274c62b0bb50af55601897 0f74a15bc3274c62b0bb50af55601897] 10.0.0.216 "GET /resource_providers/999bfb06-533e-4b70-a314-e129bc02b73c/aggregates" status: 404 len: 235 microversion: 1.1 [pid: 7|app: 0|req: 461/929] 10.0.0.216 () {32 vars in 816 bytes} [Fri Jul 3 20:01:41 2026] GET /resource_providers/999bfb06-533e-4b70-a314-e129bc02b73c/aggregates => generated 235 bytes in 10 msecs (HTTP/1.1 404) 5 headers in 202 bytes (1 switches on core 0)
2026-07-03 20:01:41.358 8 INFO placement.requestlog [None req-4a780b34-cfec-4ceb-9f67-29843d88a61d 068b39e4e11744dfbeb1e74fb6a012ae e5b0534d0eb74a2581f72af0fcd9822b - - 0f74a15bc3274c62b0bb50af55601897 0f74a15bc3274c62b0bb50af55601897] 10.0.0.216 "DELETE /resource_providers/999bfb06-533e-4b70-a314-e129bc02b73c" status: 404 len: 246 microversion: 1.1 [pid: 8|app: 0|req: 469/930] 10.0.0.216 () {34 vars in 816 bytes} [Fri Jul 3 20:01:41 2026] DELETE /resource_providers/999bfb06-533e-4b70-a314-e129bc02b73c => generated 246 bytes in 11 msecs (HTTP/1.1 404) 6 headers in 231 bytes (1 switches on core 0)
2026-07-03 20:01:41.360 7 INFO placement.requestlog [None req-93f1cbb5-8728-4167-9ccb-8bdaf4b98e82 068b39e4e11744dfbeb1e74fb6a012ae e5b0534d0eb74a2581f72af0fcd9822b - - 0f74a15bc3274c62b0bb50af55601897 0f74a15bc3274c62b0bb50af55601897] 10.0.0.216 "DELETE /resource_providers/999bfb06-533e-4b70-a314-e129bc02b73c" status: 404 len: 246 microversion: 1.1 [pid: 7|app: 0|req: 462/931] 10.0.0.216 () {34 vars in 816 bytes} [Fri Jul 3 20:01:41 2026] DELETE /resource_providers/999bfb06-533e-4b70-a314-e129bc02b73c => generated 246 bytes in 8 msecs (HTTP/1.1 404) 6 headers in 231 bytes (1 switches on core 0)
2026-07-03 20:01:46.451 8 INFO placement.requestlog [None req-e2ea3477-80a9-41e3-bea2-dde8f714a7c4 068b39e4e11744dfbeb1e74fb6a012ae e5b0534d0eb74a2581f72af0fcd9822b - - 0f74a15bc3274c62b0bb50af55601897 0f74a15bc3274c62b0bb50af55601897] 10.0.0.216 "GET /resource_providers/140919d7-f2f3-4a55-970c-f34814c9a114/aggregates" status: 404 len: 235 microversion: 1.1 [pid: 8|app: 0|req: 470/932] 10.0.0.216 () {32 vars in 816 bytes} [Fri Jul 3 20:01:46 2026] GET /resource_providers/140919d7-f2f3-4a55-970c-f34814c9a114/aggregates => generated 235 bytes in 14 msecs (HTTP/1.1 404) 5 headers in 202 bytes (1 switches on core 0)
2026-07-03 20:01:46.454 7 INFO placement.requestlog [None req-36a5e433-b00d-486c-a30f-00215a755449 068b39e4e11744dfbeb1e74fb6a012ae e5b0534d0eb74a2581f72af0fcd9822b - - 0f74a15bc3274c62b0bb50af55601897 0f74a15bc3274c62b0bb50af55601897] 10.0.0.216 "GET /resource_providers/140919d7-f2f3-4a55-970c-f34814c9a114/aggregates" status: 404 len: 235 microversion: 1.1 [pid: 7|app: 0|req: 463/933] 10.0.0.216 () {32 vars in 816 bytes} [Fri Jul 3 20:01:46 2026] GET /resource_providers/140919d7-f2f3-4a55-970c-f34814c9a114/aggregates => generated 235 bytes in 16 msecs (HTTP/1.1 404) 5 headers in 202 bytes (1 switches on core 0)
2026-07-03 20:01:46.477 8 INFO placement.requestlog [None req-a63ff748-a0dc-4d57-81a3-feec0ed2cdee 068b39e4e11744dfbeb1e74fb6a012ae e5b0534d0eb74a2581f72af0fcd9822b - - 0f74a15bc3274c62b0bb50af55601897 0f74a15bc3274c62b0bb50af55601897] 10.0.0.216 "DELETE /resource_providers/140919d7-f2f3-4a55-970c-f34814c9a114" status: 404 len: 246 microversion: 1.1 [pid: 8|app: 0|req: 471/934] 10.0.0.216 () {34 vars in 816 bytes} [Fri Jul 3 20:01:46 2026] DELETE /resource_providers/140919d7-f2f3-4a55-970c-f34814c9a114 => generated 246 bytes in 8 msecs (HTTP/1.1 404) 6 headers in 231 bytes (1 switches on core 0)
2026-07-03 20:01:46.480 7 INFO placement.requestlog [None req-a37a4aba-6c40-4559-a750-99a2c91ed068 068b39e4e11744dfbeb1e74fb6a012ae e5b0534d0eb74a2581f72af0fcd9822b - - 0f74a15bc3274c62b0bb50af55601897 0f74a15bc3274c62b0bb50af55601897] 10.0.0.216 "DELETE /resource_providers/140919d7-f2f3-4a55-970c-f34814c9a114" status: 404 len: 246 microversion: 1.1 [pid: 7|app: 0|req: 464/935] 10.0.0.216 () {34 vars in 816 bytes} [Fri Jul 3 20:01:46 2026] DELETE /resource_providers/140919d7-f2f3-4a55-970c-f34814c9a114 => generated 246 bytes in 10 msecs (HTTP/1.1 404) 6 headers in 231 bytes (1 switches on core 0)
2026-07-03 20:01:47.052 8 INFO placement.requestlog [None req-0e57c5f4-512a-45a9-8fa6-32ab1156b3e6 068b39e4e11744dfbeb1e74fb6a012ae e5b0534d0eb74a2581f72af0fcd9822b - - 0f74a15bc3274c62b0bb50af55601897 0f74a15bc3274c62b0bb50af55601897] 10.0.0.216 "GET /resource_providers/64dd6491-0a8f-495a-bcdf-aa871431fa41/aggregates" status: 404 len: 235 microversion: 1.1 [pid: 8|app: 0|req: 472/936] 10.0.0.216 () {32 vars in 816 bytes} [Fri Jul 3 20:01:47 2026] GET /resource_providers/64dd6491-0a8f-495a-bcdf-aa871431fa41/aggregates => generated 235 bytes in 10 msecs (HTTP/1.1 404) 5 headers in 202 bytes (1 switches on core 0)
2026-07-03 20:01:47.054 7 INFO placement.requestlog [None req-7c405745-95c7-45d9-bdce-30faf1b31b26 068b39e4e11744dfbeb1e74fb6a012ae e5b0534d0eb74a2581f72af0fcd9822b - - 0f74a15bc3274c62b0bb50af55601897 0f74a15bc3274c62b0bb50af55601897] 10.0.0.216 "GET /resource_providers/64dd6491-0a8f-495a-bcdf-aa871431fa41/aggregates" status: 404 len: 235 microversion: 1.1 [pid: 7|app: 0|req: 465/937] 10.0.0.216 () {32 vars in 816 bytes} [Fri Jul 3 20:01:47 2026] GET /resource_providers/64dd6491-0a8f-495a-bcdf-aa871431fa41/aggregates => generated 235 bytes in 12 msecs (HTTP/1.1 404) 5 headers in 202 bytes (1 switches on core 0)
2026-07-03 20:01:47.073 7 INFO placement.requestlog [None req-ed1633db-932f-46e5-a637-6163216ca7d1 068b39e4e11744dfbeb1e74fb6a012ae e5b0534d0eb74a2581f72af0fcd9822b - - 0f74a15bc3274c62b0bb50af55601897 0f74a15bc3274c62b0bb50af55601897] 10.0.0.216 "DELETE /resource_providers/64dd6491-0a8f-495a-bcdf-aa871431fa41" status: 404 len: 246 microversion: 1.1 [pid: 7|app: 0|req: 466/938] 10.0.0.216 () {34 vars in 816 bytes} [Fri Jul 3 20:01:47 2026] DELETE /resource_providers/64dd6491-0a8f-495a-bcdf-aa871431fa41 => generated 246 bytes in 8 msecs (HTTP/1.1 404) 6 headers in 231 bytes (1 switches on core 0)
2026-07-03 20:01:47.073 8 INFO placement.requestlog [None req-8b722fbc-7470-48fe-bdac-09cd8784ee43 068b39e4e11744dfbeb1e74fb6a012ae e5b0534d0eb74a2581f72af0fcd9822b - - 0f74a15bc3274c62b0bb50af55601897 0f74a15bc3274c62b0bb50af55601897] 10.0.0.216 "DELETE /resource_providers/64dd6491-0a8f-495a-bcdf-aa871431fa41" status: 404 len: 246 microversion: 1.1 [pid: 8|app: 0|req: 473/939] 10.0.0.216 () {34 vars in 816 bytes} [Fri Jul 3 20:01:47 2026] DELETE /resource_providers/64dd6491-0a8f-495a-bcdf-aa871431fa41 => generated 246 bytes in 9 msecs (HTTP/1.1 404) 6 headers in 231 bytes (1 switches on core 0)
2026-07-03 20:01:47.101 8 INFO placement.requestlog [None req-fb099bad-ca85-4d8b-8f33-33635f15fcf2 - - - - - -] 10.0.0.225 "GET /" status: 200 len: 136 microversion: 1.0
2026-07-03 20:01:47.101 7 INFO placement.requestlog [None req-0e64ea3a-e235-484a-a9fb-2bb361cf35f5 - - - - - -] 10.0.0.225 "GET /" status: 200 len: 136 microversion: 1.0
2026-07-03 20:01:48.501 8 INFO placement.requestlog [None req-31108e31-390a-41a1-9d21-ad717bcd10a8 068b39e4e11744dfbeb1e74fb6a012ae e5b0534d0eb74a2581f72af0fcd9822b - - 0f74a15bc3274c62b0bb50af55601897 0f74a15bc3274c62b0bb50af55601897] 10.0.0.216 "GET /resource_providers/722ff576-6710-4498-abb7-b1c0d142cd98/aggregates" status: 404 len: 235 microversion: 1.1 [pid: 8|app: 0|req: 475/942] 10.0.0.216 () {32 vars in 816 bytes} [Fri Jul 3 20:01:48 2026] GET /resource_providers/722ff576-6710-4498-abb7-b1c0d142cd98/aggregates => generated 235 bytes in 10 msecs (HTTP/1.1 404) 5 headers in 202 bytes (1 switches on core 0)
2026-07-03 20:01:48.504 7 INFO placement.requestlog [None req-6d9d59b1-630f-4981-89f4-401e5dc30589 068b39e4e11744dfbeb1e74fb6a012ae e5b0534d0eb74a2581f72af0fcd9822b - - 0f74a15bc3274c62b0bb50af55601897 0f74a15bc3274c62b0bb50af55601897] 10.0.0.216 "GET /resource_providers/722ff576-6710-4498-abb7-b1c0d142cd98/aggregates" status: 404 len: 235 microversion: 1.1 [pid: 7|app: 0|req: 468/943] 10.0.0.216 () {32 vars in 816 bytes} [Fri Jul 3 20:01:48 2026] GET /resource_providers/722ff576-6710-4498-abb7-b1c0d142cd98/aggregates => generated 235 bytes in 13 msecs (HTTP/1.1 404) 5 headers in 202 bytes (1 switches on core 0)
2026-07-03 20:01:48.534 8 INFO placement.requestlog [None req-0b26616c-dd09-4fdc-9fa2-2d522e6df44c 068b39e4e11744dfbeb1e74fb6a012ae e5b0534d0eb74a2581f72af0fcd9822b - - 0f74a15bc3274c62b0bb50af55601897 0f74a15bc3274c62b0bb50af55601897] 10.0.0.216 "DELETE /resource_providers/722ff576-6710-4498-abb7-b1c0d142cd98" status: 404 len: 246 microversion: 1.1 [pid: 8|app: 0|req: 476/944] 10.0.0.216 () {34 vars in 816 bytes} [Fri Jul 3 20:01:48 2026] DELETE /resource_providers/722ff576-6710-4498-abb7-b1c0d142cd98 => generated 246 bytes in 8 msecs (HTTP/1.1 404) 6 headers in 231 bytes (1 switches on core 0)
2026-07-03 20:01:48.538 7 INFO placement.requestlog [None req-4457a966-717d-44ee-956e-ded3f14670ac 068b39e4e11744dfbeb1e74fb6a012ae e5b0534d0eb74a2581f72af0fcd9822b - - 0f74a15bc3274c62b0bb50af55601897 0f74a15bc3274c62b0bb50af55601897] 10.0.0.216 "DELETE /resource_providers/722ff576-6710-4498-abb7-b1c0d142cd98" status: 404 len: 246 microversion: 1.1 [pid: 7|app: 0|req: 469/945] 10.0.0.216 () {34 vars in 816 bytes} [Fri Jul 3 20:01:48 2026] DELETE /resource_providers/722ff576-6710-4498-abb7-b1c0d142cd98 => generated 246 bytes in 11 msecs (HTTP/1.1 404) 6 headers in 231 bytes (1 switches on core 0)
2026-07-03 20:01:49.096 7 INFO placement.requestlog [None req-feb4ad2f-23e1-4a66-aa21-b3047f282cd9 068b39e4e11744dfbeb1e74fb6a012ae e5b0534d0eb74a2581f72af0fcd9822b - - 0f74a15bc3274c62b0bb50af55601897 0f74a15bc3274c62b0bb50af55601897] 10.0.0.216 "GET /resource_providers/150cd391-8d11-4dd5-b23a-93a767a641ab/aggregates" status: 404 len: 235 microversion: 1.1 [pid: 7|app: 0|req: 470/946] 10.0.0.216 () {32 vars in 816 bytes} [Fri Jul 3 20:01:49 2026] GET /resource_providers/150cd391-8d11-4dd5-b23a-93a767a641ab/aggregates => generated 235 bytes in 9 msecs (HTTP/1.1 404) 5 headers in 202 bytes (1 switches on core 0)
2026-07-03 20:01:49.104 8 INFO placement.requestlog [None req-48e1c0a4-306b-439e-94a6-c10b62cbd39e 068b39e4e11744dfbeb1e74fb6a012ae e5b0534d0eb74a2581f72af0fcd9822b - - 0f74a15bc3274c62b0bb50af55601897 0f74a15bc3274c62b0bb50af55601897] 10.0.0.216 "GET /resource_providers/150cd391-8d11-4dd5-b23a-93a767a641ab/aggregates" status: 404 len: 235 microversion: 1.1 [pid: 8|app: 0|req: 477/947] 10.0.0.216 () {32 vars in 816 bytes} [Fri Jul 3 20:01:49 2026] GET /resource_providers/150cd391-8d11-4dd5-b23a-93a767a641ab/aggregates => generated 235 bytes in 17 msecs (HTTP/1.1 404) 5 headers in 202 bytes (1 switches on core 0)
2026-07-03 20:01:49.122 7 INFO placement.requestlog [None req-b47e28e0-d0ca-485b-b936-3d731ab1cf01 068b39e4e11744dfbeb1e74fb6a012ae e5b0534d0eb74a2581f72af0fcd9822b - - 0f74a15bc3274c62b0bb50af55601897 0f74a15bc3274c62b0bb50af55601897] 10.0.0.216 "DELETE /resource_providers/150cd391-8d11-4dd5-b23a-93a767a641ab" status: 404 len: 246 microversion: 1.1 [pid: 7|app: 0|req: 471/948] 10.0.0.216 () {34 vars in 816 bytes} [Fri Jul 3 20:01:49 2026] DELETE /resource_providers/150cd391-8d11-4dd5-b23a-93a767a641ab => generated 246 bytes in 9 msecs (HTTP/1.1 404) 6 headers in 231 bytes (1 switches on core 0)
2026-07-03 20:01:49.138 8 INFO placement.requestlog [None req-31ad1e87-4dd5-4035-8f8e-0479e7220565 068b39e4e11744dfbeb1e74fb6a012ae e5b0534d0eb74a2581f72af0fcd9822b - - 0f74a15bc3274c62b0bb50af55601897 0f74a15bc3274c62b0bb50af55601897] 10.0.0.216 "DELETE /resource_providers/150cd391-8d11-4dd5-b23a-93a767a641ab" status: 404 len: 246 microversion: 1.1 [pid: 8|app: 0|req: 478/949] 10.0.0.216 () {34 vars in 816 bytes} [Fri Jul 3 20:01:49 2026] DELETE /resource_providers/150cd391-8d11-4dd5-b23a-93a767a641ab => generated 246 bytes in 25 msecs (HTTP/1.1 404) 6 headers in 231 bytes (1 switches on core 0)
2026-07-03 20:01:49.144 7 INFO placement.requestlog [None req-cc83606a-a4d4-4b5f-8ff0-ccd918ff68d1 068b39e4e11744dfbeb1e74fb6a012ae e5b0534d0eb74a2581f72af0fcd9822b - - 0f74a15bc3274c62b0bb50af55601897 0f74a15bc3274c62b0bb50af55601897] 10.0.0.216 "GET /resource_providers/56b886c4-6c30-4b80-a758-98d07ae407b2/aggregates" status: 404 len: 235 microversion: 1.1 [pid: 7|app: 0|req: 472/950] 10.0.0.216 () {32 vars in 816 bytes} [Fri Jul 3 20:01:49 2026] GET /resource_providers/56b886c4-6c30-4b80-a758-98d07ae407b2/aggregates => generated 235 bytes in 12 msecs (HTTP/1.1 404) 5 headers in 202 bytes (1 switches on core 0)
2026-07-03 20:01:49.166 8 INFO placement.requestlog [None req-4dc9af81-8056-4ba8-9e0e-2fb24d88c276 068b39e4e11744dfbeb1e74fb6a012ae e5b0534d0eb74a2581f72af0fcd9822b - - 0f74a15bc3274c62b0bb50af55601897 0f74a15bc3274c62b0bb50af55601897] 10.0.0.216 "GET /resource_providers/56b886c4-6c30-4b80-a758-98d07ae407b2/aggregates" status: 404 len: 235 microversion: 1.1 [pid: 8|app: 0|req: 479/951] 10.0.0.216 () {32 vars in 816 bytes} [Fri Jul 3 20:01:49 2026] GET /resource_providers/56b886c4-6c30-4b80-a758-98d07ae407b2/aggregates => generated 235 bytes in 10 msecs (HTTP/1.1 404) 5 headers in 202 bytes (1 switches on core 0)
2026-07-03 20:01:49.168 7 INFO placement.requestlog [None req-5131ffa3-5164-4c30-97c8-effd817ba9b6 068b39e4e11744dfbeb1e74fb6a012ae e5b0534d0eb74a2581f72af0fcd9822b - - 0f74a15bc3274c62b0bb50af55601897 0f74a15bc3274c62b0bb50af55601897] 10.0.0.216 "DELETE /resource_providers/56b886c4-6c30-4b80-a758-98d07ae407b2" status: 404 len: 246 microversion: 1.1 [pid: 7|app: 0|req: 473/952] 10.0.0.216 () {34 vars in 816 bytes} [Fri Jul 3 20:01:49 2026] DELETE /resource_providers/56b886c4-6c30-4b80-a758-98d07ae407b2 => generated 246 bytes in 11 msecs (HTTP/1.1 404) 6 headers in 231 bytes (1 switches on core 0)
2026-07-03 20:01:49.183 8 INFO placement.requestlog [None req-d863bd74-cab2-4dd0-98ba-bcbbbe301802 068b39e4e11744dfbeb1e74fb6a012ae e5b0534d0eb74a2581f72af0fcd9822b - - 0f74a15bc3274c62b0bb50af55601897 0f74a15bc3274c62b0bb50af55601897] 10.0.0.216 "GET /resource_providers/fe41dcfa-3ca5-4f81-acc7-d179b3399a93/aggregates" status: 404 len: 235 microversion: 1.1 [pid: 8|app: 0|req: 480/953] 10.0.0.216 () {32 vars in 816 bytes} [Fri Jul 3 20:01:49 2026] GET /resource_providers/fe41dcfa-3ca5-4f81-acc7-d179b3399a93/aggregates => generated 235 bytes in 7 msecs (HTTP/1.1 404) 5 headers in 202 bytes (1 switches on core 0)
2026-07-03 20:01:49.192 7 INFO placement.requestlog [None req-6e765e55-b6c7-48c3-aee9-23f0b1db9d89 068b39e4e11744dfbeb1e74fb6a012ae e5b0534d0eb74a2581f72af0fcd9822b - - 0f74a15bc3274c62b0bb50af55601897 0f74a15bc3274c62b0bb50af55601897] 10.0.0.216 "DELETE /resource_providers/56b886c4-6c30-4b80-a758-98d07ae407b2" status: 404 len: 246 microversion: 1.1 [pid: 7|app: 0|req: 474/954] 10.0.0.216 () {34 vars in 816 bytes} [Fri Jul 3 20:01:49 2026] DELETE /resource_providers/56b886c4-6c30-4b80-a758-98d07ae407b2 => generated 246 bytes in 11 msecs (HTTP/1.1 404) 6 headers in 231 bytes (1 switches on core 0)
2026-07-03 20:01:49.203 8 INFO placement.requestlog [None req-66f3e320-bfbe-40c2-9bb0-79643c8f2754 068b39e4e11744dfbeb1e74fb6a012ae e5b0534d0eb74a2581f72af0fcd9822b - - 0f74a15bc3274c62b0bb50af55601897 0f74a15bc3274c62b0bb50af55601897] 10.0.0.216 "DELETE /resource_providers/fe41dcfa-3ca5-4f81-acc7-d179b3399a93" status: 404 len: 246 microversion: 1.1 [pid: 8|app: 0|req: 481/955] 10.0.0.216 () {34 vars in 816 bytes} [Fri Jul 3 20:01:49 2026] DELETE /resource_providers/fe41dcfa-3ca5-4f81-acc7-d179b3399a93 => generated 246 bytes in 8 msecs (HTTP/1.1 404) 6 headers in 231 bytes (1 switches on core 0)
2026-07-03 20:01:49.223 7 INFO placement.requestlog [None req-6a7e63f9-5a30-479b-a562-954b1120de33 068b39e4e11744dfbeb1e74fb6a012ae e5b0534d0eb74a2581f72af0fcd9822b - - 0f74a15bc3274c62b0bb50af55601897 0f74a15bc3274c62b0bb50af55601897] 10.0.0.216 "GET /resource_providers/fe41dcfa-3ca5-4f81-acc7-d179b3399a93/aggregates" status: 404 len: 235 microversion: 1.1 [pid: 7|app: 0|req: 475/956] 10.0.0.216 () {32 vars in 816 bytes} [Fri Jul 3 20:01:49 2026] GET /resource_providers/fe41dcfa-3ca5-4f81-acc7-d179b3399a93/aggregates => generated 235 bytes in 18 msecs (HTTP/1.1 404) 5 headers in 202 bytes (1 switches on core 0)
2026-07-03 20:01:49.248 8 INFO placement.requestlog [None req-dc8a825a-86dc-41eb-acb8-b271cf58a66f 068b39e4e11744dfbeb1e74fb6a012ae e5b0534d0eb74a2581f72af0fcd9822b - - 0f74a15bc3274c62b0bb50af55601897 0f74a15bc3274c62b0bb50af55601897] 10.0.0.216 "DELETE /resource_providers/fe41dcfa-3ca5-4f81-acc7-d179b3399a93" status: 404 len: 246 microversion: 1.1 [pid: 8|app: 0|req: 482/957] 10.0.0.216 () {34 vars in 816 bytes} [Fri Jul 3 20:01:49 2026] DELETE /resource_providers/fe41dcfa-3ca5-4f81-acc7-d179b3399a93 => generated 246 bytes in 12 msecs (HTTP/1.1 404) 6 headers in 231 bytes (1 switches on core 0)
2026-07-03 20:01:54.474 7 INFO placement.requestlog [req-55295a50-95a6-4c4a-889a-17b26beb2a21 req-8b6c5c56-c21d-4c33-8325-fc388cf2b6a1 4c856b8e87f7451ca9ee365e488d6140 e5b0534d0eb74a2581f72af0fcd9822b - - 0f74a15bc3274c62b0bb50af55601897 0f74a15bc3274c62b0bb50af55601897] 199.204.45.205 "GET /resource_providers/0c5b9668-f486-4f6c-b6fe-2083291363f9/allocations" status: 200 len: 55 microversion: 1.0 [pid: 7|app: 0|req: 476/958] 199.204.45.205 () {32 vars in 857 bytes} [Fri Jul 3 20:01:54 2026] GET /resource_providers/0c5b9668-f486-4f6c-b6fe-2083291363f9/allocations => generated 55 bytes in 35 msecs (HTTP/1.1 200) 6 headers in 223 bytes (1 switches on core 0)
2026-07-03 20:01:54.495 8 INFO placement.requestlog [req-55295a50-95a6-4c4a-889a-17b26beb2a21 req-e59dd2d2-fa16-4fc1-b020-40ea2b15af68 4c856b8e87f7451ca9ee365e488d6140 e5b0534d0eb74a2581f72af0fcd9822b - - 0f74a15bc3274c62b0bb50af55601897 0f74a15bc3274c62b0bb50af55601897] 199.204.45.205 "GET /resource_providers/0c5b9668-f486-4f6c-b6fe-2083291363f9/allocations" status: 200 len: 55 microversion: 1.0 [pid: 8|app: 0|req: 483/959] 199.204.45.205 () {32 vars in 857 bytes} [Fri Jul 3 20:01:54 2026] GET /resource_providers/0c5b9668-f486-4f6c-b6fe-2083291363f9/allocations => generated 55 bytes in 14 msecs (HTTP/1.1 200) 6 headers in 223 bytes (1 switches on core 0)
2026-07-03 20:01:57.101 8 INFO placement.requestlog [None req-c5b932d6-627e-4f25-9fff-2d9c032f90d6 - - - - - -] 10.0.0.225 "GET /" status: 200 len: 136 microversion: 1.0
2026-07-03 20:01:57.101 7 INFO placement.requestlog [None req-deac6fdd-bf49-4fa5-a672-8a1219826462 - - - - - -] 10.0.0.225 "GET /" status: 200 len: 136 microversion: 1.0
2026-07-03 20:02:00.263 8 INFO placement.requestlog [None req-244d76ed-07d4-42b9-9eb8-b1f7570061cc 068b39e4e11744dfbeb1e74fb6a012ae e5b0534d0eb74a2581f72af0fcd9822b - - 0f74a15bc3274c62b0bb50af55601897 0f74a15bc3274c62b0bb50af55601897] 10.0.0.216 "GET /resource_providers/3c92dbf8-5365-452f-8440-e43c0d6fd55a/aggregates" status: 404 len: 235 microversion: 1.1 [pid: 8|app: 0|req: 485/962] 10.0.0.216 () {32 vars in 816 bytes} [Fri Jul 3 20:02:00 2026] GET /resource_providers/3c92dbf8-5365-452f-8440-e43c0d6fd55a/aggregates => generated 235 bytes in 9 msecs (HTTP/1.1 404) 5 headers in 202 bytes (1 switches on core 0)
2026-07-03 20:02:00.263 7 INFO placement.requestlog [None req-ac074024-33a2-411a-8e99-d7a2574eeba6 068b39e4e11744dfbeb1e74fb6a012ae e5b0534d0eb74a2581f72af0fcd9822b - - 0f74a15bc3274c62b0bb50af55601897 0f74a15bc3274c62b0bb50af55601897] 10.0.0.216 "GET /resource_providers/3c92dbf8-5365-452f-8440-e43c0d6fd55a/aggregates" status: 404 len: 235 microversion: 1.1 [pid: 7|app: 0|req: 478/963] 10.0.0.216 () {32 vars in 816 bytes} [Fri Jul 3 20:02:00 2026] GET /resource_providers/3c92dbf8-5365-452f-8440-e43c0d6fd55a/aggregates => generated 235 bytes in 11 msecs (HTTP/1.1 404) 5 headers in 202 bytes (1 switches on core 0)
2026-07-03 20:02:00.286 8 INFO placement.requestlog [None req-238021d1-f24c-4a64-afc9-5d422974f7b1 068b39e4e11744dfbeb1e74fb6a012ae e5b0534d0eb74a2581f72af0fcd9822b - - 0f74a15bc3274c62b0bb50af55601897 0f74a15bc3274c62b0bb50af55601897] 10.0.0.216 "DELETE /resource_providers/3c92dbf8-5365-452f-8440-e43c0d6fd55a" status: 404 len: 246 microversion: 1.1
2026-07-03 20:02:00.286 7 INFO placement.requestlog [None req-b2aee0fe-bb3c-488f-b9a3-b7ff7c764426 068b39e4e11744dfbeb1e74fb6a012ae e5b0534d0eb74a2581f72af0fcd9822b - - 0f74a15bc3274c62b0bb50af55601897 0f74a15bc3274c62b0bb50af55601897] 10.0.0.216 "DELETE /resource_providers/3c92dbf8-5365-452f-8440-e43c0d6fd55a" status: 404 len: 246 microversion: 1.1 [pid: 8|app: 0|req: 486/964] 10.0.0.216 () {34 vars in 816 bytes} [Fri Jul 3 20:02:00 2026] DELETE /resource_providers/3c92dbf8-5365-452f-8440-e43c0d6fd55a => generated 246 bytes in 9 msecs (HTTP/1.1 404) 6 headers in 231 bytes (1 switches on core 0) [pid: 7|app: 0|req: 479/965] 10.0.0.216 () {34 vars in 816 bytes} [Fri Jul 3 20:02:00 2026] DELETE /resource_providers/3c92dbf8-5365-452f-8440-e43c0d6fd55a => generated 246 bytes in 9 msecs (HTTP/1.1 404) 6 headers in 231 bytes (1 switches on core 0)
2026-07-03 20:02:02.688 8 INFO placement.requestlog [None req-11191634-e098-4f92-af36-19d6914a7327 068b39e4e11744dfbeb1e74fb6a012ae e5b0534d0eb74a2581f72af0fcd9822b - - 0f74a15bc3274c62b0bb50af55601897 0f74a15bc3274c62b0bb50af55601897] 10.0.0.216 "GET /resource_providers/cda480ad-c7da-432d-8b55-90471d46a1ca/aggregates" status: 404 len: 235 microversion: 1.1 [pid: 8|app: 0|req: 487/966] 10.0.0.216 () {32 vars in 816 bytes} [Fri Jul 3 20:02:02 2026] GET /resource_providers/cda480ad-c7da-432d-8b55-90471d46a1ca/aggregates => generated 235 bytes in 11 msecs (HTTP/1.1 404) 5 headers in 202 bytes (1 switches on core 0)
2026-07-03 20:02:02.691 7 INFO placement.requestlog [None req-187f47ce-8a73-416d-9d89-a20b3d31af3b 068b39e4e11744dfbeb1e74fb6a012ae e5b0534d0eb74a2581f72af0fcd9822b - - 0f74a15bc3274c62b0bb50af55601897 0f74a15bc3274c62b0bb50af55601897] 10.0.0.216 "GET /resource_providers/cda480ad-c7da-432d-8b55-90471d46a1ca/aggregates" status: 404 len: 235 microversion: 1.1 [pid: 7|app: 0|req: 480/967] 10.0.0.216 () {32 vars in 816 bytes} [Fri Jul 3 20:02:02 2026] GET /resource_providers/cda480ad-c7da-432d-8b55-90471d46a1ca/aggregates => generated 235 bytes in 12 msecs (HTTP/1.1 404) 5 headers in 202 bytes (1 switches on core 0)
2026-07-03 20:02:02.716 7 INFO placement.requestlog [None req-8956bf6a-7d26-47d7-aa51-54b4c1bb158e 068b39e4e11744dfbeb1e74fb6a012ae e5b0534d0eb74a2581f72af0fcd9822b - - 0f74a15bc3274c62b0bb50af55601897 0f74a15bc3274c62b0bb50af55601897] 10.0.0.216 "DELETE /resource_providers/cda480ad-c7da-432d-8b55-90471d46a1ca" status: 404 len: 246 microversion: 1.1 [pid: 7|app: 0|req: 481/968] 10.0.0.216 () {34 vars in 816 bytes} [Fri Jul 3 20:02:02 2026] DELETE /resource_providers/cda480ad-c7da-432d-8b55-90471d46a1ca => generated 246 bytes in 10 msecs (HTTP/1.1 404) 6 headers in 231 bytes (1 switches on core 0)
2026-07-03 20:02:02.725 8 INFO placement.requestlog [None req-300d4252-2ced-4475-9e48-ac954476bdaf 068b39e4e11744dfbeb1e74fb6a012ae e5b0534d0eb74a2581f72af0fcd9822b - - 0f74a15bc3274c62b0bb50af55601897 0f74a15bc3274c62b0bb50af55601897] 10.0.0.216 "DELETE /resource_providers/cda480ad-c7da-432d-8b55-90471d46a1ca" status: 404 len: 246 microversion: 1.1 [pid: 8|app: 0|req: 488/969] 10.0.0.216 () {34 vars in 816 bytes} [Fri Jul 3 20:02:02 2026] DELETE /resource_providers/cda480ad-c7da-432d-8b55-90471d46a1ca => generated 246 bytes in 23 msecs (HTTP/1.1 404) 6 headers in 231 bytes (1 switches on core 0)
2026-07-03 20:02:07.101 8 INFO placement.requestlog [None req-fa5f5d49-d10b-4e06-a3f1-7acc97da368b - - - - - -] 10.0.0.225 "GET /" status: 200 len: 136 microversion: 1.0
2026-07-03 20:02:07.101 7 INFO placement.requestlog [None req-9ab1c654-91af-4ebe-b6c1-1eed31ef05ca - - - - - -] 10.0.0.225 "GET /" status: 200 len: 136 microversion: 1.0
2026-07-03 20:02:14.601 8 INFO placement.requestlog [None req-d6ce5d33-ec97-4737-ab9c-532ff8f6b4d2 068b39e4e11744dfbeb1e74fb6a012ae e5b0534d0eb74a2581f72af0fcd9822b - - 0f74a15bc3274c62b0bb50af55601897 0f74a15bc3274c62b0bb50af55601897] 10.0.0.216 "GET /resource_providers/e804a6db-cd40-4426-874a-643d97231bb3/aggregates" status: 404 len: 235 microversion: 1.1 [pid: 8|app: 0|req: 490/972] 10.0.0.216 () {32 vars in 816 bytes} [Fri Jul 3 20:02:14 2026] GET /resource_providers/e804a6db-cd40-4426-874a-643d97231bb3/aggregates => generated 235 bytes in 11 msecs (HTTP/1.1 404) 5 headers in 202 bytes (1 switches on core 0)
2026-07-03 20:02:14.602 7 INFO placement.requestlog [None req-5fc7b07c-26cd-4e90-944c-24c93002a3ef 068b39e4e11744dfbeb1e74fb6a012ae e5b0534d0eb74a2581f72af0fcd9822b - - 0f74a15bc3274c62b0bb50af55601897 0f74a15bc3274c62b0bb50af55601897] 10.0.0.216 "GET /resource_providers/e804a6db-cd40-4426-874a-643d97231bb3/aggregates" status: 404 len: 235 microversion: 1.1 [pid: 7|app: 0|req: 483/973] 10.0.0.216 () {32 vars in 816 bytes} [Fri Jul 3 20:02:14 2026] GET /resource_providers/e804a6db-cd40-4426-874a-643d97231bb3/aggregates => generated 235 bytes in 12 msecs (HTTP/1.1 404) 5 headers in 202 bytes (1 switches on core 0)
2026-07-03 20:02:14.629 7 INFO placement.requestlog [None req-0cd6a991-4c61-402e-91a4-9c644acffb60 068b39e4e11744dfbeb1e74fb6a012ae e5b0534d0eb74a2581f72af0fcd9822b - - 0f74a15bc3274c62b0bb50af55601897 0f74a15bc3274c62b0bb50af55601897] 10.0.0.216 "DELETE /resource_providers/e804a6db-cd40-4426-874a-643d97231bb3" status: 404 len: 246 microversion: 1.1 [pid: 7|app: 0|req: 484/974] 10.0.0.216 () {34 vars in 816 bytes} [Fri Jul 3 20:02:14 2026] DELETE /resource_providers/e804a6db-cd40-4426-874a-643d97231bb3 => generated 246 bytes in 11 msecs (HTTP/1.1 404) 6 headers in 231 bytes (1 switches on core 0)
2026-07-03 20:02:14.633 8 INFO placement.requestlog [None req-bf252fee-14e5-4c26-830a-a12a476035d8 068b39e4e11744dfbeb1e74fb6a012ae e5b0534d0eb74a2581f72af0fcd9822b - - 0f74a15bc3274c62b0bb50af55601897 0f74a15bc3274c62b0bb50af55601897] 10.0.0.216 "DELETE /resource_providers/e804a6db-cd40-4426-874a-643d97231bb3" status: 404 len: 246 microversion: 1.1 [pid: 8|app: 0|req: 491/975] 10.0.0.216 () {34 vars in 816 bytes} [Fri Jul 3 20:02:14 2026] DELETE /resource_providers/e804a6db-cd40-4426-874a-643d97231bb3 => generated 246 bytes in 22 msecs (HTTP/1.1 404) 6 headers in 231 bytes (1 switches on core 0)
2026-07-03 20:02:17.101 8 INFO placement.requestlog [None req-6af0befb-0e7e-47f8-a08e-6a815e05009e - - - - - -] 10.0.0.225 "GET /" status: 200 len: 136 microversion: 1.0
2026-07-03 20:02:17.101 7 INFO placement.requestlog [None req-5b4290ad-271e-4b92-8849-d442ed566781 - - - - - -] 10.0.0.225 "GET /" status: 200 len: 136 microversion: 1.0
2026-07-03 20:02:24.784 8 INFO placement.requestlog [req-450703b6-5bbf-4880-bf5f-086867c72425 req-5198694c-61ab-4cee-adb9-f2de0fd093d4 4c856b8e87f7451ca9ee365e488d6140 e5b0534d0eb74a2581f72af0fcd9822b - - 0f74a15bc3274c62b0bb50af55601897 0f74a15bc3274c62b0bb50af55601897] 10.0.0.149 "GET /allocation_candidates?limit=1000&resources=DISK_GB%3A1%2CMEMORY_MB%3A512%2CVCPU%3A1&root_required=%21COMPUTE_STATUS_DISABLED" status: 200 len: 2442 microversion: 1.36 [pid: 8|app: 0|req: 493/978] 10.0.0.149 () {34 vars in 1012 bytes} [Fri Jul 3 20:02:24 2026] GET /allocation_candidates?limit=1000&resources=DISK_GB%3A1%2CMEMORY_MB%3A512%2CVCPU%3A1&root_required=%21COMPUTE_STATUS_DISABLED => generated 2442 bytes in 40 msecs (HTTP/1.1 200) 8 headers in 297 bytes (1 switches on core 0)
2026-07-03 20:02:24.811 7 INFO placement.requestlog [req-450703b6-5bbf-4880-bf5f-086867c72425 req-ea633dff-22ab-4c01-8758-ad910c8bda49 4c856b8e87f7451ca9ee365e488d6140 e5b0534d0eb74a2581f72af0fcd9822b - - 0f74a15bc3274c62b0bb50af55601897 0f74a15bc3274c62b0bb50af55601897] 10.0.0.149 "GET /allocations/9fbea89f-d6a2-4a11-b46a-ec9cb5beff81" status: 200 len: 19 microversion: 1.28 [pid: 7|app: 0|req: 486/979] 10.0.0.149 () {34 vars in 861 bytes} [Fri Jul 3 20:02:24 2026] GET /allocations/9fbea89f-d6a2-4a11-b46a-ec9cb5beff81 => generated 19 bytes in 10 msecs (HTTP/1.1 200) 8 headers in 295 bytes (1 switches on core 0)
2026-07-03 20:02:24.871 8 INFO placement.requestlog [req-450703b6-5bbf-4880-bf5f-086867c72425 req-30db6cd7-a1fd-407a-a19c-d93811d4f3b9 4c856b8e87f7451ca9ee365e488d6140 e5b0534d0eb74a2581f72af0fcd9822b - - 0f74a15bc3274c62b0bb50af55601897 0f74a15bc3274c62b0bb50af55601897] 10.0.0.149 "PUT /allocations/9fbea89f-d6a2-4a11-b46a-ec9cb5beff81" status: 204 len: 0 microversion: 1.36 [pid: 8|app: 0|req: 494/980] 10.0.0.149 () {38 vars in 914 bytes} [Fri Jul 3 20:02:24 2026] PUT /allocations/9fbea89f-d6a2-4a11-b46a-ec9cb5beff81 => generated 0 bytes in 56 msecs (HTTP/1.1 204) 5 headers in 199 bytes (1 switches on core 0)
2026-07-03 20:02:26.406 7 INFO placement.requestlog [req-450703b6-5bbf-4880-bf5f-086867c72425 req-8e46abd0-e375-42f8-a63d-7732920a975d 4c856b8e87f7451ca9ee365e488d6140 e5b0534d0eb74a2581f72af0fcd9822b - - 0f74a15bc3274c62b0bb50af55601897 0f74a15bc3274c62b0bb50af55601897] 199.204.45.205 "GET /allocations/9fbea89f-d6a2-4a11-b46a-ec9cb5beff81" status: 200 len: 258 microversion: 1.28 [pid: 7|app: 0|req: 487/981] 199.204.45.205 () {34 vars in 863 bytes} [Fri Jul 3 20:02:26 2026] GET /allocations/9fbea89f-d6a2-4a11-b46a-ec9cb5beff81 => generated 258 bytes in 13 msecs (HTTP/1.1 200) 8 headers in 296 bytes (1 switches on core 0)
2026-07-03 20:02:27.100 8 INFO placement.requestlog [None req-e861f8c8-f6f1-46d4-97b6-3ecd06e37e54 - - - - - -] 10.0.0.225 "GET /" status: 200 len: 136 microversion: 1.0
2026-07-03 20:02:27.100 7 INFO placement.requestlog [None req-51831b6f-b903-4e27-9553-a4f7420dbec8 - - - - - -] 10.0.0.225 "GET /" status: 200 len: 136 microversion: 1.0
2026-07-03 20:02:27.443 8 INFO placement.requestlog [req-450703b6-5bbf-4880-bf5f-086867c72425 req-0a485918-cc8f-4919-a642-7a13c978738b 4c856b8e87f7451ca9ee365e488d6140 e5b0534d0eb74a2581f72af0fcd9822b - - 0f74a15bc3274c62b0bb50af55601897 0f74a15bc3274c62b0bb50af55601897] 199.204.45.205 "GET /resource_providers/0c5b9668-f486-4f6c-b6fe-2083291363f9/allocations" status: 200 len: 153 microversion: 1.0 [pid: 8|app: 0|req: 496/984] 199.204.45.205 () {32 vars in 857 bytes} [Fri Jul 3 20:02:27 2026] GET /resource_providers/0c5b9668-f486-4f6c-b6fe-2083291363f9/allocations => generated 153 bytes in 15 msecs (HTTP/1.1 200) 6 headers in 224 bytes (1 switches on core 0)
2026-07-03 20:02:27.458 7 INFO placement.requestlog [req-450703b6-5bbf-4880-bf5f-086867c72425 req-39aa5f60-3092-4eaf-906e-6fca7f9032a0 4c856b8e87f7451ca9ee365e488d6140 e5b0534d0eb74a2581f72af0fcd9822b - - 0f74a15bc3274c62b0bb50af55601897 0f74a15bc3274c62b0bb50af55601897] 199.204.45.205 "GET /allocations/9fbea89f-d6a2-4a11-b46a-ec9cb5beff81" status: 200 len: 258 microversion: 1.28 [pid: 7|app: 0|req: 489/985] 199.204.45.205 () {34 vars in 863 bytes} [Fri Jul 3 20:02:27 2026] GET /allocations/9fbea89f-d6a2-4a11-b46a-ec9cb5beff81 => generated 258 bytes in 9 msecs (HTTP/1.1 200) 8 headers in 296 bytes (1 switches on core 0)
2026-07-03 20:02:37.100 7 INFO placement.requestlog [None req-d74d041f-aec4-4ce0-afbc-830319aa2b08 - - - - - -] 10.0.0.225 "GET /" status: 200 len: 136 microversion: 1.0
2026-07-03 20:02:37.100 8 INFO placement.requestlog [None req-be9e2467-9bc7-4ecb-bcd9-3fa2c28a439d - - - - - -] 10.0.0.225 "GET /" status: 200 len: 136 microversion: 1.0
2026-07-03 20:02:40.370 7 INFO placement.requestlog [None req-7153ce22-788c-404f-9042-6737f4529844 068b39e4e11744dfbeb1e74fb6a012ae e5b0534d0eb74a2581f72af0fcd9822b - - 0f74a15bc3274c62b0bb50af55601897 0f74a15bc3274c62b0bb50af55601897] 10.0.0.216 "GET /resource_providers/563ea3eb-4cd0-4209-a794-29b07b4e1422/aggregates" status: 404 len: 235 microversion: 1.1 [pid: 7|app: 0|req: 491/988] 10.0.0.216 () {32 vars in 816 bytes} [Fri Jul 3 20:02:40 2026] GET /resource_providers/563ea3eb-4cd0-4209-a794-29b07b4e1422/aggregates => generated 235 bytes in 13 msecs (HTTP/1.1 404) 5 headers in 202 bytes (1 switches on core 0)
2026-07-03 20:02:40.372 8 INFO placement.requestlog [None req-7a242509-55eb-4530-8f45-8392fb4e8984 068b39e4e11744dfbeb1e74fb6a012ae e5b0534d0eb74a2581f72af0fcd9822b - - 0f74a15bc3274c62b0bb50af55601897 0f74a15bc3274c62b0bb50af55601897] 10.0.0.216 "GET /resource_providers/563ea3eb-4cd0-4209-a794-29b07b4e1422/aggregates" status: 404 len: 235 microversion: 1.1 [pid: 8|app: 0|req: 498/989] 10.0.0.216 () {32 vars in 816 bytes} [Fri Jul 3 20:02:40 2026] GET /resource_providers/563ea3eb-4cd0-4209-a794-29b07b4e1422/aggregates => generated 235 bytes in 11 msecs (HTTP/1.1 404) 5 headers in 202 bytes (1 switches on core 0)
2026-07-03 20:02:40.405 8 INFO placement.requestlog [None req-4bcf2aed-4d89-4059-acca-0d7015955a37 068b39e4e11744dfbeb1e74fb6a012ae e5b0534d0eb74a2581f72af0fcd9822b - - 0f74a15bc3274c62b0bb50af55601897 0f74a15bc3274c62b0bb50af55601897] 10.0.0.216 "DELETE /resource_providers/563ea3eb-4cd0-4209-a794-29b07b4e1422" status: 404 len: 246 microversion: 1.1 [pid: 8|app: 0|req: 499/990] 10.0.0.216 () {34 vars in 816 bytes} [Fri Jul 3 20:02:40 2026] DELETE /resource_providers/563ea3eb-4cd0-4209-a794-29b07b4e1422 => generated 246 bytes in 16 msecs (HTTP/1.1 404) 6 headers in 231 bytes (1 switches on core 0)
2026-07-03 20:02:40.409 7 INFO placement.requestlog [None req-5c0d2a20-5103-4445-8089-968853d240cb 068b39e4e11744dfbeb1e74fb6a012ae e5b0534d0eb74a2581f72af0fcd9822b - - 0f74a15bc3274c62b0bb50af55601897 0f74a15bc3274c62b0bb50af55601897] 10.0.0.216 "DELETE /resource_providers/563ea3eb-4cd0-4209-a794-29b07b4e1422" status: 404 len: 246 microversion: 1.1 [pid: 7|app: 0|req: 492/991] 10.0.0.216 () {34 vars in 816 bytes} [Fri Jul 3 20:02:40 2026] DELETE /resource_providers/563ea3eb-4cd0-4209-a794-29b07b4e1422 => generated 246 bytes in 22 msecs (HTTP/1.1 404) 6 headers in 231 bytes (1 switches on core 0)
2026-07-03 20:02:46.703 8 INFO placement.requestlog [req-f39bdb39-7752-4124-81c9-1042c5372a95 req-ea5f1481-b911-4672-a93b-89cb89aa3c16 4c856b8e87f7451ca9ee365e488d6140 e5b0534d0eb74a2581f72af0fcd9822b - - 0f74a15bc3274c62b0bb50af55601897 0f74a15bc3274c62b0bb50af55601897] 10.0.0.149 "GET /allocation_candidates?limit=1000&resources=DISK_GB%3A1%2CMEMORY_MB%3A512%2CVCPU%3A1&root_required=%21COMPUTE_STATUS_DISABLED" status: 200 len: 2444 microversion: 1.36 [pid: 8|app: 0|req: 500/992] 10.0.0.149 () {34 vars in 1012 bytes} [Fri Jul 3 20:02:46 2026] GET /allocation_candidates?limit=1000&resources=DISK_GB%3A1%2CMEMORY_MB%3A512%2CVCPU%3A1&root_required=%21COMPUTE_STATUS_DISABLED => generated 2444 bytes in 47 msecs (HTTP/1.1 200) 8 headers in 297 bytes (1 switches on core 0)
2026-07-03 20:02:46.745 7 INFO placement.requestlog [req-f39bdb39-7752-4124-81c9-1042c5372a95 req-d3b2a826-0372-43ab-91d3-0e248f8effc2 4c856b8e87f7451ca9ee365e488d6140 e5b0534d0eb74a2581f72af0fcd9822b - - 0f74a15bc3274c62b0bb50af55601897 0f74a15bc3274c62b0bb50af55601897] 10.0.0.149 "GET /allocations/6a218147-311d-4984-873d-d9609d2c2d1b" status: 200 len: 19 microversion: 1.28 [pid: 7|app: 0|req: 493/993] 10.0.0.149 () {34 vars in 861 bytes} [Fri Jul 3 20:02:46 2026] GET /allocations/6a218147-311d-4984-873d-d9609d2c2d1b => generated 19 bytes in 25 msecs (HTTP/1.1 200) 8 headers in 295 bytes (1 switches on core 0)
2026-07-03 20:02:46.814 8 INFO placement.requestlog [req-f39bdb39-7752-4124-81c9-1042c5372a95 req-aba04d87-24af-446f-9dde-cd96e7786cbd 4c856b8e87f7451ca9ee365e488d6140 e5b0534d0eb74a2581f72af0fcd9822b - - 0f74a15bc3274c62b0bb50af55601897 0f74a15bc3274c62b0bb50af55601897] 10.0.0.149 "PUT /allocations/6a218147-311d-4984-873d-d9609d2c2d1b" status: 204 len: 0 microversion: 1.36 [pid: 8|app: 0|req: 501/994] 10.0.0.149 () {38 vars in 914 bytes} [Fri Jul 3 20:02:46 2026] PUT /allocations/6a218147-311d-4984-873d-d9609d2c2d1b => generated 0 bytes in 61 msecs (HTTP/1.1 204) 5 headers in 199 bytes (1 switches on core 0)
2026-07-03 20:02:47.101 7 INFO placement.requestlog [None req-e3b6d9d6-0177-45f3-b6fd-b62689b497c5 - - - - - -] 10.0.0.225 "GET /" status: 200 len: 136 microversion: 1.0
2026-07-03 20:02:47.101 8 INFO placement.requestlog [None req-fb33d033-0d31-4fef-b0d2-7429313be9d1 - - - - - -] 10.0.0.225 "GET /" status: 200 len: 136 microversion: 1.0
2026-07-03 20:02:48.308 7 INFO placement.requestlog [req-f39bdb39-7752-4124-81c9-1042c5372a95 req-a779ac1c-65d1-436d-85af-60942ae37166 4c856b8e87f7451ca9ee365e488d6140 e5b0534d0eb74a2581f72af0fcd9822b - - 0f74a15bc3274c62b0bb50af55601897 0f74a15bc3274c62b0bb50af55601897] 199.204.45.205 "GET /allocations/6a218147-311d-4984-873d-d9609d2c2d1b" status: 200 len: 258 microversion: 1.28 [pid: 7|app: 0|req: 495/997] 199.204.45.205 () {34 vars in 863 bytes} [Fri Jul 3 20:02:48 2026] GET /allocations/6a218147-311d-4984-873d-d9609d2c2d1b => generated 258 bytes in 13 msecs (HTTP/1.1 200) 8 headers in 296 bytes (1 switches on core 0)
2026-07-03 20:02:49.352 8 INFO placement.requestlog [req-f39bdb39-7752-4124-81c9-1042c5372a95 req-0966f314-00c3-43a7-971f-1b75607f3b1c 4c856b8e87f7451ca9ee365e488d6140 e5b0534d0eb74a2581f72af0fcd9822b - - 0f74a15bc3274c62b0bb50af55601897 0f74a15bc3274c62b0bb50af55601897] 199.204.45.205 "GET /resource_providers/0c5b9668-f486-4f6c-b6fe-2083291363f9/allocations" status: 200 len: 253 microversion: 1.0 [pid: 8|app: 0|req: 503/998] 199.204.45.205 () {32 vars in 857 bytes} [Fri Jul 3 20:02:49 2026] GET /resource_providers/0c5b9668-f486-4f6c-b6fe-2083291363f9/allocations => generated 253 bytes in 19 msecs (HTTP/1.1 200) 6 headers in 224 bytes (1 switches on core 0)
2026-07-03 20:02:49.375 7 INFO placement.requestlog [req-f39bdb39-7752-4124-81c9-1042c5372a95 req-26960ceb-04ce-4aa8-8cf6-93d760a23d94 4c856b8e87f7451ca9ee365e488d6140 e5b0534d0eb74a2581f72af0fcd9822b - - 0f74a15bc3274c62b0bb50af55601897 0f74a15bc3274c62b0bb50af55601897] 199.204.45.205 "GET /allocations/9fbea89f-d6a2-4a11-b46a-ec9cb5beff81" status: 200 len: 258 microversion: 1.28 [pid: 7|app: 0|req: 496/999] 199.204.45.205 () {34 vars in 863 bytes} [Fri Jul 3 20:02:49 2026] GET /allocations/9fbea89f-d6a2-4a11-b46a-ec9cb5beff81 => generated 258 bytes in 17 msecs (HTTP/1.1 200) 8 headers in 296 bytes (1 switches on core 0)
2026-07-03 20:02:49.394 8 INFO placement.requestlog [req-f39bdb39-7752-4124-81c9-1042c5372a95 req-4d8f59e5-7ef8-4dc8-a068-a7eb96e78d11 4c856b8e87f7451ca9ee365e488d6140 e5b0534d0eb74a2581f72af0fcd9822b - - 0f74a15bc3274c62b0bb50af55601897 0f74a15bc3274c62b0bb50af55601897] 199.204.45.205 "GET /allocations/6a218147-311d-4984-873d-d9609d2c2d1b" status: 200 len: 258 microversion: 1.28 [pid: 8|app: 0|req: 504/1000] 199.204.45.205 () {34 vars in 863 bytes} [Fri Jul 3 20:02:49 2026] GET /allocations/6a218147-311d-4984-873d-d9609d2c2d1b => generated 258 bytes in 13 msecs (HTTP/1.1 200) 8 headers in 296 bytes (1 switches on core 0)
2026-07-03 20:02:56.326 7 INFO placement.requestlog [req-f0939fa0-ea77-4194-a5cc-20e33f920156 req-23be3cef-a7f4-4a19-8adc-88a9d1c72462 4c856b8e87f7451ca9ee365e488d6140 e5b0534d0eb74a2581f72af0fcd9822b - - 0f74a15bc3274c62b0bb50af55601897 0f74a15bc3274c62b0bb50af55601897] 199.204.45.205 "GET /resource_providers/0c5b9668-f486-4f6c-b6fe-2083291363f9/allocations" status: 200 len: 253 microversion: 1.0 [pid: 7|app: 0|req: 497/1001] 199.204.45.205 () {32 vars in 857 bytes} [Fri Jul 3 20:02:56 2026] GET /resource_providers/0c5b9668-f486-4f6c-b6fe-2083291363f9/allocations => generated 253 bytes in 19 msecs (HTTP/1.1 200) 6 headers in 224 bytes (1 switches on core 0)
2026-07-03 20:02:56.353 8 INFO placement.requestlog [req-f0939fa0-ea77-4194-a5cc-20e33f920156 req-b294e822-f4a3-4ec2-b0e1-60d480061083 4c856b8e87f7451ca9ee365e488d6140 e5b0534d0eb74a2581f72af0fcd9822b - - 0f74a15bc3274c62b0bb50af55601897 0f74a15bc3274c62b0bb50af55601897] 199.204.45.205 "GET /resource_providers/0c5b9668-f486-4f6c-b6fe-2083291363f9/allocations" status: 200 len: 253 microversion: 1.0 [pid: 8|app: 0|req: 505/1002] 199.204.45.205 () {32 vars in 857 bytes} [Fri Jul 3 20:02:56 2026] GET /resource_providers/0c5b9668-f486-4f6c-b6fe-2083291363f9/allocations => generated 253 bytes in 19 msecs (HTTP/1.1 200) 6 headers in 224 bytes (1 switches on core 0)
2026-07-03 20:02:56.377 7 INFO placement.requestlog [req-f0939fa0-ea77-4194-a5cc-20e33f920156 req-d1933b6e-afef-4621-b6bb-49860db8a363 4c856b8e87f7451ca9ee365e488d6140 e5b0534d0eb74a2581f72af0fcd9822b - - 0f74a15bc3274c62b0bb50af55601897 0f74a15bc3274c62b0bb50af55601897] 199.204.45.205 "GET /allocations/9fbea89f-d6a2-4a11-b46a-ec9cb5beff81" status: 200 len: 258 microversion: 1.28 [pid: 7|app: 0|req: 498/1003] 199.204.45.205 () {34 vars in 863 bytes} [Fri Jul 3 20:02:56 2026] GET /allocations/9fbea89f-d6a2-4a11-b46a-ec9cb5beff81 => generated 258 bytes in 18 msecs (HTTP/1.1 200) 8 headers in 296 bytes (1 switches on core 0)
2026-07-03 20:02:56.398 8 INFO placement.requestlog [req-f0939fa0-ea77-4194-a5cc-20e33f920156 req-e336b5d4-04a3-45df-9026-88e17b47906f 4c856b8e87f7451ca9ee365e488d6140 e5b0534d0eb74a2581f72af0fcd9822b - - 0f74a15bc3274c62b0bb50af55601897 0f74a15bc3274c62b0bb50af55601897] 199.204.45.205 "GET /allocations/6a218147-311d-4984-873d-d9609d2c2d1b" status: 200 len: 258 microversion: 1.28 [pid: 8|app: 0|req: 506/1004] 199.204.45.205 () {34 vars in 863 bytes} [Fri Jul 3 20:02:56 2026] GET /allocations/6a218147-311d-4984-873d-d9609d2c2d1b => generated 258 bytes in 15 msecs (HTTP/1.1 200) 8 headers in 296 bytes (1 switches on core 0)
2026-07-03 20:02:57.100 7 INFO placement.requestlog [None req-625d914e-508c-4290-a5ad-a84708c8d418 - - - - - -] 10.0.0.225 "GET /" status: 200 len: 136 microversion: 1.0
2026-07-03 20:02:57.101 8 INFO placement.requestlog [None req-6100e854-4a40-4f66-be4e-85ba3c3da789 - - - - - -] 10.0.0.225 "GET /" status: 200 len: 136 microversion: 1.0
2026-07-03 20:02:58.194 7 INFO placement.requestlog [None req-944d5aca-459a-4267-825a-9bda317c72d5 068b39e4e11744dfbeb1e74fb6a012ae e5b0534d0eb74a2581f72af0fcd9822b - - 0f74a15bc3274c62b0bb50af55601897 0f74a15bc3274c62b0bb50af55601897] 10.0.0.216 "GET /resource_providers/5077bf25-98ea-48ce-b931-05294481ec72/aggregates" status: 404 len: 235 microversion: 1.1 [pid: 7|app: 0|req: 500/1007] 10.0.0.216 () {32 vars in 816 bytes} [Fri Jul 3 20:02:58 2026] GET /resource_providers/5077bf25-98ea-48ce-b931-05294481ec72/aggregates => generated 235 bytes in 12 msecs (HTTP/1.1 404) 5 headers in 202 bytes (1 switches on core 0)
2026-07-03 20:02:58.202 8 INFO placement.requestlog [None req-8e59eb2f-4ead-455e-9542-d00187e73fa3 068b39e4e11744dfbeb1e74fb6a012ae e5b0534d0eb74a2581f72af0fcd9822b - - 0f74a15bc3274c62b0bb50af55601897 0f74a15bc3274c62b0bb50af55601897] 10.0.0.216 "GET /resource_providers/5077bf25-98ea-48ce-b931-05294481ec72/aggregates" status: 404 len: 235 microversion: 1.1 [pid: 8|app: 0|req: 508/1008] 10.0.0.216 () {32 vars in 816 bytes} [Fri Jul 3 20:02:58 2026] GET /resource_providers/5077bf25-98ea-48ce-b931-05294481ec72/aggregates => generated 235 bytes in 13 msecs (HTTP/1.1 404) 5 headers in 202 bytes (1 switches on core 0)
2026-07-03 20:02:58.219 7 INFO placement.requestlog [None req-11640849-fa3a-4de2-9338-8b5e14f91128 068b39e4e11744dfbeb1e74fb6a012ae e5b0534d0eb74a2581f72af0fcd9822b - - 0f74a15bc3274c62b0bb50af55601897 0f74a15bc3274c62b0bb50af55601897] 10.0.0.216 "DELETE /resource_providers/5077bf25-98ea-48ce-b931-05294481ec72" status: 404 len: 246 microversion: 1.1 [pid: 7|app: 0|req: 501/1009] 10.0.0.216 () {34 vars in 816 bytes} [Fri Jul 3 20:02:58 2026] DELETE /resource_providers/5077bf25-98ea-48ce-b931-05294481ec72 => generated 246 bytes in 10 msecs (HTTP/1.1 404) 6 headers in 231 bytes (1 switches on core 0)
2026-07-03 20:02:58.227 8 INFO placement.requestlog [None req-c42e182e-9ac2-4773-bcc1-a4d658707d66 068b39e4e11744dfbeb1e74fb6a012ae e5b0534d0eb74a2581f72af0fcd9822b - - 0f74a15bc3274c62b0bb50af55601897 0f74a15bc3274c62b0bb50af55601897] 10.0.0.216 "DELETE /resource_providers/5077bf25-98ea-48ce-b931-05294481ec72" status: 404 len: 246 microversion: 1.1 [pid: 8|app: 0|req: 509/1010] 10.0.0.216 () {34 vars in 816 bytes} [Fri Jul 3 20:02:58 2026] DELETE /resource_providers/5077bf25-98ea-48ce-b931-05294481ec72 => generated 246 bytes in 13 msecs (HTTP/1.1 404) 6 headers in 231 bytes (1 switches on core 0)
2026-07-03 20:03:02.110 7 INFO placement.requestlog [None req-e2e1d663-02fd-46df-a5ac-7e210691b787 068b39e4e11744dfbeb1e74fb6a012ae e5b0534d0eb74a2581f72af0fcd9822b - - 0f74a15bc3274c62b0bb50af55601897 0f74a15bc3274c62b0bb50af55601897] 10.0.0.216 "GET /resource_providers/185773a2-bf79-4f1c-b5c3-6ce609c292c9/aggregates" status: 404 len: 235 microversion: 1.1 [pid: 7|app: 0|req: 502/1011] 10.0.0.216 () {32 vars in 816 bytes} [Fri Jul 3 20:03:02 2026] GET /resource_providers/185773a2-bf79-4f1c-b5c3-6ce609c292c9/aggregates => generated 235 bytes in 11 msecs (HTTP/1.1 404) 5 headers in 202 bytes (1 switches on core 0)
2026-07-03 20:03:02.123 8 INFO placement.requestlog [None req-dcb4012d-efa8-4980-8f46-449e20bd66a2 068b39e4e11744dfbeb1e74fb6a012ae e5b0534d0eb74a2581f72af0fcd9822b - - 0f74a15bc3274c62b0bb50af55601897 0f74a15bc3274c62b0bb50af55601897] 10.0.0.216 "GET /resource_providers/185773a2-bf79-4f1c-b5c3-6ce609c292c9/aggregates" status: 404 len: 235 microversion: 1.1 [pid: 8|app: 0|req: 510/1012] 10.0.0.216 () {32 vars in 816 bytes} [Fri Jul 3 20:03:02 2026] GET /resource_providers/185773a2-bf79-4f1c-b5c3-6ce609c292c9/aggregates => generated 235 bytes in 19 msecs (HTTP/1.1 404) 5 headers in 202 bytes (1 switches on core 0)
2026-07-03 20:03:02.141 7 INFO placement.requestlog [None req-38db860d-f2e3-4a78-bc53-b9e9570ac4e2 068b39e4e11744dfbeb1e74fb6a012ae e5b0534d0eb74a2581f72af0fcd9822b - - 0f74a15bc3274c62b0bb50af55601897 0f74a15bc3274c62b0bb50af55601897] 10.0.0.216 "DELETE /resource_providers/185773a2-bf79-4f1c-b5c3-6ce609c292c9" status: 404 len: 246 microversion: 1.1 [pid: 7|app: 0|req: 503/1013] 10.0.0.216 () {34 vars in 816 bytes} [Fri Jul 3 20:03:02 2026] DELETE /resource_providers/185773a2-bf79-4f1c-b5c3-6ce609c292c9 => generated 246 bytes in 12 msecs (HTTP/1.1 404) 6 headers in 231 bytes (1 switches on core 0)
2026-07-03 20:03:02.155 8 INFO placement.requestlog [None req-5de9e141-3430-4dca-8287-3c122d8c6ca8 068b39e4e11744dfbeb1e74fb6a012ae e5b0534d0eb74a2581f72af0fcd9822b - - 0f74a15bc3274c62b0bb50af55601897 0f74a15bc3274c62b0bb50af55601897] 10.0.0.216 "DELETE /resource_providers/185773a2-bf79-4f1c-b5c3-6ce609c292c9" status: 404 len: 246 microversion: 1.1 [pid: 8|app: 0|req: 511/1014] 10.0.0.216 () {34 vars in 816 bytes} [Fri Jul 3 20:03:02 2026] DELETE /resource_providers/185773a2-bf79-4f1c-b5c3-6ce609c292c9 => generated 246 bytes in 14 msecs (HTTP/1.1 404) 6 headers in 231 bytes (1 switches on core 0)
2026-07-03 20:03:06.246 7 INFO placement.requestlog [None req-0bf44129-497c-47cf-b576-74eeda09e4fc 068b39e4e11744dfbeb1e74fb6a012ae e5b0534d0eb74a2581f72af0fcd9822b - - 0f74a15bc3274c62b0bb50af55601897 0f74a15bc3274c62b0bb50af55601897] 10.0.0.216 "GET /resource_providers/4fa24828-215e-4134-a313-d979c54f5e54/aggregates" status: 404 len: 235 microversion: 1.1 [pid: 7|app: 0|req: 504/1015] 10.0.0.216 () {32 vars in 816 bytes} [Fri Jul 3 20:03:06 2026] GET /resource_providers/4fa24828-215e-4134-a313-d979c54f5e54/aggregates => generated 235 bytes in 10 msecs (HTTP/1.1 404) 5 headers in 202 bytes (1 switches on core 0)
2026-07-03 20:03:06.248 8 INFO placement.requestlog [None req-fc149c61-6a66-4cf0-9e91-5d84c7b7f983 068b39e4e11744dfbeb1e74fb6a012ae e5b0534d0eb74a2581f72af0fcd9822b - - 0f74a15bc3274c62b0bb50af55601897 0f74a15bc3274c62b0bb50af55601897] 10.0.0.216 "GET /resource_providers/4fa24828-215e-4134-a313-d979c54f5e54/aggregates" status: 404 len: 235 microversion: 1.1 [pid: 8|app: 0|req: 512/1016] 10.0.0.216 () {32 vars in 816 bytes} [Fri Jul 3 20:03:06 2026] GET /resource_providers/4fa24828-215e-4134-a313-d979c54f5e54/aggregates => generated 235 bytes in 8 msecs (HTTP/1.1 404) 5 headers in 202 bytes (1 switches on core 0)
