2026-07-03 20:02:22.848 7 INFO neutron.db.ovn_revision_numbers_db [None req-0ce817c4-5ae1-4979-99d4-a0b020c9d2e7 32758cd34c3b480bacc7b7785c7f99d7 cce3f9ec62f64a6786c2d56c782e397a - - default default] Successfully bumped revision number for resource 8b7e63fe-b768-45f9-bb48-2bea3b6ba6d6 (type: security_group_rules) to 0 [pid: 7|app: 0|req: 1314/2467] 10.0.0.115 () {34 vars in 695 bytes} [Fri Jul 3 20:02:22 2026] POST /v2.0/security-group-rules => generated 596 bytes in 169 msecs (HTTP/1.1 201) 4 headers in 162 bytes (1 switches on core 0)
2026-07-03 20:02:23.016 7 INFO neutron.db.ovn_revision_numbers_db [None req-5eddb8e6-0b3f-436b-a304-860dd4690c2e 32758cd34c3b480bacc7b7785c7f99d7 cce3f9ec62f64a6786c2d56c782e397a - - default default] Successfully bumped revision number for resource 9756d8e3-82ef-4cbe-867c-0907db094300 (type: security_group_rules) to 0 [pid: 7|app: 0|req: 1315/2468] 10.0.0.115 () {34 vars in 695 bytes} [Fri Jul 3 20:02:22 2026] POST /v2.0/security-group-rules => generated 602 bytes in 146 msecs (HTTP/1.1 201) 4 headers in 162 bytes (1 switches on core 0)
2026-07-03 20:02:23.210 7 INFO neutron.db.ovn_revision_numbers_db [None req-35a2cafb-9271-4186-9c8a-4e4f765b7a45 32758cd34c3b480bacc7b7785c7f99d7 cce3f9ec62f64a6786c2d56c782e397a - - default default] Successfully bumped revision number for resource 0c2b8a3d-07a3-4abf-ab49-08eebf3cc5b1 (type: security_group_rules) to 0 [pid: 7|app: 0|req: 1316/2469] 10.0.0.115 () {34 vars in 695 bytes} [Fri Jul 3 20:02:23 2026] POST /v2.0/security-group-rules => generated 601 bytes in 199 msecs (HTTP/1.1 201) 4 headers in 162 bytes (1 switches on core 0)
2026-07-03 20:02:23.293 7 INFO neutron.db.securitygroups_db [None req-c5d7a4b8-1d99-43c8-8f1c-b36c7b2edf21 32758cd34c3b480bacc7b7785c7f99d7 cce3f9ec62f64a6786c2d56c782e397a - - default default] Project cce3f9ec62f64a6786c2d56c782e397a added a security group rule with legacy IPv6 ICMP protocol name icmp, ipv6-icmp should be used instead. It was automatically converted.
2026-07-03 20:02:23.312 8 INFO neutron.db.ovn_revision_numbers_db [None req-664c1e9e-e83b-4bd9-880e-31f30b0293f4 - - - - - -] Successfully bumped revision number for resource c925373f-31f4-489e-abae-5d71218b6a50 (type: router_ports) to 1
2026-07-03 20:02:23.424 7 INFO neutron.db.ovn_revision_numbers_db [None req-c5d7a4b8-1d99-43c8-8f1c-b36c7b2edf21 32758cd34c3b480bacc7b7785c7f99d7 cce3f9ec62f64a6786c2d56c782e397a - - default default] Successfully bumped revision number for resource 048c49c0-4aaa-4747-aa7e-841bbc4fdbd1 (type: security_group_rules) to 0 [pid: 7|app: 0|req: 1317/2470] 10.0.0.115 () {34 vars in 695 bytes} [Fri Jul 3 20:02:23 2026] POST /v2.0/security-group-rules => generated 607 bytes in 196 msecs (HTTP/1.1 201) 4 headers in 162 bytes (1 switches on core 0)
2026-07-03 20:02:23.495 7 INFO neutron.db.securitygroups_db [None req-a0d4a4af-7d81-4d49-b113-68227c95b368 32758cd34c3b480bacc7b7785c7f99d7 cce3f9ec62f64a6786c2d56c782e397a - - default default] Project cce3f9ec62f64a6786c2d56c782e397a added a security group rule with legacy IPv6 ICMP protocol name icmp, ipv6-icmp should be used instead. It was automatically converted.
2026-07-03 20:02:23.521 8 WARNING neutron.scheduler.dhcp_agent_scheduler [None req-664c1e9e-e83b-4bd9-880e-31f30b0293f4 - - - - - -] No more DHCP agents
2026-07-03 20:02:23.523 8 WARNING neutron.api.rpc.agentnotifiers.dhcp_rpc_agent_api [None req-664c1e9e-e83b-4bd9-880e-31f30b0293f4 - - - - - -] Unable to schedule network 4ca0f789-5393-4548-bf07-07fd047f3f4b: no agents available; will retry on subsequent port and subnet creation events.
2026-07-03 20:02:23.629 7 INFO neutron.db.ovn_revision_numbers_db [None req-a0d4a4af-7d81-4d49-b113-68227c95b368 32758cd34c3b480bacc7b7785c7f99d7 cce3f9ec62f64a6786c2d56c782e397a - - default default] Successfully bumped revision number for resource af3b34b7-e414-47a9-9704-a9ac61a8e8f2 (type: security_group_rules) to 0 [pid: 7|app: 0|req: 1318/2471] 10.0.0.115 () {34 vars in 695 bytes} [Fri Jul 3 20:02:23 2026] POST /v2.0/security-group-rules => generated 606 bytes in 204 msecs (HTTP/1.1 201) 4 headers in 162 bytes (1 switches on core 0)
2026-07-03 20:02:23.665 8 INFO neutron.db.ovn_revision_numbers_db [None req-664c1e9e-e83b-4bd9-880e-31f30b0293f4 - - - - - -] Successfully bumped revision number for resource 66e7ed0b-8700-4ea9-a9a0-4bf114cfd9fe (type: ports) to 1
2026-07-03 20:02:23.882 8 INFO neutron.db.ovn_revision_numbers_db [None req-664c1e9e-e83b-4bd9-880e-31f30b0293f4 - - - - - -] Successfully bumped revision number for resource 66e7ed0b-8700-4ea9-a9a0-4bf114cfd9fe (type: ports) to 3 [pid: 8|app: 0|req: 1154/2472] 10.0.0.115 () {34 vars in 685 bytes} [Fri Jul 3 20:02:18 2026] POST /v2.0/vpn/vpnservices => generated 457 bytes in 5340 msecs (HTTP/1.1 201) 4 headers in 162 bytes (1 switches on core 0) [pid: 7|app: 0|req: 1319/2473] 10.0.0.115 () {32 vars in 649 bytes} [Fri Jul 3 20:02:24 2026] GET /v2.0/networks => generated 1296 bytes in 198 msecs (HTTP/1.1 200) 4 headers in 158 bytes (1 switches on core 0) [pid: 7|app: 0|req: 1320/2474] 10.0.0.94 () {34 vars in 1097 bytes} [Fri Jul 3 20:02:24 2026] GET /v2.0/security-groups?name=tempest-secgroup-smoke-826708630&fields=id&tenant_id=cce3f9ec62f64a6786c2d56c782e397a => generated 69 bytes in 32 msecs (HTTP/1.1 200) 4 headers in 156 bytes (1 switches on core 0) [pid: 7|app: 0|req: 1321/2475] 10.0.0.94 () {34 vars in 981 bytes} [Fri Jul 3 20:02:24 2026] GET /v2.0/networks?id=3af425ea-1a47-4c0d-8bf9-3d3a2cd665a5 => generated 659 bytes in 58 msecs (HTTP/1.1 200) 4 headers in 157 bytes (1 switches on core 0) [pid: 7|app: 0|req: 1322/2476] 10.0.0.94 () {34 vars in 964 bytes} [Fri Jul 3 20:02:24 2026] GET /v2.0/quotas/cce3f9ec62f64a6786c2d56c782e397a => generated 292 bytes in 17 msecs (HTTP/1.1 200) 4 headers in 157 bytes (1 switches on core 0) [pid: 8|app: 0|req: 1155/2477] 10.0.0.115 () {34 vars in 685 bytes} [Fri Jul 3 20:02:24 2026] POST /v2.0/vpn/vpnservices => generated 424 bytes in 347 msecs (HTTP/1.1 201) 4 headers in 162 bytes (1 switches on core 0) [pid: 8|app: 0|req: 1156/2478] 10.0.0.115 () {34 vars in 684 bytes} [Fri Jul 3 20:02:24 2026] POST /v2.0/vpn/ikepolicies => generated 404 bytes in 46 msecs (HTTP/1.1 201) 4 headers in 162 bytes (1 switches on core 0) [pid: 7|app: 0|req: 1323/2479] 10.0.0.94 () {34 vars in 1001 bytes} [Fri Jul 3 20:02:24 2026] GET /v2.0/ports?tenant_id=cce3f9ec62f64a6786c2d56c782e397a&fields=id => generated 103 bytes in 77 msecs (HTTP/1.1 200) 4 headers in 157 bytes (1 switches on core 0) [pid: 8|app: 0|req: 1157/2480] 10.0.0.115 () {34 vars in 688 bytes} [Fri Jul 3 20:02:24 2026] POST /v2.0/vpn/ipsecpolicies => generated 411 bytes in 40 msecs (HTTP/1.1 201) 4 headers in 162 bytes (1 switches on core 0) [pid: 7|app: 0|req: 1324/2481] 10.0.0.94 () {34 vars in 1007 bytes} [Fri Jul 3 20:02:24 2026] GET /v2.0/networks/3af425ea-1a47-4c0d-8bf9-3d3a2cd665a5?fields=segments => generated 14 bytes in 50 msecs (HTTP/1.1 200) 4 headers in 156 bytes (1 switches on core 0) [pid: 8|app: 0|req: 1158/2482] 10.0.0.115 () {34 vars in 693 bytes} [Fri Jul 3 20:02:24 2026] POST /v2.0/vpn/endpoint-groups => generated 328 bytes in 62 msecs (HTTP/1.1 201) 4 headers in 162 bytes (1 switches on core 0) [pid: 7|app: 0|req: 1325/2483] 10.0.0.94 () {34 vars in 1107 bytes} [Fri Jul 3 20:02:24 2026] GET /v2.0/networks/3af425ea-1a47-4c0d-8bf9-3d3a2cd665a5?fields=provider%3Aphysical_network&fields=provider%3Anetwork_type => generated 79 bytes in 42 msecs (HTTP/1.1 200) 4 headers in 156 bytes (1 switches on core 0) [pid: 8|app: 0|req: 1159/2484] 10.0.0.115 () {34 vars in 693 bytes} [Fri Jul 3 20:02:24 2026] POST /v2.0/vpn/endpoint-groups => generated 320 bytes in 45 msecs (HTTP/1.1 201) 4 headers in 162 bytes (1 switches on core 0) [pid: 8|app: 0|req: 1160/2485] 10.0.0.94 () {34 vars in 989 bytes} [Fri Jul 3 20:02:24 2026] GET /v2.0/ports?device_id=9fbea89f-d6a2-4a11-b46a-ec9cb5beff81 => generated 12 bytes in 19 msecs (HTTP/1.1 200) 4 headers in 156 bytes (1 switches on core 0)
2026-07-03 20:02:25.373 7 INFO neutron.db.ovn_revision_numbers_db [None req-b35e6870-26b5-43a2-9f15-7cdbb507479d 65abd089e36145a090c5dc0ef0da9e9f 9fa633a0ef5e4cf4925a2a90499064ca - - default default] Successfully bumped revision number for resource 4d71d4a2-5018-4c0f-b4ab-f7fd41296125 (type: routers) to 5 [pid: 7|app: 0|req: 1326/2486] 10.0.0.115 () {34 vars in 707 bytes} [Fri Jul 3 20:02:24 2026] POST /v2.0/vpn/ipsec-site-connections => generated 802 bytes in 733 msecs (HTTP/1.1 201) 4 headers in 162 bytes (1 switches on core 0) [pid: 8|app: 0|req: 1161/2487] 10.0.0.115 () {34 vars in 693 bytes} [Fri Jul 3 20:02:25 2026] POST /v2.0/vpn/endpoint-groups => generated 290 bytes in 45 msecs (HTTP/1.1 201) 4 headers in 162 bytes (1 switches on core 0) [pid: 7|app: 0|req: 1327/2488] 10.0.0.115 () {32 vars in 748 bytes} [Fri Jul 3 20:02:25 2026] DELETE /v2.0/vpn/endpoint-groups/b3ac3ee2-41d0-4884-8875-096e502a9c19 => generated 0 bytes in 33 msecs (HTTP/1.1 204) 2 headers in 112 bytes (1 switches on core 0) [pid: 8|app: 0|req: 1162/2489] 10.0.0.115 () {32 vars in 671 bytes} [Fri Jul 3 20:02:25 2026] GET /v2.0/vpn/endpoint-groups => generated 633 bytes in 13 msecs (HTTP/1.1 200) 4 headers in 157 bytes (1 switches on core 0) [pid: 7|app: 0|req: 1328/2490] 10.0.0.115 () {32 vars in 671 bytes} [Fri Jul 3 20:02:25 2026] GET /v2.0/vpn/endpoint-groups => generated 633 bytes in 10 msecs (HTTP/1.1 200) 4 headers in 157 bytes (1 switches on core 0) [pid: 8|app: 0|req: 1163/2491] 10.0.0.94 () {34 vars in 989 bytes} [Fri Jul 3 20:02:25 2026] GET /v2.0/ports?device_id=9fbea89f-d6a2-4a11-b46a-ec9cb5beff81 => generated 12 bytes in 23 msecs (HTTP/1.1 200) 4 headers in 156 bytes (1 switches on core 0) [pid: 7|app: 0|req: 1329/2492] 10.0.0.115 () {34 vars in 685 bytes} [Fri Jul 3 20:02:25 2026] POST /v2.0/vpn/ikepolicies => generated 403 bytes in 145 msecs (HTTP/1.1 201) 4 headers in 162 bytes (1 switches on core 0) [pid: 8|app: 0|req: 1164/2493] 10.0.0.115 () {32 vars in 663 bytes} [Fri Jul 3 20:02:26 2026] GET /v2.0/vpn/ikepolicies => generated 798 bytes in 16 msecs (HTTP/1.1 200) 4 headers in 157 bytes (1 switches on core 0) [pid: 7|app: 0|req: 1330/2494] 10.0.0.115 () {32 vars in 740 bytes} [Fri Jul 3 20:02:26 2026] DELETE /v2.0/vpn/ikepolicies/d96d91bf-2ce5-4b08-b3e1-d71e3dbc7913 => generated 0 bytes in 60 msecs (HTTP/1.1 204) 2 headers in 112 bytes (1 switches on core 0) [pid: 8|app: 0|req: 1165/2495] 10.0.0.115 () {34 vars in 689 bytes} [Fri Jul 3 20:02:26 2026] POST /v2.0/vpn/ipsecpolicies => generated 411 bytes in 55 msecs (HTTP/1.1 201) 4 headers in 162 bytes (1 switches on core 0) [pid: 7|app: 0|req: 1331/2496] 10.0.0.115 () {32 vars in 667 bytes} [Fri Jul 3 20:02:26 2026] GET /v2.0/vpn/ipsecpolicies => generated 811 bytes in 14 msecs (HTTP/1.1 200) 4 headers in 157 bytes (1 switches on core 0) [pid: 8|app: 0|req: 1166/2497] 10.0.0.115 () {32 vars in 744 bytes} [Fri Jul 3 20:02:26 2026] DELETE /v2.0/vpn/ipsecpolicies/6e0f2747-cfe4-4447-aa8e-c9dfea122554 => generated 0 bytes in 35 msecs (HTTP/1.1 204) 2 headers in 112 bytes (1 switches on core 0)
2026-07-03 20:02:26.329 7 INFO neutron.db.segments_db [None req-3d34782b-0d98-48f2-94d7-7c6945f4bbcd 65abd089e36145a090c5dc0ef0da9e9f 9fa633a0ef5e4cf4925a2a90499064ca - - default default] Added segment 39348efd-2029-41f1-be5a-7d0977a3c8be of type geneve for network a05205b7-1b98-4812-96a1-3309a891204c
2026-07-03 20:02:26.469 7 INFO neutron.db.ovn_revision_numbers_db [None req-3d34782b-0d98-48f2-94d7-7c6945f4bbcd 65abd089e36145a090c5dc0ef0da9e9f 9fa633a0ef5e4cf4925a2a90499064ca - - default default] Successfully bumped revision number for resource a05205b7-1b98-4812-96a1-3309a891204c (type: networks) to 1
2026-07-03 20:02:26.610 7 WARNING neutron.scheduler.dhcp_agent_scheduler [None req-3d34782b-0d98-48f2-94d7-7c6945f4bbcd 65abd089e36145a090c5dc0ef0da9e9f 9fa633a0ef5e4cf4925a2a90499064ca - - default default] No more DHCP agents
2026-07-03 20:02:26.611 7 WARNING neutron.api.rpc.agentnotifiers.dhcp_rpc_agent_api [None req-3d34782b-0d98-48f2-94d7-7c6945f4bbcd 65abd089e36145a090c5dc0ef0da9e9f 9fa633a0ef5e4cf4925a2a90499064ca - - default default] Unable to schedule network a05205b7-1b98-4812-96a1-3309a891204c: no agents available; will retry on subsequent port and subnet creation events.
2026-07-03 20:02:26.691 7 INFO neutron.db.ovn_revision_numbers_db [None req-3d34782b-0d98-48f2-94d7-7c6945f4bbcd 65abd089e36145a090c5dc0ef0da9e9f 9fa633a0ef5e4cf4925a2a90499064ca - - default default] Successfully bumped revision number for resource 1f31ae99-2f88-48cd-beb3-c7d0bca35cb8 (type: ports) to 1 [pid: 7|app: 0|req: 1332/2498] 10.0.0.115 () {34 vars in 670 bytes} [Fri Jul 3 20:02:26 2026] POST /v2.0/networks => generated 632 bytes in 468 msecs (HTTP/1.1 201) 4 headers in 162 bytes (1 switches on core 0)
2026-07-03 20:02:26.874 8 WARNING neutron.scheduler.dhcp_agent_scheduler [None req-4ef3661c-708a-4a8b-bcb7-5c1c69c222dd 65abd089e36145a090c5dc0ef0da9e9f 9fa633a0ef5e4cf4925a2a90499064ca - - default default] No more DHCP agents
2026-07-03 20:02:26.876 8 WARNING neutron.api.rpc.agentnotifiers.dhcp_rpc_agent_api [None req-4ef3661c-708a-4a8b-bcb7-5c1c69c222dd 65abd089e36145a090c5dc0ef0da9e9f 9fa633a0ef5e4cf4925a2a90499064ca - - default default] Unable to schedule network a05205b7-1b98-4812-96a1-3309a891204c: no agents available; will retry on subsequent port and subnet creation events. [pid: 7|app: 0|req: 1333/2499] 10.0.0.94 () {34 vars in 989 bytes} [Fri Jul 3 20:02:26 2026] GET /v2.0/ports?device_id=9fbea89f-d6a2-4a11-b46a-ec9cb5beff81 => generated 12 bytes in 35 msecs (HTTP/1.1 200) 4 headers in 156 bytes (1 switches on core 0)
2026-07-03 20:02:27.311 8 INFO neutron.db.ovn_revision_numbers_db [None req-c847d459-5206-454a-a43e-d5a9633b84ba - - - - - -] Successfully bumped revision number for resource 1f31ae99-2f88-48cd-beb3-c7d0bca35cb8 (type: ports) to 2
2026-07-03 20:02:27.347 8 INFO neutron.db.ovn_revision_numbers_db [None req-c847d459-5206-454a-a43e-d5a9633b84ba - - - - - -] Successfully bumped revision number for resource 44294176-6c21-45a7-b402-21afca5808ca (type: subnets) to 0 [pid: 8|app: 0|req: 1167/2500] 10.0.0.115 () {34 vars in 669 bytes} [Fri Jul 3 20:02:26 2026] POST /v2.0/subnets => generated 629 bytes in 647 msecs (HTTP/1.1 201) 4 headers in 162 bytes (1 switches on core 0)
2026-07-03 20:02:27.474 7 WARNING neutron.plugins.ml2.drivers.ovn.mech_driver.ovsdb.ovn_client [None req-a0a53be8-ae0f-4e94-9d30-a2043c475319 - - - - - -] No hosting information found for port 5dd96518-cb56-4293-bba1-1c1589c813e4: RuntimeError: No hosting information found for port 5dd96518-cb56-4293-bba1-1c1589c813e4
2026-07-03 20:02:27.602 7 INFO neutron.db.ovn_revision_numbers_db [None req-a0a53be8-ae0f-4e94-9d30-a2043c475319 - - - - - -] Successfully bumped revision number for resource 5dd96518-cb56-4293-bba1-1c1589c813e4 (type: router_ports) to 2
2026-07-03 20:02:27.688 7 INFO neutron.plugins.ml2.drivers.ovn.mech_driver.mech_driver [None req-a0a53be8-ae0f-4e94-9d30-a2043c475319 - - - - - -] OVN reports status down for port: 1f31ae99-2f88-48cd-beb3-c7d0bca35cb8
2026-07-03 20:02:27.739 7 INFO neutron.db.ovn_revision_numbers_db [None req-fd492b8e-b191-4c78-a452-e7cb231d2575 9d2c8bd5ad9545fbbc3a6d94dfb4fe2c d38a9b6091ab409ea018c470e907de5c - - default default] Successfully bumped revision number for resource af58fe0c-f62e-460d-ad32-c065e493589e (type: security_groups) to 1
2026-07-03 20:02:27.762 7 INFO neutron.db.ovn_revision_numbers_db [None req-fd492b8e-b191-4c78-a452-e7cb231d2575 9d2c8bd5ad9545fbbc3a6d94dfb4fe2c d38a9b6091ab409ea018c470e907de5c - - default default] Successfully bumped revision number for resource 84efed80-c1a4-4260-9569-31c6cb1d80b7 (type: security_group_rules) to 0
2026-07-03 20:02:27.782 7 INFO neutron.db.ovn_revision_numbers_db [None req-fd492b8e-b191-4c78-a452-e7cb231d2575 9d2c8bd5ad9545fbbc3a6d94dfb4fe2c d38a9b6091ab409ea018c470e907de5c - - default default] Successfully bumped revision number for resource 95c57a0b-b229-459b-8326-9c8b419e9aaa (type: security_group_rules) to 0
2026-07-03 20:02:27.793 7 INFO neutron.db.ovn_revision_numbers_db [None req-fd492b8e-b191-4c78-a452-e7cb231d2575 9d2c8bd5ad9545fbbc3a6d94dfb4fe2c d38a9b6091ab409ea018c470e907de5c - - default default] Successfully bumped revision number for resource caa62fba-cb01-4518-b5e5-c0ce09ab1e18 (type: security_group_rules) to 0
2026-07-03 20:02:27.803 7 INFO neutron.db.ovn_revision_numbers_db [None req-fd492b8e-b191-4c78-a452-e7cb231d2575 9d2c8bd5ad9545fbbc3a6d94dfb4fe2c d38a9b6091ab409ea018c470e907de5c - - default default] Successfully bumped revision number for resource db4ae828-708a-48bc-9058-18acf9fc522a (type: security_group_rules) to 0
2026-07-03 20:02:27.831 8 WARNING neutron.plugins.ml2.drivers.ovn.mech_driver.ovsdb.ovn_client [None req-912929c1-e363-43eb-bea8-1257b895931a - - - - - -] No hosting information found for port e95057ce-f1c4-4b99-9caa-097382790852: RuntimeError: No hosting information found for port e95057ce-f1c4-4b99-9caa-097382790852
2026-07-03 20:02:27.874 8 WARNING neutron.scheduler.dhcp_agent_scheduler [None req-d5b8e897-e7ca-454a-bf38-21124a83629e 65abd089e36145a090c5dc0ef0da9e9f 9fa633a0ef5e4cf4925a2a90499064ca - - default default] No more DHCP agents
2026-07-03 20:02:27.875 7 INFO neutron.db.segments_db [None req-fd492b8e-b191-4c78-a452-e7cb231d2575 9d2c8bd5ad9545fbbc3a6d94dfb4fe2c d38a9b6091ab409ea018c470e907de5c - - default default] Added segment 46fbe4b3-569f-4913-bf6b-fa522742ba01 of type geneve for network 69cf62f7-ac2e-42f7-b39d-bd95647790dc
2026-07-03 20:02:27.878 8 WARNING neutron.api.rpc.agentnotifiers.dhcp_rpc_agent_api [None req-d5b8e897-e7ca-454a-bf38-21124a83629e 65abd089e36145a090c5dc0ef0da9e9f 9fa633a0ef5e4cf4925a2a90499064ca - - default default] Unable to schedule network d3d44ed6-7160-49bd-9bbb-88f39b18d3c0: no agents available; will retry on subsequent port and subnet creation events.
2026-07-03 20:02:28.008 7 INFO neutron.db.ovn_revision_numbers_db [None req-fd492b8e-b191-4c78-a452-e7cb231d2575 9d2c8bd5ad9545fbbc3a6d94dfb4fe2c d38a9b6091ab409ea018c470e907de5c - - default default] Successfully bumped revision number for resource 69cf62f7-ac2e-42f7-b39d-bd95647790dc (type: networks) to 1
2026-07-03 20:02:28.053 8 INFO neutron.db.ovn_revision_numbers_db [None req-912929c1-e363-43eb-bea8-1257b895931a - - - - - -] Successfully bumped revision number for resource e95057ce-f1c4-4b99-9caa-097382790852 (type: router_ports) to 2
2026-07-03 20:02:28.127 8 INFO neutron.plugins.ml2.drivers.ovn.mech_driver.mech_driver [None req-912929c1-e363-43eb-bea8-1257b895931a - - - - - -] OVN reports status up for port: c925373f-31f4-489e-abae-5d71218b6a50
2026-07-03 20:02:28.148 8 INFO neutron.plugins.ml2.plugin [None req-912929c1-e363-43eb-bea8-1257b895931a - - - - - -] Attempt 1 to provision port c925373f-31f4-489e-abae-5d71218b6a50
2026-07-03 20:02:28.183 8 INFO neutron.db.ovn_revision_numbers_db [None req-d5b8e897-e7ca-454a-bf38-21124a83629e 65abd089e36145a090c5dc0ef0da9e9f 9fa633a0ef5e4cf4925a2a90499064ca - - default default] Successfully bumped revision number for resource 9daa48bc-2a77-4e84-8a43-5f341d5b7d02 (type: ports) to 1
2026-07-03 20:02:28.226 7 WARNING neutron.scheduler.dhcp_agent_scheduler [None req-fd492b8e-b191-4c78-a452-e7cb231d2575 9d2c8bd5ad9545fbbc3a6d94dfb4fe2c d38a9b6091ab409ea018c470e907de5c - - default default] No more DHCP agents
2026-07-03 20:02:28.228 7 WARNING neutron.api.rpc.agentnotifiers.dhcp_rpc_agent_api [None req-fd492b8e-b191-4c78-a452-e7cb231d2575 9d2c8bd5ad9545fbbc3a6d94dfb4fe2c d38a9b6091ab409ea018c470e907de5c - - default default] Unable to schedule network 69cf62f7-ac2e-42f7-b39d-bd95647790dc: no agents available; will retry on subsequent port and subnet creation events.
2026-07-03 20:02:28.296 7 INFO neutron.plugins.ml2.drivers.ovn.mech_driver.mech_driver [None req-a0a53be8-ae0f-4e94-9d30-a2043c475319 - - - - - -] OVN reports status down for port: 058bcd10-f0c0-4075-99f9-bf6940a80882
2026-07-03 20:02:28.371 7 INFO neutron.db.ovn_revision_numbers_db [None req-fd492b8e-b191-4c78-a452-e7cb231d2575 9d2c8bd5ad9545fbbc3a6d94dfb4fe2c d38a9b6091ab409ea018c470e907de5c - - default default] Successfully bumped revision number for resource 058bcd10-f0c0-4075-99f9-bf6940a80882 (type: ports) to 1 [pid: 7|app: 0|req: 1334/2501] 10.0.0.115 () {34 vars in 670 bytes} [Fri Jul 3 20:02:27 2026] POST /v2.0/networks => generated 640 bytes in 1103 msecs (HTTP/1.1 201) 4 headers in 162 bytes (1 switches on core 0) [pid: 7|app: 0|req: 1335/2502] 10.0.0.94 () {34 vars in 989 bytes} [Fri Jul 3 20:02:28 2026] GET /v2.0/ports?device_id=9fbea89f-d6a2-4a11-b46a-ec9cb5beff81 => generated 12 bytes in 22 msecs (HTTP/1.1 200) 4 headers in 156 bytes (1 switches on core 0)
2026-07-03 20:02:28.623 7 WARNING neutron.scheduler.dhcp_agent_scheduler [None req-01cd84a3-9e56-46e6-8042-ff4a1b3d68d4 9d2c8bd5ad9545fbbc3a6d94dfb4fe2c d38a9b6091ab409ea018c470e907de5c - - default default] No more DHCP agents
2026-07-03 20:02:28.625 7 WARNING neutron.api.rpc.agentnotifiers.dhcp_rpc_agent_api [None req-01cd84a3-9e56-46e6-8042-ff4a1b3d68d4 9d2c8bd5ad9545fbbc3a6d94dfb4fe2c d38a9b6091ab409ea018c470e907de5c - - default default] Unable to schedule network 69cf62f7-ac2e-42f7-b39d-bd95647790dc: no agents available; will retry on subsequent port and subnet creation events.
2026-07-03 20:02:28.976 8 INFO neutron.db.ovn_revision_numbers_db [None req-912929c1-e363-43eb-bea8-1257b895931a - - - - - -] Successfully bumped revision number for resource c925373f-31f4-489e-abae-5d71218b6a50 (type: ports) to 2
2026-07-03 20:02:29.080 7 INFO neutron.db.ovn_revision_numbers_db [None req-3521d0fc-1506-44af-8ff9-e61f7d665cc2 - - - - - -] Successfully bumped revision number for resource 058bcd10-f0c0-4075-99f9-bf6940a80882 (type: ports) to 2
2026-07-03 20:02:29.111 7 INFO neutron.db.ovn_revision_numbers_db [None req-3521d0fc-1506-44af-8ff9-e61f7d665cc2 - - - - - -] Successfully bumped revision number for resource 2ca52e22-f6d2-4804-8549-2263ae753820 (type: subnets) to 0 [pid: 7|app: 0|req: 1336/2503] 10.0.0.115 () {34 vars in 669 bytes} [Fri Jul 3 20:02:28 2026] POST /v2.0/subnets => generated 657 bytes in 682 msecs (HTTP/1.1 201) 4 headers in 162 bytes (1 switches on core 0) [pid: 7|app: 0|req: 1337/2504] 199.204.45.205 () {34 vars in 986 bytes} [Fri Jul 3 20:02:29 2026] GET /v2.0/networks?id=3af425ea-1a47-4c0d-8bf9-3d3a2cd665a5 => generated 659 bytes in 47 msecs (HTTP/1.1 200) 4 headers in 157 bytes (1 switches on core 0) [pid: 7|app: 0|req: 1338/2505] 10.0.0.115 () {32 vars in 722 bytes} [Fri Jul 3 20:02:29 2026] GET /v2.0/subnetpools?name=shared-default-subnetpool-v6 => generated 19 bytes in 58 msecs (HTTP/1.1 200) 4 headers in 156 bytes (1 switches on core 0) [pid: 7|app: 0|req: 1339/2506] 199.204.45.205 () {34 vars in 1050 bytes} [Fri Jul 3 20:02:29 2026] GET /v2.0/security-groups?fields=id&fields=name&tenant_id=cce3f9ec62f64a6786c2d56c782e397a => generated 180 bytes in 35 msecs (HTTP/1.1 200) 4 headers in 157 bytes (1 switches on core 0)
2026-07-03 20:02:29.360 8 INFO neutron.plugins.ml2.drivers.ovn.mech_driver.ovsdb.commands [None req-a52dd687-4a17-4a32-8530-ff8de59c5742 - - - - - -] Schedule LRP lrp-9daa48bc-2a77-4e84-8a43-5f341d5b7d02 on gateway 6c0acb17-a708-413f-85e9-497cb578bff9 with priority 1
2026-07-03 20:02:29.428 8 INFO neutron.db.ovn_revision_numbers_db [None req-d5b8e897-e7ca-454a-bf38-21124a83629e 65abd089e36145a090c5dc0ef0da9e9f 9fa633a0ef5e4cf4925a2a90499064ca - - default default] Successfully bumped revision number for resource 9daa48bc-2a77-4e84-8a43-5f341d5b7d02 (type: router_ports) to 1
2026-07-03 20:02:29.496 8 INFO neutron.db.ovn_revision_numbers_db [None req-d5b8e897-e7ca-454a-bf38-21124a83629e 65abd089e36145a090c5dc0ef0da9e9f 9fa633a0ef5e4cf4925a2a90499064ca - - default default] Successfully bumped revision number for resource cdbedfc6-ec03-4d4d-ba45-fc3329aa2e71 (type: routers) to 2 [pid: 8|app: 0|req: 1168/2507] 10.0.0.115 () {34 vars in 669 bytes} [Fri Jul 3 20:02:27 2026] POST /v2.0/routers => generated 936 bytes in 2141 msecs (HTTP/1.1 201) 4 headers in 162 bytes (1 switches on core 0)
2026-07-03 20:02:29.750 8 WARNING neutron.scheduler.dhcp_agent_scheduler [req-450703b6-5bbf-4880-bf5f-086867c72425 req-24b71e35-fc02-4933-9372-7a1c0add1844 32758cd34c3b480bacc7b7785c7f99d7 cce3f9ec62f64a6786c2d56c782e397a - - default default] No more DHCP agents
2026-07-03 20:02:29.751 8 WARNING neutron.api.rpc.agentnotifiers.dhcp_rpc_agent_api [req-450703b6-5bbf-4880-bf5f-086867c72425 req-24b71e35-fc02-4933-9372-7a1c0add1844 32758cd34c3b480bacc7b7785c7f99d7 cce3f9ec62f64a6786c2d56c782e397a - - default default] Unable to schedule network 3af425ea-1a47-4c0d-8bf9-3d3a2cd665a5: no agents available; will retry on subsequent port and subnet creation events.
2026-07-03 20:02:29.902 8 INFO neutron.db.ovn_revision_numbers_db [req-450703b6-5bbf-4880-bf5f-086867c72425 req-24b71e35-fc02-4933-9372-7a1c0add1844 32758cd34c3b480bacc7b7785c7f99d7 cce3f9ec62f64a6786c2d56c782e397a - - default default] Successfully bumped revision number for resource 59d67193-9a5a-43d1-ba94-96724331f030 (type: ports) to 1 [pid: 8|app: 0|req: 1169/2508] 199.204.45.205 () {38 vars in 955 bytes} [Fri Jul 3 20:02:29 2026] POST /v2.0/ports => generated 954 bytes in 462 msecs (HTTP/1.1 201) 4 headers in 162 bytes (1 switches on core 0) /var/lib/openstack/lib/python3.12/site-packages/pycadf/identifier.py:70: UserWarning: Invalid uuid: neutron. To ensure interoperability, identifiers should be a valid uuid. warnings.warn(('Invalid uuid: %s. To ensure interoperability, ' [pid: 8|app: 0|req: 1170/2509] 10.0.0.94 () {34 vars in 989 bytes} [Fri Jul 3 20:02:29 2026] GET /v2.0/ports?device_id=9fbea89f-d6a2-4a11-b46a-ec9cb5beff81 => generated 957 bytes in 39 msecs (HTTP/1.1 200) 4 headers in 157 bytes (1 switches on core 0)
2026-07-03 20:02:30.146 7 WARNING neutron.scheduler.dhcp_agent_scheduler [None req-b3e8d74a-d60a-4c4e-96a3-edfbc934f626 9d2c8bd5ad9545fbbc3a6d94dfb4fe2c d38a9b6091ab409ea018c470e907de5c - - default default] No more DHCP agents
2026-07-03 20:02:30.147 7 WARNING neutron.api.rpc.agentnotifiers.dhcp_rpc_agent_api [None req-b3e8d74a-d60a-4c4e-96a3-edfbc934f626 9d2c8bd5ad9545fbbc3a6d94dfb4fe2c d38a9b6091ab409ea018c470e907de5c - - default default] Unable to schedule network 69cf62f7-ac2e-42f7-b39d-bd95647790dc: no agents available; will retry on subsequent port and subnet creation events.
2026-07-03 20:02:30.172 7 INFO neutron.db.ovn_revision_numbers_db [None req-b3e8d74a-d60a-4c4e-96a3-edfbc934f626 9d2c8bd5ad9545fbbc3a6d94dfb4fe2c d38a9b6091ab409ea018c470e907de5c - - default default] Successfully bumped revision number for resource abe92c3d-43b8-4272-9736-81703a8dcb3b (type: subnets) to 0 [pid: 7|app: 0|req: 1340/2510] 10.0.0.115 () {34 vars in 669 bytes} [Fri Jul 3 20:02:29 2026] POST /v2.0/subnets => generated 732 bytes in 917 msecs (HTTP/1.1 201) 4 headers in 162 bytes (1 switches on core 0)
2026-07-03 20:02:30.521 8 WARNING neutron.scheduler.dhcp_agent_scheduler [None req-bcd66481-f47e-4eb0-ba23-cd236c6a915d 65abd089e36145a090c5dc0ef0da9e9f 9fa633a0ef5e4cf4925a2a90499064ca - - default default] No more DHCP agents
2026-07-03 20:02:30.525 8 WARNING neutron.api.rpc.agentnotifiers.dhcp_rpc_agent_api [None req-bcd66481-f47e-4eb0-ba23-cd236c6a915d 65abd089e36145a090c5dc0ef0da9e9f 9fa633a0ef5e4cf4925a2a90499064ca - - default default] Unable to schedule network a05205b7-1b98-4812-96a1-3309a891204c: no agents available; will retry on subsequent port and subnet creation events.
2026-07-03 20:02:30.557 7 INFO neutron.db.ovn_revision_numbers_db [req-450703b6-5bbf-4880-bf5f-086867c72425 req-8183942c-2eb9-41db-b414-2d39a2d61041 068b39e4e11744dfbeb1e74fb6a012ae e5b0534d0eb74a2581f72af0fcd9822b - - 0f74a15bc3274c62b0bb50af55601897 0f74a15bc3274c62b0bb50af55601897] Successfully bumped revision number for resource 59d67193-9a5a-43d1-ba94-96724331f030 (type: ports) to 2
2026-07-03 20:02:30.669 7 INFO neutron.plugins.ml2.drivers.ovn.mech_driver.mech_driver [None req-a0a53be8-ae0f-4e94-9d30-a2043c475319 - - - - - -] OVN reports status down for port: b799959e-e67e-40c7-a66d-db782b02df8f
2026-07-03 20:02:30.689 8 INFO neutron.db.ovn_revision_numbers_db [None req-bcd66481-f47e-4eb0-ba23-cd236c6a915d 65abd089e36145a090c5dc0ef0da9e9f 9fa633a0ef5e4cf4925a2a90499064ca - - default default] Successfully bumped revision number for resource b799959e-e67e-40c7-a66d-db782b02df8f (type: ports) to 1
2026-07-03 20:02:30.836 7 INFO neutron.db.ovn_revision_numbers_db [req-450703b6-5bbf-4880-bf5f-086867c72425 req-8183942c-2eb9-41db-b414-2d39a2d61041 068b39e4e11744dfbeb1e74fb6a012ae e5b0534d0eb74a2581f72af0fcd9822b - - 0f74a15bc3274c62b0bb50af55601897 0f74a15bc3274c62b0bb50af55601897] Successfully bumped revision number for resource 59d67193-9a5a-43d1-ba94-96724331f030 (type: ports) to 4 [pid: 7|app: 0|req: 1341/2511] 199.204.45.205 () {38 vars in 1028 bytes} [Fri Jul 3 20:02:30 2026] PUT /v2.0/ports/59d67193-9a5a-43d1-ba94-96724331f030 => generated 1204 bytes in 669 msecs (HTTP/1.1 200) 4 headers in 158 bytes (1 switches on core 0) /var/lib/openstack/lib/python3.12/site-packages/pycadf/identifier.py:70: UserWarning: Invalid uuid: neutron. To ensure interoperability, identifiers should be a valid uuid. warnings.warn(('Invalid uuid: %s. To ensure interoperability, '
2026-07-03 20:02:30.897 7 INFO neutron.notifiers.nova [-] Nova event matching ['req-bcd522dc-a1a6-4c3c-a4dd-9299a65df6b1'] response: {'name': 'network-changed', 'server_uuid': '9fbea89f-d6a2-4a11-b46a-ec9cb5beff81', 'tag': '59d67193-9a5a-43d1-ba94-96724331f030', 'status': 'completed', 'code': 200} [pid: 7|app: 0|req: 1342/2512] 10.0.0.94 () {34 vars in 1039 bytes} [Fri Jul 3 20:02:30 2026] GET /v2.0/security-groups?id=90d29ae6-8822-43f1-b4de-539a40650503&fields=id&fields=name => generated 113 bytes in 49 msecs (HTTP/1.1 200) 4 headers in 157 bytes (1 switches on core 0)
2026-07-03 20:02:31.006 7 INFO neutron.db.segments_db [None req-0e0d9364-d45b-4825-b8cc-9d3b6e19807c 9d2c8bd5ad9545fbbc3a6d94dfb4fe2c d38a9b6091ab409ea018c470e907de5c - - default default] Added segment 00b58003-0d3b-4371-8ae6-ca55345f7281 of type geneve for network 7cac6a14-86c8-4b89-b08a-4b68b32d9683
2026-07-03 20:02:31.143 7 INFO neutron.db.ovn_revision_numbers_db [None req-0e0d9364-d45b-4825-b8cc-9d3b6e19807c 9d2c8bd5ad9545fbbc3a6d94dfb4fe2c d38a9b6091ab409ea018c470e907de5c - - default default] Successfully bumped revision number for resource 7cac6a14-86c8-4b89-b08a-4b68b32d9683 (type: networks) to 1
2026-07-03 20:02:31.305 7 INFO neutron.plugins.ml2.drivers.ovn.mech_driver.mech_driver [None req-a0a53be8-ae0f-4e94-9d30-a2043c475319 - - - - - -] OVN reports status up for port: b799959e-e67e-40c7-a66d-db782b02df8f
2026-07-03 20:02:31.336 7 INFO neutron.plugins.ml2.plugin [None req-a0a53be8-ae0f-4e94-9d30-a2043c475319 - - - - - -] Attempt 1 to provision port b799959e-e67e-40c7-a66d-db782b02df8f
2026-07-03 20:02:31.387 8 WARNING neutron.scheduler.dhcp_agent_scheduler [None req-bcd66481-f47e-4eb0-ba23-cd236c6a915d 65abd089e36145a090c5dc0ef0da9e9f 9fa633a0ef5e4cf4925a2a90499064ca - - default default] No more DHCP agents
2026-07-03 20:02:31.387 7 WARNING neutron.scheduler.dhcp_agent_scheduler [None req-0e0d9364-d45b-4825-b8cc-9d3b6e19807c 9d2c8bd5ad9545fbbc3a6d94dfb4fe2c d38a9b6091ab409ea018c470e907de5c - - default default] No more DHCP agents
2026-07-03 20:02:31.388 8 WARNING neutron.api.rpc.agentnotifiers.dhcp_rpc_agent_api [None req-bcd66481-f47e-4eb0-ba23-cd236c6a915d 65abd089e36145a090c5dc0ef0da9e9f 9fa633a0ef5e4cf4925a2a90499064ca - - default default] Unable to schedule network a05205b7-1b98-4812-96a1-3309a891204c: no agents available; will retry on subsequent port and subnet creation events.
2026-07-03 20:02:31.395 7 WARNING neutron.api.rpc.agentnotifiers.dhcp_rpc_agent_api [None req-0e0d9364-d45b-4825-b8cc-9d3b6e19807c 9d2c8bd5ad9545fbbc3a6d94dfb4fe2c d38a9b6091ab409ea018c470e907de5c - - default default] Unable to schedule network 7cac6a14-86c8-4b89-b08a-4b68b32d9683: no agents available; will retry on subsequent port and subnet creation events.
2026-07-03 20:02:31.612 7 INFO neutron.db.ovn_revision_numbers_db [None req-0e0d9364-d45b-4825-b8cc-9d3b6e19807c 9d2c8bd5ad9545fbbc3a6d94dfb4fe2c d38a9b6091ab409ea018c470e907de5c - - default default] Successfully bumped revision number for resource 523a6034-1e03-4ca5-808c-af7f1112e433 (type: ports) to 1 [pid: 7|app: 0|req: 1343/2513] 10.0.0.115 () {34 vars in 670 bytes} [Fri Jul 3 20:02:30 2026] POST /v2.0/networks => generated 637 bytes in 746 msecs (HTTP/1.1 201) 4 headers in 162 bytes (1 switches on core 0) [pid: 7|app: 0|req: 1344/2514] 199.204.45.205 () {34 vars in 1080 bytes} [Fri Jul 3 20:02:31 2026] GET /v2.0/ports?tenant_id=cce3f9ec62f64a6786c2d56c782e397a&device_id=9fbea89f-d6a2-4a11-b46a-ec9cb5beff81 => generated 1207 bytes in 97 msecs (HTTP/1.1 200) 4 headers in 158 bytes (1 switches on core 0)
2026-07-03 20:02:31.802 8 INFO neutron.db.ovn_revision_numbers_db [None req-bcd66481-f47e-4eb0-ba23-cd236c6a915d 65abd089e36145a090c5dc0ef0da9e9f 9fa633a0ef5e4cf4925a2a90499064ca - - default default] Successfully bumped revision number for resource b799959e-e67e-40c7-a66d-db782b02df8f (type: router_ports) to 1 [pid: 8|app: 0|req: 1171/2515] 10.0.0.115 () {34 vars in 783 bytes} [Fri Jul 3 20:02:30 2026] PUT /v2.0/routers/cdbedfc6-ec03-4d4d-ba45-fc3329aa2e71/add_router_interface => generated 309 bytes in 1797 msecs (HTTP/1.1 200) 4 headers in 157 bytes (1 switches on core 0) [pid: 8|app: 0|req: 1172/2516] 199.204.45.205 () {34 vars in 1018 bytes} [Fri Jul 3 20:02:31 2026] GET /v2.0/networks?tenant_id=cce3f9ec62f64a6786c2d56c782e397a&shared=False => generated 758 bytes in 48 msecs (HTTP/1.1 200) 4 headers in 157 bytes (1 switches on core 0)
2026-07-03 20:02:32.178 7 INFO neutron.db.ovn_revision_numbers_db [None req-a0a53be8-ae0f-4e94-9d30-a2043c475319 - - - - - -] Successfully bumped revision number for resource b799959e-e67e-40c7-a66d-db782b02df8f (type: ports) to 2
2026-07-03 20:02:32.210 7 WARNING neutron.scheduler.dhcp_agent_scheduler [None req-c1bbf0fc-11af-4786-a3e2-0688edac314d 9d2c8bd5ad9545fbbc3a6d94dfb4fe2c d38a9b6091ab409ea018c470e907de5c - - default default] No more DHCP agents
2026-07-03 20:02:32.214 7 WARNING neutron.api.rpc.agentnotifiers.dhcp_rpc_agent_api [None req-c1bbf0fc-11af-4786-a3e2-0688edac314d 9d2c8bd5ad9545fbbc3a6d94dfb4fe2c d38a9b6091ab409ea018c470e907de5c - - default default] Unable to schedule network 7cac6a14-86c8-4b89-b08a-4b68b32d9683: no agents available; will retry on subsequent port and subnet creation events.
2026-07-03 20:02:32.382 8 WARNING neutron.scheduler.dhcp_agent_scheduler [None req-91a703eb-5dfc-4525-a4a8-21492af8d887 - - - - - -] No more DHCP agents
2026-07-03 20:02:32.385 8 WARNING neutron.api.rpc.agentnotifiers.dhcp_rpc_agent_api [None req-91a703eb-5dfc-4525-a4a8-21492af8d887 - - - - - -] Unable to schedule network d3d44ed6-7160-49bd-9bbb-88f39b18d3c0: no agents available; will retry on subsequent port and subnet creation events.
2026-07-03 20:02:32.549 8 INFO neutron.db.ovn_revision_numbers_db [None req-91a703eb-5dfc-4525-a4a8-21492af8d887 - - - - - -] Successfully bumped revision number for resource 7937e526-39ae-4a0b-90ae-4214b2b63c58 (type: ports) to 1
2026-07-03 20:02:32.710 7 INFO neutron.db.ovn_revision_numbers_db [None req-9e7956fe-0a2f-4a5b-8312-ccba5e807cfd - - - - - -] Successfully bumped revision number for resource 523a6034-1e03-4ca5-808c-af7f1112e433 (type: ports) to 2
2026-07-03 20:02:32.736 7 INFO neutron.db.ovn_revision_numbers_db [None req-9e7956fe-0a2f-4a5b-8312-ccba5e807cfd - - - - - -] Successfully bumped revision number for resource f1152663-b073-49bd-a61e-d7533fd65fa3 (type: subnets) to 0 [pid: 7|app: 0|req: 1345/2517] 10.0.0.115 () {34 vars in 669 bytes} [Fri Jul 3 20:02:31 2026] POST /v2.0/subnets => generated 655 bytes in 1025 msecs (HTTP/1.1 201) 4 headers in 162 bytes (1 switches on core 0)
2026-07-03 20:02:32.786 8 INFO neutron.db.ovn_revision_numbers_db [None req-91a703eb-5dfc-4525-a4a8-21492af8d887 - - - - - -] Successfully bumped revision number for resource 7937e526-39ae-4a0b-90ae-4214b2b63c58 (type: ports) to 3 [pid: 7|app: 0|req: 1346/2518] 199.204.45.205 () {34 vars in 930 bytes} [Fri Jul 3 20:02:32 2026] GET /v2.0/networks?shared=True => generated 753 bytes in 50 msecs (HTTP/1.1 200) 4 headers in 157 bytes (1 switches on core 0)
2026-07-03 20:02:32.844 8 INFO neutron.db.segments_db [None req-91a703eb-5dfc-4525-a4a8-21492af8d887 - - - - - -] Added segment 563ea3eb-4cd0-4209-a794-29b07b4e1422 of type geneve for network 76202780-fa94-4102-a4b8-7c9bf1d1b43e [pid: 7|app: 0|req: 1347/2519] 10.0.0.94 () {34 vars in 989 bytes} [Fri Jul 3 20:02:32 2026] GET /v2.0/ports?device_id=9fbea89f-d6a2-4a11-b46a-ec9cb5beff81 => generated 969 bytes in 80 msecs (HTTP/1.1 200) 4 headers in 157 bytes (1 switches on core 0)
2026-07-03 20:02:32.940 8 INFO neutron.db.ovn_revision_numbers_db [None req-9b4a56b3-84be-41e1-aa37-b316f194d339 - - - - - -] Successfully bumped revision number for resource 76202780-fa94-4102-a4b8-7c9bf1d1b43e (type: networks) to 1
2026-07-03 20:02:33.043 8 WARNING neutron.scheduler.dhcp_agent_scheduler [None req-9b4a56b3-84be-41e1-aa37-b316f194d339 - - - - - -] No more DHCP agents
2026-07-03 20:02:33.044 8 WARNING neutron.api.rpc.agentnotifiers.dhcp_rpc_agent_api [None req-9b4a56b3-84be-41e1-aa37-b316f194d339 - - - - - -] Unable to schedule network 76202780-fa94-4102-a4b8-7c9bf1d1b43e: no agents available; will retry on subsequent port and subnet creation events.
2026-07-03 20:02:33.103 7 WARNING neutron.scheduler.dhcp_agent_scheduler [None req-18f715dd-f5e5-4658-8112-5a8aa4fab99e 9d2c8bd5ad9545fbbc3a6d94dfb4fe2c d38a9b6091ab409ea018c470e907de5c - - default default] No more DHCP agents
2026-07-03 20:02:33.104 7 WARNING neutron.api.rpc.agentnotifiers.dhcp_rpc_agent_api [None req-18f715dd-f5e5-4658-8112-5a8aa4fab99e 9d2c8bd5ad9545fbbc3a6d94dfb4fe2c d38a9b6091ab409ea018c470e907de5c - - default default] Unable to schedule network 7cac6a14-86c8-4b89-b08a-4b68b32d9683: no agents available; will retry on subsequent port and subnet creation events.
2026-07-03 20:02:33.124 8 INFO neutron.db.ovn_revision_numbers_db [None req-9b4a56b3-84be-41e1-aa37-b316f194d339 - - - - - -] Successfully bumped revision number for resource 38fb5018-27cd-4cd6-8306-b92334841a12 (type: ports) to 1
2026-07-03 20:02:33.130 7 INFO neutron.db.ovn_revision_numbers_db [None req-18f715dd-f5e5-4658-8112-5a8aa4fab99e 9d2c8bd5ad9545fbbc3a6d94dfb4fe2c d38a9b6091ab409ea018c470e907de5c - - default default] Successfully bumped revision number for resource 873a6f40-175f-43d3-81c1-b84188fffd63 (type: subnets) to 0 [pid: 7|app: 0|req: 1348/2520] 10.0.0.115 () {34 vars in 669 bytes} [Fri Jul 3 20:02:32 2026] POST /v2.0/subnets => generated 726 bytes in 240 msecs (HTTP/1.1 201) 4 headers in 162 bytes (1 switches on core 0) [pid: 7|app: 0|req: 1349/2521] 10.0.0.94 () {34 vars in 1039 bytes} [Fri Jul 3 20:02:33 2026] GET /v2.0/security-groups?id=90d29ae6-8822-43f1-b4de-539a40650503&fields=id&fields=name => generated 113 bytes in 32 msecs (HTTP/1.1 200) 4 headers in 157 bytes (1 switches on core 0)
2026-07-03 20:02:33.213 8 WARNING neutron.scheduler.dhcp_agent_scheduler [None req-9b4a56b3-84be-41e1-aa37-b316f194d339 - - - - - -] No more DHCP agents
2026-07-03 20:02:33.214 8 WARNING neutron.api.rpc.agentnotifiers.dhcp_rpc_agent_api [None req-9b4a56b3-84be-41e1-aa37-b316f194d339 - - - - - -] Unable to schedule network 76202780-fa94-4102-a4b8-7c9bf1d1b43e: no agents available; will retry on subsequent port and subnet creation events.
2026-07-03 20:02:33.229 8 INFO neutron.db.ovn_revision_numbers_db [None req-9b4a56b3-84be-41e1-aa37-b316f194d339 - - - - - -] Successfully bumped revision number for resource 755dbc42-af74-4582-b4f4-714e9b53a5db (type: subnets) to 0
2026-07-03 20:02:33.271 7 INFO neutron.db.segments_db [None req-976738ec-96e0-46ca-ae38-0567554d5ef8 9d2c8bd5ad9545fbbc3a6d94dfb4fe2c d38a9b6091ab409ea018c470e907de5c - - default default] Added segment 275705b4-fa7b-4693-9145-1fdbb68d79eb of type geneve for network 5a721cb2-08b2-4a0f-aaf7-28161906fdf6
2026-07-03 20:02:33.433 7 INFO neutron.db.ovn_revision_numbers_db [None req-976738ec-96e0-46ca-ae38-0567554d5ef8 9d2c8bd5ad9545fbbc3a6d94dfb4fe2c d38a9b6091ab409ea018c470e907de5c - - default default] Successfully bumped revision number for resource 5a721cb2-08b2-4a0f-aaf7-28161906fdf6 (type: networks) to 1
2026-07-03 20:02:33.613 7 WARNING neutron.scheduler.dhcp_agent_scheduler [None req-976738ec-96e0-46ca-ae38-0567554d5ef8 9d2c8bd5ad9545fbbc3a6d94dfb4fe2c d38a9b6091ab409ea018c470e907de5c - - default default] No more DHCP agents
2026-07-03 20:02:33.614 7 WARNING neutron.api.rpc.agentnotifiers.dhcp_rpc_agent_api [None req-976738ec-96e0-46ca-ae38-0567554d5ef8 9d2c8bd5ad9545fbbc3a6d94dfb4fe2c d38a9b6091ab409ea018c470e907de5c - - default default] Unable to schedule network 5a721cb2-08b2-4a0f-aaf7-28161906fdf6: no agents available; will retry on subsequent port and subnet creation events.
2026-07-03 20:02:33.618 8 WARNING neutron.plugins.ml2.drivers.ovn.mech_driver.ovsdb.ovn_client [None req-7eccd487-d50b-44de-81f7-87cba994687f - - - - - -] No hosting information found for port c925373f-31f4-489e-abae-5d71218b6a50: RuntimeError: No hosting information found for port c925373f-31f4-489e-abae-5d71218b6a50
2026-07-03 20:02:33.622 8 WARNING neutron.scheduler.dhcp_agent_scheduler [None req-9b4a56b3-84be-41e1-aa37-b316f194d339 - - - - - -] No more DHCP agents
2026-07-03 20:02:33.628 8 WARNING neutron.api.rpc.agentnotifiers.dhcp_rpc_agent_api [None req-9b4a56b3-84be-41e1-aa37-b316f194d339 - - - - - -] Unable to schedule network 76202780-fa94-4102-a4b8-7c9bf1d1b43e: no agents available; will retry on subsequent port and subnet creation events.
2026-07-03 20:02:33.721 7 INFO neutron.db.ovn_revision_numbers_db [None req-976738ec-96e0-46ca-ae38-0567554d5ef8 9d2c8bd5ad9545fbbc3a6d94dfb4fe2c d38a9b6091ab409ea018c470e907de5c - - default default] Successfully bumped revision number for resource c58359af-cd54-45c0-94a4-a935217a4a75 (type: ports) to 1 [pid: 7|app: 0|req: 1350/2522] 10.0.0.115 () {34 vars in 670 bytes} [Fri Jul 3 20:02:33 2026] POST /v2.0/networks => generated 638 bytes in 565 msecs (HTTP/1.1 201) 4 headers in 162 bytes (1 switches on core 0)
2026-07-03 20:02:33.749 8 INFO neutron.db.ovn_revision_numbers_db [None req-7eccd487-d50b-44de-81f7-87cba994687f - - - - - -] Successfully bumped revision number for resource c925373f-31f4-489e-abae-5d71218b6a50 (type: router_ports) to 2
2026-07-03 20:02:33.750 8 INFO neutron.plugins.ml2.drivers.ovn.mech_driver.mech_driver [None req-7eccd487-d50b-44de-81f7-87cba994687f - - - - - -] OVN reports status down for port: 66e7ed0b-8700-4ea9-a9a0-4bf114cfd9fe
2026-07-03 20:02:33.862 8 WARNING neutron.plugins.ml2.drivers.ovn.mech_driver.ovsdb.ovn_client [None req-7eccd487-d50b-44de-81f7-87cba994687f - - - - - -] Logical_Switch_Port 66e7ed0b-8700-4ea9-a9a0-4bf114cfd9fe host information not removed, the port state is up
2026-07-03 20:02:33.862 8 INFO neutron.plugins.ml2.drivers.ovn.mech_driver.mech_driver [None req-7eccd487-d50b-44de-81f7-87cba994687f - - - - - -] OVN reports status down for port: 9daa48bc-2a77-4e84-8a43-5f341d5b7d02
2026-07-03 20:02:33.886 8 INFO neutron.db.ovn_revision_numbers_db [None req-9b4a56b3-84be-41e1-aa37-b316f194d339 - - - - - -] Successfully bumped revision number for resource 769f1243-a712-4e58-bfa0-8db27054df14 (type: ports) to 1
2026-07-03 20:02:33.945 7 WARNING neutron.scheduler.dhcp_agent_scheduler [None req-ab4ef9ee-46be-4fa2-b558-11664baeefbd 9d2c8bd5ad9545fbbc3a6d94dfb4fe2c d38a9b6091ab409ea018c470e907de5c - - default default] No more DHCP agents
2026-07-03 20:02:33.946 7 WARNING neutron.api.rpc.agentnotifiers.dhcp_rpc_agent_api [None req-ab4ef9ee-46be-4fa2-b558-11664baeefbd 9d2c8bd5ad9545fbbc3a6d94dfb4fe2c d38a9b6091ab409ea018c470e907de5c - - default default] Unable to schedule network 5a721cb2-08b2-4a0f-aaf7-28161906fdf6: no agents available; will retry on subsequent port and subnet creation events.
2026-07-03 20:02:33.994 8 WARNING neutron.plugins.ml2.drivers.ovn.mech_driver.ovsdb.ovn_client [None req-7eccd487-d50b-44de-81f7-87cba994687f - - - - - -] Logical_Switch_Port 9daa48bc-2a77-4e84-8a43-5f341d5b7d02 host information not removed, the port state is up
2026-07-03 20:02:34.080 8 INFO neutron.plugins.ml2.drivers.ovn.mech_driver.mech_driver [None req-7eccd487-d50b-44de-81f7-87cba994687f - - - - - -] OVN reports status up for port: 9daa48bc-2a77-4e84-8a43-5f341d5b7d02
2026-07-03 20:02:34.110 8 INFO neutron.plugins.ml2.plugin [None req-7eccd487-d50b-44de-81f7-87cba994687f - - - - - -] Attempt 1 to provision port 9daa48bc-2a77-4e84-8a43-5f341d5b7d02
2026-07-03 20:02:34.423 7 INFO neutron.db.ovn_revision_numbers_db [None req-2ad384c5-a6b0-4ae8-a223-8e9523798495 - - - - - -] Successfully bumped revision number for resource c58359af-cd54-45c0-94a4-a935217a4a75 (type: ports) to 2
2026-07-03 20:02:34.457 7 INFO neutron.db.ovn_revision_numbers_db [None req-2ad384c5-a6b0-4ae8-a223-8e9523798495 - - - - - -] Successfully bumped revision number for resource 479fcee9-f8c7-4779-b5ef-266cc8766395 (type: subnets) to 0 [pid: 7|app: 0|req: 1351/2523] 10.0.0.115 () {34 vars in 669 bytes} [Fri Jul 3 20:02:33 2026] POST /v2.0/subnets => generated 656 bytes in 739 msecs (HTTP/1.1 201) 4 headers in 162 bytes (1 switches on core 0) [pid: 7|app: 0|req: 1352/2524] 199.204.45.205 () {34 vars in 1080 bytes} [Fri Jul 3 20:02:34 2026] GET /v2.0/ports?tenant_id=cce3f9ec62f64a6786c2d56c782e397a&device_id=9fbea89f-d6a2-4a11-b46a-ec9cb5beff81 => generated 1207 bytes in 48 msecs (HTTP/1.1 200) 4 headers in 158 bytes (1 switches on core 0) [pid: 7|app: 0|req: 1353/2525] 10.0.0.94 () {34 vars in 989 bytes} [Fri Jul 3 20:02:34 2026] GET /v2.0/ports?device_id=9fbea89f-d6a2-4a11-b46a-ec9cb5beff81 => generated 969 bytes in 50 msecs (HTTP/1.1 200) 4 headers in 157 bytes (1 switches on core 0)
2026-07-03 20:02:34.775 7 WARNING neutron.scheduler.dhcp_agent_scheduler [None req-94530444-bbd5-42ec-b885-5aba8e2eed95 9d2c8bd5ad9545fbbc3a6d94dfb4fe2c d38a9b6091ab409ea018c470e907de5c - - default default] No more DHCP agents
2026-07-03 20:02:34.776 7 WARNING neutron.api.rpc.agentnotifiers.dhcp_rpc_agent_api [None req-94530444-bbd5-42ec-b885-5aba8e2eed95 9d2c8bd5ad9545fbbc3a6d94dfb4fe2c d38a9b6091ab409ea018c470e907de5c - - default default] Unable to schedule network 5a721cb2-08b2-4a0f-aaf7-28161906fdf6: no agents available; will retry on subsequent port and subnet creation events.
2026-07-03 20:02:34.800 7 INFO neutron.db.ovn_revision_numbers_db [None req-94530444-bbd5-42ec-b885-5aba8e2eed95 9d2c8bd5ad9545fbbc3a6d94dfb4fe2c d38a9b6091ab409ea018c470e907de5c - - default default] Successfully bumped revision number for resource ba66c983-b3be-47f0-87b9-dc58528b50da (type: subnets) to 0 [pid: 7|app: 0|req: 1354/2526] 10.0.0.115 () {34 vars in 669 bytes} [Fri Jul 3 20:02:34 2026] POST /v2.0/subnets => generated 730 bytes in 225 msecs (HTTP/1.1 201) 4 headers in 162 bytes (1 switches on core 0) [pid: 7|app: 0|req: 1355/2527] 199.204.45.205 () {34 vars in 1058 bytes} [Fri Jul 3 20:02:34 2026] GET /v2.0/floatingips?fixed_ip_address=10.100.0.5&port_id=59d67193-9a5a-43d1-ba94-96724331f030 => generated 19 bytes in 35 msecs (HTTP/1.1 200) 4 headers in 156 bytes (1 switches on core 0)
2026-07-03 20:02:34.859 8 WARNING neutron.scheduler.dhcp_agent_scheduler [None req-9b4a56b3-84be-41e1-aa37-b316f194d339 - - - - - -] No more DHCP agents
2026-07-03 20:02:34.861 8 WARNING neutron.api.rpc.agentnotifiers.dhcp_rpc_agent_api [None req-9b4a56b3-84be-41e1-aa37-b316f194d339 - - - - - -] Unable to schedule network 76202780-fa94-4102-a4b8-7c9bf1d1b43e: no agents available; will retry on subsequent port and subnet creation events. [pid: 7|app: 0|req: 1356/2528] 10.0.0.94 () {34 vars in 1039 bytes} [Fri Jul 3 20:02:34 2026] GET /v2.0/security-groups?id=90d29ae6-8822-43f1-b4de-539a40650503&fields=id&fields=name => generated 113 bytes in 29 msecs (HTTP/1.1 200) 4 headers in 157 bytes (1 switches on core 0)
2026-07-03 20:02:35.248 7 WARNING neutron.scheduler.dhcp_agent_scheduler [None req-f570882f-a3b5-47c3-a190-77b1b4218ce5 9d2c8bd5ad9545fbbc3a6d94dfb4fe2c d38a9b6091ab409ea018c470e907de5c - - default default] No more DHCP agents
2026-07-03 20:02:35.249 7 WARNING neutron.api.rpc.agentnotifiers.dhcp_rpc_agent_api [None req-f570882f-a3b5-47c3-a190-77b1b4218ce5 9d2c8bd5ad9545fbbc3a6d94dfb4fe2c d38a9b6091ab409ea018c470e907de5c - - default default] Unable to schedule network d3d44ed6-7160-49bd-9bbb-88f39b18d3c0: no agents available; will retry on subsequent port and subnet creation events.
2026-07-03 20:02:35.432 8 INFO neutron.db.ovn_revision_numbers_db [None req-9b4a56b3-84be-41e1-aa37-b316f194d339 - - - - - -] Successfully bumped revision number for resource 769f1243-a712-4e58-bfa0-8db27054df14 (type: router_ports) to 1
2026-07-03 20:02:35.443 7 INFO neutron.db.ovn_revision_numbers_db [None req-f570882f-a3b5-47c3-a190-77b1b4218ce5 9d2c8bd5ad9545fbbc3a6d94dfb4fe2c d38a9b6091ab409ea018c470e907de5c - - default default] Successfully bumped revision number for resource 050589c5-5b59-4ec8-af62-c6c0093dbe12 (type: ports) to 1
2026-07-03 20:02:35.655 8 WARNING neutron.scheduler.dhcp_agent_scheduler [None req-9b4a56b3-84be-41e1-aa37-b316f194d339 - - - - - -] No more DHCP agents
2026-07-03 20:02:35.656 8 WARNING neutron.api.rpc.agentnotifiers.dhcp_rpc_agent_api [None req-9b4a56b3-84be-41e1-aa37-b316f194d339 - - - - - -] Unable to schedule network 76202780-fa94-4102-a4b8-7c9bf1d1b43e: no agents available; will retry on subsequent port and subnet creation events.
2026-07-03 20:02:35.793 8 INFO neutron.db.ovn_revision_numbers_db [None req-9b4a56b3-84be-41e1-aa37-b316f194d339 - - - - - -] Successfully bumped revision number for resource 7626f102-12da-4b71-a41b-15af27372324 (type: ports) to 1
