2026-07-03 19:59:05.733 8 INFO neutron_taas.services.taas.tap_mirror_plugin [None req-038587ca-ad8e-43de-afbe-9d34372e4d1b d13cb143001340108424c37d0d205cb1 c9a78e41c16e485da2d10fa3e7805cd1 - - default default] Tap Mirror: Handle Delete Port: e6904261-5cdd-4ab0-ad79-a2180d09cd06 [pid: 7|app: 0|req: 539/999] 10.0.0.94 () {34 vars in 989 bytes} [Fri Jul 3 19:59:05 2026] GET /v2.0/ports?device_id=2b6c7238-8faa-4e32-bf04-10acb731429c => generated 12 bytes in 24 msecs (HTTP/1.1 200) 4 headers in 156 bytes (1 switches on core 0) [pid: 7|app: 0|req: 540/1000] 10.0.0.94 () {34 vars in 989 bytes} [Fri Jul 3 19:59:05 2026] GET /v2.0/ports?device_id=6a4933fb-9112-46e9-99cc-0c4c8bbc619b => generated 969 bytes in 33 msecs (HTTP/1.1 200) 4 headers in 157 bytes (1 switches on core 0) [pid: 7|app: 0|req: 541/1001] 10.0.0.94 () {34 vars in 1039 bytes} [Fri Jul 3 19:59:05 2026] GET /v2.0/security-groups?id=62a975a6-594f-4ba6-81ce-2c2e476a7adc&fields=id&fields=name => generated 88 bytes in 32 msecs (HTTP/1.1 200) 4 headers in 156 bytes (1 switches on core 0) [pid: 7|app: 0|req: 542/1002] 10.0.0.94 () {34 vars in 989 bytes} [Fri Jul 3 19:59:05 2026] GET /v2.0/ports?device_id=0c2b6db0-8102-43c9-8cac-aa0b9e3208b6 => generated 973 bytes in 61 msecs (HTTP/1.1 200) 4 headers in 157 bytes (1 switches on core 0) [pid: 7|app: 0|req: 543/1003] 10.0.0.94 () {34 vars in 1039 bytes} [Fri Jul 3 19:59:05 2026] GET /v2.0/security-groups?id=85c79965-84c5-4b48-83e6-ee831f818a67&fields=id&fields=name => generated 114 bytes in 26 msecs (HTTP/1.1 200) 4 headers in 157 bytes (1 switches on core 0)
2026-07-03 19:59:06.012 8 INFO neutron.services.segments.plugin [-] Segment 714ba305-4fba-4ea9-8af8-e5a0a598901a resource provider aggregate not found
2026-07-03 19:59:06.017 8 INFO neutron.services.segments.plugin [-] Segment 714ba305-4fba-4ea9-8af8-e5a0a598901a resource provider aggregate not found
2026-07-03 19:59:06.039 8 INFO neutron.services.segments.plugin [-] Segment 714ba305-4fba-4ea9-8af8-e5a0a598901a resource provider not found; error: Placement Client Error (4xx): {"errors": [{"status": 404, "title": "Not Found", "detail": "The resource could not be found.\n\n No resource provider with uuid 714ba305-4fba-4ea9-8af8-e5a0a598901a found for delete ", "request_id": "req-0658711f-b577-4046-a26e-93459ef480b9"}]}
2026-07-03 19:59:06.043 8 INFO neutron.services.segments.plugin [-] Segment 714ba305-4fba-4ea9-8af8-e5a0a598901a resource provider not found; error: Placement Client Error (4xx): {"errors": [{"status": 404, "title": "Not Found", "detail": "The resource could not be found.\n\n No resource provider with uuid 714ba305-4fba-4ea9-8af8-e5a0a598901a found for delete ", "request_id": "req-d82467fb-7c40-4f6f-8750-5224d736aea4"}]}
2026-07-03 19:59:06.088 8 INFO neutron.db.ovn_revision_numbers_db [None req-6a5e3432-7174-4d53-95e9-c7d2e1fbce90 - - - - - -] Successfully bumped revision number for resource 9da33aa9-9928-451a-b504-e98c78c4b39b (type: ports) to 6 [pid: 8|app: 0|req: 461/1004] 10.0.0.115 () {32 vars in 726 bytes} [Fri Jul 3 19:59:05 2026] DELETE /v2.0/networks/6b9538a2-945f-4469-bd84-db24cc4d1d79 => generated 0 bytes in 584 msecs (HTTP/1.1 204) 3 headers in 131 bytes (1 switches on core 0)
2026-07-03 19:59:06.151 8 INFO neutron.plugins.ml2.drivers.ovn.mech_driver.mech_driver [None req-b46a2b2f-86d0-423d-97d6-9b619bde91f9 - - - - - -] OVN reports status down for port: cd466240-2dc8-474c-a3c4-760eb9a10795
2026-07-03 19:59:06.224 7 INFO neutron_taas.services.taas.taas_plugin [None req-42a3d0b8-06d5-4ba8-a1a2-a7043a8a35f1 d13cb143001340108424c37d0d205cb1 c9a78e41c16e485da2d10fa3e7805cd1 - - default default] TaaS: Handle Delete Port: cd466240-2dc8-474c-a3c4-760eb9a10795
2026-07-03 19:59:06.227 7 INFO neutron_taas.services.taas.tap_mirror_plugin [None req-42a3d0b8-06d5-4ba8-a1a2-a7043a8a35f1 d13cb143001340108424c37d0d205cb1 c9a78e41c16e485da2d10fa3e7805cd1 - - default default] Tap Mirror: Handle Delete Port: cd466240-2dc8-474c-a3c4-760eb9a10795 /var/lib/openstack/lib/python3.12/site-packages/pycadf/identifier.py:70: UserWarning: Invalid uuid: neutron. To ensure interoperability, identifiers should be a valid uuid. warnings.warn(('Invalid uuid: %s. To ensure interoperability, ' [pid: 8|app: 0|req: 462/1005] 199.204.45.205 () {34 vars in 994 bytes} [Fri Jul 3 19:59:06 2026] GET /v2.0/ports?device_id=6a4933fb-9112-46e9-99cc-0c4c8bbc619b => generated 969 bytes in 43 msecs (HTTP/1.1 200) 4 headers in 157 bytes (1 switches on core 0)
2026-07-03 19:59:06.415 7 INFO neutron.services.segments.plugin [-] Segment 02b7ab04-d9c4-4d58-9e4b-9d5de2cf3556 resource provider aggregate not found
2026-07-03 19:59:06.417 7 INFO neutron.services.segments.plugin [-] Segment 02b7ab04-d9c4-4d58-9e4b-9d5de2cf3556 resource provider aggregate not found
2026-07-03 19:59:06.441 7 INFO neutron.services.segments.plugin [-] Segment 02b7ab04-d9c4-4d58-9e4b-9d5de2cf3556 resource provider not found; error: Placement Client Error (4xx): {"errors": [{"status": 404, "title": "Not Found", "detail": "The resource could not be found.\n\n No resource provider with uuid 02b7ab04-d9c4-4d58-9e4b-9d5de2cf3556 found for delete ", "request_id": "req-f97fd6d9-43ca-411b-9c87-70a85577c8ef"}]}
2026-07-03 19:59:06.447 7 INFO neutron.services.segments.plugin [-] Segment 02b7ab04-d9c4-4d58-9e4b-9d5de2cf3556 resource provider not found; error: Placement Client Error (4xx): {"errors": [{"status": 404, "title": "Not Found", "detail": "The resource could not be found.\n\n No resource provider with uuid 02b7ab04-d9c4-4d58-9e4b-9d5de2cf3556 found for delete ", "request_id": "req-3b2ace36-9049-4de4-9839-60773dd3ec9a"}]} [pid: 7|app: 0|req: 544/1006] 10.0.0.115 () {32 vars in 726 bytes} [Fri Jul 3 19:59:06 2026] DELETE /v2.0/networks/f486a62d-6929-4be0-bcea-0d0447e859ff => generated 0 bytes in 374 msecs (HTTP/1.1 204) 3 headers in 131 bytes (1 switches on core 0) [pid: 7|app: 0|req: 545/1007] 10.0.0.115 () {32 vars in 649 bytes} [Fri Jul 3 19:59:06 2026] GET /v2.0/networks => generated 651 bytes in 30 msecs (HTTP/1.1 200) 4 headers in 157 bytes (1 switches on core 0)
2026-07-03 19:59:06.523 8 INFO neutron_taas.services.taas.taas_plugin [req-c1af8029-8e1e-4143-9616-4b92b5c2c07d req-db09fcde-04b8-4517-8a86-6feadac9b6d6 1f1f695160f7441c84ec79dacca968b9 1ee92e76c52a451cac8c526cd8eec56d - - default default] TaaS: Handle Delete Port: 73171b4a-799c-4579-a026-9f22a924dbb9
2026-07-03 19:59:06.527 8 INFO neutron_taas.services.taas.tap_mirror_plugin [req-c1af8029-8e1e-4143-9616-4b92b5c2c07d req-db09fcde-04b8-4517-8a86-6feadac9b6d6 1f1f695160f7441c84ec79dacca968b9 1ee92e76c52a451cac8c526cd8eec56d - - default default] Tap Mirror: Handle Delete Port: 73171b4a-799c-4579-a026-9f22a924dbb9
2026-07-03 19:59:06.594 7 INFO neutron.db.segments_db [None req-d4d9d231-a584-4422-b344-94f6ad464c13 d13cb143001340108424c37d0d205cb1 c9a78e41c16e485da2d10fa3e7805cd1 - - default default] Added segment ba98a070-5aae-493f-a958-dd511aafdf5c of type geneve for network 17fdb8d6-d7c6-4b47-8bd2-e2d659dd86f4 [pid: 8|app: 0|req: 463/1008] 199.204.45.205 () {36 vars in 997 bytes} [Fri Jul 3 19:59:06 2026] DELETE /v2.0/ports/73171b4a-799c-4579-a026-9f22a924dbb9 => generated 0 bytes in 272 msecs (HTTP/1.1 204) 3 headers in 131 bytes (1 switches on core 0)
2026-07-03 19:59:06.701 7 INFO neutron.db.ovn_revision_numbers_db [None req-d4d9d231-a584-4422-b344-94f6ad464c13 d13cb143001340108424c37d0d205cb1 c9a78e41c16e485da2d10fa3e7805cd1 - - default default] Successfully bumped revision number for resource 17fdb8d6-d7c6-4b47-8bd2-e2d659dd86f4 (type: networks) to 1 [pid: 8|app: 0|req: 464/1009] 10.0.0.94 () {34 vars in 989 bytes} [Fri Jul 3 19:59:06 2026] GET /v2.0/ports?device_id=2b6c7238-8faa-4e32-bf04-10acb731429c => generated 12 bytes in 24 msecs (HTTP/1.1 200) 4 headers in 156 bytes (1 switches on core 0)
2026-07-03 19:59:06.889 7 WARNING neutron.scheduler.dhcp_agent_scheduler [None req-d4d9d231-a584-4422-b344-94f6ad464c13 d13cb143001340108424c37d0d205cb1 c9a78e41c16e485da2d10fa3e7805cd1 - - default default] No more DHCP agents
2026-07-03 19:59:06.891 7 WARNING neutron.api.rpc.agentnotifiers.dhcp_rpc_agent_api [None req-d4d9d231-a584-4422-b344-94f6ad464c13 d13cb143001340108424c37d0d205cb1 c9a78e41c16e485da2d10fa3e7805cd1 - - default default] Unable to schedule network 17fdb8d6-d7c6-4b47-8bd2-e2d659dd86f4: no agents available; will retry on subsequent port and subnet creation events. [pid: 8|app: 0|req: 465/1010] 10.0.0.94 () {34 vars in 989 bytes} [Fri Jul 3 19:59:06 2026] GET /v2.0/ports?device_id=6a4933fb-9112-46e9-99cc-0c4c8bbc619b => generated 12 bytes in 29 msecs (HTTP/1.1 200) 4 headers in 156 bytes (1 switches on core 0)
2026-07-03 19:59:06.961 8 INFO neutron.plugins.ml2.drivers.ovn.mech_driver.mech_driver [None req-b46a2b2f-86d0-423d-97d6-9b619bde91f9 - - - - - -] OVN reports status down for port: ff85a3d7-7541-403f-9285-1969a483b3c5
2026-07-03 19:59:06.981 7 INFO neutron.db.ovn_revision_numbers_db [None req-d4d9d231-a584-4422-b344-94f6ad464c13 d13cb143001340108424c37d0d205cb1 c9a78e41c16e485da2d10fa3e7805cd1 - - default default] Successfully bumped revision number for resource ff85a3d7-7541-403f-9285-1969a483b3c5 (type: ports) to 1 [pid: 7|app: 0|req: 546/1011] 10.0.0.115 () {34 vars in 670 bytes} [Fri Jul 3 19:59:06 2026] POST /v2.0/networks => generated 649 bytes in 488 msecs (HTTP/1.1 201) 4 headers in 162 bytes (1 switches on core 0) [pid: 7|app: 0|req: 547/1012] 10.0.0.94 () {34 vars in 989 bytes} [Fri Jul 3 19:59:07 2026] GET /v2.0/ports?device_id=0c2b6db0-8102-43c9-8cac-aa0b9e3208b6 => generated 973 bytes in 36 msecs (HTTP/1.1 200) 4 headers in 157 bytes (1 switches on core 0)
2026-07-03 19:59:07.088 8 INFO neutron.db.segments_db [None req-b8b241ef-e31c-49fc-ba24-33918218d081 d13cb143001340108424c37d0d205cb1 c9a78e41c16e485da2d10fa3e7805cd1 - - default default] Added segment 661288fa-f41f-4092-9206-49cf41ea5eac of type geneve for network 9a61a7b9-a4cc-4388-85b3-5eb919b21ff3 [pid: 7|app: 0|req: 548/1013] 10.0.0.94 () {34 vars in 1039 bytes} [Fri Jul 3 19:59:07 2026] GET /v2.0/security-groups?id=85c79965-84c5-4b48-83e6-ee831f818a67&fields=id&fields=name => generated 114 bytes in 30 msecs (HTTP/1.1 200) 4 headers in 157 bytes (1 switches on core 0)
2026-07-03 19:59:07.194 8 INFO neutron.db.ovn_revision_numbers_db [None req-b8b241ef-e31c-49fc-ba24-33918218d081 d13cb143001340108424c37d0d205cb1 c9a78e41c16e485da2d10fa3e7805cd1 - - default default] Successfully bumped revision number for resource 9a61a7b9-a4cc-4388-85b3-5eb919b21ff3 (type: networks) to 1
2026-07-03 19:59:07.364 8 WARNING neutron.scheduler.dhcp_agent_scheduler [None req-b8b241ef-e31c-49fc-ba24-33918218d081 d13cb143001340108424c37d0d205cb1 c9a78e41c16e485da2d10fa3e7805cd1 - - default default] No more DHCP agents
2026-07-03 19:59:07.365 8 WARNING neutron.api.rpc.agentnotifiers.dhcp_rpc_agent_api [None req-b8b241ef-e31c-49fc-ba24-33918218d081 d13cb143001340108424c37d0d205cb1 c9a78e41c16e485da2d10fa3e7805cd1 - - default default] Unable to schedule network 9a61a7b9-a4cc-4388-85b3-5eb919b21ff3: no agents available; will retry on subsequent port and subnet creation events.
2026-07-03 19:59:07.437 7 INFO neutron.plugins.ml2.drivers.ovn.mech_driver.mech_driver [None req-6abe4047-faa0-46a8-b2f7-3b848fc86482 - - - - - -] OVN reports status down for port: d84d78dc-b050-4997-98e6-c02b47302597
2026-07-03 19:59:07.456 8 INFO neutron.notifiers.nova [-] Nova event matching ['req-17b5f7d5-b2b9-4948-9c6b-ad26a97c80b3'] response: {'server_uuid': '6a4933fb-9112-46e9-99cc-0c4c8bbc619b', 'name': 'network-vif-unplugged', 'status': 'completed', 'tag': '73171b4a-799c-4579-a026-9f22a924dbb9', 'code': 200}
2026-07-03 19:59:07.457 8 INFO neutron.notifiers.nova [-] Nova event matching ['req-17b5f7d5-b2b9-4948-9c6b-ad26a97c80b3'] response: {'server_uuid': '0c2b6db0-8102-43c9-8cac-aa0b9e3208b6', 'name': 'network-vif-unplugged', 'status': 'completed', 'tag': '9da33aa9-9928-451a-b504-e98c78c4b39b', 'code': 200}
2026-07-03 19:59:07.457 8 INFO neutron.notifiers.nova [-] Nova event matching ['req-17b5f7d5-b2b9-4948-9c6b-ad26a97c80b3'] response: {'server_uuid': '0c2b6db0-8102-43c9-8cac-aa0b9e3208b6', 'name': 'network-vif-unplugged', 'status': 'completed', 'tag': '9da33aa9-9928-451a-b504-e98c78c4b39b', 'code': 200}
2026-07-03 19:59:07.457 8 INFO neutron.notifiers.nova [-] Nova event matching ['req-17b5f7d5-b2b9-4948-9c6b-ad26a97c80b3'] response: {'server_uuid': '6a4933fb-9112-46e9-99cc-0c4c8bbc619b', 'name': 'network-vif-deleted', 'tag': '73171b4a-799c-4579-a026-9f22a924dbb9', 'status': 'completed', 'code': 200}
2026-07-03 19:59:07.464 8 INFO neutron.db.ovn_revision_numbers_db [None req-b8b241ef-e31c-49fc-ba24-33918218d081 d13cb143001340108424c37d0d205cb1 c9a78e41c16e485da2d10fa3e7805cd1 - - default default] Successfully bumped revision number for resource d84d78dc-b050-4997-98e6-c02b47302597 (type: ports) to 1 [pid: 8|app: 0|req: 466/1014] 10.0.0.115 () {34 vars in 670 bytes} [Fri Jul 3 19:59:07 2026] POST /v2.0/networks => generated 650 bytes in 473 msecs (HTTP/1.1 201) 4 headers in 162 bytes (1 switches on core 0)
2026-07-03 19:59:07.872 7 WARNING neutron.scheduler.dhcp_agent_scheduler [None req-6a6a4c8f-aef0-4259-aa12-a17cf4b01193 d13cb143001340108424c37d0d205cb1 c9a78e41c16e485da2d10fa3e7805cd1 - - default default] No more DHCP agents
2026-07-03 19:59:07.873 7 WARNING neutron.api.rpc.agentnotifiers.dhcp_rpc_agent_api [None req-6a6a4c8f-aef0-4259-aa12-a17cf4b01193 d13cb143001340108424c37d0d205cb1 c9a78e41c16e485da2d10fa3e7805cd1 - - default default] Unable to schedule network 17fdb8d6-d7c6-4b47-8bd2-e2d659dd86f4: no agents available; will retry on subsequent port and subnet creation events.
2026-07-03 19:59:07.936 8 INFO neutron.plugins.ml2.drivers.ovn.mech_driver.mech_driver [None req-b46a2b2f-86d0-423d-97d6-9b619bde91f9 - - - - - -] OVN reports status down for port: 794e077c-7017-49e9-bd33-3cb19c12afec
2026-07-03 19:59:07.954 7 INFO neutron.db.ovn_revision_numbers_db [None req-6a6a4c8f-aef0-4259-aa12-a17cf4b01193 d13cb143001340108424c37d0d205cb1 c9a78e41c16e485da2d10fa3e7805cd1 - - default default] Successfully bumped revision number for resource 794e077c-7017-49e9-bd33-3cb19c12afec (type: ports) to 1
2026-07-03 19:59:08.004 7 WARNING neutron.scheduler.dhcp_agent_scheduler [None req-6a6a4c8f-aef0-4259-aa12-a17cf4b01193 d13cb143001340108424c37d0d205cb1 c9a78e41c16e485da2d10fa3e7805cd1 - - default default] No more DHCP agents
2026-07-03 19:59:08.006 7 WARNING neutron.api.rpc.agentnotifiers.dhcp_rpc_agent_api [None req-6a6a4c8f-aef0-4259-aa12-a17cf4b01193 d13cb143001340108424c37d0d205cb1 c9a78e41c16e485da2d10fa3e7805cd1 - - default default] Unable to schedule network 9a61a7b9-a4cc-4388-85b3-5eb919b21ff3: no agents available; will retry on subsequent port and subnet creation events.
2026-07-03 19:59:08.076 7 INFO neutron.plugins.ml2.drivers.ovn.mech_driver.mech_driver [None req-6abe4047-faa0-46a8-b2f7-3b848fc86482 - - - - - -] OVN reports status down for port: b8ab9c25-f8cd-4157-8bc4-9b75c5fe6979
2026-07-03 19:59:08.141 7 INFO neutron.db.ovn_revision_numbers_db [None req-6a6a4c8f-aef0-4259-aa12-a17cf4b01193 d13cb143001340108424c37d0d205cb1 c9a78e41c16e485da2d10fa3e7805cd1 - - default default] Successfully bumped revision number for resource b8ab9c25-f8cd-4157-8bc4-9b75c5fe6979 (type: ports) to 1 [pid: 8|app: 0|req: 467/1015] 10.0.0.115 () {32 vars in 740 bytes} [Fri Jul 3 19:59:07 2026] DELETE /v2.0/security-groups/009c24f5-6c9c-4aa1-a68d-d6a07e9c3f62 => generated 0 bytes in 245 msecs (HTTP/1.1 204) 2 headers in 112 bytes (1 switches on core 0) [pid: 8|app: 0|req: 468/1016] 10.0.0.94 () {34 vars in 989 bytes} [Fri Jul 3 19:59:08 2026] GET /v2.0/ports?device_id=6a4933fb-9112-46e9-99cc-0c4c8bbc619b => generated 12 bytes in 25 msecs (HTTP/1.1 200) 4 headers in 156 bytes (1 switches on core 0) [pid: 7|app: 0|req: 549/1017] 10.0.0.115 () {34 vars in 665 bytes} [Fri Jul 3 19:59:07 2026] POST /v2.0/ports => generated 1506 bytes in 786 msecs (HTTP/1.1 201) 4 headers in 163 bytes (1 switches on core 0) /var/lib/openstack/lib/python3.12/site-packages/pycadf/identifier.py:70: UserWarning: Invalid uuid: neutron. To ensure interoperability, identifiers should be a valid uuid. warnings.warn(('Invalid uuid: %s. To ensure interoperability, '
2026-07-03 19:59:08.313 7 INFO neutron.api.v2.resource [None req-c0bedea7-4737-45b0-a10f-d066f390df2c fddbb17462a34b4b99307a00ba7afef2 0f103782e6254927affaabb2c4d27c04 - - default default] show failed (client error): The resource could not be found. [pid: 7|app: 0|req: 550/1018] 10.0.0.115 () {32 vars in 737 bytes} [Fri Jul 3 19:59:08 2026] GET /v2.0/security-groups/009c24f5-6c9c-4aa1-a68d-d6a07e9c3f62 => generated 146 bytes in 26 msecs (HTTP/1.1 404) 4 headers in 164 bytes (1 switches on core 0)
2026-07-03 19:59:08.315 8 INFO neutron.plugins.ml2.drivers.ovn.mech_driver.mech_driver [None req-b46a2b2f-86d0-423d-97d6-9b619bde91f9 - - - - - -] OVN reports status up for port: 9da33aa9-9928-451a-b504-e98c78c4b39b
2026-07-03 19:59:08.341 8 INFO neutron.plugins.ml2.plugin [None req-b46a2b2f-86d0-423d-97d6-9b619bde91f9 - - - - - -] Attempt 1 to provision port 9da33aa9-9928-451a-b504-e98c78c4b39b [pid: 8|app: 0|req: 469/1019] 10.0.0.94 () {34 vars in 989 bytes} [Fri Jul 3 19:59:08 2026] GET /v2.0/ports?device_id=0c2b6db0-8102-43c9-8cac-aa0b9e3208b6 => generated 973 bytes in 157 msecs (HTTP/1.1 200) 4 headers in 157 bytes (1 switches on core 0) [pid: 7|app: 0|req: 551/1020] 10.0.0.115 () {32 vars in 643 bytes} [Fri Jul 3 19:59:08 2026] GET /v2.0/ports => generated 3018 bytes in 92 msecs (HTTP/1.1 200) 4 headers in 158 bytes (1 switches on core 0) [pid: 7|app: 0|req: 552/1021] 10.0.0.94 () {34 vars in 1039 bytes} [Fri Jul 3 19:59:08 2026] GET /v2.0/security-groups?id=85c79965-84c5-4b48-83e6-ee831f818a67&fields=id&fields=name => generated 114 bytes in 40 msecs (HTTP/1.1 200) 4 headers in 157 bytes (1 switches on core 0)
2026-07-03 19:59:08.586 7 INFO neutron_taas.services.taas.taas_plugin [None req-ec2c115a-026f-428b-89ef-027a3d4d54f4 d13cb143001340108424c37d0d205cb1 c9a78e41c16e485da2d10fa3e7805cd1 - - default default] TaaS: Handle Delete Port: 794e077c-7017-49e9-bd33-3cb19c12afec
2026-07-03 19:59:08.589 7 INFO neutron_taas.services.taas.tap_mirror_plugin [None req-ec2c115a-026f-428b-89ef-027a3d4d54f4 d13cb143001340108424c37d0d205cb1 c9a78e41c16e485da2d10fa3e7805cd1 - - default default] Tap Mirror: Handle Delete Port: 794e077c-7017-49e9-bd33-3cb19c12afec
2026-07-03 19:59:08.600 8 INFO neutron_taas.services.taas.taas_plugin [None req-a491e24c-434c-41a8-948f-6a60c3e497f6 fddbb17462a34b4b99307a00ba7afef2 0f103782e6254927affaabb2c4d27c04 - - default default] TaaS: Handle Delete Port: d4fd6233-267d-498a-99de-28af3e15619e
2026-07-03 19:59:08.604 8 INFO neutron_taas.services.taas.tap_mirror_plugin [None req-a491e24c-434c-41a8-948f-6a60c3e497f6 fddbb17462a34b4b99307a00ba7afef2 0f103782e6254927affaabb2c4d27c04 - - default default] Tap Mirror: Handle Delete Port: d4fd6233-267d-498a-99de-28af3e15619e [pid: 7|app: 0|req: 553/1022] 10.0.0.115 () {32 vars in 720 bytes} [Fri Jul 3 19:59:08 2026] DELETE /v2.0/ports/794e077c-7017-49e9-bd33-3cb19c12afec => generated 0 bytes in 241 msecs (HTTP/1.1 204) 3 headers in 131 bytes (1 switches on core 0)
2026-07-03 19:59:08.778 8 INFO neutron.db.ovn_revision_numbers_db [None req-b46a2b2f-86d0-423d-97d6-9b619bde91f9 - - - - - -] Successfully bumped revision number for resource 9da33aa9-9928-451a-b504-e98c78c4b39b (type: ports) to 7
2026-07-03 19:59:08.829 7 INFO neutron_taas.services.taas.taas_plugin [None req-59290fff-52ea-4c2b-bbe2-59c23ec12d31 d13cb143001340108424c37d0d205cb1 c9a78e41c16e485da2d10fa3e7805cd1 - - default default] TaaS: Handle Delete Port: b8ab9c25-f8cd-4157-8bc4-9b75c5fe6979
2026-07-03 19:59:08.832 7 INFO neutron_taas.services.taas.tap_mirror_plugin [None req-59290fff-52ea-4c2b-bbe2-59c23ec12d31 d13cb143001340108424c37d0d205cb1 c9a78e41c16e485da2d10fa3e7805cd1 - - default default] Tap Mirror: Handle Delete Port: b8ab9c25-f8cd-4157-8bc4-9b75c5fe6979 [pid: 8|app: 0|req: 470/1023] 10.0.0.115 () {32 vars in 732 bytes} [Fri Jul 3 19:59:08 2026] DELETE /v2.0/floatingips/95684e8f-0125-4d04-a990-f9867318afe3 => generated 0 bytes in 555 msecs (HTTP/1.1 204) 2 headers in 112 bytes (1 switches on core 0) [pid: 7|app: 0|req: 554/1024] 10.0.0.115 () {32 vars in 720 bytes} [Fri Jul 3 19:59:08 2026] DELETE /v2.0/ports/b8ab9c25-f8cd-4157-8bc4-9b75c5fe6979 => generated 0 bytes in 253 msecs (HTTP/1.1 204) 3 headers in 131 bytes (1 switches on core 0) /var/lib/openstack/lib/python3.12/site-packages/pycadf/identifier.py:70: UserWarning: Invalid uuid: neutron. To ensure interoperability, identifiers should be a valid uuid. warnings.warn(('Invalid uuid: %s. To ensure interoperability, ' [pid: 8|app: 0|req: 471/1025] 10.0.0.115 () {32 vars in 643 bytes} [Fri Jul 3 19:59:08 2026] GET /v2.0/ports => generated 1523 bytes in 125 msecs (HTTP/1.1 200) 4 headers in 158 bytes (1 switches on core 0)
2026-07-03 19:59:09.162 8 INFO neutron.db.segments_db [None req-aa234775-d42c-4dc1-aee4-c6914fd7c98c d13cb143001340108424c37d0d205cb1 c9a78e41c16e485da2d10fa3e7805cd1 - - default default] Added segment 4e5771e2-c369-4ace-aaa6-cd488fde8cd0 of type geneve for network 7929fec4-4cca-4de9-94e8-e14b46c0d4f6
2026-07-03 19:59:09.252 7 INFO neutron_taas.services.taas.taas_plugin [None req-c085074a-abfc-4094-b083-182f2ecfa6d6 3e3950f97cab4c00a975090e35ddce89 755e5adebcde42dcbf5809a4fd45e93e - - default default] TaaS: Handle Delete Port: e747b774-0bae-463d-a8fe-c4042bb58186
2026-07-03 19:59:09.255 7 INFO neutron_taas.services.taas.tap_mirror_plugin [None req-c085074a-abfc-4094-b083-182f2ecfa6d6 3e3950f97cab4c00a975090e35ddce89 755e5adebcde42dcbf5809a4fd45e93e - - default default] Tap Mirror: Handle Delete Port: e747b774-0bae-463d-a8fe-c4042bb58186
2026-07-03 19:59:09.268 8 INFO neutron.db.ovn_revision_numbers_db [None req-aa234775-d42c-4dc1-aee4-c6914fd7c98c d13cb143001340108424c37d0d205cb1 c9a78e41c16e485da2d10fa3e7805cd1 - - default default] Successfully bumped revision number for resource 7929fec4-4cca-4de9-94e8-e14b46c0d4f6 (type: networks) to 1
2026-07-03 19:59:09.526 8 WARNING neutron.scheduler.dhcp_agent_scheduler [None req-aa234775-d42c-4dc1-aee4-c6914fd7c98c d13cb143001340108424c37d0d205cb1 c9a78e41c16e485da2d10fa3e7805cd1 - - default default] No more DHCP agents
2026-07-03 19:59:09.528 8 WARNING neutron.api.rpc.agentnotifiers.dhcp_rpc_agent_api [None req-aa234775-d42c-4dc1-aee4-c6914fd7c98c d13cb143001340108424c37d0d205cb1 c9a78e41c16e485da2d10fa3e7805cd1 - - default default] Unable to schedule network 7929fec4-4cca-4de9-94e8-e14b46c0d4f6: no agents available; will retry on subsequent port and subnet creation events.
2026-07-03 19:59:09.607 8 INFO neutron.plugins.ml2.drivers.ovn.mech_driver.mech_driver [None req-54c8984a-67be-4af9-88d3-3ab77c2369fc - - - - - -] OVN reports status down for port: bc51a286-4552-4d7b-9bf7-1fb3f2dd08ee
2026-07-03 19:59:09.675 8 INFO neutron.db.ovn_revision_numbers_db [None req-aa234775-d42c-4dc1-aee4-c6914fd7c98c d13cb143001340108424c37d0d205cb1 c9a78e41c16e485da2d10fa3e7805cd1 - - default default] Successfully bumped revision number for resource bc51a286-4552-4d7b-9bf7-1fb3f2dd08ee (type: ports) to 1 [pid: 8|app: 0|req: 472/1026] 10.0.0.115 () {34 vars in 670 bytes} [Fri Jul 3 19:59:09 2026] POST /v2.0/networks => generated 650 bytes in 634 msecs (HTTP/1.1 201) 4 headers in 162 bytes (1 switches on core 0) [pid: 8|app: 0|req: 473/1027] 10.0.0.94 () {34 vars in 989 bytes} [Fri Jul 3 19:59:09 2026] GET /v2.0/ports?device_id=6a4933fb-9112-46e9-99cc-0c4c8bbc619b => generated 12 bytes in 17 msecs (HTTP/1.1 200) 4 headers in 156 bytes (1 switches on core 0) [pid: 8|app: 0|req: 474/1028] 10.0.0.94 () {34 vars in 989 bytes} [Fri Jul 3 19:59:09 2026] GET /v2.0/ports?device_id=0c2b6db0-8102-43c9-8cac-aa0b9e3208b6 => generated 975 bytes in 34 msecs (HTTP/1.1 200) 4 headers in 157 bytes (1 switches on core 0)
2026-07-03 19:59:09.778 8 INFO neutron.notifiers.nova [-] Nova event matching ['req-3697f5fa-e32a-4322-9233-56f0ccec70c4'] response: {'server_uuid': '0c2b6db0-8102-43c9-8cac-aa0b9e3208b6', 'name': 'network-vif-plugged', 'status': 'completed', 'tag': '9da33aa9-9928-451a-b504-e98c78c4b39b', 'code': 200}
2026-07-03 19:59:09.778 8 INFO neutron.notifiers.nova [-] Nova event matching ['req-3697f5fa-e32a-4322-9233-56f0ccec70c4'] response: {'server_uuid': '0c2b6db0-8102-43c9-8cac-aa0b9e3208b6', 'name': 'network-vif-plugged', 'status': 'completed', 'tag': '9da33aa9-9928-451a-b504-e98c78c4b39b', 'code': 200}
2026-07-03 19:59:09.862 8 INFO neutron.db.segments_db [None req-90b522ac-7edc-4ca5-88a5-0fec070e72bf d13cb143001340108424c37d0d205cb1 c9a78e41c16e485da2d10fa3e7805cd1 - - default default] Added segment 01b71824-0ec4-4f8b-b525-e880eaf7fa28 of type geneve for network 83c2c190-3449-4463-bd44-9292b28aa6c0 [pid: 7|app: 0|req: 555/1029] 10.0.0.115 () {34 vars in 789 bytes} [Fri Jul 3 19:59:09 2026] PUT /v2.0/routers/21537ca7-344c-4709-9c31-db127020ea9d/remove_router_interface => generated 309 bytes in 929 msecs (HTTP/1.1 200) 4 headers in 157 bytes (1 switches on core 0) /var/lib/openstack/lib/python3.12/site-packages/pycadf/identifier.py:70: UserWarning: Invalid uuid: neutron. To ensure interoperability, identifiers should be a valid uuid. warnings.warn(('Invalid uuid: %s. To ensure interoperability, ' [pid: 7|app: 0|req: 556/1030] 10.0.0.94 () {34 vars in 1039 bytes} [Fri Jul 3 19:59:09 2026] GET /v2.0/security-groups?id=85c79965-84c5-4b48-83e6-ee831f818a67&fields=id&fields=name => generated 114 bytes in 46 msecs (HTTP/1.1 200) 4 headers in 157 bytes (1 switches on core 0)
2026-07-03 19:59:10.001 8 INFO neutron.db.ovn_revision_numbers_db [None req-90b522ac-7edc-4ca5-88a5-0fec070e72bf d13cb143001340108424c37d0d205cb1 c9a78e41c16e485da2d10fa3e7805cd1 - - default default] Successfully bumped revision number for resource 83c2c190-3449-4463-bd44-9292b28aa6c0 (type: networks) to 1
2026-07-03 19:59:10.154 8 WARNING neutron.scheduler.dhcp_agent_scheduler [None req-90b522ac-7edc-4ca5-88a5-0fec070e72bf d13cb143001340108424c37d0d205cb1 c9a78e41c16e485da2d10fa3e7805cd1 - - default default] No more DHCP agents
2026-07-03 19:59:10.156 8 WARNING neutron.api.rpc.agentnotifiers.dhcp_rpc_agent_api [None req-90b522ac-7edc-4ca5-88a5-0fec070e72bf d13cb143001340108424c37d0d205cb1 c9a78e41c16e485da2d10fa3e7805cd1 - - default default] Unable to schedule network 83c2c190-3449-4463-bd44-9292b28aa6c0: no agents available; will retry on subsequent port and subnet creation events.
2026-07-03 19:59:10.208 8 INFO neutron.plugins.ml2.drivers.ovn.mech_driver.mech_driver [None req-54c8984a-67be-4af9-88d3-3ab77c2369fc - - - - - -] OVN reports status down for port: 8bc8d51c-0cb7-4852-90e8-e6cb2be0b08f
2026-07-03 19:59:10.285 8 INFO neutron.db.ovn_revision_numbers_db [None req-90b522ac-7edc-4ca5-88a5-0fec070e72bf d13cb143001340108424c37d0d205cb1 c9a78e41c16e485da2d10fa3e7805cd1 - - default default] Successfully bumped revision number for resource 8bc8d51c-0cb7-4852-90e8-e6cb2be0b08f (type: ports) to 1
2026-07-03 19:59:10.293 7 INFO neutron_taas.services.taas.taas_plugin [None req-9c7929d1-893f-4ebb-a0fe-cea83ded8d4d 3e3950f97cab4c00a975090e35ddce89 755e5adebcde42dcbf5809a4fd45e93e - - default default] TaaS: Handle Delete Port: 172ebaa0-effc-4c83-a244-ba420a04090c
2026-07-03 19:59:10.295 7 INFO neutron_taas.services.taas.tap_mirror_plugin [None req-9c7929d1-893f-4ebb-a0fe-cea83ded8d4d 3e3950f97cab4c00a975090e35ddce89 755e5adebcde42dcbf5809a4fd45e93e - - default default] Tap Mirror: Handle Delete Port: 172ebaa0-effc-4c83-a244-ba420a04090c [pid: 8|app: 0|req: 475/1031] 10.0.0.115 () {34 vars in 670 bytes} [Fri Jul 3 19:59:09 2026] POST /v2.0/networks => generated 650 bytes in 548 msecs (HTTP/1.1 201) 4 headers in 162 bytes (1 switches on core 0)
2026-07-03 19:59:10.694 8 WARNING neutron.scheduler.dhcp_agent_scheduler [None req-8bc53988-cc1a-42b9-92db-c55a99c33882 d13cb143001340108424c37d0d205cb1 c9a78e41c16e485da2d10fa3e7805cd1 - - default default] No more DHCP agents
2026-07-03 19:59:10.696 8 WARNING neutron.api.rpc.agentnotifiers.dhcp_rpc_agent_api [None req-8bc53988-cc1a-42b9-92db-c55a99c33882 d13cb143001340108424c37d0d205cb1 c9a78e41c16e485da2d10fa3e7805cd1 - - default default] Unable to schedule network 7929fec4-4cca-4de9-94e8-e14b46c0d4f6: no agents available; will retry on subsequent port and subnet creation events. [pid: 7|app: 0|req: 557/1032] 10.0.0.115 () {32 vars in 724 bytes} [Fri Jul 3 19:59:09 2026] DELETE /v2.0/routers/21537ca7-344c-4709-9c31-db127020ea9d => generated 0 bytes in 817 msecs (HTTP/1.1 204) 2 headers in 112 bytes (1 switches on core 0) [pid: 7|app: 0|req: 558/1033] 10.0.0.115 () {32 vars in 724 bytes} [Fri Jul 3 19:59:10 2026] DELETE /v2.0/subnets/8bfa11b2-73c9-4cdb-84a9-c23506db6f51 => generated 0 bytes in 160 msecs (HTTP/1.1 204) 3 headers in 131 bytes (1 switches on core 0)
2026-07-03 19:59:11.223 7 INFO neutron_taas.services.taas.taas_plugin [None req-3315454f-b951-4b03-8805-cb2b0d4d292a 3e3950f97cab4c00a975090e35ddce89 755e5adebcde42dcbf5809a4fd45e93e - - default default] TaaS: Handle Delete Port: 52b5bbf8-c62f-4fc0-b0da-11c469ba470e
2026-07-03 19:59:11.225 8 INFO neutron.db.ovn_revision_numbers_db [None req-9f9d9657-9b63-49c0-bde5-de1a40b571a6 - - - - - -] Successfully bumped revision number for resource bc51a286-4552-4d7b-9bf7-1fb3f2dd08ee (type: ports) to 2
2026-07-03 19:59:11.227 7 INFO neutron_taas.services.taas.tap_mirror_plugin [None req-3315454f-b951-4b03-8805-cb2b0d4d292a 3e3950f97cab4c00a975090e35ddce89 755e5adebcde42dcbf5809a4fd45e93e - - default default] Tap Mirror: Handle Delete Port: 52b5bbf8-c62f-4fc0-b0da-11c469ba470e
2026-07-03 19:59:11.259 8 INFO neutron.db.ovn_revision_numbers_db [None req-9f9d9657-9b63-49c0-bde5-de1a40b571a6 - - - - - -] Successfully bumped revision number for resource 09c8a34f-8635-4b94-aa12-d5a3b40f2f5d (type: subnets) to 0
2026-07-03 19:59:11.293 8 WARNING neutron.scheduler.dhcp_agent_scheduler [None req-8bc53988-cc1a-42b9-92db-c55a99c33882 d13cb143001340108424c37d0d205cb1 c9a78e41c16e485da2d10fa3e7805cd1 - - default default] No more DHCP agents
2026-07-03 19:59:11.294 8 WARNING neutron.api.rpc.agentnotifiers.dhcp_rpc_agent_api [None req-8bc53988-cc1a-42b9-92db-c55a99c33882 d13cb143001340108424c37d0d205cb1 c9a78e41c16e485da2d10fa3e7805cd1 - - default default] Unable to schedule network 83c2c190-3449-4463-bd44-9292b28aa6c0: no agents available; will retry on subsequent port and subnet creation events.
2026-07-03 19:59:11.770 8 INFO neutron.db.ovn_revision_numbers_db [None req-51dc4055-d5de-46f9-9633-9fe6ed06c965 - - - - - -] Successfully bumped revision number for resource 8bc8d51c-0cb7-4852-90e8-e6cb2be0b08f (type: ports) to 2
2026-07-03 19:59:11.808 8 INFO neutron.db.ovn_revision_numbers_db [None req-51dc4055-d5de-46f9-9633-9fe6ed06c965 - - - - - -] Successfully bumped revision number for resource bf02217d-c22a-4cef-bc90-512b38046afb (type: subnets) to 0 [pid: 8|app: 0|req: 476/1034] 10.0.0.115 () {34 vars in 669 bytes} [Fri Jul 3 19:59:10 2026] POST /v2.0/subnets => generated 1274 bytes in 1468 msecs (HTTP/1.1 201) 4 headers in 163 bytes (1 switches on core 0) [pid: 7|app: 0|req: 559/1035] 10.0.0.115 () {34 vars in 789 bytes} [Fri Jul 3 19:59:10 2026] PUT /v2.0/routers/237506ef-10af-4cd2-9d24-fff3d5f1e084/remove_router_interface => generated 309 bytes in 889 msecs (HTTP/1.1 200) 4 headers in 157 bytes (1 switches on core 0) /var/lib/openstack/lib/python3.12/site-packages/pycadf/identifier.py:70: UserWarning: Invalid uuid: neutron. To ensure interoperability, identifiers should be a valid uuid. warnings.warn(('Invalid uuid: %s. To ensure interoperability, ' [pid: 7|app: 0|req: 560/1036] 10.0.0.94 () {34 vars in 989 bytes} [Fri Jul 3 19:59:11 2026] GET /v2.0/ports?device_id=0c2b6db0-8102-43c9-8cac-aa0b9e3208b6 => generated 975 bytes in 56 msecs (HTTP/1.1 200) 4 headers in 157 bytes (1 switches on core 0)
2026-07-03 19:59:11.945 8 INFO neutron_taas.services.taas.taas_plugin [None req-9e3d1e6d-b1bd-4152-b5c0-0e23dc3ae0a2 3e3950f97cab4c00a975090e35ddce89 755e5adebcde42dcbf5809a4fd45e93e - - default default] TaaS: Handle Delete Port: 983ee3a4-ee07-4722-bff8-bbd52366f07b
2026-07-03 19:59:11.947 8 INFO neutron_taas.services.taas.tap_mirror_plugin [None req-9e3d1e6d-b1bd-4152-b5c0-0e23dc3ae0a2 3e3950f97cab4c00a975090e35ddce89 755e5adebcde42dcbf5809a4fd45e93e - - default default] Tap Mirror: Handle Delete Port: 983ee3a4-ee07-4722-bff8-bbd52366f07b [pid: 7|app: 0|req: 561/1037] 10.0.0.115 () {32 vars in 647 bytes} [Fri Jul 3 19:59:11 2026] GET /v2.0/subnets => generated 1910 bytes in 42 msecs (HTTP/1.1 200) 4 headers in 158 bytes (1 switches on core 0)
2026-07-03 19:59:12.129 8 INFO neutron.services.segments.plugin [-] Segment a0e85df5-f88d-4404-a5da-8f4be6bb03b2 resource provider aggregate not found
2026-07-03 19:59:12.134 8 INFO neutron.services.segments.plugin [-] Segment a0e85df5-f88d-4404-a5da-8f4be6bb03b2 resource provider aggregate not found
2026-07-03 19:59:12.153 8 INFO neutron.services.segments.plugin [-] Segment a0e85df5-f88d-4404-a5da-8f4be6bb03b2 resource provider not found; error: Placement Client Error (4xx): {"errors": [{"status": 404, "title": "Not Found", "detail": "The resource could not be found.\n\n No resource provider with uuid a0e85df5-f88d-4404-a5da-8f4be6bb03b2 found for delete ", "request_id": "req-eb4def0c-35bd-4888-9c06-49d2eda5a6e9"}]}
2026-07-03 19:59:12.161 8 INFO neutron.services.segments.plugin [-] Segment a0e85df5-f88d-4404-a5da-8f4be6bb03b2 resource provider not found; error: Placement Client Error (4xx): {"errors": [{"status": 404, "title": "Not Found", "detail": "The resource could not be found.\n\n No resource provider with uuid a0e85df5-f88d-4404-a5da-8f4be6bb03b2 found for delete ", "request_id": "req-c8920636-b014-4a24-b27e-3492547a1cdd"}]} [pid: 8|app: 0|req: 477/1038] 10.0.0.115 () {32 vars in 726 bytes} [Fri Jul 3 19:59:11 2026] DELETE /v2.0/networks/632f8d93-3b58-43dc-adf8-58ac04fb3fe3 => generated 0 bytes in 360 msecs (HTTP/1.1 204) 3 headers in 131 bytes (1 switches on core 0) [pid: 8|app: 0|req: 478/1039] 10.0.0.94 () {34 vars in 1039 bytes} [Fri Jul 3 19:59:12 2026] GET /v2.0/security-groups?id=85c79965-84c5-4b48-83e6-ee831f818a67&fields=id&fields=name => generated 114 bytes in 27 msecs (HTTP/1.1 200) 4 headers in 157 bytes (1 switches on core 0)
2026-07-03 19:59:12.311 7 INFO neutron_taas.services.taas.taas_plugin [None req-bb1532a2-3420-4ae9-a46a-ab4421be6378 3e3950f97cab4c00a975090e35ddce89 755e5adebcde42dcbf5809a4fd45e93e - - default default] TaaS: Handle Delete Port: 82cdabb6-18b7-49a5-b834-317d4030ec41
2026-07-03 19:59:12.316 7 INFO neutron_taas.services.taas.tap_mirror_plugin [None req-bb1532a2-3420-4ae9-a46a-ab4421be6378 3e3950f97cab4c00a975090e35ddce89 755e5adebcde42dcbf5809a4fd45e93e - - default default] Tap Mirror: Handle Delete Port: 82cdabb6-18b7-49a5-b834-317d4030ec41 [pid: 8|app: 0|req: 479/1040] 10.0.0.115 () {32 vars in 724 bytes} [Fri Jul 3 19:59:12 2026] DELETE /v2.0/subnets/09c8a34f-8635-4b94-aa12-d5a3b40f2f5d => generated 0 bytes in 173 msecs (HTTP/1.1 204) 3 headers in 131 bytes (1 switches on core 0) [pid: 8|app: 0|req: 480/1041] 10.0.0.115 () {32 vars in 774 bytes} [Fri Jul 3 19:59:12 2026] GET /v2.0/security-groups?tenant_id=0f103782e6254927affaabb2c4d27c04&name=default => generated 2921 bytes in 27 msecs (HTTP/1.1 200) 4 headers in 158 bytes (1 switches on core 0) [pid: 8|app: 0|req: 481/1042] 10.0.0.115 () {32 vars in 724 bytes} [Fri Jul 3 19:59:12 2026] DELETE /v2.0/subnets/bf02217d-c22a-4cef-bc90-512b38046afb => generated 0 bytes in 188 msecs (HTTP/1.1 204) 3 headers in 131 bytes (1 switches on core 0) [pid: 7|app: 0|req: 562/1043] 10.0.0.115 () {32 vars in 724 bytes} [Fri Jul 3 19:59:11 2026] DELETE /v2.0/routers/237506ef-10af-4cd2-9d24-fff3d5f1e084 => generated 0 bytes in 786 msecs (HTTP/1.1 204) 2 headers in 112 bytes (1 switches on core 0) [pid: 7|app: 0|req: 563/1044] 10.0.0.115 () {32 vars in 647 bytes} [Fri Jul 3 19:59:12 2026] GET /v2.0/subnets => generated 649 bytes in 22 msecs (HTTP/1.1 200) 4 headers in 157 bytes (1 switches on core 0) [pid: 8|app: 0|req: 482/1045] 10.0.0.115 () {32 vars in 740 bytes} [Fri Jul 3 19:59:12 2026] DELETE /v2.0/security-groups/e03f894f-c795-4ca1-aa46-c1602a76f408 => generated 0 bytes in 263 msecs (HTTP/1.1 204) 2 headers in 112 bytes (1 switches on core 0) [pid: 7|app: 0|req: 564/1046] 10.0.0.115 () {32 vars in 724 bytes} [Fri Jul 3 19:59:12 2026] DELETE /v2.0/subnets/e065eacd-323c-4947-9f49-2b184066ed90 => generated 0 bytes in 166 msecs (HTTP/1.1 204) 3 headers in 131 bytes (1 switches on core 0)
2026-07-03 19:59:12.992 8 INFO neutron_taas.services.taas.taas_plugin [None req-ee92c70f-8549-4a52-97f2-a820f0a92748 d13cb143001340108424c37d0d205cb1 c9a78e41c16e485da2d10fa3e7805cd1 - - default default] TaaS: Handle Delete Port: 8bc8d51c-0cb7-4852-90e8-e6cb2be0b08f
2026-07-03 19:59:12.994 8 INFO neutron_taas.services.taas.tap_mirror_plugin [None req-ee92c70f-8549-4a52-97f2-a820f0a92748 d13cb143001340108424c37d0d205cb1 c9a78e41c16e485da2d10fa3e7805cd1 - - default default] Tap Mirror: Handle Delete Port: 8bc8d51c-0cb7-4852-90e8-e6cb2be0b08f
2026-07-03 19:59:13.043 7 INFO neutron_taas.services.taas.taas_plugin [None req-2e05e106-e245-4aee-8e0f-0cff15bb5e8c 3e3950f97cab4c00a975090e35ddce89 755e5adebcde42dcbf5809a4fd45e93e - - default default] TaaS: Handle Delete Port: 5e4b8146-c10e-4feb-8445-40f59baca7aa
2026-07-03 19:59:13.046 7 INFO neutron_taas.services.taas.tap_mirror_plugin [None req-2e05e106-e245-4aee-8e0f-0cff15bb5e8c 3e3950f97cab4c00a975090e35ddce89 755e5adebcde42dcbf5809a4fd45e93e - - default default] Tap Mirror: Handle Delete Port: 5e4b8146-c10e-4feb-8445-40f59baca7aa [pid: 8|app: 0|req: 483/1047] 10.0.0.115 () {32 vars in 726 bytes} [Fri Jul 3 19:59:12 2026] DELETE /v2.0/networks/83c2c190-3449-4463-bd44-9292b28aa6c0 => generated 0 bytes in 365 msecs (HTTP/1.1 204) 3 headers in 131 bytes (1 switches on core 0)
2026-07-03 19:59:13.238 7 INFO neutron.services.segments.plugin [-] Segment af2a44d0-6803-4cc7-89a4-fe0b6ee4c5ad resource provider aggregate not found
2026-07-03 19:59:13.241 7 INFO neutron.services.segments.plugin [-] Segment af2a44d0-6803-4cc7-89a4-fe0b6ee4c5ad resource provider aggregate not found
2026-07-03 19:59:13.261 7 INFO neutron.services.segments.plugin [-] Segment af2a44d0-6803-4cc7-89a4-fe0b6ee4c5ad resource provider not found; error: Placement Client Error (4xx): {"errors": [{"status": 404, "title": "Not Found", "detail": "The resource could not be found.\n\n No resource provider with uuid af2a44d0-6803-4cc7-89a4-fe0b6ee4c5ad found for delete ", "request_id": "req-fbbb7744-83d9-4a0c-8e4a-08f04b23298e"}]}
2026-07-03 19:59:13.263 7 INFO neutron.services.segments.plugin [-] Segment af2a44d0-6803-4cc7-89a4-fe0b6ee4c5ad resource provider not found; error: Placement Client Error (4xx): {"errors": [{"status": 404, "title": "Not Found", "detail": "The resource could not be found.\n\n No resource provider with uuid af2a44d0-6803-4cc7-89a4-fe0b6ee4c5ad found for delete ", "request_id": "req-0f71875e-a451-465f-a8f6-8955d94b2ab8"}]} [pid: 7|app: 0|req: 565/1048] 10.0.0.115 () {32 vars in 726 bytes} [Fri Jul 3 19:59:12 2026] DELETE /v2.0/networks/1ba02896-2d49-41e0-aca8-95fbd06630cd => generated 0 bytes in 374 msecs (HTTP/1.1 204) 3 headers in 131 bytes (1 switches on core 0)
2026-07-03 19:59:13.370 8 INFO neutron_taas.services.taas.taas_plugin [None req-1b3b3a8d-020e-4686-bc79-7ecf6ef00bf0 d13cb143001340108424c37d0d205cb1 c9a78e41c16e485da2d10fa3e7805cd1 - - default default] TaaS: Handle Delete Port: bc51a286-4552-4d7b-9bf7-1fb3f2dd08ee
2026-07-03 19:59:13.374 8 INFO neutron_taas.services.taas.tap_mirror_plugin [None req-1b3b3a8d-020e-4686-bc79-7ecf6ef00bf0 d13cb143001340108424c37d0d205cb1 c9a78e41c16e485da2d10fa3e7805cd1 - - default default] Tap Mirror: Handle Delete Port: bc51a286-4552-4d7b-9bf7-1fb3f2dd08ee [pid: 7|app: 0|req: 566/1049] 10.0.0.115 () {32 vars in 774 bytes} [Fri Jul 3 19:59:13 2026] GET /v2.0/security-groups?tenant_id=1ee92e76c52a451cac8c526cd8eec56d&name=default => generated 2925 bytes in 29 msecs (HTTP/1.1 200) 4 headers in 158 bytes (1 switches on core 0) [pid: 8|app: 0|req: 484/1050] 10.0.0.115 () {32 vars in 726 bytes} [Fri Jul 3 19:59:13 2026] DELETE /v2.0/networks/7929fec4-4cca-4de9-94e8-e14b46c0d4f6 => generated 0 bytes in 375 msecs (HTTP/1.1 204) 3 headers in 131 bytes (1 switches on core 0)
2026-07-03 19:59:13.736 8 INFO neutron_taas.services.taas.taas_plugin [None req-466f788a-a5dd-4bd6-9885-197f4c1e1d63 d13cb143001340108424c37d0d205cb1 c9a78e41c16e485da2d10fa3e7805cd1 - - default default] TaaS: Handle Delete Port: d84d78dc-b050-4997-98e6-c02b47302597
2026-07-03 19:59:13.741 8 INFO neutron_taas.services.taas.tap_mirror_plugin [None req-466f788a-a5dd-4bd6-9885-197f4c1e1d63 d13cb143001340108424c37d0d205cb1 c9a78e41c16e485da2d10fa3e7805cd1 - - default default] Tap Mirror: Handle Delete Port: d84d78dc-b050-4997-98e6-c02b47302597 [pid: 7|app: 0|req: 567/1051] 10.0.0.115 () {32 vars in 740 bytes} [Fri Jul 3 19:59:13 2026] DELETE /v2.0/security-groups/62a975a6-594f-4ba6-81ce-2c2e476a7adc => generated 0 bytes in 348 msecs (HTTP/1.1 204) 2 headers in 112 bytes (1 switches on core 0) [pid: 8|app: 0|req: 485/1052] 10.0.0.115 () {32 vars in 726 bytes} [Fri Jul 3 19:59:13 2026] DELETE /v2.0/networks/9a61a7b9-a4cc-4388-85b3-5eb919b21ff3 => generated 0 bytes in 358 msecs (HTTP/1.1 204) 3 headers in 131 bytes (1 switches on core 0)
2026-07-03 19:59:14.136 7 INFO neutron_taas.services.taas.taas_plugin [None req-b232ac39-b7ca-43e4-b9b8-625666d841f2 d13cb143001340108424c37d0d205cb1 c9a78e41c16e485da2d10fa3e7805cd1 - - default default] TaaS: Handle Delete Port: ff85a3d7-7541-403f-9285-1969a483b3c5
2026-07-03 19:59:14.138 7 INFO neutron_taas.services.taas.tap_mirror_plugin [None req-b232ac39-b7ca-43e4-b9b8-625666d841f2 d13cb143001340108424c37d0d205cb1 c9a78e41c16e485da2d10fa3e7805cd1 - - default default] Tap Mirror: Handle Delete Port: ff85a3d7-7541-403f-9285-1969a483b3c5
2026-07-03 19:59:14.173 8 INFO neutron.services.segments.plugin [-] Segment 01b71824-0ec4-4f8b-b525-e880eaf7fa28 resource provider aggregate not found
2026-07-03 19:59:14.180 8 INFO neutron.services.segments.plugin [-] Segment 01b71824-0ec4-4f8b-b525-e880eaf7fa28 resource provider aggregate not found
2026-07-03 19:59:14.195 8 INFO neutron.services.segments.plugin [-] Segment 01b71824-0ec4-4f8b-b525-e880eaf7fa28 resource provider not found; error: Placement Client Error (4xx): {"errors": [{"status": 404, "title": "Not Found", "detail": "The resource could not be found.\n\n No resource provider with uuid 01b71824-0ec4-4f8b-b525-e880eaf7fa28 found for delete ", "request_id": "req-c3442ed2-b1e8-4f6b-86f7-5f09127fadae"}]}
2026-07-03 19:59:14.206 8 INFO neutron.services.segments.plugin [-] Segment 01b71824-0ec4-4f8b-b525-e880eaf7fa28 resource provider not found; error: Placement Client Error (4xx): {"errors": [{"status": 404, "title": "Not Found", "detail": "The resource could not be found.\n\n No resource provider with uuid 01b71824-0ec4-4f8b-b525-e880eaf7fa28 found for delete ", "request_id": "req-a6b6f188-4ccd-4106-9193-9d1b177909fd"}]}
2026-07-03 19:59:14.216 8 INFO neutron.services.segments.plugin [-] Segment 4e5771e2-c369-4ace-aaa6-cd488fde8cd0 resource provider aggregate not found
2026-07-03 19:59:14.223 8 INFO neutron.services.segments.plugin [-] Segment 4e5771e2-c369-4ace-aaa6-cd488fde8cd0 resource provider aggregate not found
2026-07-03 19:59:14.229 8 INFO neutron.services.segments.plugin [-] Segment 4e5771e2-c369-4ace-aaa6-cd488fde8cd0 resource provider not found; error: Placement Client Error (4xx): {"errors": [{"status": 404, "title": "Not Found", "detail": "The resource could not be found.\n\n No resource provider with uuid 4e5771e2-c369-4ace-aaa6-cd488fde8cd0 found for delete ", "request_id": "req-4148bbba-d5e1-41eb-8d88-2a9cecef2d64"}]}
2026-07-03 19:59:14.243 8 INFO neutron.services.segments.plugin [-] Segment 661288fa-f41f-4092-9206-49cf41ea5eac resource provider aggregate not found
2026-07-03 19:59:14.247 8 INFO neutron.services.segments.plugin [-] Segment 4e5771e2-c369-4ace-aaa6-cd488fde8cd0 resource provider not found; error: Placement Client Error (4xx): {"errors": [{"status": 404, "title": "Not Found", "detail": "The resource could not be found.\n\n No resource provider with uuid 4e5771e2-c369-4ace-aaa6-cd488fde8cd0 found for delete ", "request_id": "req-8d515d30-e711-49aa-a75d-5cf397cbebd3"}]}
2026-07-03 19:59:14.255 8 INFO neutron.services.segments.plugin [-] Segment 661288fa-f41f-4092-9206-49cf41ea5eac resource provider not found; error: Placement Client Error (4xx): {"errors": [{"status": 404, "title": "Not Found", "detail": "The resource could not be found.\n\n No resource provider with uuid 661288fa-f41f-4092-9206-49cf41ea5eac found for delete ", "request_id": "req-4881bf4b-1dc5-47d2-b886-684eb806aadb"}]}
2026-07-03 19:59:14.260 8 INFO neutron.services.segments.plugin [-] Segment 661288fa-f41f-4092-9206-49cf41ea5eac resource provider aggregate not found
2026-07-03 19:59:14.270 8 INFO neutron.services.segments.plugin [-] Segment 661288fa-f41f-4092-9206-49cf41ea5eac resource provider not found; error: Placement Client Error (4xx): {"errors": [{"status": 404, "title": "Not Found", "detail": "The resource could not be found.\n\n No resource provider with uuid 661288fa-f41f-4092-9206-49cf41ea5eac found for delete ", "request_id": "req-b79a3595-ec55-427a-b3b6-066662f03ae8"}]} [pid: 7|app: 0|req: 568/1053] 10.0.0.115 () {32 vars in 726 bytes} [Fri Jul 3 19:59:13 2026] DELETE /v2.0/networks/17fdb8d6-d7c6-4b47-8bd2-e2d659dd86f4 => generated 0 bytes in 788 msecs (HTTP/1.1 204) 3 headers in 131 bytes (1 switches on core 0)
2026-07-03 19:59:15.007 8 INFO neutron.db.ovn_revision_numbers_db [None req-377ad852-4805-4a90-9eb4-eb7254a27559 3e3950f97cab4c00a975090e35ddce89 755e5adebcde42dcbf5809a4fd45e93e - - default default] Successfully bumped revision number for resource 524105b8-d4e7-418a-90e7-6b8c0a4968b6 (type: security_groups) to 1
2026-07-03 19:59:15.017 8 INFO neutron.db.ovn_revision_numbers_db [None req-377ad852-4805-4a90-9eb4-eb7254a27559 3e3950f97cab4c00a975090e35ddce89 755e5adebcde42dcbf5809a4fd45e93e - - default default] Successfully bumped revision number for resource 32ad8e96-b5f1-4b1d-9152-4625208c6498 (type: security_group_rules) to 0
2026-07-03 19:59:15.030 8 INFO neutron.db.ovn_revision_numbers_db [None req-377ad852-4805-4a90-9eb4-eb7254a27559 3e3950f97cab4c00a975090e35ddce89 755e5adebcde42dcbf5809a4fd45e93e - - default default] Successfully bumped revision number for resource 606baf4a-a9b0-4f05-8db5-cd2d6991330b (type: security_group_rules) to 0
2026-07-03 19:59:15.042 8 INFO neutron.db.ovn_revision_numbers_db [None req-377ad852-4805-4a90-9eb4-eb7254a27559 3e3950f97cab4c00a975090e35ddce89 755e5adebcde42dcbf5809a4fd45e93e - - default default] Successfully bumped revision number for resource 84235706-3eeb-4f24-8572-53fd98d27a1d (type: security_group_rules) to 0
2026-07-03 19:59:15.061 8 INFO neutron.db.ovn_revision_numbers_db [None req-377ad852-4805-4a90-9eb4-eb7254a27559 3e3950f97cab4c00a975090e35ddce89 755e5adebcde42dcbf5809a4fd45e93e - - default default] Successfully bumped revision number for resource a51689d6-c400-4b36-8d04-cb7d4bb90a8b (type: security_group_rules) to 0
2026-07-03 19:59:15.133 8 INFO neutron.db.segments_db [None req-377ad852-4805-4a90-9eb4-eb7254a27559 3e3950f97cab4c00a975090e35ddce89 755e5adebcde42dcbf5809a4fd45e93e - - default default] Added segment a628dab4-ccf1-4a5d-8704-20a4afe71f72 of type geneve for network 136e4142-b41d-4d7a-a550-616f5ee49c94
2026-07-03 19:59:15.244 8 INFO neutron.db.ovn_revision_numbers_db [None req-377ad852-4805-4a90-9eb4-eb7254a27559 3e3950f97cab4c00a975090e35ddce89 755e5adebcde42dcbf5809a4fd45e93e - - default default] Successfully bumped revision number for resource 136e4142-b41d-4d7a-a550-616f5ee49c94 (type: networks) to 1
2026-07-03 19:59:15.276 7 INFO neutron.services.segments.plugin [-] Segment ba98a070-5aae-493f-a958-dd511aafdf5c resource provider aggregate not found
2026-07-03 19:59:15.285 7 INFO neutron.services.segments.plugin [-] Segment ba98a070-5aae-493f-a958-dd511aafdf5c resource provider aggregate not found
2026-07-03 19:59:15.293 7 INFO neutron.services.segments.plugin [-] Segment ba98a070-5aae-493f-a958-dd511aafdf5c resource provider not found; error: Placement Client Error (4xx): {"errors": [{"status": 404, "title": "Not Found", "detail": "The resource could not be found.\n\n No resource provider with uuid ba98a070-5aae-493f-a958-dd511aafdf5c found for delete ", "request_id": "req-81370fdb-206b-4de1-9fdb-61483b75ed12"}]}
2026-07-03 19:59:15.301 7 INFO neutron.services.segments.plugin [-] Segment ba98a070-5aae-493f-a958-dd511aafdf5c resource provider not found; error: Placement Client Error (4xx): {"errors": [{"status": 404, "title": "Not Found", "detail": "The resource could not be found.\n\n No resource provider with uuid ba98a070-5aae-493f-a958-dd511aafdf5c found for delete ", "request_id": "req-ef9b833a-0998-454b-92d2-f93a12b0b100"}]}
2026-07-03 19:59:15.399 8 WARNING neutron.scheduler.dhcp_agent_scheduler [None req-377ad852-4805-4a90-9eb4-eb7254a27559 3e3950f97cab4c00a975090e35ddce89 755e5adebcde42dcbf5809a4fd45e93e - - default default] No more DHCP agents
2026-07-03 19:59:15.400 8 WARNING neutron.api.rpc.agentnotifiers.dhcp_rpc_agent_api [None req-377ad852-4805-4a90-9eb4-eb7254a27559 3e3950f97cab4c00a975090e35ddce89 755e5adebcde42dcbf5809a4fd45e93e - - default default] Unable to schedule network 136e4142-b41d-4d7a-a550-616f5ee49c94: no agents available; will retry on subsequent port and subnet creation events.
2026-07-03 19:59:15.458 8 INFO neutron.plugins.ml2.drivers.ovn.mech_driver.mech_driver [None req-54c8984a-67be-4af9-88d3-3ab77c2369fc - - - - - -] OVN reports status down for port: f4221843-5817-47e5-8ff7-aa4c19a6c8fe
