Apr 17 03:09:39.552469 np0000166947 systemd[1]: Starting devstack@n-api-meta.service - Devstack devstack@n-api-meta.service...
Apr 17 03:09:39.561270 np0000166947 devstack@n-api-meta.service[110044]: [uWSGI] getting INI configuration from /etc/nova/nova-metadata-uwsgi.ini
Apr 17 03:09:39.562104 np0000166947 devstack@n-api-meta.service[110044]: open("./http_plugin.so"): No such file or directory [core/utils.c line 3709]
Apr 17 03:09:39.562104 np0000166947 devstack@n-api-meta.service[110044]: !!! UNABLE to load uWSGI plugin: ./http_plugin.so: cannot open shared object file: No such file or directory !!!
Apr 17 03:09:39.562104 np0000166947 devstack@n-api-meta.service[110044]: open("./python3_plugin.so"): No such file or directory [core/utils.c line 3709]
Apr 17 03:09:39.562104 np0000166947 devstack@n-api-meta.service[110044]: !!! UNABLE to load uWSGI plugin: ./python3_plugin.so: cannot open shared object file: No such file or directory !!!
Apr 17 03:09:39.562104 np0000166947 devstack@n-api-meta.service[110044]: *** Starting uWSGI 2.0.31 (64bit) on [Fri Apr 17 03:09:39 2026] ***
Apr 17 03:09:39.562104 np0000166947 devstack@n-api-meta.service[110044]: compiled with version: 13.3.0 on 17 April 2026 02:52:20
Apr 17 03:09:39.562104 np0000166947 devstack@n-api-meta.service[110044]: os: Linux-6.8.0-110-generic #110-Ubuntu SMP PREEMPT_DYNAMIC Thu Mar 19 15:09:20 UTC 2026
Apr 17 03:09:39.562104 np0000166947 devstack@n-api-meta.service[110044]: nodename: np0000166947
Apr 17 03:09:39.562104 np0000166947 devstack@n-api-meta.service[110044]: machine: x86_64
Apr 17 03:09:39.562104 np0000166947 devstack@n-api-meta.service[110044]: clock source: unix
Apr 17 03:09:39.562104 np0000166947 devstack@n-api-meta.service[110044]: pcre jit disabled
Apr 17 03:09:39.562104 np0000166947 devstack@n-api-meta.service[110044]: detected number of CPU cores: 16
Apr 17 03:09:39.562104 np0000166947 devstack@n-api-meta.service[110044]: current working directory: /
Apr 17 03:09:39.562104 np0000166947 devstack@n-api-meta.service[110044]: detected binary path: /opt/stack/data/venv/bin/uwsgi
Apr 17 03:09:39.562104 np0000166947 devstack@n-api-meta.service[110044]: your processes number limit is 256917
Apr 17 03:09:39.562104 np0000166947 devstack@n-api-meta.service[110044]: your memory page size is 4096 bytes
Apr 17 03:09:39.562104 np0000166947 devstack@n-api-meta.service[110044]: detected max file descriptor number: 2048
Apr 17 03:09:39.562104 np0000166947 devstack@n-api-meta.service[110044]: lock engine: pthread robust mutexes
Apr 17 03:09:39.562104 np0000166947 devstack@n-api-meta.service[110044]: thunder lock: enabled
Apr 17 03:09:39.562104 np0000166947 devstack@n-api-meta.service[110044]: uWSGI http bound on 0.0.0.0:8775 fd 5
Apr 17 03:09:39.562104 np0000166947 devstack@n-api-meta.service[110044]: uwsgi socket 0 bound to TCP address 127.0.0.1:44681 (port auto-assigned) fd 4
Apr 17 03:09:39.563288 np0000166947 devstack@n-api-meta.service[110044]: Python version: 3.12.3 (main, Mar 3 2026, 12:15:18) [GCC 13.3.0]
Apr 17 03:09:39.563288 np0000166947 devstack@n-api-meta.service[110044]: PEP 405 virtualenv detected: /opt/stack/data/venv
Apr 17 03:09:39.563288 np0000166947 devstack@n-api-meta.service[110044]: Set PythonHome to /opt/stack/data/venv
Apr 17 03:09:39.598947 np0000166947 devstack@n-api-meta.service[110044]: Python main interpreter initialized at 0x7b6b92ca3668
Apr 17 03:09:39.598947 np0000166947 devstack@n-api-meta.service[110044]: python threads support enabled
Apr 17 03:09:39.598947 np0000166947 devstack@n-api-meta.service[110044]: your server socket listen backlog is limited to 100 connections
Apr 17 03:09:39.598947 np0000166947 devstack@n-api-meta.service[110044]: your mercy for graceful operations on workers is 80 seconds
Apr 17 03:09:39.599445 np0000166947 devstack@n-api-meta.service[110044]: mapped 671795 bytes (656 KB) for 4 cores
Apr 17 03:09:39.599583 np0000166947 devstack@n-api-meta.service[110044]: *** Operational MODE: preforking ***
Apr 17 03:09:39.599805 np0000166947 devstack@n-api-meta.service[110044]: *** uWSGI is running in multiple interpreter mode ***
Apr 17 03:09:39.599805 np0000166947 devstack@n-api-meta.service[110044]: spawned uWSGI master process (pid: 110044)
Apr 17 03:09:39.600079 np0000166947 systemd[1]: Started devstack@n-api-meta.service - Devstack devstack@n-api-meta.service.
Apr 17 03:09:39.600369 np0000166947 devstack@n-api-meta.service[110044]: spawned uWSGI worker 1 (pid: 110045, cores: 1)
Apr 17 03:09:39.600794 np0000166947 devstack@n-api-meta.service[110044]: spawned uWSGI worker 2 (pid: 110046, cores: 1)
Apr 17 03:09:39.601203 np0000166947 devstack@n-api-meta.service[110044]: spawned uWSGI worker 3 (pid: 110047, cores: 1)
Apr 17 03:09:39.601612 np0000166947 devstack@n-api-meta.service[110044]: spawned uWSGI worker 4 (pid: 110048, cores: 1)
Apr 17 03:09:39.602250 np0000166947 devstack@n-api-meta.service[110044]: spawned uWSGI http 1 (pid: 110049)
Apr 17 03:09:39.602250 np0000166947 devstack@n-api-meta.service[110044]: running "unix_signal:15 gracefully_kill_them_all" (master-start)...
Apr 17 03:09:39.922045 np0000166947 devstack@n-api-meta.service[110046]: /opt/stack/data/venv/lib/python3.12/site-packages/oslo_concurrency/lockutils.py:41: EventletDeprecationWarning:
Apr 17 03:09:39.922045 np0000166947 devstack@n-api-meta.service[110046]: Eventlet is deprecated. It is currently being maintained in bugfix mode, and
Apr 17 03:09:39.922045 np0000166947 devstack@n-api-meta.service[110046]: we strongly recommend against using it for new projects.
Apr 17 03:09:39.922045 np0000166947 devstack@n-api-meta.service[110046]: If you are already using Eventlet, we recommend migrating to a different
Apr 17 03:09:39.922045 np0000166947 devstack@n-api-meta.service[110046]: framework. For more detail see
Apr 17 03:09:39.922045 np0000166947 devstack@n-api-meta.service[110046]: https://eventlet.readthedocs.io/en/latest/asyncio/migration.html
Apr 17 03:09:39.922045 np0000166947 devstack@n-api-meta.service[110046]: import eventlet
Apr 17 03:09:39.922802 np0000166947 devstack@n-api-meta.service[110048]: /opt/stack/data/venv/lib/python3.12/site-packages/oslo_concurrency/lockutils.py:41: EventletDeprecationWarning:
Apr 17 03:09:39.922802 np0000166947 devstack@n-api-meta.service[110048]: Eventlet is deprecated. It is currently being maintained in bugfix mode, and
Apr 17 03:09:39.922802 np0000166947 devstack@n-api-meta.service[110048]: we strongly recommend against using it for new projects.
Apr 17 03:09:39.922802 np0000166947 devstack@n-api-meta.service[110048]: If you are already using Eventlet, we recommend migrating to a different
Apr 17 03:09:39.922802 np0000166947 devstack@n-api-meta.service[110048]: framework. For more detail see
Apr 17 03:09:39.922802 np0000166947 devstack@n-api-meta.service[110048]: https://eventlet.readthedocs.io/en/latest/asyncio/migration.html
Apr 17 03:09:39.922802 np0000166947 devstack@n-api-meta.service[110048]: import eventlet
Apr 17 03:09:39.936395 np0000166947 devstack@n-api-meta.service[110045]: /opt/stack/data/venv/lib/python3.12/site-packages/oslo_concurrency/lockutils.py:41: EventletDeprecationWarning:
Apr 17 03:09:39.936395 np0000166947 devstack@n-api-meta.service[110045]: Eventlet is deprecated. It is currently being maintained in bugfix mode, and
Apr 17 03:09:39.936395 np0000166947 devstack@n-api-meta.service[110045]: we strongly recommend against using it for new projects.
Apr 17 03:09:39.936395 np0000166947 devstack@n-api-meta.service[110045]: If you are already using Eventlet, we recommend migrating to a different
Apr 17 03:09:39.936395 np0000166947 devstack@n-api-meta.service[110045]: framework. For more detail see
Apr 17 03:09:39.936395 np0000166947 devstack@n-api-meta.service[110045]: https://eventlet.readthedocs.io/en/latest/asyncio/migration.html
Apr 17 03:09:39.936395 np0000166947 devstack@n-api-meta.service[110045]: import eventlet
Apr 17 03:09:39.940841 np0000166947 devstack@n-api-meta.service[110047]: /opt/stack/data/venv/lib/python3.12/site-packages/oslo_concurrency/lockutils.py:41: EventletDeprecationWarning:
Apr 17 03:09:39.940841 np0000166947 devstack@n-api-meta.service[110047]: Eventlet is deprecated. It is currently being maintained in bugfix mode, and
Apr 17 03:09:39.940841 np0000166947 devstack@n-api-meta.service[110047]: we strongly recommend against using it for new projects.
Apr 17 03:09:39.940841 np0000166947 devstack@n-api-meta.service[110047]: If you are already using Eventlet, we recommend migrating to a different
Apr 17 03:09:39.940841 np0000166947 devstack@n-api-meta.service[110047]: framework. For more detail see
Apr 17 03:09:39.940841 np0000166947 devstack@n-api-meta.service[110047]: https://eventlet.readthedocs.io/en/latest/asyncio/migration.html
Apr 17 03:09:39.940841 np0000166947 devstack@n-api-meta.service[110047]: import eventlet
Apr 17 03:09:39.969588 np0000166947 devstack@n-api-meta.service[110048]: Service is starting with native threading. This is currently experimental. Do not use it in production without first testing it in pre-production.
Apr 17 03:09:39.969721 np0000166947 devstack@n-api-meta.service[110046]: Service is starting with native threading. This is currently experimental. Do not use it in production without first testing it in pre-production.
Apr 17 03:09:39.985605 np0000166947 devstack@n-api-meta.service[110045]: Service is starting with native threading. This is currently experimental. Do not use it in production without first testing it in pre-production.
Apr 17 03:09:39.993236 np0000166947 devstack@n-api-meta.service[110047]: Service is starting with native threading. This is currently experimental. Do not use it in production without first testing it in pre-production.
Apr 17 03:09:41.468920 np0000166947 devstack@n-api-meta.service[110045]: INFO dbcounter [None req-8b98a03a-0cf7-47e2-8f32-5dce01cf2a72 None None] Registered counter for database nova_api
Apr 17 03:09:41.469454 np0000166947 devstack@n-api-meta.service[110048]: INFO dbcounter [None req-e89ea561-fcda-40c8-b45b-39731116a8b5 None None] Registered counter for database nova_api
Apr 17 03:09:41.484518 np0000166947 devstack@n-api-meta.service[110045]: DEBUG oslo_db.sqlalchemy.engines [None req-8b98a03a-0cf7-47e2-8f32-5dce01cf2a72 None None] MySQL server mode set to STRICT_TRANS_TABLES,STRICT_ALL_TABLES,NO_ZERO_IN_DATE,NO_ZERO_DATE,ERROR_FOR_DIVISION_BY_ZERO,TRADITIONAL,NO_ENGINE_SUBSTITUTION {{(pid=110045) _check_effective_sql_mode /opt/stack/data/venv/lib/python3.12/site-packages/oslo_db/sqlalchemy/engines.py:325}}
Apr 17 03:09:41.489274 np0000166947 devstack@n-api-meta.service[110048]: DEBUG oslo_db.sqlalchemy.engines [None req-e89ea561-fcda-40c8-b45b-39731116a8b5 None None] MySQL server mode set to STRICT_TRANS_TABLES,STRICT_ALL_TABLES,NO_ZERO_IN_DATE,NO_ZERO_DATE,ERROR_FOR_DIVISION_BY_ZERO,TRADITIONAL,NO_ENGINE_SUBSTITUTION {{(pid=110048) _check_effective_sql_mode /opt/stack/data/venv/lib/python3.12/site-packages/oslo_db/sqlalchemy/engines.py:325}}
Apr 17 03:09:41.510639 np0000166947 devstack@n-api-meta.service[110046]: INFO dbcounter [None req-1047edd0-637a-42ef-a4e4-7e5b39423bb3 None None] Registered counter for database nova_api
Apr 17 03:09:41.517879 np0000166947 devstack@n-api-meta.service[110045]: DEBUG dbcounter [-] [110045] Writer thread running {{(pid=110045) stat_writer /opt/stack/data/venv/lib/python3.12/site-packages/dbcounter.py:102}}
Apr 17 03:09:41.519857 np0000166947 devstack@n-api-meta.service[110048]: DEBUG dbcounter [-] [110048] Writer thread running {{(pid=110048) stat_writer /opt/stack/data/venv/lib/python3.12/site-packages/dbcounter.py:102}}
Apr 17 03:09:41.520690 np0000166947 devstack@n-api-meta.service[110045]: DEBUG nova.context [None req-8b98a03a-0cf7-47e2-8f32-5dce01cf2a72 None None] Found 2 cells: 00000000-0000-0000-0000-000000000000(cell0),af242133-3da5-4c96-92ba-f1b0a5b0d003(cell1) {{(pid=110045) load_cells /opt/stack/nova/nova/context.py:509}}
Apr 17 03:09:41.521000 np0000166947 devstack@n-api-meta.service[110045]: INFO nova.utils [None req-8b98a03a-0cf7-47e2-8f32-5dce01cf2a72 None None] The cell worker thread pool MainProcess.cell_worker is initialized
Apr 17 03:09:41.522803 np0000166947 devstack@n-api-meta.service[110048]: DEBUG nova.context [None req-e89ea561-fcda-40c8-b45b-39731116a8b5 None None] Found 2 cells: 00000000-0000-0000-0000-000000000000(cell0),af242133-3da5-4c96-92ba-f1b0a5b0d003(cell1) {{(pid=110048) load_cells /opt/stack/nova/nova/context.py:509}}
Apr 17 03:09:41.523028 np0000166947 devstack@n-api-meta.service[110048]: INFO nova.utils [None req-e89ea561-fcda-40c8-b45b-39731116a8b5 None None] The cell worker thread pool MainProcess.cell_worker is initialized
Apr 17 03:09:41.523376 np0000166947 devstack@n-api-meta.service[110045]: DEBUG oslo_concurrency.lockutils [None req-8b98a03a-0cf7-47e2-8f32-5dce01cf2a72 None None] Acquiring lock "00000000-0000-0000-0000-000000000000" by "nova.context.set_target_cell..get_or_set_cached_cell_and_set_connections" {{(pid=110045) inner /opt/stack/data/venv/lib/python3.12/site-packages/oslo_concurrency/lockutils.py:506}}
Apr 17 03:09:41.523636 np0000166947 devstack@n-api-meta.service[110045]: DEBUG oslo_concurrency.lockutils [None req-8b98a03a-0cf7-47e2-8f32-5dce01cf2a72 None None] Lock "00000000-0000-0000-0000-000000000000" acquired by "nova.context.set_target_cell..get_or_set_cached_cell_and_set_connections" :: waited 0.000s {{(pid=110045) inner /opt/stack/data/venv/lib/python3.12/site-packages/oslo_concurrency/lockutils.py:519}}
Apr 17 03:09:41.524135 np0000166947 devstack@n-api-meta.service[110045]: DEBUG oslo_concurrency.lockutils [None req-8b98a03a-0cf7-47e2-8f32-5dce01cf2a72 None None] Lock "00000000-0000-0000-0000-000000000000" "released" by "nova.context.set_target_cell..get_or_set_cached_cell_and_set_connections" :: held 0.001s {{(pid=110045) inner /opt/stack/data/venv/lib/python3.12/site-packages/oslo_concurrency/lockutils.py:538}}
Apr 17 03:09:41.524833 np0000166947 devstack@n-api-meta.service[110048]: DEBUG oslo_concurrency.lockutils [None req-e89ea561-fcda-40c8-b45b-39731116a8b5 None None] Acquiring lock "00000000-0000-0000-0000-000000000000" by "nova.context.set_target_cell..get_or_set_cached_cell_and_set_connections" {{(pid=110048) inner /opt/stack/data/venv/lib/python3.12/site-packages/oslo_concurrency/lockutils.py:506}}
Apr 17 03:09:41.524982 np0000166947 devstack@n-api-meta.service[110048]: DEBUG oslo_concurrency.lockutils [None req-e89ea561-fcda-40c8-b45b-39731116a8b5 None None] Lock "00000000-0000-0000-0000-000000000000" acquired by "nova.context.set_target_cell..get_or_set_cached_cell_and_set_connections" :: waited 0.000s {{(pid=110048) inner /opt/stack/data/venv/lib/python3.12/site-packages/oslo_concurrency/lockutils.py:519}}
Apr 17 03:09:41.525036 np0000166947 devstack@n-api-meta.service[110045]: DEBUG oslo_concurrency.lockutils [None req-8b98a03a-0cf7-47e2-8f32-5dce01cf2a72 None None] Acquiring lock "af242133-3da5-4c96-92ba-f1b0a5b0d003" by "nova.context.set_target_cell..get_or_set_cached_cell_and_set_connections" {{(pid=110045) inner /opt/stack/data/venv/lib/python3.12/site-packages/oslo_concurrency/lockutils.py:506}}
Apr 17 03:09:41.525248 np0000166947 devstack@n-api-meta.service[110045]: DEBUG oslo_concurrency.lockutils [None req-8b98a03a-0cf7-47e2-8f32-5dce01cf2a72 None None] Lock "af242133-3da5-4c96-92ba-f1b0a5b0d003" acquired by "nova.context.set_target_cell..get_or_set_cached_cell_and_set_connections" :: waited 0.000s {{(pid=110045) inner /opt/stack/data/venv/lib/python3.12/site-packages/oslo_concurrency/lockutils.py:519}}
Apr 17 03:09:41.525337 np0000166947 devstack@n-api-meta.service[110048]: DEBUG oslo_concurrency.lockutils [None req-e89ea561-fcda-40c8-b45b-39731116a8b5 None None] Lock "00000000-0000-0000-0000-000000000000" "released" by "nova.context.set_target_cell..get_or_set_cached_cell_and_set_connections" :: held 0.000s {{(pid=110048) inner /opt/stack/data/venv/lib/python3.12/site-packages/oslo_concurrency/lockutils.py:538}}
Apr 17 03:09:41.526121 np0000166947 devstack@n-api-meta.service[110048]: DEBUG oslo_concurrency.lockutils [None req-e89ea561-fcda-40c8-b45b-39731116a8b5 None None] Acquiring lock "af242133-3da5-4c96-92ba-f1b0a5b0d003" by "nova.context.set_target_cell..get_or_set_cached_cell_and_set_connections" {{(pid=110048) inner /opt/stack/data/venv/lib/python3.12/site-packages/oslo_concurrency/lockutils.py:506}}
Apr 17 03:09:41.526260 np0000166947 devstack@n-api-meta.service[110048]: DEBUG oslo_concurrency.lockutils [None req-e89ea561-fcda-40c8-b45b-39731116a8b5 None None] Lock "af242133-3da5-4c96-92ba-f1b0a5b0d003" acquired by "nova.context.set_target_cell..get_or_set_cached_cell_and_set_connections" :: waited 0.000s {{(pid=110048) inner /opt/stack/data/venv/lib/python3.12/site-packages/oslo_concurrency/lockutils.py:519}}
Apr 17 03:09:41.526398 np0000166947 devstack@n-api-meta.service[110045]: DEBUG oslo_concurrency.lockutils [None req-8b98a03a-0cf7-47e2-8f32-5dce01cf2a72 None None] Lock "af242133-3da5-4c96-92ba-f1b0a5b0d003" "released" by "nova.context.set_target_cell..get_or_set_cached_cell_and_set_connections" :: held 0.001s {{(pid=110045) inner /opt/stack/data/venv/lib/python3.12/site-packages/oslo_concurrency/lockutils.py:538}}
Apr 17 03:09:41.527100 np0000166947 devstack@n-api-meta.service[110048]: DEBUG oslo_concurrency.lockutils [None req-e89ea561-fcda-40c8-b45b-39731116a8b5 None None] Lock "af242133-3da5-4c96-92ba-f1b0a5b0d003" "released" by "nova.context.set_target_cell..get_or_set_cached_cell_and_set_connections" :: held 0.001s {{(pid=110048) inner /opt/stack/data/venv/lib/python3.12/site-packages/oslo_concurrency/lockutils.py:538}}
Apr 17 03:09:41.529037 np0000166947 devstack@n-api-meta.service[110046]: DEBUG oslo_db.sqlalchemy.engines [None req-1047edd0-637a-42ef-a4e4-7e5b39423bb3 None None] MySQL server mode set to STRICT_TRANS_TABLES,STRICT_ALL_TABLES,NO_ZERO_IN_DATE,NO_ZERO_DATE,ERROR_FOR_DIVISION_BY_ZERO,TRADITIONAL,NO_ENGINE_SUBSTITUTION {{(pid=110046) _check_effective_sql_mode /opt/stack/data/venv/lib/python3.12/site-packages/oslo_db/sqlalchemy/engines.py:325}}
Apr 17 03:09:41.529157 np0000166947 devstack@n-api-meta.service[110045]: INFO dbcounter [None req-8b98a03a-0cf7-47e2-8f32-5dce01cf2a72 None None] Registered counter for database nova_cell0
Apr 17 03:09:41.530152 np0000166947 devstack@n-api-meta.service[110048]: INFO dbcounter [None req-e89ea561-fcda-40c8-b45b-39731116a8b5 None None] Registered counter for database nova_cell0
Apr 17 03:09:41.536161 np0000166947 devstack@n-api-meta.service[110045]: INFO dbcounter [None req-8b98a03a-0cf7-47e2-8f32-5dce01cf2a72 None None] Registered counter for database nova_cell1
Apr 17 03:09:41.536263 np0000166947 devstack@n-api-meta.service[110047]: INFO dbcounter [None req-fd85c9af-b08a-434f-8a4a-ba58dc509d92 None None] Registered counter for database nova_api
Apr 17 03:09:41.536609 np0000166947 devstack@n-api-meta.service[110048]: INFO dbcounter [None req-e89ea561-fcda-40c8-b45b-39731116a8b5 None None] Registered counter for database nova_cell1
Apr 17 03:09:41.545069 np0000166947 devstack@n-api-meta.service[110045]: DEBUG oslo_db.sqlalchemy.engines [None req-8b98a03a-0cf7-47e2-8f32-5dce01cf2a72 None None] MySQL server mode set to STRICT_TRANS_TABLES,STRICT_ALL_TABLES,NO_ZERO_IN_DATE,NO_ZERO_DATE,ERROR_FOR_DIVISION_BY_ZERO,TRADITIONAL,NO_ENGINE_SUBSTITUTION {{(pid=110045) _check_effective_sql_mode /opt/stack/data/venv/lib/python3.12/site-packages/oslo_db/sqlalchemy/engines.py:325}}
Apr 17 03:09:41.550498 np0000166947 devstack@n-api-meta.service[110045]: DEBUG oslo_db.sqlalchemy.engines [None req-8b98a03a-0cf7-47e2-8f32-5dce01cf2a72 None None] MySQL server mode set to STRICT_TRANS_TABLES,STRICT_ALL_TABLES,NO_ZERO_IN_DATE,NO_ZERO_DATE,ERROR_FOR_DIVISION_BY_ZERO,TRADITIONAL,NO_ENGINE_SUBSTITUTION {{(pid=110045) _check_effective_sql_mode /opt/stack/data/venv/lib/python3.12/site-packages/oslo_db/sqlalchemy/engines.py:325}}
Apr 17 03:09:41.551973 np0000166947 devstack@n-api-meta.service[110048]: DEBUG oslo_db.sqlalchemy.engines [None req-e89ea561-fcda-40c8-b45b-39731116a8b5 None None] MySQL server mode set to STRICT_TRANS_TABLES,STRICT_ALL_TABLES,NO_ZERO_IN_DATE,NO_ZERO_DATE,ERROR_FOR_DIVISION_BY_ZERO,TRADITIONAL,NO_ENGINE_SUBSTITUTION {{(pid=110048) _check_effective_sql_mode /opt/stack/data/venv/lib/python3.12/site-packages/oslo_db/sqlalchemy/engines.py:325}}
Apr 17 03:09:41.563045 np0000166947 devstack@n-api-meta.service[110047]: DEBUG oslo_db.sqlalchemy.engines [None req-fd85c9af-b08a-434f-8a4a-ba58dc509d92 None None] MySQL server mode set to STRICT_TRANS_TABLES,STRICT_ALL_TABLES,NO_ZERO_IN_DATE,NO_ZERO_DATE,ERROR_FOR_DIVISION_BY_ZERO,TRADITIONAL,NO_ENGINE_SUBSTITUTION {{(pid=110047) _check_effective_sql_mode /opt/stack/data/venv/lib/python3.12/site-packages/oslo_db/sqlalchemy/engines.py:325}}
Apr 17 03:09:41.563973 np0000166947 devstack@n-api-meta.service[110048]: DEBUG oslo_db.sqlalchemy.engines [None req-e89ea561-fcda-40c8-b45b-39731116a8b5 None None] MySQL server mode set to STRICT_TRANS_TABLES,STRICT_ALL_TABLES,NO_ZERO_IN_DATE,NO_ZERO_DATE,ERROR_FOR_DIVISION_BY_ZERO,TRADITIONAL,NO_ENGINE_SUBSTITUTION {{(pid=110048) _check_effective_sql_mode /opt/stack/data/venv/lib/python3.12/site-packages/oslo_db/sqlalchemy/engines.py:325}}
Apr 17 03:09:41.570676 np0000166947 devstack@n-api-meta.service[110046]: DEBUG dbcounter [-] [110046] Writer thread running {{(pid=110046) stat_writer /opt/stack/data/venv/lib/python3.12/site-packages/dbcounter.py:102}}
Apr 17 03:09:41.573529 np0000166947 devstack@n-api-meta.service[110046]: DEBUG nova.context [None req-1047edd0-637a-42ef-a4e4-7e5b39423bb3 None None] Found 2 cells: 00000000-0000-0000-0000-000000000000(cell0),af242133-3da5-4c96-92ba-f1b0a5b0d003(cell1) {{(pid=110046) load_cells /opt/stack/nova/nova/context.py:509}}
Apr 17 03:09:41.573859 np0000166947 devstack@n-api-meta.service[110046]: INFO nova.utils [None req-1047edd0-637a-42ef-a4e4-7e5b39423bb3 None None] The cell worker thread pool MainProcess.cell_worker is initialized
Apr 17 03:09:41.576352 np0000166947 devstack@n-api-meta.service[110046]: DEBUG oslo_concurrency.lockutils [None req-1047edd0-637a-42ef-a4e4-7e5b39423bb3 None None] Acquiring lock "00000000-0000-0000-0000-000000000000" by "nova.context.set_target_cell..get_or_set_cached_cell_and_set_connections" {{(pid=110046) inner /opt/stack/data/venv/lib/python3.12/site-packages/oslo_concurrency/lockutils.py:506}}
Apr 17 03:09:41.576571 np0000166947 devstack@n-api-meta.service[110046]: DEBUG oslo_concurrency.lockutils [None req-1047edd0-637a-42ef-a4e4-7e5b39423bb3 None None] Lock "00000000-0000-0000-0000-000000000000" acquired by "nova.context.set_target_cell..get_or_set_cached_cell_and_set_connections" :: waited 0.000s {{(pid=110046) inner /opt/stack/data/venv/lib/python3.12/site-packages/oslo_concurrency/lockutils.py:519}}
Apr 17 03:09:41.577083 np0000166947 devstack@n-api-meta.service[110046]: DEBUG oslo_concurrency.lockutils [None req-1047edd0-637a-42ef-a4e4-7e5b39423bb3 None None] Lock "00000000-0000-0000-0000-000000000000" "released" by "nova.context.set_target_cell..get_or_set_cached_cell_and_set_connections" :: held 0.001s {{(pid=110046) inner /opt/stack/data/venv/lib/python3.12/site-packages/oslo_concurrency/lockutils.py:538}}
Apr 17 03:09:41.577855 np0000166947 devstack@n-api-meta.service[110046]: DEBUG oslo_concurrency.lockutils [None req-1047edd0-637a-42ef-a4e4-7e5b39423bb3 None None] Acquiring lock "af242133-3da5-4c96-92ba-f1b0a5b0d003" by "nova.context.set_target_cell..get_or_set_cached_cell_and_set_connections" {{(pid=110046) inner /opt/stack/data/venv/lib/python3.12/site-packages/oslo_concurrency/lockutils.py:506}}
Apr 17 03:09:41.578061 np0000166947 devstack@n-api-meta.service[110046]: DEBUG oslo_concurrency.lockutils [None req-1047edd0-637a-42ef-a4e4-7e5b39423bb3 None None] Lock "af242133-3da5-4c96-92ba-f1b0a5b0d003" acquired by "nova.context.set_target_cell..get_or_set_cached_cell_and_set_connections" :: waited 0.000s {{(pid=110046) inner /opt/stack/data/venv/lib/python3.12/site-packages/oslo_concurrency/lockutils.py:519}}
Apr 17 03:09:41.581075 np0000166947 devstack@n-api-meta.service[110046]: INFO dbcounter [None req-1047edd0-637a-42ef-a4e4-7e5b39423bb3 None None] Registered counter for database nova_cell0
Apr 17 03:09:41.582831 np0000166947 devstack@n-api-meta.service[110046]: DEBUG oslo_concurrency.lockutils [None req-1047edd0-637a-42ef-a4e4-7e5b39423bb3 None None] Lock "af242133-3da5-4c96-92ba-f1b0a5b0d003" "released" by "nova.context.set_target_cell..get_or_set_cached_cell_and_set_connections" :: held 0.003s {{(pid=110046) inner /opt/stack/data/venv/lib/python3.12/site-packages/oslo_concurrency/lockutils.py:538}}
Apr 17 03:09:41.585307 np0000166947 devstack@n-api-meta.service[110046]: INFO dbcounter [None req-1047edd0-637a-42ef-a4e4-7e5b39423bb3 None None] Registered counter for database nova_cell1
Apr 17 03:09:41.592699 np0000166947 devstack@n-api-meta.service[110046]: DEBUG oslo_db.sqlalchemy.engines [None req-1047edd0-637a-42ef-a4e4-7e5b39423bb3 None None] MySQL server mode set to STRICT_TRANS_TABLES,STRICT_ALL_TABLES,NO_ZERO_IN_DATE,NO_ZERO_DATE,ERROR_FOR_DIVISION_BY_ZERO,TRADITIONAL,NO_ENGINE_SUBSTITUTION {{(pid=110046) _check_effective_sql_mode /opt/stack/data/venv/lib/python3.12/site-packages/oslo_db/sqlalchemy/engines.py:325}}
Apr 17 03:09:41.598116 np0000166947 devstack@n-api-meta.service[110047]: DEBUG dbcounter [-] [110047] Writer thread running {{(pid=110047) stat_writer /opt/stack/data/venv/lib/python3.12/site-packages/dbcounter.py:102}}
Apr 17 03:09:41.599121 np0000166947 devstack@n-api-meta.service[110046]: DEBUG oslo_db.sqlalchemy.engines [None req-1047edd0-637a-42ef-a4e4-7e5b39423bb3 None None] MySQL server mode set to STRICT_TRANS_TABLES,STRICT_ALL_TABLES,NO_ZERO_IN_DATE,NO_ZERO_DATE,ERROR_FOR_DIVISION_BY_ZERO,TRADITIONAL,NO_ENGINE_SUBSTITUTION {{(pid=110046) _check_effective_sql_mode /opt/stack/data/venv/lib/python3.12/site-packages/oslo_db/sqlalchemy/engines.py:325}}
Apr 17 03:09:41.600427 np0000166947 devstack@n-api-meta.service[110047]: DEBUG nova.context [None req-fd85c9af-b08a-434f-8a4a-ba58dc509d92 None None] Found 2 cells: 00000000-0000-0000-0000-000000000000(cell0),af242133-3da5-4c96-92ba-f1b0a5b0d003(cell1) {{(pid=110047) load_cells /opt/stack/nova/nova/context.py:509}}
Apr 17 03:09:41.600628 np0000166947 devstack@n-api-meta.service[110047]: INFO nova.utils [None req-fd85c9af-b08a-434f-8a4a-ba58dc509d92 None None] The cell worker thread pool MainProcess.cell_worker is initialized
Apr 17 03:09:41.602452 np0000166947 devstack@n-api-meta.service[110047]: DEBUG oslo_concurrency.lockutils [None req-fd85c9af-b08a-434f-8a4a-ba58dc509d92 None None] Acquiring lock "00000000-0000-0000-0000-000000000000" by "nova.context.set_target_cell..get_or_set_cached_cell_and_set_connections" {{(pid=110047) inner /opt/stack/data/venv/lib/python3.12/site-packages/oslo_concurrency/lockutils.py:506}}
Apr 17 03:09:41.602611 np0000166947 devstack@n-api-meta.service[110047]: DEBUG oslo_concurrency.lockutils [None req-fd85c9af-b08a-434f-8a4a-ba58dc509d92 None None] Lock "00000000-0000-0000-0000-000000000000" acquired by "nova.context.set_target_cell..get_or_set_cached_cell_and_set_connections" :: waited 0.000s {{(pid=110047) inner /opt/stack/data/venv/lib/python3.12/site-packages/oslo_concurrency/lockutils.py:519}}
Apr 17 03:09:41.602998 np0000166947 devstack@n-api-meta.service[110047]: DEBUG oslo_concurrency.lockutils [None req-fd85c9af-b08a-434f-8a4a-ba58dc509d92 None None] Lock "00000000-0000-0000-0000-000000000000" "released" by "nova.context.set_target_cell..get_or_set_cached_cell_and_set_connections" :: held 0.000s {{(pid=110047) inner /opt/stack/data/venv/lib/python3.12/site-packages/oslo_concurrency/lockutils.py:538}}
Apr 17 03:09:41.603916 np0000166947 devstack@n-api-meta.service[110047]: DEBUG oslo_concurrency.lockutils [None req-fd85c9af-b08a-434f-8a4a-ba58dc509d92 None None] Acquiring lock "af242133-3da5-4c96-92ba-f1b0a5b0d003" by "nova.context.set_target_cell..get_or_set_cached_cell_and_set_connections" {{(pid=110047) inner /opt/stack/data/venv/lib/python3.12/site-packages/oslo_concurrency/lockutils.py:506}}
Apr 17 03:09:41.607677 np0000166947 devstack@n-api-meta.service[110047]: DEBUG oslo_concurrency.lockutils [None req-fd85c9af-b08a-434f-8a4a-ba58dc509d92 None None] Lock "af242133-3da5-4c96-92ba-f1b0a5b0d003" acquired by "nova.context.set_target_cell..get_or_set_cached_cell_and_set_connections" :: waited 0.000s {{(pid=110047) inner /opt/stack/data/venv/lib/python3.12/site-packages/oslo_concurrency/lockutils.py:519}}
Apr 17 03:09:41.607677 np0000166947 devstack@n-api-meta.service[110047]: DEBUG oslo_concurrency.lockutils [None req-fd85c9af-b08a-434f-8a4a-ba58dc509d92 None None] Lock "af242133-3da5-4c96-92ba-f1b0a5b0d003" "released" by "nova.context.set_target_cell..get_or_set_cached_cell_and_set_connections" :: held 0.001s {{(pid=110047) inner /opt/stack/data/venv/lib/python3.12/site-packages/oslo_concurrency/lockutils.py:538}}
Apr 17 03:09:41.608096 np0000166947 devstack@n-api-meta.service[110047]: INFO dbcounter [None req-fd85c9af-b08a-434f-8a4a-ba58dc509d92 None None] Registered counter for database nova_cell0
Apr 17 03:09:41.613346 np0000166947 devstack@n-api-meta.service[110047]: INFO dbcounter [None req-fd85c9af-b08a-434f-8a4a-ba58dc509d92 None None] Registered counter for database nova_cell1
Apr 17 03:09:41.622723 np0000166947 devstack@n-api-meta.service[110047]: DEBUG oslo_db.sqlalchemy.engines [None req-fd85c9af-b08a-434f-8a4a-ba58dc509d92 None None] MySQL server mode set to STRICT_TRANS_TABLES,STRICT_ALL_TABLES,NO_ZERO_IN_DATE,NO_ZERO_DATE,ERROR_FOR_DIVISION_BY_ZERO,TRADITIONAL,NO_ENGINE_SUBSTITUTION {{(pid=110047) _check_effective_sql_mode /opt/stack/data/venv/lib/python3.12/site-packages/oslo_db/sqlalchemy/engines.py:325}}
Apr 17 03:09:41.629437 np0000166947 devstack@n-api-meta.service[110047]: DEBUG oslo_db.sqlalchemy.engines [None req-fd85c9af-b08a-434f-8a4a-ba58dc509d92 None None] MySQL server mode set to STRICT_TRANS_TABLES,STRICT_ALL_TABLES,NO_ZERO_IN_DATE,NO_ZERO_DATE,ERROR_FOR_DIVISION_BY_ZERO,TRADITIONAL,NO_ENGINE_SUBSTITUTION {{(pid=110047) _check_effective_sql_mode /opt/stack/data/venv/lib/python3.12/site-packages/oslo_db/sqlalchemy/engines.py:325}}
Apr 17 03:09:41.640748 np0000166947 devstack@n-api-meta.service[110045]: DEBUG dbcounter [-] [110045] Writer thread running {{(pid=110045) stat_writer /opt/stack/data/venv/lib/python3.12/site-packages/dbcounter.py:102}}
Apr 17 03:09:41.643441 np0000166947 devstack@n-api-meta.service[110045]: DEBUG dbcounter [-] [110045] Writer thread running {{(pid=110045) stat_writer /opt/stack/data/venv/lib/python3.12/site-packages/dbcounter.py:102}}
Apr 17 03:09:41.651350 np0000166947 devstack@n-api-meta.service[110045]: INFO dbcounter [None req-8b98a03a-0cf7-47e2-8f32-5dce01cf2a72 None None] Registered counter for database nova_cell0
Apr 17 03:09:41.658097 np0000166947 devstack@n-api-meta.service[110045]: DEBUG oslo_db.sqlalchemy.engines [None req-8b98a03a-0cf7-47e2-8f32-5dce01cf2a72 None None] MySQL server mode set to STRICT_TRANS_TABLES,STRICT_ALL_TABLES,NO_ZERO_IN_DATE,NO_ZERO_DATE,ERROR_FOR_DIVISION_BY_ZERO,TRADITIONAL,NO_ENGINE_SUBSTITUTION {{(pid=110045) _check_effective_sql_mode /opt/stack/data/venv/lib/python3.12/site-packages/oslo_db/sqlalchemy/engines.py:325}}
Apr 17 03:09:41.659510 np0000166947 devstack@n-api-meta.service[110048]: DEBUG dbcounter [-] [110048] Writer thread running {{(pid=110048) stat_writer /opt/stack/data/venv/lib/python3.12/site-packages/dbcounter.py:102}}
Apr 17 03:09:41.660215 np0000166947 devstack@n-api-meta.service[110048]: DEBUG dbcounter [-] [110048] Writer thread running {{(pid=110048) stat_writer /opt/stack/data/venv/lib/python3.12/site-packages/dbcounter.py:102}}
Apr 17 03:09:41.664765 np0000166947 devstack@n-api-meta.service[110048]: INFO dbcounter [None req-e89ea561-fcda-40c8-b45b-39731116a8b5 None None] Registered counter for database nova_cell0
Apr 17 03:09:41.666155 np0000166947 devstack@n-api-meta.service[110045]: DEBUG dbcounter [-] [110045] Writer thread running {{(pid=110045) stat_writer /opt/stack/data/venv/lib/python3.12/site-packages/dbcounter.py:102}}
Apr 17 03:09:41.678460 np0000166947 devstack@n-api-meta.service[110048]: DEBUG oslo_db.sqlalchemy.engines [None req-e89ea561-fcda-40c8-b45b-39731116a8b5 None None] MySQL server mode set to STRICT_TRANS_TABLES,STRICT_ALL_TABLES,NO_ZERO_IN_DATE,NO_ZERO_DATE,ERROR_FOR_DIVISION_BY_ZERO,TRADITIONAL,NO_ENGINE_SUBSTITUTION {{(pid=110048) _check_effective_sql_mode /opt/stack/data/venv/lib/python3.12/site-packages/oslo_db/sqlalchemy/engines.py:325}}
Apr 17 03:09:41.687149 np0000166947 devstack@n-api-meta.service[110046]: DEBUG dbcounter [-] [110046] Writer thread running {{(pid=110046) stat_writer /opt/stack/data/venv/lib/python3.12/site-packages/dbcounter.py:102}}
Apr 17 03:09:41.688768 np0000166947 devstack@n-api-meta.service[110048]: DEBUG dbcounter [-] [110048] Writer thread running {{(pid=110048) stat_writer /opt/stack/data/venv/lib/python3.12/site-packages/dbcounter.py:102}}
Apr 17 03:09:41.692607 np0000166947 devstack@n-api-meta.service[110046]: DEBUG dbcounter [-] [110046] Writer thread running {{(pid=110046) stat_writer /opt/stack/data/venv/lib/python3.12/site-packages/dbcounter.py:102}}
Apr 17 03:09:41.695478 np0000166947 devstack@n-api-meta.service[110046]: INFO dbcounter [None req-1047edd0-637a-42ef-a4e4-7e5b39423bb3 None None] Registered counter for database nova_cell0
Apr 17 03:09:41.705200 np0000166947 devstack@n-api-meta.service[110046]: DEBUG oslo_db.sqlalchemy.engines [None req-1047edd0-637a-42ef-a4e4-7e5b39423bb3 None None] MySQL server mode set to STRICT_TRANS_TABLES,STRICT_ALL_TABLES,NO_ZERO_IN_DATE,NO_ZERO_DATE,ERROR_FOR_DIVISION_BY_ZERO,TRADITIONAL,NO_ENGINE_SUBSTITUTION {{(pid=110046) _check_effective_sql_mode /opt/stack/data/venv/lib/python3.12/site-packages/oslo_db/sqlalchemy/engines.py:325}}
Apr 17 03:09:41.709185 np0000166947 devstack@n-api-meta.service[110045]: WARNING nova.api.metadata.handler [None req-8b98a03a-0cf7-47e2-8f32-5dce01cf2a72 None None] metadata_proxy_shared_secret is not configured, the metadata information returned by the proxy cannot be trusted
Apr 17 03:09:41.711605 np0000166947 devstack@n-api-meta.service[110045]: DEBUG nova.api.openstack.wsgi_app [None req-8b98a03a-0cf7-47e2-8f32-5dce01cf2a72 None None] ******************************************************************************** {{(pid=110045) log_opt_values /opt/stack/data/venv/lib/python3.12/site-packages/oslo_config/cfg.py:2979}}
Apr 17 03:09:41.711801 np0000166947 devstack@n-api-meta.service[110045]: DEBUG nova.api.openstack.wsgi_app [None req-8b98a03a-0cf7-47e2-8f32-5dce01cf2a72 None None] Configuration options gathered from: {{(pid=110045) log_opt_values /opt/stack/data/venv/lib/python3.12/site-packages/oslo_config/cfg.py:2980}}
Apr 17 03:09:41.711923 np0000166947 devstack@n-api-meta.service[110045]: DEBUG nova.api.openstack.wsgi_app [None req-8b98a03a-0cf7-47e2-8f32-5dce01cf2a72 None None] command line args: [] {{(pid=110045) log_opt_values /opt/stack/data/venv/lib/python3.12/site-packages/oslo_config/cfg.py:2981}}
Apr 17 03:09:41.712041 np0000166947 devstack@n-api-meta.service[110045]: DEBUG nova.api.openstack.wsgi_app [None req-8b98a03a-0cf7-47e2-8f32-5dce01cf2a72 None None] config files: ['/etc/nova/api-paste.ini', '/etc/nova/nova.conf'] {{(pid=110045) log_opt_values /opt/stack/data/venv/lib/python3.12/site-packages/oslo_config/cfg.py:2982}}
Apr 17 03:09:41.712134 np0000166947 devstack@n-api-meta.service[110045]: DEBUG nova.api.openstack.wsgi_app [None req-8b98a03a-0cf7-47e2-8f32-5dce01cf2a72 None None] ================================================================================ {{(pid=110045) log_opt_values /opt/stack/data/venv/lib/python3.12/site-packages/oslo_config/cfg.py:2987}}
Apr 17 03:09:41.712321 np0000166947 devstack@n-api-meta.service[110045]: DEBUG nova.api.openstack.wsgi_app [None req-8b98a03a-0cf7-47e2-8f32-5dce01cf2a72 None None] allow_resize_to_same_host = True {{(pid=110045) log_opt_values /opt/stack/data/venv/lib/python3.12/site-packages/oslo_config/cfg.py:2995}}
Apr 17 03:09:41.712443 np0000166947 devstack@n-api-meta.service[110045]: DEBUG nova.api.openstack.wsgi_app [None req-8b98a03a-0cf7-47e2-8f32-5dce01cf2a72 None None] arq_binding_timeout = 300 {{(pid=110045) log_opt_values /opt/stack/data/venv/lib/python3.12/site-packages/oslo_config/cfg.py:2995}}
Apr 17 03:09:41.712590 np0000166947 devstack@n-api-meta.service[110045]: DEBUG nova.api.openstack.wsgi_app [None req-8b98a03a-0cf7-47e2-8f32-5dce01cf2a72 None None] block_device_allocate_retries = 60 {{(pid=110045) log_opt_values /opt/stack/data/venv/lib/python3.12/site-packages/oslo_config/cfg.py:2995}}
Apr 17 03:09:41.712739 np0000166947 devstack@n-api-meta.service[110045]: DEBUG nova.api.openstack.wsgi_app [None req-8b98a03a-0cf7-47e2-8f32-5dce01cf2a72 None None] block_device_allocate_retries_interval = 3 {{(pid=110045) log_opt_values /opt/stack/data/venv/lib/python3.12/site-packages/oslo_config/cfg.py:2995}}
Apr 17 03:09:41.712890 np0000166947 devstack@n-api-meta.service[110045]: DEBUG nova.api.openstack.wsgi_app [None req-8b98a03a-0cf7-47e2-8f32-5dce01cf2a72 None None] cell_worker_thread_pool_size = 5 {{(pid=110045) log_opt_values /opt/stack/data/venv/lib/python3.12/site-packages/oslo_config/cfg.py:2995}}
Apr 17 03:09:41.713023 np0000166947 devstack@n-api-meta.service[110045]: DEBUG nova.api.openstack.wsgi_app [None req-8b98a03a-0cf7-47e2-8f32-5dce01cf2a72 None None] cert = self.pem {{(pid=110045) log_opt_values /opt/stack/data/venv/lib/python3.12/site-packages/oslo_config/cfg.py:2995}}
Apr 17 03:09:41.713164 np0000166947 devstack@n-api-meta.service[110045]: DEBUG nova.api.openstack.wsgi_app [None req-8b98a03a-0cf7-47e2-8f32-5dce01cf2a72 None None] compute_driver = libvirt.LibvirtDriver {{(pid=110045) log_opt_values /opt/stack/data/venv/lib/python3.12/site-packages/oslo_config/cfg.py:2995}}
Apr 17 03:09:41.713283 np0000166947 devstack@n-api-meta.service[110046]: DEBUG dbcounter [-] [110046] Writer thread running {{(pid=110046) stat_writer /opt/stack/data/venv/lib/python3.12/site-packages/dbcounter.py:102}}
Apr 17 03:09:41.713346 np0000166947 devstack@n-api-meta.service[110045]: DEBUG nova.api.openstack.wsgi_app [None req-8b98a03a-0cf7-47e2-8f32-5dce01cf2a72 None None] compute_monitors = [] {{(pid=110045) log_opt_values /opt/stack/data/venv/lib/python3.12/site-packages/oslo_config/cfg.py:2995}}
Apr 17 03:09:41.713435 np0000166947 devstack@n-api-meta.service[110045]: DEBUG nova.api.openstack.wsgi_app [None req-8b98a03a-0cf7-47e2-8f32-5dce01cf2a72 None None] config_dir = [] {{(pid=110045) log_opt_values /opt/stack/data/venv/lib/python3.12/site-packages/oslo_config/cfg.py:2995}}
Apr 17 03:09:41.713639 np0000166947 devstack@n-api-meta.service[110045]: DEBUG nova.api.openstack.wsgi_app [None req-8b98a03a-0cf7-47e2-8f32-5dce01cf2a72 None None] config_drive_format = iso9660 {{(pid=110045) log_opt_values /opt/stack/data/venv/lib/python3.12/site-packages/oslo_config/cfg.py:2995}}
Apr 17 03:09:41.713808 np0000166947 devstack@n-api-meta.service[110045]: DEBUG nova.api.openstack.wsgi_app [None req-8b98a03a-0cf7-47e2-8f32-5dce01cf2a72 None None] config_file = ['/etc/nova/api-paste.ini', '/etc/nova/nova.conf'] {{(pid=110045) log_opt_values /opt/stack/data/venv/lib/python3.12/site-packages/oslo_config/cfg.py:2995}}
Apr 17 03:09:41.714001 np0000166947 devstack@n-api-meta.service[110045]: DEBUG nova.api.openstack.wsgi_app [None req-8b98a03a-0cf7-47e2-8f32-5dce01cf2a72 None None] config_source = [] {{(pid=110045) log_opt_values /opt/stack/data/venv/lib/python3.12/site-packages/oslo_config/cfg.py:2995}}
Apr 17 03:09:41.714196 np0000166947 devstack@n-api-meta.service[110045]: DEBUG nova.api.openstack.wsgi_app [None req-8b98a03a-0cf7-47e2-8f32-5dce01cf2a72 None None] console_host = np0000166947 {{(pid=110045) log_opt_values /opt/stack/data/venv/lib/python3.12/site-packages/oslo_config/cfg.py:2995}}
Apr 17 03:09:41.714390 np0000166947 devstack@n-api-meta.service[110045]: DEBUG nova.api.openstack.wsgi_app [None req-8b98a03a-0cf7-47e2-8f32-5dce01cf2a72 None None] control_exchange = nova {{(pid=110045) log_opt_values /opt/stack/data/venv/lib/python3.12/site-packages/oslo_config/cfg.py:2995}}
Apr 17 03:09:41.714583 np0000166947 devstack@n-api-meta.service[110045]: DEBUG nova.api.openstack.wsgi_app [None req-8b98a03a-0cf7-47e2-8f32-5dce01cf2a72 None None] cpu_allocation_ratio = None {{(pid=110045) log_opt_values /opt/stack/data/venv/lib/python3.12/site-packages/oslo_config/cfg.py:2995}}
Apr 17 03:09:41.714833 np0000166947 devstack@n-api-meta.service[110045]: DEBUG nova.api.openstack.wsgi_app [None req-8b98a03a-0cf7-47e2-8f32-5dce01cf2a72 None None] daemon = False {{(pid=110045) log_opt_values /opt/stack/data/venv/lib/python3.12/site-packages/oslo_config/cfg.py:2995}}
Apr 17 03:09:41.715029 np0000166947 devstack@n-api-meta.service[110045]: DEBUG nova.api.openstack.wsgi_app [None req-8b98a03a-0cf7-47e2-8f32-5dce01cf2a72 None None] debug = True {{(pid=110045) log_opt_values /opt/stack/data/venv/lib/python3.12/site-packages/oslo_config/cfg.py:2995}}
Apr 17 03:09:41.715215 np0000166947 devstack@n-api-meta.service[110045]: DEBUG nova.api.openstack.wsgi_app [None req-8b98a03a-0cf7-47e2-8f32-5dce01cf2a72 None None] default_access_ip_network_name = None {{(pid=110045) log_opt_values /opt/stack/data/venv/lib/python3.12/site-packages/oslo_config/cfg.py:2995}}
Apr 17 03:09:41.715408 np0000166947 devstack@n-api-meta.service[110045]: DEBUG nova.api.openstack.wsgi_app [None req-8b98a03a-0cf7-47e2-8f32-5dce01cf2a72 None None] default_availability_zone = nova {{(pid=110045) log_opt_values /opt/stack/data/venv/lib/python3.12/site-packages/oslo_config/cfg.py:2995}}
Apr 17 03:09:41.715600 np0000166947 devstack@n-api-meta.service[110045]: DEBUG nova.api.openstack.wsgi_app [None req-8b98a03a-0cf7-47e2-8f32-5dce01cf2a72 None None] default_ephemeral_format = ext4 {{(pid=110045) log_opt_values /opt/stack/data/venv/lib/python3.12/site-packages/oslo_config/cfg.py:2995}}
Apr 17 03:09:41.715860 np0000166947 devstack@n-api-meta.service[110045]: DEBUG nova.api.openstack.wsgi_app [None req-8b98a03a-0cf7-47e2-8f32-5dce01cf2a72 None None] default_green_pool_size = 1000 {{(pid=110045) log_opt_values /opt/stack/data/venv/lib/python3.12/site-packages/oslo_config/cfg.py:2995}}
Apr 17 03:09:41.716154 np0000166947 devstack@n-api-meta.service[110045]: DEBUG nova.api.openstack.wsgi_app [None req-8b98a03a-0cf7-47e2-8f32-5dce01cf2a72 None None] default_log_levels = ['amqp=WARN', 'boto=WARN', 'sqlalchemy=WARN', 'suds=INFO', 'oslo.messaging=INFO', 'oslo_messaging=INFO', 'iso8601=WARN', 'requests.packages.urllib3.connectionpool=WARN', 'urllib3.connectionpool=WARN', 'websocket=WARN', 'requests.packages.urllib3.util.retry=WARN', 'urllib3.util.retry=WARN', 'keystonemiddleware=WARN', 'routes.middleware=WARN', 'stevedore=WARN', 'taskflow=WARN', 'keystoneauth=WARN', 'oslo.cache=INFO', 'oslo_policy=INFO', 'dogpile.core.dogpile=INFO', 'glanceclient=WARN', 'oslo.privsep.daemon=INFO'] {{(pid=110045) log_opt_values /opt/stack/data/venv/lib/python3.12/site-packages/oslo_config/cfg.py:2995}}
Apr 17 03:09:41.716341 np0000166947 devstack@n-api-meta.service[110045]: DEBUG nova.api.openstack.wsgi_app [None req-8b98a03a-0cf7-47e2-8f32-5dce01cf2a72 None None] default_schedule_zone = None {{(pid=110045) log_opt_values /opt/stack/data/venv/lib/python3.12/site-packages/oslo_config/cfg.py:2995}}
Apr 17 03:09:41.716532 np0000166947 devstack@n-api-meta.service[110045]: DEBUG nova.api.openstack.wsgi_app [None req-8b98a03a-0cf7-47e2-8f32-5dce01cf2a72 None None] default_thread_pool_size = 10 {{(pid=110045) log_opt_values /opt/stack/data/venv/lib/python3.12/site-packages/oslo_config/cfg.py:2995}}
Apr 17 03:09:41.716744 np0000166947 devstack@n-api-meta.service[110045]: DEBUG nova.api.openstack.wsgi_app [None req-8b98a03a-0cf7-47e2-8f32-5dce01cf2a72 None None] disk_allocation_ratio = None {{(pid=110045) log_opt_values /opt/stack/data/venv/lib/python3.12/site-packages/oslo_config/cfg.py:2995}}
Apr 17 03:09:41.716939 np0000166947 devstack@n-api-meta.service[110045]: DEBUG nova.api.openstack.wsgi_app [None req-8b98a03a-0cf7-47e2-8f32-5dce01cf2a72 None None] enable_new_services = True {{(pid=110045) log_opt_values /opt/stack/data/venv/lib/python3.12/site-packages/oslo_config/cfg.py:2995}}
Apr 17 03:09:41.717140 np0000166947 devstack@n-api-meta.service[110045]: DEBUG nova.api.openstack.wsgi_app [None req-8b98a03a-0cf7-47e2-8f32-5dce01cf2a72 None None] flat_injected = False {{(pid=110045) log_opt_values /opt/stack/data/venv/lib/python3.12/site-packages/oslo_config/cfg.py:2995}}
Apr 17 03:09:41.717332 np0000166947 devstack@n-api-meta.service[110045]: DEBUG nova.api.openstack.wsgi_app [None req-8b98a03a-0cf7-47e2-8f32-5dce01cf2a72 None None] force_config_drive = False {{(pid=110045) log_opt_values /opt/stack/data/venv/lib/python3.12/site-packages/oslo_config/cfg.py:2995}}
Apr 17 03:09:41.717520 np0000166947 devstack@n-api-meta.service[110045]: DEBUG nova.api.openstack.wsgi_app [None req-8b98a03a-0cf7-47e2-8f32-5dce01cf2a72 None None] force_raw_images = True {{(pid=110045) log_opt_values /opt/stack/data/venv/lib/python3.12/site-packages/oslo_config/cfg.py:2995}}
Apr 17 03:09:41.717742 np0000166947 devstack@n-api-meta.service[110045]: DEBUG nova.api.openstack.wsgi_app [None req-8b98a03a-0cf7-47e2-8f32-5dce01cf2a72 None None] graceful_shutdown_timeout = 5 {{(pid=110045) log_opt_values /opt/stack/data/venv/lib/python3.12/site-packages/oslo_config/cfg.py:2995}}
Apr 17 03:09:41.717818 np0000166947 devstack@n-api-meta.service[110048]: WARNING nova.api.metadata.handler [None req-e89ea561-fcda-40c8-b45b-39731116a8b5 None None] metadata_proxy_shared_secret is not configured, the metadata information returned by the proxy cannot be trusted
Apr 17 03:09:41.717938 np0000166947 devstack@n-api-meta.service[110045]: DEBUG nova.api.openstack.wsgi_app [None req-8b98a03a-0cf7-47e2-8f32-5dce01cf2a72 None None] heal_instance_info_cache_interval = -1 {{(pid=110045) log_opt_values /opt/stack/data/venv/lib/python3.12/site-packages/oslo_config/cfg.py:2995}}
Apr 17 03:09:41.718210 np0000166947 devstack@n-api-meta.service[110045]: DEBUG nova.api.openstack.wsgi_app [None req-8b98a03a-0cf7-47e2-8f32-5dce01cf2a72 None None] host = np0000166947 {{(pid=110045) log_opt_values /opt/stack/data/venv/lib/python3.12/site-packages/oslo_config/cfg.py:2995}}
Apr 17 03:09:41.718394 np0000166947 devstack@n-api-meta.service[110045]: DEBUG nova.api.openstack.wsgi_app [None req-8b98a03a-0cf7-47e2-8f32-5dce01cf2a72 None None] initial_cpu_allocation_ratio = 4.0 {{(pid=110045) log_opt_values /opt/stack/data/venv/lib/python3.12/site-packages/oslo_config/cfg.py:2995}}
Apr 17 03:09:41.718613 np0000166947 devstack@n-api-meta.service[110045]: DEBUG nova.api.openstack.wsgi_app [None req-8b98a03a-0cf7-47e2-8f32-5dce01cf2a72 None None] initial_disk_allocation_ratio = 1.0 {{(pid=110045) log_opt_values /opt/stack/data/venv/lib/python3.12/site-packages/oslo_config/cfg.py:2995}}
Apr 17 03:09:41.718805 np0000166947 devstack@n-api-meta.service[110045]: DEBUG nova.api.openstack.wsgi_app [None req-8b98a03a-0cf7-47e2-8f32-5dce01cf2a72 None None] initial_ram_allocation_ratio = 1.0 {{(pid=110045) log_opt_values /opt/stack/data/venv/lib/python3.12/site-packages/oslo_config/cfg.py:2995}}
Apr 17 03:09:41.719052 np0000166947 devstack@n-api-meta.service[110045]: DEBUG nova.api.openstack.wsgi_app [None req-8b98a03a-0cf7-47e2-8f32-5dce01cf2a72 None None] injected_network_template = /opt/stack/nova/nova/virt/interfaces.template {{(pid=110045) log_opt_values /opt/stack/data/venv/lib/python3.12/site-packages/oslo_config/cfg.py:2995}}
Apr 17 03:09:41.719243 np0000166947 devstack@n-api-meta.service[110045]: DEBUG nova.api.openstack.wsgi_app [None req-8b98a03a-0cf7-47e2-8f32-5dce01cf2a72 None None] instance_build_timeout = 0 {{(pid=110045) log_opt_values /opt/stack/data/venv/lib/python3.12/site-packages/oslo_config/cfg.py:2995}}
Apr 17 03:09:41.719440 np0000166947 devstack@n-api-meta.service[110045]: DEBUG nova.api.openstack.wsgi_app [None req-8b98a03a-0cf7-47e2-8f32-5dce01cf2a72 None None] instance_delete_interval = 300 {{(pid=110045) log_opt_values /opt/stack/data/venv/lib/python3.12/site-packages/oslo_config/cfg.py:2995}}
Apr 17 03:09:41.719643 np0000166947 devstack@n-api-meta.service[110045]: DEBUG nova.api.openstack.wsgi_app [None req-8b98a03a-0cf7-47e2-8f32-5dce01cf2a72 None None] instance_format = [instance: %(uuid)s] {{(pid=110045) log_opt_values /opt/stack/data/venv/lib/python3.12/site-packages/oslo_config/cfg.py:2995}}
Apr 17 03:09:41.719918 np0000166947 devstack@n-api-meta.service[110045]: DEBUG nova.api.openstack.wsgi_app [None req-8b98a03a-0cf7-47e2-8f32-5dce01cf2a72 None None] instance_name_template = instance-%08x {{(pid=110045) log_opt_values /opt/stack/data/venv/lib/python3.12/site-packages/oslo_config/cfg.py:2995}}
Apr 17 03:09:41.720113 np0000166947 devstack@n-api-meta.service[110045]: DEBUG nova.api.openstack.wsgi_app [None req-8b98a03a-0cf7-47e2-8f32-5dce01cf2a72 None None] instance_usage_audit = False {{(pid=110045) log_opt_values /opt/stack/data/venv/lib/python3.12/site-packages/oslo_config/cfg.py:2995}}
Apr 17 03:09:41.720282 np0000166947 devstack@n-api-meta.service[110048]: DEBUG nova.api.openstack.wsgi_app [None req-e89ea561-fcda-40c8-b45b-39731116a8b5 None None] ******************************************************************************** {{(pid=110048) log_opt_values /opt/stack/data/venv/lib/python3.12/site-packages/oslo_config/cfg.py:2979}}
Apr 17 03:09:41.720353 np0000166947 devstack@n-api-meta.service[110045]: DEBUG nova.api.openstack.wsgi_app [None req-8b98a03a-0cf7-47e2-8f32-5dce01cf2a72 None None] instance_usage_audit_period = month {{(pid=110045) log_opt_values /opt/stack/data/venv/lib/python3.12/site-packages/oslo_config/cfg.py:2995}}
