Mar 04 06:13:14.184321 np0000157783 systemd[1]: Starting devstack@n-api-meta.service - Devstack devstack@n-api-meta.service...
Mar 04 06:13:14.194631 np0000157783 devstack@n-api-meta.service[108379]: [uWSGI] getting INI configuration from /etc/nova/nova-metadata-uwsgi.ini
Mar 04 06:13:14.195286 np0000157783 devstack@n-api-meta.service[108379]: open("./http_plugin.so"): No such file or directory [core/utils.c line 3709]
Mar 04 06:13:14.195286 np0000157783 devstack@n-api-meta.service[108379]: !!! UNABLE to load uWSGI plugin: ./http_plugin.so: cannot open shared object file: No such file or directory !!!
Mar 04 06:13:14.195286 np0000157783 devstack@n-api-meta.service[108379]: open("./python3_plugin.so"): No such file or directory [core/utils.c line 3709]
Mar 04 06:13:14.195286 np0000157783 devstack@n-api-meta.service[108379]: !!! UNABLE to load uWSGI plugin: ./python3_plugin.so: cannot open shared object file: No such file or directory !!!
Mar 04 06:13:14.195286 np0000157783 devstack@n-api-meta.service[108379]: *** Starting uWSGI 2.0.31 (64bit) on [Wed Mar 4 06:13:14 2026] ***
Mar 04 06:13:14.195286 np0000157783 devstack@n-api-meta.service[108379]: compiled with version: 13.3.0 on 04 March 2026 06:02:30
Mar 04 06:13:14.195286 np0000157783 devstack@n-api-meta.service[108379]: os: Linux-6.8.0-101-generic #101-Ubuntu SMP PREEMPT_DYNAMIC Mon Feb 9 10:15:05 UTC 2026
Mar 04 06:13:14.195286 np0000157783 devstack@n-api-meta.service[108379]: nodename: np0000157783
Mar 04 06:13:14.195286 np0000157783 devstack@n-api-meta.service[108379]: machine: x86_64
Mar 04 06:13:14.195286 np0000157783 devstack@n-api-meta.service[108379]: clock source: unix
Mar 04 06:13:14.195286 np0000157783 devstack@n-api-meta.service[108379]: pcre jit disabled
Mar 04 06:13:14.195286 np0000157783 devstack@n-api-meta.service[108379]: detected number of CPU cores: 16
Mar 04 06:13:14.195286 np0000157783 devstack@n-api-meta.service[108379]: current working directory: /
Mar 04 06:13:14.195286 np0000157783 devstack@n-api-meta.service[108379]: detected binary path: /opt/stack/data/venv/bin/uwsgi
Mar 04 06:13:14.195286 np0000157783 devstack@n-api-meta.service[108379]: your processes number limit is 256923
Mar 04 06:13:14.195286 np0000157783 devstack@n-api-meta.service[108379]: your memory page size is 4096 bytes
Mar 04 06:13:14.195286 np0000157783 devstack@n-api-meta.service[108379]: detected max file descriptor number: 2048
Mar 04 06:13:14.195286 np0000157783 devstack@n-api-meta.service[108379]: lock engine: pthread robust mutexes
Mar 04 06:13:14.195286 np0000157783 devstack@n-api-meta.service[108379]: thunder lock: enabled
Mar 04 06:13:14.196285 np0000157783 devstack@n-api-meta.service[108379]: uWSGI http bound on 0.0.0.0:8775 fd 5
Mar 04 06:13:14.196285 np0000157783 devstack@n-api-meta.service[108379]: uwsgi socket 0 bound to TCP address 127.0.0.1:36273 (port auto-assigned) fd 4
Mar 04 06:13:14.196285 np0000157783 devstack@n-api-meta.service[108379]: Python version: 3.12.3 (main, Jan 22 2026, 20:57:42) [GCC 13.3.0]
Mar 04 06:13:14.196285 np0000157783 devstack@n-api-meta.service[108379]: PEP 405 virtualenv detected: /opt/stack/data/venv
Mar 04 06:13:14.196285 np0000157783 devstack@n-api-meta.service[108379]: Set PythonHome to /opt/stack/data/venv
Mar 04 06:13:14.230538 np0000157783 devstack@n-api-meta.service[108379]: Python main interpreter initialized at 0x7b0e478a3668
Mar 04 06:13:14.230538 np0000157783 devstack@n-api-meta.service[108379]: python threads support enabled
Mar 04 06:13:14.230538 np0000157783 devstack@n-api-meta.service[108379]: your server socket listen backlog is limited to 100 connections
Mar 04 06:13:14.230538 np0000157783 devstack@n-api-meta.service[108379]: your mercy for graceful operations on workers is 80 seconds
Mar 04 06:13:14.231084 np0000157783 devstack@n-api-meta.service[108379]: mapped 671795 bytes (656 KB) for 4 cores
Mar 04 06:13:14.231209 np0000157783 devstack@n-api-meta.service[108379]: *** Operational MODE: preforking ***
Mar 04 06:13:14.231467 np0000157783 devstack@n-api-meta.service[108379]: *** uWSGI is running in multiple interpreter mode ***
Mar 04 06:13:14.231467 np0000157783 devstack@n-api-meta.service[108379]: spawned uWSGI master process (pid: 108379)
Mar 04 06:13:14.231613 np0000157783 systemd[1]: Started devstack@n-api-meta.service - Devstack devstack@n-api-meta.service.
Mar 04 06:13:14.232150 np0000157783 devstack@n-api-meta.service[108379]: spawned uWSGI worker 1 (pid: 108380, cores: 1)
Mar 04 06:13:14.232580 np0000157783 devstack@n-api-meta.service[108379]: spawned uWSGI worker 2 (pid: 108381, cores: 1)
Mar 04 06:13:14.233176 np0000157783 devstack@n-api-meta.service[108379]: spawned uWSGI worker 3 (pid: 108382, cores: 1)
Mar 04 06:13:14.233653 np0000157783 devstack@n-api-meta.service[108379]: spawned uWSGI worker 4 (pid: 108383, cores: 1)
Mar 04 06:13:14.234041 np0000157783 devstack@n-api-meta.service[108379]: spawned uWSGI http 1 (pid: 108384)
Mar 04 06:13:14.234041 np0000157783 devstack@n-api-meta.service[108379]: running "unix_signal:15 gracefully_kill_them_all" (master-start)...
Mar 04 06:13:14.573529 np0000157783 devstack@n-api-meta.service[108383]: Service is starting with native threading. This is currently experimental. Do not use it in production without first testing it in pre-production.
Mar 04 06:13:14.578327 np0000157783 devstack@n-api-meta.service[108381]: Service is starting with native threading. This is currently experimental. Do not use it in production without first testing it in pre-production.
Mar 04 06:13:14.583430 np0000157783 devstack@n-api-meta.service[108380]: Service is starting with native threading. This is currently experimental. Do not use it in production without first testing it in pre-production.
Mar 04 06:13:14.584554 np0000157783 devstack@n-api-meta.service[108382]: Service is starting with native threading. This is currently experimental. Do not use it in production without first testing it in pre-production.
Mar 04 06:13:16.013516 np0000157783 devstack@n-api-meta.service[108383]: INFO dbcounter [None req-abd4c65c-e05a-4069-9fcc-f8ad26f4ee1d None None] Registered counter for database nova_api
Mar 04 06:13:16.029201 np0000157783 devstack@n-api-meta.service[108383]: DEBUG oslo_db.sqlalchemy.engines [None req-abd4c65c-e05a-4069-9fcc-f8ad26f4ee1d None None] MySQL server mode set to STRICT_TRANS_TABLES,STRICT_ALL_TABLES,NO_ZERO_IN_DATE,NO_ZERO_DATE,ERROR_FOR_DIVISION_BY_ZERO,TRADITIONAL,NO_ENGINE_SUBSTITUTION {{(pid=108383) _check_effective_sql_mode /opt/stack/data/venv/lib/python3.12/site-packages/oslo_db/sqlalchemy/engines.py:325}}
Mar 04 06:13:16.041132 np0000157783 devstack@n-api-meta.service[108381]: INFO dbcounter [None req-afaf1cb0-2b36-4a51-8f9d-8a11cc9675b1 None None] Registered counter for database nova_api
Mar 04 06:13:16.052431 np0000157783 devstack@n-api-meta.service[108380]: INFO dbcounter [None req-9526215e-ecce-4ce1-a824-1ade6461f542 None None] Registered counter for database nova_api
Mar 04 06:13:16.056848 np0000157783 devstack@n-api-meta.service[108381]: DEBUG oslo_db.sqlalchemy.engines [None req-afaf1cb0-2b36-4a51-8f9d-8a11cc9675b1 None None] MySQL server mode set to STRICT_TRANS_TABLES,STRICT_ALL_TABLES,NO_ZERO_IN_DATE,NO_ZERO_DATE,ERROR_FOR_DIVISION_BY_ZERO,TRADITIONAL,NO_ENGINE_SUBSTITUTION {{(pid=108381) _check_effective_sql_mode /opt/stack/data/venv/lib/python3.12/site-packages/oslo_db/sqlalchemy/engines.py:325}}
Mar 04 06:13:16.066096 np0000157783 devstack@n-api-meta.service[108383]: DEBUG dbcounter [-] [108383] Writer thread running {{(pid=108383) stat_writer /opt/stack/data/venv/lib/python3.12/site-packages/dbcounter.py:102}}
Mar 04 06:13:16.069601 np0000157783 devstack@n-api-meta.service[108383]: DEBUG nova.context [None req-abd4c65c-e05a-4069-9fcc-f8ad26f4ee1d None None] Found 2 cells: 00000000-0000-0000-0000-000000000000(cell0),6e74df0a-8fff-46d9-9516-4d7d66fdf764(cell1) {{(pid=108383) load_cells /opt/stack/nova/nova/context.py:509}}
Mar 04 06:13:16.069871 np0000157783 devstack@n-api-meta.service[108383]: INFO nova.utils [None req-abd4c65c-e05a-4069-9fcc-f8ad26f4ee1d None None] The cell worker thread pool MainProcess.cell_worker is initialized
Mar 04 06:13:16.071083 np0000157783 devstack@n-api-meta.service[108380]: DEBUG oslo_db.sqlalchemy.engines [None req-9526215e-ecce-4ce1-a824-1ade6461f542 None None] MySQL server mode set to STRICT_TRANS_TABLES,STRICT_ALL_TABLES,NO_ZERO_IN_DATE,NO_ZERO_DATE,ERROR_FOR_DIVISION_BY_ZERO,TRADITIONAL,NO_ENGINE_SUBSTITUTION {{(pid=108380) _check_effective_sql_mode /opt/stack/data/venv/lib/python3.12/site-packages/oslo_db/sqlalchemy/engines.py:325}}
Mar 04 06:13:16.071766 np0000157783 devstack@n-api-meta.service[108382]: INFO dbcounter [None req-40adb2e9-baef-446f-8ce0-1f1071e0f76e None None] Registered counter for database nova_api
Mar 04 06:13:16.072106 np0000157783 devstack@n-api-meta.service[108383]: DEBUG oslo_concurrency.lockutils [None req-abd4c65c-e05a-4069-9fcc-f8ad26f4ee1d None None] Acquiring lock "00000000-0000-0000-0000-000000000000" by "nova.context.set_target_cell..get_or_set_cached_cell_and_set_connections" {{(pid=108383) inner /opt/stack/data/venv/lib/python3.12/site-packages/oslo_concurrency/lockutils.py:506}}
Mar 04 06:13:16.072356 np0000157783 devstack@n-api-meta.service[108383]: DEBUG oslo_concurrency.lockutils [None req-abd4c65c-e05a-4069-9fcc-f8ad26f4ee1d None None] Lock "00000000-0000-0000-0000-000000000000" acquired by "nova.context.set_target_cell..get_or_set_cached_cell_and_set_connections" :: waited 0.000s {{(pid=108383) inner /opt/stack/data/venv/lib/python3.12/site-packages/oslo_concurrency/lockutils.py:519}}
Mar 04 06:13:16.073140 np0000157783 devstack@n-api-meta.service[108383]: DEBUG oslo_concurrency.lockutils [None req-abd4c65c-e05a-4069-9fcc-f8ad26f4ee1d None None] Lock "00000000-0000-0000-0000-000000000000" "released" by "nova.context.set_target_cell..get_or_set_cached_cell_and_set_connections" :: held 0.001s {{(pid=108383) inner /opt/stack/data/venv/lib/python3.12/site-packages/oslo_concurrency/lockutils.py:538}}
Mar 04 06:13:16.074230 np0000157783 devstack@n-api-meta.service[108383]: DEBUG oslo_concurrency.lockutils [None req-abd4c65c-e05a-4069-9fcc-f8ad26f4ee1d None None] Acquiring lock "6e74df0a-8fff-46d9-9516-4d7d66fdf764" by "nova.context.set_target_cell..get_or_set_cached_cell_and_set_connections" {{(pid=108383) inner /opt/stack/data/venv/lib/python3.12/site-packages/oslo_concurrency/lockutils.py:506}}
Mar 04 06:13:16.074444 np0000157783 devstack@n-api-meta.service[108383]: DEBUG oslo_concurrency.lockutils [None req-abd4c65c-e05a-4069-9fcc-f8ad26f4ee1d None None] Lock "6e74df0a-8fff-46d9-9516-4d7d66fdf764" acquired by "nova.context.set_target_cell..get_or_set_cached_cell_and_set_connections" :: waited 0.000s {{(pid=108383) inner /opt/stack/data/venv/lib/python3.12/site-packages/oslo_concurrency/lockutils.py:519}}
Mar 04 06:13:16.075742 np0000157783 devstack@n-api-meta.service[108383]: DEBUG oslo_concurrency.lockutils [None req-abd4c65c-e05a-4069-9fcc-f8ad26f4ee1d None None] Lock "6e74df0a-8fff-46d9-9516-4d7d66fdf764" "released" by "nova.context.set_target_cell..get_or_set_cached_cell_and_set_connections" :: held 0.001s {{(pid=108383) inner /opt/stack/data/venv/lib/python3.12/site-packages/oslo_concurrency/lockutils.py:538}}
Mar 04 06:13:16.079233 np0000157783 devstack@n-api-meta.service[108383]: INFO dbcounter [None req-abd4c65c-e05a-4069-9fcc-f8ad26f4ee1d None None] Registered counter for database nova_cell0
Mar 04 06:13:16.084876 np0000157783 devstack@n-api-meta.service[108383]: INFO dbcounter [None req-abd4c65c-e05a-4069-9fcc-f8ad26f4ee1d None None] Registered counter for database nova_cell1
Mar 04 06:13:16.092996 np0000157783 devstack@n-api-meta.service[108382]: DEBUG oslo_db.sqlalchemy.engines [None req-40adb2e9-baef-446f-8ce0-1f1071e0f76e None None] MySQL server mode set to STRICT_TRANS_TABLES,STRICT_ALL_TABLES,NO_ZERO_IN_DATE,NO_ZERO_DATE,ERROR_FOR_DIVISION_BY_ZERO,TRADITIONAL,NO_ENGINE_SUBSTITUTION {{(pid=108382) _check_effective_sql_mode /opt/stack/data/venv/lib/python3.12/site-packages/oslo_db/sqlalchemy/engines.py:325}}
Mar 04 06:13:16.093123 np0000157783 devstack@n-api-meta.service[108381]: DEBUG dbcounter [-] [108381] Writer thread running {{(pid=108381) stat_writer /opt/stack/data/venv/lib/python3.12/site-packages/dbcounter.py:102}}
Mar 04 06:13:16.094008 np0000157783 devstack@n-api-meta.service[108383]: DEBUG oslo_db.sqlalchemy.engines [None req-abd4c65c-e05a-4069-9fcc-f8ad26f4ee1d None None] MySQL server mode set to STRICT_TRANS_TABLES,STRICT_ALL_TABLES,NO_ZERO_IN_DATE,NO_ZERO_DATE,ERROR_FOR_DIVISION_BY_ZERO,TRADITIONAL,NO_ENGINE_SUBSTITUTION {{(pid=108383) _check_effective_sql_mode /opt/stack/data/venv/lib/python3.12/site-packages/oslo_db/sqlalchemy/engines.py:325}}
Mar 04 06:13:16.096326 np0000157783 devstack@n-api-meta.service[108381]: DEBUG nova.context [None req-afaf1cb0-2b36-4a51-8f9d-8a11cc9675b1 None None] Found 2 cells: 00000000-0000-0000-0000-000000000000(cell0),6e74df0a-8fff-46d9-9516-4d7d66fdf764(cell1) {{(pid=108381) load_cells /opt/stack/nova/nova/context.py:509}}
Mar 04 06:13:16.096641 np0000157783 devstack@n-api-meta.service[108381]: INFO nova.utils [None req-afaf1cb0-2b36-4a51-8f9d-8a11cc9675b1 None None] The cell worker thread pool MainProcess.cell_worker is initialized
Mar 04 06:13:16.098569 np0000157783 devstack@n-api-meta.service[108381]: DEBUG oslo_concurrency.lockutils [None req-afaf1cb0-2b36-4a51-8f9d-8a11cc9675b1 None None] Acquiring lock "00000000-0000-0000-0000-000000000000" by "nova.context.set_target_cell..get_or_set_cached_cell_and_set_connections" {{(pid=108381) inner /opt/stack/data/venv/lib/python3.12/site-packages/oslo_concurrency/lockutils.py:506}}
Mar 04 06:13:16.098769 np0000157783 devstack@n-api-meta.service[108381]: DEBUG oslo_concurrency.lockutils [None req-afaf1cb0-2b36-4a51-8f9d-8a11cc9675b1 None None] Lock "00000000-0000-0000-0000-000000000000" acquired by "nova.context.set_target_cell..get_or_set_cached_cell_and_set_connections" :: waited 0.000s {{(pid=108381) inner /opt/stack/data/venv/lib/python3.12/site-packages/oslo_concurrency/lockutils.py:519}}
Mar 04 06:13:16.099222 np0000157783 devstack@n-api-meta.service[108381]: DEBUG oslo_concurrency.lockutils [None req-afaf1cb0-2b36-4a51-8f9d-8a11cc9675b1 None None] Lock "00000000-0000-0000-0000-000000000000" "released" by "nova.context.set_target_cell..get_or_set_cached_cell_and_set_connections" :: held 0.000s {{(pid=108381) inner /opt/stack/data/venv/lib/python3.12/site-packages/oslo_concurrency/lockutils.py:538}}
Mar 04 06:13:16.099941 np0000157783 devstack@n-api-meta.service[108381]: DEBUG oslo_concurrency.lockutils [None req-afaf1cb0-2b36-4a51-8f9d-8a11cc9675b1 None None] Acquiring lock "6e74df0a-8fff-46d9-9516-4d7d66fdf764" by "nova.context.set_target_cell..get_or_set_cached_cell_and_set_connections" {{(pid=108381) inner /opt/stack/data/venv/lib/python3.12/site-packages/oslo_concurrency/lockutils.py:506}}
Mar 04 06:13:16.100123 np0000157783 devstack@n-api-meta.service[108381]: DEBUG oslo_concurrency.lockutils [None req-afaf1cb0-2b36-4a51-8f9d-8a11cc9675b1 None None] Lock "6e74df0a-8fff-46d9-9516-4d7d66fdf764" acquired by "nova.context.set_target_cell..get_or_set_cached_cell_and_set_connections" :: waited 0.000s {{(pid=108381) inner /opt/stack/data/venv/lib/python3.12/site-packages/oslo_concurrency/lockutils.py:519}}
Mar 04 06:13:16.101058 np0000157783 devstack@n-api-meta.service[108381]: DEBUG oslo_concurrency.lockutils [None req-afaf1cb0-2b36-4a51-8f9d-8a11cc9675b1 None None] Lock "6e74df0a-8fff-46d9-9516-4d7d66fdf764" "released" by "nova.context.set_target_cell..get_or_set_cached_cell_and_set_connections" :: held 0.001s {{(pid=108381) inner /opt/stack/data/venv/lib/python3.12/site-packages/oslo_concurrency/lockutils.py:538}}
Mar 04 06:13:16.103634 np0000157783 devstack@n-api-meta.service[108381]: INFO dbcounter [None req-afaf1cb0-2b36-4a51-8f9d-8a11cc9675b1 None None] Registered counter for database nova_cell0
Mar 04 06:13:16.107777 np0000157783 devstack@n-api-meta.service[108380]: DEBUG dbcounter [-] [108380] Writer thread running {{(pid=108380) stat_writer /opt/stack/data/venv/lib/python3.12/site-packages/dbcounter.py:102}}
Mar 04 06:13:16.108869 np0000157783 devstack@n-api-meta.service[108381]: INFO dbcounter [None req-afaf1cb0-2b36-4a51-8f9d-8a11cc9675b1 None None] Registered counter for database nova_cell1
Mar 04 06:13:16.110517 np0000157783 devstack@n-api-meta.service[108380]: DEBUG nova.context [None req-9526215e-ecce-4ce1-a824-1ade6461f542 None None] Found 2 cells: 00000000-0000-0000-0000-000000000000(cell0),6e74df0a-8fff-46d9-9516-4d7d66fdf764(cell1) {{(pid=108380) load_cells /opt/stack/nova/nova/context.py:509}}
Mar 04 06:13:16.111361 np0000157783 devstack@n-api-meta.service[108380]: INFO nova.utils [None req-9526215e-ecce-4ce1-a824-1ade6461f542 None None] The cell worker thread pool MainProcess.cell_worker is initialized
Mar 04 06:13:16.112661 np0000157783 devstack@n-api-meta.service[108380]: DEBUG oslo_concurrency.lockutils [None req-9526215e-ecce-4ce1-a824-1ade6461f542 None None] Acquiring lock "00000000-0000-0000-0000-000000000000" by "nova.context.set_target_cell..get_or_set_cached_cell_and_set_connections" {{(pid=108380) inner /opt/stack/data/venv/lib/python3.12/site-packages/oslo_concurrency/lockutils.py:506}}
Mar 04 06:13:16.112817 np0000157783 devstack@n-api-meta.service[108380]: DEBUG oslo_concurrency.lockutils [None req-9526215e-ecce-4ce1-a824-1ade6461f542 None None] Lock "00000000-0000-0000-0000-000000000000" acquired by "nova.context.set_target_cell..get_or_set_cached_cell_and_set_connections" :: waited 0.000s {{(pid=108380) inner /opt/stack/data/venv/lib/python3.12/site-packages/oslo_concurrency/lockutils.py:519}}
Mar 04 06:13:16.113199 np0000157783 devstack@n-api-meta.service[108380]: DEBUG oslo_concurrency.lockutils [None req-9526215e-ecce-4ce1-a824-1ade6461f542 None None] Lock "00000000-0000-0000-0000-000000000000" "released" by "nova.context.set_target_cell..get_or_set_cached_cell_and_set_connections" :: held 0.000s {{(pid=108380) inner /opt/stack/data/venv/lib/python3.12/site-packages/oslo_concurrency/lockutils.py:538}}
Mar 04 06:13:16.113952 np0000157783 devstack@n-api-meta.service[108380]: DEBUG oslo_concurrency.lockutils [None req-9526215e-ecce-4ce1-a824-1ade6461f542 None None] Acquiring lock "6e74df0a-8fff-46d9-9516-4d7d66fdf764" by "nova.context.set_target_cell..get_or_set_cached_cell_and_set_connections" {{(pid=108380) inner /opt/stack/data/venv/lib/python3.12/site-packages/oslo_concurrency/lockutils.py:506}}
Mar 04 06:13:16.114111 np0000157783 devstack@n-api-meta.service[108380]: DEBUG oslo_concurrency.lockutils [None req-9526215e-ecce-4ce1-a824-1ade6461f542 None None] Lock "6e74df0a-8fff-46d9-9516-4d7d66fdf764" acquired by "nova.context.set_target_cell..get_or_set_cached_cell_and_set_connections" :: waited 0.000s {{(pid=108380) inner /opt/stack/data/venv/lib/python3.12/site-packages/oslo_concurrency/lockutils.py:519}}
Mar 04 06:13:16.115087 np0000157783 devstack@n-api-meta.service[108380]: DEBUG oslo_concurrency.lockutils [None req-9526215e-ecce-4ce1-a824-1ade6461f542 None None] Lock "6e74df0a-8fff-46d9-9516-4d7d66fdf764" "released" by "nova.context.set_target_cell..get_or_set_cached_cell_and_set_connections" :: held 0.001s {{(pid=108380) inner /opt/stack/data/venv/lib/python3.12/site-packages/oslo_concurrency/lockutils.py:538}}
Mar 04 06:13:16.117885 np0000157783 devstack@n-api-meta.service[108380]: INFO dbcounter [None req-9526215e-ecce-4ce1-a824-1ade6461f542 None None] Registered counter for database nova_cell0
Mar 04 06:13:16.122638 np0000157783 devstack@n-api-meta.service[108381]: DEBUG oslo_db.sqlalchemy.engines [None req-afaf1cb0-2b36-4a51-8f9d-8a11cc9675b1 None None] MySQL server mode set to STRICT_TRANS_TABLES,STRICT_ALL_TABLES,NO_ZERO_IN_DATE,NO_ZERO_DATE,ERROR_FOR_DIVISION_BY_ZERO,TRADITIONAL,NO_ENGINE_SUBSTITUTION {{(pid=108381) _check_effective_sql_mode /opt/stack/data/venv/lib/python3.12/site-packages/oslo_db/sqlalchemy/engines.py:325}}
Mar 04 06:13:16.123022 np0000157783 devstack@n-api-meta.service[108383]: DEBUG oslo_db.sqlalchemy.engines [None req-abd4c65c-e05a-4069-9fcc-f8ad26f4ee1d None None] MySQL server mode set to STRICT_TRANS_TABLES,STRICT_ALL_TABLES,NO_ZERO_IN_DATE,NO_ZERO_DATE,ERROR_FOR_DIVISION_BY_ZERO,TRADITIONAL,NO_ENGINE_SUBSTITUTION {{(pid=108383) _check_effective_sql_mode /opt/stack/data/venv/lib/python3.12/site-packages/oslo_db/sqlalchemy/engines.py:325}}
Mar 04 06:13:16.123461 np0000157783 devstack@n-api-meta.service[108380]: INFO dbcounter [None req-9526215e-ecce-4ce1-a824-1ade6461f542 None None] Registered counter for database nova_cell1
Mar 04 06:13:16.125181 np0000157783 devstack@n-api-meta.service[108381]: DEBUG oslo_db.sqlalchemy.engines [None req-afaf1cb0-2b36-4a51-8f9d-8a11cc9675b1 None None] MySQL server mode set to STRICT_TRANS_TABLES,STRICT_ALL_TABLES,NO_ZERO_IN_DATE,NO_ZERO_DATE,ERROR_FOR_DIVISION_BY_ZERO,TRADITIONAL,NO_ENGINE_SUBSTITUTION {{(pid=108381) _check_effective_sql_mode /opt/stack/data/venv/lib/python3.12/site-packages/oslo_db/sqlalchemy/engines.py:325}}
Mar 04 06:13:16.130760 np0000157783 devstack@n-api-meta.service[108382]: DEBUG dbcounter [-] [108382] Writer thread running {{(pid=108382) stat_writer /opt/stack/data/venv/lib/python3.12/site-packages/dbcounter.py:102}}
Mar 04 06:13:16.133205 np0000157783 devstack@n-api-meta.service[108380]: DEBUG oslo_db.sqlalchemy.engines [None req-9526215e-ecce-4ce1-a824-1ade6461f542 None None] MySQL server mode set to STRICT_TRANS_TABLES,STRICT_ALL_TABLES,NO_ZERO_IN_DATE,NO_ZERO_DATE,ERROR_FOR_DIVISION_BY_ZERO,TRADITIONAL,NO_ENGINE_SUBSTITUTION {{(pid=108380) _check_effective_sql_mode /opt/stack/data/venv/lib/python3.12/site-packages/oslo_db/sqlalchemy/engines.py:325}}
Mar 04 06:13:16.133597 np0000157783 devstack@n-api-meta.service[108382]: DEBUG nova.context [None req-40adb2e9-baef-446f-8ce0-1f1071e0f76e None None] Found 2 cells: 00000000-0000-0000-0000-000000000000(cell0),6e74df0a-8fff-46d9-9516-4d7d66fdf764(cell1) {{(pid=108382) load_cells /opt/stack/nova/nova/context.py:509}}
Mar 04 06:13:16.133825 np0000157783 devstack@n-api-meta.service[108382]: INFO nova.utils [None req-40adb2e9-baef-446f-8ce0-1f1071e0f76e None None] The cell worker thread pool MainProcess.cell_worker is initialized
Mar 04 06:13:16.136138 np0000157783 devstack@n-api-meta.service[108382]: DEBUG oslo_concurrency.lockutils [None req-40adb2e9-baef-446f-8ce0-1f1071e0f76e None None] Acquiring lock "00000000-0000-0000-0000-000000000000" by "nova.context.set_target_cell..get_or_set_cached_cell_and_set_connections" {{(pid=108382) inner /opt/stack/data/venv/lib/python3.12/site-packages/oslo_concurrency/lockutils.py:506}}
Mar 04 06:13:16.136421 np0000157783 devstack@n-api-meta.service[108382]: DEBUG oslo_concurrency.lockutils [None req-40adb2e9-baef-446f-8ce0-1f1071e0f76e None None] Lock "00000000-0000-0000-0000-000000000000" acquired by "nova.context.set_target_cell..get_or_set_cached_cell_and_set_connections" :: waited 0.000s {{(pid=108382) inner /opt/stack/data/venv/lib/python3.12/site-packages/oslo_concurrency/lockutils.py:519}}
Mar 04 06:13:16.137392 np0000157783 devstack@n-api-meta.service[108382]: DEBUG oslo_concurrency.lockutils [None req-40adb2e9-baef-446f-8ce0-1f1071e0f76e None None] Lock "00000000-0000-0000-0000-000000000000" "released" by "nova.context.set_target_cell..get_or_set_cached_cell_and_set_connections" :: held 0.001s {{(pid=108382) inner /opt/stack/data/venv/lib/python3.12/site-packages/oslo_concurrency/lockutils.py:538}}
Mar 04 06:13:16.138580 np0000157783 devstack@n-api-meta.service[108382]: DEBUG oslo_concurrency.lockutils [None req-40adb2e9-baef-446f-8ce0-1f1071e0f76e None None] Acquiring lock "6e74df0a-8fff-46d9-9516-4d7d66fdf764" by "nova.context.set_target_cell..get_or_set_cached_cell_and_set_connections" {{(pid=108382) inner /opt/stack/data/venv/lib/python3.12/site-packages/oslo_concurrency/lockutils.py:506}}
Mar 04 06:13:16.139011 np0000157783 devstack@n-api-meta.service[108382]: DEBUG oslo_concurrency.lockutils [None req-40adb2e9-baef-446f-8ce0-1f1071e0f76e None None] Lock "6e74df0a-8fff-46d9-9516-4d7d66fdf764" acquired by "nova.context.set_target_cell..get_or_set_cached_cell_and_set_connections" :: waited 0.000s {{(pid=108382) inner /opt/stack/data/venv/lib/python3.12/site-packages/oslo_concurrency/lockutils.py:519}}
Mar 04 06:13:16.140190 np0000157783 devstack@n-api-meta.service[108382]: DEBUG oslo_concurrency.lockutils [None req-40adb2e9-baef-446f-8ce0-1f1071e0f76e None None] Lock "6e74df0a-8fff-46d9-9516-4d7d66fdf764" "released" by "nova.context.set_target_cell..get_or_set_cached_cell_and_set_connections" :: held 0.001s {{(pid=108382) inner /opt/stack/data/venv/lib/python3.12/site-packages/oslo_concurrency/lockutils.py:538}}
Mar 04 06:13:16.142691 np0000157783 devstack@n-api-meta.service[108382]: INFO dbcounter [None req-40adb2e9-baef-446f-8ce0-1f1071e0f76e None None] Registered counter for database nova_cell0
Mar 04 06:13:16.146773 np0000157783 devstack@n-api-meta.service[108380]: DEBUG oslo_db.sqlalchemy.engines [None req-9526215e-ecce-4ce1-a824-1ade6461f542 None None] MySQL server mode set to STRICT_TRANS_TABLES,STRICT_ALL_TABLES,NO_ZERO_IN_DATE,NO_ZERO_DATE,ERROR_FOR_DIVISION_BY_ZERO,TRADITIONAL,NO_ENGINE_SUBSTITUTION {{(pid=108380) _check_effective_sql_mode /opt/stack/data/venv/lib/python3.12/site-packages/oslo_db/sqlalchemy/engines.py:325}}
Mar 04 06:13:16.148363 np0000157783 devstack@n-api-meta.service[108382]: INFO dbcounter [None req-40adb2e9-baef-446f-8ce0-1f1071e0f76e None None] Registered counter for database nova_cell1
Mar 04 06:13:16.159565 np0000157783 devstack@n-api-meta.service[108382]: DEBUG oslo_db.sqlalchemy.engines [None req-40adb2e9-baef-446f-8ce0-1f1071e0f76e None None] MySQL server mode set to STRICT_TRANS_TABLES,STRICT_ALL_TABLES,NO_ZERO_IN_DATE,NO_ZERO_DATE,ERROR_FOR_DIVISION_BY_ZERO,TRADITIONAL,NO_ENGINE_SUBSTITUTION {{(pid=108382) _check_effective_sql_mode /opt/stack/data/venv/lib/python3.12/site-packages/oslo_db/sqlalchemy/engines.py:325}}
Mar 04 06:13:16.172138 np0000157783 devstack@n-api-meta.service[108382]: DEBUG oslo_db.sqlalchemy.engines [None req-40adb2e9-baef-446f-8ce0-1f1071e0f76e None None] MySQL server mode set to STRICT_TRANS_TABLES,STRICT_ALL_TABLES,NO_ZERO_IN_DATE,NO_ZERO_DATE,ERROR_FOR_DIVISION_BY_ZERO,TRADITIONAL,NO_ENGINE_SUBSTITUTION {{(pid=108382) _check_effective_sql_mode /opt/stack/data/venv/lib/python3.12/site-packages/oslo_db/sqlalchemy/engines.py:325}}
Mar 04 06:13:16.205606 np0000157783 devstack@n-api-meta.service[108383]: DEBUG dbcounter [-] [108383] Writer thread running {{(pid=108383) stat_writer /opt/stack/data/venv/lib/python3.12/site-packages/dbcounter.py:102}}
Mar 04 06:13:16.211611 np0000157783 devstack@n-api-meta.service[108383]: DEBUG dbcounter [-] [108383] Writer thread running {{(pid=108383) stat_writer /opt/stack/data/venv/lib/python3.12/site-packages/dbcounter.py:102}}
Mar 04 06:13:16.216231 np0000157783 devstack@n-api-meta.service[108383]: INFO dbcounter [None req-abd4c65c-e05a-4069-9fcc-f8ad26f4ee1d None None] Registered counter for database nova_cell0
Mar 04 06:13:16.227581 np0000157783 devstack@n-api-meta.service[108381]: DEBUG dbcounter [-] [108381] Writer thread running {{(pid=108381) stat_writer /opt/stack/data/venv/lib/python3.12/site-packages/dbcounter.py:102}}
Mar 04 06:13:16.228225 np0000157783 devstack@n-api-meta.service[108381]: DEBUG dbcounter [-] [108381] Writer thread running {{(pid=108381) stat_writer /opt/stack/data/venv/lib/python3.12/site-packages/dbcounter.py:102}}
Mar 04 06:13:16.228743 np0000157783 devstack@n-api-meta.service[108383]: DEBUG oslo_db.sqlalchemy.engines [None req-abd4c65c-e05a-4069-9fcc-f8ad26f4ee1d None None] MySQL server mode set to STRICT_TRANS_TABLES,STRICT_ALL_TABLES,NO_ZERO_IN_DATE,NO_ZERO_DATE,ERROR_FOR_DIVISION_BY_ZERO,TRADITIONAL,NO_ENGINE_SUBSTITUTION {{(pid=108383) _check_effective_sql_mode /opt/stack/data/venv/lib/python3.12/site-packages/oslo_db/sqlalchemy/engines.py:325}}
Mar 04 06:13:16.233887 np0000157783 devstack@n-api-meta.service[108381]: INFO dbcounter [None req-afaf1cb0-2b36-4a51-8f9d-8a11cc9675b1 None None] Registered counter for database nova_cell0
Mar 04 06:13:16.241286 np0000157783 devstack@n-api-meta.service[108383]: DEBUG dbcounter [-] [108383] Writer thread running {{(pid=108383) stat_writer /opt/stack/data/venv/lib/python3.12/site-packages/dbcounter.py:102}}
Mar 04 06:13:16.243074 np0000157783 devstack@n-api-meta.service[108381]: DEBUG oslo_db.sqlalchemy.engines [None req-afaf1cb0-2b36-4a51-8f9d-8a11cc9675b1 None None] MySQL server mode set to STRICT_TRANS_TABLES,STRICT_ALL_TABLES,NO_ZERO_IN_DATE,NO_ZERO_DATE,ERROR_FOR_DIVISION_BY_ZERO,TRADITIONAL,NO_ENGINE_SUBSTITUTION {{(pid=108381) _check_effective_sql_mode /opt/stack/data/venv/lib/python3.12/site-packages/oslo_db/sqlalchemy/engines.py:325}}
Mar 04 06:13:16.250355 np0000157783 devstack@n-api-meta.service[108380]: DEBUG dbcounter [-] [108380] Writer thread running {{(pid=108380) stat_writer /opt/stack/data/venv/lib/python3.12/site-packages/dbcounter.py:102}}
Mar 04 06:13:16.250355 np0000157783 devstack@n-api-meta.service[108380]: DEBUG dbcounter [-] [108380] Writer thread running {{(pid=108380) stat_writer /opt/stack/data/venv/lib/python3.12/site-packages/dbcounter.py:102}}
Mar 04 06:13:16.251713 np0000157783 devstack@n-api-meta.service[108381]: DEBUG dbcounter [-] [108381] Writer thread running {{(pid=108381) stat_writer /opt/stack/data/venv/lib/python3.12/site-packages/dbcounter.py:102}}
Mar 04 06:13:16.255695 np0000157783 devstack@n-api-meta.service[108380]: INFO dbcounter [None req-9526215e-ecce-4ce1-a824-1ade6461f542 None None] Registered counter for database nova_cell0
Mar 04 06:13:16.258045 np0000157783 devstack@n-api-meta.service[108382]: DEBUG dbcounter [-] [108382] Writer thread running {{(pid=108382) stat_writer /opt/stack/data/venv/lib/python3.12/site-packages/dbcounter.py:102}}
Mar 04 06:13:16.263775 np0000157783 devstack@n-api-meta.service[108380]: DEBUG oslo_db.sqlalchemy.engines [None req-9526215e-ecce-4ce1-a824-1ade6461f542 None None] MySQL server mode set to STRICT_TRANS_TABLES,STRICT_ALL_TABLES,NO_ZERO_IN_DATE,NO_ZERO_DATE,ERROR_FOR_DIVISION_BY_ZERO,TRADITIONAL,NO_ENGINE_SUBSTITUTION {{(pid=108380) _check_effective_sql_mode /opt/stack/data/venv/lib/python3.12/site-packages/oslo_db/sqlalchemy/engines.py:325}}
Mar 04 06:13:16.265360 np0000157783 devstack@n-api-meta.service[108382]: DEBUG dbcounter [-] [108382] Writer thread running {{(pid=108382) stat_writer /opt/stack/data/venv/lib/python3.12/site-packages/dbcounter.py:102}}
Mar 04 06:13:16.269950 np0000157783 devstack@n-api-meta.service[108382]: INFO dbcounter [None req-40adb2e9-baef-446f-8ce0-1f1071e0f76e None None] Registered counter for database nova_cell0
Mar 04 06:13:16.271605 np0000157783 devstack@n-api-meta.service[108380]: DEBUG dbcounter [-] [108380] Writer thread running {{(pid=108380) stat_writer /opt/stack/data/venv/lib/python3.12/site-packages/dbcounter.py:102}}
Mar 04 06:13:16.278914 np0000157783 devstack@n-api-meta.service[108382]: DEBUG oslo_db.sqlalchemy.engines [None req-40adb2e9-baef-446f-8ce0-1f1071e0f76e None None] MySQL server mode set to STRICT_TRANS_TABLES,STRICT_ALL_TABLES,NO_ZERO_IN_DATE,NO_ZERO_DATE,ERROR_FOR_DIVISION_BY_ZERO,TRADITIONAL,NO_ENGINE_SUBSTITUTION {{(pid=108382) _check_effective_sql_mode /opt/stack/data/venv/lib/python3.12/site-packages/oslo_db/sqlalchemy/engines.py:325}}
Mar 04 06:13:16.287083 np0000157783 devstack@n-api-meta.service[108383]: WARNING nova.api.metadata.handler [None req-abd4c65c-e05a-4069-9fcc-f8ad26f4ee1d None None] metadata_proxy_shared_secret is not configured, the metadata information returned by the proxy cannot be trusted
Mar 04 06:13:16.287449 np0000157783 devstack@n-api-meta.service[108382]: DEBUG dbcounter [-] [108382] Writer thread running {{(pid=108382) stat_writer /opt/stack/data/venv/lib/python3.12/site-packages/dbcounter.py:102}}
Mar 04 06:13:16.289575 np0000157783 devstack@n-api-meta.service[108383]: DEBUG nova.api.openstack.wsgi_app [None req-abd4c65c-e05a-4069-9fcc-f8ad26f4ee1d None None] ******************************************************************************** {{(pid=108383) log_opt_values /opt/stack/data/venv/lib/python3.12/site-packages/oslo_config/cfg.py:2979}}
Mar 04 06:13:16.289695 np0000157783 devstack@n-api-meta.service[108383]: DEBUG nova.api.openstack.wsgi_app [None req-abd4c65c-e05a-4069-9fcc-f8ad26f4ee1d None None] Configuration options gathered from: {{(pid=108383) log_opt_values /opt/stack/data/venv/lib/python3.12/site-packages/oslo_config/cfg.py:2980}}
Mar 04 06:13:16.289818 np0000157783 devstack@n-api-meta.service[108383]: DEBUG nova.api.openstack.wsgi_app [None req-abd4c65c-e05a-4069-9fcc-f8ad26f4ee1d None None] command line args: [] {{(pid=108383) log_opt_values /opt/stack/data/venv/lib/python3.12/site-packages/oslo_config/cfg.py:2981}}
Mar 04 06:13:16.289993 np0000157783 devstack@n-api-meta.service[108383]: DEBUG nova.api.openstack.wsgi_app [None req-abd4c65c-e05a-4069-9fcc-f8ad26f4ee1d None None] config files: ['/etc/nova/api-paste.ini', '/etc/nova/nova.conf'] {{(pid=108383) log_opt_values /opt/stack/data/venv/lib/python3.12/site-packages/oslo_config/cfg.py:2982}}
Mar 04 06:13:16.290098 np0000157783 devstack@n-api-meta.service[108383]: DEBUG nova.api.openstack.wsgi_app [None req-abd4c65c-e05a-4069-9fcc-f8ad26f4ee1d None None] ================================================================================ {{(pid=108383) log_opt_values /opt/stack/data/venv/lib/python3.12/site-packages/oslo_config/cfg.py:2987}}
Mar 04 06:13:16.290287 np0000157783 devstack@n-api-meta.service[108383]: DEBUG nova.api.openstack.wsgi_app [None req-abd4c65c-e05a-4069-9fcc-f8ad26f4ee1d None None] allow_resize_to_same_host = True {{(pid=108383) log_opt_values /opt/stack/data/venv/lib/python3.12/site-packages/oslo_config/cfg.py:2995}}
Mar 04 06:13:16.290449 np0000157783 devstack@n-api-meta.service[108383]: DEBUG nova.api.openstack.wsgi_app [None req-abd4c65c-e05a-4069-9fcc-f8ad26f4ee1d None None] arq_binding_timeout = 300 {{(pid=108383) log_opt_values /opt/stack/data/venv/lib/python3.12/site-packages/oslo_config/cfg.py:2995}}
Mar 04 06:13:16.290612 np0000157783 devstack@n-api-meta.service[108383]: DEBUG nova.api.openstack.wsgi_app [None req-abd4c65c-e05a-4069-9fcc-f8ad26f4ee1d None None] block_device_allocate_retries = 60 {{(pid=108383) log_opt_values /opt/stack/data/venv/lib/python3.12/site-packages/oslo_config/cfg.py:2995}}
Mar 04 06:13:16.290826 np0000157783 devstack@n-api-meta.service[108383]: DEBUG nova.api.openstack.wsgi_app [None req-abd4c65c-e05a-4069-9fcc-f8ad26f4ee1d None None] block_device_allocate_retries_interval = 3 {{(pid=108383) log_opt_values /opt/stack/data/venv/lib/python3.12/site-packages/oslo_config/cfg.py:2995}}
Mar 04 06:13:16.291000 np0000157783 devstack@n-api-meta.service[108383]: DEBUG nova.api.openstack.wsgi_app [None req-abd4c65c-e05a-4069-9fcc-f8ad26f4ee1d None None] cell_worker_thread_pool_size = 5 {{(pid=108383) log_opt_values /opt/stack/data/venv/lib/python3.12/site-packages/oslo_config/cfg.py:2995}}
Mar 04 06:13:16.291145 np0000157783 devstack@n-api-meta.service[108383]: DEBUG nova.api.openstack.wsgi_app [None req-abd4c65c-e05a-4069-9fcc-f8ad26f4ee1d None None] cert = self.pem {{(pid=108383) log_opt_values /opt/stack/data/venv/lib/python3.12/site-packages/oslo_config/cfg.py:2995}}
Mar 04 06:13:16.291279 np0000157783 devstack@n-api-meta.service[108383]: DEBUG nova.api.openstack.wsgi_app [None req-abd4c65c-e05a-4069-9fcc-f8ad26f4ee1d None None] compute_driver = libvirt.LibvirtDriver {{(pid=108383) log_opt_values /opt/stack/data/venv/lib/python3.12/site-packages/oslo_config/cfg.py:2995}}
Mar 04 06:13:16.291424 np0000157783 devstack@n-api-meta.service[108383]: DEBUG nova.api.openstack.wsgi_app [None req-abd4c65c-e05a-4069-9fcc-f8ad26f4ee1d None None] compute_monitors = [] {{(pid=108383) log_opt_values /opt/stack/data/venv/lib/python3.12/site-packages/oslo_config/cfg.py:2995}}
Mar 04 06:13:16.291561 np0000157783 devstack@n-api-meta.service[108383]: DEBUG nova.api.openstack.wsgi_app [None req-abd4c65c-e05a-4069-9fcc-f8ad26f4ee1d None None] config_dir = [] {{(pid=108383) log_opt_values /opt/stack/data/venv/lib/python3.12/site-packages/oslo_config/cfg.py:2995}}
Mar 04 06:13:16.291695 np0000157783 devstack@n-api-meta.service[108383]: DEBUG nova.api.openstack.wsgi_app [None req-abd4c65c-e05a-4069-9fcc-f8ad26f4ee1d None None] config_drive_format = iso9660 {{(pid=108383) log_opt_values /opt/stack/data/venv/lib/python3.12/site-packages/oslo_config/cfg.py:2995}}
Mar 04 06:13:16.291800 np0000157783 devstack@n-api-meta.service[108383]: DEBUG nova.api.openstack.wsgi_app [None req-abd4c65c-e05a-4069-9fcc-f8ad26f4ee1d None None] config_file = ['/etc/nova/api-paste.ini', '/etc/nova/nova.conf'] {{(pid=108383) log_opt_values /opt/stack/data/venv/lib/python3.12/site-packages/oslo_config/cfg.py:2995}}
Mar 04 06:13:16.291931 np0000157783 devstack@n-api-meta.service[108383]: DEBUG nova.api.openstack.wsgi_app [None req-abd4c65c-e05a-4069-9fcc-f8ad26f4ee1d None None] config_source = [] {{(pid=108383) log_opt_values /opt/stack/data/venv/lib/python3.12/site-packages/oslo_config/cfg.py:2995}}
Mar 04 06:13:16.292154 np0000157783 devstack@n-api-meta.service[108383]: DEBUG nova.api.openstack.wsgi_app [None req-abd4c65c-e05a-4069-9fcc-f8ad26f4ee1d None None] console_host = np0000157783 {{(pid=108383) log_opt_values /opt/stack/data/venv/lib/python3.12/site-packages/oslo_config/cfg.py:2995}}
Mar 04 06:13:16.292285 np0000157783 devstack@n-api-meta.service[108383]: DEBUG nova.api.openstack.wsgi_app [None req-abd4c65c-e05a-4069-9fcc-f8ad26f4ee1d None None] control_exchange = nova {{(pid=108383) log_opt_values /opt/stack/data/venv/lib/python3.12/site-packages/oslo_config/cfg.py:2995}}
Mar 04 06:13:16.292431 np0000157783 devstack@n-api-meta.service[108383]: DEBUG nova.api.openstack.wsgi_app [None req-abd4c65c-e05a-4069-9fcc-f8ad26f4ee1d None None] cpu_allocation_ratio = None {{(pid=108383) log_opt_values /opt/stack/data/venv/lib/python3.12/site-packages/oslo_config/cfg.py:2995}}
Mar 04 06:13:16.292591 np0000157783 devstack@n-api-meta.service[108383]: DEBUG nova.api.openstack.wsgi_app [None req-abd4c65c-e05a-4069-9fcc-f8ad26f4ee1d None None] daemon = False {{(pid=108383) log_opt_values /opt/stack/data/venv/lib/python3.12/site-packages/oslo_config/cfg.py:2995}}
Mar 04 06:13:16.292766 np0000157783 devstack@n-api-meta.service[108383]: DEBUG nova.api.openstack.wsgi_app [None req-abd4c65c-e05a-4069-9fcc-f8ad26f4ee1d None None] debug = True {{(pid=108383) log_opt_values /opt/stack/data/venv/lib/python3.12/site-packages/oslo_config/cfg.py:2995}}
Mar 04 06:13:16.293114 np0000157783 devstack@n-api-meta.service[108383]: DEBUG nova.api.openstack.wsgi_app [None req-abd4c65c-e05a-4069-9fcc-f8ad26f4ee1d None None] default_access_ip_network_name = None {{(pid=108383) log_opt_values /opt/stack/data/venv/lib/python3.12/site-packages/oslo_config/cfg.py:2995}}
Mar 04 06:13:16.293114 np0000157783 devstack@n-api-meta.service[108383]: DEBUG nova.api.openstack.wsgi_app [None req-abd4c65c-e05a-4069-9fcc-f8ad26f4ee1d None None] default_availability_zone = nova {{(pid=108383) log_opt_values /opt/stack/data/venv/lib/python3.12/site-packages/oslo_config/cfg.py:2995}}
Mar 04 06:13:16.293301 np0000157783 devstack@n-api-meta.service[108383]: DEBUG nova.api.openstack.wsgi_app [None req-abd4c65c-e05a-4069-9fcc-f8ad26f4ee1d None None] default_ephemeral_format = ext4 {{(pid=108383) log_opt_values /opt/stack/data/venv/lib/python3.12/site-packages/oslo_config/cfg.py:2995}}
Mar 04 06:13:16.293478 np0000157783 devstack@n-api-meta.service[108383]: DEBUG nova.api.openstack.wsgi_app [None req-abd4c65c-e05a-4069-9fcc-f8ad26f4ee1d None None] default_green_pool_size = 1000 {{(pid=108383) log_opt_values /opt/stack/data/venv/lib/python3.12/site-packages/oslo_config/cfg.py:2995}}
Mar 04 06:13:16.293747 np0000157783 devstack@n-api-meta.service[108383]: DEBUG nova.api.openstack.wsgi_app [None req-abd4c65c-e05a-4069-9fcc-f8ad26f4ee1d None None] default_log_levels = ['amqp=WARN', 'boto=WARN', 'sqlalchemy=WARN', 'suds=INFO', 'oslo.messaging=INFO', 'oslo_messaging=INFO', 'iso8601=WARN', 'requests.packages.urllib3.connectionpool=WARN', 'urllib3.connectionpool=WARN', 'websocket=WARN', 'requests.packages.urllib3.util.retry=WARN', 'urllib3.util.retry=WARN', 'keystonemiddleware=WARN', 'routes.middleware=WARN', 'stevedore=WARN', 'taskflow=WARN', 'keystoneauth=WARN', 'oslo.cache=INFO', 'oslo_policy=INFO', 'dogpile.core.dogpile=INFO', 'glanceclient=WARN', 'oslo.privsep.daemon=INFO'] {{(pid=108383) log_opt_values /opt/stack/data/venv/lib/python3.12/site-packages/oslo_config/cfg.py:2995}}
Mar 04 06:13:16.293917 np0000157783 devstack@n-api-meta.service[108383]: DEBUG nova.api.openstack.wsgi_app [None req-abd4c65c-e05a-4069-9fcc-f8ad26f4ee1d None None] default_schedule_zone = None {{(pid=108383) log_opt_values /opt/stack/data/venv/lib/python3.12/site-packages/oslo_config/cfg.py:2995}}
Mar 04 06:13:16.294073 np0000157783 devstack@n-api-meta.service[108383]: DEBUG nova.api.openstack.wsgi_app [None req-abd4c65c-e05a-4069-9fcc-f8ad26f4ee1d None None] default_thread_pool_size = 10 {{(pid=108383) log_opt_values /opt/stack/data/venv/lib/python3.12/site-packages/oslo_config/cfg.py:2995}}
Mar 04 06:13:16.294197 np0000157783 devstack@n-api-meta.service[108383]: DEBUG nova.api.openstack.wsgi_app [None req-abd4c65c-e05a-4069-9fcc-f8ad26f4ee1d None None] disk_allocation_ratio = None {{(pid=108383) log_opt_values /opt/stack/data/venv/lib/python3.12/site-packages/oslo_config/cfg.py:2995}}
Mar 04 06:13:16.294324 np0000157783 devstack@n-api-meta.service[108383]: DEBUG nova.api.openstack.wsgi_app [None req-abd4c65c-e05a-4069-9fcc-f8ad26f4ee1d None None] enable_new_services = True {{(pid=108383) log_opt_values /opt/stack/data/venv/lib/python3.12/site-packages/oslo_config/cfg.py:2995}}
Mar 04 06:13:16.294463 np0000157783 devstack@n-api-meta.service[108383]: DEBUG nova.api.openstack.wsgi_app [None req-abd4c65c-e05a-4069-9fcc-f8ad26f4ee1d None None] flat_injected = False {{(pid=108383) log_opt_values /opt/stack/data/venv/lib/python3.12/site-packages/oslo_config/cfg.py:2995}}
Mar 04 06:13:16.294588 np0000157783 devstack@n-api-meta.service[108383]: DEBUG nova.api.openstack.wsgi_app [None req-abd4c65c-e05a-4069-9fcc-f8ad26f4ee1d None None] force_config_drive = False {{(pid=108383) log_opt_values /opt/stack/data/venv/lib/python3.12/site-packages/oslo_config/cfg.py:2995}}
Mar 04 06:13:16.294732 np0000157783 devstack@n-api-meta.service[108383]: DEBUG nova.api.openstack.wsgi_app [None req-abd4c65c-e05a-4069-9fcc-f8ad26f4ee1d None None] force_raw_images = True {{(pid=108383) log_opt_values /opt/stack/data/venv/lib/python3.12/site-packages/oslo_config/cfg.py:2995}}
Mar 04 06:13:16.294894 np0000157783 devstack@n-api-meta.service[108383]: DEBUG nova.api.openstack.wsgi_app [None req-abd4c65c-e05a-4069-9fcc-f8ad26f4ee1d None None] graceful_shutdown_timeout = 5 {{(pid=108383) log_opt_values /opt/stack/data/venv/lib/python3.12/site-packages/oslo_config/cfg.py:2995}}
Mar 04 06:13:16.295045 np0000157783 devstack@n-api-meta.service[108383]: DEBUG nova.api.openstack.wsgi_app [None req-abd4c65c-e05a-4069-9fcc-f8ad26f4ee1d None None] heal_instance_info_cache_interval = -1 {{(pid=108383) log_opt_values /opt/stack/data/venv/lib/python3.12/site-packages/oslo_config/cfg.py:2995}}
Mar 04 06:13:16.295219 np0000157783 devstack@n-api-meta.service[108383]: DEBUG nova.api.openstack.wsgi_app [None req-abd4c65c-e05a-4069-9fcc-f8ad26f4ee1d None None] host = np0000157783 {{(pid=108383) log_opt_values /opt/stack/data/venv/lib/python3.12/site-packages/oslo_config/cfg.py:2995}}
Mar 04 06:13:16.295362 np0000157783 devstack@n-api-meta.service[108383]: DEBUG nova.api.openstack.wsgi_app [None req-abd4c65c-e05a-4069-9fcc-f8ad26f4ee1d None None] initial_cpu_allocation_ratio = 4.0 {{(pid=108383) log_opt_values /opt/stack/data/venv/lib/python3.12/site-packages/oslo_config/cfg.py:2995}}
Mar 04 06:13:16.295496 np0000157783 devstack@n-api-meta.service[108383]: DEBUG nova.api.openstack.wsgi_app [None req-abd4c65c-e05a-4069-9fcc-f8ad26f4ee1d None None] initial_disk_allocation_ratio = 1.0 {{(pid=108383) log_opt_values /opt/stack/data/venv/lib/python3.12/site-packages/oslo_config/cfg.py:2995}}
Mar 04 06:13:16.295626 np0000157783 devstack@n-api-meta.service[108383]: DEBUG nova.api.openstack.wsgi_app [None req-abd4c65c-e05a-4069-9fcc-f8ad26f4ee1d None None] initial_ram_allocation_ratio = 1.0 {{(pid=108383) log_opt_values /opt/stack/data/venv/lib/python3.12/site-packages/oslo_config/cfg.py:2995}}
Mar 04 06:13:16.295778 np0000157783 devstack@n-api-meta.service[108381]: WARNING nova.api.metadata.handler [None req-afaf1cb0-2b36-4a51-8f9d-8a11cc9675b1 None None] metadata_proxy_shared_secret is not configured, the metadata information returned by the proxy cannot be trusted
Mar 04 06:13:16.295825 np0000157783 devstack@n-api-meta.service[108383]: DEBUG nova.api.openstack.wsgi_app [None req-abd4c65c-e05a-4069-9fcc-f8ad26f4ee1d None None] injected_network_template = /opt/stack/nova/nova/virt/interfaces.template {{(pid=108383) log_opt_values /opt/stack/data/venv/lib/python3.12/site-packages/oslo_config/cfg.py:2995}}
Mar 04 06:13:16.295920 np0000157783 devstack@n-api-meta.service[108383]: DEBUG nova.api.openstack.wsgi_app [None req-abd4c65c-e05a-4069-9fcc-f8ad26f4ee1d None None] instance_build_timeout = 0 {{(pid=108383) log_opt_values /opt/stack/data/venv/lib/python3.12/site-packages/oslo_config/cfg.py:2995}}
Mar 04 06:13:16.296068 np0000157783 devstack@n-api-meta.service[108383]: DEBUG nova.api.openstack.wsgi_app [None req-abd4c65c-e05a-4069-9fcc-f8ad26f4ee1d None None] instance_delete_interval = 300 {{(pid=108383) log_opt_values /opt/stack/data/venv/lib/python3.12/site-packages/oslo_config/cfg.py:2995}}
Mar 04 06:13:16.296201 np0000157783 devstack@n-api-meta.service[108383]: DEBUG nova.api.openstack.wsgi_app [None req-abd4c65c-e05a-4069-9fcc-f8ad26f4ee1d None None] instance_format = [instance: %(uuid)s] {{(pid=108383) log_opt_values /opt/stack/data/venv/lib/python3.12/site-packages/oslo_config/cfg.py:2995}}
Mar 04 06:13:16.296334 np0000157783 devstack@n-api-meta.service[108383]: DEBUG nova.api.openstack.wsgi_app [None req-abd4c65c-e05a-4069-9fcc-f8ad26f4ee1d None None] instance_name_template = instance-%08x {{(pid=108383) log_opt_values /opt/stack/data/venv/lib/python3.12/site-packages/oslo_config/cfg.py:2995}}
Mar 04 06:13:16.296483 np0000157783 devstack@n-api-meta.service[108383]: DEBUG nova.api.openstack.wsgi_app [None req-abd4c65c-e05a-4069-9fcc-f8ad26f4ee1d None None] instance_usage_audit = False {{(pid=108383) log_opt_values /opt/stack/data/venv/lib/python3.12/site-packages/oslo_config/cfg.py:2995}}
Mar 04 06:13:16.296621 np0000157783 devstack@n-api-meta.service[108383]: DEBUG nova.api.openstack.wsgi_app [None req-abd4c65c-e05a-4069-9fcc-f8ad26f4ee1d None None] instance_usage_audit_period = month {{(pid=108383) log_opt_values /opt/stack/data/venv/lib/python3.12/site-packages/oslo_config/cfg.py:2995}}
Mar 04 06:13:16.296751 np0000157783 devstack@n-api-meta.service[108383]: DEBUG nova.api.openstack.wsgi_app [None req-abd4c65c-e05a-4069-9fcc-f8ad26f4ee1d None None] instance_uuid_format = [instance: %(uuid)s] {{(pid=108383) log_opt_values /opt/stack/data/venv/lib/python3.12/site-packages/oslo_config/cfg.py:2995}}
Mar 04 06:13:16.296883 np0000157783 devstack@n-api-meta.service[108383]: DEBUG nova.api.openstack.wsgi_app [None req-abd4c65c-e05a-4069-9fcc-f8ad26f4ee1d None None] instances_path = /opt/stack/data/nova/instances {{(pid=108383) log_opt_values /opt/stack/data/venv/lib/python3.12/site-packages/oslo_config/cfg.py:2995}}
Mar 04 06:13:16.297081 np0000157783 devstack@n-api-meta.service[108383]: DEBUG nova.api.openstack.wsgi_app [None req-abd4c65c-e05a-4069-9fcc-f8ad26f4ee1d None None] internal_service_availability_zone = internal {{(pid=108383) log_opt_values /opt/stack/data/venv/lib/python3.12/site-packages/oslo_config/cfg.py:2995}}
Mar 04 06:13:16.297258 np0000157783 devstack@n-api-meta.service[108383]: DEBUG nova.api.openstack.wsgi_app [None req-abd4c65c-e05a-4069-9fcc-f8ad26f4ee1d None None] key = None {{(pid=108383) log_opt_values /opt/stack/data/venv/lib/python3.12/site-packages/oslo_config/cfg.py:2995}}
Mar 04 06:13:16.297441 np0000157783 devstack@n-api-meta.service[108383]: DEBUG nova.api.openstack.wsgi_app [None req-abd4c65c-e05a-4069-9fcc-f8ad26f4ee1d None None] live_migration_retry_count = 30 {{(pid=108383) log_opt_values /opt/stack/data/venv/lib/python3.12/site-packages/oslo_config/cfg.py:2995}}
Mar 04 06:13:16.297620 np0000157783 devstack@n-api-meta.service[108383]: DEBUG nova.api.openstack.wsgi_app [None req-abd4c65c-e05a-4069-9fcc-f8ad26f4ee1d None None] log_color = False {{(pid=108383) log_opt_values /opt/stack/data/venv/lib/python3.12/site-packages/oslo_config/cfg.py:2995}}
Mar 04 06:13:16.297760 np0000157783 devstack@n-api-meta.service[108383]: DEBUG nova.api.openstack.wsgi_app [None req-abd4c65c-e05a-4069-9fcc-f8ad26f4ee1d None None] log_config_append = None {{(pid=108383) log_opt_values /opt/stack/data/venv/lib/python3.12/site-packages/oslo_config/cfg.py:2995}}
Mar 04 06:13:16.297905 np0000157783 devstack@n-api-meta.service[108383]: DEBUG nova.api.openstack.wsgi_app [None req-abd4c65c-e05a-4069-9fcc-f8ad26f4ee1d None None] log_date_format = %Y-%m-%d %H:%M:%S {{(pid=108383) log_opt_values /opt/stack/data/venv/lib/python3.12/site-packages/oslo_config/cfg.py:2995}}
Mar 04 06:13:16.298098 np0000157783 devstack@n-api-meta.service[108383]: DEBUG nova.api.openstack.wsgi_app [None req-abd4c65c-e05a-4069-9fcc-f8ad26f4ee1d None None] log_dir = None {{(pid=108383) log_opt_values /opt/stack/data/venv/lib/python3.12/site-packages/oslo_config/cfg.py:2995}}
