2026-09-16 03:28:02.290 8 INFO placement.requestlog [None req-11b24b95-f4bb-45e3-9fd5-55645ef335a5 - - - - - -] 10.0.0.123 "GET /" status: 200 len: 136 microversion: 1.0
2026-09-16 03:28:12.290 7 INFO placement.requestlog [None req-d903e36b-e550-45ec-8d9a-c6ca097d0f2a - - - - - -] 10.0.0.123 "GET /" status: 200 len: 136 microversion: 1.0
2026-09-16 03:28:12.290 8 INFO placement.requestlog [None req-c0ba162c-ffcd-428e-a24c-f8ba6afd7404 - - - - - -] 10.0.0.123 "GET /" status: 200 len: 136 microversion: 1.0
2026-09-16 03:28:22.291 8 INFO placement.requestlog [None req-53d83ce8-a6cc-450d-94ea-d384a2406a61 - - - - - -] 10.0.0.123 "GET /" status: 200 len: 136 microversion: 1.0
2026-09-16 03:28:22.291 7 INFO placement.requestlog [None req-2f05c156-25b1-4d3a-97c5-69ccd97662bd - - - - - -] 10.0.0.123 "GET /" status: 200 len: 136 microversion: 1.0
2026-09-16 03:28:32.291 8 INFO placement.requestlog [None req-cf16bd7c-8fca-4469-975c-ebbd8907e20b - - - - - -] 10.0.0.123 "GET /" status: 200 len: 136 microversion: 1.0
2026-09-16 03:28:32.292 7 INFO placement.requestlog [None req-ae986f1b-d88e-4415-aa07-36b851bfbcef - - - - - -] 10.0.0.123 "GET /" status: 200 len: 136 microversion: 1.0
2026-09-16 03:28:42.291 7 INFO placement.requestlog [None req-27e4d054-b932-4ecc-9bb5-e7857df6eefb - - - - - -] 10.0.0.123 "GET /" status: 200 len: 136 microversion: 1.0
2026-09-16 03:28:42.291 8 INFO placement.requestlog [None req-e711205b-4692-4c82-914f-1e6cbdb047ba - - - - - -] 10.0.0.123 "GET /" status: 200 len: 136 microversion: 1.0
2026-09-16 03:28:52.291 8 INFO placement.requestlog [None req-a9eb30c1-4799-4de5-82a7-6e3b1d8ebfc9 - - - - - -] 10.0.0.123 "GET /" status: 200 len: 136 microversion: 1.0
2026-09-16 03:28:52.291 7 INFO placement.requestlog [None req-6d0d1f1f-2eb5-428d-ad75-33b20a6bdc3e - - - - - -] 10.0.0.123 "GET /" status: 200 len: 136 microversion: 1.0
2026-09-16 03:28:55.897 8 INFO placement.requestlog [req-114068a9-1b41-42f6-b523-1e5ab56d4efa req-7c45d921-8264-42f9-ae58-af854070b0d0 002dfbd62c194d408bcb3cc9ded2e282 7775aac30c884b398652b5a4fd78972c - - dabd0494cc174a5f85d3b4a383102731 dabd0494cc174a5f85d3b4a383102731] 162.253.55.250 "GET /resource_providers/14edbd87-553c-4048-80ae-c539718975f4/allocations" status: 200 len: 54 microversion: 1.0 [pid: 8|app: 0|req: 294/587] 162.253.55.250 () {32 vars in 857 bytes} [Wed Sep 16 03:28:55 2026] GET /resource_providers/14edbd87-553c-4048-80ae-c539718975f4/allocations => generated 54 bytes in 33 msecs (HTTP/1.1 200) 6 headers in 223 bytes (1 switches on core 0)
2026-09-16 03:28:55.932 7 INFO placement.requestlog [req-114068a9-1b41-42f6-b523-1e5ab56d4efa req-4df637e6-9437-447e-9989-dd22af78f83c 002dfbd62c194d408bcb3cc9ded2e282 7775aac30c884b398652b5a4fd78972c - - dabd0494cc174a5f85d3b4a383102731 dabd0494cc174a5f85d3b4a383102731] 162.253.55.250 "GET /resource_providers/14edbd87-553c-4048-80ae-c539718975f4/allocations" status: 200 len: 54 microversion: 1.0 [pid: 7|app: 0|req: 294/588] 162.253.55.250 () {32 vars in 857 bytes} [Wed Sep 16 03:28:55 2026] GET /resource_providers/14edbd87-553c-4048-80ae-c539718975f4/allocations => generated 54 bytes in 21 msecs (HTTP/1.1 200) 6 headers in 223 bytes (1 switches on core 0)
2026-09-16 03:29:02.291 7 INFO placement.requestlog [None req-8938d5d7-bb86-47e4-aba8-b3643e20e5d1 - - - - - -] 10.0.0.123 "GET /" status: 200 len: 136 microversion: 1.0
2026-09-16 03:29:02.291 8 INFO placement.requestlog [None req-849e2aa5-ee07-4822-9acc-24c58fb88c10 - - - - - -] 10.0.0.123 "GET /" status: 200 len: 136 microversion: 1.0
2026-09-16 03:29:12.290 8 INFO placement.requestlog [None req-f0762b34-9030-45ca-af99-c2db0ecb2016 - - - - - -] 10.0.0.123 "GET /" status: 200 len: 136 microversion: 1.0
2026-09-16 03:29:12.291 7 INFO placement.requestlog [None req-dd26ded5-fae0-405d-8ffa-131fb7762c67 - - - - - -] 10.0.0.123 "GET /" status: 200 len: 136 microversion: 1.0
2026-09-16 03:29:22.290 7 INFO placement.requestlog [None req-f36dd3fb-313d-4c7a-8f1d-1f77d4fd8970 - - - - - -] 10.0.0.123 "GET /" status: 200 len: 136 microversion: 1.0
2026-09-16 03:29:22.290 8 INFO placement.requestlog [None req-716af20a-4d91-4e9d-ae08-2c3a0b67e473 - - - - - -] 10.0.0.123 "GET /" status: 200 len: 136 microversion: 1.0
2026-09-16 03:29:32.290 8 INFO placement.requestlog [None req-b50531f1-18b9-4d6a-81c1-1dffaea18e73 - - - - - -] 10.0.0.123 "GET /" status: 200 len: 136 microversion: 1.0
2026-09-16 03:29:32.290 7 INFO placement.requestlog [None req-f3aef654-6834-4a6a-ad17-a6eddb15816d - - - - - -] 10.0.0.123 "GET /" status: 200 len: 136 microversion: 1.0
2026-09-16 03:29:42.291 8 INFO placement.requestlog [None req-65470088-ebcc-4504-a5a2-2d6258b68fde - - - - - -] 10.0.0.123 "GET /" status: 200 len: 136 microversion: 1.0
2026-09-16 03:29:42.291 7 INFO placement.requestlog [None req-17dfccc0-b9bf-4c45-91e8-13f00fefaab1 - - - - - -] 10.0.0.123 "GET /" status: 200 len: 136 microversion: 1.0
2026-09-16 03:29:52.291 7 INFO placement.requestlog [None req-51facf72-abd8-4862-b013-fa0d2c47b804 - - - - - -] 10.0.0.123 "GET /" status: 200 len: 136 microversion: 1.0
2026-09-16 03:29:52.291 8 INFO placement.requestlog [None req-05dcbf35-6e11-4946-a04a-905819b81f86 - - - - - -] 10.0.0.123 "GET /" status: 200 len: 136 microversion: 1.0
2026-09-16 03:29:55.905 7 INFO placement.requestlog [req-c6ebd407-ef33-40a4-825e-809b3dd37c0e req-b0a943ba-efd9-497f-9323-d995beaf4c5a 002dfbd62c194d408bcb3cc9ded2e282 7775aac30c884b398652b5a4fd78972c - - dabd0494cc174a5f85d3b4a383102731 dabd0494cc174a5f85d3b4a383102731] 162.253.55.250 "GET /resource_providers/14edbd87-553c-4048-80ae-c539718975f4/allocations" status: 200 len: 54 microversion: 1.0 [pid: 7|app: 0|req: 301/601] 162.253.55.250 () {32 vars in 857 bytes} [Wed Sep 16 03:29:55 2026] GET /resource_providers/14edbd87-553c-4048-80ae-c539718975f4/allocations => generated 54 bytes in 20 msecs (HTTP/1.1 200) 6 headers in 223 bytes (1 switches on core 0)
2026-09-16 03:29:55.934 8 INFO placement.requestlog [req-c6ebd407-ef33-40a4-825e-809b3dd37c0e req-c4843dc2-a2d8-4b0a-b62d-9757ff5313b4 002dfbd62c194d408bcb3cc9ded2e282 7775aac30c884b398652b5a4fd78972c - - dabd0494cc174a5f85d3b4a383102731 dabd0494cc174a5f85d3b4a383102731] 162.253.55.250 "GET /resource_providers/14edbd87-553c-4048-80ae-c539718975f4/allocations" status: 200 len: 54 microversion: 1.0 [pid: 8|app: 0|req: 301/602] 162.253.55.250 () {32 vars in 857 bytes} [Wed Sep 16 03:29:55 2026] GET /resource_providers/14edbd87-553c-4048-80ae-c539718975f4/allocations => generated 54 bytes in 20 msecs (HTTP/1.1 200) 6 headers in 223 bytes (1 switches on core 0)
2026-09-16 03:30:02.291 7 INFO placement.requestlog [None req-5da99539-3292-468d-86e3-36f27caab660 - - - - - -] 10.0.0.123 "GET /" status: 200 len: 136 microversion: 1.0
2026-09-16 03:30:02.293 8 INFO placement.requestlog [None req-d83369e4-e164-4282-90a2-e78100f36d54 - - - - - -] 10.0.0.123 "GET /" status: 200 len: 136 microversion: 1.0
2026-09-16 03:30:12.290 8 INFO placement.requestlog [None req-b89fd7b6-b836-445a-a9ef-b7ad2b3d8a76 - - - - - -] 10.0.0.123 "GET /" status: 200 len: 136 microversion: 1.0
2026-09-16 03:30:12.291 7 INFO placement.requestlog [None req-64a2f285-c7ac-404e-b127-6e6a56320e13 - - - - - -] 10.0.0.123 "GET /" status: 200 len: 136 microversion: 1.0
2026-09-16 03:30:22.291 8 INFO placement.requestlog [None req-ed87a162-f6a8-4d9a-b83f-5c5dad2f52bc - - - - - -] 10.0.0.123 "GET /" status: 200 len: 136 microversion: 1.0
2026-09-16 03:30:22.291 7 INFO placement.requestlog [None req-c1593c84-8cef-4d67-91ca-9dc363759432 - - - - - -] 10.0.0.123 "GET /" status: 200 len: 136 microversion: 1.0
2026-09-16 03:30:32.291 8 INFO placement.requestlog [None req-48a21090-58b1-4802-984f-656e70ba0cc8 - - - - - -] 10.0.0.123 "GET /" status: 200 len: 136 microversion: 1.0
2026-09-16 03:30:32.291 7 INFO placement.requestlog [None req-cf078628-7ea4-4c82-a88c-a207f2e8acce - - - - - -] 10.0.0.123 "GET /" status: 200 len: 136 microversion: 1.0
2026-09-16 03:30:42.291 7 INFO placement.requestlog [None req-c73f4eb7-c991-47cf-ae34-edd7f876c8e9 - - - - - -] 10.0.0.123 "GET /" status: 200 len: 136 microversion: 1.0
2026-09-16 03:30:42.291 8 INFO placement.requestlog [None req-3def46fb-1627-40f1-a5f7-335cc151dedf - - - - - -] 10.0.0.123 "GET /" status: 200 len: 136 microversion: 1.0
2026-09-16 03:30:52.291 7 INFO placement.requestlog [None req-3228bbde-004b-42c3-845e-2d4cd1f65273 - - - - - -] 10.0.0.123 "GET /" status: 200 len: 136 microversion: 1.0
2026-09-16 03:30:52.291 8 INFO placement.requestlog [None req-3fffae79-ff16-49c9-bc0d-12f7090a92e1 - - - - - -] 10.0.0.123 "GET /" status: 200 len: 136 microversion: 1.0
2026-09-16 03:30:57.808 7 INFO placement.requestlog [req-34491114-2592-4852-aa6b-a58619246e9c req-9eff61f0-2a7f-4e20-8460-4ceef6a8979e 002dfbd62c194d408bcb3cc9ded2e282 7775aac30c884b398652b5a4fd78972c - - dabd0494cc174a5f85d3b4a383102731 dabd0494cc174a5f85d3b4a383102731] 162.253.55.250 "GET /resource_providers/14edbd87-553c-4048-80ae-c539718975f4/allocations" status: 200 len: 54 microversion: 1.0 [pid: 7|app: 0|req: 308/615] 162.253.55.250 () {32 vars in 857 bytes} [Wed Sep 16 03:30:57 2026] GET /resource_providers/14edbd87-553c-4048-80ae-c539718975f4/allocations => generated 54 bytes in 25 msecs (HTTP/1.1 200) 6 headers in 223 bytes (1 switches on core 0)
2026-09-16 03:30:57.846 8 INFO placement.requestlog [req-34491114-2592-4852-aa6b-a58619246e9c req-342b2e2c-a4c9-4b22-b282-527e38af8f25 002dfbd62c194d408bcb3cc9ded2e282 7775aac30c884b398652b5a4fd78972c - - dabd0494cc174a5f85d3b4a383102731 dabd0494cc174a5f85d3b4a383102731] 162.253.55.250 "GET /resource_providers/14edbd87-553c-4048-80ae-c539718975f4/allocations" status: 200 len: 54 microversion: 1.0 [pid: 8|app: 0|req: 308/616] 162.253.55.250 () {32 vars in 857 bytes} [Wed Sep 16 03:30:57 2026] GET /resource_providers/14edbd87-553c-4048-80ae-c539718975f4/allocations => generated 54 bytes in 26 msecs (HTTP/1.1 200) 6 headers in 223 bytes (1 switches on core 0)
2026-09-16 03:31:02.291 7 INFO placement.requestlog [None req-614f1860-741b-4c4f-99b9-a57146505fb7 - - - - - -] 10.0.0.123 "GET /" status: 200 len: 136 microversion: 1.0
2026-09-16 03:31:02.292 8 INFO placement.requestlog [None req-a7d339d1-683e-4ff7-bf9e-0a2826a10ec7 - - - - - -] 10.0.0.123 "GET /" status: 200 len: 136 microversion: 1.0
2026-09-16 03:31:12.290 7 INFO placement.requestlog [None req-f0be5948-4c6b-4597-8331-5421dab29c67 - - - - - -] 10.0.0.123 "GET /" status: 200 len: 136 microversion: 1.0
2026-09-16 03:31:12.290 8 INFO placement.requestlog [None req-802ef727-0f74-4d91-ab96-8deb15daaa68 - - - - - -] 10.0.0.123 "GET /" status: 200 len: 136 microversion: 1.0
2026-09-16 03:31:22.291 8 INFO placement.requestlog [None req-dc120551-569b-443e-a910-5f505e496ace - - - - - -] 10.0.0.123 "GET /" status: 200 len: 136 microversion: 1.0
2026-09-16 03:31:22.291 7 INFO placement.requestlog [None req-5acf7d87-fa55-4da8-a040-e660f81d0515 - - - - - -] 10.0.0.123 "GET /" status: 200 len: 136 microversion: 1.0
2026-09-16 03:31:32.291 8 INFO placement.requestlog [None req-478ee35b-adff-4d72-abd4-9ecfc439bc07 - - - - - -] 10.0.0.123 "GET /" status: 200 len: 136 microversion: 1.0
2026-09-16 03:31:32.291 7 INFO placement.requestlog [None req-69b06906-eea6-4d0b-bf97-3a678813daf9 - - - - - -] 10.0.0.123 "GET /" status: 200 len: 136 microversion: 1.0
2026-09-16 03:31:42.291 8 INFO placement.requestlog [None req-8aa0b670-d5a4-432f-abff-e01e685cb1c8 - - - - - -] 10.0.0.123 "GET /" status: 200 len: 136 microversion: 1.0
2026-09-16 03:31:42.291 7 INFO placement.requestlog [None req-30271856-01b8-47ea-8069-7185f70e1bf0 - - - - - -] 10.0.0.123 "GET /" status: 200 len: 136 microversion: 1.0
2026-09-16 03:31:52.291 8 INFO placement.requestlog [None req-9c86fd45-8608-4cb0-b21c-45d81711ea94 - - - - - -] 10.0.0.123 "GET /" status: 200 len: 136 microversion: 1.0
2026-09-16 03:31:52.291 7 INFO placement.requestlog [None req-57569ca0-276b-44f2-9a93-d5b5e7d80835 - - - - - -] 10.0.0.123 "GET /" status: 200 len: 136 microversion: 1.0
2026-09-16 03:32:00.066 8 INFO placement.requestlog [req-5070a3db-10fd-440f-86a8-f485e47d9be5 req-48895134-c261-4829-a8f8-42f019c9ef03 002dfbd62c194d408bcb3cc9ded2e282 7775aac30c884b398652b5a4fd78972c - - dabd0494cc174a5f85d3b4a383102731 dabd0494cc174a5f85d3b4a383102731] 162.253.55.250 "GET /resource_providers/14edbd87-553c-4048-80ae-c539718975f4/allocations" status: 200 len: 54 microversion: 1.0 [pid: 8|app: 0|req: 315/629] 162.253.55.250 () {32 vars in 857 bytes} [Wed Sep 16 03:32:00 2026] GET /resource_providers/14edbd87-553c-4048-80ae-c539718975f4/allocations => generated 54 bytes in 16 msecs (HTTP/1.1 200) 6 headers in 223 bytes (1 switches on core 0)
2026-09-16 03:32:00.093 7 INFO placement.requestlog [req-5070a3db-10fd-440f-86a8-f485e47d9be5 req-74feb92f-953f-4d52-ba89-e631d7166fb9 002dfbd62c194d408bcb3cc9ded2e282 7775aac30c884b398652b5a4fd78972c - - dabd0494cc174a5f85d3b4a383102731 dabd0494cc174a5f85d3b4a383102731] 162.253.55.250 "GET /resource_providers/14edbd87-553c-4048-80ae-c539718975f4/allocations" status: 200 len: 54 microversion: 1.0 [pid: 7|app: 0|req: 315/630] 162.253.55.250 () {32 vars in 857 bytes} [Wed Sep 16 03:32:00 2026] GET /resource_providers/14edbd87-553c-4048-80ae-c539718975f4/allocations => generated 54 bytes in 19 msecs (HTTP/1.1 200) 6 headers in 223 bytes (1 switches on core 0)
2026-09-16 03:32:02.290 8 INFO placement.requestlog [None req-aed34653-83eb-436c-8892-f6a4d373c7e3 - - - - - -] 10.0.0.123 "GET /" status: 200 len: 136 microversion: 1.0
2026-09-16 03:32:02.290 7 INFO placement.requestlog [None req-b64b8c0c-4c2a-46db-be4c-4ffedc8b45ea - - - - - -] 10.0.0.123 "GET /" status: 200 len: 136 microversion: 1.0
2026-09-16 03:32:12.290 8 INFO placement.requestlog [None req-6d97eb8d-5087-4933-bbda-0c77c290974a - - - - - -] 10.0.0.123 "GET /" status: 200 len: 136 microversion: 1.0
2026-09-16 03:32:12.290 7 INFO placement.requestlog [None req-c24bc1a6-f133-4795-bf3c-71f584f837b6 - - - - - -] 10.0.0.123 "GET /" status: 200 len: 136 microversion: 1.0
2026-09-16 03:32:16.865 8 INFO placement.requestlog [None req-e5584d7d-1790-48a3-a64e-49a05bc66ab8 53ee7686cafb4affbd57e07b56753846 7775aac30c884b398652b5a4fd78972c - - dabd0494cc174a5f85d3b4a383102731 dabd0494cc174a5f85d3b4a383102731] 10.0.0.205 "GET /resource_providers/17da4d13-e54f-4033-99fc-4e07863172c4/aggregates" status: 404 len: 235 microversion: 1.1 [pid: 8|app: 0|req: 318/635] 10.0.0.205 () {32 vars in 825 bytes} [Wed Sep 16 03:32:16 2026] GET /resource_providers/17da4d13-e54f-4033-99fc-4e07863172c4/aggregates => generated 235 bytes in 169 msecs (HTTP/1.1 404) 5 headers in 202 bytes (1 switches on core 0)
2026-09-16 03:32:16.887 7 INFO placement.requestlog [None req-3ef6bd76-8747-4a58-ae90-458efb981472 53ee7686cafb4affbd57e07b56753846 7775aac30c884b398652b5a4fd78972c - - dabd0494cc174a5f85d3b4a383102731 dabd0494cc174a5f85d3b4a383102731] 10.0.0.205 "GET /resource_providers/17da4d13-e54f-4033-99fc-4e07863172c4/aggregates" status: 404 len: 235 microversion: 1.1 [pid: 7|app: 0|req: 318/636] 10.0.0.205 () {32 vars in 825 bytes} [Wed Sep 16 03:32:16 2026] GET /resource_providers/17da4d13-e54f-4033-99fc-4e07863172c4/aggregates => generated 235 bytes in 144 msecs (HTTP/1.1 404) 5 headers in 202 bytes (1 switches on core 0)
2026-09-16 03:32:16.911 8 INFO placement.requestlog [None req-9f142fe9-a7a6-46c5-afd3-c1bedb1f506b 53ee7686cafb4affbd57e07b56753846 7775aac30c884b398652b5a4fd78972c - - dabd0494cc174a5f85d3b4a383102731 dabd0494cc174a5f85d3b4a383102731] 10.0.0.205 "DELETE /resource_providers/17da4d13-e54f-4033-99fc-4e07863172c4" status: 404 len: 246 microversion: 1.1 [pid: 8|app: 0|req: 319/637] 10.0.0.205 () {34 vars in 825 bytes} [Wed Sep 16 03:32:16 2026] DELETE /resource_providers/17da4d13-e54f-4033-99fc-4e07863172c4 => generated 246 bytes in 16 msecs (HTTP/1.1 404) 6 headers in 231 bytes (1 switches on core 0)
2026-09-16 03:32:16.915 7 INFO placement.requestlog [None req-a27daeea-11e9-40d8-8f48-2ab5b36d5396 53ee7686cafb4affbd57e07b56753846 7775aac30c884b398652b5a4fd78972c - - dabd0494cc174a5f85d3b4a383102731 dabd0494cc174a5f85d3b4a383102731] 10.0.0.205 "DELETE /resource_providers/17da4d13-e54f-4033-99fc-4e07863172c4" status: 404 len: 246 microversion: 1.1 [pid: 7|app: 0|req: 319/638] 10.0.0.205 () {34 vars in 825 bytes} [Wed Sep 16 03:32:16 2026] DELETE /resource_providers/17da4d13-e54f-4033-99fc-4e07863172c4 => generated 246 bytes in 17 msecs (HTTP/1.1 404) 6 headers in 231 bytes (1 switches on core 0)
2026-09-16 03:32:18.042 8 INFO placement.requestlog [req-bb655824-a96b-4cb9-8f7c-c7247494642f req-7f60fb0e-60ab-4bc2-b949-d1d4cd97f76f 002dfbd62c194d408bcb3cc9ded2e282 7775aac30c884b398652b5a4fd78972c - - dabd0494cc174a5f85d3b4a383102731 dabd0494cc174a5f85d3b4a383102731] 10.0.0.35 "GET /allocation_candidates?limit=1000&resources=DISK_GB%3A1%2CMEMORY_MB%3A512%2CVCPU%3A1&root_required=%21COMPUTE_STATUS_DISABLED" status: 200 len: 2147 microversion: 1.36 [pid: 8|app: 0|req: 320/639] 10.0.0.35 () {34 vars in 1011 bytes} [Wed Sep 16 03:32:17 2026] GET /allocation_candidates?limit=1000&resources=DISK_GB%3A1%2CMEMORY_MB%3A512%2CVCPU%3A1&root_required=%21COMPUTE_STATUS_DISABLED => generated 2147 bytes in 216 msecs (HTTP/1.1 200) 8 headers in 297 bytes (1 switches on core 0)
2026-09-16 03:32:18.090 7 INFO placement.requestlog [req-bb655824-a96b-4cb9-8f7c-c7247494642f req-3d1c72e7-9139-4dd8-b2b1-76601ef7c5c5 002dfbd62c194d408bcb3cc9ded2e282 7775aac30c884b398652b5a4fd78972c - - dabd0494cc174a5f85d3b4a383102731 dabd0494cc174a5f85d3b4a383102731] 10.0.0.35 "GET /allocations/fc7c4ca4-1859-4ad3-9de1-b8173f819e6c" status: 200 len: 19 microversion: 1.28 [pid: 7|app: 0|req: 320/640] 10.0.0.35 () {34 vars in 860 bytes} [Wed Sep 16 03:32:18 2026] GET /allocations/fc7c4ca4-1859-4ad3-9de1-b8173f819e6c => generated 19 bytes in 15 msecs (HTTP/1.1 200) 8 headers in 295 bytes (1 switches on core 0)
2026-09-16 03:32:18.185 8 INFO placement.requestlog [req-bb655824-a96b-4cb9-8f7c-c7247494642f req-9782e803-2547-4b9d-b35e-98b36a50687b 002dfbd62c194d408bcb3cc9ded2e282 7775aac30c884b398652b5a4fd78972c - - dabd0494cc174a5f85d3b4a383102731 dabd0494cc174a5f85d3b4a383102731] 10.0.0.35 "PUT /allocations/fc7c4ca4-1859-4ad3-9de1-b8173f819e6c" status: 204 len: 0 microversion: 1.36 [pid: 8|app: 0|req: 321/641] 10.0.0.35 () {38 vars in 913 bytes} [Wed Sep 16 03:32:18 2026] PUT /allocations/fc7c4ca4-1859-4ad3-9de1-b8173f819e6c => generated 0 bytes in 88 msecs (HTTP/1.1 204) 5 headers in 199 bytes (1 switches on core 0)
2026-09-16 03:32:18.486 7 INFO placement.requestlog [req-152c4793-9225-48ac-85df-0d4c3c4d4769 req-b3c1e745-5e70-4152-9361-7cfccfc33f97 002dfbd62c194d408bcb3cc9ded2e282 7775aac30c884b398652b5a4fd78972c - - dabd0494cc174a5f85d3b4a383102731 dabd0494cc174a5f85d3b4a383102731] 10.0.0.35 "GET /allocation_candidates?limit=1000&resources=MEMORY_MB%3A512%2CVCPU%3A1&root_required=%21COMPUTE_STATUS_DISABLED" status: 200 len: 2135 microversion: 1.36 [pid: 7|app: 0|req: 321/642] 10.0.0.35 () {34 vars in 983 bytes} [Wed Sep 16 03:32:18 2026] GET /allocation_candidates?limit=1000&resources=MEMORY_MB%3A512%2CVCPU%3A1&root_required=%21COMPUTE_STATUS_DISABLED => generated 2135 bytes in 69 msecs (HTTP/1.1 200) 8 headers in 297 bytes (1 switches on core 0)
2026-09-16 03:32:18.540 8 INFO placement.requestlog [req-152c4793-9225-48ac-85df-0d4c3c4d4769 req-604d22c5-4036-4ad5-a24b-5ff7a20c22d3 002dfbd62c194d408bcb3cc9ded2e282 7775aac30c884b398652b5a4fd78972c - - dabd0494cc174a5f85d3b4a383102731 dabd0494cc174a5f85d3b4a383102731] 10.0.0.35 "GET /allocations/6859e448-64d5-4759-b5e5-317ea5ba6784" status: 200 len: 19 microversion: 1.28 [pid: 8|app: 0|req: 322/643] 10.0.0.35 () {34 vars in 860 bytes} [Wed Sep 16 03:32:18 2026] GET /allocations/6859e448-64d5-4759-b5e5-317ea5ba6784 => generated 19 bytes in 14 msecs (HTTP/1.1 200) 8 headers in 295 bytes (1 switches on core 0)
2026-09-16 03:32:18.685 7 INFO placement.requestlog [req-152c4793-9225-48ac-85df-0d4c3c4d4769 req-ea99abf7-7581-402f-b674-d02f49b886c4 002dfbd62c194d408bcb3cc9ded2e282 7775aac30c884b398652b5a4fd78972c - - dabd0494cc174a5f85d3b4a383102731 dabd0494cc174a5f85d3b4a383102731] 10.0.0.35 "PUT /allocations/6859e448-64d5-4759-b5e5-317ea5ba6784" status: 204 len: 0 microversion: 1.36 [pid: 7|app: 0|req: 322/644] 10.0.0.35 () {38 vars in 913 bytes} [Wed Sep 16 03:32:18 2026] PUT /allocations/6859e448-64d5-4759-b5e5-317ea5ba6784 => generated 0 bytes in 133 msecs (HTTP/1.1 204) 5 headers in 199 bytes (1 switches on core 0)
2026-09-16 03:32:18.767 8 INFO placement.requestlog [req-bb655824-a96b-4cb9-8f7c-c7247494642f req-205dfe66-8008-44dd-b748-99e3d7071d58 002dfbd62c194d408bcb3cc9ded2e282 7775aac30c884b398652b5a4fd78972c - - dabd0494cc174a5f85d3b4a383102731 dabd0494cc174a5f85d3b4a383102731] 162.253.55.250 "GET /allocations/fc7c4ca4-1859-4ad3-9de1-b8173f819e6c" status: 200 len: 257 microversion: 1.28 [pid: 8|app: 0|req: 323/645] 162.253.55.250 () {34 vars in 863 bytes} [Wed Sep 16 03:32:18 2026] GET /allocations/fc7c4ca4-1859-4ad3-9de1-b8173f819e6c => generated 257 bytes in 12 msecs (HTTP/1.1 200) 8 headers in 296 bytes (1 switches on core 0)
2026-09-16 03:32:18.923 7 INFO placement.requestlog [req-bb655824-a96b-4cb9-8f7c-c7247494642f req-e89edbb3-09be-4007-ad7d-788c2372c898 002dfbd62c194d408bcb3cc9ded2e282 7775aac30c884b398652b5a4fd78972c - - dabd0494cc174a5f85d3b4a383102731 dabd0494cc174a5f85d3b4a383102731] 162.253.55.250 "GET /resource_providers/14edbd87-553c-4048-80ae-c539718975f4/allocations" status: 200 len: 238 microversion: 1.0 [pid: 7|app: 0|req: 323/646] 162.253.55.250 () {32 vars in 857 bytes} [Wed Sep 16 03:32:18 2026] GET /resource_providers/14edbd87-553c-4048-80ae-c539718975f4/allocations => generated 238 bytes in 19 msecs (HTTP/1.1 200) 6 headers in 224 bytes (1 switches on core 0)
2026-09-16 03:32:18.934 7 INFO placement.requestlog [None req-ac85b019-4a6b-433a-8dd0-3c5baecd5d0a 53ee7686cafb4affbd57e07b56753846 7775aac30c884b398652b5a4fd78972c - - dabd0494cc174a5f85d3b4a383102731 dabd0494cc174a5f85d3b4a383102731] 10.0.0.205 "GET /resource_providers/50b71e76-680a-4f93-ae4a-9f84b7bbd47c/aggregates" status: 404 len: 235 microversion: 1.1 [pid: 7|app: 0|req: 324/647] 10.0.0.205 () {32 vars in 825 bytes} [Wed Sep 16 03:32:18 2026] GET /resource_providers/50b71e76-680a-4f93-ae4a-9f84b7bbd47c/aggregates => generated 235 bytes in 11 msecs (HTTP/1.1 404) 5 headers in 202 bytes (1 switches on core 0)
2026-09-16 03:32:18.936 8 INFO placement.requestlog [None req-cf6473cb-e9ea-4a08-b25a-b7297d57b73f 53ee7686cafb4affbd57e07b56753846 7775aac30c884b398652b5a4fd78972c - - dabd0494cc174a5f85d3b4a383102731 dabd0494cc174a5f85d3b4a383102731] 10.0.0.205 "GET /resource_providers/50b71e76-680a-4f93-ae4a-9f84b7bbd47c/aggregates" status: 404 len: 235 microversion: 1.1 [pid: 8|app: 0|req: 324/648] 10.0.0.205 () {32 vars in 825 bytes} [Wed Sep 16 03:32:18 2026] GET /resource_providers/50b71e76-680a-4f93-ae4a-9f84b7bbd47c/aggregates => generated 235 bytes in 18 msecs (HTTP/1.1 404) 5 headers in 202 bytes (1 switches on core 0)
2026-09-16 03:32:18.947 7 INFO placement.requestlog [req-bb655824-a96b-4cb9-8f7c-c7247494642f req-dfd4f3d9-42cb-4eca-afef-df96aa00b07f 002dfbd62c194d408bcb3cc9ded2e282 7775aac30c884b398652b5a4fd78972c - - dabd0494cc174a5f85d3b4a383102731 dabd0494cc174a5f85d3b4a383102731] 162.253.55.250 "GET /allocations/fc7c4ca4-1859-4ad3-9de1-b8173f819e6c" status: 200 len: 257 microversion: 1.28 [pid: 7|app: 0|req: 325/649] 162.253.55.250 () {34 vars in 863 bytes} [Wed Sep 16 03:32:18 2026] GET /allocations/fc7c4ca4-1859-4ad3-9de1-b8173f819e6c => generated 257 bytes in 12 msecs (HTTP/1.1 200) 8 headers in 296 bytes (1 switches on core 0)
2026-09-16 03:32:18.958 7 INFO placement.requestlog [None req-9b7c121a-2229-4c3d-8bdb-470e41a5a93b 53ee7686cafb4affbd57e07b56753846 7775aac30c884b398652b5a4fd78972c - - dabd0494cc174a5f85d3b4a383102731 dabd0494cc174a5f85d3b4a383102731] 10.0.0.205 "DELETE /resource_providers/50b71e76-680a-4f93-ae4a-9f84b7bbd47c" status: 404 len: 246 microversion: 1.1 [pid: 7|app: 0|req: 326/650] 10.0.0.205 () {34 vars in 825 bytes} [Wed Sep 16 03:32:18 2026] DELETE /resource_providers/50b71e76-680a-4f93-ae4a-9f84b7bbd47c => generated 246 bytes in 11 msecs (HTTP/1.1 404) 6 headers in 231 bytes (1 switches on core 0)
2026-09-16 03:32:18.961 8 INFO placement.requestlog [None req-7cc85808-acfe-4b86-986e-696d6b783cd7 53ee7686cafb4affbd57e07b56753846 7775aac30c884b398652b5a4fd78972c - - dabd0494cc174a5f85d3b4a383102731 dabd0494cc174a5f85d3b4a383102731] 10.0.0.205 "DELETE /resource_providers/50b71e76-680a-4f93-ae4a-9f84b7bbd47c" status: 404 len: 246 microversion: 1.1 [pid: 8|app: 0|req: 325/651] 10.0.0.205 () {34 vars in 825 bytes} [Wed Sep 16 03:32:18 2026] DELETE /resource_providers/50b71e76-680a-4f93-ae4a-9f84b7bbd47c => generated 246 bytes in 21 msecs (HTTP/1.1 404) 6 headers in 231 bytes (1 switches on core 0)
2026-09-16 03:32:18.981 7 INFO placement.requestlog [req-bb655824-a96b-4cb9-8f7c-c7247494642f req-289ad6ac-28ea-42f1-8133-e81c9497f581 002dfbd62c194d408bcb3cc9ded2e282 7775aac30c884b398652b5a4fd78972c - - dabd0494cc174a5f85d3b4a383102731 dabd0494cc174a5f85d3b4a383102731] 162.253.55.250 "GET /allocations/6859e448-64d5-4759-b5e5-317ea5ba6784" status: 200 len: 243 microversion: 1.28 [pid: 7|app: 0|req: 327/652] 162.253.55.250 () {34 vars in 863 bytes} [Wed Sep 16 03:32:18 2026] GET /allocations/6859e448-64d5-4759-b5e5-317ea5ba6784 => generated 243 bytes in 22 msecs (HTTP/1.1 200) 8 headers in 296 bytes (1 switches on core 0)
2026-09-16 03:32:19.164 8 INFO placement.requestlog [req-152c4793-9225-48ac-85df-0d4c3c4d4769 req-175663fb-7e79-47d3-bdf9-ed1e01535b81 002dfbd62c194d408bcb3cc9ded2e282 7775aac30c884b398652b5a4fd78972c - - dabd0494cc174a5f85d3b4a383102731 dabd0494cc174a5f85d3b4a383102731] 162.253.55.250 "GET /allocations/6859e448-64d5-4759-b5e5-317ea5ba6784" status: 200 len: 243 microversion: 1.28 [pid: 8|app: 0|req: 326/653] 162.253.55.250 () {34 vars in 863 bytes} [Wed Sep 16 03:32:19 2026] GET /allocations/6859e448-64d5-4759-b5e5-317ea5ba6784 => generated 243 bytes in 14 msecs (HTTP/1.1 200) 8 headers in 296 bytes (1 switches on core 0)
2026-09-16 03:32:19.301 7 INFO placement.requestlog [req-152c4793-9225-48ac-85df-0d4c3c4d4769 req-4be12a10-ffad-49bc-9b67-c72c6068002c 002dfbd62c194d408bcb3cc9ded2e282 7775aac30c884b398652b5a4fd78972c - - dabd0494cc174a5f85d3b4a383102731 dabd0494cc174a5f85d3b4a383102731] 162.253.55.250 "GET /resource_providers/14edbd87-553c-4048-80ae-c539718975f4/allocations" status: 200 len: 238 microversion: 1.0 [pid: 7|app: 0|req: 328/654] 162.253.55.250 () {32 vars in 857 bytes} [Wed Sep 16 03:32:19 2026] GET /resource_providers/14edbd87-553c-4048-80ae-c539718975f4/allocations => generated 238 bytes in 65 msecs (HTTP/1.1 200) 6 headers in 224 bytes (1 switches on core 0)
2026-09-16 03:32:19.333 8 INFO placement.requestlog [req-152c4793-9225-48ac-85df-0d4c3c4d4769 req-3b657cf1-fc34-46f5-99bb-53edd37762c5 002dfbd62c194d408bcb3cc9ded2e282 7775aac30c884b398652b5a4fd78972c - - dabd0494cc174a5f85d3b4a383102731 dabd0494cc174a5f85d3b4a383102731] 162.253.55.250 "GET /allocations/fc7c4ca4-1859-4ad3-9de1-b8173f819e6c" status: 200 len: 257 microversion: 1.28 [pid: 8|app: 0|req: 327/655] 162.253.55.250 () {34 vars in 863 bytes} [Wed Sep 16 03:32:19 2026] GET /allocations/fc7c4ca4-1859-4ad3-9de1-b8173f819e6c => generated 257 bytes in 23 msecs (HTTP/1.1 200) 8 headers in 296 bytes (1 switches on core 0)
2026-09-16 03:32:19.358 7 INFO placement.requestlog [req-152c4793-9225-48ac-85df-0d4c3c4d4769 req-9d78c8a0-60ea-4453-a586-724d9425bc5e 002dfbd62c194d408bcb3cc9ded2e282 7775aac30c884b398652b5a4fd78972c - - dabd0494cc174a5f85d3b4a383102731 dabd0494cc174a5f85d3b4a383102731] 162.253.55.250 "GET /allocations/6859e448-64d5-4759-b5e5-317ea5ba6784" status: 200 len: 243 microversion: 1.28 [pid: 7|app: 0|req: 329/656] 162.253.55.250 () {34 vars in 863 bytes} [Wed Sep 16 03:32:19 2026] GET /allocations/6859e448-64d5-4759-b5e5-317ea5ba6784 => generated 243 bytes in 18 msecs (HTTP/1.1 200) 8 headers in 296 bytes (1 switches on core 0)
2026-09-16 03:32:22.291 8 INFO placement.requestlog [None req-d5a9a574-a291-4bec-83b4-4930a83b71ef - - - - - -] 10.0.0.123 "GET /" status: 200 len: 136 microversion: 1.0
2026-09-16 03:32:22.291 7 INFO placement.requestlog [None req-e7fbdde9-2dcc-4eed-8f8d-646413a66279 - - - - - -] 10.0.0.123 "GET /" status: 200 len: 136 microversion: 1.0
2026-09-16 03:32:28.592 8 INFO placement.requestlog [req-aca3491d-8560-4ee5-be81-1ca2dddea159 req-0f1eb4d7-4beb-48ad-8673-e1492922464f 002dfbd62c194d408bcb3cc9ded2e282 7775aac30c884b398652b5a4fd78972c - - dabd0494cc174a5f85d3b4a383102731 dabd0494cc174a5f85d3b4a383102731] 10.0.0.35 "GET /allocation_candidates?limit=1000&resources=DISK_GB%3A1%2CMEMORY_MB%3A512%2CVCPU%3A1&root_required=%21COMPUTE_STATUS_DISABLED" status: 200 len: 2150 microversion: 1.36 [pid: 8|app: 0|req: 329/659] 10.0.0.35 () {34 vars in 1011 bytes} [Wed Sep 16 03:32:28 2026] GET /allocation_candidates?limit=1000&resources=DISK_GB%3A1%2CMEMORY_MB%3A512%2CVCPU%3A1&root_required=%21COMPUTE_STATUS_DISABLED => generated 2150 bytes in 89 msecs (HTTP/1.1 200) 8 headers in 297 bytes (1 switches on core 0)
2026-09-16 03:32:28.635 7 INFO placement.requestlog [req-aca3491d-8560-4ee5-be81-1ca2dddea159 req-d0b2163e-9a19-42a8-b079-b9483b39e8a7 002dfbd62c194d408bcb3cc9ded2e282 7775aac30c884b398652b5a4fd78972c - - dabd0494cc174a5f85d3b4a383102731 dabd0494cc174a5f85d3b4a383102731] 10.0.0.35 "GET /allocations/b8a0856d-2eb3-4d47-979c-a3196155bb13" status: 200 len: 19 microversion: 1.28 [pid: 7|app: 0|req: 331/660] 10.0.0.35 () {34 vars in 860 bytes} [Wed Sep 16 03:32:28 2026] GET /allocations/b8a0856d-2eb3-4d47-979c-a3196155bb13 => generated 19 bytes in 15 msecs (HTTP/1.1 200) 8 headers in 295 bytes (1 switches on core 0)
2026-09-16 03:32:28.724 8 INFO placement.requestlog [req-aca3491d-8560-4ee5-be81-1ca2dddea159 req-1eaaf936-195a-4ebe-b7fd-d0cb72ba13b5 002dfbd62c194d408bcb3cc9ded2e282 7775aac30c884b398652b5a4fd78972c - - dabd0494cc174a5f85d3b4a383102731 dabd0494cc174a5f85d3b4a383102731] 10.0.0.35 "PUT /allocations/b8a0856d-2eb3-4d47-979c-a3196155bb13" status: 204 len: 0 microversion: 1.36 [pid: 8|app: 0|req: 330/661] 10.0.0.35 () {38 vars in 913 bytes} [Wed Sep 16 03:32:28 2026] PUT /allocations/b8a0856d-2eb3-4d47-979c-a3196155bb13 => generated 0 bytes in 79 msecs (HTTP/1.1 204) 5 headers in 199 bytes (1 switches on core 0)
2026-09-16 03:32:28.933 7 INFO placement.requestlog [req-4607cf9a-b2ec-4d74-9774-01e246ea40d2 req-a4b3aafc-1217-4bab-ae57-348bb5bfa896 002dfbd62c194d408bcb3cc9ded2e282 7775aac30c884b398652b5a4fd78972c - - dabd0494cc174a5f85d3b4a383102731 dabd0494cc174a5f85d3b4a383102731] 10.0.0.35 "GET /allocation_candidates?limit=1000&resources=DISK_GB%3A1%2CMEMORY_MB%3A512%2CVCPU%3A1&root_required=%21COMPUTE_STATUS_DISABLED" status: 200 len: 2150 microversion: 1.36 [pid: 7|app: 0|req: 332/662] 10.0.0.35 () {34 vars in 1011 bytes} [Wed Sep 16 03:32:28 2026] GET /allocation_candidates?limit=1000&resources=DISK_GB%3A1%2CMEMORY_MB%3A512%2CVCPU%3A1&root_required=%21COMPUTE_STATUS_DISABLED => generated 2150 bytes in 85 msecs (HTTP/1.1 200) 8 headers in 297 bytes (1 switches on core 0)
2026-09-16 03:32:28.979 8 INFO placement.requestlog [req-4607cf9a-b2ec-4d74-9774-01e246ea40d2 req-2d1df8c7-e605-4817-b418-9e9eba5f0160 002dfbd62c194d408bcb3cc9ded2e282 7775aac30c884b398652b5a4fd78972c - - dabd0494cc174a5f85d3b4a383102731 dabd0494cc174a5f85d3b4a383102731] 10.0.0.35 "GET /allocations/164bd9d7-88cc-4b5a-95a0-49f558eb227c" status: 200 len: 19 microversion: 1.28 [pid: 8|app: 0|req: 331/663] 10.0.0.35 () {34 vars in 860 bytes} [Wed Sep 16 03:32:28 2026] GET /allocations/164bd9d7-88cc-4b5a-95a0-49f558eb227c => generated 19 bytes in 14 msecs (HTTP/1.1 200) 8 headers in 295 bytes (1 switches on core 0)
2026-09-16 03:32:29.048 8 INFO placement.requestlog [req-aca3491d-8560-4ee5-be81-1ca2dddea159 req-7f6939da-81e1-41c9-82d8-d943a3e2f79a 002dfbd62c194d408bcb3cc9ded2e282 7775aac30c884b398652b5a4fd78972c - - dabd0494cc174a5f85d3b4a383102731 dabd0494cc174a5f85d3b4a383102731] 162.253.55.250 "GET /allocations/b8a0856d-2eb3-4d47-979c-a3196155bb13" status: 200 len: 257 microversion: 1.28 [pid: 8|app: 0|req: 332/664] 162.253.55.250 () {34 vars in 863 bytes} [Wed Sep 16 03:32:29 2026] GET /allocations/b8a0856d-2eb3-4d47-979c-a3196155bb13 => generated 257 bytes in 23 msecs (HTTP/1.1 200) 8 headers in 296 bytes (1 switches on core 0)
2026-09-16 03:32:29.084 7 INFO placement.requestlog [req-4607cf9a-b2ec-4d74-9774-01e246ea40d2 req-8f9c16d7-99f7-4efc-8b60-8d29980f5bce 002dfbd62c194d408bcb3cc9ded2e282 7775aac30c884b398652b5a4fd78972c - - dabd0494cc174a5f85d3b4a383102731 dabd0494cc174a5f85d3b4a383102731] 10.0.0.35 "PUT /allocations/164bd9d7-88cc-4b5a-95a0-49f558eb227c" status: 204 len: 0 microversion: 1.36 [pid: 7|app: 0|req: 333/665] 10.0.0.35 () {38 vars in 913 bytes} [Wed Sep 16 03:32:28 2026] PUT /allocations/164bd9d7-88cc-4b5a-95a0-49f558eb227c => generated 0 bytes in 97 msecs (HTTP/1.1 204) 5 headers in 199 bytes (1 switches on core 0)
2026-09-16 03:32:29.169 8 INFO placement.requestlog [req-aca3491d-8560-4ee5-be81-1ca2dddea159 req-0e5751aa-1bc5-494f-9fb7-257f195e511c 002dfbd62c194d408bcb3cc9ded2e282 7775aac30c884b398652b5a4fd78972c - - dabd0494cc174a5f85d3b4a383102731 dabd0494cc174a5f85d3b4a383102731] 162.253.55.250 "GET /resource_providers/14edbd87-553c-4048-80ae-c539718975f4/allocations" status: 200 len: 438 microversion: 1.0 [pid: 8|app: 0|req: 333/666] 162.253.55.250 () {32 vars in 857 bytes} [Wed Sep 16 03:32:29 2026] GET /resource_providers/14edbd87-553c-4048-80ae-c539718975f4/allocations => generated 438 bytes in 26 msecs (HTTP/1.1 200) 6 headers in 224 bytes (1 switches on core 0)
2026-09-16 03:32:29.194 7 INFO placement.requestlog [req-aca3491d-8560-4ee5-be81-1ca2dddea159 req-1d3ee099-fc0c-4817-b341-b58772d16efa 002dfbd62c194d408bcb3cc9ded2e282 7775aac30c884b398652b5a4fd78972c - - dabd0494cc174a5f85d3b4a383102731 dabd0494cc174a5f85d3b4a383102731] 162.253.55.250 "GET /allocations/b8a0856d-2eb3-4d47-979c-a3196155bb13" status: 200 len: 257 microversion: 1.28 [pid: 7|app: 0|req: 334/667] 162.253.55.250 () {34 vars in 863 bytes} [Wed Sep 16 03:32:29 2026] GET /allocations/b8a0856d-2eb3-4d47-979c-a3196155bb13 => generated 257 bytes in 17 msecs (HTTP/1.1 200) 8 headers in 296 bytes (1 switches on core 0)
2026-09-16 03:32:29.220 8 INFO placement.requestlog [req-aca3491d-8560-4ee5-be81-1ca2dddea159 req-f493dded-3493-4862-9360-286c5b757791 002dfbd62c194d408bcb3cc9ded2e282 7775aac30c884b398652b5a4fd78972c - - dabd0494cc174a5f85d3b4a383102731 dabd0494cc174a5f85d3b4a383102731] 162.253.55.250 "GET /allocations/164bd9d7-88cc-4b5a-95a0-49f558eb227c" status: 200 len: 257 microversion: 1.28 [pid: 8|app: 0|req: 334/668] 162.253.55.250 () {34 vars in 863 bytes} [Wed Sep 16 03:32:29 2026] GET /allocations/164bd9d7-88cc-4b5a-95a0-49f558eb227c => generated 257 bytes in 19 msecs (HTTP/1.1 200) 8 headers in 296 bytes (1 switches on core 0)
2026-09-16 03:32:29.247 7 INFO placement.requestlog [req-aca3491d-8560-4ee5-be81-1ca2dddea159 req-f8edf653-1ab5-4289-a4aa-211b0169476f 002dfbd62c194d408bcb3cc9ded2e282 7775aac30c884b398652b5a4fd78972c - - dabd0494cc174a5f85d3b4a383102731 dabd0494cc174a5f85d3b4a383102731] 162.253.55.250 "GET /allocations/fc7c4ca4-1859-4ad3-9de1-b8173f819e6c" status: 200 len: 257 microversion: 1.28 [pid: 7|app: 0|req: 335/669] 162.253.55.250 () {34 vars in 863 bytes} [Wed Sep 16 03:32:29 2026] GET /allocations/fc7c4ca4-1859-4ad3-9de1-b8173f819e6c => generated 257 bytes in 19 msecs (HTTP/1.1 200) 8 headers in 296 bytes (1 switches on core 0)
2026-09-16 03:32:29.273 8 INFO placement.requestlog [req-aca3491d-8560-4ee5-be81-1ca2dddea159 req-10c8af8b-e064-4385-9c7d-41b51d4f2bd1 002dfbd62c194d408bcb3cc9ded2e282 7775aac30c884b398652b5a4fd78972c - - dabd0494cc174a5f85d3b4a383102731 dabd0494cc174a5f85d3b4a383102731] 162.253.55.250 "GET /allocations/6859e448-64d5-4759-b5e5-317ea5ba6784" status: 200 len: 243 microversion: 1.28 [pid: 8|app: 0|req: 335/670] 162.253.55.250 () {34 vars in 863 bytes} [Wed Sep 16 03:32:29 2026] GET /allocations/6859e448-64d5-4759-b5e5-317ea5ba6784 => generated 243 bytes in 19 msecs (HTTP/1.1 200) 8 headers in 296 bytes (1 switches on core 0)
2026-09-16 03:32:29.397 7 INFO placement.requestlog [req-4607cf9a-b2ec-4d74-9774-01e246ea40d2 req-18d10f97-c21b-4550-bbec-e1b7bbbf4bb3 002dfbd62c194d408bcb3cc9ded2e282 7775aac30c884b398652b5a4fd78972c - - dabd0494cc174a5f85d3b4a383102731 dabd0494cc174a5f85d3b4a383102731] 162.253.55.250 "GET /allocations/164bd9d7-88cc-4b5a-95a0-49f558eb227c" status: 200 len: 257 microversion: 1.28 [pid: 7|app: 0|req: 336/671] 162.253.55.250 () {34 vars in 863 bytes} [Wed Sep 16 03:32:29 2026] GET /allocations/164bd9d7-88cc-4b5a-95a0-49f558eb227c => generated 257 bytes in 17 msecs (HTTP/1.1 200) 8 headers in 296 bytes (1 switches on core 0)
2026-09-16 03:32:29.527 8 INFO placement.requestlog [req-4607cf9a-b2ec-4d74-9774-01e246ea40d2 req-3291dffb-a8c8-48d4-8bcb-2bb960d002d0 002dfbd62c194d408bcb3cc9ded2e282 7775aac30c884b398652b5a4fd78972c - - dabd0494cc174a5f85d3b4a383102731 dabd0494cc174a5f85d3b4a383102731] 162.253.55.250 "GET /resource_providers/14edbd87-553c-4048-80ae-c539718975f4/allocations" status: 200 len: 438 microversion: 1.0 [pid: 8|app: 0|req: 336/672] 162.253.55.250 () {32 vars in 857 bytes} [Wed Sep 16 03:32:29 2026] GET /resource_providers/14edbd87-553c-4048-80ae-c539718975f4/allocations => generated 438 bytes in 27 msecs (HTTP/1.1 200) 6 headers in 224 bytes (1 switches on core 0)
2026-09-16 03:32:29.574 7 INFO placement.requestlog [req-4607cf9a-b2ec-4d74-9774-01e246ea40d2 req-a3c90206-8ea5-44a5-a90d-6ae6589ea51d 002dfbd62c194d408bcb3cc9ded2e282 7775aac30c884b398652b5a4fd78972c - - dabd0494cc174a5f85d3b4a383102731 dabd0494cc174a5f85d3b4a383102731] 162.253.55.250 "GET /allocations/b8a0856d-2eb3-4d47-979c-a3196155bb13" status: 200 len: 257 microversion: 1.28 [pid: 7|app: 0|req: 337/673] 162.253.55.250 () {34 vars in 863 bytes} [Wed Sep 16 03:32:29 2026] GET /allocations/b8a0856d-2eb3-4d47-979c-a3196155bb13 => generated 257 bytes in 38 msecs (HTTP/1.1 200) 8 headers in 296 bytes (1 switches on core 0)
2026-09-16 03:32:29.617 8 INFO placement.requestlog [req-4607cf9a-b2ec-4d74-9774-01e246ea40d2 req-d55ea4b9-dacd-4c5b-8f35-cdef25596e2c 002dfbd62c194d408bcb3cc9ded2e282 7775aac30c884b398652b5a4fd78972c - - dabd0494cc174a5f85d3b4a383102731 dabd0494cc174a5f85d3b4a383102731] 162.253.55.250 "GET /allocations/164bd9d7-88cc-4b5a-95a0-49f558eb227c" status: 200 len: 257 microversion: 1.28 [pid: 8|app: 0|req: 337/674] 162.253.55.250 () {34 vars in 863 bytes} [Wed Sep 16 03:32:29 2026] GET /allocations/164bd9d7-88cc-4b5a-95a0-49f558eb227c => generated 257 bytes in 18 msecs (HTTP/1.1 200) 8 headers in 296 bytes (1 switches on core 0)
2026-09-16 03:32:29.643 7 INFO placement.requestlog [req-4607cf9a-b2ec-4d74-9774-01e246ea40d2 req-89e163b5-34b3-45e8-88d1-af0292b6e134 002dfbd62c194d408bcb3cc9ded2e282 7775aac30c884b398652b5a4fd78972c - - dabd0494cc174a5f85d3b4a383102731 dabd0494cc174a5f85d3b4a383102731] 162.253.55.250 "GET /allocations/fc7c4ca4-1859-4ad3-9de1-b8173f819e6c" status: 200 len: 257 microversion: 1.28 [pid: 7|app: 0|req: 338/675] 162.253.55.250 () {34 vars in 863 bytes} [Wed Sep 16 03:32:29 2026] GET /allocations/fc7c4ca4-1859-4ad3-9de1-b8173f819e6c => generated 257 bytes in 18 msecs (HTTP/1.1 200) 8 headers in 296 bytes (1 switches on core 0)
2026-09-16 03:32:29.665 8 INFO placement.requestlog [req-4607cf9a-b2ec-4d74-9774-01e246ea40d2 req-8928c7cd-07fc-41a0-a72e-53e869c26740 002dfbd62c194d408bcb3cc9ded2e282 7775aac30c884b398652b5a4fd78972c - - dabd0494cc174a5f85d3b4a383102731 dabd0494cc174a5f85d3b4a383102731] 162.253.55.250 "GET /allocations/6859e448-64d5-4759-b5e5-317ea5ba6784" status: 200 len: 243 microversion: 1.28 [pid: 8|app: 0|req: 338/676] 162.253.55.250 () {34 vars in 863 bytes} [Wed Sep 16 03:32:29 2026] GET /allocations/6859e448-64d5-4759-b5e5-317ea5ba6784 => generated 243 bytes in 14 msecs (HTTP/1.1 200) 8 headers in 296 bytes (1 switches on core 0)
2026-09-16 03:32:32.290 7 INFO placement.requestlog [None req-3681ddbc-11f5-4841-a0b4-7f7386512f62 - - - - - -] 10.0.0.123 "GET /" status: 200 len: 136 microversion: 1.0
2026-09-16 03:32:32.292 8 INFO placement.requestlog [None req-e7c71ceb-96a0-4893-850f-fd1922751ea8 - - - - - -] 10.0.0.123 "GET /" status: 200 len: 136 microversion: 1.0
2026-09-16 03:32:35.347 7 INFO placement.requestlog [req-bbe38f4e-9c71-408d-b84f-941bd44bcd6a req-d3360350-5e3a-4d9e-b028-8a0df42752ac 002dfbd62c194d408bcb3cc9ded2e282 7775aac30c884b398652b5a4fd78972c - - dabd0494cc174a5f85d3b4a383102731 dabd0494cc174a5f85d3b4a383102731] 162.253.55.250 "GET /resource_providers/14edbd87-553c-4048-80ae-c539718975f4/allocations" status: 200 len: 438 microversion: 1.0 [pid: 7|app: 0|req: 340/679] 162.253.55.250 () {32 vars in 857 bytes} [Wed Sep 16 03:32:35 2026] GET /resource_providers/14edbd87-553c-4048-80ae-c539718975f4/allocations => generated 438 bytes in 44 msecs (HTTP/1.1 200) 6 headers in 224 bytes (1 switches on core 0)
2026-09-16 03:32:35.398 8 INFO placement.requestlog [req-bbe38f4e-9c71-408d-b84f-941bd44bcd6a req-630e4ce0-8ed7-4330-a017-82e982d6db2c 002dfbd62c194d408bcb3cc9ded2e282 7775aac30c884b398652b5a4fd78972c - - dabd0494cc174a5f85d3b4a383102731 dabd0494cc174a5f85d3b4a383102731] 162.253.55.250 "GET /allocations/b8a0856d-2eb3-4d47-979c-a3196155bb13" status: 200 len: 257 microversion: 1.28 [pid: 8|app: 0|req: 340/680] 162.253.55.250 () {34 vars in 863 bytes} [Wed Sep 16 03:32:35 2026] GET /allocations/b8a0856d-2eb3-4d47-979c-a3196155bb13 => generated 257 bytes in 32 msecs (HTTP/1.1 200) 8 headers in 296 bytes (1 switches on core 0)
2026-09-16 03:32:35.429 7 INFO placement.requestlog [req-bbe38f4e-9c71-408d-b84f-941bd44bcd6a req-55c37b93-82ab-4399-9524-c4cd34f12c26 002dfbd62c194d408bcb3cc9ded2e282 7775aac30c884b398652b5a4fd78972c - - dabd0494cc174a5f85d3b4a383102731 dabd0494cc174a5f85d3b4a383102731] 162.253.55.250 "GET /allocations/164bd9d7-88cc-4b5a-95a0-49f558eb227c" status: 200 len: 257 microversion: 1.28 [pid: 7|app: 0|req: 341/681] 162.253.55.250 () {34 vars in 863 bytes} [Wed Sep 16 03:32:35 2026] GET /allocations/164bd9d7-88cc-4b5a-95a0-49f558eb227c => generated 257 bytes in 22 msecs (HTTP/1.1 200) 8 headers in 296 bytes (1 switches on core 0)
2026-09-16 03:32:35.458 8 INFO placement.requestlog [req-bbe38f4e-9c71-408d-b84f-941bd44bcd6a req-e297642a-4c50-486c-8f3d-cb5ec863180a 002dfbd62c194d408bcb3cc9ded2e282 7775aac30c884b398652b5a4fd78972c - - dabd0494cc174a5f85d3b4a383102731 dabd0494cc174a5f85d3b4a383102731] 162.253.55.250 "GET /allocations/fc7c4ca4-1859-4ad3-9de1-b8173f819e6c" status: 200 len: 257 microversion: 1.28 [pid: 8|app: 0|req: 341/682] 162.253.55.250 () {34 vars in 863 bytes} [Wed Sep 16 03:32:35 2026] GET /allocations/fc7c4ca4-1859-4ad3-9de1-b8173f819e6c => generated 257 bytes in 21 msecs (HTTP/1.1 200) 8 headers in 296 bytes (1 switches on core 0)
2026-09-16 03:32:35.486 7 INFO placement.requestlog [req-bbe38f4e-9c71-408d-b84f-941bd44bcd6a req-dd6886a2-6a8b-4c29-add8-836755e47539 002dfbd62c194d408bcb3cc9ded2e282 7775aac30c884b398652b5a4fd78972c - - dabd0494cc174a5f85d3b4a383102731 dabd0494cc174a5f85d3b4a383102731] 162.253.55.250 "GET /allocations/6859e448-64d5-4759-b5e5-317ea5ba6784" status: 200 len: 243 microversion: 1.28 [pid: 7|app: 0|req: 342/683] 162.253.55.250 () {34 vars in 863 bytes} [Wed Sep 16 03:32:35 2026] GET /allocations/6859e448-64d5-4759-b5e5-317ea5ba6784 => generated 243 bytes in 20 msecs (HTTP/1.1 200) 8 headers in 296 bytes (1 switches on core 0)
2026-09-16 03:32:35.601 8 INFO placement.requestlog [req-bbe38f4e-9c71-408d-b84f-941bd44bcd6a req-8c66dbf7-d6a5-4b84-9c6f-a514765a47cd 002dfbd62c194d408bcb3cc9ded2e282 7775aac30c884b398652b5a4fd78972c - - dabd0494cc174a5f85d3b4a383102731 dabd0494cc174a5f85d3b4a383102731] 162.253.55.250 "DELETE /allocations/6859e448-64d5-4759-b5e5-317ea5ba6784" status: 204 len: 0 microversion: 1.0 [pid: 8|app: 0|req: 342/684] 162.253.55.250 () {34 vars in 841 bytes} [Wed Sep 16 03:32:35 2026] DELETE /allocations/6859e448-64d5-4759-b5e5-317ea5ba6784 => generated 0 bytes in 35 msecs (HTTP/1.1 204) 5 headers in 198 bytes (1 switches on core 0)
2026-09-16 03:32:36.719 7 INFO placement.requestlog [req-70e065e6-9aa5-44ff-bdc7-e96f448257d9 req-7d232238-9e03-4a49-8eac-091bca37b4f1 002dfbd62c194d408bcb3cc9ded2e282 7775aac30c884b398652b5a4fd78972c - - dabd0494cc174a5f85d3b4a383102731 dabd0494cc174a5f85d3b4a383102731] 162.253.55.250 "GET /resource_providers/14edbd87-553c-4048-80ae-c539718975f4/allocations" status: 200 len: 352 microversion: 1.0 [pid: 7|app: 0|req: 343/685] 162.253.55.250 () {32 vars in 857 bytes} [Wed Sep 16 03:32:36 2026] GET /resource_providers/14edbd87-553c-4048-80ae-c539718975f4/allocations => generated 352 bytes in 30 msecs (HTTP/1.1 200) 6 headers in 224 bytes (1 switches on core 0)
2026-09-16 03:32:36.751 8 INFO placement.requestlog [req-70e065e6-9aa5-44ff-bdc7-e96f448257d9 req-3e451828-19d1-4b52-a048-71502565013c 002dfbd62c194d408bcb3cc9ded2e282 7775aac30c884b398652b5a4fd78972c - - dabd0494cc174a5f85d3b4a383102731 dabd0494cc174a5f85d3b4a383102731] 162.253.55.250 "GET /allocations/164bd9d7-88cc-4b5a-95a0-49f558eb227c" status: 200 len: 257 microversion: 1.28 [pid: 8|app: 0|req: 343/686] 162.253.55.250 () {34 vars in 863 bytes} [Wed Sep 16 03:32:36 2026] GET /allocations/164bd9d7-88cc-4b5a-95a0-49f558eb227c => generated 257 bytes in 20 msecs (HTTP/1.1 200) 8 headers in 296 bytes (1 switches on core 0)
2026-09-16 03:32:36.792 7 INFO placement.requestlog [req-70e065e6-9aa5-44ff-bdc7-e96f448257d9 req-13d5873f-a509-4aa6-b818-eb903e96b8d7 002dfbd62c194d408bcb3cc9ded2e282 7775aac30c884b398652b5a4fd78972c - - dabd0494cc174a5f85d3b4a383102731 dabd0494cc174a5f85d3b4a383102731] 162.253.55.250 "GET /allocations/fc7c4ca4-1859-4ad3-9de1-b8173f819e6c" status: 200 len: 257 microversion: 1.28 [pid: 7|app: 0|req: 344/687] 162.253.55.250 () {34 vars in 863 bytes} [Wed Sep 16 03:32:36 2026] GET /allocations/fc7c4ca4-1859-4ad3-9de1-b8173f819e6c => generated 257 bytes in 32 msecs (HTTP/1.1 200) 8 headers in 296 bytes (1 switches on core 0)
2026-09-16 03:32:36.822 8 INFO placement.requestlog [req-70e065e6-9aa5-44ff-bdc7-e96f448257d9 req-b9726a23-8737-47fb-bd42-be905794f8fa 002dfbd62c194d408bcb3cc9ded2e282 7775aac30c884b398652b5a4fd78972c - - dabd0494cc174a5f85d3b4a383102731 dabd0494cc174a5f85d3b4a383102731] 162.253.55.250 "GET /allocations/b8a0856d-2eb3-4d47-979c-a3196155bb13" status: 200 len: 257 microversion: 1.28 [pid: 8|app: 0|req: 344/688] 162.253.55.250 () {34 vars in 863 bytes} [Wed Sep 16 03:32:36 2026] GET /allocations/b8a0856d-2eb3-4d47-979c-a3196155bb13 => generated 257 bytes in 22 msecs (HTTP/1.1 200) 8 headers in 296 bytes (1 switches on core 0)
2026-09-16 03:32:36.936 7 INFO placement.requestlog [req-70e065e6-9aa5-44ff-bdc7-e96f448257d9 req-e33508e6-1ffb-4825-9b81-a272d713508f 002dfbd62c194d408bcb3cc9ded2e282 7775aac30c884b398652b5a4fd78972c - - dabd0494cc174a5f85d3b4a383102731 dabd0494cc174a5f85d3b4a383102731] 162.253.55.250 "DELETE /allocations/b8a0856d-2eb3-4d47-979c-a3196155bb13" status: 204 len: 0 microversion: 1.0 [pid: 7|app: 0|req: 345/689] 162.253.55.250 () {34 vars in 841 bytes} [Wed Sep 16 03:32:36 2026] DELETE /allocations/b8a0856d-2eb3-4d47-979c-a3196155bb13 => generated 0 bytes in 43 msecs (HTTP/1.1 204) 5 headers in 198 bytes (1 switches on core 0)
2026-09-16 03:32:39.945 8 INFO placement.requestlog [None req-0fea4697-0d86-4679-99b9-4f6e2f7ee726 53ee7686cafb4affbd57e07b56753846 7775aac30c884b398652b5a4fd78972c - - dabd0494cc174a5f85d3b4a383102731 dabd0494cc174a5f85d3b4a383102731] 10.0.0.205 "GET /resource_providers/57deab57-bd68-4189-9847-758884e2aef6/aggregates" status: 404 len: 235 microversion: 1.1 [pid: 8|app: 0|req: 345/690] 10.0.0.205 () {32 vars in 825 bytes} [Wed Sep 16 03:32:39 2026] GET /resource_providers/57deab57-bd68-4189-9847-758884e2aef6/aggregates => generated 235 bytes in 138 msecs (HTTP/1.1 404) 5 headers in 202 bytes (1 switches on core 0)
2026-09-16 03:32:39.961 8 INFO placement.requestlog [None req-7e77bcfc-ebae-47ef-a29f-d37916f54d8b 53ee7686cafb4affbd57e07b56753846 7775aac30c884b398652b5a4fd78972c - - dabd0494cc174a5f85d3b4a383102731 dabd0494cc174a5f85d3b4a383102731] 10.0.0.205 "DELETE /resource_providers/57deab57-bd68-4189-9847-758884e2aef6" status: 404 len: 246 microversion: 1.1 [pid: 8|app: 0|req: 346/691] 10.0.0.205 () {34 vars in 825 bytes} [Wed Sep 16 03:32:39 2026] DELETE /resource_providers/57deab57-bd68-4189-9847-758884e2aef6 => generated 246 bytes in 12 msecs (HTTP/1.1 404) 6 headers in 231 bytes (1 switches on core 0)
2026-09-16 03:32:39.967 7 INFO placement.requestlog [None req-508fca8c-dd13-431a-8956-fa4c0c86c4d7 53ee7686cafb4affbd57e07b56753846 7775aac30c884b398652b5a4fd78972c - - dabd0494cc174a5f85d3b4a383102731 dabd0494cc174a5f85d3b4a383102731] 10.0.0.205 "GET /resource_providers/57deab57-bd68-4189-9847-758884e2aef6/aggregates" status: 404 len: 235 microversion: 1.1 [pid: 7|app: 0|req: 346/692] 10.0.0.205 () {32 vars in 825 bytes} [Wed Sep 16 03:32:39 2026] GET /resource_providers/57deab57-bd68-4189-9847-758884e2aef6/aggregates => generated 235 bytes in 124 msecs (HTTP/1.1 404) 5 headers in 202 bytes (1 switches on core 0)
2026-09-16 03:32:39.998 8 INFO placement.requestlog [None req-65b04ed0-d148-41c0-8d64-167313ea3bc1 53ee7686cafb4affbd57e07b56753846 7775aac30c884b398652b5a4fd78972c - - dabd0494cc174a5f85d3b4a383102731 dabd0494cc174a5f85d3b4a383102731] 10.0.0.205 "DELETE /resource_providers/57deab57-bd68-4189-9847-758884e2aef6" status: 404 len: 246 microversion: 1.1 [pid: 8|app: 0|req: 347/693] 10.0.0.205 () {34 vars in 825 bytes} [Wed Sep 16 03:32:39 2026] DELETE /resource_providers/57deab57-bd68-4189-9847-758884e2aef6 => generated 246 bytes in 25 msecs (HTTP/1.1 404) 6 headers in 231 bytes (1 switches on core 0)
