Apr 02 06:07:19.723624 np0000162720 devstack@neutron-api.service[102694]: DEBUG neutron.plugins.ml2.drivers.ovn.mech_driver.ovsdb.ovsdb_monitor [None req-1623c2cf-2193-4ed3-bd91-355a4db7c6a9 None None] Hash Ring: Node 6167938f95975b768e4a40b657977fad (host: np0000162720) handling event "create" for row bff42b8f-00c0-4978-8ff3-b9882deace1f (table: Port_Group) {{(pid=102694) notify /opt/stack/neutron/neutron/plugins/ml2/drivers/ovn/mech_driver/ovsdb/ovsdb_monitor.py:912}}
Apr 02 06:07:19.738157 np0000162720 devstack@neutron-api.service[102693]: INFO neutron.db.ovn_revision_numbers_db [None req-91f3e2f4-6a64-48f1-a54d-34e697117c4d admin admin] Successfully bumped revision number for resource af28c05f-f451-40eb-9a26-5100824f1969 (type: security_groups) to 1
Apr 02 06:07:19.755245 np0000162720 devstack@neutron-api.service[102693]: INFO neutron.db.ovn_revision_numbers_db [None req-91f3e2f4-6a64-48f1-a54d-34e697117c4d admin admin] Successfully bumped revision number for resource 88e7a48a-1e85-4cfe-96f3-980b5ea1597c (type: security_group_rules) to 0
Apr 02 06:07:19.770159 np0000162720 devstack@neutron-api.service[102693]: INFO neutron.db.ovn_revision_numbers_db [None req-91f3e2f4-6a64-48f1-a54d-34e697117c4d admin admin] Successfully bumped revision number for resource 9b8974ca-9e96-4ab5-8449-b32e5d0496ba (type: security_group_rules) to 0
Apr 02 06:07:19.783222 np0000162720 devstack@neutron-api.service[102693]: INFO neutron.db.ovn_revision_numbers_db [None req-91f3e2f4-6a64-48f1-a54d-34e697117c4d admin admin] Successfully bumped revision number for resource b52d60e7-1883-4bb8-8b67-6229dad9ad2a (type: security_group_rules) to 0
Apr 02 06:07:19.796785 np0000162720 devstack@neutron-api.service[102693]: INFO neutron.db.ovn_revision_numbers_db [None req-91f3e2f4-6a64-48f1-a54d-34e697117c4d admin admin] Successfully bumped revision number for resource baafc925-a5cb-4c4b-b5f6-c061321605c7 (type: security_group_rules) to 0
Apr 02 06:07:19.821961 np0000162720 devstack@neutron-api.service[102693]: DEBUG neutron.api.rpc.handlers.resources_rpc [None req-91f3e2f4-6a64-48f1-a54d-34e697117c4d admin admin] Pushing event updated for resources: {'SecurityGroup': ['ID=af28c05f-f451-40eb-9a26-5100824f1969,revision_number=1']} {{(pid=102693) push /opt/stack/neutron/neutron/api/rpc/handlers/resources_rpc.py:237}}
Apr 02 06:07:19.827249 np0000162720 devstack@neutron-api.service[102693]: DEBUG ovsdbapp.backend.ovs_idl.transaction [None req-e0beb6af-a0b4-44de-9442-5c4099312e34 None None] Running txn n=1 command(idx=0): CheckLivenessCommand(_result=None) {{(pid=102693) do_commit /opt/stack/data/venv/lib/python3.12/site-packages/ovsdbapp/backend/ovs_idl/transaction.py:89}}
Apr 02 06:07:19.831423 np0000162720 devstack@neutron-api.service[102692]: DEBUG neutron.plugins.ml2.drivers.ovn.mech_driver.ovsdb.ovsdb_monitor [None req-235a7ed1-a759-4d17-a379-e6a73a80b051 None None] Hash Ring: Node ebb8f7a63f0e5fd9baab6eade8334a04 (host: np0000162720) handling event "update" for row b198bb5c-e344-4029-980f-a32f9df445b5 (table: NB_Global) {{(pid=102692) notify /opt/stack/neutron/neutron/plugins/ml2/drivers/ovn/mech_driver/ovsdb/ovsdb_monitor.py:912}}
Apr 02 06:07:19.832157 np0000162720 devstack@neutron-api.service[102693]: DEBUG neutron.api.rpc.callbacks.version_manager [None req-91f3e2f4-6a64-48f1-a54d-34e697117c4d admin admin] Tracked resource versions report:
Apr 02 06:07:19.832157 np0000162720 devstack@neutron-api.service[102693]: pushed versions:
Apr 02 06:07:19.832157 np0000162720 devstack@neutron-api.service[102693]: { 'AddressGroup': {'1.2'},
Apr 02 06:07:19.832157 np0000162720 devstack@neutron-api.service[102693]: 'Agent': {'1.1'},
Apr 02 06:07:19.832157 np0000162720 devstack@neutron-api.service[102693]: 'ConntrackHelper': {'1.0'},
Apr 02 06:07:19.832157 np0000162720 devstack@neutron-api.service[102693]: 'LocalIPAssociation': {'1.0'},
Apr 02 06:07:19.832157 np0000162720 devstack@neutron-api.service[102693]: 'Log': {'1.0'},
Apr 02 06:07:19.832157 np0000162720 devstack@neutron-api.service[102693]: 'NDPProxy': {'1.0'},
Apr 02 06:07:19.832157 np0000162720 devstack@neutron-api.service[102693]: 'Network': {'1.2'},
Apr 02 06:07:19.832157 np0000162720 devstack@neutron-api.service[102693]: 'Port': {'1.10'},
Apr 02 06:07:19.832157 np0000162720 devstack@neutron-api.service[102693]: 'PortForwarding': {'1.3'},
Apr 02 06:07:19.832157 np0000162720 devstack@neutron-api.service[102693]: 'QosPolicy': {'1.10'},
Apr 02 06:07:19.832157 np0000162720 devstack@neutron-api.service[102693]: 'SecurityGroup': {'1.6'},
Apr 02 06:07:19.832157 np0000162720 devstack@neutron-api.service[102693]: 'SecurityGroupRule': {'1.3'},
Apr 02 06:07:19.832157 np0000162720 devstack@neutron-api.service[102693]: 'SubPort': {'1.0'},
Apr 02 06:07:19.832157 np0000162720 devstack@neutron-api.service[102693]: 'Subnet': {'1.2'},
Apr 02 06:07:19.832157 np0000162720 devstack@neutron-api.service[102693]: 'Trunk': {'1.1'}}
Apr 02 06:07:19.832157 np0000162720 devstack@neutron-api.service[102693]: consumer versions:
Apr 02 06:07:19.832157 np0000162720 devstack@neutron-api.service[102693]: { OVN Neutron agent@np0000162720: {},
Apr 02 06:07:19.832157 np0000162720 devstack@neutron-api.service[102693]: OVN Controller Gateway agent@np0000162720: {}}
Apr 02 06:07:19.832157 np0000162720 devstack@neutron-api.service[102693]: {{(pid=102693) report /opt/stack/neutron/neutron/api/rpc/callbacks/version_manager.py:183}}
Apr 02 06:07:19.835115 np0000162720 devstack@neutron-api.service[102692]: DEBUG neutron.plugins.ml2.drivers.ovn.mech_driver.ovsdb.ovsdb_monitor [None req-235a7ed1-a759-4d17-a379-e6a73a80b051 None None] Hash Ring: Node ebb8f7a63f0e5fd9baab6eade8334a04 (host: np0000162720) handling event "update" for row b198bb5c-e344-4029-980f-a32f9df445b5 (table: NB_Global) {{(pid=102692) notify /opt/stack/neutron/neutron/plugins/ml2/drivers/ovn/mech_driver/ovsdb/ovsdb_monitor.py:912}}
Apr 02 06:07:19.836521 np0000162720 devstack@neutron-api.service[102694]: DEBUG neutron.plugins.ml2.drivers.ovn.mech_driver.ovsdb.ovsdb_monitor [None req-b5ec7866-33e1-4286-b364-e9456c0b5322 None None] ChassisAgentWriteEvent : Matched Chassis_Private, update, None None {{(pid=102694) matches /opt/stack/neutron/neutron/plugins/ml2/drivers/ovn/mech_driver/ovsdb/ovsdb_monitor.py:64}}
Apr 02 06:07:19.836737 np0000162720 devstack@neutron-api.service[102693]: DEBUG neutron.plugins.ml2.drivers.ovn.mech_driver.ovsdb.ovsdb_monitor [None req-af6ba65d-762a-4ea5-9d23-fc13e1c7e01d None None] ChassisAgentWriteEvent : Matched Chassis_Private, update, None None {{(pid=102693) matches /opt/stack/neutron/neutron/plugins/ml2/drivers/ovn/mech_driver/ovsdb/ovsdb_monitor.py:64}}
Apr 02 06:07:19.836881 np0000162720 devstack@neutron-api.service[102692]: DEBUG neutron.plugins.ml2.drivers.ovn.mech_driver.ovsdb.ovsdb_monitor [None req-f23704b5-8cfe-4b82-9aa8-ff4c1be68ec5 None None] ChassisAgentWriteEvent : Matched Chassis_Private, update, None None {{(pid=102692) matches /opt/stack/neutron/neutron/plugins/ml2/drivers/ovn/mech_driver/ovsdb/ovsdb_monitor.py:64}}
Apr 02 06:07:19.837195 np0000162720 devstack@neutron-api.service[102692]: DEBUG neutron.plugins.ml2.drivers.ovn.mech_driver.ovsdb.ovsdb_monitor [None req-235a7ed1-a759-4d17-a379-e6a73a80b051 None None] Hash Ring: Node ebb8f7a63f0e5fd9baab6eade8334a04 (host: np0000162720) handling event "update" for row b198bb5c-e344-4029-980f-a32f9df445b5 (table: NB_Global) {{(pid=102692) notify /opt/stack/neutron/neutron/plugins/ml2/drivers/ovn/mech_driver/ovsdb/ovsdb_monitor.py:912}}
Apr 02 06:07:19.837978 np0000162720 devstack@neutron-api.service[102691]: DEBUG neutron.plugins.ml2.drivers.ovn.mech_driver.ovsdb.ovsdb_monitor [None req-ea666aa6-e6fa-46f0-bf4a-852130a0233b None None] ChassisAgentWriteEvent : Matched Chassis_Private, update, None None {{(pid=102691) matches /opt/stack/neutron/neutron/plugins/ml2/drivers/ovn/mech_driver/ovsdb/ovsdb_monitor.py:64}}
Apr 02 06:07:19.841558 np0000162720 devstack@neutron-api.service[102692]: DEBUG neutron.plugins.ml2.drivers.ovn.mech_driver.ovsdb.ovsdb_monitor [None req-235a7ed1-a759-4d17-a379-e6a73a80b051 None None] Hash Ring: Node ebb8f7a63f0e5fd9baab6eade8334a04 (host: np0000162720) handling event "update" for row b198bb5c-e344-4029-980f-a32f9df445b5 (table: NB_Global) {{(pid=102692) notify /opt/stack/neutron/neutron/plugins/ml2/drivers/ovn/mech_driver/ovsdb/ovsdb_monitor.py:912}}
Apr 02 06:07:19.844304 np0000162720 devstack@neutron-api.service[102694]: DEBUG neutron.common.ovn.hash_ring_manager [None req-b5ec7866-33e1-4286-b364-e9456c0b5322 None None] Hash Ring loaded. 4 active nodes. 0 offline nodes {{(pid=102694) _load_hash_ring /opt/stack/neutron/neutron/common/ovn/hash_ring_manager.py:102}}
Apr 02 06:07:19.844479 np0000162720 devstack@neutron-api.service[102694]: DEBUG neutron.plugins.ml2.drivers.ovn.mech_driver.ovsdb.ovsdb_monitor [None req-b5ec7866-33e1-4286-b364-e9456c0b5322 None None] Hash Ring: Node 6167938f95975b768e4a40b657977fad (host: np0000162720) handling event "update" for row 3d78df99-2516-4f63-bb13-b142c56f205a (table: Chassis_Private) {{(pid=102694) notify /opt/stack/neutron/neutron/plugins/ml2/drivers/ovn/mech_driver/ovsdb/ovsdb_monitor.py:912}}
Apr 02 06:07:19.844599 np0000162720 devstack@neutron-api.service[102691]: DEBUG neutron.common.ovn.hash_ring_manager [None req-ea666aa6-e6fa-46f0-bf4a-852130a0233b None None] Hash Ring loaded. 4 active nodes. 0 offline nodes {{(pid=102691) _load_hash_ring /opt/stack/neutron/neutron/common/ovn/hash_ring_manager.py:102}}
Apr 02 06:07:19.845357 np0000162720 devstack@neutron-api.service[102694]: DEBUG neutron.plugins.ml2.drivers.ovn.mech_driver.ovsdb.ovsdb_monitor [None req-b5ec7866-33e1-4286-b364-e9456c0b5322 None None] ChassisOVNAgentWriteEvent : Matched Chassis_Private, update, None None {{(pid=102694) matches /opt/stack/neutron/neutron/plugins/ml2/drivers/ovn/mech_driver/ovsdb/ovsdb_monitor.py:64}}
Apr 02 06:07:19.845825 np0000162720 devstack@neutron-api.service[102694]: DEBUG neutron.plugins.ml2.drivers.ovn.mech_driver.ovsdb.ovsdb_monitor [None req-b5ec7866-33e1-4286-b364-e9456c0b5322 None None] Hash Ring: Node 6167938f95975b768e4a40b657977fad (host: np0000162720) handling event "update" for row 3d78df99-2516-4f63-bb13-b142c56f205a (table: Chassis_Private) {{(pid=102694) notify /opt/stack/neutron/neutron/plugins/ml2/drivers/ovn/mech_driver/ovsdb/ovsdb_monitor.py:912}}
Apr 02 06:07:19.845911 np0000162720 devstack@neutron-api.service[102691]: DEBUG neutron.plugins.ml2.drivers.ovn.mech_driver.ovsdb.ovsdb_monitor [None req-ea666aa6-e6fa-46f0-bf4a-852130a0233b None None] ChassisOVNAgentWriteEvent : Matched Chassis_Private, update, None None {{(pid=102691) matches /opt/stack/neutron/neutron/plugins/ml2/drivers/ovn/mech_driver/ovsdb/ovsdb_monitor.py:64}}
Apr 02 06:07:19.846789 np0000162720 devstack@neutron-api.service[102692]: DEBUG neutron.common.ovn.hash_ring_manager [None req-f23704b5-8cfe-4b82-9aa8-ff4c1be68ec5 None None] Hash Ring loaded. 4 active nodes. 0 offline nodes {{(pid=102692) _load_hash_ring /opt/stack/neutron/neutron/common/ovn/hash_ring_manager.py:102}}
Apr 02 06:07:19.847646 np0000162720 devstack@neutron-api.service[102692]: DEBUG neutron.plugins.ml2.drivers.ovn.mech_driver.ovsdb.ovsdb_monitor [None req-f23704b5-8cfe-4b82-9aa8-ff4c1be68ec5 None None] ChassisOVNAgentWriteEvent : Matched Chassis_Private, update, None None {{(pid=102692) matches /opt/stack/neutron/neutron/plugins/ml2/drivers/ovn/mech_driver/ovsdb/ovsdb_monitor.py:64}}
Apr 02 06:07:19.852457 np0000162720 devstack@neutron-api.service[102693]: DEBUG neutron.common.ovn.hash_ring_manager [None req-af6ba65d-762a-4ea5-9d23-fc13e1c7e01d None None] Hash Ring loaded. 4 active nodes. 0 offline nodes {{(pid=102693) _load_hash_ring /opt/stack/neutron/neutron/common/ovn/hash_ring_manager.py:102}}
Apr 02 06:07:19.853965 np0000162720 devstack@neutron-api.service[102693]: DEBUG neutron.plugins.ml2.drivers.ovn.mech_driver.ovsdb.ovsdb_monitor [None req-af6ba65d-762a-4ea5-9d23-fc13e1c7e01d None None] ChassisOVNAgentWriteEvent : Matched Chassis_Private, update, None None {{(pid=102693) matches /opt/stack/neutron/neutron/plugins/ml2/drivers/ovn/mech_driver/ovsdb/ovsdb_monitor.py:64}}
Apr 02 06:07:19.882939 np0000162720 devstack@neutron-api.service[102693]: DEBUG neutron.plugins.ml2.drivers.helpers [None req-91f3e2f4-6a64-48f1-a54d-34e697117c4d admin admin] geneve segment allocate from pool success with {'geneve_vni': 20260} {{(pid=102693) allocate_partially_specified_segment /opt/stack/neutron/neutron/plugins/ml2/drivers/helpers.py:142}}
Apr 02 06:07:19.892211 np0000162720 devstack@neutron-api.service[102693]: DEBUG neutron_lib.callbacks.manager [None req-91f3e2f4-6a64-48f1-a54d-34e697117c4d admin admin] Publish callbacks ['neutron.services.segments.db._add_segment_host_mapping_for_segment-8467176902376', 'neutron.plugins.ml2.plugin.Ml2Plugin._handle_segment_change-3069432'] for segment (4d52be9f-c423-4cf9-8329-2fa793798e72), precommit_create {{(pid=102693) _notify_loop /opt/stack/data/venv/lib/python3.12/site-packages/neutron_lib/callbacks/manager.py:184}}
Apr 02 06:07:19.892358 np0000162720 devstack@neutron-api.service[102693]: INFO neutron.db.segments_db [None req-91f3e2f4-6a64-48f1-a54d-34e697117c4d admin admin] Added segment 4d52be9f-c423-4cf9-8329-2fa793798e72 of type geneve for network 479fb2e2-6e93-467d-8f4f-5661cfeeba4f
Apr 02 06:07:19.904464 np0000162720 devstack@neutron-api.service[102693]: DEBUG neutron_lib.callbacks.manager [None req-91f3e2f4-6a64-48f1-a54d-34e697117c4d admin admin] Publish callbacks ['neutron.services.auto_allocate.db._ensure_external_network_default_value_callback-8467175729926'] for network (479fb2e2-6e93-467d-8f4f-5661cfeeba4f), precommit_create {{(pid=102693) _notify_loop /opt/stack/data/venv/lib/python3.12/site-packages/neutron_lib/callbacks/manager.py:184}}
Apr 02 06:07:19.916360 np0000162720 devstack@neutron-api.service[102693]: DEBUG neutron.plugins.ml2.drivers.ovn.mech_driver.mech_driver [None req-91f3e2f4-6a64-48f1-a54d-34e697117c4d admin admin] Validating network segment with type geneve, segmentation ID 20260, physical network None {{(pid=102693) _validate_network_segments /opt/stack/neutron/neutron/plugins/ml2/drivers/ovn/mech_driver/mech_driver.py:631}}
Apr 02 06:07:19.916528 np0000162720 devstack@neutron-api.service[102693]: DEBUG neutron.db.ovn_revision_numbers_db [None req-91f3e2f4-6a64-48f1-a54d-34e697117c4d admin admin] create_initial_revision uuid=479fb2e2-6e93-467d-8f4f-5661cfeeba4f, type=networks, rev=-1 {{(pid=102693) create_initial_revision /opt/stack/neutron/neutron/db/ovn_revision_numbers_db.py:98}}
Apr 02 06:07:19.924475 np0000162720 devstack@neutron-api.service[102693]: DEBUG neutron_lib.callbacks.manager [None req-91f3e2f4-6a64-48f1-a54d-34e697117c4d admin admin] Publish callbacks ['neutron.plugins.ml2.ovo_rpc._ObjectChangeHandler.handle_event-1136994'] for network (479fb2e2-6e93-467d-8f4f-5661cfeeba4f), after_create {{(pid=102693) _notify_loop /opt/stack/data/venv/lib/python3.12/site-packages/neutron_lib/callbacks/manager.py:184}}
Apr 02 06:07:19.941503 np0000162720 devstack@neutron-api.service[102693]: DEBUG neutron.api.rpc.handlers.resources_rpc [None req-91f3e2f4-6a64-48f1-a54d-34e697117c4d admin admin] Pushing event updated for resources: {'Network': ['ID=479fb2e2-6e93-467d-8f4f-5661cfeeba4f,revision_number=1']} {{(pid=102693) push /opt/stack/neutron/neutron/api/rpc/handlers/resources_rpc.py:237}}
Apr 02 06:07:19.950691 np0000162720 devstack@neutron-api.service[102693]: DEBUG ovsdbapp.backend.ovs_idl.transaction [None req-e0beb6af-a0b4-44de-9442-5c4099312e34 None None] Running txn n=1 command(idx=0): AddNetworkCommand(_result=None, network_uuid=479fb2e2-6e93-467d-8f4f-5661cfeeba4f, may_exist=True, columns={'external_ids': {'neutron:network_name': 'admin_net', 'neutron:mtu': '1372', 'neutron:revision_number': '1', 'neutron:availability_zone_hints': '', 'neutron:provnet-network-type': 'geneve'}, 'other_config': {'mcast_snoop': 'false', 'mcast_flood_unregistered': 'false', 'vlan-passthru': 'false'}}) {{(pid=102693) do_commit /opt/stack/data/venv/lib/python3.12/site-packages/ovsdbapp/backend/ovs_idl/transaction.py:89}}
Apr 02 06:07:19.955486 np0000162720 devstack@neutron-api.service[102692]: DEBUG neutron.plugins.ml2.drivers.ovn.mech_driver.ovsdb.ovsdb_monitor [None req-235a7ed1-a759-4d17-a379-e6a73a80b051 None None] Hash Ring: Node ebb8f7a63f0e5fd9baab6eade8334a04 (host: np0000162720) handling event "create" for row 479fb2e2-6e93-467d-8f4f-5661cfeeba4f (table: Logical_Switch) {{(pid=102692) notify /opt/stack/neutron/neutron/plugins/ml2/drivers/ovn/mech_driver/ovsdb/ovsdb_monitor.py:912}}
Apr 02 06:07:19.961229 np0000162720 devstack@neutron-api.service[102694]: DEBUG neutron.plugins.ml2.drivers.ovn.mech_driver.ovsdb.ovsdb_monitor [None req-b5ec7866-33e1-4286-b364-e9456c0b5322 None None] Hash Ring: Node 6167938f95975b768e4a40b657977fad (host: np0000162720) handling event "create" for row 884b4e96-727c-4232-b8db-102e7b8fa8dd (table: Datapath_Binding) {{(pid=102694) notify /opt/stack/neutron/neutron/plugins/ml2/drivers/ovn/mech_driver/ovsdb/ovsdb_monitor.py:912}}
Apr 02 06:07:19.981979 np0000162720 devstack@neutron-api.service[102693]: INFO neutron.db.ovn_revision_numbers_db [None req-91f3e2f4-6a64-48f1-a54d-34e697117c4d admin admin] Successfully bumped revision number for resource 479fb2e2-6e93-467d-8f4f-5661cfeeba4f (type: networks) to 1
Apr 02 06:07:19.998426 np0000162720 devstack@neutron-api.service[102693]: DEBUG neutron_lib.callbacks.manager [None req-91f3e2f4-6a64-48f1-a54d-34e697117c4d admin admin] Publish callbacks ['neutron.plugins.ml2.plugin.SecurityGroupDbMixin._ensure_default_security_group_handler-3333810'] for port (None), before_create {{(pid=102693) _notify_loop /opt/stack/data/venv/lib/python3.12/site-packages/neutron_lib/callbacks/manager.py:184}}
Apr 02 06:07:20.050925 np0000162720 devstack@neutron-api.service[102693]: DEBUG neutron_lib.callbacks.manager [None req-91f3e2f4-6a64-48f1-a54d-34e697117c4d admin admin] Publish callbacks ['neutron.plugins.ml2.drivers.ovn.mech_driver.mech_driver.OVNMechanismDriver._validate_allowed_address_pairs-279942'] for allowed_address_pair (58ba5fc6-e6d3-436f-a365-93ae5423eacc), before_create {{(pid=102693) _notify_loop /opt/stack/data/venv/lib/python3.12/site-packages/neutron_lib/callbacks/manager.py:184}}
Apr 02 06:07:20.051478 np0000162720 devstack@neutron-api.service[102693]: DEBUG neutron_lib.callbacks.manager [None req-91f3e2f4-6a64-48f1-a54d-34e697117c4d admin admin] Publish callbacks [] for port (58ba5fc6-e6d3-436f-a365-93ae5423eacc), precommit_create {{(pid=102693) _notify_loop /opt/stack/data/venv/lib/python3.12/site-packages/neutron_lib/callbacks/manager.py:184}}
Apr 02 06:07:20.051626 np0000162720 devstack@neutron-api.service[102693]: DEBUG neutron.plugins.ml2.drivers.ovn.mech_driver.mech_driver [None req-91f3e2f4-6a64-48f1-a54d-34e697117c4d admin admin] No provisioning block for port 58ba5fc6-e6d3-436f-a365-93ae5423eacc since it does not have a host {{(pid=102693) _is_port_provisioning_required /opt/stack/neutron/neutron/plugins/ml2/drivers/ovn/mech_driver/mech_driver.py:884}}
Apr 02 06:07:20.051736 np0000162720 devstack@neutron-api.service[102693]: DEBUG neutron.db.ovn_revision_numbers_db [None req-91f3e2f4-6a64-48f1-a54d-34e697117c4d admin admin] create_initial_revision uuid=58ba5fc6-e6d3-436f-a365-93ae5423eacc, type=ports, rev=-1 {{(pid=102693) create_initial_revision /opt/stack/neutron/neutron/db/ovn_revision_numbers_db.py:98}}
Apr 02 06:07:20.085796 np0000162720 devstack@neutron-api.service[102693]: DEBUG neutron_lib.callbacks.manager [None req-91f3e2f4-6a64-48f1-a54d-34e697117c4d admin admin] Publish callbacks ['neutron.plugins.ml2.ovo_rpc._ObjectChangeHandler.handle_event-1137006'] for port (58ba5fc6-e6d3-436f-a365-93ae5423eacc), after_create {{(pid=102693) _notify_loop /opt/stack/data/venv/lib/python3.12/site-packages/neutron_lib/callbacks/manager.py:184}}
Apr 02 06:07:20.120251 np0000162720 devstack@neutron-api.service[102693]: DEBUG neutron.api.rpc.handlers.resources_rpc [None req-91f3e2f4-6a64-48f1-a54d-34e697117c4d admin admin] Pushing event updated for resources: {'Port': ['ID=58ba5fc6-e6d3-436f-a365-93ae5423eacc,revision_number=1']} {{(pid=102693) push /opt/stack/neutron/neutron/api/rpc/handlers/resources_rpc.py:237}}
Apr 02 06:07:20.129969 np0000162720 devstack@neutron-api.service[102693]: DEBUG ovsdbapp.backend.ovs_idl.transaction [None req-e0beb6af-a0b4-44de-9442-5c4099312e34 None None] Running txn n=1 command(idx=0): AddLSwitchPortCommand(_result=None, lport=58ba5fc6-e6d3-436f-a365-93ae5423eacc, lswitch=neutron-479fb2e2-6e93-467d-8f4f-5661cfeeba4f, may_exist=True, network_uuid=479fb2e2-6e93-467d-8f4f-5661cfeeba4f, columns={'addresses': ['fa:16:3e:6b:c9:71'], 'external_ids': {'neutron:port_name': '', 'neutron:device_id': 'ovnmeta-479fb2e2-6e93-467d-8f4f-5661cfeeba4f', 'neutron:project_id': 'b150582198c144d486bae35a93e63d8c', 'neutron:cidrs': '', 'neutron:device_owner': 'network:distributed', 'neutron:subnet_pool_addr_scope4': '', 'neutron:subnet_pool_addr_scope6': '', 'neutron:network_name': 'neutron-479fb2e2-6e93-467d-8f4f-5661cfeeba4f', 'neutron:security_group_ids': '', 'neutron:revision_number': '1', 'neutron:vnic_type': 'normal', 'neutron:port_capabilities': '', 'neutron:mtu': ''}, 'parent_name': [], 'tag': [], 'enabled': True, 'options': {}, 'type': 'localport', 'port_security': [], 'dhcpv4_options': [], 'dhcpv6_options': []}) {{(pid=102693) do_commit /opt/stack/data/venv/lib/python3.12/site-packages/ovsdbapp/backend/ovs_idl/transaction.py:89}}
Apr 02 06:07:20.131113 np0000162720 devstack@neutron-api.service[102693]: DEBUG ovsdbapp.backend.ovs_idl.transaction [None req-e0beb6af-a0b4-44de-9442-5c4099312e34 None None] Running txn n=1 command(idx=1): QoSDelCommand(_result=None, switch=neutron-479fb2e2-6e93-467d-8f4f-5661cfeeba4f, conditions=[('direction', '=', 'to-lport'), ('priority', '=', 2002), ('match', '=', 'outport == "58ba5fc6-e6d3-436f-a365-93ae5423eacc"')], if_exists=True) {{(pid=102693) do_commit /opt/stack/data/venv/lib/python3.12/site-packages/ovsdbapp/backend/ovs_idl/transaction.py:89}}
Apr 02 06:07:20.131480 np0000162720 devstack@neutron-api.service[102693]: DEBUG ovsdbapp.backend.ovs_idl.transaction [None req-e0beb6af-a0b4-44de-9442-5c4099312e34 None None] Running txn n=1 command(idx=2): QoSDelCommand(_result=None, switch=neutron-479fb2e2-6e93-467d-8f4f-5661cfeeba4f, conditions=[('direction', '=', 'from-lport'), ('priority', '=', 2002), ('match', '=', 'inport == "58ba5fc6-e6d3-436f-a365-93ae5423eacc"')], if_exists=True) {{(pid=102693) do_commit /opt/stack/data/venv/lib/python3.12/site-packages/ovsdbapp/backend/ovs_idl/transaction.py:89}}
Apr 02 06:07:20.180579 np0000162720 devstack@neutron-api.service[102692]: DEBUG neutron.plugins.ml2.drivers.ovn.mech_driver.ovsdb.ovsdb_monitor [None req-235a7ed1-a759-4d17-a379-e6a73a80b051 None None] Hash Ring: Node ebb8f7a63f0e5fd9baab6eade8334a04 (host: np0000162720) handling event "update" for row 479fb2e2-6e93-467d-8f4f-5661cfeeba4f (table: Logical_Switch) {{(pid=102692) notify /opt/stack/neutron/neutron/plugins/ml2/drivers/ovn/mech_driver/ovsdb/ovsdb_monitor.py:912}}
Apr 02 06:07:20.181384 np0000162720 devstack@neutron-api.service[102694]: DEBUG neutron.plugins.ml2.drivers.ovn.mech_driver.ovsdb.ovsdb_monitor [None req-1623c2cf-2193-4ed3-bd91-355a4db7c6a9 None None] Touching Hash Ring node "6167938f95975b768e4a40b657977fad" from IDL notify handler {{(pid=102694) notify /opt/stack/neutron/neutron/plugins/ml2/drivers/ovn/mech_driver/ovsdb/ovsdb_monitor.py:904}}
Apr 02 06:07:20.184473 np0000162720 devstack@neutron-api.service[102692]: DEBUG neutron.plugins.ml2.drivers.ovn.mech_driver.ovsdb.ovsdb_monitor [None req-f23704b5-8cfe-4b82-9aa8-ff4c1be68ec5 None None] Hash Ring: Node ebb8f7a63f0e5fd9baab6eade8334a04 (host: np0000162720) handling event "create" for row e3796e36-5525-4efb-941f-f39674d9a93b (table: Port_Binding) {{(pid=102692) notify /opt/stack/neutron/neutron/plugins/ml2/drivers/ovn/mech_driver/ovsdb/ovsdb_monitor.py:912}}
Apr 02 06:07:20.188937 np0000162720 devstack@neutron-api.service[102694]: DEBUG neutron.plugins.ml2.drivers.ovn.mech_driver.ovsdb.ovsdb_monitor [None req-1623c2cf-2193-4ed3-bd91-355a4db7c6a9 None None] Hash Ring: Node 6167938f95975b768e4a40b657977fad (host: np0000162720) handling event "create" for row d7bd2010-8627-4dd6-b3c4-5a016712fdcd (table: Logical_Switch_Port) {{(pid=102694) notify /opt/stack/neutron/neutron/plugins/ml2/drivers/ovn/mech_driver/ovsdb/ovsdb_monitor.py:912}}
Apr 02 06:07:20.190176 np0000162720 devstack@neutron-api.service[102694]: DEBUG ovsdbapp.backend.ovs_idl.event [None req-1623c2cf-2193-4ed3-bd91-355a4db7c6a9 None None] Matched CREATE: LogicalSwitchPortCreateEvent(events=('create',), table='Logical_Switch_Port', conditions=[], old_conditions=None), priority=20 to row=Logical_Switch_Port(uuid=d7bd2010-8627-4dd6-b3c4-5a016712fdcd, addresses=['fa:16:3e:6b:c9:71'], dhcpv4_options=[], dhcpv6_options=[], dynamic_addresses=[], enabled=True, external_ids={'neutron:cidrs': '', 'neutron:device_id': 'ovnmeta-479fb2e2-6e93-467d-8f4f-5661cfeeba4f', 'neutron:device_owner': 'network:distributed', 'neutron:mtu': '', 'neutron:network_name': 'neutron-479fb2e2-6e93-467d-8f4f-5661cfeeba4f', 'neutron:port_capabilities': '', 'neutron:port_name': '', 'neutron:project_id': 'b150582198c144d486bae35a93e63d8c', 'neutron:revision_number': '1', 'neutron:security_group_ids': '', 'neutron:subnet_pool_addr_scope4': '', 'neutron:subnet_pool_addr_scope6': '', 'neutron:vnic_type': 'normal'}, ha_chassis_group=[], mirror_rules=[], name='58ba5fc6-e6d3-436f-a365-93ae5423eacc', options={}, parent_name=[], port_security=[], tag=[], tag_request=[], type='localport', up=[]) old= {{(pid=102694) matches /opt/stack/data/venv/lib/python3.12/site-packages/ovsdbapp/backend/ovs_idl/event.py:55}}
Apr 02 06:07:20.191350 np0000162720 devstack@neutron-api.service[102694]: INFO neutron.plugins.ml2.drivers.ovn.mech_driver.mech_driver [None req-44012a6c-97f5-4269-bbcd-1e1422092640 None None] OVN reports status down for port: 58ba5fc6-e6d3-436f-a365-93ae5423eacc
Apr 02 06:07:20.193340 np0000162720 devstack@neutron-api.service[102694]: DEBUG neutron.plugins.ml2.drivers.ovn.mech_driver.ovsdb.ovsdb_monitor [None req-1623c2cf-2193-4ed3-bd91-355a4db7c6a9 None None] Touching Hash Ring node "6167938f95975b768e4a40b657977fad" from IDL notify handler {{(pid=102694) notify /opt/stack/neutron/neutron/plugins/ml2/drivers/ovn/mech_driver/ovsdb/ovsdb_monitor.py:904}}
Apr 02 06:07:20.196124 np0000162720 devstack@neutron-api.service[102694]: DEBUG neutron.plugins.ml2.drivers.ovn.mech_driver.ovsdb.ovsdb_monitor [None req-1623c2cf-2193-4ed3-bd91-355a4db7c6a9 None None] Hash Ring: Node 6167938f95975b768e4a40b657977fad (host: np0000162720) handling event "update" for row d7bd2010-8627-4dd6-b3c4-5a016712fdcd (table: Logical_Switch_Port) {{(pid=102694) notify /opt/stack/neutron/neutron/plugins/ml2/drivers/ovn/mech_driver/ovsdb/ovsdb_monitor.py:912}}
Apr 02 06:07:20.216564 np0000162720 devstack@neutron-api.service[102693]: INFO neutron.db.ovn_revision_numbers_db [None req-91f3e2f4-6a64-48f1-a54d-34e697117c4d admin admin] Successfully bumped revision number for resource 58ba5fc6-e6d3-436f-a365-93ae5423eacc (type: ports) to 1
Apr 02 06:07:20.221585 np0000162720 devstack@neutron-api.service[102694]: DEBUG neutron.db.provisioning_blocks [None req-44012a6c-97f5-4269-bbcd-1e1422092640 None None] Transition to ACTIVE for port object 58ba5fc6-e6d3-436f-a365-93ae5423eacc will not be triggered until provisioned by entity L2. {{(pid=102694) add_provisioning_component /opt/stack/neutron/neutron/db/provisioning_blocks.py:74}}
Apr 02 06:07:20.226030 np0000162720 devstack@neutron-api.service[102693]: DEBUG neutron.pecan_wsgi.hooks.policy_enforcement [None req-91f3e2f4-6a64-48f1-a54d-34e697117c4d admin admin] Attributes excluded by policy engine: ['standard_attr_id'] {{(pid=102693) _exclude_attributes_by_policy /opt/stack/neutron/neutron/pecan_wsgi/hooks/policy_enforcement.py:258}}
Apr 02 06:07:20.226595 np0000162720 devstack@neutron-api.service[102693]: DEBUG neutron_lib.callbacks.manager [None req-91f3e2f4-6a64-48f1-a54d-34e697117c4d admin admin] Publish callbacks [] for network (None), before_response {{(pid=102693) _notify_loop /opt/stack/data/venv/lib/python3.12/site-packages/neutron_lib/callbacks/manager.py:184}}
Apr 02 06:07:20.243944 np0000162720 devstack@neutron-api.service[102693]: [pid: 102693|app: 0|req: 23/93] 199.19.213.137 () {68 vars in 1358 bytes} [Thu Apr 2 06:07:19 2026] POST /networking/v2.0/networks => generated 683 bytes in 653 msecs (HTTP/1.1 201) 4 headers in 162 bytes (1 switches on core 0)
Apr 02 06:07:20.256909 np0000162720 devstack@neutron-api.service[102694]: DEBUG neutron.plugins.ml2.plugin [None req-44012a6c-97f5-4269-bbcd-1e1422092640 None None] Current status of the port 58ba5fc6-e6d3-436f-a365-93ae5423eacc is: DOWN; New status is: DOWN {{(pid=102694) _update_individual_port_db_status /opt/stack/neutron/neutron/plugins/ml2/plugin.py:2468}}
Apr 02 06:07:20.258929 np0000162720 devstack@neutron-api.service[102694]: DEBUG ovsdbapp.backend.ovs_idl.transaction [None req-1623c2cf-2193-4ed3-bd91-355a4db7c6a9 None None] Running txn n=1 command(idx=0): DbRemoveCommand(_result=None, table=Logical_Switch_Port, record=58ba5fc6-e6d3-436f-a365-93ae5423eacc, column=external_ids, values=('neutron:host_id',), keyvalues={}, if_exists=True) {{(pid=102694) do_commit /opt/stack/data/venv/lib/python3.12/site-packages/ovsdbapp/backend/ovs_idl/transaction.py:89}}
Apr 02 06:07:20.458994 np0000162720 devstack@neutron-api.service[102692]: INFO neutron.pecan_wsgi.hooks.translation [None req-0054d69c-17e6-4218-bc9a-6373a5ceb612 admin admin] GET failed (client error): The resource could not be found.
Apr 02 06:07:20.459534 np0000162720 devstack@neutron-api.service[102692]: [pid: 102692|app: 0|req: 25/94] 199.19.213.137 () {64 vars in 1334 bytes} [Thu Apr 2 06:07:20 2026] GET /networking/v2.0/networks/admin_net => generated 111 bytes in 12 msecs (HTTP/1.1 404) 4 headers in 164 bytes (1 switches on core 0)
Apr 02 06:07:20.519096 np0000162720 devstack@neutron-api.service[102694]: DEBUG neutron.pecan_wsgi.hooks.policy_enforcement [None req-e20cf769-e2f4-4cb9-afab-a2f75c4a0d1a admin admin] Attributes excluded by policy engine: ['standard_attr_id'] {{(pid=102694) _exclude_attributes_by_policy /opt/stack/neutron/neutron/pecan_wsgi/hooks/policy_enforcement.py:258}}
Apr 02 06:07:20.520197 np0000162720 devstack@neutron-api.service[102694]: [pid: 102694|app: 0|req: 24/95] 199.19.213.137 () {64 vars in 1346 bytes} [Thu Apr 2 06:07:20 2026] GET /networking/v2.0/networks?name=admin_net => generated 667 bytes in 49 msecs (HTTP/1.1 200) 4 headers in 157 bytes (1 switches on core 0)
Apr 02 06:07:20.734618 np0000162720 devstack@neutron-api.service[102691]: INFO neutron.pecan_wsgi.hooks.translation [None req-60aa80d0-b916-4970-8e4e-f62cb82942be admin admin] GET failed (client error): The resource could not be found.
Apr 02 06:07:20.735196 np0000162720 devstack@neutron-api.service[102691]: [pid: 102691|app: 0|req: 24/96] 199.19.213.137 () {64 vars in 1340 bytes} [Thu Apr 2 06:07:20 2026] GET /networking/v2.0/subnets/admin_subnet => generated 112 bytes in 14 msecs (HTTP/1.1 404) 4 headers in 164 bytes (1 switches on core 0)
Apr 02 06:07:20.774989 np0000162720 devstack@neutron-api.service[102693]: [pid: 102693|app: 0|req: 24/97] 199.19.213.137 () {64 vars in 1349 bytes} [Thu Apr 2 06:07:20 2026] GET /networking/v2.0/subnets?name=admin_subnet => generated 14 bytes in 28 msecs (HTTP/1.1 200) 4 headers in 156 bytes (1 switches on core 0)
Apr 02 06:07:21.034704 np0000162720 devstack@neutron-api.service[102692]: DEBUG neutron.pecan_wsgi.hooks.policy_enforcement [None req-9e81e0d3-e941-48a6-aebb-3dc8456aa449 admin admin] Attributes excluded by policy engine: ['standard_attr_id'] {{(pid=102692) _exclude_attributes_by_policy /opt/stack/neutron/neutron/pecan_wsgi/hooks/policy_enforcement.py:258}}
Apr 02 06:07:21.035366 np0000162720 devstack@neutron-api.service[102692]: [pid: 102692|app: 0|req: 26/98] 199.19.213.137 () {64 vars in 1415 bytes} [Thu Apr 2 06:07:21 2026] GET /networking/v2.0/networks/479fb2e2-6e93-467d-8f4f-5661cfeeba4f => generated 664 bytes in 28 msecs (HTTP/1.1 200) 4 headers in 157 bytes (1 switches on core 0)
Apr 02 06:07:21.056952 np0000162720 devstack@neutron-api.service[102694]: DEBUG neutron.api.v2.base [None req-06141adb-255c-4fd9-8557-b55f5b168d2e admin admin] Request body: {'subnet': {'name': 'admin_subnet', 'project_id': 'b150582198c144d486bae35a93e63d8c', 'gateway_ip': None, 'cidr': '10.2.5.0/24', 'network_id': '479fb2e2-6e93-467d-8f4f-5661cfeeba4f', 'ip_version': 4}} {{(pid=102694) prepare_request_body /opt/stack/neutron/neutron/api/v2/base.py:729}}
Apr 02 06:07:21.073600 np0000162720 devstack@neutron-api.service[102694]: DEBUG neutron.pecan_wsgi.hooks.quota_enforcement [None req-06141adb-255c-4fd9-8557-b55f5b168d2e admin admin] Made reservation on behalf of b150582198c144d486bae35a93e63d8c for: {'subnet': 1} {{(pid=102694) before /opt/stack/neutron/neutron/pecan_wsgi/hooks/quota_enforcement.py:66}}
Apr 02 06:07:21.077156 np0000162720 devstack@neutron-api.service[102694]: DEBUG neutron_lib.callbacks.manager [None req-06141adb-255c-4fd9-8557-b55f5b168d2e admin admin] Publish callbacks [] for subnet (None), before_create {{(pid=102694) _notify_loop /opt/stack/data/venv/lib/python3.12/site-packages/neutron_lib/callbacks/manager.py:184}}
Apr 02 06:07:21.133441 np0000162720 devstack@neutron-api.service[102694]: DEBUG neutron.db.ovn_revision_numbers_db [None req-06141adb-255c-4fd9-8557-b55f5b168d2e admin admin] create_initial_revision uuid=b84d2894-5bc2-4b3f-bcac-e75ed4c7635b, type=subnets, rev=-1 {{(pid=102694) create_initial_revision /opt/stack/neutron/neutron/db/ovn_revision_numbers_db.py:98}}
Apr 02 06:07:21.139573 np0000162720 devstack@neutron-api.service[102694]: DEBUG neutron_lib.callbacks.manager [None req-06141adb-255c-4fd9-8557-b55f5b168d2e admin admin] Publish callbacks ['neutron.plugins.ml2.ovo_rpc._ObjectChangeHandler.handle_event-1138565'] for subnet (b84d2894-5bc2-4b3f-bcac-e75ed4c7635b), after_create {{(pid=102694) _notify_loop /opt/stack/data/venv/lib/python3.12/site-packages/neutron_lib/callbacks/manager.py:184}}
Apr 02 06:07:21.154804 np0000162720 devstack@neutron-api.service[102694]: DEBUG neutron.api.rpc.handlers.resources_rpc [None req-06141adb-255c-4fd9-8557-b55f5b168d2e admin admin] Pushing event updated for resources: {'Subnet': ['ID=b84d2894-5bc2-4b3f-bcac-e75ed4c7635b,revision_number=0']} {{(pid=102694) push /opt/stack/neutron/neutron/api/rpc/handlers/resources_rpc.py:237}}
Apr 02 06:07:21.206426 np0000162720 devstack@neutron-api.service[102694]: DEBUG neutron_lib.callbacks.manager [None req-06141adb-255c-4fd9-8557-b55f5b168d2e admin admin] Publish callbacks ['neutron.plugins.ml2.plugin.SecurityGroupDbMixin._ensure_default_security_group_handler-35340', 'neutron.services.ovn_l3.plugin.OVNL3RouterPlugin._port_update-8467175726104', 'neutron.db.l3_db.L3_NAT_dbonly_mixin._prevent_internal_ip_change_for_fip-8467176784656'] for port (58ba5fc6-e6d3-436f-a365-93ae5423eacc), before_update {{(pid=102694) _notify_loop /opt/stack/data/venv/lib/python3.12/site-packages/neutron_lib/callbacks/manager.py:184}}
Apr 02 06:07:21.297056 np0000162720 devstack@neutron-api.service[102694]: DEBUG neutron.db.db_base_plugin_common [None req-06141adb-255c-4fd9-8557-b55f5b168d2e admin admin] Allocated IP 10.2.5.1 (479fb2e2-6e93-467d-8f4f-5661cfeeba4f/b84d2894-5bc2-4b3f-bcac-e75ed4c7635b/58ba5fc6-e6d3-436f-a365-93ae5423eacc) {{(pid=102694) _store_ip_allocation /opt/stack/neutron/neutron/db/db_base_plugin_common.py:131}}
Apr 02 06:07:21.358471 np0000162720 devstack@neutron-api.service[102694]: DEBUG neutron_lib.callbacks.manager [None req-06141adb-255c-4fd9-8557-b55f5b168d2e admin admin] Publish callbacks [] for port (58ba5fc6-e6d3-436f-a365-93ae5423eacc), precommit_update {{(pid=102694) _notify_loop /opt/stack/data/venv/lib/python3.12/site-packages/neutron_lib/callbacks/manager.py:184}}
Apr 02 06:07:21.358743 np0000162720 devstack@neutron-api.service[102694]: DEBUG neutron.plugins.ml2.drivers.ovn.mech_driver.mech_driver [None req-06141adb-255c-4fd9-8557-b55f5b168d2e admin admin] No provisioning block for port 58ba5fc6-e6d3-436f-a365-93ae5423eacc since it does not have a host {{(pid=102694) _is_port_provisioning_required /opt/stack/neutron/neutron/plugins/ml2/drivers/ovn/mech_driver/mech_driver.py:884}}
Apr 02 06:07:21.371264 np0000162720 devstack@neutron-api.service[102694]: DEBUG neutron_lib.callbacks.manager [None req-06141adb-255c-4fd9-8557-b55f5b168d2e admin admin] Publish callbacks ['neutron.plugins.ml2.ovo_rpc._ObjectChangeHandler.handle_event-1138298', 'neutron.db.l3_db.L3RpcNotifierMixin._notify_gateway_port_ip_changed-8467176790870', 'neutron.services.ovn_l3.plugin.OVNL3RouterPlugin._port_update-8467175726104'] for port (58ba5fc6-e6d3-436f-a365-93ae5423eacc), after_update {{(pid=102694) _notify_loop /opt/stack/data/venv/lib/python3.12/site-packages/neutron_lib/callbacks/manager.py:184}}
Apr 02 06:07:21.398097 np0000162720 devstack@neutron-api.service[102694]: DEBUG neutron.api.rpc.handlers.resources_rpc [None req-06141adb-255c-4fd9-8557-b55f5b168d2e admin admin] Pushing event updated for resources: {'Port': ['ID=58ba5fc6-e6d3-436f-a365-93ae5423eacc,revision_number=2']} {{(pid=102694) push /opt/stack/neutron/neutron/api/rpc/handlers/resources_rpc.py:237}}
Apr 02 06:07:21.492225 np0000162720 devstack@neutron-api.service[102694]: DEBUG ovsdbapp.backend.ovs_idl.transaction [None req-1623c2cf-2193-4ed3-bd91-355a4db7c6a9 None None] Running txn n=1 command(idx=0): CheckRevisionNumberCommand(_result=None, name=58ba5fc6-e6d3-436f-a365-93ae5423eacc, resource={'id': '58ba5fc6-e6d3-436f-a365-93ae5423eacc', 'name': '', 'network_id': '479fb2e2-6e93-467d-8f4f-5661cfeeba4f', 'project_id': 'b150582198c144d486bae35a93e63d8c', 'mac_address': 'fa:16:3e:6b:c9:71', 'admin_state_up': True, 'status': 'DOWN', 'device_id': 'ovnmeta-479fb2e2-6e93-467d-8f4f-5661cfeeba4f', 'device_owner': 'network:distributed', 'standard_attr_id': 44, 'fixed_ips': [{'subnet_id': 'b84d2894-5bc2-4b3f-bcac-e75ed4c7635b', 'ip_address': '10.2.5.1'}], 'allowed_address_pairs': [], 'extra_dhcp_opts': [], 'security_groups': [], 'description': '', 'binding:vnic_type': 'normal', 'binding:profile': {}, 'binding:host_id': '', 'binding:vif_type': 'unbound', 'binding:vif_details': {}, 'port_security_enabled': False, 'tags': [], 'created_at': '2026-04-02T06:07:20Z', 'updated_at': '2026-04-02T06:07:21Z', 'revision_number': 2, 'tenant_id': 'b150582198c144d486bae35a93e63d8c', 'network': {'id': '479fb2e2-6e93-467d-8f4f-5661cfeeba4f', 'name': 'admin_net', 'tenant_id': 'b150582198c144d486bae35a93e63d8c', 'project_id': 'b150582198c144d486bae35a93e63d8c', 'admin_state_up': True, 'mtu': 1372, 'status': 'ACTIVE', 'subnets': ['b84d2894-5bc2-4b3f-bcac-e75ed4c7635b'], 'standard_attr_id': 42, 'shared': False, 'availability_zone_hints': [], 'availability_zones': [], 'ipv4_address_scope': None, 'ipv6_address_scope': None, 'router:external': False, 'qinq': False, 'vlan_transparent': False, 'description': '', 'port_security_enabled': True, 'tags': [], 'created_at': '2026-04-02T06:07:19Z', 'updated_at': '2026-04-02T06:07:21Z', 'revision_number': 2, 'provider:network_type': 'geneve', 'provider:physical_network': None, 'provider:segmentation_id': 20260}}, resource_type=ports, if_exists=True) {{(pid=102694) do_commit /opt/stack/data/venv/lib/python3.12/site-packages/ovsdbapp/backend/ovs_idl/transaction.py:89}}
Apr 02 06:07:21.492542 np0000162720 devstack@neutron-api.service[102694]: DEBUG ovsdbapp.backend.ovs_idl.transaction [None req-1623c2cf-2193-4ed3-bd91-355a4db7c6a9 None None] Running txn n=1 command(idx=1): AddDHCPOptionsCommand(_result=None, columns={'cidr': '10.2.5.0/24', 'options': {'server_id': '10.2.5.1', 'lease_time': '43200', 'mtu': '1372', 'server_mac': 'fa:16:3e:76:55:12', 'dns_server': '{127.0.0.53}', 'classless_static_route': '{169.254.169.254/32,10.2.5.1}'}, 'external_ids': {'subnet_id': 'b84d2894-5bc2-4b3f-bcac-e75ed4c7635b', 'neutron:network_id': '479fb2e2-6e93-467d-8f4f-5661cfeeba4f', 'neutron:revision_number': '0'}}, may_exist=True, subnet_id=b84d2894-5bc2-4b3f-bcac-e75ed4c7635b, port_id=None, new_insert=False) {{(pid=102694) do_commit /opt/stack/data/venv/lib/python3.12/site-packages/ovsdbapp/backend/ovs_idl/transaction.py:89}}
Apr 02 06:07:21.493189 np0000162720 devstack@neutron-api.service[102694]: DEBUG ovsdbapp.backend.ovs_idl.transaction [None req-1623c2cf-2193-4ed3-bd91-355a4db7c6a9 None None] Running txn n=1 command(idx=2): SetLSwitchPortCommand(_result=None, lport=58ba5fc6-e6d3-436f-a365-93ae5423eacc, external_ids_update=None, columns={'external_ids': {'neutron:port_name': '', 'neutron:device_id': 'ovnmeta-479fb2e2-6e93-467d-8f4f-5661cfeeba4f', 'neutron:project_id': 'b150582198c144d486bae35a93e63d8c', 'neutron:cidrs': '10.2.5.1/24', 'neutron:device_owner': 'network:distributed', 'neutron:subnet_pool_addr_scope4': '', 'neutron:subnet_pool_addr_scope6': '', 'neutron:network_name': 'neutron-479fb2e2-6e93-467d-8f4f-5661cfeeba4f', 'neutron:security_group_ids': '', 'neutron:revision_number': '2', 'neutron:vnic_type': 'normal', 'neutron:port_capabilities': '', 'neutron:mtu': ''}, 'parent_name': [], 'tag': [], 'options': {}, 'enabled': True, 'port_security': [], 'dhcpv4_options': [], 'dhcpv6_options': [], 'type': 'localport', 'addresses': ['fa:16:3e:6b:c9:71 10.2.5.1'], 'ha_chassis_group': []}, if_exists=False) {{(pid=102694) do_commit /opt/stack/data/venv/lib/python3.12/site-packages/ovsdbapp/backend/ovs_idl/transaction.py:89}}
Apr 02 06:07:21.494548 np0000162720 devstack@neutron-api.service[102694]: DEBUG ovsdbapp.backend.ovs_idl.transaction [None req-1623c2cf-2193-4ed3-bd91-355a4db7c6a9 None None] Running txn n=1 command(idx=3): PgDelPortCommand(_result=None, port_group=neutron_pg_drop, lsp=['58ba5fc6-e6d3-436f-a365-93ae5423eacc'], if_exists=False) {{(pid=102694) do_commit /opt/stack/data/venv/lib/python3.12/site-packages/ovsdbapp/backend/ovs_idl/transaction.py:89}}
Apr 02 06:07:21.534768 np0000162720 devstack@neutron-api.service[102694]: DEBUG neutron.plugins.ml2.drivers.ovn.mech_driver.ovsdb.ovsdb_monitor [None req-1623c2cf-2193-4ed3-bd91-355a4db7c6a9 None None] Touching Hash Ring node "6167938f95975b768e4a40b657977fad" from IDL notify handler {{(pid=102694) notify /opt/stack/neutron/neutron/plugins/ml2/drivers/ovn/mech_driver/ovsdb/ovsdb_monitor.py:904}}
Apr 02 06:07:21.536740 np0000162720 devstack@neutron-api.service[102692]: DEBUG neutron.plugins.ml2.drivers.ovn.mech_driver.ovsdb.ovsdb_monitor [None req-f23704b5-8cfe-4b82-9aa8-ff4c1be68ec5 None None] Hash Ring: Node ebb8f7a63f0e5fd9baab6eade8334a04 (host: np0000162720) handling event "update" for row e3796e36-5525-4efb-941f-f39674d9a93b (table: Port_Binding) {{(pid=102692) notify /opt/stack/neutron/neutron/plugins/ml2/drivers/ovn/mech_driver/ovsdb/ovsdb_monitor.py:912}}
Apr 02 06:07:21.542931 np0000162720 devstack@neutron-api.service[102694]: DEBUG neutron.plugins.ml2.drivers.ovn.mech_driver.ovsdb.ovsdb_monitor [None req-1623c2cf-2193-4ed3-bd91-355a4db7c6a9 None None] Hash Ring: Node 6167938f95975b768e4a40b657977fad (host: np0000162720) handling event "create" for row 89f31d8e-e26c-49d9-999d-3fdcaad956b2 (table: DHCP_Options) {{(pid=102694) notify /opt/stack/neutron/neutron/plugins/ml2/drivers/ovn/mech_driver/ovsdb/ovsdb_monitor.py:912}}
Apr 02 06:07:21.543966 np0000162720 devstack@neutron-api.service[102694]: DEBUG neutron.plugins.ml2.drivers.ovn.mech_driver.ovsdb.ovsdb_monitor [None req-1623c2cf-2193-4ed3-bd91-355a4db7c6a9 None None] Touching Hash Ring node "6167938f95975b768e4a40b657977fad" from IDL notify handler {{(pid=102694) notify /opt/stack/neutron/neutron/plugins/ml2/drivers/ovn/mech_driver/ovsdb/ovsdb_monitor.py:904}}
Apr 02 06:07:21.547268 np0000162720 devstack@neutron-api.service[102694]: DEBUG neutron.plugins.ml2.drivers.ovn.mech_driver.ovsdb.ovsdb_monitor [None req-1623c2cf-2193-4ed3-bd91-355a4db7c6a9 None None] Hash Ring: Node 6167938f95975b768e4a40b657977fad (host: np0000162720) handling event "update" for row d7bd2010-8627-4dd6-b3c4-5a016712fdcd (table: Logical_Switch_Port) {{(pid=102694) notify /opt/stack/neutron/neutron/plugins/ml2/drivers/ovn/mech_driver/ovsdb/ovsdb_monitor.py:912}}
Apr 02 06:07:21.580141 np0000162720 devstack@neutron-api.service[102694]: INFO neutron.db.ovn_revision_numbers_db [None req-06141adb-255c-4fd9-8557-b55f5b168d2e admin admin] Successfully bumped revision number for resource 58ba5fc6-e6d3-436f-a365-93ae5423eacc (type: ports) to 2
Apr 02 06:07:21.589796 np0000162720 devstack@neutron-api.service[102694]: DEBUG neutron.plugins.ml2.plugin [None req-06141adb-255c-4fd9-8557-b55f5b168d2e admin admin] In _notify_port_updated(), no bound segment for port 58ba5fc6-e6d3-436f-a365-93ae5423eacc on network 479fb2e2-6e93-467d-8f4f-5661cfeeba4f {{(pid=102694) _notify_port_updated /opt/stack/neutron/neutron/plugins/ml2/plugin.py:1036}}
Apr 02 06:07:21.608775 np0000162720 devstack@neutron-api.service[102694]: INFO neutron.db.ovn_revision_numbers_db [None req-06141adb-255c-4fd9-8557-b55f5b168d2e admin admin] Successfully bumped revision number for resource b84d2894-5bc2-4b3f-bcac-e75ed4c7635b (type: subnets) to 0
Apr 02 06:07:21.610596 np0000162720 devstack@neutron-api.service[102694]: DEBUG neutron.pecan_wsgi.hooks.policy_enforcement [None req-06141adb-255c-4fd9-8557-b55f5b168d2e admin admin] Attributes excluded by policy engine: ['standard_attr_id', 'shared', 'network'] {{(pid=102694) _exclude_attributes_by_policy /opt/stack/neutron/neutron/pecan_wsgi/hooks/policy_enforcement.py:258}}
Apr 02 06:07:21.610919 np0000162720 devstack@neutron-api.service[102694]: DEBUG neutron_lib.callbacks.manager [None req-06141adb-255c-4fd9-8557-b55f5b168d2e admin admin] Publish callbacks [] for subnet (None), before_response {{(pid=102694) _notify_loop /opt/stack/data/venv/lib/python3.12/site-packages/neutron_lib/callbacks/manager.py:184}}
Apr 02 06:07:21.623446 np0000162720 devstack@neutron-api.service[102694]: [pid: 102694|app: 0|req: 25/99] 199.19.213.137 () {68 vars in 1355 bytes} [Thu Apr 2 06:07:21 2026] POST /networking/v2.0/subnets => generated 625 bytes in 572 msecs (HTTP/1.1 201) 4 headers in 162 bytes (1 switches on core 0)
Apr 02 06:07:21.842148 np0000162720 devstack@neutron-api.service[102691]: INFO neutron.pecan_wsgi.hooks.translation [None req-945ec79e-d49c-4bb2-8d53-67abc56d05e0 admin admin] GET failed (client error): The resource could not be found.
Apr 02 06:07:21.842691 np0000162720 devstack@neutron-api.service[102691]: [pid: 102691|app: 0|req: 25/100] 199.19.213.137 () {64 vars in 1340 bytes} [Thu Apr 2 06:07:21 2026] GET /networking/v2.0/subnets/admin_subnet => generated 112 bytes in 12 msecs (HTTP/1.1 404) 4 headers in 164 bytes (1 switches on core 0)
Apr 02 06:07:21.875214 np0000162720 devstack@neutron-api.service[102693]: DEBUG neutron.pecan_wsgi.hooks.policy_enforcement [None req-49176651-0088-4755-bb30-47ce08595aa7 admin admin] Attributes excluded by policy engine: ['standard_attr_id', 'shared'] {{(pid=102693) _exclude_attributes_by_policy /opt/stack/neutron/neutron/pecan_wsgi/hooks/policy_enforcement.py:258}}
Apr 02 06:07:21.875997 np0000162720 devstack@neutron-api.service[102693]: [pid: 102693|app: 0|req: 25/101] 199.19.213.137 () {64 vars in 1349 bytes} [Thu Apr 2 06:07:21 2026] GET /networking/v2.0/subnets?name=admin_subnet => generated 628 bytes in 23 msecs (HTTP/1.1 200) 4 headers in 157 bytes (1 switches on core 0)
Apr 02 06:07:22.485485 np0000162720 devstack@neutron-api.service[102692]: DEBUG futurist.periodics [-] Submitting periodic callback 'neutron.plugins.ml2.drivers.ovn.mech_driver.ovsdb.maintenance.HashRingHealthCheckPeriodics.touch_hash_ring_node' {{(pid=102692) _process_scheduled /opt/stack/data/venv/lib/python3.12/site-packages/futurist/periodics.py:638}}
Apr 02 06:07:22.487574 np0000162720 devstack@neutron-api.service[102692]: DEBUG neutron.plugins.ml2.drivers.ovn.mech_driver.ovsdb.maintenance [-] Touching Hash Ring node "ebb8f7a63f0e5fd9baab6eade8334a04" from periodic health check thread {{(pid=102692) touch_hash_ring_node /opt/stack/neutron/neutron/plugins/ml2/drivers/ovn/mech_driver/ovsdb/maintenance.py:1232}}
Apr 02 06:07:23.346856 np0000162720 devstack@neutron-api.service[102694]: DEBUG futurist.periodics [-] Submitting periodic callback 'neutron.plugins.ml2.drivers.ovn.mech_driver.ovsdb.maintenance.HashRingHealthCheckPeriodics.touch_hash_ring_node' {{(pid=102694) _process_scheduled /opt/stack/data/venv/lib/python3.12/site-packages/futurist/periodics.py:638}}
Apr 02 06:07:23.347813 np0000162720 devstack@neutron-api.service[102694]: DEBUG neutron.plugins.ml2.drivers.ovn.mech_driver.ovsdb.maintenance [-] Touching Hash Ring node "6167938f95975b768e4a40b657977fad" from periodic health check thread {{(pid=102694) touch_hash_ring_node /opt/stack/neutron/neutron/plugins/ml2/drivers/ovn/mech_driver/ovsdb/maintenance.py:1232}}
Apr 02 06:07:23.356173 np0000162720 devstack@neutron-api.service[102691]: DEBUG futurist.periodics [-] Submitting periodic callback 'neutron.plugins.ml2.drivers.ovn.mech_driver.ovsdb.maintenance.HashRingHealthCheckPeriodics.touch_hash_ring_node' {{(pid=102691) _process_scheduled /opt/stack/data/venv/lib/python3.12/site-packages/futurist/periodics.py:638}}
Apr 02 06:07:23.357116 np0000162720 devstack@neutron-api.service[102691]: DEBUG neutron.plugins.ml2.drivers.ovn.mech_driver.ovsdb.maintenance [-] Touching Hash Ring node "c7f2dfd365375a05acbe68dddaaea0e4" from periodic health check thread {{(pid=102691) touch_hash_ring_node /opt/stack/neutron/neutron/plugins/ml2/drivers/ovn/mech_driver/ovsdb/maintenance.py:1232}}
