Apr 02 06:04:17.451429 np0000162720 nova-conductor[110147]: DEBUG cotyledon.oslo_config_glue [-] vmware.vnc_keymap = en-us {{(pid=110147) log_opt_values /opt/stack/data/venv/lib/python3.12/site-packages/oslo_config/cfg.py:3006}}
Apr 02 06:04:17.451429 np0000162720 nova-conductor[110147]: DEBUG cotyledon.oslo_config_glue [-] vmware.vnc_port = 5900 {{(pid=110147) log_opt_values /opt/stack/data/venv/lib/python3.12/site-packages/oslo_config/cfg.py:3006}}
Apr 02 06:04:17.451429 np0000162720 nova-conductor[110147]: DEBUG cotyledon.oslo_config_glue [-] vmware.vnc_port_total = 10000 {{(pid=110147) log_opt_values /opt/stack/data/venv/lib/python3.12/site-packages/oslo_config/cfg.py:3006}}
Apr 02 06:04:17.451429 np0000162720 nova-conductor[110147]: DEBUG cotyledon.oslo_config_glue [-] vnc.auth_schemes = ['none'] {{(pid=110147) log_opt_values /opt/stack/data/venv/lib/python3.12/site-packages/oslo_config/cfg.py:3006}}
Apr 02 06:04:17.451429 np0000162720 nova-conductor[110147]: DEBUG cotyledon.oslo_config_glue [-] vnc.enabled = True {{(pid=110147) log_opt_values /opt/stack/data/venv/lib/python3.12/site-packages/oslo_config/cfg.py:3006}}
Apr 02 06:04:17.451429 np0000162720 nova-conductor[110147]: DEBUG cotyledon.oslo_config_glue [-] vnc.novncproxy_base_url = http://127.0.0.1:6080/vnc_auto.html {{(pid=110147) log_opt_values /opt/stack/data/venv/lib/python3.12/site-packages/oslo_config/cfg.py:3006}}
Apr 02 06:04:17.451631 np0000162720 nova-conductor[110147]: DEBUG cotyledon.oslo_config_glue [-] vnc.novncproxy_host = 0.0.0.0 {{(pid=110147) log_opt_values /opt/stack/data/venv/lib/python3.12/site-packages/oslo_config/cfg.py:3006}}
Apr 02 06:04:17.451631 np0000162720 nova-conductor[110147]: DEBUG cotyledon.oslo_config_glue [-] vnc.novncproxy_port = 6080 {{(pid=110147) log_opt_values /opt/stack/data/venv/lib/python3.12/site-packages/oslo_config/cfg.py:3006}}
Apr 02 06:04:17.451677 np0000162720 nova-conductor[110140]: DEBUG nova.service [None req-8149c4da-6485-40e1-a5a0-dd041d2d7404 None None] Creating RPC server for service: nova-conductor on topic: conductor {{(pid=110140) start /opt/stack/nova/nova/service.py:195}}
Apr 02 06:04:17.451703 np0000162720 nova-conductor[110147]: DEBUG cotyledon.oslo_config_glue [-] vnc.server_listen = 127.0.0.1 {{(pid=110147) log_opt_values /opt/stack/data/venv/lib/python3.12/site-packages/oslo_config/cfg.py:3006}}
Apr 02 06:04:17.451703 np0000162720 nova-conductor[110147]: DEBUG cotyledon.oslo_config_glue [-] vnc.server_proxyclient_address = 127.0.0.1 {{(pid=110147) log_opt_values /opt/stack/data/venv/lib/python3.12/site-packages/oslo_config/cfg.py:3006}}
Apr 02 06:04:17.451703 np0000162720 nova-conductor[110147]: DEBUG cotyledon.oslo_config_glue [-] vnc.vencrypt_ca_certs = None {{(pid=110147) log_opt_values /opt/stack/data/venv/lib/python3.12/site-packages/oslo_config/cfg.py:3006}}
Apr 02 06:04:17.451703 np0000162720 nova-conductor[110147]: DEBUG cotyledon.oslo_config_glue [-] vnc.vencrypt_client_cert = None {{(pid=110147) log_opt_values /opt/stack/data/venv/lib/python3.12/site-packages/oslo_config/cfg.py:3006}}
Apr 02 06:04:17.451703 np0000162720 nova-conductor[110147]: DEBUG cotyledon.oslo_config_glue [-] vnc.vencrypt_client_key = None {{(pid=110147) log_opt_values /opt/stack/data/venv/lib/python3.12/site-packages/oslo_config/cfg.py:3006}}
Apr 02 06:04:17.451703 np0000162720 nova-conductor[110147]: DEBUG cotyledon.oslo_config_glue [-] workarounds.disable_compute_service_check_for_ffu = False {{(pid=110147) log_opt_values /opt/stack/data/venv/lib/python3.12/site-packages/oslo_config/cfg.py:3006}}
Apr 02 06:04:17.451703 np0000162720 nova-conductor[110147]: DEBUG cotyledon.oslo_config_glue [-] workarounds.disable_deep_image_inspection = False {{(pid=110147) log_opt_values /opt/stack/data/venv/lib/python3.12/site-packages/oslo_config/cfg.py:3006}}
Apr 02 06:04:17.451703 np0000162720 nova-conductor[110147]: DEBUG cotyledon.oslo_config_glue [-] workarounds.disable_fallback_pcpu_query = False {{(pid=110147) log_opt_values /opt/stack/data/venv/lib/python3.12/site-packages/oslo_config/cfg.py:3006}}
Apr 02 06:04:17.451703 np0000162720 nova-conductor[110147]: DEBUG cotyledon.oslo_config_glue [-] workarounds.disable_group_policy_check_upcall = False {{(pid=110147) log_opt_values /opt/stack/data/venv/lib/python3.12/site-packages/oslo_config/cfg.py:3006}}
Apr 02 06:04:17.451908 np0000162720 nova-conductor[110147]: DEBUG cotyledon.oslo_config_glue [-] workarounds.disable_libvirt_livesnapshot = False {{(pid=110147) log_opt_values /opt/stack/data/venv/lib/python3.12/site-packages/oslo_config/cfg.py:3006}}
Apr 02 06:04:17.451908 np0000162720 nova-conductor[110147]: DEBUG cotyledon.oslo_config_glue [-] workarounds.disable_rootwrap = False {{(pid=110147) log_opt_values /opt/stack/data/venv/lib/python3.12/site-packages/oslo_config/cfg.py:3006}}
Apr 02 06:04:17.451908 np0000162720 nova-conductor[110147]: DEBUG cotyledon.oslo_config_glue [-] workarounds.enable_numa_live_migration = False {{(pid=110147) log_opt_values /opt/stack/data/venv/lib/python3.12/site-packages/oslo_config/cfg.py:3006}}
Apr 02 06:04:17.451908 np0000162720 nova-conductor[110147]: DEBUG cotyledon.oslo_config_glue [-] workarounds.enable_qemu_monitor_announce_self = False {{(pid=110147) log_opt_values /opt/stack/data/venv/lib/python3.12/site-packages/oslo_config/cfg.py:3006}}
Apr 02 06:04:17.451908 np0000162720 nova-conductor[110147]: DEBUG cotyledon.oslo_config_glue [-] workarounds.ensure_libvirt_rbd_instance_dir_cleanup = False {{(pid=110147) log_opt_values /opt/stack/data/venv/lib/python3.12/site-packages/oslo_config/cfg.py:3006}}
Apr 02 06:04:17.451908 np0000162720 nova-conductor[110147]: DEBUG cotyledon.oslo_config_glue [-] workarounds.handle_virt_lifecycle_events = True {{(pid=110147) log_opt_values /opt/stack/data/venv/lib/python3.12/site-packages/oslo_config/cfg.py:3006}}
Apr 02 06:04:17.451908 np0000162720 nova-conductor[110147]: DEBUG cotyledon.oslo_config_glue [-] workarounds.libvirt_disable_apic = False {{(pid=110147) log_opt_values /opt/stack/data/venv/lib/python3.12/site-packages/oslo_config/cfg.py:3006}}
Apr 02 06:04:17.451908 np0000162720 nova-conductor[110147]: DEBUG cotyledon.oslo_config_glue [-] workarounds.never_download_image_if_on_rbd = False {{(pid=110147) log_opt_values /opt/stack/data/venv/lib/python3.12/site-packages/oslo_config/cfg.py:3006}}
Apr 02 06:04:17.451908 np0000162720 nova-conductor[110147]: DEBUG cotyledon.oslo_config_glue [-] workarounds.qemu_monitor_announce_self_count = 3 {{(pid=110147) log_opt_values /opt/stack/data/venv/lib/python3.12/site-packages/oslo_config/cfg.py:3006}}
Apr 02 06:04:17.452127 np0000162720 nova-conductor[110147]: DEBUG cotyledon.oslo_config_glue [-] workarounds.qemu_monitor_announce_self_interval = 1 {{(pid=110147) log_opt_values /opt/stack/data/venv/lib/python3.12/site-packages/oslo_config/cfg.py:3006}}
Apr 02 06:04:17.452127 np0000162720 nova-conductor[110147]: DEBUG cotyledon.oslo_config_glue [-] workarounds.reserve_disk_resource_for_image_cache = False {{(pid=110147) log_opt_values /opt/stack/data/venv/lib/python3.12/site-packages/oslo_config/cfg.py:3006}}
Apr 02 06:04:17.452127 np0000162720 nova-conductor[110147]: DEBUG cotyledon.oslo_config_glue [-] workarounds.skip_cpu_compare_at_startup = False {{(pid=110147) log_opt_values /opt/stack/data/venv/lib/python3.12/site-packages/oslo_config/cfg.py:3006}}
Apr 02 06:04:17.452127 np0000162720 nova-conductor[110147]: DEBUG cotyledon.oslo_config_glue [-] workarounds.skip_cpu_compare_on_dest = False {{(pid=110147) log_opt_values /opt/stack/data/venv/lib/python3.12/site-packages/oslo_config/cfg.py:3006}}
Apr 02 06:04:17.452127 np0000162720 nova-conductor[110147]: DEBUG cotyledon.oslo_config_glue [-] workarounds.skip_hypervisor_version_check_on_lm = False {{(pid=110147) log_opt_values /opt/stack/data/venv/lib/python3.12/site-packages/oslo_config/cfg.py:3006}}
Apr 02 06:04:17.452127 np0000162720 nova-conductor[110147]: DEBUG cotyledon.oslo_config_glue [-] workarounds.skip_reserve_in_use_ironic_nodes = False {{(pid=110147) log_opt_values /opt/stack/data/venv/lib/python3.12/site-packages/oslo_config/cfg.py:3006}}
Apr 02 06:04:17.452127 np0000162720 nova-conductor[110147]: DEBUG cotyledon.oslo_config_glue [-] workarounds.unified_limits_count_pcpu_as_vcpu = False {{(pid=110147) log_opt_values /opt/stack/data/venv/lib/python3.12/site-packages/oslo_config/cfg.py:3006}}
Apr 02 06:04:17.452127 np0000162720 nova-conductor[110147]: DEBUG cotyledon.oslo_config_glue [-] workarounds.wait_for_vif_plugged_event_during_hard_reboot = [] {{(pid=110147) log_opt_values /opt/stack/data/venv/lib/python3.12/site-packages/oslo_config/cfg.py:3006}}
Apr 02 06:04:17.452307 np0000162720 nova-conductor[110147]: DEBUG cotyledon.oslo_config_glue [-] wsgi.api_paste_config = /etc/nova/api-paste.ini {{(pid=110147) log_opt_values /opt/stack/data/venv/lib/python3.12/site-packages/oslo_config/cfg.py:3006}}
Apr 02 06:04:17.452307 np0000162720 nova-conductor[110147]: DEBUG cotyledon.oslo_config_glue [-] wsgi.secure_proxy_ssl_header = None {{(pid=110147) log_opt_values /opt/stack/data/venv/lib/python3.12/site-packages/oslo_config/cfg.py:3006}}
Apr 02 06:04:17.452307 np0000162720 nova-conductor[110147]: DEBUG cotyledon.oslo_config_glue [-] zvm.ca_file = None {{(pid=110147) log_opt_values /opt/stack/data/venv/lib/python3.12/site-packages/oslo_config/cfg.py:3006}}
Apr 02 06:04:17.452307 np0000162720 nova-conductor[110147]: DEBUG cotyledon.oslo_config_glue [-] zvm.cloud_connector_url = None {{(pid=110147) log_opt_values /opt/stack/data/venv/lib/python3.12/site-packages/oslo_config/cfg.py:3006}}
Apr 02 06:04:17.452307 np0000162720 nova-conductor[110147]: DEBUG cotyledon.oslo_config_glue [-] zvm.image_tmp_path = /opt/stack/data/nova/images {{(pid=110147) log_opt_values /opt/stack/data/venv/lib/python3.12/site-packages/oslo_config/cfg.py:3006}}
Apr 02 06:04:17.452307 np0000162720 nova-conductor[110147]: DEBUG cotyledon.oslo_config_glue [-] zvm.reachable_timeout = 300 {{(pid=110147) log_opt_values /opt/stack/data/venv/lib/python3.12/site-packages/oslo_config/cfg.py:3006}}
Apr 02 06:04:17.452307 np0000162720 nova-conductor[110147]: DEBUG cotyledon.oslo_config_glue [-] oslo_versionedobjects.fatal_exception_format_errors = False {{(pid=110147) log_opt_values /opt/stack/data/venv/lib/python3.12/site-packages/oslo_config/cfg.py:3006}}
Apr 02 06:04:17.452307 np0000162720 nova-conductor[110147]: DEBUG cotyledon.oslo_config_glue [-] oslo_middleware.http_basic_auth_user_file = /etc/htpasswd {{(pid=110147) log_opt_values /opt/stack/data/venv/lib/python3.12/site-packages/oslo_config/cfg.py:3006}}
Apr 02 06:04:17.452307 np0000162720 nova-conductor[110147]: DEBUG cotyledon.oslo_config_glue [-] profiler.connection_string = messaging:// {{(pid=110147) log_opt_values /opt/stack/data/venv/lib/python3.12/site-packages/oslo_config/cfg.py:3006}}
Apr 02 06:04:17.452501 np0000162720 nova-conductor[110147]: DEBUG cotyledon.oslo_config_glue [-] profiler.enabled = False {{(pid=110147) log_opt_values /opt/stack/data/venv/lib/python3.12/site-packages/oslo_config/cfg.py:3006}}
Apr 02 06:04:17.452501 np0000162720 nova-conductor[110147]: DEBUG cotyledon.oslo_config_glue [-] profiler.es_doc_type = notification {{(pid=110147) log_opt_values /opt/stack/data/venv/lib/python3.12/site-packages/oslo_config/cfg.py:3006}}
Apr 02 06:04:17.452501 np0000162720 nova-conductor[110147]: DEBUG cotyledon.oslo_config_glue [-] profiler.es_scroll_size = 10000 {{(pid=110147) log_opt_values /opt/stack/data/venv/lib/python3.12/site-packages/oslo_config/cfg.py:3006}}
Apr 02 06:04:17.452501 np0000162720 nova-conductor[110147]: DEBUG cotyledon.oslo_config_glue [-] profiler.es_scroll_time = 2m {{(pid=110147) log_opt_values /opt/stack/data/venv/lib/python3.12/site-packages/oslo_config/cfg.py:3006}}
Apr 02 06:04:17.452501 np0000162720 nova-conductor[110147]: DEBUG cotyledon.oslo_config_glue [-] profiler.filter_error_trace = False {{(pid=110147) log_opt_values /opt/stack/data/venv/lib/python3.12/site-packages/oslo_config/cfg.py:3006}}
Apr 02 06:04:17.452501 np0000162720 nova-conductor[110147]: DEBUG cotyledon.oslo_config_glue [-] profiler.hmac_keys = **** {{(pid=110147) log_opt_values /opt/stack/data/venv/lib/python3.12/site-packages/oslo_config/cfg.py:3006}}
Apr 02 06:04:17.452501 np0000162720 nova-conductor[110147]: DEBUG cotyledon.oslo_config_glue [-] profiler.sentinel_service_name = mymaster {{(pid=110147) log_opt_values /opt/stack/data/venv/lib/python3.12/site-packages/oslo_config/cfg.py:3006}}
Apr 02 06:04:17.452501 np0000162720 nova-conductor[110147]: DEBUG cotyledon.oslo_config_glue [-] profiler.socket_timeout = 0.1 {{(pid=110147) log_opt_values /opt/stack/data/venv/lib/python3.12/site-packages/oslo_config/cfg.py:3006}}
Apr 02 06:04:17.452501 np0000162720 nova-conductor[110147]: DEBUG cotyledon.oslo_config_glue [-] profiler.trace_requests = False {{(pid=110147) log_opt_values /opt/stack/data/venv/lib/python3.12/site-packages/oslo_config/cfg.py:3006}}
Apr 02 06:04:17.452702 np0000162720 nova-conductor[110147]: DEBUG cotyledon.oslo_config_glue [-] profiler.trace_sqlalchemy = False {{(pid=110147) log_opt_values /opt/stack/data/venv/lib/python3.12/site-packages/oslo_config/cfg.py:3006}}
Apr 02 06:04:17.452702 np0000162720 nova-conductor[110147]: DEBUG cotyledon.oslo_config_glue [-] profiler_jaeger.process_tags = {} {{(pid=110147) log_opt_values /opt/stack/data/venv/lib/python3.12/site-packages/oslo_config/cfg.py:3006}}
Apr 02 06:04:17.452702 np0000162720 nova-conductor[110147]: DEBUG cotyledon.oslo_config_glue [-] profiler_jaeger.service_name_prefix = None {{(pid=110147) log_opt_values /opt/stack/data/venv/lib/python3.12/site-packages/oslo_config/cfg.py:3006}}
Apr 02 06:04:17.452702 np0000162720 nova-conductor[110147]: DEBUG cotyledon.oslo_config_glue [-] profiler_otlp.service_name_prefix = None {{(pid=110147) log_opt_values /opt/stack/data/venv/lib/python3.12/site-packages/oslo_config/cfg.py:3006}}
Apr 02 06:04:17.452702 np0000162720 nova-conductor[110147]: DEBUG cotyledon.oslo_config_glue [-] oslo_messaging_rabbit.amqp_auto_delete = False {{(pid=110147) log_opt_values /opt/stack/data/venv/lib/python3.12/site-packages/oslo_config/cfg.py:3006}}
Apr 02 06:04:17.452702 np0000162720 nova-conductor[110147]: DEBUG cotyledon.oslo_config_glue [-] oslo_messaging_rabbit.amqp_durable_queues = False {{(pid=110147) log_opt_values /opt/stack/data/venv/lib/python3.12/site-packages/oslo_config/cfg.py:3006}}
Apr 02 06:04:17.452702 np0000162720 nova-conductor[110147]: DEBUG cotyledon.oslo_config_glue [-] oslo_messaging_rabbit.conn_pool_min_size = 2 {{(pid=110147) log_opt_values /opt/stack/data/venv/lib/python3.12/site-packages/oslo_config/cfg.py:3006}}
Apr 02 06:04:17.452702 np0000162720 nova-conductor[110147]: DEBUG cotyledon.oslo_config_glue [-] oslo_messaging_rabbit.conn_pool_ttl = 1200 {{(pid=110147) log_opt_values /opt/stack/data/venv/lib/python3.12/site-packages/oslo_config/cfg.py:3006}}
Apr 02 06:04:17.452702 np0000162720 nova-conductor[110147]: DEBUG cotyledon.oslo_config_glue [-] oslo_messaging_rabbit.direct_mandatory_flag = True {{(pid=110147) log_opt_values /opt/stack/data/venv/lib/python3.12/site-packages/oslo_config/cfg.py:3006}}
Apr 02 06:04:17.452897 np0000162720 nova-conductor[110147]: DEBUG cotyledon.oslo_config_glue [-] oslo_messaging_rabbit.enable_cancel_on_failover = False {{(pid=110147) log_opt_values /opt/stack/data/venv/lib/python3.12/site-packages/oslo_config/cfg.py:3006}}
Apr 02 06:04:17.452897 np0000162720 nova-conductor[110147]: DEBUG cotyledon.oslo_config_glue [-] oslo_messaging_rabbit.heartbeat_in_pthread = False {{(pid=110147) log_opt_values /opt/stack/data/venv/lib/python3.12/site-packages/oslo_config/cfg.py:3006}}
Apr 02 06:04:17.452897 np0000162720 nova-conductor[110147]: DEBUG cotyledon.oslo_config_glue [-] oslo_messaging_rabbit.heartbeat_rate = 3 {{(pid=110147) log_opt_values /opt/stack/data/venv/lib/python3.12/site-packages/oslo_config/cfg.py:3006}}
Apr 02 06:04:17.452897 np0000162720 nova-conductor[110147]: DEBUG cotyledon.oslo_config_glue [-] oslo_messaging_rabbit.heartbeat_timeout_threshold = 60 {{(pid=110147) log_opt_values /opt/stack/data/venv/lib/python3.12/site-packages/oslo_config/cfg.py:3006}}
Apr 02 06:04:17.452897 np0000162720 nova-conductor[110147]: DEBUG cotyledon.oslo_config_glue [-] oslo_messaging_rabbit.hostname = np0000162720 {{(pid=110147) log_opt_values /opt/stack/data/venv/lib/python3.12/site-packages/oslo_config/cfg.py:3006}}
Apr 02 06:04:17.452897 np0000162720 nova-conductor[110147]: DEBUG cotyledon.oslo_config_glue [-] oslo_messaging_rabbit.kombu_compression = None {{(pid=110147) log_opt_values /opt/stack/data/venv/lib/python3.12/site-packages/oslo_config/cfg.py:3006}}
Apr 02 06:04:17.452897 np0000162720 nova-conductor[110147]: DEBUG cotyledon.oslo_config_glue [-] oslo_messaging_rabbit.kombu_failover_strategy = round-robin {{(pid=110147) log_opt_values /opt/stack/data/venv/lib/python3.12/site-packages/oslo_config/cfg.py:3006}}
Apr 02 06:04:17.452897 np0000162720 nova-conductor[110147]: DEBUG cotyledon.oslo_config_glue [-] oslo_messaging_rabbit.kombu_missing_consumer_retry_timeout = 60 {{(pid=110147) log_opt_values /opt/stack/data/venv/lib/python3.12/site-packages/oslo_config/cfg.py:3006}}
Apr 02 06:04:17.453097 np0000162720 nova-conductor[110147]: DEBUG cotyledon.oslo_config_glue [-] oslo_messaging_rabbit.kombu_reconnect_delay = 1.0 {{(pid=110147) log_opt_values /opt/stack/data/venv/lib/python3.12/site-packages/oslo_config/cfg.py:3006}}
Apr 02 06:04:17.453097 np0000162720 nova-conductor[110147]: DEBUG cotyledon.oslo_config_glue [-] oslo_messaging_rabbit.kombu_reconnect_splay = 0.0 {{(pid=110147) log_opt_values /opt/stack/data/venv/lib/python3.12/site-packages/oslo_config/cfg.py:3006}}
Apr 02 06:04:17.453097 np0000162720 nova-conductor[110147]: DEBUG cotyledon.oslo_config_glue [-] oslo_messaging_rabbit.processname = nova-conductor {{(pid=110147) log_opt_values /opt/stack/data/venv/lib/python3.12/site-packages/oslo_config/cfg.py:3006}}
Apr 02 06:04:17.453097 np0000162720 nova-conductor[110147]: DEBUG cotyledon.oslo_config_glue [-] oslo_messaging_rabbit.rabbit_ha_queues = False {{(pid=110147) log_opt_values /opt/stack/data/venv/lib/python3.12/site-packages/oslo_config/cfg.py:3006}}
Apr 02 06:04:17.453097 np0000162720 nova-conductor[110147]: DEBUG cotyledon.oslo_config_glue [-] oslo_messaging_rabbit.rabbit_interval_max = 30 {{(pid=110147) log_opt_values /opt/stack/data/venv/lib/python3.12/site-packages/oslo_config/cfg.py:3006}}
Apr 02 06:04:17.453097 np0000162720 nova-conductor[110147]: DEBUG cotyledon.oslo_config_glue [-] oslo_messaging_rabbit.rabbit_login_method = AMQPLAIN {{(pid=110147) log_opt_values /opt/stack/data/venv/lib/python3.12/site-packages/oslo_config/cfg.py:3006}}
Apr 02 06:04:17.453097 np0000162720 nova-conductor[110147]: DEBUG cotyledon.oslo_config_glue [-] oslo_messaging_rabbit.rabbit_qos_prefetch_count = 0 {{(pid=110147) log_opt_values /opt/stack/data/venv/lib/python3.12/site-packages/oslo_config/cfg.py:3006}}
Apr 02 06:04:17.453097 np0000162720 nova-conductor[110147]: DEBUG cotyledon.oslo_config_glue [-] oslo_messaging_rabbit.rabbit_quorum_delivery_limit = 0 {{(pid=110147) log_opt_values /opt/stack/data/venv/lib/python3.12/site-packages/oslo_config/cfg.py:3006}}
Apr 02 06:04:17.453097 np0000162720 nova-conductor[110147]: DEBUG cotyledon.oslo_config_glue [-] oslo_messaging_rabbit.rabbit_quorum_max_memory_bytes = 0 {{(pid=110147) log_opt_values /opt/stack/data/venv/lib/python3.12/site-packages/oslo_config/cfg.py:3006}}
Apr 02 06:04:17.453303 np0000162720 nova-conductor[110147]: DEBUG cotyledon.oslo_config_glue [-] oslo_messaging_rabbit.rabbit_quorum_max_memory_length = 0 {{(pid=110147) log_opt_values /opt/stack/data/venv/lib/python3.12/site-packages/oslo_config/cfg.py:3006}}
Apr 02 06:04:17.453303 np0000162720 nova-conductor[110147]: DEBUG cotyledon.oslo_config_glue [-] oslo_messaging_rabbit.rabbit_quorum_queue = False {{(pid=110147) log_opt_values /opt/stack/data/venv/lib/python3.12/site-packages/oslo_config/cfg.py:3006}}
Apr 02 06:04:17.453303 np0000162720 nova-conductor[110147]: DEBUG cotyledon.oslo_config_glue [-] oslo_messaging_rabbit.rabbit_retry_backoff = 2 {{(pid=110147) log_opt_values /opt/stack/data/venv/lib/python3.12/site-packages/oslo_config/cfg.py:3006}}
Apr 02 06:04:17.453303 np0000162720 nova-conductor[110147]: DEBUG cotyledon.oslo_config_glue [-] oslo_messaging_rabbit.rabbit_retry_interval = 1 {{(pid=110147) log_opt_values /opt/stack/data/venv/lib/python3.12/site-packages/oslo_config/cfg.py:3006}}
Apr 02 06:04:17.453303 np0000162720 nova-conductor[110147]: DEBUG cotyledon.oslo_config_glue [-] oslo_messaging_rabbit.rabbit_stream_fanout = False {{(pid=110147) log_opt_values /opt/stack/data/venv/lib/python3.12/site-packages/oslo_config/cfg.py:3006}}
Apr 02 06:04:17.453303 np0000162720 nova-conductor[110147]: DEBUG cotyledon.oslo_config_glue [-] oslo_messaging_rabbit.rabbit_transient_queues_ttl = 1800 {{(pid=110147) log_opt_values /opt/stack/data/venv/lib/python3.12/site-packages/oslo_config/cfg.py:3006}}
Apr 02 06:04:17.453303 np0000162720 nova-conductor[110147]: DEBUG cotyledon.oslo_config_glue [-] oslo_messaging_rabbit.rabbit_transient_quorum_queue = False {{(pid=110147) log_opt_values /opt/stack/data/venv/lib/python3.12/site-packages/oslo_config/cfg.py:3006}}
Apr 02 06:04:17.453303 np0000162720 nova-conductor[110147]: DEBUG cotyledon.oslo_config_glue [-] oslo_messaging_rabbit.rpc_conn_pool_size = 30 {{(pid=110147) log_opt_values /opt/stack/data/venv/lib/python3.12/site-packages/oslo_config/cfg.py:3006}}
Apr 02 06:04:17.453303 np0000162720 nova-conductor[110147]: DEBUG cotyledon.oslo_config_glue [-] oslo_messaging_rabbit.ssl = False {{(pid=110147) log_opt_values /opt/stack/data/venv/lib/python3.12/site-packages/oslo_config/cfg.py:3006}}
Apr 02 06:04:17.453503 np0000162720 nova-conductor[110147]: DEBUG cotyledon.oslo_config_glue [-] oslo_messaging_rabbit.ssl_ca_file = {{(pid=110147) log_opt_values /opt/stack/data/venv/lib/python3.12/site-packages/oslo_config/cfg.py:3006}}
Apr 02 06:04:17.453503 np0000162720 nova-conductor[110147]: DEBUG cotyledon.oslo_config_glue [-] oslo_messaging_rabbit.ssl_cert_file = {{(pid=110147) log_opt_values /opt/stack/data/venv/lib/python3.12/site-packages/oslo_config/cfg.py:3006}}
Apr 02 06:04:17.453503 np0000162720 nova-conductor[110147]: DEBUG cotyledon.oslo_config_glue [-] oslo_messaging_rabbit.ssl_enforce_fips_mode = False {{(pid=110147) log_opt_values /opt/stack/data/venv/lib/python3.12/site-packages/oslo_config/cfg.py:3006}}
Apr 02 06:04:17.453503 np0000162720 nova-conductor[110147]: DEBUG cotyledon.oslo_config_glue [-] oslo_messaging_rabbit.ssl_key_file = {{(pid=110147) log_opt_values /opt/stack/data/venv/lib/python3.12/site-packages/oslo_config/cfg.py:3006}}
Apr 02 06:04:17.453503 np0000162720 nova-conductor[110147]: DEBUG cotyledon.oslo_config_glue [-] oslo_messaging_rabbit.ssl_version = {{(pid=110147) log_opt_values /opt/stack/data/venv/lib/python3.12/site-packages/oslo_config/cfg.py:3006}}
Apr 02 06:04:17.453503 np0000162720 nova-conductor[110147]: DEBUG cotyledon.oslo_config_glue [-] oslo_messaging_rabbit.use_queue_manager = False {{(pid=110147) log_opt_values /opt/stack/data/venv/lib/python3.12/site-packages/oslo_config/cfg.py:3006}}
Apr 02 06:04:17.453503 np0000162720 nova-conductor[110147]: DEBUG cotyledon.oslo_config_glue [-] oslo_messaging_notifications.driver = ['messagingv2'] {{(pid=110147) log_opt_values /opt/stack/data/venv/lib/python3.12/site-packages/oslo_config/cfg.py:3006}}
Apr 02 06:04:17.453503 np0000162720 nova-conductor[110147]: DEBUG cotyledon.oslo_config_glue [-] oslo_messaging_notifications.retry = -1 {{(pid=110147) log_opt_values /opt/stack/data/venv/lib/python3.12/site-packages/oslo_config/cfg.py:3006}}
Apr 02 06:04:17.453503 np0000162720 nova-conductor[110147]: DEBUG cotyledon.oslo_config_glue [-] oslo_messaging_notifications.topics = ['notifications'] {{(pid=110147) log_opt_values /opt/stack/data/venv/lib/python3.12/site-packages/oslo_config/cfg.py:3006}}
Apr 02 06:04:17.453698 np0000162720 nova-conductor[110147]: DEBUG cotyledon.oslo_config_glue [-] oslo_messaging_notifications.transport_url = **** {{(pid=110147) log_opt_values /opt/stack/data/venv/lib/python3.12/site-packages/oslo_config/cfg.py:3006}}
Apr 02 06:04:17.453698 np0000162720 nova-conductor[110147]: DEBUG cotyledon.oslo_config_glue [-] oslo_limit.auth_section = None {{(pid=110147) log_opt_values /opt/stack/data/venv/lib/python3.12/site-packages/oslo_config/cfg.py:3006}}
Apr 02 06:04:17.453698 np0000162720 nova-conductor[110147]: DEBUG cotyledon.oslo_config_glue [-] oslo_limit.auth_type = None {{(pid=110147) log_opt_values /opt/stack/data/venv/lib/python3.12/site-packages/oslo_config/cfg.py:3006}}
Apr 02 06:04:17.453698 np0000162720 nova-conductor[110147]: DEBUG cotyledon.oslo_config_glue [-] oslo_limit.cafile = None {{(pid=110147) log_opt_values /opt/stack/data/venv/lib/python3.12/site-packages/oslo_config/cfg.py:3006}}
Apr 02 06:04:17.453698 np0000162720 nova-conductor[110147]: DEBUG cotyledon.oslo_config_glue [-] oslo_limit.certfile = None {{(pid=110147) log_opt_values /opt/stack/data/venv/lib/python3.12/site-packages/oslo_config/cfg.py:3006}}
Apr 02 06:04:17.453698 np0000162720 nova-conductor[110147]: DEBUG cotyledon.oslo_config_glue [-] oslo_limit.collect_timing = False {{(pid=110147) log_opt_values /opt/stack/data/venv/lib/python3.12/site-packages/oslo_config/cfg.py:3006}}
Apr 02 06:04:17.453698 np0000162720 nova-conductor[110147]: DEBUG cotyledon.oslo_config_glue [-] oslo_limit.connect_retries = None {{(pid=110147) log_opt_values /opt/stack/data/venv/lib/python3.12/site-packages/oslo_config/cfg.py:3006}}
Apr 02 06:04:17.453698 np0000162720 nova-conductor[110147]: DEBUG cotyledon.oslo_config_glue [-] oslo_limit.connect_retry_delay = None {{(pid=110147) log_opt_values /opt/stack/data/venv/lib/python3.12/site-packages/oslo_config/cfg.py:3006}}
Apr 02 06:04:17.453698 np0000162720 nova-conductor[110147]: DEBUG cotyledon.oslo_config_glue [-] oslo_limit.endpoint_id = None {{(pid=110147) log_opt_values /opt/stack/data/venv/lib/python3.12/site-packages/oslo_config/cfg.py:3006}}
Apr 02 06:04:17.453888 np0000162720 nova-conductor[110147]: DEBUG cotyledon.oslo_config_glue [-] oslo_limit.endpoint_interface = public {{(pid=110147) log_opt_values /opt/stack/data/venv/lib/python3.12/site-packages/oslo_config/cfg.py:3006}}
Apr 02 06:04:17.453888 np0000162720 nova-conductor[110147]: DEBUG cotyledon.oslo_config_glue [-] oslo_limit.endpoint_override = None {{(pid=110147) log_opt_values /opt/stack/data/venv/lib/python3.12/site-packages/oslo_config/cfg.py:3006}}
Apr 02 06:04:17.453888 np0000162720 nova-conductor[110147]: DEBUG cotyledon.oslo_config_glue [-] oslo_limit.endpoint_region_name = None {{(pid=110147) log_opt_values /opt/stack/data/venv/lib/python3.12/site-packages/oslo_config/cfg.py:3006}}
Apr 02 06:04:17.453888 np0000162720 nova-conductor[110147]: DEBUG cotyledon.oslo_config_glue [-] oslo_limit.endpoint_service_name = None {{(pid=110147) log_opt_values /opt/stack/data/venv/lib/python3.12/site-packages/oslo_config/cfg.py:3006}}
Apr 02 06:04:17.453888 np0000162720 nova-conductor[110147]: DEBUG cotyledon.oslo_config_glue [-] oslo_limit.endpoint_service_type = None {{(pid=110147) log_opt_values /opt/stack/data/venv/lib/python3.12/site-packages/oslo_config/cfg.py:3006}}
Apr 02 06:04:17.453888 np0000162720 nova-conductor[110147]: DEBUG cotyledon.oslo_config_glue [-] oslo_limit.insecure = False {{(pid=110147) log_opt_values /opt/stack/data/venv/lib/python3.12/site-packages/oslo_config/cfg.py:3006}}
Apr 02 06:04:17.453888 np0000162720 nova-conductor[110147]: DEBUG cotyledon.oslo_config_glue [-] oslo_limit.keyfile = None {{(pid=110147) log_opt_values /opt/stack/data/venv/lib/python3.12/site-packages/oslo_config/cfg.py:3006}}
Apr 02 06:04:17.453888 np0000162720 nova-conductor[110147]: DEBUG cotyledon.oslo_config_glue [-] oslo_limit.max_version = None {{(pid=110147) log_opt_values /opt/stack/data/venv/lib/python3.12/site-packages/oslo_config/cfg.py:3006}}
Apr 02 06:04:17.453888 np0000162720 nova-conductor[110147]: DEBUG cotyledon.oslo_config_glue [-] oslo_limit.min_version = None {{(pid=110147) log_opt_values /opt/stack/data/venv/lib/python3.12/site-packages/oslo_config/cfg.py:3006}}
Apr 02 06:04:17.454096 np0000162720 nova-conductor[110147]: DEBUG cotyledon.oslo_config_glue [-] oslo_limit.region_name = None {{(pid=110147) log_opt_values /opt/stack/data/venv/lib/python3.12/site-packages/oslo_config/cfg.py:3006}}
Apr 02 06:04:17.454096 np0000162720 nova-conductor[110147]: DEBUG cotyledon.oslo_config_glue [-] oslo_limit.retriable_status_codes = None {{(pid=110147) log_opt_values /opt/stack/data/venv/lib/python3.12/site-packages/oslo_config/cfg.py:3006}}
Apr 02 06:04:17.454096 np0000162720 nova-conductor[110147]: DEBUG cotyledon.oslo_config_glue [-] oslo_limit.service_name = None {{(pid=110147) log_opt_values /opt/stack/data/venv/lib/python3.12/site-packages/oslo_config/cfg.py:3006}}
Apr 02 06:04:17.454096 np0000162720 nova-conductor[110147]: DEBUG cotyledon.oslo_config_glue [-] oslo_limit.service_type = None {{(pid=110147) log_opt_values /opt/stack/data/venv/lib/python3.12/site-packages/oslo_config/cfg.py:3006}}
Apr 02 06:04:17.454096 np0000162720 nova-conductor[110147]: DEBUG cotyledon.oslo_config_glue [-] oslo_limit.split_loggers = False {{(pid=110147) log_opt_values /opt/stack/data/venv/lib/python3.12/site-packages/oslo_config/cfg.py:3006}}
Apr 02 06:04:17.454096 np0000162720 nova-conductor[110147]: DEBUG cotyledon.oslo_config_glue [-] oslo_limit.status_code_retries = None {{(pid=110147) log_opt_values /opt/stack/data/venv/lib/python3.12/site-packages/oslo_config/cfg.py:3006}}
Apr 02 06:04:17.454096 np0000162720 nova-conductor[110147]: DEBUG cotyledon.oslo_config_glue [-] oslo_limit.status_code_retry_delay = None {{(pid=110147) log_opt_values /opt/stack/data/venv/lib/python3.12/site-packages/oslo_config/cfg.py:3006}}
Apr 02 06:04:17.454096 np0000162720 nova-conductor[110147]: DEBUG cotyledon.oslo_config_glue [-] oslo_limit.timeout = None {{(pid=110147) log_opt_values /opt/stack/data/venv/lib/python3.12/site-packages/oslo_config/cfg.py:3006}}
Apr 02 06:04:17.454096 np0000162720 nova-conductor[110147]: DEBUG cotyledon.oslo_config_glue [-] oslo_limit.valid_interfaces = None {{(pid=110147) log_opt_values /opt/stack/data/venv/lib/python3.12/site-packages/oslo_config/cfg.py:3006}}
Apr 02 06:04:17.454300 np0000162720 nova-conductor[110147]: DEBUG cotyledon.oslo_config_glue [-] oslo_limit.version = None {{(pid=110147) log_opt_values /opt/stack/data/venv/lib/python3.12/site-packages/oslo_config/cfg.py:3006}}
Apr 02 06:04:17.454300 np0000162720 nova-conductor[110147]: DEBUG cotyledon.oslo_config_glue [-] oslo_reports.file_event_handler = None {{(pid=110147) log_opt_values /opt/stack/data/venv/lib/python3.12/site-packages/oslo_config/cfg.py:3006}}
Apr 02 06:04:17.454300 np0000162720 nova-conductor[110147]: DEBUG cotyledon.oslo_config_glue [-] oslo_reports.file_event_handler_interval = 1 {{(pid=110147) log_opt_values /opt/stack/data/venv/lib/python3.12/site-packages/oslo_config/cfg.py:3006}}
Apr 02 06:04:17.454300 np0000162720 nova-conductor[110147]: DEBUG cotyledon.oslo_config_glue [-] oslo_reports.log_dir = None {{(pid=110147) log_opt_values /opt/stack/data/venv/lib/python3.12/site-packages/oslo_config/cfg.py:3006}}
Apr 02 06:04:17.454300 np0000162720 nova-conductor[110147]: DEBUG cotyledon.oslo_config_glue [-] ******************************************************************************** {{(pid=110147) log_opt_values /opt/stack/data/venv/lib/python3.12/site-packages/oslo_config/cfg.py:3013}}
Apr 02 06:04:17.454300 np0000162720 nova-conductor[110147]: DEBUG cotyledon._service_worker [-] Run service ServiceWrapper(3) [110147] {{(pid=110147) wait_forever /opt/stack/data/venv/lib/python3.12/site-packages/cotyledon/_service_worker.py:218}}
Apr 02 06:04:17.454300 np0000162720 nova-conductor[110147]: INFO nova.service [-] Starting conductor node (version 33.1.0)
Apr 02 06:04:17.454454 np0000162720 nova-conductor[110123]: DEBUG nova.service [None req-a5cf7e40-d141-45a9-acfc-aa98c374f8cb None None] Join ServiceGroup membership for this service conductor {{(pid=110123) start /opt/stack/nova/nova/service.py:221}}
Apr 02 06:04:17.454454 np0000162720 nova-conductor[110123]: DEBUG nova.servicegroup.drivers.db [None req-a5cf7e40-d141-45a9-acfc-aa98c374f8cb None None] DB_Driver: join new ServiceGroup member np0000162720 to the conductor group, service = {{(pid=110123) join /opt/stack/nova/nova/servicegroup/drivers/db.py:44}}
Apr 02 06:04:17.456742 np0000162720 nova-conductor[110147]: INFO dbcounter [None req-34b2c6cc-39fa-4f56-b943-0a6410b9fd18 None None] Registered counter for database nova_cell0
Apr 02 06:04:17.456896 np0000162720 nova-conductor[110134]: DEBUG nova.service [None req-2a5f55bf-c0e9-40b0-933e-ab79334fc929 None None] Join ServiceGroup membership for this service conductor {{(pid=110134) start /opt/stack/nova/nova/service.py:221}}
Apr 02 06:04:17.457511 np0000162720 nova-conductor[110134]: DEBUG nova.servicegroup.drivers.db [None req-2a5f55bf-c0e9-40b0-933e-ab79334fc929 None None] DB_Driver: join new ServiceGroup member np0000162720 to the conductor group, service = {{(pid=110134) join /opt/stack/nova/nova/servicegroup/drivers/db.py:44}}
Apr 02 06:04:17.458711 np0000162720 nova-conductor[110140]: DEBUG nova.service [None req-8149c4da-6485-40e1-a5a0-dd041d2d7404 None None] Join ServiceGroup membership for this service conductor {{(pid=110140) start /opt/stack/nova/nova/service.py:221}}
Apr 02 06:04:17.458925 np0000162720 nova-conductor[110140]: DEBUG nova.servicegroup.drivers.db [None req-8149c4da-6485-40e1-a5a0-dd041d2d7404 None None] DB_Driver: join new ServiceGroup member np0000162720 to the conductor group, service = {{(pid=110140) join /opt/stack/nova/nova/servicegroup/drivers/db.py:44}}
Apr 02 06:04:17.466196 np0000162720 nova-conductor[110147]: DEBUG oslo_db.sqlalchemy.engines [None req-34b2c6cc-39fa-4f56-b943-0a6410b9fd18 None None] MySQL server mode set to STRICT_TRANS_TABLES,STRICT_ALL_TABLES,NO_ZERO_IN_DATE,NO_ZERO_DATE,ERROR_FOR_DIVISION_BY_ZERO,TRADITIONAL,NO_ENGINE_SUBSTITUTION {{(pid=110147) _check_effective_sql_mode /opt/stack/data/venv/lib/python3.12/site-packages/oslo_db/sqlalchemy/engines.py:325}}
Apr 02 06:04:17.476292 np0000162720 nova-conductor[110147]: DEBUG dbcounter [-] [110147] Writer thread running {{(pid=110147) stat_writer /opt/stack/data/venv/lib/python3.12/site-packages/dbcounter.py:102}}
Apr 02 06:04:17.479287 np0000162720 nova-conductor[110147]: DEBUG nova.service [None req-34b2c6cc-39fa-4f56-b943-0a6410b9fd18 None None] Creating RPC server for service: nova-conductor on topic: conductor {{(pid=110147) start /opt/stack/nova/nova/service.py:195}}
Apr 02 06:04:17.496620 np0000162720 nova-conductor[110147]: DEBUG nova.service [None req-34b2c6cc-39fa-4f56-b943-0a6410b9fd18 None None] Join ServiceGroup membership for this service conductor {{(pid=110147) start /opt/stack/nova/nova/service.py:221}}
Apr 02 06:04:17.496857 np0000162720 nova-conductor[110147]: DEBUG nova.servicegroup.drivers.db [None req-34b2c6cc-39fa-4f56-b943-0a6410b9fd18 None None] DB_Driver: join new ServiceGroup member np0000162720 to the conductor group, service = {{(pid=110147) join /opt/stack/nova/nova/servicegroup/drivers/db.py:44}}
Apr 02 06:04:22.475570 np0000162720 nova-conductor[110123]: DEBUG oslo.service.backend._threading.loopingcall [-] Fixed interval looping call 'nova.servicegroup.drivers.db.DbDriver._report_state' sleeping for 119.98 seconds {{(pid=110123) _run_loop /opt/stack/data/venv/lib/python3.12/site-packages/oslo_service/backend/_threading/loopingcall.py:125}}
Apr 02 06:04:22.476269 np0000162720 nova-conductor[110134]: DEBUG oslo.service.backend._threading.loopingcall [-] Fixed interval looping call 'nova.servicegroup.drivers.db.DbDriver._report_state' sleeping for 119.98 seconds {{(pid=110134) _run_loop /opt/stack/data/venv/lib/python3.12/site-packages/oslo_service/backend/_threading/loopingcall.py:125}}
Apr 02 06:04:22.477609 np0000162720 nova-conductor[110140]: DEBUG oslo.service.backend._threading.loopingcall [-] Fixed interval looping call 'nova.servicegroup.drivers.db.DbDriver._report_state' sleeping for 119.98 seconds {{(pid=110140) _run_loop /opt/stack/data/venv/lib/python3.12/site-packages/oslo_service/backend/_threading/loopingcall.py:125}}
Apr 02 06:04:22.510476 np0000162720 nova-conductor[110147]: DEBUG oslo.service.backend._threading.loopingcall [-] Fixed interval looping call 'nova.servicegroup.drivers.db.DbDriver._report_state' sleeping for 119.99 seconds {{(pid=110147) _run_loop /opt/stack/data/venv/lib/python3.12/site-packages/oslo_service/backend/_threading/loopingcall.py:125}}
Apr 02 06:04:26.076643 np0000162720 nova-conductor[109367]: DEBUG dbcounter [-] [109367] Writing DB stats nova_api:SELECT=1 {{(pid=109367) stat_writer /opt/stack/data/venv/lib/python3.12/site-packages/dbcounter.py:115}}
Apr 02 06:04:26.181419 np0000162720 nova-conductor[109367]: DEBUG dbcounter [-] [109367] Writing DB stats nova_cell0:SELECT=1 {{(pid=109367) stat_writer /opt/stack/data/venv/lib/python3.12/site-packages/dbcounter.py:115}}
Apr 02 06:04:26.187568 np0000162720 nova-conductor[109367]: DEBUG dbcounter [-] [109367] Writing DB stats nova_cell1:SELECT=1 {{(pid=109367) stat_writer /opt/stack/data/venv/lib/python3.12/site-packages/dbcounter.py:115}}
Apr 02 06:04:28.453836 np0000162720 nova-conductor[110123]: DEBUG oslo.service.backend._threading.loopingcall [None req-959934e1-9b87-4b7a-96fb-8c9575853e48 None None] Dynamic interval looping call 'nova.service.Service.periodic_tasks' sleeping for 60.00 seconds {{(pid=110123) _run_loop /opt/stack/data/venv/lib/python3.12/site-packages/oslo_service/backend/_threading/loopingcall.py:125}}
Apr 02 06:04:32.469599 np0000162720 nova-conductor[110123]: DEBUG dbcounter [-] [110123] Writing DB stats nova_cell0:SELECT=4,nova_cell0:INSERT=1,nova_cell0:UPDATE=1 {{(pid=110123) stat_writer /opt/stack/data/venv/lib/python3.12/site-packages/dbcounter.py:115}}
Apr 02 06:04:32.473601 np0000162720 nova-conductor[110134]: DEBUG dbcounter [-] [110134] Writing DB stats nova_cell0:SELECT=3,nova_cell0:UPDATE=1 {{(pid=110134) stat_writer /opt/stack/data/venv/lib/python3.12/site-packages/dbcounter.py:115}}
Apr 02 06:04:32.476772 np0000162720 nova-conductor[110140]: DEBUG dbcounter [-] [110140] Writing DB stats nova_cell0:SELECT=3,nova_cell0:UPDATE=1 {{(pid=110140) stat_writer /opt/stack/data/venv/lib/python3.12/site-packages/dbcounter.py:115}}
Apr 02 06:04:32.507328 np0000162720 nova-conductor[110147]: DEBUG dbcounter [-] [110147] Writing DB stats nova_cell0:SELECT=3 {{(pid=110147) stat_writer /opt/stack/data/venv/lib/python3.12/site-packages/dbcounter.py:115}}
Apr 02 06:04:33.461007 np0000162720 nova-conductor[110134]: DEBUG oslo.service.backend._threading.loopingcall [None req-8b40b0d0-5eec-4ab1-a4f6-878f2f57e6d3 None None] Dynamic interval looping call 'nova.service.Service.periodic_tasks' sleeping for 60.00 seconds {{(pid=110134) _run_loop /opt/stack/data/venv/lib/python3.12/site-packages/oslo_service/backend/_threading/loopingcall.py:125}}
Apr 02 06:04:57.461729 np0000162720 nova-conductor[110140]: DEBUG oslo.service.backend._threading.loopingcall [None req-7b46b011-a088-4242-8585-97afd7fed82c None None] Dynamic interval looping call 'nova.service.Service.periodic_tasks' sleeping for 60.00 seconds {{(pid=110140) _run_loop /opt/stack/data/venv/lib/python3.12/site-packages/oslo_service/backend/_threading/loopingcall.py:125}}
Apr 02 06:05:13.499491 np0000162720 nova-conductor[110147]: DEBUG oslo.service.backend._threading.loopingcall [None req-7410c902-89d1-4e28-94bc-5d8ade9e400a None None] Dynamic interval looping call 'nova.service.Service.periodic_tasks' sleeping for 60.00 seconds {{(pid=110147) _run_loop /opt/stack/data/venv/lib/python3.12/site-packages/oslo_service/backend/_threading/loopingcall.py:125}}
Apr 02 06:05:28.454621 np0000162720 nova-conductor[110123]: DEBUG oslo.service.backend._threading.loopingcall [None req-959934e1-9b87-4b7a-96fb-8c9575853e48 None None] Dynamic interval looping call 'nova.service.Service.periodic_tasks' sleeping for 60.00 seconds {{(pid=110123) _run_loop /opt/stack/data/venv/lib/python3.12/site-packages/oslo_service/backend/_threading/loopingcall.py:125}}
Apr 02 06:05:33.462308 np0000162720 nova-conductor[110134]: DEBUG oslo.service.backend._threading.loopingcall [None req-8b40b0d0-5eec-4ab1-a4f6-878f2f57e6d3 None None] Dynamic interval looping call 'nova.service.Service.periodic_tasks' sleeping for 60.00 seconds {{(pid=110134) _run_loop /opt/stack/data/venv/lib/python3.12/site-packages/oslo_service/backend/_threading/loopingcall.py:125}}
Apr 02 06:05:57.462777 np0000162720 nova-conductor[110140]: DEBUG oslo.service.backend._threading.loopingcall [None req-7b46b011-a088-4242-8585-97afd7fed82c None None] Dynamic interval looping call 'nova.service.Service.periodic_tasks' sleeping for 60.00 seconds {{(pid=110140) _run_loop /opt/stack/data/venv/lib/python3.12/site-packages/oslo_service/backend/_threading/loopingcall.py:125}}
Apr 02 06:06:13.500221 np0000162720 nova-conductor[110147]: DEBUG oslo.service.backend._threading.loopingcall [None req-7410c902-89d1-4e28-94bc-5d8ade9e400a None None] Dynamic interval looping call 'nova.service.Service.periodic_tasks' sleeping for 60.00 seconds {{(pid=110147) _run_loop /opt/stack/data/venv/lib/python3.12/site-packages/oslo_service/backend/_threading/loopingcall.py:125}}
Apr 02 06:06:22.466204 np0000162720 nova-conductor[110123]: DEBUG oslo.service.backend._threading.loopingcall [-] Fixed interval looping call 'nova.servicegroup.drivers.db.DbDriver._report_state' sleeping for 119.99 seconds {{(pid=110123) _run_loop /opt/stack/data/venv/lib/python3.12/site-packages/oslo_service/backend/_threading/loopingcall.py:125}}
Apr 02 06:06:22.467387 np0000162720 nova-conductor[110134]: DEBUG oslo.service.backend._threading.loopingcall [-] Fixed interval looping call 'nova.servicegroup.drivers.db.DbDriver._report_state' sleeping for 119.99 seconds {{(pid=110134) _run_loop /opt/stack/data/venv/lib/python3.12/site-packages/oslo_service/backend/_threading/loopingcall.py:125}}
Apr 02 06:06:22.467660 np0000162720 nova-conductor[110140]: DEBUG oslo.service.backend._threading.loopingcall [-] Fixed interval looping call 'nova.servicegroup.drivers.db.DbDriver._report_state' sleeping for 119.99 seconds {{(pid=110140) _run_loop /opt/stack/data/venv/lib/python3.12/site-packages/oslo_service/backend/_threading/loopingcall.py:125}}
Apr 02 06:06:22.506871 np0000162720 nova-conductor[110147]: DEBUG oslo.service.backend._threading.loopingcall [-] Fixed interval looping call 'nova.servicegroup.drivers.db.DbDriver._report_state' sleeping for 119.99 seconds {{(pid=110147) _run_loop /opt/stack/data/venv/lib/python3.12/site-packages/oslo_service/backend/_threading/loopingcall.py:125}}
Apr 02 06:06:28.455469 np0000162720 nova-conductor[110123]: DEBUG oslo.service.backend._threading.loopingcall [None req-959934e1-9b87-4b7a-96fb-8c9575853e48 None None] Dynamic interval looping call 'nova.service.Service.periodic_tasks' sleeping for 60.00 seconds {{(pid=110123) _run_loop /opt/stack/data/venv/lib/python3.12/site-packages/oslo_service/backend/_threading/loopingcall.py:125}}
Apr 02 06:06:32.461454 np0000162720 nova-conductor[110123]: DEBUG dbcounter [-] [110123] Writing DB stats nova_cell0:SELECT=1,nova_cell0:UPDATE=1 {{(pid=110123) stat_writer /opt/stack/data/venv/lib/python3.12/site-packages/dbcounter.py:115}}
Apr 02 06:06:32.463047 np0000162720 nova-conductor[110134]: DEBUG dbcounter [-] [110134] Writing DB stats nova_cell0:SELECT=1,nova_cell0:UPDATE=1 {{(pid=110134) stat_writer /opt/stack/data/venv/lib/python3.12/site-packages/dbcounter.py:115}}
Apr 02 06:06:32.463753 np0000162720 nova-conductor[110140]: DEBUG dbcounter [-] [110140] Writing DB stats nova_cell0:SELECT=1,nova_cell0:UPDATE=1 {{(pid=110140) stat_writer /opt/stack/data/venv/lib/python3.12/site-packages/dbcounter.py:115}}
Apr 02 06:06:32.504756 np0000162720 nova-conductor[110147]: DEBUG dbcounter [-] [110147] Writing DB stats nova_cell0:SELECT=1 {{(pid=110147) stat_writer /opt/stack/data/venv/lib/python3.12/site-packages/dbcounter.py:115}}
Apr 02 06:06:33.463117 np0000162720 nova-conductor[110134]: DEBUG oslo.service.backend._threading.loopingcall [None req-8b40b0d0-5eec-4ab1-a4f6-878f2f57e6d3 None None] Dynamic interval looping call 'nova.service.Service.periodic_tasks' sleeping for 60.00 seconds {{(pid=110134) _run_loop /opt/stack/data/venv/lib/python3.12/site-packages/oslo_service/backend/_threading/loopingcall.py:125}}
Apr 02 06:06:57.463518 np0000162720 nova-conductor[110140]: DEBUG oslo.service.backend._threading.loopingcall [None req-7b46b011-a088-4242-8585-97afd7fed82c None None] Dynamic interval looping call 'nova.service.Service.periodic_tasks' sleeping for 60.00 seconds {{(pid=110140) _run_loop /opt/stack/data/venv/lib/python3.12/site-packages/oslo_service/backend/_threading/loopingcall.py:125}}
Apr 02 06:07:13.500767 np0000162720 nova-conductor[110147]: DEBUG oslo.service.backend._threading.loopingcall [None req-7410c902-89d1-4e28-94bc-5d8ade9e400a None None] Dynamic interval looping call 'nova.service.Service.periodic_tasks' sleeping for 60.00 seconds {{(pid=110147) _run_loop /opt/stack/data/venv/lib/python3.12/site-packages/oslo_service/backend/_threading/loopingcall.py:125}}
Apr 02 06:07:28.456848 np0000162720 nova-conductor[110123]: DEBUG oslo.service.backend._threading.loopingcall [None req-959934e1-9b87-4b7a-96fb-8c9575853e48 None None] Dynamic interval looping call 'nova.service.Service.periodic_tasks' sleeping for 60.00 seconds {{(pid=110123) _run_loop /opt/stack/data/venv/lib/python3.12/site-packages/oslo_service/backend/_threading/loopingcall.py:125}}
Apr 02 06:07:33.463796 np0000162720 nova-conductor[110134]: DEBUG oslo.service.backend._threading.loopingcall [None req-8b40b0d0-5eec-4ab1-a4f6-878f2f57e6d3 None None] Dynamic interval looping call 'nova.service.Service.periodic_tasks' sleeping for 60.00 seconds {{(pid=110134) _run_loop /opt/stack/data/venv/lib/python3.12/site-packages/oslo_service/backend/_threading/loopingcall.py:125}}
Apr 02 06:07:57.464657 np0000162720 nova-conductor[110140]: DEBUG oslo.service.backend._threading.loopingcall [None req-7b46b011-a088-4242-8585-97afd7fed82c None None] Dynamic interval looping call 'nova.service.Service.periodic_tasks' sleeping for 60.00 seconds {{(pid=110140) _run_loop /opt/stack/data/venv/lib/python3.12/site-packages/oslo_service/backend/_threading/loopingcall.py:125}}
Apr 02 06:08:13.501439 np0000162720 nova-conductor[110147]: DEBUG oslo.service.backend._threading.loopingcall [None req-7410c902-89d1-4e28-94bc-5d8ade9e400a None None] Dynamic interval looping call 'nova.service.Service.periodic_tasks' sleeping for 60.00 seconds {{(pid=110147) _run_loop /opt/stack/data/venv/lib/python3.12/site-packages/oslo_service/backend/_threading/loopingcall.py:125}}
Apr 02 06:08:22.470388 np0000162720 nova-conductor[110123]: DEBUG oslo.service.backend._threading.loopingcall [-] Fixed interval looping call 'nova.servicegroup.drivers.db.DbDriver._report_state' sleeping for 119.99 seconds {{(pid=110123) _run_loop /opt/stack/data/venv/lib/python3.12/site-packages/oslo_service/backend/_threading/loopingcall.py:125}}
Apr 02 06:08:22.470937 np0000162720 nova-conductor[110140]: DEBUG oslo.service.backend._threading.loopingcall [-] Fixed interval looping call 'nova.servicegroup.drivers.db.DbDriver._report_state' sleeping for 119.99 seconds {{(pid=110140) _run_loop /opt/stack/data/venv/lib/python3.12/site-packages/oslo_service/backend/_threading/loopingcall.py:125}}
Apr 02 06:08:22.471464 np0000162720 nova-conductor[110134]: DEBUG oslo.service.backend._threading.loopingcall [-] Fixed interval looping call 'nova.servicegroup.drivers.db.DbDriver._report_state' sleeping for 119.99 seconds {{(pid=110134) _run_loop /opt/stack/data/venv/lib/python3.12/site-packages/oslo_service/backend/_threading/loopingcall.py:125}}
Apr 02 06:08:22.501228 np0000162720 nova-conductor[110147]: DEBUG oslo.service.backend._threading.loopingcall [-] Fixed interval looping call 'nova.servicegroup.drivers.db.DbDriver._report_state' sleeping for 120.00 seconds {{(pid=110147) _run_loop /opt/stack/data/venv/lib/python3.12/site-packages/oslo_service/backend/_threading/loopingcall.py:125}}
Apr 02 06:08:24.293002 np0000162720 nova-conductor[110123]: INFO nova.utils [None req-2ab01260-af8b-4c91-b0a6-dd60e6a2b312 demo demo] The cell worker thread pool ForkProcess-1.cell_worker is initialized
Apr 02 06:08:24.293702 np0000162720 nova-conductor[110123]: DEBUG oslo_concurrency.lockutils [None req-2ab01260-af8b-4c91-b0a6-dd60e6a2b312 demo demo] Acquiring lock "cff6b07c-fab3-4938-b439-aa56e201d69d" by "nova.context.set_target_cell..get_or_set_cached_cell_and_set_connections" {{(pid=110123) inner /opt/stack/data/venv/lib/python3.12/site-packages/oslo_concurrency/lockutils.py:506}}
Apr 02 06:08:24.293831 np0000162720 nova-conductor[110123]: DEBUG oslo_concurrency.lockutils [None req-2ab01260-af8b-4c91-b0a6-dd60e6a2b312 demo demo] Lock "cff6b07c-fab3-4938-b439-aa56e201d69d" acquired by "nova.context.set_target_cell..get_or_set_cached_cell_and_set_connections" :: waited 0.000s {{(pid=110123) inner /opt/stack/data/venv/lib/python3.12/site-packages/oslo_concurrency/lockutils.py:519}}
Apr 02 06:08:24.295652 np0000162720 nova-conductor[110123]: DEBUG oslo_concurrency.lockutils [None req-2ab01260-af8b-4c91-b0a6-dd60e6a2b312 demo demo] Lock "cff6b07c-fab3-4938-b439-aa56e201d69d" "released" by "nova.context.set_target_cell..get_or_set_cached_cell_and_set_connections" :: held 0.002s {{(pid=110123) inner /opt/stack/data/venv/lib/python3.12/site-packages/oslo_concurrency/lockutils.py:538}}
Apr 02 06:08:24.299734 np0000162720 nova-conductor[110123]: INFO dbcounter [None req-2ab01260-af8b-4c91-b0a6-dd60e6a2b312 demo demo] Registered counter for database nova_cell1
