2026-04-09 14:49:53.653 7 INFO placement.requestlog [req-f7268b1d-fed0-402e-9755-437a46dfeb97 req-bd2fab34-8619-4409-9b4a-a13d97f6280f da630c9222714473acb207cc10a9b490 ae73462798104df78b0230d30bf99285 - - c0d5773cfdf3484d8cd70ebcc873b1ce c0d5773cfdf3484d8cd70ebcc873b1ce] 10.0.0.14 "PUT /allocations/6c7c276e-1aa1-4992-9380-cbf2fcb253ab" status: 204 len: 0 microversion: 1.36 [pid: 7|app: 0|req: 613/1226] 10.0.0.14 () {38 vars in 912 bytes} [Thu Apr 9 14:49:53 2026] PUT /allocations/6c7c276e-1aa1-4992-9380-cbf2fcb253ab => generated 0 bytes in 50 msecs (HTTP/1.1 204) 5 headers in 199 bytes (1 switches on core 0)
2026-04-09 14:49:54.701 7 INFO placement.requestlog [None req-1bf1b0b1-9090-4d08-a23e-39a56736d950 - - - - - -] 10.0.0.51 "GET /" status: 200 len: 136 microversion: 1.0
2026-04-09 14:49:54.703 8 INFO placement.requestlog [None req-4b4c001a-5c0a-495a-a4ec-5f7c122e6924 - - - - - -] 10.0.0.51 "GET /" status: 200 len: 136 microversion: 1.0
2026-04-09 14:49:55.024 7 INFO placement.requestlog [req-f7268b1d-fed0-402e-9755-437a46dfeb97 req-285e14e8-4773-4a10-a555-c8a069d27490 da630c9222714473acb207cc10a9b490 ae73462798104df78b0230d30bf99285 - - c0d5773cfdf3484d8cd70ebcc873b1ce c0d5773cfdf3484d8cd70ebcc873b1ce] 199.204.45.95 "GET /allocations/6c7c276e-1aa1-4992-9380-cbf2fcb253ab" status: 200 len: 258 microversion: 1.28 [pid: 7|app: 0|req: 615/1229] 199.204.45.95 () {34 vars in 861 bytes} [Thu Apr 9 14:49:55 2026] GET /allocations/6c7c276e-1aa1-4992-9380-cbf2fcb253ab => generated 258 bytes in 11 msecs (HTTP/1.1 200) 8 headers in 296 bytes (1 switches on core 0)
2026-04-09 14:49:56.064 8 INFO placement.requestlog [req-f7268b1d-fed0-402e-9755-437a46dfeb97 req-d38fb9c5-e60d-4622-bde8-9e2b5b287349 da630c9222714473acb207cc10a9b490 ae73462798104df78b0230d30bf99285 - - c0d5773cfdf3484d8cd70ebcc873b1ce c0d5773cfdf3484d8cd70ebcc873b1ce] 199.204.45.95 "GET /resource_providers/add11f18-2835-4e27-b7f7-c5fe93cd6ff2/allocations" status: 200 len: 253 microversion: 1.0 [pid: 8|app: 0|req: 615/1230] 199.204.45.95 () {32 vars in 855 bytes} [Thu Apr 9 14:49:56 2026] GET /resource_providers/add11f18-2835-4e27-b7f7-c5fe93cd6ff2/allocations => generated 253 bytes in 19 msecs (HTTP/1.1 200) 6 headers in 224 bytes (1 switches on core 0)
2026-04-09 14:49:56.089 7 INFO placement.requestlog [req-f7268b1d-fed0-402e-9755-437a46dfeb97 req-8482d6e2-efb7-4461-9090-0d9527a5d07c da630c9222714473acb207cc10a9b490 ae73462798104df78b0230d30bf99285 - - c0d5773cfdf3484d8cd70ebcc873b1ce c0d5773cfdf3484d8cd70ebcc873b1ce] 199.204.45.95 "GET /allocations/65bd15af-b0ca-4eee-a4ae-3962d84b43b0" status: 200 len: 258 microversion: 1.28 [pid: 7|app: 0|req: 616/1231] 199.204.45.95 () {34 vars in 861 bytes} [Thu Apr 9 14:49:56 2026] GET /allocations/65bd15af-b0ca-4eee-a4ae-3962d84b43b0 => generated 258 bytes in 17 msecs (HTTP/1.1 200) 8 headers in 296 bytes (1 switches on core 0)
2026-04-09 14:49:56.109 8 INFO placement.requestlog [req-f7268b1d-fed0-402e-9755-437a46dfeb97 req-5ba37def-8448-4888-aa66-f5ed5d5f58ab da630c9222714473acb207cc10a9b490 ae73462798104df78b0230d30bf99285 - - c0d5773cfdf3484d8cd70ebcc873b1ce c0d5773cfdf3484d8cd70ebcc873b1ce] 199.204.45.95 "GET /allocations/6c7c276e-1aa1-4992-9380-cbf2fcb253ab" status: 200 len: 258 microversion: 1.28 [pid: 8|app: 0|req: 616/1232] 199.204.45.95 () {34 vars in 861 bytes} [Thu Apr 9 14:49:56 2026] GET /allocations/6c7c276e-1aa1-4992-9380-cbf2fcb253ab => generated 258 bytes in 12 msecs (HTTP/1.1 200) 8 headers in 296 bytes (1 switches on core 0)
2026-04-09 14:50:00.079 7 INFO placement.requestlog [req-dc51ec94-e523-40a4-95b9-21bae3271b35 req-9af8c829-43d0-4bd0-bd29-307c51da2963 da630c9222714473acb207cc10a9b490 ae73462798104df78b0230d30bf99285 - - c0d5773cfdf3484d8cd70ebcc873b1ce c0d5773cfdf3484d8cd70ebcc873b1ce] 199.204.45.95 "GET /resource_providers/add11f18-2835-4e27-b7f7-c5fe93cd6ff2/allocations" status: 200 len: 253 microversion: 1.0 [pid: 7|app: 0|req: 617/1233] 199.204.45.95 () {32 vars in 855 bytes} [Thu Apr 9 14:50:00 2026] GET /resource_providers/add11f18-2835-4e27-b7f7-c5fe93cd6ff2/allocations => generated 253 bytes in 21 msecs (HTTP/1.1 200) 6 headers in 224 bytes (1 switches on core 0)
2026-04-09 14:50:00.104 8 INFO placement.requestlog [req-dc51ec94-e523-40a4-95b9-21bae3271b35 req-19106a2b-64e2-44a2-a1af-3c7c54c3509b da630c9222714473acb207cc10a9b490 ae73462798104df78b0230d30bf99285 - - c0d5773cfdf3484d8cd70ebcc873b1ce c0d5773cfdf3484d8cd70ebcc873b1ce] 199.204.45.95 "GET /resource_providers/add11f18-2835-4e27-b7f7-c5fe93cd6ff2/allocations" status: 200 len: 253 microversion: 1.0 [pid: 8|app: 0|req: 617/1234] 199.204.45.95 () {32 vars in 855 bytes} [Thu Apr 9 14:50:00 2026] GET /resource_providers/add11f18-2835-4e27-b7f7-c5fe93cd6ff2/allocations => generated 253 bytes in 15 msecs (HTTP/1.1 200) 6 headers in 224 bytes (1 switches on core 0)
2026-04-09 14:50:00.124 7 INFO placement.requestlog [req-dc51ec94-e523-40a4-95b9-21bae3271b35 req-aeee650b-d829-449c-bd67-318d6f341448 da630c9222714473acb207cc10a9b490 ae73462798104df78b0230d30bf99285 - - c0d5773cfdf3484d8cd70ebcc873b1ce c0d5773cfdf3484d8cd70ebcc873b1ce] 199.204.45.95 "GET /allocations/65bd15af-b0ca-4eee-a4ae-3962d84b43b0" status: 200 len: 258 microversion: 1.28 [pid: 7|app: 0|req: 618/1235] 199.204.45.95 () {34 vars in 861 bytes} [Thu Apr 9 14:50:00 2026] GET /allocations/65bd15af-b0ca-4eee-a4ae-3962d84b43b0 => generated 258 bytes in 14 msecs (HTTP/1.1 200) 8 headers in 296 bytes (1 switches on core 0)
2026-04-09 14:50:00.148 8 INFO placement.requestlog [req-dc51ec94-e523-40a4-95b9-21bae3271b35 req-d1248ee1-c15b-44d3-bb13-b54ef8fc8bf0 da630c9222714473acb207cc10a9b490 ae73462798104df78b0230d30bf99285 - - c0d5773cfdf3484d8cd70ebcc873b1ce c0d5773cfdf3484d8cd70ebcc873b1ce] 199.204.45.95 "GET /allocations/6c7c276e-1aa1-4992-9380-cbf2fcb253ab" status: 200 len: 258 microversion: 1.28 [pid: 8|app: 0|req: 618/1236] 199.204.45.95 () {34 vars in 861 bytes} [Thu Apr 9 14:50:00 2026] GET /allocations/6c7c276e-1aa1-4992-9380-cbf2fcb253ab => generated 258 bytes in 12 msecs (HTTP/1.1 200) 8 headers in 296 bytes (1 switches on core 0)
2026-04-09 14:50:04.700 7 INFO placement.requestlog [None req-4eaad6ee-fd5c-41d1-ad12-df3c4b5d27de - - - - - -] 10.0.0.51 "GET /" status: 200 len: 136 microversion: 1.0
2026-04-09 14:50:04.701 8 INFO placement.requestlog [None req-dcc06460-1964-446e-8da4-73db491bb78f - - - - - -] 10.0.0.51 "GET /" status: 200 len: 136 microversion: 1.0
2026-04-09 14:50:14.701 7 INFO placement.requestlog [None req-306cf0b5-c356-44e9-8c0f-61476dcf3be0 - - - - - -] 10.0.0.51 "GET /" status: 200 len: 136 microversion: 1.0
2026-04-09 14:50:14.701 8 INFO placement.requestlog [None req-4d4e85fa-b664-4703-8e62-989a87710d05 - - - - - -] 10.0.0.51 "GET /" status: 200 len: 136 microversion: 1.0
2026-04-09 14:50:24.700 7 INFO placement.requestlog [None req-e57cdb6d-113a-4ab8-a0f3-c0b01e3fe581 - - - - - -] 10.0.0.51 "GET /" status: 200 len: 136 microversion: 1.0
2026-04-09 14:50:24.700 8 INFO placement.requestlog [None req-42755b85-f5c1-4ca2-ba2d-7e33f84a9f50 - - - - - -] 10.0.0.51 "GET /" status: 200 len: 136 microversion: 1.0
2026-04-09 14:50:34.701 8 INFO placement.requestlog [None req-4ae35ffe-812e-4d71-a0b1-afd8f96aa7dc - - - - - -] 10.0.0.51 "GET /" status: 200 len: 136 microversion: 1.0
2026-04-09 14:50:34.703 7 INFO placement.requestlog [None req-210aea84-6f4f-45be-9505-8062a96ee2ac - - - - - -] 10.0.0.51 "GET /" status: 200 len: 136 microversion: 1.0
2026-04-09 14:50:44.701 7 INFO placement.requestlog [None req-4446d606-8dee-4fa7-a1de-2ddc845586c6 - - - - - -] 10.0.0.51 "GET /" status: 200 len: 136 microversion: 1.0
2026-04-09 14:50:44.701 8 INFO placement.requestlog [None req-92345d0a-f874-49b2-808d-34b7f0cb8d48 - - - - - -] 10.0.0.51 "GET /" status: 200 len: 136 microversion: 1.0
2026-04-09 14:50:46.650 7 INFO placement.requestlog [req-e41606c9-5191-4274-80ff-ec2fc16181cf req-aa2f0790-54be-4aa1-8763-665dd4f83abf da630c9222714473acb207cc10a9b490 ae73462798104df78b0230d30bf99285 - - c0d5773cfdf3484d8cd70ebcc873b1ce c0d5773cfdf3484d8cd70ebcc873b1ce] 10.0.0.14 "GET /allocation_candidates?limit=1000&resources=MEMORY_MB%3A2048%2CVCPU%3A2&root_required=%21COMPUTE_STATUS_DISABLED" status: 200 len: 2771 microversion: 1.36 [pid: 7|app: 0|req: 624/1247] 10.0.0.14 () {34 vars in 984 bytes} [Thu Apr 9 14:50:46 2026] GET /allocation_candidates?limit=1000&resources=MEMORY_MB%3A2048%2CVCPU%3A2&root_required=%21COMPUTE_STATUS_DISABLED => generated 2771 bytes in 54 msecs (HTTP/1.1 200) 8 headers in 297 bytes (1 switches on core 0)
2026-04-09 14:50:46.686 8 INFO placement.requestlog [req-e41606c9-5191-4274-80ff-ec2fc16181cf req-1d109a12-7c65-4b1a-9f3e-75985bef97b9 da630c9222714473acb207cc10a9b490 ae73462798104df78b0230d30bf99285 - - c0d5773cfdf3484d8cd70ebcc873b1ce c0d5773cfdf3484d8cd70ebcc873b1ce] 10.0.0.14 "GET /allocations/348c4a10-7950-4a97-84df-45388e15ca27" status: 200 len: 19 microversion: 1.28 [pid: 8|app: 0|req: 624/1248] 10.0.0.14 () {34 vars in 859 bytes} [Thu Apr 9 14:50:46 2026] GET /allocations/348c4a10-7950-4a97-84df-45388e15ca27 => generated 19 bytes in 8 msecs (HTTP/1.1 200) 8 headers in 295 bytes (1 switches on core 0)
2026-04-09 14:50:46.756 7 INFO placement.requestlog [req-e41606c9-5191-4274-80ff-ec2fc16181cf req-cc8e6ba5-c31e-4ad0-b34d-13a945845395 da630c9222714473acb207cc10a9b490 ae73462798104df78b0230d30bf99285 - - c0d5773cfdf3484d8cd70ebcc873b1ce c0d5773cfdf3484d8cd70ebcc873b1ce] 10.0.0.14 "PUT /allocations/348c4a10-7950-4a97-84df-45388e15ca27" status: 204 len: 0 microversion: 1.36 [pid: 7|app: 0|req: 625/1249] 10.0.0.14 () {38 vars in 912 bytes} [Thu Apr 9 14:50:46 2026] PUT /allocations/348c4a10-7950-4a97-84df-45388e15ca27 => generated 0 bytes in 63 msecs (HTTP/1.1 204) 5 headers in 199 bytes (1 switches on core 0)
2026-04-09 14:50:48.263 8 INFO placement.requestlog [req-e41606c9-5191-4274-80ff-ec2fc16181cf req-5f6446c4-44c9-4e04-8278-53be7df20e85 da630c9222714473acb207cc10a9b490 ae73462798104df78b0230d30bf99285 - - c0d5773cfdf3484d8cd70ebcc873b1ce c0d5773cfdf3484d8cd70ebcc873b1ce] 199.204.45.95 "GET /allocations/348c4a10-7950-4a97-84df-45388e15ca27" status: 200 len: 245 microversion: 1.28 [pid: 8|app: 0|req: 625/1250] 199.204.45.95 () {34 vars in 861 bytes} [Thu Apr 9 14:50:48 2026] GET /allocations/348c4a10-7950-4a97-84df-45388e15ca27 => generated 245 bytes in 9 msecs (HTTP/1.1 200) 8 headers in 296 bytes (1 switches on core 0)
2026-04-09 14:50:49.303 7 INFO placement.requestlog [req-e41606c9-5191-4274-80ff-ec2fc16181cf req-b94fa7f0-13a5-4eda-8f37-109846061766 da630c9222714473acb207cc10a9b490 ae73462798104df78b0230d30bf99285 - - c0d5773cfdf3484d8cd70ebcc873b1ce c0d5773cfdf3484d8cd70ebcc873b1ce] 199.204.45.95 "GET /resource_providers/add11f18-2835-4e27-b7f7-c5fe93cd6ff2/allocations" status: 200 len: 340 microversion: 1.0 [pid: 7|app: 0|req: 626/1251] 199.204.45.95 () {32 vars in 855 bytes} [Thu Apr 9 14:50:49 2026] GET /resource_providers/add11f18-2835-4e27-b7f7-c5fe93cd6ff2/allocations => generated 340 bytes in 16 msecs (HTTP/1.1 200) 6 headers in 224 bytes (1 switches on core 0)
2026-04-09 14:50:49.328 8 INFO placement.requestlog [req-e41606c9-5191-4274-80ff-ec2fc16181cf req-051c491c-32bb-4537-8b20-014971f1c988 da630c9222714473acb207cc10a9b490 ae73462798104df78b0230d30bf99285 - - c0d5773cfdf3484d8cd70ebcc873b1ce c0d5773cfdf3484d8cd70ebcc873b1ce] 199.204.45.95 "GET /allocations/65bd15af-b0ca-4eee-a4ae-3962d84b43b0" status: 200 len: 258 microversion: 1.28 [pid: 8|app: 0|req: 626/1252] 199.204.45.95 () {34 vars in 861 bytes} [Thu Apr 9 14:50:49 2026] GET /allocations/65bd15af-b0ca-4eee-a4ae-3962d84b43b0 => generated 258 bytes in 18 msecs (HTTP/1.1 200) 8 headers in 296 bytes (1 switches on core 0)
2026-04-09 14:50:49.350 7 INFO placement.requestlog [req-e41606c9-5191-4274-80ff-ec2fc16181cf req-a6d31f42-5340-4a85-afa7-543be4bda4de da630c9222714473acb207cc10a9b490 ae73462798104df78b0230d30bf99285 - - c0d5773cfdf3484d8cd70ebcc873b1ce c0d5773cfdf3484d8cd70ebcc873b1ce] 199.204.45.95 "GET /allocations/348c4a10-7950-4a97-84df-45388e15ca27" status: 200 len: 245 microversion: 1.28 [pid: 7|app: 0|req: 627/1253] 199.204.45.95 () {34 vars in 861 bytes} [Thu Apr 9 14:50:49 2026] GET /allocations/348c4a10-7950-4a97-84df-45388e15ca27 => generated 245 bytes in 16 msecs (HTTP/1.1 200) 8 headers in 296 bytes (1 switches on core 0)
2026-04-09 14:50:49.377 8 INFO placement.requestlog [req-e41606c9-5191-4274-80ff-ec2fc16181cf req-cc2e2aea-56a0-4b06-b8fa-fee99e3b68f3 da630c9222714473acb207cc10a9b490 ae73462798104df78b0230d30bf99285 - - c0d5773cfdf3484d8cd70ebcc873b1ce c0d5773cfdf3484d8cd70ebcc873b1ce] 199.204.45.95 "GET /allocations/6c7c276e-1aa1-4992-9380-cbf2fcb253ab" status: 200 len: 258 microversion: 1.28 [pid: 8|app: 0|req: 627/1254] 199.204.45.95 () {34 vars in 861 bytes} [Thu Apr 9 14:50:49 2026] GET /allocations/6c7c276e-1aa1-4992-9380-cbf2fcb253ab => generated 258 bytes in 18 msecs (HTTP/1.1 200) 8 headers in 296 bytes (1 switches on core 0)
2026-04-09 14:50:54.700 7 INFO placement.requestlog [None req-6bb11956-e71c-4a01-9f41-c901da552fa7 - - - - - -] 10.0.0.51 "GET /" status: 200 len: 136 microversion: 1.0
2026-04-09 14:50:54.700 8 INFO placement.requestlog [None req-5b95c6ce-7b56-4add-a409-3fe248ba9514 - - - - - -] 10.0.0.51 "GET /" status: 200 len: 136 microversion: 1.0
2026-04-09 14:51:00.128 7 INFO placement.requestlog [req-647619b8-f604-4b6a-9761-bfdefa4d92a5 req-7c0e0690-679d-4d20-b54a-1f8e1d769388 da630c9222714473acb207cc10a9b490 ae73462798104df78b0230d30bf99285 - - c0d5773cfdf3484d8cd70ebcc873b1ce c0d5773cfdf3484d8cd70ebcc873b1ce] 199.204.45.95 "GET /resource_providers/add11f18-2835-4e27-b7f7-c5fe93cd6ff2/allocations" status: 200 len: 340 microversion: 1.0 [pid: 7|app: 0|req: 629/1257] 199.204.45.95 () {32 vars in 855 bytes} [Thu Apr 9 14:51:00 2026] GET /resource_providers/add11f18-2835-4e27-b7f7-c5fe93cd6ff2/allocations => generated 340 bytes in 124 msecs (HTTP/1.1 200) 6 headers in 224 bytes (1 switches on core 0)
2026-04-09 14:51:00.160 8 INFO placement.requestlog [req-647619b8-f604-4b6a-9761-bfdefa4d92a5 req-736c0d4d-fb6f-4c4e-8bed-d3675c084d8b da630c9222714473acb207cc10a9b490 ae73462798104df78b0230d30bf99285 - - c0d5773cfdf3484d8cd70ebcc873b1ce c0d5773cfdf3484d8cd70ebcc873b1ce] 199.204.45.95 "GET /resource_providers?in_tree=add11f18-2835-4e27-b7f7-c5fe93cd6ff2" status: 200 len: 798 microversion: 1.14 [pid: 8|app: 0|req: 629/1258] 199.204.45.95 () {34 vars in 890 bytes} [Thu Apr 9 14:51:00 2026] GET /resource_providers?in_tree=add11f18-2835-4e27-b7f7-c5fe93cd6ff2 => generated 798 bytes in 19 msecs (HTTP/1.1 200) 6 headers in 225 bytes (1 switches on core 0)
2026-04-09 14:51:00.179 7 INFO placement.requestlog [req-647619b8-f604-4b6a-9761-bfdefa4d92a5 req-1988a6f6-3bd9-4f85-b4cb-0ff8a2e79d2d da630c9222714473acb207cc10a9b490 ae73462798104df78b0230d30bf99285 - - c0d5773cfdf3484d8cd70ebcc873b1ce c0d5773cfdf3484d8cd70ebcc873b1ce] 199.204.45.95 "GET /resource_providers/add11f18-2835-4e27-b7f7-c5fe93cd6ff2/inventories" status: 200 len: 401 microversion: 1.0 [pid: 7|app: 0|req: 630/1259] 199.204.45.95 () {32 vars in 855 bytes} [Thu Apr 9 14:51:00 2026] GET /resource_providers/add11f18-2835-4e27-b7f7-c5fe93cd6ff2/inventories => generated 401 bytes in 12 msecs (HTTP/1.1 200) 6 headers in 224 bytes (1 switches on core 0)
2026-04-09 14:51:00.200 8 INFO placement.requestlog [req-647619b8-f604-4b6a-9761-bfdefa4d92a5 req-3a46a442-5683-4793-b658-eb687ad62331 da630c9222714473acb207cc10a9b490 ae73462798104df78b0230d30bf99285 - - c0d5773cfdf3484d8cd70ebcc873b1ce c0d5773cfdf3484d8cd70ebcc873b1ce] 199.204.45.95 "GET /resource_providers/add11f18-2835-4e27-b7f7-c5fe93cd6ff2/aggregates" status: 200 len: 54 microversion: 1.19 [pid: 8|app: 0|req: 630/1260] 199.204.45.95 () {34 vars in 897 bytes} [Thu Apr 9 14:51:00 2026] GET /resource_providers/add11f18-2835-4e27-b7f7-c5fe93cd6ff2/aggregates => generated 54 bytes in 15 msecs (HTTP/1.1 200) 8 headers in 295 bytes (1 switches on core 0)
2026-04-09 14:51:00.228 7 INFO placement.requestlog [req-647619b8-f604-4b6a-9761-bfdefa4d92a5 req-d8f11aa3-b7bb-44fa-83ee-96982d0a9f64 da630c9222714473acb207cc10a9b490 ae73462798104df78b0230d30bf99285 - - c0d5773cfdf3484d8cd70ebcc873b1ce c0d5773cfdf3484d8cd70ebcc873b1ce] 199.204.45.95 "GET /resource_providers/add11f18-2835-4e27-b7f7-c5fe93cd6ff2/traits" status: 200 len: 2317 microversion: 1.6 [pid: 7|app: 0|req: 631/1261] 199.204.45.95 () {34 vars in 888 bytes} [Thu Apr 9 14:51:00 2026] GET /resource_providers/add11f18-2835-4e27-b7f7-c5fe93cd6ff2/traits => generated 2317 bytes in 20 msecs (HTTP/1.1 200) 6 headers in 225 bytes (1 switches on core 0)
2026-04-09 14:51:00.260 8 INFO placement.requestlog [req-647619b8-f604-4b6a-9761-bfdefa4d92a5 req-c50d08c8-dde2-4c5e-9e3e-f41474f8d217 da630c9222714473acb207cc10a9b490 ae73462798104df78b0230d30bf99285 - - c0d5773cfdf3484d8cd70ebcc873b1ce c0d5773cfdf3484d8cd70ebcc873b1ce] 199.204.45.95 "GET /resource_providers/add11f18-2835-4e27-b7f7-c5fe93cd6ff2/allocations" status: 200 len: 340 microversion: 1.0 [pid: 8|app: 0|req: 631/1262] 199.204.45.95 () {32 vars in 855 bytes} [Thu Apr 9 14:51:00 2026] GET /resource_providers/add11f18-2835-4e27-b7f7-c5fe93cd6ff2/allocations => generated 340 bytes in 16 msecs (HTTP/1.1 200) 6 headers in 224 bytes (1 switches on core 0)
2026-04-09 14:51:00.277 7 INFO placement.requestlog [req-647619b8-f604-4b6a-9761-bfdefa4d92a5 req-6c74b8c4-2020-482e-b671-23d4d518bdc0 da630c9222714473acb207cc10a9b490 ae73462798104df78b0230d30bf99285 - - c0d5773cfdf3484d8cd70ebcc873b1ce c0d5773cfdf3484d8cd70ebcc873b1ce] 199.204.45.95 "GET /allocations/65bd15af-b0ca-4eee-a4ae-3962d84b43b0" status: 200 len: 258 microversion: 1.28 [pid: 7|app: 0|req: 632/1263] 199.204.45.95 () {34 vars in 861 bytes} [Thu Apr 9 14:51:00 2026] GET /allocations/65bd15af-b0ca-4eee-a4ae-3962d84b43b0 => generated 258 bytes in 12 msecs (HTTP/1.1 200) 8 headers in 296 bytes (1 switches on core 0)
2026-04-09 14:51:00.294 8 INFO placement.requestlog [req-647619b8-f604-4b6a-9761-bfdefa4d92a5 req-c2dcfe75-26b1-4acf-a467-9eb669f108ff da630c9222714473acb207cc10a9b490 ae73462798104df78b0230d30bf99285 - - c0d5773cfdf3484d8cd70ebcc873b1ce c0d5773cfdf3484d8cd70ebcc873b1ce] 199.204.45.95 "GET /allocations/348c4a10-7950-4a97-84df-45388e15ca27" status: 200 len: 245 microversion: 1.28 [pid: 8|app: 0|req: 632/1264] 199.204.45.95 () {34 vars in 861 bytes} [Thu Apr 9 14:51:00 2026] GET /allocations/348c4a10-7950-4a97-84df-45388e15ca27 => generated 245 bytes in 12 msecs (HTTP/1.1 200) 8 headers in 296 bytes (1 switches on core 0)
2026-04-09 14:51:00.310 7 INFO placement.requestlog [req-647619b8-f604-4b6a-9761-bfdefa4d92a5 req-e7ac2f5d-b742-4b81-976c-3777b9e90079 da630c9222714473acb207cc10a9b490 ae73462798104df78b0230d30bf99285 - - c0d5773cfdf3484d8cd70ebcc873b1ce c0d5773cfdf3484d8cd70ebcc873b1ce] 199.204.45.95 "GET /allocations/6c7c276e-1aa1-4992-9380-cbf2fcb253ab" status: 200 len: 258 microversion: 1.28 [pid: 7|app: 0|req: 633/1265] 199.204.45.95 () {34 vars in 861 bytes} [Thu Apr 9 14:51:00 2026] GET /allocations/6c7c276e-1aa1-4992-9380-cbf2fcb253ab => generated 258 bytes in 10 msecs (HTTP/1.1 200) 8 headers in 296 bytes (1 switches on core 0)
2026-04-09 14:51:04.701 8 INFO placement.requestlog [None req-8691ed2e-bf5e-4e32-954c-235006a4c1b3 - - - - - -] 10.0.0.51 "GET /" status: 200 len: 136 microversion: 1.0
2026-04-09 14:51:04.701 7 INFO placement.requestlog [None req-872c3285-3c2b-4a24-ad55-4dc29de31f4f - - - - - -] 10.0.0.51 "GET /" status: 200 len: 136 microversion: 1.0
2026-04-09 14:51:14.700 7 INFO placement.requestlog [None req-e5786d4a-1924-479c-abca-cd08c60500d5 - - - - - -] 10.0.0.51 "GET /" status: 200 len: 136 microversion: 1.0
2026-04-09 14:51:14.701 8 INFO placement.requestlog [None req-37863fdf-67ab-42c0-bd71-5488490a6fb2 - - - - - -] 10.0.0.51 "GET /" status: 200 len: 136 microversion: 1.0
2026-04-09 14:51:24.701 7 INFO placement.requestlog [None req-2726ca91-e25f-4d00-9497-4edede507896 - - - - - -] 10.0.0.51 "GET /" status: 200 len: 136 microversion: 1.0
2026-04-09 14:51:24.702 8 INFO placement.requestlog [None req-3c80b209-8ab6-41be-a0e5-5aa287df00b2 - - - - - -] 10.0.0.51 "GET /" status: 200 len: 136 microversion: 1.0
2026-04-09 14:51:34.700 7 INFO placement.requestlog [None req-98e31456-dccc-4ef9-8e4f-a40aa21d46d7 - - - - - -] 10.0.0.51 "GET /" status: 200 len: 136 microversion: 1.0
2026-04-09 14:51:34.700 8 INFO placement.requestlog [None req-307e9669-995c-4da9-a701-5eda4cb1810d - - - - - -] 10.0.0.51 "GET /" status: 200 len: 136 microversion: 1.0
2026-04-09 14:51:44.700 7 INFO placement.requestlog [None req-f518c2a8-12d9-4a51-aa06-7ff34d1d705a - - - - - -] 10.0.0.51 "GET /" status: 200 len: 136 microversion: 1.0
2026-04-09 14:51:44.701 8 INFO placement.requestlog [None req-f343961e-4ccd-495b-800d-fe77cf34dc6d - - - - - -] 10.0.0.51 "GET /" status: 200 len: 136 microversion: 1.0
2026-04-09 14:51:54.701 7 INFO placement.requestlog [None req-3f79d0af-0c72-4bcc-a7e9-eda7b403e01b - - - - - -] 10.0.0.51 "GET /" status: 200 len: 136 microversion: 1.0
2026-04-09 14:51:54.702 8 INFO placement.requestlog [None req-f64da2b7-55c1-4e3c-a272-c527379b9455 - - - - - -] 10.0.0.51 "GET /" status: 200 len: 136 microversion: 1.0
2026-04-09 14:52:01.031 7 INFO placement.requestlog [req-3abd4eb0-50f8-4874-b639-a470ad72741a req-981d8e4e-47b5-4b62-b241-912beee59f99 da630c9222714473acb207cc10a9b490 ae73462798104df78b0230d30bf99285 - - c0d5773cfdf3484d8cd70ebcc873b1ce c0d5773cfdf3484d8cd70ebcc873b1ce] 199.204.45.95 "GET /resource_providers/add11f18-2835-4e27-b7f7-c5fe93cd6ff2/allocations" status: 200 len: 340 microversion: 1.0 [pid: 7|app: 0|req: 640/1278] 199.204.45.95 () {32 vars in 855 bytes} [Thu Apr 9 14:52:01 2026] GET /resource_providers/add11f18-2835-4e27-b7f7-c5fe93cd6ff2/allocations => generated 340 bytes in 18 msecs (HTTP/1.1 200) 6 headers in 224 bytes (1 switches on core 0)
2026-04-09 14:52:01.060 8 INFO placement.requestlog [req-3abd4eb0-50f8-4874-b639-a470ad72741a req-eeeca610-1c9e-4475-9061-19e69702f89c da630c9222714473acb207cc10a9b490 ae73462798104df78b0230d30bf99285 - - c0d5773cfdf3484d8cd70ebcc873b1ce c0d5773cfdf3484d8cd70ebcc873b1ce] 199.204.45.95 "GET /resource_providers/add11f18-2835-4e27-b7f7-c5fe93cd6ff2/allocations" status: 200 len: 340 microversion: 1.0 [pid: 8|app: 0|req: 639/1279] 199.204.45.95 () {32 vars in 855 bytes} [Thu Apr 9 14:52:01 2026] GET /resource_providers/add11f18-2835-4e27-b7f7-c5fe93cd6ff2/allocations => generated 340 bytes in 21 msecs (HTTP/1.1 200) 6 headers in 224 bytes (1 switches on core 0)
2026-04-09 14:52:01.078 7 INFO placement.requestlog [req-3abd4eb0-50f8-4874-b639-a470ad72741a req-b5a51070-405d-4ef9-928c-531554f4dd9d da630c9222714473acb207cc10a9b490 ae73462798104df78b0230d30bf99285 - - c0d5773cfdf3484d8cd70ebcc873b1ce c0d5773cfdf3484d8cd70ebcc873b1ce] 199.204.45.95 "GET /allocations/65bd15af-b0ca-4eee-a4ae-3962d84b43b0" status: 200 len: 258 microversion: 1.28 [pid: 7|app: 0|req: 641/1280] 199.204.45.95 () {34 vars in 861 bytes} [Thu Apr 9 14:52:01 2026] GET /allocations/65bd15af-b0ca-4eee-a4ae-3962d84b43b0 => generated 258 bytes in 14 msecs (HTTP/1.1 200) 8 headers in 296 bytes (1 switches on core 0)
2026-04-09 14:52:01.096 8 INFO placement.requestlog [req-3abd4eb0-50f8-4874-b639-a470ad72741a req-6a4b53b6-ae69-428e-8675-d5f836978aa0 da630c9222714473acb207cc10a9b490 ae73462798104df78b0230d30bf99285 - - c0d5773cfdf3484d8cd70ebcc873b1ce c0d5773cfdf3484d8cd70ebcc873b1ce] 199.204.45.95 "GET /allocations/348c4a10-7950-4a97-84df-45388e15ca27" status: 200 len: 245 microversion: 1.28 [pid: 8|app: 0|req: 640/1281] 199.204.45.95 () {34 vars in 861 bytes} [Thu Apr 9 14:52:01 2026] GET /allocations/348c4a10-7950-4a97-84df-45388e15ca27 => generated 245 bytes in 12 msecs (HTTP/1.1 200) 8 headers in 296 bytes (1 switches on core 0)
2026-04-09 14:52:01.117 7 INFO placement.requestlog [req-3abd4eb0-50f8-4874-b639-a470ad72741a req-b64d545b-077d-4837-8f34-a9d791f09d20 da630c9222714473acb207cc10a9b490 ae73462798104df78b0230d30bf99285 - - c0d5773cfdf3484d8cd70ebcc873b1ce c0d5773cfdf3484d8cd70ebcc873b1ce] 199.204.45.95 "GET /allocations/6c7c276e-1aa1-4992-9380-cbf2fcb253ab" status: 200 len: 258 microversion: 1.28 [pid: 7|app: 0|req: 642/1282] 199.204.45.95 () {34 vars in 861 bytes} [Thu Apr 9 14:52:01 2026] GET /allocations/6c7c276e-1aa1-4992-9380-cbf2fcb253ab => generated 258 bytes in 15 msecs (HTTP/1.1 200) 8 headers in 296 bytes (1 switches on core 0)
2026-04-09 14:52:04.700 7 INFO placement.requestlog [None req-4db22e5c-edd7-49ea-b7df-4f4d322057c6 - - - - - -] 10.0.0.51 "GET /" status: 200 len: 136 microversion: 1.0
2026-04-09 14:52:04.700 8 INFO placement.requestlog [None req-81f35aff-57c5-4e81-b1f6-7c835fbed5fc - - - - - -] 10.0.0.51 "GET /" status: 200 len: 136 microversion: 1.0
2026-04-09 14:52:14.701 8 INFO placement.requestlog [None req-3a086b1d-822c-49fd-983a-1806e2ddfdfd - - - - - -] 10.0.0.51 "GET /" status: 200 len: 136 microversion: 1.0
2026-04-09 14:52:14.701 7 INFO placement.requestlog [None req-f92006c4-f3d0-4730-b6b8-436693241d9d - - - - - -] 10.0.0.51 "GET /" status: 200 len: 136 microversion: 1.0
2026-04-09 14:52:24.701 8 INFO placement.requestlog [None req-03a48d5f-2ba7-4860-bc84-f3a44757c2ca - - - - - -] 10.0.0.51 "GET /" status: 200 len: 136 microversion: 1.0
2026-04-09 14:52:24.701 7 INFO placement.requestlog [None req-f295ee1d-6386-4ce7-bbcf-2168f4bf9487 - - - - - -] 10.0.0.51 "GET /" status: 200 len: 136 microversion: 1.0
2026-04-09 14:52:34.700 8 INFO placement.requestlog [None req-e6eb7b9e-f77c-4c71-a16f-b89024c5ca2e - - - - - -] 10.0.0.51 "GET /" status: 200 len: 136 microversion: 1.0
2026-04-09 14:52:34.700 7 INFO placement.requestlog [None req-92cc8403-70b7-467b-a8d5-a307706d8041 - - - - - -] 10.0.0.51 "GET /" status: 200 len: 136 microversion: 1.0
2026-04-09 14:52:44.701 8 INFO placement.requestlog [None req-ca42bc09-2a18-4c9d-9df6-1379cbf5a5c2 - - - - - -] 10.0.0.51 "GET /" status: 200 len: 136 microversion: 1.0
2026-04-09 14:52:44.703 7 INFO placement.requestlog [None req-e3d557cb-d427-4d6b-9bec-570831f69cd7 - - - - - -] 10.0.0.51 "GET /" status: 200 len: 136 microversion: 1.0
2026-04-09 14:52:54.700 7 INFO placement.requestlog [None req-f52bf75d-74f0-45fb-aa66-4c2dbd29e77a - - - - - -] 10.0.0.51 "GET /" status: 200 len: 136 microversion: 1.0
2026-04-09 14:52:54.701 8 INFO placement.requestlog [None req-171635b6-af9d-4894-b06d-6d6581747bc2 - - - - - -] 10.0.0.51 "GET /" status: 200 len: 136 microversion: 1.0
2026-04-09 14:53:03.080 7 INFO placement.requestlog [req-1b2c3c63-f035-4442-b548-689a2f0e08db req-4f109694-abaf-4494-83d5-49a8f0299573 da630c9222714473acb207cc10a9b490 ae73462798104df78b0230d30bf99285 - - c0d5773cfdf3484d8cd70ebcc873b1ce c0d5773cfdf3484d8cd70ebcc873b1ce] 199.204.45.95 "GET /resource_providers/add11f18-2835-4e27-b7f7-c5fe93cd6ff2/allocations" status: 200 len: 340 microversion: 1.0 [pid: 7|app: 0|req: 649/1295] 199.204.45.95 () {32 vars in 855 bytes} [Thu Apr 9 14:53:03 2026] GET /resource_providers/add11f18-2835-4e27-b7f7-c5fe93cd6ff2/allocations => generated 340 bytes in 19 msecs (HTTP/1.1 200) 6 headers in 224 bytes (1 switches on core 0)
2026-04-09 14:53:03.108 8 INFO placement.requestlog [req-1b2c3c63-f035-4442-b548-689a2f0e08db req-4a0a8008-f66f-45a6-8116-815bb96e571b da630c9222714473acb207cc10a9b490 ae73462798104df78b0230d30bf99285 - - c0d5773cfdf3484d8cd70ebcc873b1ce c0d5773cfdf3484d8cd70ebcc873b1ce] 199.204.45.95 "GET /resource_providers/add11f18-2835-4e27-b7f7-c5fe93cd6ff2/allocations" status: 200 len: 340 microversion: 1.0 [pid: 8|app: 0|req: 647/1296] 199.204.45.95 () {32 vars in 855 bytes} [Thu Apr 9 14:53:03 2026] GET /resource_providers/add11f18-2835-4e27-b7f7-c5fe93cd6ff2/allocations => generated 340 bytes in 20 msecs (HTTP/1.1 200) 6 headers in 224 bytes (1 switches on core 0)
2026-04-09 14:53:03.128 7 INFO placement.requestlog [req-1b2c3c63-f035-4442-b548-689a2f0e08db req-dc3b1494-6882-4d4e-b00b-fdd2917f0bc9 da630c9222714473acb207cc10a9b490 ae73462798104df78b0230d30bf99285 - - c0d5773cfdf3484d8cd70ebcc873b1ce c0d5773cfdf3484d8cd70ebcc873b1ce] 199.204.45.95 "GET /allocations/65bd15af-b0ca-4eee-a4ae-3962d84b43b0" status: 200 len: 258 microversion: 1.28 [pid: 7|app: 0|req: 650/1297] 199.204.45.95 () {34 vars in 861 bytes} [Thu Apr 9 14:53:03 2026] GET /allocations/65bd15af-b0ca-4eee-a4ae-3962d84b43b0 => generated 258 bytes in 13 msecs (HTTP/1.1 200) 8 headers in 296 bytes (1 switches on core 0)
2026-04-09 14:53:03.143 8 INFO placement.requestlog [req-1b2c3c63-f035-4442-b548-689a2f0e08db req-7c62a969-13b9-4011-93ba-5ad380ffa805 da630c9222714473acb207cc10a9b490 ae73462798104df78b0230d30bf99285 - - c0d5773cfdf3484d8cd70ebcc873b1ce c0d5773cfdf3484d8cd70ebcc873b1ce] 199.204.45.95 "GET /allocations/348c4a10-7950-4a97-84df-45388e15ca27" status: 200 len: 245 microversion: 1.28 [pid: 8|app: 0|req: 648/1298] 199.204.45.95 () {34 vars in 861 bytes} [Thu Apr 9 14:53:03 2026] GET /allocations/348c4a10-7950-4a97-84df-45388e15ca27 => generated 245 bytes in 12 msecs (HTTP/1.1 200) 8 headers in 296 bytes (1 switches on core 0)
2026-04-09 14:53:03.159 7 INFO placement.requestlog [req-1b2c3c63-f035-4442-b548-689a2f0e08db req-27a30f59-1465-47bf-bd1d-770ac743c9e4 da630c9222714473acb207cc10a9b490 ae73462798104df78b0230d30bf99285 - - c0d5773cfdf3484d8cd70ebcc873b1ce c0d5773cfdf3484d8cd70ebcc873b1ce] 199.204.45.95 "GET /allocations/6c7c276e-1aa1-4992-9380-cbf2fcb253ab" status: 200 len: 258 microversion: 1.28 [pid: 7|app: 0|req: 651/1299] 199.204.45.95 () {34 vars in 861 bytes} [Thu Apr 9 14:53:03 2026] GET /allocations/6c7c276e-1aa1-4992-9380-cbf2fcb253ab => generated 258 bytes in 13 msecs (HTTP/1.1 200) 8 headers in 296 bytes (1 switches on core 0)
2026-04-09 14:53:04.700 7 INFO placement.requestlog [None req-1d699679-54d7-4104-89be-bb857291ee10 - - - - - -] 10.0.0.51 "GET /" status: 200 len: 136 microversion: 1.0
2026-04-09 14:53:04.700 8 INFO placement.requestlog [None req-39094932-249d-4213-835b-36107ca15ee8 - - - - - -] 10.0.0.51 "GET /" status: 200 len: 136 microversion: 1.0
2026-04-09 14:53:14.700 8 INFO placement.requestlog [None req-28b1e7aa-0851-4e0f-ab66-72c26194338e - - - - - -] 10.0.0.51 "GET /" status: 200 len: 136 microversion: 1.0
2026-04-09 14:53:14.700 7 INFO placement.requestlog [None req-ee625911-6ecf-48bb-a334-634d062e4278 - - - - - -] 10.0.0.51 "GET /" status: 200 len: 136 microversion: 1.0
2026-04-09 14:53:24.701 8 INFO placement.requestlog [None req-81d663af-458d-469d-ae1c-6d8c5343e490 - - - - - -] 10.0.0.51 "GET /" status: 200 len: 136 microversion: 1.0
2026-04-09 14:53:24.701 7 INFO placement.requestlog [None req-cf894924-ea66-48f9-9e31-5d4c4e74d977 - - - - - -] 10.0.0.51 "GET /" status: 200 len: 136 microversion: 1.0
2026-04-09 14:53:34.700 7 INFO placement.requestlog [None req-b0c3e7e5-6212-41fa-8cb6-0a6e99c50574 - - - - - -] 10.0.0.51 "GET /" status: 200 len: 136 microversion: 1.0
2026-04-09 14:53:34.701 8 INFO placement.requestlog [None req-9e6e8aaf-443c-4675-ac79-7aab8ab2ae23 - - - - - -] 10.0.0.51 "GET /" status: 200 len: 136 microversion: 1.0
2026-04-09 14:53:42.867 7 INFO placement.requestlog [req-227b17e5-d45e-4c1b-b8e5-6fc82af7f15c req-15416ad3-cb1c-46d8-b06d-feb86aef1399 da630c9222714473acb207cc10a9b490 ae73462798104df78b0230d30bf99285 - - c0d5773cfdf3484d8cd70ebcc873b1ce c0d5773cfdf3484d8cd70ebcc873b1ce] 199.204.45.95 "GET /resource_providers/add11f18-2835-4e27-b7f7-c5fe93cd6ff2/allocations" status: 200 len: 340 microversion: 1.0 [pid: 7|app: 0|req: 656/1308] 199.204.45.95 () {32 vars in 855 bytes} [Thu Apr 9 14:53:42 2026] GET /resource_providers/add11f18-2835-4e27-b7f7-c5fe93cd6ff2/allocations => generated 340 bytes in 19 msecs (HTTP/1.1 200) 6 headers in 224 bytes (1 switches on core 0)
2026-04-09 14:53:42.891 8 INFO placement.requestlog [req-227b17e5-d45e-4c1b-b8e5-6fc82af7f15c req-a52d5e5a-e2e4-4ab4-a650-c3aca8ebb3e9 da630c9222714473acb207cc10a9b490 ae73462798104df78b0230d30bf99285 - - c0d5773cfdf3484d8cd70ebcc873b1ce c0d5773cfdf3484d8cd70ebcc873b1ce] 199.204.45.95 "GET /allocations/65bd15af-b0ca-4eee-a4ae-3962d84b43b0" status: 200 len: 258 microversion: 1.28 [pid: 8|app: 0|req: 653/1309] 199.204.45.95 () {34 vars in 861 bytes} [Thu Apr 9 14:53:42 2026] GET /allocations/65bd15af-b0ca-4eee-a4ae-3962d84b43b0 => generated 258 bytes in 15 msecs (HTTP/1.1 200) 8 headers in 296 bytes (1 switches on core 0)
2026-04-09 14:53:42.923 7 INFO placement.requestlog [req-227b17e5-d45e-4c1b-b8e5-6fc82af7f15c req-577f4502-2630-4346-9078-da7b93275078 da630c9222714473acb207cc10a9b490 ae73462798104df78b0230d30bf99285 - - c0d5773cfdf3484d8cd70ebcc873b1ce c0d5773cfdf3484d8cd70ebcc873b1ce] 199.204.45.95 "GET /allocations/348c4a10-7950-4a97-84df-45388e15ca27" status: 200 len: 245 microversion: 1.28 [pid: 7|app: 0|req: 657/1310] 199.204.45.95 () {34 vars in 861 bytes} [Thu Apr 9 14:53:42 2026] GET /allocations/348c4a10-7950-4a97-84df-45388e15ca27 => generated 245 bytes in 25 msecs (HTTP/1.1 200) 8 headers in 296 bytes (1 switches on core 0)
2026-04-09 14:53:42.946 8 INFO placement.requestlog [req-227b17e5-d45e-4c1b-b8e5-6fc82af7f15c req-39bd47c3-9b40-4f22-86f9-c2a239c989b7 da630c9222714473acb207cc10a9b490 ae73462798104df78b0230d30bf99285 - - c0d5773cfdf3484d8cd70ebcc873b1ce c0d5773cfdf3484d8cd70ebcc873b1ce] 199.204.45.95 "GET /allocations/6c7c276e-1aa1-4992-9380-cbf2fcb253ab" status: 200 len: 258 microversion: 1.28 [pid: 8|app: 0|req: 654/1311] 199.204.45.95 () {34 vars in 861 bytes} [Thu Apr 9 14:53:42 2026] GET /allocations/6c7c276e-1aa1-4992-9380-cbf2fcb253ab => generated 258 bytes in 13 msecs (HTTP/1.1 200) 8 headers in 296 bytes (1 switches on core 0)
2026-04-09 14:53:44.004 7 INFO placement.requestlog [req-227b17e5-d45e-4c1b-b8e5-6fc82af7f15c req-b0f1bb1b-34da-4c90-ba4f-2627d45d29e8 da630c9222714473acb207cc10a9b490 ae73462798104df78b0230d30bf99285 - - c0d5773cfdf3484d8cd70ebcc873b1ce c0d5773cfdf3484d8cd70ebcc873b1ce] 199.204.45.95 "DELETE /allocations/348c4a10-7950-4a97-84df-45388e15ca27" status: 204 len: 0 microversion: 1.0 [pid: 7|app: 0|req: 658/1312] 199.204.45.95 () {34 vars in 839 bytes} [Thu Apr 9 14:53:43 2026] DELETE /allocations/348c4a10-7950-4a97-84df-45388e15ca27 => generated 0 bytes in 25 msecs (HTTP/1.1 204) 5 headers in 198 bytes (1 switches on core 0)
2026-04-09 14:53:44.701 8 INFO placement.requestlog [None req-a5f2c4dc-5dd3-43fe-aa0b-371732d549ab - - - - - -] 10.0.0.51 "GET /" status: 200 len: 136 microversion: 1.0
2026-04-09 14:53:44.701 7 INFO placement.requestlog [None req-005491d8-b0df-4370-a014-23b0c59d1aad - - - - - -] 10.0.0.51 "GET /" status: 200 len: 136 microversion: 1.0
2026-04-09 14:53:46.153 8 INFO placement.requestlog [req-7b67dc21-6dcc-40e6-8cba-6922b93cd44c req-135cb835-9bad-4bcb-acbe-fc7757721913 da630c9222714473acb207cc10a9b490 ae73462798104df78b0230d30bf99285 - - c0d5773cfdf3484d8cd70ebcc873b1ce c0d5773cfdf3484d8cd70ebcc873b1ce] 199.204.45.95 "GET /resource_providers/add11f18-2835-4e27-b7f7-c5fe93cd6ff2/allocations" status: 200 len: 253 microversion: 1.0 [pid: 8|app: 0|req: 656/1315] 199.204.45.95 () {32 vars in 855 bytes} [Thu Apr 9 14:53:46 2026] GET /resource_providers/add11f18-2835-4e27-b7f7-c5fe93cd6ff2/allocations => generated 253 bytes in 17 msecs (HTTP/1.1 200) 6 headers in 224 bytes (1 switches on core 0)
2026-04-09 14:53:46.173 7 INFO placement.requestlog [req-7b67dc21-6dcc-40e6-8cba-6922b93cd44c req-762b39e7-9d5b-4938-bbcc-e0f6911dce1f da630c9222714473acb207cc10a9b490 ae73462798104df78b0230d30bf99285 - - c0d5773cfdf3484d8cd70ebcc873b1ce c0d5773cfdf3484d8cd70ebcc873b1ce] 199.204.45.95 "GET /allocations/65bd15af-b0ca-4eee-a4ae-3962d84b43b0" status: 200 len: 258 microversion: 1.28 [pid: 7|app: 0|req: 660/1316] 199.204.45.95 () {34 vars in 861 bytes} [Thu Apr 9 14:53:46 2026] GET /allocations/65bd15af-b0ca-4eee-a4ae-3962d84b43b0 => generated 258 bytes in 14 msecs (HTTP/1.1 200) 8 headers in 296 bytes (1 switches on core 0)
2026-04-09 14:53:46.194 8 INFO placement.requestlog [req-7b67dc21-6dcc-40e6-8cba-6922b93cd44c req-5bf1fa42-340f-44ca-8a69-1f5214c799d2 da630c9222714473acb207cc10a9b490 ae73462798104df78b0230d30bf99285 - - c0d5773cfdf3484d8cd70ebcc873b1ce c0d5773cfdf3484d8cd70ebcc873b1ce] 199.204.45.95 "GET /allocations/6c7c276e-1aa1-4992-9380-cbf2fcb253ab" status: 200 len: 258 microversion: 1.28 [pid: 8|app: 0|req: 657/1317] 199.204.45.95 () {34 vars in 861 bytes} [Thu Apr 9 14:53:46 2026] GET /allocations/6c7c276e-1aa1-4992-9380-cbf2fcb253ab => generated 258 bytes in 14 msecs (HTTP/1.1 200) 8 headers in 296 bytes (1 switches on core 0)
2026-04-09 14:53:47.248 7 INFO placement.requestlog [req-7b67dc21-6dcc-40e6-8cba-6922b93cd44c req-4b1e93e2-934f-4ca2-a52c-be32ff174f87 da630c9222714473acb207cc10a9b490 ae73462798104df78b0230d30bf99285 - - c0d5773cfdf3484d8cd70ebcc873b1ce c0d5773cfdf3484d8cd70ebcc873b1ce] 199.204.45.95 "DELETE /allocations/6c7c276e-1aa1-4992-9380-cbf2fcb253ab" status: 204 len: 0 microversion: 1.0 [pid: 7|app: 0|req: 661/1318] 199.204.45.95 () {34 vars in 839 bytes} [Thu Apr 9 14:53:47 2026] DELETE /allocations/6c7c276e-1aa1-4992-9380-cbf2fcb253ab => generated 0 bytes in 26 msecs (HTTP/1.1 204) 5 headers in 198 bytes (1 switches on core 0)
2026-04-09 14:53:54.701 8 INFO placement.requestlog [None req-fc69159d-3531-4ed7-a542-c6a069286587 - - - - - -] 10.0.0.51 "GET /" status: 200 len: 136 microversion: 1.0
2026-04-09 14:53:54.701 7 INFO placement.requestlog [None req-e284ddfb-9554-4195-a974-8581df793ee0 - - - - - -] 10.0.0.51 "GET /" status: 200 len: 136 microversion: 1.0
2026-04-09 14:53:58.206 8 INFO placement.requestlog [req-8387245d-ed09-43c1-9c97-beb230f6109a req-53c88b98-b5a0-4a33-9599-9dc8c5161ae6 da630c9222714473acb207cc10a9b490 ae73462798104df78b0230d30bf99285 - - c0d5773cfdf3484d8cd70ebcc873b1ce c0d5773cfdf3484d8cd70ebcc873b1ce] 199.204.45.95 "GET /resource_providers/add11f18-2835-4e27-b7f7-c5fe93cd6ff2/allocations" status: 200 len: 153 microversion: 1.0 [pid: 8|app: 0|req: 659/1321] 199.204.45.95 () {32 vars in 855 bytes} [Thu Apr 9 14:53:58 2026] GET /resource_providers/add11f18-2835-4e27-b7f7-c5fe93cd6ff2/allocations => generated 153 bytes in 16 msecs (HTTP/1.1 200) 6 headers in 224 bytes (1 switches on core 0)
2026-04-09 14:53:58.227 7 INFO placement.requestlog [req-8387245d-ed09-43c1-9c97-beb230f6109a req-e0db367b-4ca1-4548-a4c0-4825a674b8d8 da630c9222714473acb207cc10a9b490 ae73462798104df78b0230d30bf99285 - - c0d5773cfdf3484d8cd70ebcc873b1ce c0d5773cfdf3484d8cd70ebcc873b1ce] 199.204.45.95 "GET /allocations/65bd15af-b0ca-4eee-a4ae-3962d84b43b0" status: 200 len: 258 microversion: 1.28 [pid: 7|app: 0|req: 663/1322] 199.204.45.95 () {34 vars in 861 bytes} [Thu Apr 9 14:53:58 2026] GET /allocations/65bd15af-b0ca-4eee-a4ae-3962d84b43b0 => generated 258 bytes in 13 msecs (HTTP/1.1 200) 8 headers in 296 bytes (1 switches on core 0)
2026-04-09 14:53:59.274 8 INFO placement.requestlog [req-8387245d-ed09-43c1-9c97-beb230f6109a req-ae495a90-cd24-461a-873b-a389a3dab439 da630c9222714473acb207cc10a9b490 ae73462798104df78b0230d30bf99285 - - c0d5773cfdf3484d8cd70ebcc873b1ce c0d5773cfdf3484d8cd70ebcc873b1ce] 199.204.45.95 "DELETE /allocations/65bd15af-b0ca-4eee-a4ae-3962d84b43b0" status: 204 len: 0 microversion: 1.0 [pid: 8|app: 0|req: 660/1323] 199.204.45.95 () {34 vars in 839 bytes} [Thu Apr 9 14:53:59 2026] DELETE /allocations/65bd15af-b0ca-4eee-a4ae-3962d84b43b0 => generated 0 bytes in 24 msecs (HTTP/1.1 204) 5 headers in 198 bytes (1 switches on core 0)
2026-04-09 14:54:02.508 7 INFO placement.requestlog [req-b65c408f-178a-4881-b580-139b21009f4e req-ab6b09cb-ecce-406b-9a4a-230afa0f927f da630c9222714473acb207cc10a9b490 ae73462798104df78b0230d30bf99285 - - c0d5773cfdf3484d8cd70ebcc873b1ce c0d5773cfdf3484d8cd70ebcc873b1ce] 199.204.45.95 "GET /resource_providers/add11f18-2835-4e27-b7f7-c5fe93cd6ff2/allocations" status: 200 len: 55 microversion: 1.0 [pid: 7|app: 0|req: 664/1324] 199.204.45.95 () {32 vars in 855 bytes} [Thu Apr 9 14:54:02 2026] GET /resource_providers/add11f18-2835-4e27-b7f7-c5fe93cd6ff2/allocations => generated 55 bytes in 22 msecs (HTTP/1.1 200) 6 headers in 223 bytes (1 switches on core 0)
2026-04-09 14:54:02.531 8 INFO placement.requestlog [req-b65c408f-178a-4881-b580-139b21009f4e req-2ec4d92a-38c1-4530-b185-2e3a2e42da7c da630c9222714473acb207cc10a9b490 ae73462798104df78b0230d30bf99285 - - c0d5773cfdf3484d8cd70ebcc873b1ce c0d5773cfdf3484d8cd70ebcc873b1ce] 199.204.45.95 "GET /resource_providers/add11f18-2835-4e27-b7f7-c5fe93cd6ff2/allocations" status: 200 len: 55 microversion: 1.0 [pid: 8|app: 0|req: 661/1325] 199.204.45.95 () {32 vars in 855 bytes} [Thu Apr 9 14:54:02 2026] GET /resource_providers/add11f18-2835-4e27-b7f7-c5fe93cd6ff2/allocations => generated 55 bytes in 16 msecs (HTTP/1.1 200) 6 headers in 223 bytes (1 switches on core 0)
2026-04-09 14:54:04.700 7 INFO placement.requestlog [None req-a6bd28a4-ca0d-4ac5-baa8-1124af257b1d - - - - - -] 10.0.0.51 "GET /" status: 200 len: 136 microversion: 1.0
2026-04-09 14:54:04.700 8 INFO placement.requestlog [None req-f3b4300b-a090-459a-abf9-28d4c6b9d432 - - - - - -] 10.0.0.51 "GET /" status: 200 len: 136 microversion: 1.0
2026-04-09 14:54:09.783 7 INFO placement.requestlog [None req-ab1074ae-c002-4b39-afe2-d697d288c130 ae95f7de06c24e3780f9e3fde44b0d69 ae73462798104df78b0230d30bf99285 - - c0d5773cfdf3484d8cd70ebcc873b1ce c0d5773cfdf3484d8cd70ebcc873b1ce] 10.0.0.230 "GET /resource_providers/e06c630b-fde1-4b59-b84d-32cbac3ead60/aggregates" status: 404 len: 235 microversion: 1.1 [pid: 7|app: 0|req: 666/1328] 10.0.0.230 () {32 vars in 815 bytes} [Thu Apr 9 14:54:09 2026] GET /resource_providers/e06c630b-fde1-4b59-b84d-32cbac3ead60/aggregates => generated 235 bytes in 94 msecs (HTTP/1.1 404) 5 headers in 202 bytes (1 switches on core 0)
2026-04-09 14:54:09.790 8 INFO placement.requestlog [None req-e6d39f5d-f994-4a6a-94cf-37037275ab15 ae95f7de06c24e3780f9e3fde44b0d69 ae73462798104df78b0230d30bf99285 - - c0d5773cfdf3484d8cd70ebcc873b1ce c0d5773cfdf3484d8cd70ebcc873b1ce] 10.0.0.230 "GET /resource_providers/e06c630b-fde1-4b59-b84d-32cbac3ead60/aggregates" status: 404 len: 235 microversion: 1.1 [pid: 8|app: 0|req: 663/1329] 10.0.0.230 () {32 vars in 815 bytes} [Thu Apr 9 14:54:09 2026] GET /resource_providers/e06c630b-fde1-4b59-b84d-32cbac3ead60/aggregates => generated 235 bytes in 101 msecs (HTTP/1.1 404) 5 headers in 202 bytes (1 switches on core 0)
2026-04-09 14:54:09.808 7 INFO placement.requestlog [None req-eac533e9-fc66-43c6-af47-c67423615ad2 ae95f7de06c24e3780f9e3fde44b0d69 ae73462798104df78b0230d30bf99285 - - c0d5773cfdf3484d8cd70ebcc873b1ce c0d5773cfdf3484d8cd70ebcc873b1ce] 10.0.0.230 "DELETE /resource_providers/e06c630b-fde1-4b59-b84d-32cbac3ead60" status: 404 len: 246 microversion: 1.1 [pid: 7|app: 0|req: 667/1330] 10.0.0.230 () {34 vars in 815 bytes} [Thu Apr 9 14:54:09 2026] DELETE /resource_providers/e06c630b-fde1-4b59-b84d-32cbac3ead60 => generated 246 bytes in 10 msecs (HTTP/1.1 404) 6 headers in 231 bytes (1 switches on core 0)
2026-04-09 14:54:09.811 8 INFO placement.requestlog [None req-d3f2fb31-152f-4134-a80c-f5dd528e866d ae95f7de06c24e3780f9e3fde44b0d69 ae73462798104df78b0230d30bf99285 - - c0d5773cfdf3484d8cd70ebcc873b1ce c0d5773cfdf3484d8cd70ebcc873b1ce] 10.0.0.230 "DELETE /resource_providers/e06c630b-fde1-4b59-b84d-32cbac3ead60" status: 404 len: 246 microversion: 1.1 [pid: 8|app: 0|req: 664/1331] 10.0.0.230 () {34 vars in 815 bytes} [Thu Apr 9 14:54:09 2026] DELETE /resource_providers/e06c630b-fde1-4b59-b84d-32cbac3ead60 => generated 246 bytes in 7 msecs (HTTP/1.1 404) 6 headers in 231 bytes (1 switches on core 0)
2026-04-09 14:54:11.839 8 INFO placement.requestlog [None req-9f44a004-a7b0-4b0b-9a3b-96aaf043db04 ae95f7de06c24e3780f9e3fde44b0d69 ae73462798104df78b0230d30bf99285 - - c0d5773cfdf3484d8cd70ebcc873b1ce c0d5773cfdf3484d8cd70ebcc873b1ce] 10.0.0.230 "GET /resource_providers/7d324609-356c-486b-b114-974b8f7287e8/aggregates" status: 404 len: 235 microversion: 1.1 [pid: 8|app: 0|req: 665/1332] 10.0.0.230 () {32 vars in 815 bytes} [Thu Apr 9 14:54:11 2026] GET /resource_providers/7d324609-356c-486b-b114-974b8f7287e8/aggregates => generated 235 bytes in 9 msecs (HTTP/1.1 404) 5 headers in 202 bytes (1 switches on core 0)
2026-04-09 14:54:11.839 7 INFO placement.requestlog [None req-b407f6cf-636c-4de2-bff4-0b2c58a26768 ae95f7de06c24e3780f9e3fde44b0d69 ae73462798104df78b0230d30bf99285 - - c0d5773cfdf3484d8cd70ebcc873b1ce c0d5773cfdf3484d8cd70ebcc873b1ce] 10.0.0.230 "GET /resource_providers/7d324609-356c-486b-b114-974b8f7287e8/aggregates" status: 404 len: 235 microversion: 1.1 [pid: 7|app: 0|req: 668/1333] 10.0.0.230 () {32 vars in 815 bytes} [Thu Apr 9 14:54:11 2026] GET /resource_providers/7d324609-356c-486b-b114-974b8f7287e8/aggregates => generated 235 bytes in 11 msecs (HTTP/1.1 404) 5 headers in 202 bytes (1 switches on core 0)
2026-04-09 14:54:11.871 8 INFO placement.requestlog [None req-d889affe-fbad-4b54-9e4a-94973810a17e ae95f7de06c24e3780f9e3fde44b0d69 ae73462798104df78b0230d30bf99285 - - c0d5773cfdf3484d8cd70ebcc873b1ce c0d5773cfdf3484d8cd70ebcc873b1ce] 10.0.0.230 "DELETE /resource_providers/7d324609-356c-486b-b114-974b8f7287e8" status: 404 len: 246 microversion: 1.1
2026-04-09 14:54:11.871 7 INFO placement.requestlog [None req-47b559fb-7dd5-4f1d-84c1-5b6677cb515d ae95f7de06c24e3780f9e3fde44b0d69 ae73462798104df78b0230d30bf99285 - - c0d5773cfdf3484d8cd70ebcc873b1ce c0d5773cfdf3484d8cd70ebcc873b1ce] 10.0.0.230 "DELETE /resource_providers/7d324609-356c-486b-b114-974b8f7287e8" status: 404 len: 246 microversion: 1.1 [pid: 8|app: 0|req: 666/1334] 10.0.0.230 () {34 vars in 815 bytes} [Thu Apr 9 14:54:11 2026] DELETE /resource_providers/7d324609-356c-486b-b114-974b8f7287e8 => generated 246 bytes in 11 msecs (HTTP/1.1 404) 6 headers in 231 bytes (1 switches on core 0) [pid: 7|app: 0|req: 669/1335] 10.0.0.230 () {34 vars in 815 bytes} [Thu Apr 9 14:54:11 2026] DELETE /resource_providers/7d324609-356c-486b-b114-974b8f7287e8 => generated 246 bytes in 10 msecs (HTTP/1.1 404) 6 headers in 231 bytes (1 switches on core 0)
2026-04-09 14:54:11.892 8 INFO placement.requestlog [None req-6e7547c4-ce7f-4bc0-bc30-7c50bc318dd4 ae95f7de06c24e3780f9e3fde44b0d69 ae73462798104df78b0230d30bf99285 - - c0d5773cfdf3484d8cd70ebcc873b1ce c0d5773cfdf3484d8cd70ebcc873b1ce] 10.0.0.230 "GET /resource_providers/4bf04e42-af7b-400c-96b8-6b5c360c1ed8/aggregates" status: 404 len: 235 microversion: 1.1
2026-04-09 14:54:11.892 7 INFO placement.requestlog [None req-866fc053-5731-404e-a732-a64fc111d262 ae95f7de06c24e3780f9e3fde44b0d69 ae73462798104df78b0230d30bf99285 - - c0d5773cfdf3484d8cd70ebcc873b1ce c0d5773cfdf3484d8cd70ebcc873b1ce] 10.0.0.230 "GET /resource_providers/4bf04e42-af7b-400c-96b8-6b5c360c1ed8/aggregates" status: 404 len: 235 microversion: 1.1 [pid: 8|app: 0|req: 667/1336] 10.0.0.230 () {32 vars in 815 bytes} [Thu Apr 9 14:54:11 2026] GET /resource_providers/4bf04e42-af7b-400c-96b8-6b5c360c1ed8/aggregates => generated 235 bytes in 9 msecs (HTTP/1.1 404) 5 headers in 202 bytes (1 switches on core 0) [pid: 7|app: 0|req: 670/1337] 10.0.0.230 () {32 vars in 815 bytes} [Thu Apr 9 14:54:11 2026] GET /resource_providers/4bf04e42-af7b-400c-96b8-6b5c360c1ed8/aggregates => generated 235 bytes in 9 msecs (HTTP/1.1 404) 5 headers in 202 bytes (1 switches on core 0)
2026-04-09 14:54:11.916 8 INFO placement.requestlog [None req-9c8dd412-48da-4570-85b3-cc080097adb3 ae95f7de06c24e3780f9e3fde44b0d69 ae73462798104df78b0230d30bf99285 - - c0d5773cfdf3484d8cd70ebcc873b1ce c0d5773cfdf3484d8cd70ebcc873b1ce] 10.0.0.230 "DELETE /resource_providers/4bf04e42-af7b-400c-96b8-6b5c360c1ed8" status: 404 len: 246 microversion: 1.1 [pid: 8|app: 0|req: 668/1338] 10.0.0.230 () {34 vars in 815 bytes} [Thu Apr 9 14:54:11 2026] DELETE /resource_providers/4bf04e42-af7b-400c-96b8-6b5c360c1ed8 => generated 246 bytes in 10 msecs (HTTP/1.1 404) 6 headers in 231 bytes (1 switches on core 0)
2026-04-09 14:54:11.918 7 INFO placement.requestlog [None req-d3b56e1b-e093-4502-bf5a-d09192f29097 ae95f7de06c24e3780f9e3fde44b0d69 ae73462798104df78b0230d30bf99285 - - c0d5773cfdf3484d8cd70ebcc873b1ce c0d5773cfdf3484d8cd70ebcc873b1ce] 10.0.0.230 "DELETE /resource_providers/4bf04e42-af7b-400c-96b8-6b5c360c1ed8" status: 404 len: 246 microversion: 1.1 [pid: 7|app: 0|req: 671/1339] 10.0.0.230 () {34 vars in 815 bytes} [Thu Apr 9 14:54:11 2026] DELETE /resource_providers/4bf04e42-af7b-400c-96b8-6b5c360c1ed8 => generated 246 bytes in 10 msecs (HTTP/1.1 404) 6 headers in 231 bytes (1 switches on core 0)
2026-04-09 14:54:13.935 8 INFO placement.requestlog [None req-058b0e7f-d84d-4b31-bc4a-a2e486071495 ae95f7de06c24e3780f9e3fde44b0d69 ae73462798104df78b0230d30bf99285 - - c0d5773cfdf3484d8cd70ebcc873b1ce c0d5773cfdf3484d8cd70ebcc873b1ce] 10.0.0.230 "GET /resource_providers/963b922f-c900-4706-b893-2595c31d3553/aggregates" status: 404 len: 235 microversion: 1.1 [pid: 8|app: 0|req: 669/1340] 10.0.0.230 () {32 vars in 815 bytes} [Thu Apr 9 14:54:13 2026] GET /resource_providers/963b922f-c900-4706-b893-2595c31d3553/aggregates => generated 235 bytes in 8 msecs (HTTP/1.1 404) 5 headers in 202 bytes (1 switches on core 0)
2026-04-09 14:54:13.939 7 INFO placement.requestlog [None req-a728db64-5909-450a-9b22-13a551bbf004 ae95f7de06c24e3780f9e3fde44b0d69 ae73462798104df78b0230d30bf99285 - - c0d5773cfdf3484d8cd70ebcc873b1ce c0d5773cfdf3484d8cd70ebcc873b1ce] 10.0.0.230 "GET /resource_providers/963b922f-c900-4706-b893-2595c31d3553/aggregates" status: 404 len: 235 microversion: 1.1 [pid: 7|app: 0|req: 672/1341] 10.0.0.230 () {32 vars in 815 bytes} [Thu Apr 9 14:54:13 2026] GET /resource_providers/963b922f-c900-4706-b893-2595c31d3553/aggregates => generated 235 bytes in 10 msecs (HTTP/1.1 404) 5 headers in 202 bytes (1 switches on core 0)
