2026-06-26 11:47:26.103 9 INFO neutron.wsgi [None req-fab20d0e-cc05-4c75-8744-50cb354e859d e97ffa4268f2452491ee7d35a00f54a0 37271f98b85441ac9862343e478076ae - - - -] 10.0.0.244 "DELETE /v2.0/networks/290f4d26-dbd5-4c2d-8bec-222193bc76eb HTTP/1.1" status: 204 len: 168 time: 0.8079729
2026-06-26 11:47:26.214 9 INFO neutron.db.segments_db [None req-f53c8154-6b33-47ea-b164-cfa60f1acc44 e97ffa4268f2452491ee7d35a00f54a0 37271f98b85441ac9862343e478076ae - - - -] Added segment 1b778e2c-59b6-4958-aac4-340b40a765db of type geneve for network 3e396190-f53e-467a-b80e-18f6297faac4
2026-06-26 11:47:26.266 9 INFO neutron.wsgi [None req-80dd6744-f175-4eb0-a570-ff9d546607e8 e66a2b0db73341e6a7718ab7e0559acf 6a3184a1dc7e4370a98be7fe878456ba - - - -] 10.0.0.244 "DELETE /v2.0/subnets/c57c72bb-145b-4dea-9c5c-49f9a8eba18a HTTP/1.1" status: 204 len: 168 time: 0.3329012
2026-06-26 11:47:26.383 9 INFO neutron.db.ovn_revision_numbers_db [None req-f53c8154-6b33-47ea-b164-cfa60f1acc44 e97ffa4268f2452491ee7d35a00f54a0 37271f98b85441ac9862343e478076ae - - - -] Successfully bumped revision number for resource 3e396190-f53e-467a-b80e-18f6297faac4 (type: networks) to 1
2026-06-26 11:47:26.431 10 INFO neutron.wsgi [None req-5569cbfb-7bc2-40f7-b570-2defc911e0ce 47373abbc8c14da2902bd60b65ee6414 2ce29b23975846f39c1d24635ed2c2d5 - - - -] 10.0.0.244 "DELETE /v2.0/routers/d74a89ce-ba0d-4546-9e6c-c0fad8c1f248 HTTP/1.1" status: 204 len: 168 time: 1.3861365
2026-06-26 11:47:26.464 10 INFO neutron.wsgi [None req-7e5e000d-a113-4f9d-a10c-6e52b1095be8 47373abbc8c14da2902bd60b65ee6414 2ce29b23975846f39c1d24635ed2c2d5 - - default default] 10.0.0.244 "GET /v2.0/ports?device_id=d74a89ce-ba0d-4546-9e6c-c0fad8c1f248 HTTP/1.1" status: 200 len: 205 time: 0.0220113
2026-06-26 11:47:26.494 10 INFO neutron.api.v2.resource [None req-c11fc7d2-8211-45af-a3ea-78cd96b6f928 47373abbc8c14da2902bd60b65ee6414 2ce29b23975846f39c1d24635ed2c2d5 - - - -] delete failed (client error): The resource could not be found.
2026-06-26 11:47:26.495 10 INFO neutron.wsgi [None req-c11fc7d2-8211-45af-a3ea-78cd96b6f928 47373abbc8c14da2902bd60b65ee6414 2ce29b23975846f39c1d24635ed2c2d5 - - - -] 10.0.0.244 "DELETE /v2.0/routers/d74a89ce-ba0d-4546-9e6c-c0fad8c1f248 HTTP/1.1" status: 404 len: 336 time: 0.0252652
2026-06-26 11:47:26.526 9 INFO neutron.wsgi [None req-bff878b3-e723-4a3f-b153-7dc68e942396 47373abbc8c14da2902bd60b65ee6414 2ce29b23975846f39c1d24635ed2c2d5 - - default default] 10.0.0.244 "GET /v2.0/ports?device_id=40762bdb-34c9-4e7f-9a6b-dc0efabc2fcc HTTP/1.1" status: 200 len: 205 time: 0.0234573
2026-06-26 11:47:26.569 10 INFO neutron.api.v2.resource [None req-3837a3ce-676e-4c86-bcbf-ab1f77b09ee0 47373abbc8c14da2902bd60b65ee6414 2ce29b23975846f39c1d24635ed2c2d5 - - - -] delete failed (client error): The resource could not be found.
2026-06-26 11:47:26.571 10 INFO neutron.wsgi [None req-3837a3ce-676e-4c86-bcbf-ab1f77b09ee0 47373abbc8c14da2902bd60b65ee6414 2ce29b23975846f39c1d24635ed2c2d5 - - - -] 10.0.0.244 "DELETE /v2.0/routers/40762bdb-34c9-4e7f-9a6b-dc0efabc2fcc HTTP/1.1" status: 404 len: 336 time: 0.0394919
2026-06-26 11:47:26.592 9 WARNING neutron.scheduler.dhcp_agent_scheduler [None req-f53c8154-6b33-47ea-b164-cfa60f1acc44 e97ffa4268f2452491ee7d35a00f54a0 37271f98b85441ac9862343e478076ae - - - -] No more DHCP agents
2026-06-26 11:47:26.604 9 WARNING neutron.api.rpc.agentnotifiers.dhcp_rpc_agent_api [None req-f53c8154-6b33-47ea-b164-cfa60f1acc44 e97ffa4268f2452491ee7d35a00f54a0 37271f98b85441ac9862343e478076ae - - - -] Unable to schedule network 3e396190-f53e-467a-b80e-18f6297faac4: no agents available; will retry on subsequent port and subnet creation events.
2026-06-26 11:47:26.608 9 INFO neutron.pecan_wsgi.hooks.translation [None req-e992f0bd-9a6f-4634-8a04-248df87f1d75 47373abbc8c14da2902bd60b65ee6414 2ce29b23975846f39c1d24635ed2c2d5 - - - -] DELETE failed (client error): The resource could not be found.
2026-06-26 11:47:26.611 9 INFO neutron.wsgi [None req-e992f0bd-9a6f-4634-8a04-248df87f1d75 47373abbc8c14da2902bd60b65ee6414 2ce29b23975846f39c1d24635ed2c2d5 - - - -] 10.0.0.244 "DELETE /v2.0/subnets/bf21e602-6919-4a14-9d42-8af9da407d4c HTTP/1.1" status: 404 len: 337 time: 0.0329614
2026-06-26 11:47:26.627 10 INFO neutron.wsgi [None req-44883bec-3636-46f8-b1a7-dd6ff5c6e782 e66a2b0db73341e6a7718ab7e0559acf 6a3184a1dc7e4370a98be7fe878456ba - - - -] 10.0.0.244 "DELETE /v2.0/subnets/1fab3523-d2e2-4737-b79f-a97db6e2c207 HTTP/1.1" status: 204 len: 168 time: 0.3545580
2026-06-26 11:47:26.654 9 INFO neutron.wsgi [None req-d55b87d3-d088-4bd7-89e2-a7c55649fd82 47373abbc8c14da2902bd60b65ee6414 2ce29b23975846f39c1d24635ed2c2d5 - - default default] 10.0.0.244 "GET /v2.0/ports?device_id=2146f7da-99ab-4fb8-9746-43a5cfcadc88 HTTP/1.1" status: 200 len: 205 time: 0.0340939
2026-06-26 11:47:26.694 10 INFO neutron.api.v2.resource [None req-a0ed50b4-8130-4c1b-885f-677c0160dc88 47373abbc8c14da2902bd60b65ee6414 2ce29b23975846f39c1d24635ed2c2d5 - - - -] delete failed (client error): The resource could not be found.
2026-06-26 11:47:26.695 10 INFO neutron.wsgi [None req-a0ed50b4-8130-4c1b-885f-677c0160dc88 47373abbc8c14da2902bd60b65ee6414 2ce29b23975846f39c1d24635ed2c2d5 - - - -] 10.0.0.244 "DELETE /v2.0/routers/2146f7da-99ab-4fb8-9746-43a5cfcadc88 HTTP/1.1" status: 404 len: 336 time: 0.0351665
2026-06-26 11:47:26.701 9 INFO neutron.wsgi [req-06fd5098-c885-4a48-90a3-61902d44e840 req-f045b95c-4263-40ee-a07e-e53aefef3630 812cc96d6d80415b86a67f80674d5cd5 336fd326b0fb4deb820530a003a46c1b - - default default] 10.0.0.217 "GET /v2.0/ports?device_id=80923691-7d0d-4edf-93e7-fc8fa3fc23ed HTTP/1.1" status: 200 len: 1214 time: 0.0574238
2026-06-26 11:47:26.719 9 INFO neutron.db.ovn_revision_numbers_db [None req-f53c8154-6b33-47ea-b164-cfa60f1acc44 e97ffa4268f2452491ee7d35a00f54a0 37271f98b85441ac9862343e478076ae - - - -] Successfully bumped revision number for resource e65e9e39-9ff2-4c26-9766-f1abc68ad0b7 (type: ports) to 1
2026-06-26 11:47:26.724 10 INFO neutron.pecan_wsgi.hooks.translation [None req-80d13885-b50d-41a5-b173-b9aac83a11f0 47373abbc8c14da2902bd60b65ee6414 2ce29b23975846f39c1d24635ed2c2d5 - - - -] DELETE failed (client error): The resource could not be found.
2026-06-26 11:47:26.727 10 INFO neutron.wsgi [None req-80d13885-b50d-41a5-b173-b9aac83a11f0 47373abbc8c14da2902bd60b65ee6414 2ce29b23975846f39c1d24635ed2c2d5 - - - -] 10.0.0.244 "DELETE /v2.0/subnets/15db0b39-89ce-4eae-a618-6973352f49ac HTTP/1.1" status: 404 len: 337 time: 0.0250974
2026-06-26 11:47:26.768 9 INFO neutron.wsgi [None req-d0de40ae-77a4-4fe7-8564-1ba875769391 47373abbc8c14da2902bd60b65ee6414 2ce29b23975846f39c1d24635ed2c2d5 - - default default] 10.0.0.244 "GET /v2.0/ports?device_id=4979f1ff-fe7d-4c9b-965d-955913ba3d3d HTTP/1.1" status: 200 len: 205 time: 0.0344610
2026-06-26 11:47:26.773 9 INFO neutron.wsgi [None req-f53c8154-6b33-47ea-b164-cfa60f1acc44 e97ffa4268f2452491ee7d35a00f54a0 37271f98b85441ac9862343e478076ae - - - -] 10.0.0.244 "POST /v2.0/networks HTTP/1.1" status: 201 len: 829 time: 0.6614213
2026-06-26 11:47:26.780 9 INFO neutron.wsgi [req-06fd5098-c885-4a48-90a3-61902d44e840 req-66470e27-2c86-4ba2-9cc9-552b8e8b6e1c 812cc96d6d80415b86a67f80674d5cd5 336fd326b0fb4deb820530a003a46c1b - - default default] 10.0.0.217 "GET /v2.0/security-groups?id=24336654-fdbd-49e1-8bfc-5307dd43fece&id=819ea9ac-70a9-4545-ab84-52c8c611adb6&fields=id&fields=name HTTP/1.1" status: 200 len: 404 time: 0.0687983
2026-06-26 11:47:26.812 10 INFO neutron.api.v2.resource [None req-8c7eff53-1577-4c42-93ad-77802cc04e9e 47373abbc8c14da2902bd60b65ee6414 2ce29b23975846f39c1d24635ed2c2d5 - - - -] delete failed (client error): The resource could not be found.
2026-06-26 11:47:26.814 10 INFO neutron.wsgi [None req-8c7eff53-1577-4c42-93ad-77802cc04e9e 47373abbc8c14da2902bd60b65ee6414 2ce29b23975846f39c1d24635ed2c2d5 - - - -] 10.0.0.244 "DELETE /v2.0/routers/4979f1ff-fe7d-4c9b-965d-955913ba3d3d HTTP/1.1" status: 404 len: 336 time: 0.0409200
2026-06-26 11:47:26.846 10 INFO neutron.pecan_wsgi.hooks.translation [None req-456fda0a-7e7b-4c2e-8617-c41f22b8264b 47373abbc8c14da2902bd60b65ee6414 2ce29b23975846f39c1d24635ed2c2d5 - - - -] DELETE failed (client error): The resource could not be found.
2026-06-26 11:47:26.848 10 INFO neutron.wsgi [None req-456fda0a-7e7b-4c2e-8617-c41f22b8264b 47373abbc8c14da2902bd60b65ee6414 2ce29b23975846f39c1d24635ed2c2d5 - - - -] 10.0.0.244 "DELETE /v2.0/subnets/2a8d9cdf-8079-44e5-9807-3a42023b21ce HTTP/1.1" status: 404 len: 337 time: 0.0280652
2026-06-26 11:47:26.871 9 INFO neutron.wsgi [req-acff7782-5d28-43a8-aea6-408442fa5a9b req-776b6607-e314-4ec4-b72e-d8eca3d7031d 812cc96d6d80415b86a67f80674d5cd5 336fd326b0fb4deb820530a003a46c1b - - default default] 10.0.0.217 "GET /v2.0/ports?device_id=80923691-7d0d-4edf-93e7-fc8fa3fc23ed HTTP/1.1" status: 200 len: 1214 time: 0.0355165
2026-06-26 11:47:26.879 10 INFO neutron.pecan_wsgi.hooks.translation [None req-e4a0ff77-9369-4e0a-9c91-b50270916633 47373abbc8c14da2902bd60b65ee6414 2ce29b23975846f39c1d24635ed2c2d5 - - - -] DELETE failed (client error): The resource could not be found.
2026-06-26 11:47:26.881 10 INFO neutron.wsgi [None req-e4a0ff77-9369-4e0a-9c91-b50270916633 47373abbc8c14da2902bd60b65ee6414 2ce29b23975846f39c1d24635ed2c2d5 - - - -] 10.0.0.244 "DELETE /v2.0/subnets/930361b0-6bdf-47c0-86e1-c2c47cfcb60b HTTP/1.1" status: 404 len: 337 time: 0.0245140
2026-06-26 11:47:26.951 10 INFO neutron.wsgi [None req-4303f3d0-7b94-4ae5-9909-aa4d1933a481 e66a2b0db73341e6a7718ab7e0559acf 6a3184a1dc7e4370a98be7fe878456ba - - - -] 10.0.0.244 "DELETE /v2.0/subnets/33ada434-dc28-4ab8-b691-136cc796ff39 HTTP/1.1" status: 204 len: 168 time: 0.3150885
2026-06-26 11:47:27.154 10 INFO neutron.wsgi [None req-3dbdf799-dff4-4c58-a0fb-7bba78ac1671 e66a2b0db73341e6a7718ab7e0559acf 6a3184a1dc7e4370a98be7fe878456ba - - - -] 10.0.0.244 "DELETE /v2.0/subnets/940e5108-1e3a-45b3-ba1d-576d7ed07cf7 HTTP/1.1" status: 204 len: 168 time: 0.1962364
2026-06-26 11:47:27.312 10 INFO neutron.notifiers.nova [-] Nova event matching ['req-855f7c0e-eae5-40e9-b40e-eaa68d1a2163'] response: {'server_uuid': '80923691-7d0d-4edf-93e7-fc8fa3fc23ed', 'name': 'network-vif-plugged', 'status': 'completed', 'tag': 'b02dfe81-b12d-44a7-a67a-c0bc8498e76f', 'code': 200}
2026-06-26 11:47:27.388 10 INFO neutron.wsgi [None req-1cd25dab-f95e-4a27-b6f8-b393efd568d4 e66a2b0db73341e6a7718ab7e0559acf 6a3184a1dc7e4370a98be7fe878456ba - - - -] 10.0.0.244 "DELETE /v2.0/subnets/5abb1bf0-f38a-4625-8547-1f18bbe1b917 HTTP/1.1" status: 204 len: 168 time: 0.2289615
2026-06-26 11:47:27.513 10 INFO neutron.wsgi [None req-8823365d-b364-4ae5-9661-621ce57e3463 df8495ed640840688305c2e7be167d6a 1ac5f51cc12349ee86486f512b35bb2a - - default default] 10.0.0.244 "GET /v2.0/security-groups?tenant_id=2ce29b23975846f39c1d24635ed2c2d5&name=default HTTP/1.1" status: 200 len: 2996 time: 0.1706104
2026-06-26 11:47:27.557 9 WARNING neutron.scheduler.dhcp_agent_scheduler [None req-ab626fd7-3e63-453d-b537-7c38049d4084 e97ffa4268f2452491ee7d35a00f54a0 37271f98b85441ac9862343e478076ae - - - -] No more DHCP agents
2026-06-26 11:47:27.565 9 WARNING neutron.api.rpc.agentnotifiers.dhcp_rpc_agent_api [None req-ab626fd7-3e63-453d-b537-7c38049d4084 e97ffa4268f2452491ee7d35a00f54a0 37271f98b85441ac9862343e478076ae - - - -] Unable to schedule network 3e396190-f53e-467a-b80e-18f6297faac4: no agents available; will retry on subsequent port and subnet creation events.
2026-06-26 11:47:27.593 9 INFO neutron.db.l3_db [None req-2169f438-ab07-4407-bdf5-1ddcaaf9473f 812cc96d6d80415b86a67f80674d5cd5 336fd326b0fb4deb820530a003a46c1b - - - -] Floating IP 6ab08d46-4479-454c-a721-1f9054f7e7d2 associated. External IP: 10.96.250.218, port: b02dfe81-b12d-44a7-a67a-c0bc8498e76f.
2026-06-26 11:47:27.790 10 INFO neutron.services.segments.plugin [-] Segment 55cc5ebd-261d-493a-948a-077e76b6fc7c resource provider aggregate not found
2026-06-26 11:47:27.795 10 INFO neutron.services.segments.plugin [-] Segment 55cc5ebd-261d-493a-948a-077e76b6fc7c resource provider aggregate not found
2026-06-26 11:47:27.810 10 INFO neutron.services.segments.plugin [-] Segment 55cc5ebd-261d-493a-948a-077e76b6fc7c resource provider not found; error: Placement Client Error (4xx): {"errors": [{"status": 404, "title": "Not Found", "detail": "The resource could not be found.\n\n No resource provider with uuid 55cc5ebd-261d-493a-948a-077e76b6fc7c found for delete ", "request_id": "req-504d6698-009e-4393-a37d-8db86997a0e7"}]}
2026-06-26 11:47:27.817 10 INFO neutron.services.segments.plugin [-] Segment 55cc5ebd-261d-493a-948a-077e76b6fc7c resource provider not found; error: Placement Client Error (4xx): {"errors": [{"status": 404, "title": "Not Found", "detail": "The resource could not be found.\n\n No resource provider with uuid 55cc5ebd-261d-493a-948a-077e76b6fc7c found for delete ", "request_id": "req-93f0122c-cc2a-4d85-8b24-e5404dd3e974"}]}
2026-06-26 11:47:27.822 10 INFO neutron.wsgi [None req-31a08b61-8263-4604-9000-7e11d22899a1 df8495ed640840688305c2e7be167d6a 1ac5f51cc12349ee86486f512b35bb2a - - - -] 10.0.0.244 "DELETE /v2.0/security-groups/7c98b805-868f-41a1-8029-03cedb9da2a9 HTTP/1.1" status: 204 len: 168 time: 0.3051515
2026-06-26 11:47:27.834 10 INFO neutron.wsgi [None req-b3dfbb67-ccf5-4c5c-a658-526d91b032cd e66a2b0db73341e6a7718ab7e0559acf 6a3184a1dc7e4370a98be7fe878456ba - - - -] 10.0.0.244 "DELETE /v2.0/networks/fcd244fc-ebf4-46de-989e-406abc165378 HTTP/1.1" status: 204 len: 168 time: 0.4366572
2026-06-26 11:47:27.937 9 INFO neutron.db.ovn_revision_numbers_db [None req-2169f438-ab07-4407-bdf5-1ddcaaf9473f 812cc96d6d80415b86a67f80674d5cd5 336fd326b0fb4deb820530a003a46c1b - - - -] Successfully bumped revision number for resource 6ab08d46-4479-454c-a721-1f9054f7e7d2 (type: floatingips) to 1
2026-06-26 11:47:28.169 9 INFO neutron.db.ovn_revision_numbers_db [None req-2169f438-ab07-4407-bdf5-1ddcaaf9473f 812cc96d6d80415b86a67f80674d5cd5 336fd326b0fb4deb820530a003a46c1b - - - -] Successfully bumped revision number for resource 6ab08d46-4479-454c-a721-1f9054f7e7d2 (type: floatingips) to 2
2026-06-26 11:47:28.225 9 INFO neutron.wsgi [None req-2169f438-ab07-4407-bdf5-1ddcaaf9473f 812cc96d6d80415b86a67f80674d5cd5 336fd326b0fb4deb820530a003a46c1b - - - -] 10.0.0.244 "PUT /v2.0/floatingips/6ab08d46-4479-454c-a721-1f9054f7e7d2 HTTP/1.1" status: 200 len: 1050 time: 1.3413320
2026-06-26 11:47:28.275 9 INFO neutron.notifiers.nova [-] Nova event matching ['req-854e1ea4-bc1c-45e1-8356-672eb8858441'] response: {'name': 'network-changed', 'server_uuid': '80923691-7d0d-4edf-93e7-fc8fa3fc23ed', 'tag': 'b02dfe81-b12d-44a7-a67a-c0bc8498e76f', 'status': 'completed', 'code': 200}
2026-06-26 11:47:28.381 9 INFO neutron.wsgi [req-723cf759-31e6-41f0-a0b9-f815eaf111d9 req-6ec9672c-de7c-4fe5-b9bf-efccaf595e59 c3c02c2477a94e50883937a26e176a15 45ebc3d5ca9b44b8891a6a80f82018cf - - 87bcd1705dc64560863af3bcd89e4ff5 87bcd1705dc64560863af3bcd89e4ff5] 199.204.45.23 "GET /v2.0/ports?tenant_id=336fd326b0fb4deb820530a003a46c1b&device_id=80923691-7d0d-4edf-93e7-fc8fa3fc23ed HTTP/1.1" status: 200 len: 1404 time: 0.0692163
2026-06-26 11:47:28.797 9 WARNING neutron.plugins.ml2.drivers.ovn.mech_driver.ovsdb.ovn_client [None req-8d4b730d-af0f-40a8-8cce-5504e4afbfa8 - - - - - -] No port found with ID b4d531f8-a939-4dfc-acd3-40d454e3cee8: RuntimeError: No port found with ID b4d531f8-a939-4dfc-acd3-40d454e3cee8
2026-06-26 11:47:28.838 9 INFO neutron.wsgi [req-723cf759-31e6-41f0-a0b9-f815eaf111d9 req-0e29fc35-4159-44be-a893-30f44af5fedb c3c02c2477a94e50883937a26e176a15 45ebc3d5ca9b44b8891a6a80f82018cf - - 87bcd1705dc64560863af3bcd89e4ff5 87bcd1705dc64560863af3bcd89e4ff5] 199.204.45.23 "GET /v2.0/networks?id=a5a3c08b-b430-466c-94c2-c7ca6dcbb78c HTTP/1.1" status: 200 len: 971 time: 0.4498773
2026-06-26 11:47:28.839 9 INFO neutron.db.ovn_revision_numbers_db [None req-ab626fd7-3e63-453d-b537-7c38049d4084 e97ffa4268f2452491ee7d35a00f54a0 37271f98b85441ac9862343e478076ae - - - -] Successfully bumped revision number for resource e65e9e39-9ff2-4c26-9766-f1abc68ad0b7 (type: ports) to 2
2026-06-26 11:47:28.841 9 INFO neutron.services.segments.plugin [-] Segment 1453a2ed-728e-44b3-8c07-e31446e9fe16 resource provider aggregate not found
2026-06-26 11:47:28.849 9 INFO neutron.services.segments.plugin [-] Segment 1453a2ed-728e-44b3-8c07-e31446e9fe16 resource provider aggregate not found
2026-06-26 11:47:28.873 9 INFO neutron.services.segments.plugin [-] Segment 1453a2ed-728e-44b3-8c07-e31446e9fe16 resource provider not found; error: Placement Client Error (4xx): {"errors": [{"status": 404, "title": "Not Found", "detail": "The resource could not be found.\n\n No resource provider with uuid 1453a2ed-728e-44b3-8c07-e31446e9fe16 found for delete ", "request_id": "req-065ce121-1fec-435a-947f-22287d12f9d0"}]}
2026-06-26 11:47:28.874 9 INFO neutron.services.segments.plugin [-] Segment 1453a2ed-728e-44b3-8c07-e31446e9fe16 resource provider not found; error: Placement Client Error (4xx): {"errors": [{"status": 404, "title": "Not Found", "detail": "The resource could not be found.\n\n No resource provider with uuid 1453a2ed-728e-44b3-8c07-e31446e9fe16 found for delete ", "request_id": "req-0c689e51-2ce4-4b31-9b54-891f191c2b26"}]}
2026-06-26 11:47:28.905 9 INFO neutron.db.ovn_revision_numbers_db [None req-ab626fd7-3e63-453d-b537-7c38049d4084 e97ffa4268f2452491ee7d35a00f54a0 37271f98b85441ac9862343e478076ae - - - -] Successfully bumped revision number for resource c19b2035-4eed-445e-95fa-0b84d8d1246d (type: subnets) to 0
2026-06-26 11:47:28.923 9 INFO neutron.wsgi [req-723cf759-31e6-41f0-a0b9-f815eaf111d9 req-be6458a1-c5d0-4ca2-a505-b5747be2e330 c3c02c2477a94e50883937a26e176a15 45ebc3d5ca9b44b8891a6a80f82018cf - - 87bcd1705dc64560863af3bcd89e4ff5 87bcd1705dc64560863af3bcd89e4ff5] 199.204.45.23 "GET /v2.0/floatingips?fixed_ip_address=10.100.0.13&port_id=b02dfe81-b12d-44a7-a67a-c0bc8498e76f HTTP/1.1" status: 200 len: 1060 time: 0.0709586
2026-06-26 11:47:28.929 9 INFO neutron.wsgi [None req-7cee3c82-af47-431f-962f-3d857a655fdc e66a2b0db73341e6a7718ab7e0559acf 6a3184a1dc7e4370a98be7fe878456ba - - - -] 10.0.0.244 "DELETE /v2.0/networks/8e10da62-7a7f-49c6-bd37-81c74353fe1c HTTP/1.1" status: 204 len: 168 time: 1.0873058
2026-06-26 11:47:28.933 9 INFO neutron.wsgi [None req-ab626fd7-3e63-453d-b537-7c38049d4084 e97ffa4268f2452491ee7d35a00f54a0 37271f98b85441ac9862343e478076ae - - - -] 10.0.0.244 "POST /v2.0/subnets HTTP/1.1" status: 201 len: 801 time: 2.1531060 /var/lib/openstack/lib/python3.10/site-packages/pycadf/identifier.py:71: UserWarning: Invalid uuid: neutron. To ensure interoperability, identifiers should be a valid uuid. warnings.warn(('Invalid uuid: %s. To ensure interoperability, '
2026-06-26 11:47:28.974 9 INFO neutron.wsgi [req-723cf759-31e6-41f0-a0b9-f815eaf111d9 req-23e92329-63e0-44d9-b52b-7958e427f2fb c3c02c2477a94e50883937a26e176a15 45ebc3d5ca9b44b8891a6a80f82018cf - - 87bcd1705dc64560863af3bcd89e4ff5 87bcd1705dc64560863af3bcd89e4ff5] 199.204.45.23 "GET /v2.0/subnets?id=67618a14-bc21-47c7-af40-aeac3ecad617 HTTP/1.1" status: 200 len: 866 time: 0.0442712
2026-06-26 11:47:28.999 9 INFO neutron.wsgi [req-723cf759-31e6-41f0-a0b9-f815eaf111d9 req-dcde8269-3a78-4d24-8941-e8f9da98d1a6 c3c02c2477a94e50883937a26e176a15 45ebc3d5ca9b44b8891a6a80f82018cf - - 87bcd1705dc64560863af3bcd89e4ff5 87bcd1705dc64560863af3bcd89e4ff5] 199.204.45.23 "GET /v2.0/ports?network_id=a5a3c08b-b430-466c-94c2-c7ca6dcbb78c&device_owner=network%3Adhcp HTTP/1.1" status: 200 len: 210 time: 0.0205417
2026-06-26 11:47:29.119 9 INFO neutron.wsgi [req-723cf759-31e6-41f0-a0b9-f815eaf111d9 req-00d9583b-c997-4e1f-be59-1deab89587c9 c3c02c2477a94e50883937a26e176a15 45ebc3d5ca9b44b8891a6a80f82018cf - - 87bcd1705dc64560863af3bcd89e4ff5 87bcd1705dc64560863af3bcd89e4ff5] 199.204.45.23 "GET /v2.0/networks/a5a3c08b-b430-466c-94c2-c7ca6dcbb78c?fields=segments HTTP/1.1" status: 200 len: 212 time: 0.1068320
2026-06-26 11:47:29.203 9 INFO neutron.db.ovn_revision_numbers_db [None req-63ebdc6c-6715-49a2-857a-77d38153a129 e97ffa4268f2452491ee7d35a00f54a0 37271f98b85441ac9862343e478076ae - - - -] Successfully bumped revision number for resource fde4a832-bb10-4132-8b3b-753a45feed5b (type: routers) to 1
2026-06-26 11:47:29.223 9 INFO neutron.wsgi [req-723cf759-31e6-41f0-a0b9-f815eaf111d9 req-b12d485d-604b-4a5d-8ce3-479283d6f4c4 c3c02c2477a94e50883937a26e176a15 45ebc3d5ca9b44b8891a6a80f82018cf - - 87bcd1705dc64560863af3bcd89e4ff5 87bcd1705dc64560863af3bcd89e4ff5] 199.204.45.23 "GET /v2.0/networks/a5a3c08b-b430-466c-94c2-c7ca6dcbb78c?fields=provider%3Aphysical_network&fields=provider%3Anetwork_type HTTP/1.1" status: 200 len: 277 time: 0.0975685
2026-06-26 11:47:29.226 9 INFO neutron.wsgi [None req-63ebdc6c-6715-49a2-857a-77d38153a129 e97ffa4268f2452491ee7d35a00f54a0 37271f98b85441ac9862343e478076ae - - - -] 10.0.0.244 "POST /v2.0/routers HTTP/1.1" status: 201 len: 686 time: 0.2833157
2026-06-26 11:47:29.380 10 INFO neutron.wsgi [None req-f6d40a64-ee03-4254-8bd3-d63888fe53a6 e66a2b0db73341e6a7718ab7e0559acf 6a3184a1dc7e4370a98be7fe878456ba - - - -] 10.0.0.244 "DELETE /v2.0/networks/41594172-d842-4974-8a8f-26aa604e84aa HTTP/1.1" status: 204 len: 168 time: 0.4456308
2026-06-26 11:47:29.484 10 INFO neutron.wsgi [-] 10.0.0.184 "GET / HTTP/1.1" status: 200 len: 247 time: 0.0017822
2026-06-26 11:47:29.486 10 INFO neutron.wsgi [-] 10.0.0.184 "GET / HTTP/1.1" status: 200 len: 247 time: 0.0014899
2026-06-26 11:47:29.776 9 WARNING neutron.scheduler.dhcp_agent_scheduler [None req-dd9ac8c7-452a-4ba1-a4ce-2127b28e5033 e97ffa4268f2452491ee7d35a00f54a0 37271f98b85441ac9862343e478076ae - - default default] No more DHCP agents
2026-06-26 11:47:29.780 9 WARNING neutron.api.rpc.agentnotifiers.dhcp_rpc_agent_api [None req-dd9ac8c7-452a-4ba1-a4ce-2127b28e5033 e97ffa4268f2452491ee7d35a00f54a0 37271f98b85441ac9862343e478076ae - - default default] Unable to schedule network 3e396190-f53e-467a-b80e-18f6297faac4: no agents available; will retry on subsequent port and subnet creation events.
2026-06-26 11:47:29.835 10 INFO neutron.services.segments.plugin [-] Segment cfd85a4c-923b-4c44-aead-452800cd83de resource provider aggregate not found
2026-06-26 11:47:29.844 10 INFO neutron.services.segments.plugin [-] Segment cfd85a4c-923b-4c44-aead-452800cd83de resource provider aggregate not found
2026-06-26 11:47:29.863 10 INFO neutron.services.segments.plugin [-] Segment cfd85a4c-923b-4c44-aead-452800cd83de resource provider not found; error: Placement Client Error (4xx): {"errors": [{"status": 404, "title": "Not Found", "detail": "The resource could not be found.\n\n No resource provider with uuid cfd85a4c-923b-4c44-aead-452800cd83de found for delete ", "request_id": "req-6f0fcffa-a636-43b2-ba97-03905669aea9"}]}
2026-06-26 11:47:29.868 10 INFO neutron.services.segments.plugin [-] Segment cfd85a4c-923b-4c44-aead-452800cd83de resource provider not found; error: Placement Client Error (4xx): {"errors": [{"status": 404, "title": "Not Found", "detail": "The resource could not be found.\n\n No resource provider with uuid cfd85a4c-923b-4c44-aead-452800cd83de found for delete ", "request_id": "req-83cae7db-a61c-4221-b78c-a6c02523fc92"}]}
2026-06-26 11:47:29.981 9 INFO neutron.wsgi [None req-a53a9100-25ac-4dd4-9cab-24c9585ac692 e66a2b0db73341e6a7718ab7e0559acf 6a3184a1dc7e4370a98be7fe878456ba - - - -] 10.0.0.244 "DELETE /v2.0/networks/9229b286-aaf0-4a8d-93c1-d197f047616e HTTP/1.1" status: 204 len: 168 time: 0.5955691
2026-06-26 11:47:30.023 9 INFO neutron.db.ovn_revision_numbers_db [None req-dd9ac8c7-452a-4ba1-a4ce-2127b28e5033 e97ffa4268f2452491ee7d35a00f54a0 37271f98b85441ac9862343e478076ae - - default default] Successfully bumped revision number for resource 53d046c6-c510-4308-8c57-9dc39d45ce5b (type: ports) to 1
2026-06-26 11:47:30.376 10 INFO neutron.wsgi [None req-9df22e3c-c30e-45dd-8572-00a5dc872a4f e66a2b0db73341e6a7718ab7e0559acf 6a3184a1dc7e4370a98be7fe878456ba - - - -] 10.0.0.244 "DELETE /v2.0/networks/84a72d0b-0837-4f32-8309-72d38d505b73 HTTP/1.1" status: 204 len: 168 time: 0.3861592
2026-06-26 11:47:30.434 10 INFO neutron.plugins.ml2.drivers.ovn.mech_driver.mech_driver [None req-fd9721f4-af32-4575-beb7-8fc63908fd75 - - - - - -] OVN reports status up for port: 53d046c6-c510-4308-8c57-9dc39d45ce5b
2026-06-26 11:47:30.440 9 INFO neutron.db.ovn_revision_numbers_db [None req-dd9ac8c7-452a-4ba1-a4ce-2127b28e5033 e97ffa4268f2452491ee7d35a00f54a0 37271f98b85441ac9862343e478076ae - - default default] Successfully bumped revision number for resource 53d046c6-c510-4308-8c57-9dc39d45ce5b (type: router_ports) to 2
2026-06-26 11:47:30.443 10 INFO neutron.plugins.ml2.plugin [None req-fd9721f4-af32-4575-beb7-8fc63908fd75 - - - - - -] Attempt 1 to provision port 53d046c6-c510-4308-8c57-9dc39d45ce5b
2026-06-26 11:47:30.644 9 INFO neutron.db.ovn_revision_numbers_db [None req-dd9ac8c7-452a-4ba1-a4ce-2127b28e5033 e97ffa4268f2452491ee7d35a00f54a0 37271f98b85441ac9862343e478076ae - - default default] Successfully bumped revision number for resource 53d046c6-c510-4308-8c57-9dc39d45ce5b (type: ports) to 2
2026-06-26 11:47:30.724 9 WARNING neutron.scheduler.dhcp_agent_scheduler [None req-dd9ac8c7-452a-4ba1-a4ce-2127b28e5033 e97ffa4268f2452491ee7d35a00f54a0 37271f98b85441ac9862343e478076ae - - default default] No more DHCP agents
2026-06-26 11:47:30.725 9 WARNING neutron.api.rpc.agentnotifiers.dhcp_rpc_agent_api [None req-dd9ac8c7-452a-4ba1-a4ce-2127b28e5033 e97ffa4268f2452491ee7d35a00f54a0 37271f98b85441ac9862343e478076ae - - default default] Unable to schedule network 3e396190-f53e-467a-b80e-18f6297faac4: no agents available; will retry on subsequent port and subnet creation events.
2026-06-26 11:47:30.747 10 INFO neutron.db.ovn_revision_numbers_db [None req-fd9721f4-af32-4575-beb7-8fc63908fd75 - - - - - -] Successfully bumped revision number for resource 53d046c6-c510-4308-8c57-9dc39d45ce5b (type: ports) to 3
2026-06-26 11:47:30.850 10 INFO neutron.db.ovn_revision_numbers_db [None req-fd9721f4-af32-4575-beb7-8fc63908fd75 - - - - - -] Successfully bumped revision number for resource 53d046c6-c510-4308-8c57-9dc39d45ce5b (type: router_ports) to 3
2026-06-26 11:47:30.892 9 INFO neutron.db.ovn_revision_numbers_db [None req-dd9ac8c7-452a-4ba1-a4ce-2127b28e5033 e97ffa4268f2452491ee7d35a00f54a0 37271f98b85441ac9862343e478076ae - - - -] Successfully bumped revision number for resource 53d046c6-c510-4308-8c57-9dc39d45ce5b (type: router_ports) to 3
2026-06-26 11:47:30.896 9 INFO neutron.wsgi [None req-dd9ac8c7-452a-4ba1-a4ce-2127b28e5033 e97ffa4268f2452491ee7d35a00f54a0 37271f98b85441ac9862343e478076ae - - - -] 10.0.0.244 "PUT /v2.0/routers/fde4a832-bb10-4132-8b3b-753a45feed5b/add_router_interface HTTP/1.1" status: 200 len: 503 time: 1.6635609
2026-06-26 11:47:30.899 9 INFO neutron.services.segments.plugin [-] Segment 958f45c3-9273-4c49-8352-4ececb321bdd resource provider aggregate not found
2026-06-26 11:47:30.906 9 INFO neutron.services.segments.plugin [-] Segment 958f45c3-9273-4c49-8352-4ececb321bdd resource provider aggregate not found
2026-06-26 11:47:30.917 9 INFO neutron.services.segments.plugin [-] Segment 958f45c3-9273-4c49-8352-4ececb321bdd resource provider not found; error: Placement Client Error (4xx): {"errors": [{"status": 404, "title": "Not Found", "detail": "The resource could not be found.\n\n No resource provider with uuid 958f45c3-9273-4c49-8352-4ececb321bdd found for delete ", "request_id": "req-7cedf654-6aa6-47ed-a997-d8d465965e8a"}]}
2026-06-26 11:47:30.922 9 INFO neutron.services.segments.plugin [-] Segment 958f45c3-9273-4c49-8352-4ececb321bdd resource provider not found; error: Placement Client Error (4xx): {"errors": [{"status": 404, "title": "Not Found", "detail": "The resource could not be found.\n\n No resource provider with uuid 958f45c3-9273-4c49-8352-4ececb321bdd found for delete ", "request_id": "req-396b44b5-e4da-4dd3-9221-7c4f69231b6c"}]}
2026-06-26 11:47:31.011 10 INFO neutron.wsgi [None req-8eac42ac-7591-4ed2-84be-d13a69590da1 e97ffa4268f2452491ee7d35a00f54a0 37271f98b85441ac9862343e478076ae - - default default] 10.0.0.244 "GET /v2.0/ports/53d046c6-c510-4308-8c57-9dc39d45ce5b HTTP/1.1" status: 200 len: 1137 time: 0.1085849
2026-06-26 11:47:31.048 10 INFO neutron.wsgi [None req-e576e546-aa15-44b1-9e78-300db8725c04 e97ffa4268f2452491ee7d35a00f54a0 37271f98b85441ac9862343e478076ae - - default default] 10.0.0.244 "GET /v2.0/ports/53d046c6-c510-4308-8c57-9dc39d45ce5b HTTP/1.1" status: 200 len: 1137 time: 0.0301218
2026-06-26 11:47:31.502 9 INFO neutron.wsgi [None req-dcf75f5e-1e7e-4677-9fab-395141b1bb06 df8495ed640840688305c2e7be167d6a 1ac5f51cc12349ee86486f512b35bb2a - - default default] 10.0.0.244 "GET /v2.0/security-groups?tenant_id=6a3184a1dc7e4370a98be7fe878456ba&name=default HTTP/1.1" status: 200 len: 2996 time: 0.1383848
2026-06-26 11:47:31.691 9 INFO neutron.wsgi [None req-e304fe09-4aa6-41d6-a310-247b1673f0b8 df8495ed640840688305c2e7be167d6a 1ac5f51cc12349ee86486f512b35bb2a - - - -] 10.0.0.244 "DELETE /v2.0/security-groups/2b0f65a4-6d72-4d34-9668-572469f4e30a HTTP/1.1" status: 204 len: 168 time: 0.1839166
2026-06-26 11:47:31.895 10 INFO neutron.services.segments.plugin [-] Segment b6132d9e-ee18-43c7-baf5-4ccea835c56d resource provider aggregate not found
2026-06-26 11:47:31.899 10 INFO neutron.services.segments.plugin [-] Segment b6132d9e-ee18-43c7-baf5-4ccea835c56d resource provider aggregate not found
2026-06-26 11:47:31.941 9 INFO neutron.db.ovn_revision_numbers_db [None req-d41b0093-de6b-48d9-aba5-49e8e806a2ff df8495ed640840688305c2e7be167d6a 1ac5f51cc12349ee86486f512b35bb2a - - default default] Successfully bumped revision number for resource a0313672-e697-451a-82ac-6e6a5a6d5d7c (type: security_groups) to 1
2026-06-26 11:47:31.941 10 INFO neutron.services.segments.plugin [-] Segment b6132d9e-ee18-43c7-baf5-4ccea835c56d resource provider not found; error: Placement Client Error (4xx): {"errors": [{"status": 404, "title": "Not Found", "detail": "The resource could not be found.\n\n No resource provider with uuid b6132d9e-ee18-43c7-baf5-4ccea835c56d found for delete ", "request_id": "req-4fe64c07-f27a-477f-966b-7f907fe1a9c3"}]}
2026-06-26 11:47:31.943 10 INFO neutron.services.segments.plugin [-] Segment b6132d9e-ee18-43c7-baf5-4ccea835c56d resource provider not found; error: Placement Client Error (4xx): {"errors": [{"status": 404, "title": "Not Found", "detail": "The resource could not be found.\n\n No resource provider with uuid b6132d9e-ee18-43c7-baf5-4ccea835c56d found for delete ", "request_id": "req-6d24f447-0db7-4577-901c-bc873bd9355b"}]}
2026-06-26 11:47:31.955 10 INFO neutron.wsgi [None req-9bdb713c-f910-4d89-a373-ab77d769b962 e97ffa4268f2452491ee7d35a00f54a0 37271f98b85441ac9862343e478076ae - - - -] 10.0.0.244 "PUT /v2.0/routers/fde4a832-bb10-4132-8b3b-753a45feed5b/remove_router_interface HTTP/1.1" status: 200 len: 503 time: 0.8979700
2026-06-26 11:47:31.964 9 INFO neutron.wsgi [None req-d41b0093-de6b-48d9-aba5-49e8e806a2ff df8495ed640840688305c2e7be167d6a 1ac5f51cc12349ee86486f512b35bb2a - - default default] 10.0.0.244 "GET /v2.0/security-groups?tenant_id=da209b9b6d614954b9a7b1aba40bb13d&name=default HTTP/1.1" status: 200 len: 2996 time: 0.1225779 /var/lib/openstack/lib/python3.10/site-packages/pycadf/identifier.py:71: UserWarning: Invalid uuid: neutron. To ensure interoperability, identifiers should be a valid uuid. warnings.warn(('Invalid uuid: %s. To ensure interoperability, '
2026-06-26 11:47:31.989 10 INFO neutron.wsgi [None req-ac547540-2f03-4500-9715-2ee4eb8b4f0c e97ffa4268f2452491ee7d35a00f54a0 37271f98b85441ac9862343e478076ae - - default default] 10.0.0.244 "GET /v2.0/ports?device_id=fde4a832-bb10-4132-8b3b-753a45feed5b HTTP/1.1" status: 200 len: 205 time: 0.0274007
2026-06-26 11:47:32.154 9 INFO neutron.wsgi [None req-9c9a6d6d-99d0-46ac-868b-e2ae64578547 df8495ed640840688305c2e7be167d6a 1ac5f51cc12349ee86486f512b35bb2a - - - -] 10.0.0.244 "DELETE /v2.0/security-groups/a0313672-e697-451a-82ac-6e6a5a6d5d7c HTTP/1.1" status: 204 len: 168 time: 0.1852694
2026-06-26 11:47:32.226 10 INFO neutron.wsgi [None req-dfb4dc0f-8b17-4894-8f37-1188704dadfb e97ffa4268f2452491ee7d35a00f54a0 37271f98b85441ac9862343e478076ae - - - -] 10.0.0.244 "DELETE /v2.0/routers/fde4a832-bb10-4132-8b3b-753a45feed5b HTTP/1.1" status: 204 len: 168 time: 0.2321799
2026-06-26 11:47:32.474 10 INFO neutron.wsgi [None req-59d59597-9031-4612-a233-056f8e0324e4 e97ffa4268f2452491ee7d35a00f54a0 37271f98b85441ac9862343e478076ae - - - -] 10.0.0.244 "DELETE /v2.0/subnets/c19b2035-4eed-445e-95fa-0b84d8d1246d HTTP/1.1" status: 204 len: 168 time: 0.2429965
2026-06-26 11:47:32.499 10 INFO neutron.db.ovn_revision_numbers_db [None req-a0e203a9-f3cb-41e0-bfa4-89be7fbc7bd3 df8495ed640840688305c2e7be167d6a 1ac5f51cc12349ee86486f512b35bb2a - - default default] Successfully bumped revision number for resource 1dfcab2e-f3cf-4e63-b773-1be9269a1813 (type: security_groups) to 1
2026-06-26 11:47:32.520 10 INFO neutron.wsgi [None req-a0e203a9-f3cb-41e0-bfa4-89be7fbc7bd3 df8495ed640840688305c2e7be167d6a 1ac5f51cc12349ee86486f512b35bb2a - - default default] 10.0.0.244 "GET /v2.0/security-groups?tenant_id=466401b6e42f4653b9fb197ebd9548c0&name=default HTTP/1.1" status: 200 len: 2996 time: 0.1588297
2026-06-26 11:47:32.666 10 INFO neutron.db.ovn_revision_numbers_db [None req-aeec093a-bd2c-4f41-b345-66ddf182d99e df8495ed640840688305c2e7be167d6a 1ac5f51cc12349ee86486f512b35bb2a - - default default] Successfully bumped revision number for resource 7fe9443c-2b7c-4d7a-ab3a-24156ec1c23c (type: security_groups) to 1
2026-06-26 11:47:32.714 10 INFO neutron.wsgi [None req-aeec093a-bd2c-4f41-b345-66ddf182d99e df8495ed640840688305c2e7be167d6a 1ac5f51cc12349ee86486f512b35bb2a - - default default] 10.0.0.244 "GET /v2.0/security-groups?tenant_id=855af62db8ef47e79f9d3ab416e09b27&name=default HTTP/1.1" status: 200 len: 2996 time: 0.4102683
2026-06-26 11:47:32.768 10 INFO neutron.wsgi [None req-b99c7818-cfb9-40bd-bfbc-d1814fd65cca df8495ed640840688305c2e7be167d6a 1ac5f51cc12349ee86486f512b35bb2a - - - -] 10.0.0.244 "DELETE /v2.0/security-groups/1dfcab2e-f3cf-4e63-b773-1be9269a1813 HTTP/1.1" status: 204 len: 168 time: 0.2426980
2026-06-26 11:47:32.874 9 INFO neutron.wsgi [None req-e1cdd168-7b5d-4866-80b5-f2e55bec4992 e97ffa4268f2452491ee7d35a00f54a0 37271f98b85441ac9862343e478076ae - - - -] 10.0.0.244 "DELETE /v2.0/networks/3e396190-f53e-467a-b80e-18f6297faac4 HTTP/1.1" status: 204 len: 168 time: 0.3937268
2026-06-26 11:47:32.939 9 INFO neutron.services.segments.plugin [-] Segment 1b778e2c-59b6-4958-aac4-340b40a765db resource provider aggregate not found
2026-06-26 11:47:32.945 9 INFO neutron.services.segments.plugin [-] Segment 1b778e2c-59b6-4958-aac4-340b40a765db resource provider aggregate not found
2026-06-26 11:47:32.961 9 INFO neutron.services.segments.plugin [-] Segment 1b778e2c-59b6-4958-aac4-340b40a765db resource provider not found; error: Placement Client Error (4xx): {"errors": [{"status": 404, "title": "Not Found", "detail": "The resource could not be found.\n\n No resource provider with uuid 1b778e2c-59b6-4958-aac4-340b40a765db found for delete ", "request_id": "req-45fc59a5-2a98-440b-b32c-c5aae7a0d2a2"}]}
2026-06-26 11:47:32.962 9 INFO neutron.services.segments.plugin [-] Segment 1b778e2c-59b6-4958-aac4-340b40a765db resource provider not found; error: Placement Client Error (4xx): {"errors": [{"status": 404, "title": "Not Found", "detail": "The resource could not be found.\n\n No resource provider with uuid 1b778e2c-59b6-4958-aac4-340b40a765db found for delete ", "request_id": "req-72eb1fcf-94e4-4d46-83b8-7d1874732404"}]}
2026-06-26 11:47:32.965 9 INFO neutron.wsgi [None req-56fc04e3-7256-4bef-8700-a8bc1049d9ea df8495ed640840688305c2e7be167d6a 1ac5f51cc12349ee86486f512b35bb2a - - - -] 10.0.0.244 "DELETE /v2.0/security-groups/7fe9443c-2b7c-4d7a-ab3a-24156ec1c23c HTTP/1.1" status: 204 len: 168 time: 0.2448697
2026-06-26 11:47:33.310 10 INFO neutron.db.ovn_revision_numbers_db [None req-759eca66-a5bc-4caf-94f0-b1406d4b5306 df8495ed640840688305c2e7be167d6a 1ac5f51cc12349ee86486f512b35bb2a - - default default] Successfully bumped revision number for resource 7666614e-063c-48a5-ad5f-40fe6cbff06a (type: security_groups) to 1
2026-06-26 11:47:33.343 10 INFO neutron.wsgi [None req-759eca66-a5bc-4caf-94f0-b1406d4b5306 df8495ed640840688305c2e7be167d6a 1ac5f51cc12349ee86486f512b35bb2a - - default default] 10.0.0.244 "GET /v2.0/security-groups?tenant_id=be70e8b842cb4cfabe18b2afa0ad268d&name=default HTTP/1.1" status: 200 len: 2996 time: 0.2201853
2026-06-26 11:47:33.443 10 WARNING neutron.scheduler.dhcp_agent_scheduler [None req-ded129f1-51d1-4db5-bd5c-b617f54c934b e97ffa4268f2452491ee7d35a00f54a0 37271f98b85441ac9862343e478076ae - - - -] No more DHCP agents
2026-06-26 11:47:33.447 10 WARNING neutron.api.rpc.agentnotifiers.dhcp_rpc_agent_api [None req-ded129f1-51d1-4db5-bd5c-b617f54c934b e97ffa4268f2452491ee7d35a00f54a0 37271f98b85441ac9862343e478076ae - - - -] Unable to schedule network 20f6d01b-24c3-42c0-b7fb-c84d1393658f: no agents available; will retry on subsequent port and subnet creation events.
2026-06-26 11:47:33.550 9 INFO neutron.wsgi [None req-b71f5a7e-d631-4d41-8de7-3359480fa0a8 df8495ed640840688305c2e7be167d6a 1ac5f51cc12349ee86486f512b35bb2a - - - -] 10.0.0.244 "DELETE /v2.0/security-groups/7666614e-063c-48a5-ad5f-40fe6cbff06a HTTP/1.1" status: 204 len: 168 time: 0.2015150
2026-06-26 11:47:33.583 10 INFO neutron.db.ovn_revision_numbers_db [None req-ded129f1-51d1-4db5-bd5c-b617f54c934b e97ffa4268f2452491ee7d35a00f54a0 37271f98b85441ac9862343e478076ae - - - -] Successfully bumped revision number for resource bec01fd3-d927-4880-9aad-d4794265d61b (type: ports) to 1
2026-06-26 11:47:34.179 9 INFO neutron.plugins.ml2.drivers.ovn.mech_driver.mech_driver [None req-8d4b730d-af0f-40a8-8cce-5504e4afbfa8 - - - - - -] OVN reports status up for port: bec01fd3-d927-4880-9aad-d4794265d61b
2026-06-26 11:47:34.187 10 INFO neutron.db.ovn_revision_numbers_db [None req-ded129f1-51d1-4db5-bd5c-b617f54c934b e97ffa4268f2452491ee7d35a00f54a0 37271f98b85441ac9862343e478076ae - - - -] Successfully bumped revision number for resource bec01fd3-d927-4880-9aad-d4794265d61b (type: router_ports) to 1
2026-06-26 11:47:34.202 9 INFO neutron.plugins.ml2.plugin [None req-8d4b730d-af0f-40a8-8cce-5504e4afbfa8 - - - - - -] Attempt 1 to provision port bec01fd3-d927-4880-9aad-d4794265d61b
2026-06-26 11:47:34.255 10 INFO neutron.db.ovn_revision_numbers_db [None req-ded129f1-51d1-4db5-bd5c-b617f54c934b e97ffa4268f2452491ee7d35a00f54a0 37271f98b85441ac9862343e478076ae - - - -] Successfully bumped revision number for resource 08800a64-7ff2-4f1d-8af9-0e720f0f7b25 (type: routers) to 3
2026-06-26 11:47:34.271 10 INFO neutron.wsgi [None req-ded129f1-51d1-4db5-bd5c-b617f54c934b e97ffa4268f2452491ee7d35a00f54a0 37271f98b85441ac9862343e478076ae - - - -] 10.0.0.244 "POST /v2.0/routers HTTP/1.1" status: 201 len: 868 time: 1.3922184
2026-06-26 11:47:34.356 9 INFO neutron.wsgi [None req-f03bdd48-9093-4044-830b-f560fd8f66dd e97ffa4268f2452491ee7d35a00f54a0 37271f98b85441ac9862343e478076ae - - default default] 10.0.0.244 "GET /v2.0/routers/08800a64-7ff2-4f1d-8af9-0e720f0f7b25 HTTP/1.1" status: 200 len: 869 time: 0.0801308
2026-06-26 11:47:34.451 9 INFO neutron.wsgi [None req-4f282d5d-4d49-4edb-b904-42ab5aabce3a e97ffa4268f2452491ee7d35a00f54a0 37271f98b85441ac9862343e478076ae - - default default] 10.0.0.244 "GET /v2.0/routers HTTP/1.1" status: 200 len: 872 time: 0.0887964
2026-06-26 11:47:35.195 9 INFO neutron.db.ovn_revision_numbers_db [None req-905a2eb1-c63d-403c-9756-3699a96b1177 e97ffa4268f2452491ee7d35a00f54a0 37271f98b85441ac9862343e478076ae - - - -] Successfully bumped revision number for resource 08800a64-7ff2-4f1d-8af9-0e720f0f7b25 (type: routers) to 4
2026-06-26 11:47:35.199 9 INFO neutron.wsgi [None req-905a2eb1-c63d-403c-9756-3699a96b1177 e97ffa4268f2452491ee7d35a00f54a0 37271f98b85441ac9862343e478076ae - - - -] 10.0.0.244 "PUT /v2.0/routers/08800a64-7ff2-4f1d-8af9-0e720f0f7b25 HTTP/1.1" status: 200 len: 876 time: 0.7430794
2026-06-26 11:47:35.279 9 INFO neutron.wsgi [None req-bb0eeca6-f210-441d-acef-335d73e7c2f5 e97ffa4268f2452491ee7d35a00f54a0 37271f98b85441ac9862343e478076ae - - default default] 10.0.0.244 "GET /v2.0/routers/08800a64-7ff2-4f1d-8af9-0e720f0f7b25 HTTP/1.1" status: 200 len: 876 time: 0.0754809
2026-06-26 11:47:35.307 9 INFO neutron.wsgi [None req-4c15d496-366b-4506-a44a-6e6eca624852 e97ffa4268f2452491ee7d35a00f54a0 37271f98b85441ac9862343e478076ae - - default default] 10.0.0.244 "GET /v2.0/ports?device_id=08800a64-7ff2-4f1d-8af9-0e720f0f7b25 HTTP/1.1" status: 200 len: 205 time: 0.0239983
2026-06-26 11:47:35.964 9 INFO neutron.wsgi [None req-04bd25f4-51a8-49ce-91c5-f06b11b578d3 e97ffa4268f2452491ee7d35a00f54a0 37271f98b85441ac9862343e478076ae - - - -] 10.0.0.244 "DELETE /v2.0/routers/08800a64-7ff2-4f1d-8af9-0e720f0f7b25 HTTP/1.1" status: 204 len: 168 time: 0.6516323
2026-06-26 11:47:36.001 9 INFO neutron.wsgi [None req-b69a5e85-9eda-4634-9aad-94c3a3acb8ca e97ffa4268f2452491ee7d35a00f54a0 37271f98b85441ac9862343e478076ae - - default default] 10.0.0.244 "GET /v2.0/ports?device_id=08800a64-7ff2-4f1d-8af9-0e720f0f7b25 HTTP/1.1" status: 200 len: 205 time: 0.0246909
2026-06-26 11:47:36.034 9 INFO neutron.api.v2.resource [None req-1475597e-b50a-4b0a-9f91-08ca34903a1b e97ffa4268f2452491ee7d35a00f54a0 37271f98b85441ac9862343e478076ae - - - -] delete failed (client error): The resource could not be found.
2026-06-26 11:47:36.036 9 INFO neutron.wsgi [None req-1475597e-b50a-4b0a-9f91-08ca34903a1b e97ffa4268f2452491ee7d35a00f54a0 37271f98b85441ac9862343e478076ae - - - -] 10.0.0.244 "DELETE /v2.0/routers/08800a64-7ff2-4f1d-8af9-0e720f0f7b25 HTTP/1.1" status: 404 len: 336 time: 0.0287490
2026-06-26 11:47:36.063 9 INFO neutron.wsgi [None req-0c2dbe08-7ec2-414f-b16a-4c3c541c73ee e97ffa4268f2452491ee7d35a00f54a0 37271f98b85441ac9862343e478076ae - - default default] 10.0.0.244 "GET /v2.0/ports?device_id=fde4a832-bb10-4132-8b3b-753a45feed5b HTTP/1.1" status: 200 len: 205 time: 0.0214028
2026-06-26 11:47:36.092 9 INFO neutron.api.v2.resource [None req-3df9d062-d087-4c8f-9f7d-e0a0a111a6a9 e97ffa4268f2452491ee7d35a00f54a0 37271f98b85441ac9862343e478076ae - - - -] delete failed (client error): The resource could not be found.
2026-06-26 11:47:36.093 9 INFO neutron.wsgi [None req-3df9d062-d087-4c8f-9f7d-e0a0a111a6a9 e97ffa4268f2452491ee7d35a00f54a0 37271f98b85441ac9862343e478076ae - - - -] 10.0.0.244 "DELETE /v2.0/routers/fde4a832-bb10-4132-8b3b-753a45feed5b HTTP/1.1" status: 404 len: 336 time: 0.0251367
2026-06-26 11:47:36.116 9 INFO neutron.pecan_wsgi.hooks.translation [None req-20971903-c29f-4d59-b860-505de9481c5c e97ffa4268f2452491ee7d35a00f54a0 37271f98b85441ac9862343e478076ae - - - -] DELETE failed (client error): The resource could not be found.
2026-06-26 11:47:36.119 9 INFO neutron.wsgi [None req-20971903-c29f-4d59-b860-505de9481c5c e97ffa4268f2452491ee7d35a00f54a0 37271f98b85441ac9862343e478076ae - - - -] 10.0.0.244 "DELETE /v2.0/subnets/c19b2035-4eed-445e-95fa-0b84d8d1246d HTTP/1.1" status: 404 len: 337 time: 0.0210557
2026-06-26 11:47:36.145 9 INFO neutron.wsgi [None req-813fc1d1-fb99-41b8-8060-bc92efdb0121 e97ffa4268f2452491ee7d35a00f54a0 37271f98b85441ac9862343e478076ae - - default default] 10.0.0.244 "GET /v2.0/ports?device_id=ca4292d8-8425-4a67-872c-b45f9c53cb30 HTTP/1.1" status: 200 len: 205 time: 0.0211887
2026-06-26 11:47:36.175 9 INFO neutron.api.v2.resource [None req-37ab8e06-cbba-46fb-90b1-5d645874fc38 e97ffa4268f2452491ee7d35a00f54a0 37271f98b85441ac9862343e478076ae - - - -] delete failed (client error): The resource could not be found.
2026-06-26 11:47:36.176 9 INFO neutron.wsgi [None req-37ab8e06-cbba-46fb-90b1-5d645874fc38 e97ffa4268f2452491ee7d35a00f54a0 37271f98b85441ac9862343e478076ae - - - -] 10.0.0.244 "DELETE /v2.0/routers/ca4292d8-8425-4a67-872c-b45f9c53cb30 HTTP/1.1" status: 404 len: 336 time: 0.0279064
2026-06-26 11:47:36.198 9 INFO neutron.pecan_wsgi.hooks.translation [None req-7e70d31d-ed22-4c6d-a8fc-be89d767f645 e97ffa4268f2452491ee7d35a00f54a0 37271f98b85441ac9862343e478076ae - - - -] DELETE failed (client error): The resource could not be found.
2026-06-26 11:47:36.200 9 INFO neutron.wsgi [None req-7e70d31d-ed22-4c6d-a8fc-be89d767f645 e97ffa4268f2452491ee7d35a00f54a0 37271f98b85441ac9862343e478076ae - - - -] 10.0.0.244 "DELETE /v2.0/subnets/b4a21cc2-5bdf-445e-ad7b-b6bc99c96565 HTTP/1.1" status: 404 len: 337 time: 0.0199680
2026-06-26 11:47:36.227 9 INFO neutron.wsgi [None req-266c40de-8bea-4e67-9028-56e4334a9993 e97ffa4268f2452491ee7d35a00f54a0 37271f98b85441ac9862343e478076ae - - default default] 10.0.0.244 "GET /v2.0/ports?device_id=b2545e03-83a7-43e2-9cf6-3e03903f6c31 HTTP/1.1" status: 200 len: 205 time: 0.0218894
2026-06-26 11:47:36.260 9 INFO neutron.api.v2.resource [None req-8000d152-088b-459f-9b15-0a2353fcc4ed e97ffa4268f2452491ee7d35a00f54a0 37271f98b85441ac9862343e478076ae - - - -] delete failed (client error): The resource could not be found.
2026-06-26 11:47:36.262 9 INFO neutron.wsgi [None req-8000d152-088b-459f-9b15-0a2353fcc4ed e97ffa4268f2452491ee7d35a00f54a0 37271f98b85441ac9862343e478076ae - - - -] 10.0.0.244 "DELETE /v2.0/routers/b2545e03-83a7-43e2-9cf6-3e03903f6c31 HTTP/1.1" status: 404 len: 336 time: 0.0307291
2026-06-26 11:47:36.284 9 INFO neutron.pecan_wsgi.hooks.translation [None req-fc2a28b4-b920-4229-81d1-ab49535a32b9 e97ffa4268f2452491ee7d35a00f54a0 37271f98b85441ac9862343e478076ae - - - -] DELETE failed (client error): The resource could not be found.
2026-06-26 11:47:36.286 9 INFO neutron.wsgi [None req-fc2a28b4-b920-4229-81d1-ab49535a32b9 e97ffa4268f2452491ee7d35a00f54a0 37271f98b85441ac9862343e478076ae - - - -] 10.0.0.244 "DELETE /v2.0/subnets/8e2fb2a9-5ec6-44fb-9ec0-fc8520c88a1d HTTP/1.1" status: 404 len: 337 time: 0.0201828
2026-06-26 11:47:36.311 9 INFO neutron.pecan_wsgi.hooks.translation [None req-df3f3577-1708-43b8-830c-432dce2e38bd e97ffa4268f2452491ee7d35a00f54a0 37271f98b85441ac9862343e478076ae - - - -] DELETE failed (client error): The resource could not be found.
2026-06-26 11:47:36.313 9 INFO neutron.wsgi [None req-df3f3577-1708-43b8-830c-432dce2e38bd e97ffa4268f2452491ee7d35a00f54a0 37271f98b85441ac9862343e478076ae - - - -] 10.0.0.244 "DELETE /v2.0/subnets/206a4f5e-95cf-457a-b96f-20e39102f665 HTTP/1.1" status: 404 len: 337 time: 0.0215619
2026-06-26 11:47:36.653 10 WARNING neutron.plugins.ml2.drivers.ovn.mech_driver.ovsdb.ovn_client [None req-fd9721f4-af32-4575-beb7-8fc63908fd75 - - - - - -] No port found with ID 53d046c6-c510-4308-8c57-9dc39d45ce5b: RuntimeError: No port found with ID 53d046c6-c510-4308-8c57-9dc39d45ce5b
2026-06-26 11:47:36.900 9 INFO neutron.wsgi [None req-aef9c65d-5ecf-4a41-b333-8e036e9300ff df8495ed640840688305c2e7be167d6a 1ac5f51cc12349ee86486f512b35bb2a - - default default] 10.0.0.244 "GET /v2.0/security-groups?tenant_id=37271f98b85441ac9862343e478076ae&name=default HTTP/1.1" status: 200 len: 2996 time: 0.1285417
2026-06-26 11:47:36.989 10 INFO neutron.db.ovn_revision_numbers_db [None req-66814060-5ba4-455f-95db-7ec3ddf6cdb3 df8495ed640840688305c2e7be167d6a 1ac5f51cc12349ee86486f512b35bb2a - - default default] Successfully bumped revision number for resource c3b43bc2-7886-4799-9bab-66cb05fdeaf7 (type: security_groups) to 1
2026-06-26 11:47:37.017 10 INFO neutron.wsgi [None req-66814060-5ba4-455f-95db-7ec3ddf6cdb3 df8495ed640840688305c2e7be167d6a 1ac5f51cc12349ee86486f512b35bb2a - - default default] 10.0.0.244 "GET /v2.0/security-groups?tenant_id=bf2342218dd54df5bfb4004583f5045d&name=default HTTP/1.1" status: 200 len: 2996 time: 0.1904027
2026-06-26 11:47:37.111 9 INFO neutron.wsgi [None req-479c1ad8-766d-488c-bf3e-ae37fc5e2c72 df8495ed640840688305c2e7be167d6a 1ac5f51cc12349ee86486f512b35bb2a - - - -] 10.0.0.244 "DELETE /v2.0/security-groups/ec5add15-a07e-45ea-9d03-43969920f7b9 HTTP/1.1" status: 204 len: 168 time: 0.2063470
2026-06-26 11:47:37.225 9 INFO neutron.wsgi [None req-54384a0c-c1b2-4be7-b3d8-b04caf86480a df8495ed640840688305c2e7be167d6a 1ac5f51cc12349ee86486f512b35bb2a - - - -] 10.0.0.244 "DELETE /v2.0/security-groups/c3b43bc2-7886-4799-9bab-66cb05fdeaf7 HTTP/1.1" status: 204 len: 168 time: 0.2024338
2026-06-26 11:47:37.459 10 INFO neutron.db.ovn_revision_numbers_db [None req-4dfe86cf-63bc-49a5-8a54-e8c52f796059 e0b165b0f1ff4bfaaf5503d53e120218 151dc3956b9b45dabf3020ea06c7d782 - - - -] Successfully bumped revision number for resource 15751dcd-9783-487d-a555-91eeec46360b (type: security_groups) to 1
2026-06-26 11:47:37.520 10 INFO neutron.db.segments_db [None req-4dfe86cf-63bc-49a5-8a54-e8c52f796059 e0b165b0f1ff4bfaaf5503d53e120218 151dc3956b9b45dabf3020ea06c7d782 - - - -] Added segment 992ff43c-ab90-4826-a0b6-8332437aa278 of type geneve for network e859f246-81eb-4939-b7db-9abfb3448a82
2026-06-26 11:47:37.639 10 INFO neutron.db.ovn_revision_numbers_db [None req-4dfe86cf-63bc-49a5-8a54-e8c52f796059 e0b165b0f1ff4bfaaf5503d53e120218 151dc3956b9b45dabf3020ea06c7d782 - - - -] Successfully bumped revision number for resource e859f246-81eb-4939-b7db-9abfb3448a82 (type: networks) to 1
2026-06-26 11:47:38.024 10 WARNING neutron.scheduler.dhcp_agent_scheduler [None req-4dfe86cf-63bc-49a5-8a54-e8c52f796059 e0b165b0f1ff4bfaaf5503d53e120218 151dc3956b9b45dabf3020ea06c7d782 - - - -] No more DHCP agents
2026-06-26 11:47:38.027 10 WARNING neutron.api.rpc.agentnotifiers.dhcp_rpc_agent_api [None req-4dfe86cf-63bc-49a5-8a54-e8c52f796059 e0b165b0f1ff4bfaaf5503d53e120218 151dc3956b9b45dabf3020ea06c7d782 - - - -] Unable to schedule network e859f246-81eb-4939-b7db-9abfb3448a82: no agents available; will retry on subsequent port and subnet creation events.
2026-06-26 11:47:38.096 10 INFO neutron.db.ovn_revision_numbers_db [None req-4dfe86cf-63bc-49a5-8a54-e8c52f796059 e0b165b0f1ff4bfaaf5503d53e120218 151dc3956b9b45dabf3020ea06c7d782 - - - -] Successfully bumped revision number for resource a3c8c857-cf45-4c9f-b9d3-ceadc524719d (type: ports) to 1
