2026-06-26 11:50:36.774 9 INFO neutron.wsgi [req-b1a4ac3b-725b-4a16-ab4d-c02711490390 req-844f7213-adeb-4353-9814-a6bedc051200 c3c02c2477a94e50883937a26e176a15 45ebc3d5ca9b44b8891a6a80f82018cf - - 87bcd1705dc64560863af3bcd89e4ff5 87bcd1705dc64560863af3bcd89e4ff5] 199.204.45.23 "GET /v2.0/floatingips?fixed_ip_address=10.2.1.247&port_id=39f697ab-d712-498f-9193-3cfb99bbab96 HTTP/1.1" status: 200 len: 217 time: 0.0356236
2026-06-26 11:50:36.810 9 INFO neutron.wsgi [req-b1a4ac3b-725b-4a16-ab4d-c02711490390 req-2bd6d705-af9d-4aee-9f84-d9f022e2f24f c3c02c2477a94e50883937a26e176a15 45ebc3d5ca9b44b8891a6a80f82018cf - - 87bcd1705dc64560863af3bcd89e4ff5 87bcd1705dc64560863af3bcd89e4ff5] 199.204.45.23 "GET /v2.0/subnets?id=d57f35cd-197c-4afc-a476-9317f74fa23d HTTP/1.1" status: 200 len: 850 time: 0.0293097
2026-06-26 11:50:36.841 9 INFO neutron.wsgi [req-b1a4ac3b-725b-4a16-ab4d-c02711490390 req-8d16ae10-7c40-4473-88bd-f0734ffa42bd c3c02c2477a94e50883937a26e176a15 45ebc3d5ca9b44b8891a6a80f82018cf - - 87bcd1705dc64560863af3bcd89e4ff5 87bcd1705dc64560863af3bcd89e4ff5] 199.204.45.23 "GET /v2.0/ports?network_id=fadad8ce-d98d-4c45-bd56-5e0e5977ad76&device_owner=network%3Adhcp HTTP/1.1" status: 200 len: 210 time: 0.0239644
2026-06-26 11:50:36.902 9 INFO neutron.wsgi [req-b1a4ac3b-725b-4a16-ab4d-c02711490390 req-5402344f-ceab-4c8b-be70-7994cf6deccd c3c02c2477a94e50883937a26e176a15 45ebc3d5ca9b44b8891a6a80f82018cf - - 87bcd1705dc64560863af3bcd89e4ff5 87bcd1705dc64560863af3bcd89e4ff5] 199.204.45.23 "GET /v2.0/networks/fadad8ce-d98d-4c45-bd56-5e0e5977ad76?fields=segments HTTP/1.1" status: 200 len: 212 time: 0.0555265
2026-06-26 11:50:36.968 9 INFO neutron.wsgi [req-b1a4ac3b-725b-4a16-ab4d-c02711490390 req-d1b4d746-dbcd-4269-8ae0-c5e18fdb12a2 c3c02c2477a94e50883937a26e176a15 45ebc3d5ca9b44b8891a6a80f82018cf - - 87bcd1705dc64560863af3bcd89e4ff5 87bcd1705dc64560863af3bcd89e4ff5] 199.204.45.23 "GET /v2.0/networks/fadad8ce-d98d-4c45-bd56-5e0e5977ad76?fields=provider%3Aphysical_network&fields=provider%3Anetwork_type HTTP/1.1" status: 200 len: 277 time: 0.0588577
2026-06-26 11:50:37.002 9 INFO neutron.wsgi [req-b1a4ac3b-725b-4a16-ab4d-c02711490390 req-d71936fd-d724-4ec6-a1c6-74addb9326ae c3c02c2477a94e50883937a26e176a15 45ebc3d5ca9b44b8891a6a80f82018cf - - 87bcd1705dc64560863af3bcd89e4ff5 87bcd1705dc64560863af3bcd89e4ff5] 199.204.45.23 "GET /v2.0/floatingips?fixed_ip_address=10.2.2.146&port_id=29a1f681-befc-474d-8233-47a7461ca98a HTTP/1.1" status: 200 len: 217 time: 0.0283163
2026-06-26 11:50:37.034 9 INFO neutron.wsgi [req-b1a4ac3b-725b-4a16-ab4d-c02711490390 req-9d1b5d6e-6a41-442d-8a4f-39ce96859c02 c3c02c2477a94e50883937a26e176a15 45ebc3d5ca9b44b8891a6a80f82018cf - - 87bcd1705dc64560863af3bcd89e4ff5 87bcd1705dc64560863af3bcd89e4ff5] 199.204.45.23 "GET /v2.0/floatingips?fixed_ip_address=fd77%3A1457%3A4cf0%3A26a8%3A%3A5c&port_id=29a1f681-befc-474d-8233-47a7461ca98a HTTP/1.1" status: 200 len: 217 time: 0.0254951
2026-06-26 11:50:37.078 9 INFO neutron.wsgi [req-b1a4ac3b-725b-4a16-ab4d-c02711490390 req-0b08b5e9-49d2-4f72-8fdd-35244ec60693 c3c02c2477a94e50883937a26e176a15 45ebc3d5ca9b44b8891a6a80f82018cf - - 87bcd1705dc64560863af3bcd89e4ff5 87bcd1705dc64560863af3bcd89e4ff5] 199.204.45.23 "GET /v2.0/subnets?id=3f73910f-3c99-48b0-b1dc-2e5fc4136348&id=4e0fb3a3-9c32-4f68-9a4f-271ca17ba144 HTTP/1.1" status: 200 len: 1566 time: 0.0348816
2026-06-26 11:50:37.108 9 INFO neutron.wsgi [req-b1a4ac3b-725b-4a16-ab4d-c02711490390 req-6123cdae-4b13-4cd0-9447-dc83e0d91cd9 c3c02c2477a94e50883937a26e176a15 45ebc3d5ca9b44b8891a6a80f82018cf - - 87bcd1705dc64560863af3bcd89e4ff5 87bcd1705dc64560863af3bcd89e4ff5] 199.204.45.23 "GET /v2.0/ports?network_id=ff6a9514-1a91-43e8-b83a-3b6a2d27821b&device_owner=network%3Adhcp HTTP/1.1" status: 200 len: 210 time: 0.0249605
2026-06-26 11:50:37.134 9 INFO neutron.wsgi [req-b1a4ac3b-725b-4a16-ab4d-c02711490390 req-a4081f12-f0bd-42b5-bebd-55371dc5e809 c3c02c2477a94e50883937a26e176a15 45ebc3d5ca9b44b8891a6a80f82018cf - - 87bcd1705dc64560863af3bcd89e4ff5 87bcd1705dc64560863af3bcd89e4ff5] 199.204.45.23 "GET /v2.0/ports?network_id=ff6a9514-1a91-43e8-b83a-3b6a2d27821b&device_owner=network%3Adhcp HTTP/1.1" status: 200 len: 210 time: 0.0203533
2026-06-26 11:50:37.191 9 INFO neutron.wsgi [req-b1a4ac3b-725b-4a16-ab4d-c02711490390 req-8f995e35-b69e-4023-a7ec-e0a264542615 c3c02c2477a94e50883937a26e176a15 45ebc3d5ca9b44b8891a6a80f82018cf - - 87bcd1705dc64560863af3bcd89e4ff5 87bcd1705dc64560863af3bcd89e4ff5] 199.204.45.23 "GET /v2.0/networks/ff6a9514-1a91-43e8-b83a-3b6a2d27821b?fields=segments HTTP/1.1" status: 200 len: 212 time: 0.0527985
2026-06-26 11:50:37.256 9 INFO neutron.wsgi [req-b1a4ac3b-725b-4a16-ab4d-c02711490390 req-cdb098af-cea9-46aa-b4d7-e6fc45bbb41c c3c02c2477a94e50883937a26e176a15 45ebc3d5ca9b44b8891a6a80f82018cf - - 87bcd1705dc64560863af3bcd89e4ff5 87bcd1705dc64560863af3bcd89e4ff5] 199.204.45.23 "GET /v2.0/networks/ff6a9514-1a91-43e8-b83a-3b6a2d27821b?fields=provider%3Aphysical_network&fields=provider%3Anetwork_type HTTP/1.1" status: 200 len: 277 time: 0.0604136
2026-06-26 11:50:37.350 10 INFO neutron.plugins.ml2.drivers.ovn.mech_driver.mech_driver [None req-fd9721f4-af32-4575-beb7-8fc63908fd75 - - - - - -] OVN reports status up for port: 29a1f681-befc-474d-8233-47a7461ca98a
2026-06-26 11:50:37.351 9 INFO neutron.wsgi [req-06881d87-cf35-43aa-a1b2-74e935d7e72c req-cd9f3568-66a3-4434-8625-abf0034705e9 c3c02c2477a94e50883937a26e176a15 45ebc3d5ca9b44b8891a6a80f82018cf - - 87bcd1705dc64560863af3bcd89e4ff5 87bcd1705dc64560863af3bcd89e4ff5] 199.204.45.23 "GET /v2.0/ports?tenant_id=1ac5f51cc12349ee86486f512b35bb2a&device_id=d770d8fa-a72c-46aa-83f6-3e9f1375d6db HTTP/1.1" status: 200 len: 5159 time: 0.0499249
2026-06-26 11:50:37.374 10 INFO neutron.plugins.ml2.plugin [None req-fd9721f4-af32-4575-beb7-8fc63908fd75 - - - - - -] Attempt 1 to provision port 29a1f681-befc-474d-8233-47a7461ca98a
2026-06-26 11:50:37.445 9 INFO neutron.wsgi [req-06881d87-cf35-43aa-a1b2-74e935d7e72c req-8520bf01-77e8-48b0-a498-156a4d8f6841 c3c02c2477a94e50883937a26e176a15 45ebc3d5ca9b44b8891a6a80f82018cf - - 87bcd1705dc64560863af3bcd89e4ff5 87bcd1705dc64560863af3bcd89e4ff5] 199.204.45.23 "GET /v2.0/networks?id=ff6a9514-1a91-43e8-b83a-3b6a2d27821b HTTP/1.1" status: 200 len: 1002 time: 0.0866265
2026-06-26 11:50:37.495 9 INFO neutron.wsgi [req-06881d87-cf35-43aa-a1b2-74e935d7e72c req-444ea1ca-3fd9-499b-a11e-6213a72d0fb7 c3c02c2477a94e50883937a26e176a15 45ebc3d5ca9b44b8891a6a80f82018cf - - 87bcd1705dc64560863af3bcd89e4ff5 87bcd1705dc64560863af3bcd89e4ff5] 199.204.45.23 "GET /v2.0/floatingips?fixed_ip_address=10.2.2.146&port_id=29a1f681-befc-474d-8233-47a7461ca98a HTTP/1.1" status: 200 len: 217 time: 0.0388820
2026-06-26 11:50:37.521 10 INFO neutron.notifiers.nova [-] Nova event matching ['req-b83cfd47-557a-4c8b-bcee-7d120b711b9d'] response: {'server_uuid': 'd770d8fa-a72c-46aa-83f6-3e9f1375d6db', 'name': 'network-vif-plugged', 'status': 'completed', 'tag': '29a1f681-befc-474d-8233-47a7461ca98a', 'code': 200}
2026-06-26 11:50:37.529 9 INFO neutron.wsgi [req-06881d87-cf35-43aa-a1b2-74e935d7e72c req-25d54a42-51a3-4881-a993-52054a2af5b8 c3c02c2477a94e50883937a26e176a15 45ebc3d5ca9b44b8891a6a80f82018cf - - 87bcd1705dc64560863af3bcd89e4ff5 87bcd1705dc64560863af3bcd89e4ff5] 199.204.45.23 "GET /v2.0/floatingips?fixed_ip_address=fd77%3A1457%3A4cf0%3A26a8%3A%3A5c&port_id=29a1f681-befc-474d-8233-47a7461ca98a HTTP/1.1" status: 200 len: 217 time: 0.0293214
2026-06-26 11:50:37.597 9 INFO neutron.wsgi [req-06881d87-cf35-43aa-a1b2-74e935d7e72c req-08efacb3-d8d4-4da9-8500-36f271a5ea66 c3c02c2477a94e50883937a26e176a15 45ebc3d5ca9b44b8891a6a80f82018cf - - 87bcd1705dc64560863af3bcd89e4ff5 87bcd1705dc64560863af3bcd89e4ff5] 199.204.45.23 "GET /v2.0/subnets?id=3f73910f-3c99-48b0-b1dc-2e5fc4136348&id=4e0fb3a3-9c32-4f68-9a4f-271ca17ba144 HTTP/1.1" status: 200 len: 1566 time: 0.0597942
2026-06-26 11:50:37.601 9 INFO neutron.wsgi [req-b1a4ac3b-725b-4a16-ab4d-c02711490390 req-9d6d71f2-78d1-4fa0-a044-09289066de03 df8495ed640840688305c2e7be167d6a 1ac5f51cc12349ee86486f512b35bb2a - - default default] 10.0.0.217 "GET /v2.0/ports/29a1f681-befc-474d-8233-47a7461ca98a HTTP/1.1" status: 200 len: 1587 time: 0.0513704
2026-06-26 11:50:37.629 9 INFO neutron.wsgi [req-06881d87-cf35-43aa-a1b2-74e935d7e72c req-60cebe19-53e1-4001-8c48-3ae2466ddb6b c3c02c2477a94e50883937a26e176a15 45ebc3d5ca9b44b8891a6a80f82018cf - - 87bcd1705dc64560863af3bcd89e4ff5 87bcd1705dc64560863af3bcd89e4ff5] 199.204.45.23 "GET /v2.0/ports?network_id=ff6a9514-1a91-43e8-b83a-3b6a2d27821b&device_owner=network%3Adhcp HTTP/1.1" status: 200 len: 210 time: 0.0235915
2026-06-26 11:50:37.648 10 INFO neutron.wsgi [None req-eb481018-af46-46c9-b3cb-7ee88827a3cf df8495ed640840688305c2e7be167d6a 1ac5f51cc12349ee86486f512b35bb2a - - default default] 199.204.45.23 "GET /v2.0/ports/29a1f681-befc-474d-8233-47a7461ca98a HTTP/1.1" status: 200 len: 1587 time: 0.0358510
2026-06-26 11:50:37.653 9 INFO neutron.wsgi [req-06881d87-cf35-43aa-a1b2-74e935d7e72c req-4d86193f-e7e4-46f1-ac37-af7fa2ea0604 c3c02c2477a94e50883937a26e176a15 45ebc3d5ca9b44b8891a6a80f82018cf - - 87bcd1705dc64560863af3bcd89e4ff5 87bcd1705dc64560863af3bcd89e4ff5] 199.204.45.23 "GET /v2.0/ports?network_id=ff6a9514-1a91-43e8-b83a-3b6a2d27821b&device_owner=network%3Adhcp HTTP/1.1" status: 200 len: 210 time: 0.0183592
2026-06-26 11:50:37.680 10 INFO neutron.wsgi [None req-d340a7d5-49be-4105-8850-ea156428bdb9 df8495ed640840688305c2e7be167d6a 1ac5f51cc12349ee86486f512b35bb2a - - default default] 199.204.45.23 "GET /v2.0/ports/29a1f681-befc-474d-8233-47a7461ca98a HTTP/1.1" status: 200 len: 1587 time: 0.0260649
2026-06-26 11:50:37.681 10 INFO neutron.db.ovn_revision_numbers_db [None req-fd9721f4-af32-4575-beb7-8fc63908fd75 - - - - - -] Successfully bumped revision number for resource 29a1f681-befc-474d-8233-47a7461ca98a (type: ports) to 4
2026-06-26 11:50:37.725 9 INFO neutron.wsgi [req-06881d87-cf35-43aa-a1b2-74e935d7e72c req-6ec56bda-3040-467f-b88c-70eb8504713a c3c02c2477a94e50883937a26e176a15 45ebc3d5ca9b44b8891a6a80f82018cf - - 87bcd1705dc64560863af3bcd89e4ff5 87bcd1705dc64560863af3bcd89e4ff5] 199.204.45.23 "GET /v2.0/networks/ff6a9514-1a91-43e8-b83a-3b6a2d27821b?fields=segments HTTP/1.1" status: 200 len: 212 time: 0.0655057
2026-06-26 11:50:37.798 9 INFO neutron.wsgi [req-06881d87-cf35-43aa-a1b2-74e935d7e72c req-c2fe5df2-c721-4498-a9c0-0722781b8556 c3c02c2477a94e50883937a26e176a15 45ebc3d5ca9b44b8891a6a80f82018cf - - 87bcd1705dc64560863af3bcd89e4ff5 87bcd1705dc64560863af3bcd89e4ff5] 199.204.45.23 "GET /v2.0/networks/ff6a9514-1a91-43e8-b83a-3b6a2d27821b?fields=provider%3Aphysical_network&fields=provider%3Anetwork_type HTTP/1.1" status: 200 len: 277 time: 0.0648613
2026-06-26 11:50:38.122 10 INFO neutron.db.ovn_revision_numbers_db [None req-ca4ee9fe-caa4-4e54-96d4-c4606ed4b0b3 df8495ed640840688305c2e7be167d6a 1ac5f51cc12349ee86486f512b35bb2a - - - -] Successfully bumped revision number for resource 29a1f681-befc-474d-8233-47a7461ca98a (type: ports) to 5
2026-06-26 11:50:38.131 10 INFO neutron.wsgi [None req-ca4ee9fe-caa4-4e54-96d4-c4606ed4b0b3 df8495ed640840688305c2e7be167d6a 1ac5f51cc12349ee86486f512b35bb2a - - - -] 199.204.45.23 "PUT /v2.0/ports/29a1f681-befc-474d-8233-47a7461ca98a HTTP/1.1" status: 200 len: 1330 time: 0.4454527 /var/lib/openstack/lib/python3.10/site-packages/pycadf/identifier.py:71: UserWarning: Invalid uuid: neutron. To ensure interoperability, identifiers should be a valid uuid. warnings.warn(('Invalid uuid: %s. To ensure interoperability, '
2026-06-26 11:50:38.193 10 INFO neutron.wsgi [None req-1c0072f6-65f0-4ee6-b501-7eb4bfeb0edf df8495ed640840688305c2e7be167d6a 1ac5f51cc12349ee86486f512b35bb2a - - default default] 199.204.45.23 "GET /v2.0/networks/ff6a9514-1a91-43e8-b83a-3b6a2d27821b HTTP/1.1" status: 200 len: 999 time: 0.0569577
2026-06-26 11:50:38.231 10 INFO neutron.wsgi [None req-9624524c-9143-451a-91c9-a0b3afd48a80 df8495ed640840688305c2e7be167d6a 1ac5f51cc12349ee86486f512b35bb2a - - default default] 199.204.45.23 "GET /v2.0/subnets/3f73910f-3c99-48b0-b1dc-2e5fc4136348 HTTP/1.1" status: 200 len: 848 time: 0.0340343
2026-06-26 11:50:38.298 10 INFO neutron.wsgi [None req-7f22ef33-a12d-4703-a9fe-a7df25a04488 df8495ed640840688305c2e7be167d6a 1ac5f51cc12349ee86486f512b35bb2a - - default default] 199.204.45.23 "GET /v2.0/extensions/security-group HTTP/1.1" status: 200 len: 369 time: 0.0078163
2026-06-26 11:50:38.308 10 INFO neutron.wsgi [None req-f2cf3144-3008-4bdc-9224-2b1c54a127bc df8495ed640840688305c2e7be167d6a 1ac5f51cc12349ee86486f512b35bb2a - - default default] 199.204.45.23 "GET /v2.0/extensions/dns-integration HTTP/1.1" status: 200 len: 371 time: 0.0034988
2026-06-26 11:50:38.317 10 INFO neutron.wsgi [None req-f439a385-d64b-4000-a7e7-1ad0d43a801c df8495ed640840688305c2e7be167d6a 1ac5f51cc12349ee86486f512b35bb2a - - default default] 199.204.45.23 "GET /v2.0/extensions/qos HTTP/1.1" status: 200 len: 365 time: 0.0059097
2026-06-26 11:50:38.336 10 INFO neutron.wsgi [None req-2980e8a6-d019-423f-8ee7-44766a2f523f df8495ed640840688305c2e7be167d6a 1ac5f51cc12349ee86486f512b35bb2a - - default default] 199.204.45.23 "GET /v2.0/extensions/allowed-address-pairs HTTP/1.1" status: 200 len: 383 time: 0.0120788
2026-06-26 11:50:38.393 10 INFO neutron.wsgi [None req-6ec373f4-5184-4467-b990-f2ad1291a790 df8495ed640840688305c2e7be167d6a 1ac5f51cc12349ee86486f512b35bb2a - - default default] 199.204.45.23 "GET /v2.0/subnets/6a34b78c-b802-4ed5-80ea-28a88756dabb HTTP/1.1" status: 200 len: 849 time: 0.0502169
2026-06-26 11:50:38.435 10 INFO neutron.wsgi [None req-f6b06929-d179-443a-b428-d204472e6ed1 df8495ed640840688305c2e7be167d6a 1ac5f51cc12349ee86486f512b35bb2a - - default default] 199.204.45.23 "GET /v2.0/ports/c02a2b45-06e4-4bd4-883f-05e94f25120b HTTP/1.1" status: 200 len: 1340 time: 0.0363133
2026-06-26 11:50:38.504 10 INFO neutron.wsgi [None req-1d5da5de-f03e-4c94-9ff2-373da2a827be df8495ed640840688305c2e7be167d6a 1ac5f51cc12349ee86486f512b35bb2a - - default default] 199.204.45.23 "GET /v2.0/ports/ced0333b-4544-4e62-a4d3-d6fd212e3b7b HTTP/1.1" status: 200 len: 1471 time: 0.0646362
2026-06-26 11:50:38.546 10 INFO neutron.wsgi [None req-62ed66d7-6282-4175-a033-f2918ef179d0 df8495ed640840688305c2e7be167d6a 1ac5f51cc12349ee86486f512b35bb2a - - default default] 199.204.45.23 "GET /v2.0/subnets/6a34b78c-b802-4ed5-80ea-28a88756dabb HTTP/1.1" status: 200 len: 849 time: 0.0381725
2026-06-26 11:50:38.611 10 INFO neutron.wsgi [None req-19629906-41d8-4221-8d75-f3716aebd835 df8495ed640840688305c2e7be167d6a 1ac5f51cc12349ee86486f512b35bb2a - - default default] 199.204.45.23 "GET /v2.0/networks/4fdc7949-8564-476d-9a0a-b7cc4a556f68 HTTP/1.1" status: 200 len: 1001 time: 0.0590308
2026-06-26 11:50:38.650 10 INFO neutron.wsgi [None req-13dbed77-6401-4541-9ce0-ee9a83365ce3 df8495ed640840688305c2e7be167d6a 1ac5f51cc12349ee86486f512b35bb2a - - default default] 199.204.45.23 "GET /v2.0/ports/c02a2b45-06e4-4bd4-883f-05e94f25120b HTTP/1.1" status: 200 len: 1340 time: 0.0297799
2026-06-26 11:50:38.698 10 INFO neutron.wsgi [None req-65e8736d-5ec7-4a6a-bdff-016cdf96696a df8495ed640840688305c2e7be167d6a 1ac5f51cc12349ee86486f512b35bb2a - - default default] 199.204.45.23 "GET /v2.0/subnets/6a34b78c-b802-4ed5-80ea-28a88756dabb HTTP/1.1" status: 200 len: 849 time: 0.0397367
2026-06-26 11:50:39.572 10 INFO neutron.notifiers.nova [-] Nova event matching ['req-40cef39a-226e-4215-b1ac-8942b9214328'] response: {'server_uuid': 'd770d8fa-a72c-46aa-83f6-3e9f1375d6db', 'name': 'network-vif-plugged', 'status': 'completed', 'tag': '29a1f681-befc-474d-8233-47a7461ca98a', 'code': 200}
2026-06-26 11:50:39.572 10 INFO neutron.notifiers.nova [-] Nova event matching ['req-40cef39a-226e-4215-b1ac-8942b9214328'] response: {'name': 'network-changed', 'server_uuid': 'd770d8fa-a72c-46aa-83f6-3e9f1375d6db', 'tag': '29a1f681-befc-474d-8233-47a7461ca98a', 'status': 'completed', 'code': 200}
2026-06-26 11:50:39.646 9 INFO neutron.wsgi [req-663ca55d-d36a-4004-af89-e28c2e19918b req-799293a7-5100-40d2-b035-0a5838567355 c3c02c2477a94e50883937a26e176a15 45ebc3d5ca9b44b8891a6a80f82018cf - - 87bcd1705dc64560863af3bcd89e4ff5 87bcd1705dc64560863af3bcd89e4ff5] 199.204.45.23 "GET /v2.0/ports?tenant_id=1ac5f51cc12349ee86486f512b35bb2a&device_id=d770d8fa-a72c-46aa-83f6-3e9f1375d6db HTTP/1.1" status: 200 len: 4932 time: 0.0454016
2026-06-26 11:50:39.705 9 INFO neutron.wsgi [req-663ca55d-d36a-4004-af89-e28c2e19918b req-2c7b87f7-8853-4d1b-85ab-b1ef467e568a c3c02c2477a94e50883937a26e176a15 45ebc3d5ca9b44b8891a6a80f82018cf - - 87bcd1705dc64560863af3bcd89e4ff5 87bcd1705dc64560863af3bcd89e4ff5] 199.204.45.23 "GET /v2.0/networks?id=ff6a9514-1a91-43e8-b83a-3b6a2d27821b HTTP/1.1" status: 200 len: 1002 time: 0.0530665
2026-06-26 11:50:39.736 9 INFO neutron.wsgi [req-663ca55d-d36a-4004-af89-e28c2e19918b req-59925a0a-c6f3-4fa0-851e-892124ec5841 c3c02c2477a94e50883937a26e176a15 45ebc3d5ca9b44b8891a6a80f82018cf - - 87bcd1705dc64560863af3bcd89e4ff5 87bcd1705dc64560863af3bcd89e4ff5] 199.204.45.23 "GET /v2.0/floatingips?fixed_ip_address=10.2.2.146&port_id=29a1f681-befc-474d-8233-47a7461ca98a HTTP/1.1" status: 200 len: 217 time: 0.0257497
2026-06-26 11:50:39.775 9 INFO neutron.wsgi [req-663ca55d-d36a-4004-af89-e28c2e19918b req-433eb09f-6b31-4360-ad2b-02ff22c8f04c c3c02c2477a94e50883937a26e176a15 45ebc3d5ca9b44b8891a6a80f82018cf - - 87bcd1705dc64560863af3bcd89e4ff5 87bcd1705dc64560863af3bcd89e4ff5] 199.204.45.23 "GET /v2.0/subnets?id=3f73910f-3c99-48b0-b1dc-2e5fc4136348 HTTP/1.1" status: 200 len: 851 time: 0.0335827
2026-06-26 11:50:39.797 9 INFO neutron.wsgi [req-663ca55d-d36a-4004-af89-e28c2e19918b req-b44231d4-b9d8-42c7-9df3-025c238407c4 c3c02c2477a94e50883937a26e176a15 45ebc3d5ca9b44b8891a6a80f82018cf - - 87bcd1705dc64560863af3bcd89e4ff5 87bcd1705dc64560863af3bcd89e4ff5] 199.204.45.23 "GET /v2.0/ports?network_id=ff6a9514-1a91-43e8-b83a-3b6a2d27821b&device_owner=network%3Adhcp HTTP/1.1" status: 200 len: 210 time: 0.0183907
2026-06-26 11:50:39.854 9 INFO neutron.wsgi [req-663ca55d-d36a-4004-af89-e28c2e19918b req-671092ad-b733-46a9-816d-eb63417fc328 c3c02c2477a94e50883937a26e176a15 45ebc3d5ca9b44b8891a6a80f82018cf - - 87bcd1705dc64560863af3bcd89e4ff5 87bcd1705dc64560863af3bcd89e4ff5] 199.204.45.23 "GET /v2.0/networks/ff6a9514-1a91-43e8-b83a-3b6a2d27821b?fields=segments HTTP/1.1" status: 200 len: 212 time: 0.0516996
2026-06-26 11:50:39.923 9 INFO neutron.wsgi [req-663ca55d-d36a-4004-af89-e28c2e19918b req-f1b37526-6090-4bf1-bde3-f3af9b38867b c3c02c2477a94e50883937a26e176a15 45ebc3d5ca9b44b8891a6a80f82018cf - - 87bcd1705dc64560863af3bcd89e4ff5 87bcd1705dc64560863af3bcd89e4ff5] 199.204.45.23 "GET /v2.0/networks/ff6a9514-1a91-43e8-b83a-3b6a2d27821b?fields=provider%3Aphysical_network&fields=provider%3Anetwork_type HTTP/1.1" status: 200 len: 277 time: 0.0615375
2026-06-26 11:50:44.485 9 INFO neutron.wsgi [-] 10.0.0.184 "GET / HTTP/1.1" status: 200 len: 247 time: 0.0028408
2026-06-26 11:50:44.486 10 INFO neutron.wsgi [-] 10.0.0.184 "GET / HTTP/1.1" status: 200 len: 247 time: 0.0033898
2026-06-26 11:50:48.071 10 INFO neutron.wsgi [None req-ffcc1149-442b-4127-b574-0c3273949711 df8495ed640840688305c2e7be167d6a 1ac5f51cc12349ee86486f512b35bb2a - - default default] 10.0.0.204 "GET /v2.0/network-ip-availabilities HTTP/1.1" status: 200 len: 3359 time: 0.0883930
2026-06-26 11:50:48.113 10 INFO neutron.wsgi [None req-bede9eb5-c31c-419e-a132-e0136644b0d9 df8495ed640840688305c2e7be167d6a 1ac5f51cc12349ee86486f512b35bb2a - - default default] 199.204.45.23 "GET /v2.0/extensions/security-group HTTP/1.1" status: 200 len: 369 time: 0.0054462
2026-06-26 11:50:48.122 10 INFO neutron.wsgi [None req-88dea4fd-3121-43bf-85ac-44377e5b52d2 df8495ed640840688305c2e7be167d6a 1ac5f51cc12349ee86486f512b35bb2a - - default default] 199.204.45.23 "GET /v2.0/extensions/dns-integration HTTP/1.1" status: 200 len: 371 time: 0.0047708
2026-06-26 11:50:48.133 10 INFO neutron.wsgi [None req-6390edd1-100f-4512-93dc-713d7f1df46b df8495ed640840688305c2e7be167d6a 1ac5f51cc12349ee86486f512b35bb2a - - default default] 199.204.45.23 "GET /v2.0/extensions/qos HTTP/1.1" status: 200 len: 365 time: 0.0040822
2026-06-26 11:50:48.142 10 INFO neutron.wsgi [None req-380d39eb-8b5f-4e7f-b6f7-1868e26d86ab df8495ed640840688305c2e7be167d6a 1ac5f51cc12349ee86486f512b35bb2a - - default default] 199.204.45.23 "GET /v2.0/extensions/allowed-address-pairs HTTP/1.1" status: 200 len: 383 time: 0.0044835
2026-06-26 11:50:48.146 10 INFO neutron.wsgi [None req-f6247187-d2b2-41f3-901d-4321ef6844b8 df8495ed640840688305c2e7be167d6a 1ac5f51cc12349ee86486f512b35bb2a - - default default] 10.0.0.204 "GET /v2.0/networks HTTP/1.1" status: 200 len: 4718 time: 0.0738826
2026-06-26 11:50:48.182 10 INFO neutron.wsgi [None req-41c2bbab-4f8b-44c0-b764-07cef5a1a974 df8495ed640840688305c2e7be167d6a 1ac5f51cc12349ee86486f512b35bb2a - - default default] 199.204.45.23 "GET /v2.0/subnets/d57f35cd-197c-4afc-a476-9317f74fa23d HTTP/1.1" status: 200 len: 847 time: 0.0357752
2026-06-26 11:50:48.222 10 INFO neutron.wsgi [None req-d985b160-16a8-4858-addb-965a0be6f9a7 df8495ed640840688305c2e7be167d6a 1ac5f51cc12349ee86486f512b35bb2a - - default default] 199.204.45.23 "GET /v2.0/ports?device_id=d770d8fa-a72c-46aa-83f6-3e9f1375d6db HTTP/1.1" status: 200 len: 4932 time: 0.0358510
2026-06-26 11:50:48.258 10 INFO neutron.wsgi [None req-eaf7daeb-48ba-4b10-8bf7-84cd3757aaf2 df8495ed640840688305c2e7be167d6a 1ac5f51cc12349ee86486f512b35bb2a - - default default] 10.0.0.204 "GET /v2.0/security-groups HTTP/1.1" status: 200 len: 30233 time: 0.1068382
2026-06-26 11:50:48.315 10 INFO neutron.wsgi [None req-d564a1bd-8130-4c0d-9e4a-5422cc332e86 df8495ed640840688305c2e7be167d6a 1ac5f51cc12349ee86486f512b35bb2a - - default default] 10.0.0.204 "GET /v2.0/subnets HTTP/1.1" status: 200 len: 5493 time: 0.0455701
2026-06-26 11:50:48.370 10 INFO neutron.wsgi [None req-5a5cc655-89f4-4cb6-982a-63b2a9f97f9f df8495ed640840688305c2e7be167d6a 1ac5f51cc12349ee86486f512b35bb2a - - default default] 199.204.45.23 "GET /v2.0/extensions/security-group HTTP/1.1" status: 200 len: 369 time: 0.0049670
2026-06-26 11:50:48.375 10 INFO neutron.wsgi [None req-e14d61e5-bc6d-4cc6-811c-ab459758d1d0 df8495ed640840688305c2e7be167d6a 1ac5f51cc12349ee86486f512b35bb2a - - default default] 10.0.0.204 "GET /v2.0/agents HTTP/1.1" status: 200 len: 997 time: 0.0572693
2026-06-26 11:50:48.385 10 INFO neutron.wsgi [None req-895b3e09-637c-4945-9142-ecc8ccc7b000 df8495ed640840688305c2e7be167d6a 1ac5f51cc12349ee86486f512b35bb2a - - default default] 199.204.45.23 "GET /v2.0/extensions/dns-integration HTTP/1.1" status: 200 len: 371 time: 0.0096302
2026-06-26 11:50:48.400 10 INFO neutron.wsgi [None req-b70309cf-4f59-46e8-9c7a-c2ecddc11291 df8495ed640840688305c2e7be167d6a 1ac5f51cc12349ee86486f512b35bb2a - - default default] 199.204.45.23 "GET /v2.0/extensions/qos HTTP/1.1" status: 200 len: 365 time: 0.0053937
2026-06-26 11:50:48.416 10 INFO neutron.wsgi [None req-5dd79e42-d2b4-4f23-9b4e-2947abe0f778 df8495ed640840688305c2e7be167d6a 1ac5f51cc12349ee86486f512b35bb2a - - default default] 199.204.45.23 "GET /v2.0/extensions/allowed-address-pairs HTTP/1.1" status: 200 len: 383 time: 0.0046210
2026-06-26 11:50:48.449 10 INFO neutron.wsgi [None req-4f917763-857f-4aca-98b7-3ed416ad10ba df8495ed640840688305c2e7be167d6a 1ac5f51cc12349ee86486f512b35bb2a - - default default] 10.0.0.204 "GET /v2.0/subnets HTTP/1.1" status: 200 len: 5493 time: 0.0726769
2026-06-26 11:50:48.461 10 INFO neutron.wsgi [None req-b897f70e-e431-4059-a0e4-7ad6d81a4044 df8495ed640840688305c2e7be167d6a 1ac5f51cc12349ee86486f512b35bb2a - - default default] 10.0.0.204 "GET /v2.0/subnetpools HTTP/1.1" status: 200 len: 193 time: 0.0108745
2026-06-26 11:50:48.463 10 INFO neutron.wsgi [None req-7164c86c-d363-44d9-bb5c-9da796205519 df8495ed640840688305c2e7be167d6a 1ac5f51cc12349ee86486f512b35bb2a - - default default] 199.204.45.23 "GET /v2.0/ports/29a1f681-befc-474d-8233-47a7461ca98a HTTP/1.1" status: 200 len: 1358 time: 0.0399992
2026-06-26 11:50:48.510 10 INFO neutron.wsgi [None req-2357f842-e8c2-42e4-ab30-e5a5e8d40356 df8495ed640840688305c2e7be167d6a 1ac5f51cc12349ee86486f512b35bb2a - - default default] 10.0.0.204 "GET /v2.0/floatingips HTTP/1.1" status: 200 len: 2765 time: 0.0460365
2026-06-26 11:50:48.891 10 INFO neutron.wsgi [None req-6e6b4d87-41f6-4b37-ac7f-949322c1f349 df8495ed640840688305c2e7be167d6a 1ac5f51cc12349ee86486f512b35bb2a - - default default] 10.0.0.204 "GET /v2.0/routers HTTP/1.1" status: 200 len: 850 time: 0.3803875
2026-06-26 11:50:48.905 10 INFO neutron.wsgi [None req-70171d11-947a-4673-9b6f-2923e249be53 df8495ed640840688305c2e7be167d6a 1ac5f51cc12349ee86486f512b35bb2a - - default default] 10.0.0.204 "GET /v2.0/agents?binary=ovn-controller HTTP/1.1" status: 200 len: 591 time: 0.0122430
2026-06-26 11:50:48.968 10 INFO neutron.wsgi [None req-f74d6d69-c4b1-4513-b685-af5d921f6b3b df8495ed640840688305c2e7be167d6a 1ac5f51cc12349ee86486f512b35bb2a - - default default] 10.0.0.204 "GET /v2.0/ports HTTP/1.1" status: 200 len: 24190 time: 0.0468302
2026-06-26 11:50:49.218 10 INFO neutron.db.ovn_revision_numbers_db [None req-489a2ad1-4687-41d0-b51d-7b2b8aaacb67 df8495ed640840688305c2e7be167d6a 1ac5f51cc12349ee86486f512b35bb2a - - - -] Successfully bumped revision number for resource 29a1f681-befc-474d-8233-47a7461ca98a (type: ports) to 6
2026-06-26 11:50:49.229 10 INFO neutron.wsgi [None req-489a2ad1-4687-41d0-b51d-7b2b8aaacb67 df8495ed640840688305c2e7be167d6a 1ac5f51cc12349ee86486f512b35bb2a - - - -] 199.204.45.23 "PUT /v2.0/ports/29a1f681-befc-474d-8233-47a7461ca98a HTTP/1.1" status: 200 len: 1154 time: 0.7596211 /var/lib/openstack/lib/python3.10/site-packages/pycadf/identifier.py:71: UserWarning: Invalid uuid: neutron. To ensure interoperability, identifiers should be a valid uuid. warnings.warn(('Invalid uuid: %s. To ensure interoperability, '
2026-06-26 11:50:49.271 10 INFO neutron.notifiers.nova [-] Nova event matching ['req-579c5916-ea02-4fdf-b66b-6f7161cf376b'] response: {'name': 'network-changed', 'server_uuid': 'd770d8fa-a72c-46aa-83f6-3e9f1375d6db', 'tag': '29a1f681-befc-474d-8233-47a7461ca98a', 'status': 'completed', 'code': 200}
2026-06-26 11:50:49.299 10 INFO neutron.wsgi [None req-04f4333f-ffc0-4b92-b128-8e57fc4b7ec0 df8495ed640840688305c2e7be167d6a 1ac5f51cc12349ee86486f512b35bb2a - - default default] 199.204.45.23 "GET /v2.0/networks/ff6a9514-1a91-43e8-b83a-3b6a2d27821b HTTP/1.1" status: 200 len: 999 time: 0.0631454
2026-06-26 11:50:49.329 9 INFO neutron.wsgi [req-811f34a3-796e-42df-b487-748c3f28bf47 req-6b809f2c-6f76-4be4-9d6b-6332217a9b90 c3c02c2477a94e50883937a26e176a15 45ebc3d5ca9b44b8891a6a80f82018cf - - 87bcd1705dc64560863af3bcd89e4ff5 87bcd1705dc64560863af3bcd89e4ff5] 199.204.45.23 "GET /v2.0/ports?tenant_id=1ac5f51cc12349ee86486f512b35bb2a&device_id=d770d8fa-a72c-46aa-83f6-3e9f1375d6db HTTP/1.1" status: 200 len: 4757 time: 0.0426896
2026-06-26 11:50:49.335 10 INFO neutron.wsgi [None req-745a8f09-c4a9-4745-bd5b-663ba7d9223b df8495ed640840688305c2e7be167d6a 1ac5f51cc12349ee86486f512b35bb2a - - default default] 199.204.45.23 "GET /v2.0/ports?device_id=d770d8fa-a72c-46aa-83f6-3e9f1375d6db HTTP/1.1" status: 200 len: 4757 time: 0.0290065
2026-06-26 11:50:49.420 9 INFO neutron.wsgi [req-811f34a3-796e-42df-b487-748c3f28bf47 req-fd37cd59-6b85-442e-bfba-b5601ca2c04a c3c02c2477a94e50883937a26e176a15 45ebc3d5ca9b44b8891a6a80f82018cf - - 87bcd1705dc64560863af3bcd89e4ff5 87bcd1705dc64560863af3bcd89e4ff5] 199.204.45.23 "GET /v2.0/networks?id=ff6a9514-1a91-43e8-b83a-3b6a2d27821b HTTP/1.1" status: 200 len: 1002 time: 0.0851526
2026-06-26 11:50:49.458 10 INFO neutron.wsgi [None req-7fcf05e7-25fc-4c2a-a801-18f92ff7c94f df8495ed640840688305c2e7be167d6a 1ac5f51cc12349ee86486f512b35bb2a - - default default] 199.204.45.23 "GET /v2.0/ports?device_id=d770d8fa-a72c-46aa-83f6-3e9f1375d6db HTTP/1.1" status: 200 len: 4757 time: 0.0375423
2026-06-26 11:50:49.494 9 INFO neutron.wsgi [req-811f34a3-796e-42df-b487-748c3f28bf47 req-466cd8d3-eca9-4e9f-8c63-6220ef06db64 c3c02c2477a94e50883937a26e176a15 45ebc3d5ca9b44b8891a6a80f82018cf - - 87bcd1705dc64560863af3bcd89e4ff5 87bcd1705dc64560863af3bcd89e4ff5] 199.204.45.23 "GET /v2.0/networks/ff6a9514-1a91-43e8-b83a-3b6a2d27821b?fields=segments HTTP/1.1" status: 200 len: 212 time: 0.0677509
2026-06-26 11:50:49.557 9 INFO neutron.wsgi [req-811f34a3-796e-42df-b487-748c3f28bf47 req-e7e24e4e-81fe-4824-bca0-7ad953b7f3f1 c3c02c2477a94e50883937a26e176a15 45ebc3d5ca9b44b8891a6a80f82018cf - - 87bcd1705dc64560863af3bcd89e4ff5 87bcd1705dc64560863af3bcd89e4ff5] 199.204.45.23 "GET /v2.0/networks/ff6a9514-1a91-43e8-b83a-3b6a2d27821b?fields=provider%3Aphysical_network&fields=provider%3Anetwork_type HTTP/1.1" status: 200 len: 277 time: 0.0561135
2026-06-26 11:50:49.742 10 INFO neutron.plugins.ml2.drivers.ovn.mech_driver.mech_driver [None req-fd9721f4-af32-4575-beb7-8fc63908fd75 - - - - - -] OVN reports status down for port: 29a1f681-befc-474d-8233-47a7461ca98a
2026-06-26 11:50:49.816 9 INFO neutron.wsgi [req-5dc3529b-0936-4922-89ba-544b50d15a6b req-980d0f05-f8dd-45b5-9ed0-9afab17f3ed2 c3c02c2477a94e50883937a26e176a15 45ebc3d5ca9b44b8891a6a80f82018cf - - 87bcd1705dc64560863af3bcd89e4ff5 87bcd1705dc64560863af3bcd89e4ff5] 199.204.45.23 "GET /v2.0/ports/29a1f681-befc-474d-8233-47a7461ca98a HTTP/1.1" status: 200 len: 1182 time: 0.0398102
2026-06-26 11:50:50.018 10 INFO neutron.db.ovn_revision_numbers_db [None req-fd9721f4-af32-4575-beb7-8fc63908fd75 - - - - - -] Successfully bumped revision number for resource 29a1f681-befc-474d-8233-47a7461ca98a (type: ports) to 7
2026-06-26 11:50:50.100 9 INFO neutron.wsgi [None req-e3b8393a-3d9b-4ba1-99f3-708e03d62bf6 df8495ed640840688305c2e7be167d6a 1ac5f51cc12349ee86486f512b35bb2a - - - -] 199.204.45.23 "DELETE /v2.0/ports/29a1f681-befc-474d-8233-47a7461ca98a HTTP/1.1" status: 204 len: 173 time: 0.2789726
2026-06-26 11:50:50.139 9 INFO neutron.notifiers.nova [-] Nova event matching ['req-91692a7e-20cc-46e9-abe6-3ac32f685e7c'] response: {'server_uuid': 'd770d8fa-a72c-46aa-83f6-3e9f1375d6db', 'name': 'network-vif-deleted', 'tag': '29a1f681-befc-474d-8233-47a7461ca98a', 'status': 'completed', 'code': 200}
2026-06-26 11:50:50.190 9 INFO neutron.wsgi [req-5dc3529b-0936-4922-89ba-544b50d15a6b req-3f474904-ed37-42c7-b3fd-c277e0587836 c3c02c2477a94e50883937a26e176a15 45ebc3d5ca9b44b8891a6a80f82018cf - - 87bcd1705dc64560863af3bcd89e4ff5 87bcd1705dc64560863af3bcd89e4ff5] 199.204.45.23 "GET /v2.0/ports?tenant_id=1ac5f51cc12349ee86486f512b35bb2a&device_id=d770d8fa-a72c-46aa-83f6-3e9f1375d6db HTTP/1.1" status: 200 len: 3782 time: 0.0365419
2026-06-26 11:50:50.265 9 INFO neutron.wsgi [req-5dc3529b-0936-4922-89ba-544b50d15a6b req-39fd78c5-0a2b-4eea-ae4b-3de8634619e8 c3c02c2477a94e50883937a26e176a15 45ebc3d5ca9b44b8891a6a80f82018cf - - 87bcd1705dc64560863af3bcd89e4ff5 87bcd1705dc64560863af3bcd89e4ff5] 199.204.45.23 "GET /v2.0/networks?id=7a0ce84d-f41a-4b05-a265-4c6a8cede30a&id=4fdc7949-8564-476d-9a0a-b7cc4a556f68&id=fadad8ce-d98d-4c45-bd56-5e0e5977ad76&id=ff6a9514-1a91-43e8-b83a-3b6a2d27821b HTTP/1.1" status: 200 len: 3307 time: 0.0655711
2026-06-26 11:50:50.303 9 INFO neutron.wsgi [req-5dc3529b-0936-4922-89ba-544b50d15a6b req-db9a2bd6-1697-4a9a-b352-f54a68d7033c c3c02c2477a94e50883937a26e176a15 45ebc3d5ca9b44b8891a6a80f82018cf - - 87bcd1705dc64560863af3bcd89e4ff5 87bcd1705dc64560863af3bcd89e4ff5] 199.204.45.23 "GET /v2.0/floatingips?fixed_ip_address=172.24.3.121&port_id=02713a47-fb91-49d8-8c62-64c494ecfad7 HTTP/1.1" status: 200 len: 217 time: 0.0299439
2026-06-26 11:50:50.346 9 INFO neutron.wsgi [req-5dc3529b-0936-4922-89ba-544b50d15a6b req-80dfb144-c11c-4256-9830-702b792a8237 c3c02c2477a94e50883937a26e176a15 45ebc3d5ca9b44b8891a6a80f82018cf - - 87bcd1705dc64560863af3bcd89e4ff5 87bcd1705dc64560863af3bcd89e4ff5] 199.204.45.23 "GET /v2.0/subnets?id=4fb5a43c-cb91-4363-9ed4-b5eb2a848bef HTTP/1.1" status: 200 len: 829 time: 0.0362289
2026-06-26 11:50:50.382 9 INFO neutron.wsgi [req-5dc3529b-0936-4922-89ba-544b50d15a6b req-83e73509-0402-48f9-a088-91dd0850ade5 c3c02c2477a94e50883937a26e176a15 45ebc3d5ca9b44b8891a6a80f82018cf - - 87bcd1705dc64560863af3bcd89e4ff5 87bcd1705dc64560863af3bcd89e4ff5] 199.204.45.23 "GET /v2.0/ports?network_id=7a0ce84d-f41a-4b05-a265-4c6a8cede30a&device_owner=network%3Adhcp HTTP/1.1" status: 200 len: 210 time: 0.0247264
2026-06-26 11:50:50.450 9 INFO neutron.wsgi [req-5dc3529b-0936-4922-89ba-544b50d15a6b req-3494dbff-c51b-429e-9b23-8df9571343b6 c3c02c2477a94e50883937a26e176a15 45ebc3d5ca9b44b8891a6a80f82018cf - - 87bcd1705dc64560863af3bcd89e4ff5 87bcd1705dc64560863af3bcd89e4ff5] 199.204.45.23 "GET /v2.0/networks/7a0ce84d-f41a-4b05-a265-4c6a8cede30a?fields=segments HTTP/1.1" status: 200 len: 212 time: 0.0593812 /var/lib/openstack/lib/python3.10/site-packages/pycadf/identifier.py:71: UserWarning: Invalid uuid: neutron. To ensure interoperability, identifiers should be a valid uuid. warnings.warn(('Invalid uuid: %s. To ensure interoperability, '
2026-06-26 11:50:50.504 10 INFO neutron.wsgi [None req-8201c538-5b3d-4ee7-8d4a-6d3b4d59d8ed df8495ed640840688305c2e7be167d6a 1ac5f51cc12349ee86486f512b35bb2a - - default default] 199.204.45.23 "GET /v2.0/ports?device_id=d770d8fa-a72c-46aa-83f6-3e9f1375d6db HTTP/1.1" status: 200 len: 3782 time: 0.0386407
2026-06-26 11:50:50.514 9 INFO neutron.wsgi [req-5dc3529b-0936-4922-89ba-544b50d15a6b req-a96cdab5-78f4-4638-97cb-3a3efabb8e9d c3c02c2477a94e50883937a26e176a15 45ebc3d5ca9b44b8891a6a80f82018cf - - 87bcd1705dc64560863af3bcd89e4ff5 87bcd1705dc64560863af3bcd89e4ff5] 199.204.45.23 "GET /v2.0/networks/7a0ce84d-f41a-4b05-a265-4c6a8cede30a?fields=provider%3Aphysical_network&fields=provider%3Anetwork_type HTTP/1.1" status: 200 len: 277 time: 0.0553088
2026-06-26 11:50:50.534 10 INFO neutron.pecan_wsgi.hooks.translation [None req-2efa3a4a-7cfa-4376-af94-97228dc6ea92 df8495ed640840688305c2e7be167d6a 1ac5f51cc12349ee86486f512b35bb2a - - - -] DELETE failed (client error): The resource could not be found.
2026-06-26 11:50:50.537 10 INFO neutron.wsgi [None req-2efa3a4a-7cfa-4376-af94-97228dc6ea92 df8495ed640840688305c2e7be167d6a 1ac5f51cc12349ee86486f512b35bb2a - - - -] 199.204.45.23 "DELETE /v2.0/ports/29a1f681-befc-474d-8233-47a7461ca98a HTTP/1.1" status: 404 len: 338 time: 0.0228179
2026-06-26 11:50:50.549 9 INFO neutron.wsgi [req-5dc3529b-0936-4922-89ba-544b50d15a6b req-2a5d82e1-de7e-4ed0-8a3e-f47da64e3b4d c3c02c2477a94e50883937a26e176a15 45ebc3d5ca9b44b8891a6a80f82018cf - - 87bcd1705dc64560863af3bcd89e4ff5 87bcd1705dc64560863af3bcd89e4ff5] 199.204.45.23 "GET /v2.0/floatingips?fixed_ip_address=10.1.1.239&port_id=ced0333b-4544-4e62-a4d3-d6fd212e3b7b HTTP/1.1" status: 200 len: 217 time: 0.0240104
2026-06-26 11:50:50.587 9 INFO neutron.wsgi [req-5dc3529b-0936-4922-89ba-544b50d15a6b req-100a9f70-bcbb-4325-bdfc-1457e260cf34 c3c02c2477a94e50883937a26e176a15 45ebc3d5ca9b44b8891a6a80f82018cf - - 87bcd1705dc64560863af3bcd89e4ff5 87bcd1705dc64560863af3bcd89e4ff5] 199.204.45.23 "GET /v2.0/subnets?id=6a34b78c-b802-4ed5-80ea-28a88756dabb HTTP/1.1" status: 200 len: 852 time: 0.0321081
2026-06-26 11:50:50.614 9 INFO neutron.wsgi [req-5dc3529b-0936-4922-89ba-544b50d15a6b req-399baa98-ce7f-4dfc-b73e-b9bcecca5860 c3c02c2477a94e50883937a26e176a15 45ebc3d5ca9b44b8891a6a80f82018cf - - 87bcd1705dc64560863af3bcd89e4ff5 87bcd1705dc64560863af3bcd89e4ff5] 199.204.45.23 "GET /v2.0/ports?network_id=4fdc7949-8564-476d-9a0a-b7cc4a556f68&device_owner=network%3Adhcp HTTP/1.1" status: 200 len: 210 time: 0.0215948
2026-06-26 11:50:50.620 10 INFO neutron.wsgi [None req-4ff9236f-71e7-48c7-91a4-624faad45b93 df8495ed640840688305c2e7be167d6a 1ac5f51cc12349ee86486f512b35bb2a - - default default] 199.204.45.23 "GET /v2.0/extensions/security-group HTTP/1.1" status: 200 len: 369 time: 0.0066025
2026-06-26 11:50:50.629 10 INFO neutron.wsgi [None req-f72b0b6c-b7c5-4628-a717-7436ccf316a6 df8495ed640840688305c2e7be167d6a 1ac5f51cc12349ee86486f512b35bb2a - - default default] 199.204.45.23 "GET /v2.0/extensions/dns-integration HTTP/1.1" status: 200 len: 371 time: 0.0042605
2026-06-26 11:50:50.640 10 INFO neutron.wsgi [None req-7bd800bf-2a1f-4653-964d-59d9a2607978 df8495ed640840688305c2e7be167d6a 1ac5f51cc12349ee86486f512b35bb2a - - default default] 199.204.45.23 "GET /v2.0/extensions/qos HTTP/1.1" status: 200 len: 365 time: 0.0063784
2026-06-26 11:50:50.655 10 INFO neutron.wsgi [None req-a191ef66-d955-4d22-801f-f01b4e71fcb1 df8495ed640840688305c2e7be167d6a 1ac5f51cc12349ee86486f512b35bb2a - - default default] 199.204.45.23 "GET /v2.0/extensions/allowed-address-pairs HTTP/1.1" status: 200 len: 383 time: 0.0066092
2026-06-26 11:50:50.681 9 INFO neutron.wsgi [req-5dc3529b-0936-4922-89ba-544b50d15a6b req-fc02fa6b-df44-403d-9f85-9c70695a56fa c3c02c2477a94e50883937a26e176a15 45ebc3d5ca9b44b8891a6a80f82018cf - - 87bcd1705dc64560863af3bcd89e4ff5 87bcd1705dc64560863af3bcd89e4ff5] 199.204.45.23 "GET /v2.0/networks/4fdc7949-8564-476d-9a0a-b7cc4a556f68?fields=segments HTTP/1.1" status: 200 len: 212 time: 0.0590003
2026-06-26 11:50:50.698 10 INFO neutron.wsgi [None req-81e798c1-796c-4d24-b37a-c0ac0e39c10f df8495ed640840688305c2e7be167d6a 1ac5f51cc12349ee86486f512b35bb2a - - default default] 199.204.45.23 "GET /v2.0/subnets/6a34b78c-b802-4ed5-80ea-28a88756dabb HTTP/1.1" status: 200 len: 849 time: 0.0357311
2026-06-26 11:50:50.738 10 INFO neutron.wsgi [None req-60518557-3e8c-4811-9f07-35b8c8fb24e6 df8495ed640840688305c2e7be167d6a 1ac5f51cc12349ee86486f512b35bb2a - - default default] 199.204.45.23 "GET /v2.0/ports/c02a2b45-06e4-4bd4-883f-05e94f25120b HTTP/1.1" status: 200 len: 1340 time: 0.0321605
2026-06-26 11:50:50.748 9 INFO neutron.wsgi [req-5dc3529b-0936-4922-89ba-544b50d15a6b req-f673922a-1833-4a81-b58e-35d3658cf7ed c3c02c2477a94e50883937a26e176a15 45ebc3d5ca9b44b8891a6a80f82018cf - - 87bcd1705dc64560863af3bcd89e4ff5 87bcd1705dc64560863af3bcd89e4ff5] 199.204.45.23 "GET /v2.0/networks/4fdc7949-8564-476d-9a0a-b7cc4a556f68?fields=provider%3Aphysical_network&fields=provider%3Anetwork_type HTTP/1.1" status: 200 len: 277 time: 0.0585320
2026-06-26 11:50:50.775 10 INFO neutron.wsgi [None req-01c813a3-cc59-423c-ace9-017d5fdc2e41 df8495ed640840688305c2e7be167d6a 1ac5f51cc12349ee86486f512b35bb2a - - default default] 199.204.45.23 "GET /v2.0/ports/ced0333b-4544-4e62-a4d3-d6fd212e3b7b HTTP/1.1" status: 200 len: 1471 time: 0.0322595
2026-06-26 11:50:50.778 9 INFO neutron.wsgi [req-5dc3529b-0936-4922-89ba-544b50d15a6b req-f263a48a-7396-45f6-8594-c7051b03b993 c3c02c2477a94e50883937a26e176a15 45ebc3d5ca9b44b8891a6a80f82018cf - - 87bcd1705dc64560863af3bcd89e4ff5 87bcd1705dc64560863af3bcd89e4ff5] 199.204.45.23 "GET /v2.0/floatingips?fixed_ip_address=10.2.1.247&port_id=39f697ab-d712-498f-9193-3cfb99bbab96 HTTP/1.1" status: 200 len: 217 time: 0.0228906
2026-06-26 11:50:50.810 10 INFO neutron.wsgi [None req-245fe314-eddc-4cf7-b0a8-5d5d06abb0aa df8495ed640840688305c2e7be167d6a 1ac5f51cc12349ee86486f512b35bb2a - - default default] 199.204.45.23 "GET /v2.0/subnets/6a34b78c-b802-4ed5-80ea-28a88756dabb HTTP/1.1" status: 200 len: 849 time: 0.0279551
2026-06-26 11:50:50.814 9 INFO neutron.wsgi [req-5dc3529b-0936-4922-89ba-544b50d15a6b req-e1e7a2ee-f2e5-40d9-b25c-14788f596922 c3c02c2477a94e50883937a26e176a15 45ebc3d5ca9b44b8891a6a80f82018cf - - 87bcd1705dc64560863af3bcd89e4ff5 87bcd1705dc64560863af3bcd89e4ff5] 199.204.45.23 "GET /v2.0/subnets?id=d57f35cd-197c-4afc-a476-9317f74fa23d HTTP/1.1" status: 200 len: 850 time: 0.0285664
2026-06-26 11:50:50.845 9 INFO neutron.wsgi [req-5dc3529b-0936-4922-89ba-544b50d15a6b req-25d2e22a-d99d-4dc5-9ccd-9fd22edadf0c c3c02c2477a94e50883937a26e176a15 45ebc3d5ca9b44b8891a6a80f82018cf - - 87bcd1705dc64560863af3bcd89e4ff5 87bcd1705dc64560863af3bcd89e4ff5] 199.204.45.23 "GET /v2.0/ports?network_id=fadad8ce-d98d-4c45-bd56-5e0e5977ad76&device_owner=network%3Adhcp HTTP/1.1" status: 200 len: 210 time: 0.0235412
2026-06-26 11:50:50.869 10 INFO neutron.wsgi [None req-0812bf7c-9d01-4bff-8f55-ae5872eb0ae7 df8495ed640840688305c2e7be167d6a 1ac5f51cc12349ee86486f512b35bb2a - - default default] 199.204.45.23 "GET /v2.0/networks/4fdc7949-8564-476d-9a0a-b7cc4a556f68 HTTP/1.1" status: 200 len: 1001 time: 0.0530460
2026-06-26 11:50:50.901 10 INFO neutron.wsgi [None req-e780134d-5b55-4353-a395-1b61b783a94c df8495ed640840688305c2e7be167d6a 1ac5f51cc12349ee86486f512b35bb2a - - default default] 199.204.45.23 "GET /v2.0/ports/c02a2b45-06e4-4bd4-883f-05e94f25120b HTTP/1.1" status: 200 len: 1340 time: 0.0242877
2026-06-26 11:50:50.908 9 INFO neutron.wsgi [req-5dc3529b-0936-4922-89ba-544b50d15a6b req-0045e472-1541-4d3b-9acb-3e7a423d8434 c3c02c2477a94e50883937a26e176a15 45ebc3d5ca9b44b8891a6a80f82018cf - - 87bcd1705dc64560863af3bcd89e4ff5 87bcd1705dc64560863af3bcd89e4ff5] 199.204.45.23 "GET /v2.0/networks/fadad8ce-d98d-4c45-bd56-5e0e5977ad76?fields=segments HTTP/1.1" status: 200 len: 212 time: 0.0549078
2026-06-26 11:50:50.935 10 INFO neutron.wsgi [None req-34519d01-2d7d-4938-a97e-ee6a3f68cdbe df8495ed640840688305c2e7be167d6a 1ac5f51cc12349ee86486f512b35bb2a - - default default] 199.204.45.23 "GET /v2.0/subnets/6a34b78c-b802-4ed5-80ea-28a88756dabb HTTP/1.1" status: 200 len: 849 time: 0.0293877
2026-06-26 11:50:50.977 9 INFO neutron.wsgi [req-5dc3529b-0936-4922-89ba-544b50d15a6b req-dfecc148-3609-4a62-9f30-d2d86c48906c c3c02c2477a94e50883937a26e176a15 45ebc3d5ca9b44b8891a6a80f82018cf - - 87bcd1705dc64560863af3bcd89e4ff5 87bcd1705dc64560863af3bcd89e4ff5] 199.204.45.23 "GET /v2.0/networks/fadad8ce-d98d-4c45-bd56-5e0e5977ad76?fields=provider%3Aphysical_network&fields=provider%3Anetwork_type HTTP/1.1" status: 200 len: 277 time: 0.0624931
2026-06-26 11:50:51.326 10 INFO neutron.notifiers.nova [-] Nova event matching ['req-3269d22a-b906-4e86-8647-d344c7fd4d3a'] response: {'server_uuid': 'd770d8fa-a72c-46aa-83f6-3e9f1375d6db', 'name': 'network-vif-unplugged', 'status': 'completed', 'tag': '29a1f681-befc-474d-8233-47a7461ca98a', 'code': 200}
2026-06-26 11:50:51.327 10 INFO neutron.notifiers.nova [-] Nova event matching ['req-3269d22a-b906-4e86-8647-d344c7fd4d3a'] response: {'server_uuid': 'd770d8fa-a72c-46aa-83f6-3e9f1375d6db', 'name': 'network-vif-plugged', 'status': 'completed', 'tag': '29a1f681-befc-474d-8233-47a7461ca98a', 'code': 200}
2026-06-26 11:50:53.601 10 INFO neutron.wsgi [None req-4d1e38ce-53a2-4c32-aacb-e0ca160affa9 df8495ed640840688305c2e7be167d6a 1ac5f51cc12349ee86486f512b35bb2a - - default default] 199.204.45.23 "GET /v2.0/extensions/security-group HTTP/1.1" status: 200 len: 369 time: 0.0070996
2026-06-26 11:50:53.609 10 INFO neutron.wsgi [None req-86f8e22d-dc77-4d4b-af83-bd3ffb577068 df8495ed640840688305c2e7be167d6a 1ac5f51cc12349ee86486f512b35bb2a - - default default] 199.204.45.23 "GET /v2.0/extensions/dns-integration HTTP/1.1" status: 200 len: 371 time: 0.0052147
2026-06-26 11:50:53.618 10 INFO neutron.wsgi [None req-833438ad-cd04-4356-bf1d-d1c8891bb168 df8495ed640840688305c2e7be167d6a 1ac5f51cc12349ee86486f512b35bb2a - - default default] 199.204.45.23 "GET /v2.0/extensions/qos HTTP/1.1" status: 200 len: 365 time: 0.0050735
2026-06-26 11:50:53.629 10 INFO neutron.wsgi [None req-980a9f8d-5c88-4791-b919-0701b2b85b3b df8495ed640840688305c2e7be167d6a 1ac5f51cc12349ee86486f512b35bb2a - - default default] 199.204.45.23 "GET /v2.0/extensions/allowed-address-pairs HTTP/1.1" status: 200 len: 383 time: 0.0064301
2026-06-26 11:50:53.673 10 INFO neutron.wsgi [None req-a40e4e8e-4bc7-4881-ad6c-11ef4bc5f2fe df8495ed640840688305c2e7be167d6a 1ac5f51cc12349ee86486f512b35bb2a - - default default] 199.204.45.23 "GET /v2.0/ports?device_id=d770d8fa-a72c-46aa-83f6-3e9f1375d6db HTTP/1.1" status: 200 len: 3782 time: 0.0372071
2026-06-26 11:50:53.824 10 INFO neutron.wsgi [None req-a92769f9-002b-4e29-8698-9379048e2282 df8495ed640840688305c2e7be167d6a 1ac5f51cc12349ee86486f512b35bb2a - - default default] 199.204.45.23 "GET /v2.0/extensions/security-group HTTP/1.1" status: 200 len: 369 time: 0.0070519
2026-06-26 11:50:53.838 10 INFO neutron.wsgi [None req-81bd2061-8dee-46ed-a7cf-4cc6dc432dd6 df8495ed640840688305c2e7be167d6a 1ac5f51cc12349ee86486f512b35bb2a - - default default] 199.204.45.23 "GET /v2.0/extensions/dns-integration HTTP/1.1" status: 200 len: 371 time: 0.0081527
2026-06-26 11:50:53.844 10 INFO neutron.wsgi [None req-7b0e0f8a-cdc9-4470-870b-a137e1b67c00 df8495ed640840688305c2e7be167d6a 1ac5f51cc12349ee86486f512b35bb2a - - default default] 199.204.45.23 "GET /v2.0/extensions/qos HTTP/1.1" status: 200 len: 365 time: 0.0031281
2026-06-26 11:50:53.852 10 INFO neutron.wsgi [None req-de01138e-743d-4800-88b5-6e9e7ef71c60 df8495ed640840688305c2e7be167d6a 1ac5f51cc12349ee86486f512b35bb2a - - default default] 199.204.45.23 "GET /v2.0/extensions/allowed-address-pairs HTTP/1.1" status: 200 len: 383 time: 0.0040734
2026-06-26 11:50:53.888 10 INFO neutron.wsgi [None req-728be86a-552f-4085-aed7-c4eb5da44983 df8495ed640840688305c2e7be167d6a 1ac5f51cc12349ee86486f512b35bb2a - - default default] 199.204.45.23 "GET /v2.0/ports/39f697ab-d712-498f-9193-3cfb99bbab96 HTTP/1.1" status: 200 len: 1358 time: 0.0321128
2026-06-26 11:50:54.233 10 INFO neutron.db.ovn_revision_numbers_db [None req-0a6b4252-1b6e-405c-a044-7dac2456c4ba df8495ed640840688305c2e7be167d6a 1ac5f51cc12349ee86486f512b35bb2a - - - -] Successfully bumped revision number for resource 39f697ab-d712-498f-9193-3cfb99bbab96 (type: ports) to 6
2026-06-26 11:50:54.242 10 INFO neutron.wsgi [None req-0a6b4252-1b6e-405c-a044-7dac2456c4ba df8495ed640840688305c2e7be167d6a 1ac5f51cc12349ee86486f512b35bb2a - - - -] 199.204.45.23 "PUT /v2.0/ports/39f697ab-d712-498f-9193-3cfb99bbab96 HTTP/1.1" status: 200 len: 1154 time: 0.3492789 /var/lib/openstack/lib/python3.10/site-packages/pycadf/identifier.py:71: UserWarning: Invalid uuid: neutron. To ensure interoperability, identifiers should be a valid uuid. warnings.warn(('Invalid uuid: %s. To ensure interoperability, '
2026-06-26 11:50:54.285 10 INFO neutron.notifiers.nova [-] Nova event matching ['req-716e5374-73ac-4f15-b980-9fb5ab5374ee'] response: {'name': 'network-changed', 'server_uuid': 'd770d8fa-a72c-46aa-83f6-3e9f1375d6db', 'tag': '39f697ab-d712-498f-9193-3cfb99bbab96', 'status': 'completed', 'code': 200}
2026-06-26 11:50:54.313 10 INFO neutron.wsgi [None req-d399b854-89b7-4c5e-97e5-c9db1efb1802 df8495ed640840688305c2e7be167d6a 1ac5f51cc12349ee86486f512b35bb2a - - default default] 199.204.45.23 "GET /v2.0/networks/fadad8ce-d98d-4c45-bd56-5e0e5977ad76 HTTP/1.1" status: 200 len: 999 time: 0.0635788
2026-06-26 11:50:54.356 9 INFO neutron.wsgi [req-643c1eac-9e5c-4523-984a-9effd3172b7e req-973a4651-8d66-4dbb-8465-dc341662a67e c3c02c2477a94e50883937a26e176a15 45ebc3d5ca9b44b8891a6a80f82018cf - - 87bcd1705dc64560863af3bcd89e4ff5 87bcd1705dc64560863af3bcd89e4ff5] 199.204.45.23 "GET /v2.0/ports?tenant_id=1ac5f51cc12349ee86486f512b35bb2a&device_id=d770d8fa-a72c-46aa-83f6-3e9f1375d6db HTTP/1.1" status: 200 len: 3607 time: 0.0487423
2026-06-26 11:50:54.356 10 INFO neutron.wsgi [None req-d6e0c279-fa30-477c-95d3-13e853d981a7 df8495ed640840688305c2e7be167d6a 1ac5f51cc12349ee86486f512b35bb2a - - default default] 199.204.45.23 "GET /v2.0/ports?device_id=d770d8fa-a72c-46aa-83f6-3e9f1375d6db HTTP/1.1" status: 200 len: 3607 time: 0.0330729
2026-06-26 11:50:54.447 9 INFO neutron.wsgi [req-643c1eac-9e5c-4523-984a-9effd3172b7e req-9765c2aa-092a-42fd-8b29-1fcce0343542 c3c02c2477a94e50883937a26e176a15 45ebc3d5ca9b44b8891a6a80f82018cf - - 87bcd1705dc64560863af3bcd89e4ff5 87bcd1705dc64560863af3bcd89e4ff5] 199.204.45.23 "GET /v2.0/networks?id=fadad8ce-d98d-4c45-bd56-5e0e5977ad76 HTTP/1.1" status: 200 len: 1002 time: 0.0741255
2026-06-26 11:50:54.464 10 INFO neutron.wsgi [None req-59007fde-a691-4647-b1c9-360d904e519b df8495ed640840688305c2e7be167d6a 1ac5f51cc12349ee86486f512b35bb2a - - default default] 199.204.45.23 "GET /v2.0/ports?device_id=d770d8fa-a72c-46aa-83f6-3e9f1375d6db HTTP/1.1" status: 200 len: 3607 time: 0.0333381
2026-06-26 11:50:54.514 9 INFO neutron.wsgi [req-643c1eac-9e5c-4523-984a-9effd3172b7e req-77f94fbc-a61e-4722-8d4b-a66044fae1cf c3c02c2477a94e50883937a26e176a15 45ebc3d5ca9b44b8891a6a80f82018cf - - 87bcd1705dc64560863af3bcd89e4ff5 87bcd1705dc64560863af3bcd89e4ff5] 199.204.45.23 "GET /v2.0/networks/fadad8ce-d98d-4c45-bd56-5e0e5977ad76?fields=segments HTTP/1.1" status: 200 len: 212 time: 0.0615385
2026-06-26 11:50:54.578 9 INFO neutron.wsgi [req-643c1eac-9e5c-4523-984a-9effd3172b7e req-9b09eb26-9447-4ae3-bfcd-fccd1417a0ca c3c02c2477a94e50883937a26e176a15 45ebc3d5ca9b44b8891a6a80f82018cf - - 87bcd1705dc64560863af3bcd89e4ff5 87bcd1705dc64560863af3bcd89e4ff5] 199.204.45.23 "GET /v2.0/networks/fadad8ce-d98d-4c45-bd56-5e0e5977ad76?fields=provider%3Aphysical_network&fields=provider%3Anetwork_type HTTP/1.1" status: 200 len: 277 time: 0.0565679
2026-06-26 11:50:54.743 9 INFO neutron.plugins.ml2.drivers.ovn.mech_driver.mech_driver [None req-8d4b730d-af0f-40a8-8cce-5504e4afbfa8 - - - - - -] OVN reports status down for port: 39f697ab-d712-498f-9193-3cfb99bbab96
2026-06-26 11:50:54.801 9 INFO neutron.wsgi [req-507d353d-d5a5-4551-9da8-22228e6eeba2 req-dfbae4be-8f8e-4166-88c2-31dec223b4a5 c3c02c2477a94e50883937a26e176a15 45ebc3d5ca9b44b8891a6a80f82018cf - - 87bcd1705dc64560863af3bcd89e4ff5 87bcd1705dc64560863af3bcd89e4ff5] 199.204.45.23 "GET /v2.0/ports/39f697ab-d712-498f-9193-3cfb99bbab96 HTTP/1.1" status: 200 len: 1182 time: 0.0326099
2026-06-26 11:50:55.231 9 INFO neutron.notifiers.nova [-] Nova event matching ['req-828cd202-f670-4e42-b58c-1e5e70e615d6'] response: {'server_uuid': 'd770d8fa-a72c-46aa-83f6-3e9f1375d6db', 'name': 'network-vif-unplugged', 'status': 'completed', 'tag': '39f697ab-d712-498f-9193-3cfb99bbab96', 'code': 200}
