2026-06-26 11:45:50.603 10 INFO neutron.services.segments.plugin [-] Segment 3e58449c-8b6f-4bb2-9f6b-d731a337c666 resource provider not found; error: Placement Client Error (4xx): {"errors": [{"status": 404, "title": "Not Found", "detail": "The resource could not be found.\n\n No resource provider with uuid 3e58449c-8b6f-4bb2-9f6b-d731a337c666 found for delete ", "request_id": "req-3bdaebd8-6b4d-40f0-8f29-c6c9b99804c8"}]}
2026-06-26 11:45:50.804 9 INFO neutron.wsgi [None req-62901948-ca7f-400d-81aa-30ea280f742e df8495ed640840688305c2e7be167d6a 1ac5f51cc12349ee86486f512b35bb2a - - default default] 10.0.0.244 "GET /v2.0/security-groups?tenant_id=df326d53e7e54429b4bb5e186773869a&name=default HTTP/1.1" status: 200 len: 2996 time: 0.4374285
2026-06-26 11:45:51.000 9 INFO neutron.services.segments.plugin [-] Segment 520e16d4-a288-48d0-8aba-0f828c1e71d8 resource provider aggregate not found
2026-06-26 11:45:51.013 9 INFO neutron.services.segments.plugin [-] Segment 520e16d4-a288-48d0-8aba-0f828c1e71d8 resource provider aggregate not found
2026-06-26 11:45:51.017 9 INFO neutron.services.segments.plugin [-] Segment 520e16d4-a288-48d0-8aba-0f828c1e71d8 resource provider not found; error: Placement Client Error (4xx): {"errors": [{"status": 404, "title": "Not Found", "detail": "The resource could not be found.\n\n No resource provider with uuid 520e16d4-a288-48d0-8aba-0f828c1e71d8 found for delete ", "request_id": "req-5ce18848-f081-4de0-a438-d84e59a74b03"}]}
2026-06-26 11:45:51.030 9 INFO neutron.wsgi [None req-94d009a4-6947-42d0-8638-6b652932e209 df8495ed640840688305c2e7be167d6a 1ac5f51cc12349ee86486f512b35bb2a - - - -] 10.0.0.244 "DELETE /v2.0/security-groups/ce688a6a-015d-40c0-a1ae-4f0e4cfd7364 HTTP/1.1" status: 204 len: 168 time: 0.2106061
2026-06-26 11:45:51.031 9 INFO neutron.services.segments.plugin [-] Segment 520e16d4-a288-48d0-8aba-0f828c1e71d8 resource provider not found; error: Placement Client Error (4xx): {"errors": [{"status": 404, "title": "Not Found", "detail": "The resource could not be found.\n\n No resource provider with uuid 520e16d4-a288-48d0-8aba-0f828c1e71d8 found for delete ", "request_id": "req-f7de59c4-b8b3-4b83-a70f-6c6ca45e36f7"}]}
2026-06-26 11:45:51.196 9 INFO neutron.db.ovn_revision_numbers_db [None req-97697292-e6cb-42a9-8f05-12584f92bfc1 df8495ed640840688305c2e7be167d6a 1ac5f51cc12349ee86486f512b35bb2a - - default default] Successfully bumped revision number for resource 8234f2bc-12c5-479c-9451-9072bbc37e4c (type: security_groups) to 1
2026-06-26 11:45:51.215 9 INFO neutron.wsgi [None req-97697292-e6cb-42a9-8f05-12584f92bfc1 df8495ed640840688305c2e7be167d6a 1ac5f51cc12349ee86486f512b35bb2a - - default default] 10.0.0.244 "GET /v2.0/security-groups?tenant_id=0580db29bf6145b899bf05f46d3d93e3&name=default HTTP/1.1" status: 200 len: 2996 time: 0.3225956
2026-06-26 11:45:51.375 9 INFO neutron.wsgi [None req-8b36192d-c55d-44f4-86e2-499a76bc6388 df8495ed640840688305c2e7be167d6a 1ac5f51cc12349ee86486f512b35bb2a - - - -] 10.0.0.244 "DELETE /v2.0/security-groups/8234f2bc-12c5-479c-9451-9072bbc37e4c HTTP/1.1" status: 204 len: 168 time: 0.1561787
2026-06-26 11:45:51.690 9 INFO neutron.db.ovn_revision_numbers_db [None req-eb096515-93e3-497d-a59b-1aa9d12260c9 df8495ed640840688305c2e7be167d6a 1ac5f51cc12349ee86486f512b35bb2a - - default default] Successfully bumped revision number for resource fbc41ab5-be39-447a-b81f-377556a85240 (type: security_groups) to 1
2026-06-26 11:45:51.714 9 INFO neutron.wsgi [None req-eb096515-93e3-497d-a59b-1aa9d12260c9 df8495ed640840688305c2e7be167d6a 1ac5f51cc12349ee86486f512b35bb2a - - default default] 10.0.0.244 "GET /v2.0/security-groups?tenant_id=3f92f1d100354d3094511c659477c29c&name=default HTTP/1.1" status: 200 len: 2996 time: 0.2937212
2026-06-26 11:45:51.903 9 INFO neutron.wsgi [None req-cf770795-669e-4b35-88f4-002b7db0850b df8495ed640840688305c2e7be167d6a 1ac5f51cc12349ee86486f512b35bb2a - - - -] 10.0.0.244 "DELETE /v2.0/security-groups/fbc41ab5-be39-447a-b81f-377556a85240 HTTP/1.1" status: 204 len: 168 time: 0.1853988
2026-06-26 11:45:52.146 10 INFO neutron.db.ovn_revision_numbers_db [None req-cdf4d7d4-c9c1-4b91-8fac-f8ab66e119d2 df8495ed640840688305c2e7be167d6a 1ac5f51cc12349ee86486f512b35bb2a - - default default] Successfully bumped revision number for resource 9402d7e8-8245-4ede-8ec0-944ff24bf069 (type: security_groups) to 1
2026-06-26 11:45:52.165 10 INFO neutron.wsgi [None req-cdf4d7d4-c9c1-4b91-8fac-f8ab66e119d2 df8495ed640840688305c2e7be167d6a 1ac5f51cc12349ee86486f512b35bb2a - - default default] 10.0.0.244 "GET /v2.0/security-groups?tenant_id=4e9ee4edff3c4dbe90b2e5c5d4be437b&name=default HTTP/1.1" status: 200 len: 2996 time: 0.1107788
2026-06-26 11:45:52.345 10 INFO neutron.wsgi [None req-ab63a240-85bd-4822-b82d-412b579a7682 df8495ed640840688305c2e7be167d6a 1ac5f51cc12349ee86486f512b35bb2a - - - -] 10.0.0.244 "DELETE /v2.0/security-groups/9402d7e8-8245-4ede-8ec0-944ff24bf069 HTTP/1.1" status: 204 len: 168 time: 0.1700513
2026-06-26 11:45:53.059 10 INFO neutron.db.ovn_revision_numbers_db [None req-44d9bbdc-4c64-43a0-9489-a1c88117829b f184055dcfc140ad9af55104e9dfea73 40e3c2a536c84b5593f8b5afe19f6411 - - - -] Successfully bumped revision number for resource e0cf0664-e690-4e9a-9289-9e2eef80964a (type: security_groups) to 1
2026-06-26 11:45:53.108 10 INFO neutron.db.segments_db [None req-44d9bbdc-4c64-43a0-9489-a1c88117829b f184055dcfc140ad9af55104e9dfea73 40e3c2a536c84b5593f8b5afe19f6411 - - - -] Added segment 609cb3e4-fe43-421c-b8e7-3db0dc019318 of type geneve for network aa5f31ae-2c5c-42a5-975b-2021bb9932f4
2026-06-26 11:45:53.234 10 INFO neutron.db.ovn_revision_numbers_db [None req-44d9bbdc-4c64-43a0-9489-a1c88117829b f184055dcfc140ad9af55104e9dfea73 40e3c2a536c84b5593f8b5afe19f6411 - - - -] Successfully bumped revision number for resource aa5f31ae-2c5c-42a5-975b-2021bb9932f4 (type: networks) to 1
2026-06-26 11:45:53.420 9 INFO neutron.db.ovn_revision_numbers_db [None req-832bd51f-ca15-43b1-bb54-07edc46768f3 6f156d7b495c4868a8cadd279806918b f7b742d219fd425eb0ce275433d8122f - - - -] Successfully bumped revision number for resource 5ac1b7df-88f2-4b49-9850-34f9d97e92b8 (type: security_groups) to 1
2026-06-26 11:45:53.428 10 WARNING neutron.scheduler.dhcp_agent_scheduler [None req-44d9bbdc-4c64-43a0-9489-a1c88117829b f184055dcfc140ad9af55104e9dfea73 40e3c2a536c84b5593f8b5afe19f6411 - - - -] No more DHCP agents
2026-06-26 11:45:53.435 10 WARNING neutron.api.rpc.agentnotifiers.dhcp_rpc_agent_api [None req-44d9bbdc-4c64-43a0-9489-a1c88117829b f184055dcfc140ad9af55104e9dfea73 40e3c2a536c84b5593f8b5afe19f6411 - - - -] Unable to schedule network aa5f31ae-2c5c-42a5-975b-2021bb9932f4: no agents available; will retry on subsequent port and subnet creation events.
2026-06-26 11:45:53.477 9 INFO neutron.db.segments_db [None req-832bd51f-ca15-43b1-bb54-07edc46768f3 6f156d7b495c4868a8cadd279806918b f7b742d219fd425eb0ce275433d8122f - - - -] Added segment 6de39860-4529-4a9e-b369-3526f56c0697 of type geneve for network b908107d-7545-4964-bada-504fe2bf4b15
2026-06-26 11:45:53.510 10 INFO neutron.db.ovn_revision_numbers_db [None req-44d9bbdc-4c64-43a0-9489-a1c88117829b f184055dcfc140ad9af55104e9dfea73 40e3c2a536c84b5593f8b5afe19f6411 - - - -] Successfully bumped revision number for resource 6d8b0fc9-bc82-42a1-bef6-d24fd6ddc041 (type: ports) to 1
2026-06-26 11:45:53.532 10 INFO neutron.wsgi [None req-44d9bbdc-4c64-43a0-9489-a1c88117829b f184055dcfc140ad9af55104e9dfea73 40e3c2a536c84b5593f8b5afe19f6411 - - - -] 10.0.0.244 "POST /v2.0/networks HTTP/1.1" status: 201 len: 843 time: 0.7582917
2026-06-26 11:45:53.620 9 INFO neutron.db.ovn_revision_numbers_db [None req-832bd51f-ca15-43b1-bb54-07edc46768f3 6f156d7b495c4868a8cadd279806918b f7b742d219fd425eb0ce275433d8122f - - - -] Successfully bumped revision number for resource b908107d-7545-4964-bada-504fe2bf4b15 (type: networks) to 1
2026-06-26 11:45:53.828 9 WARNING neutron.scheduler.dhcp_agent_scheduler [None req-832bd51f-ca15-43b1-bb54-07edc46768f3 6f156d7b495c4868a8cadd279806918b f7b742d219fd425eb0ce275433d8122f - - - -] No more DHCP agents
2026-06-26 11:45:53.829 9 WARNING neutron.api.rpc.agentnotifiers.dhcp_rpc_agent_api [None req-832bd51f-ca15-43b1-bb54-07edc46768f3 6f156d7b495c4868a8cadd279806918b f7b742d219fd425eb0ce275433d8122f - - - -] Unable to schedule network b908107d-7545-4964-bada-504fe2bf4b15: no agents available; will retry on subsequent port and subnet creation events.
2026-06-26 11:45:53.833 10 WARNING neutron.scheduler.dhcp_agent_scheduler [None req-ea42b4e8-d308-4776-8be4-532e2ee6aead f184055dcfc140ad9af55104e9dfea73 40e3c2a536c84b5593f8b5afe19f6411 - - - -] No more DHCP agents
2026-06-26 11:45:53.835 10 WARNING neutron.api.rpc.agentnotifiers.dhcp_rpc_agent_api [None req-ea42b4e8-d308-4776-8be4-532e2ee6aead f184055dcfc140ad9af55104e9dfea73 40e3c2a536c84b5593f8b5afe19f6411 - - - -] Unable to schedule network aa5f31ae-2c5c-42a5-975b-2021bb9932f4: no agents available; will retry on subsequent port and subnet creation events.
2026-06-26 11:45:53.892 9 INFO neutron.db.ovn_revision_numbers_db [None req-832bd51f-ca15-43b1-bb54-07edc46768f3 6f156d7b495c4868a8cadd279806918b f7b742d219fd425eb0ce275433d8122f - - - -] Successfully bumped revision number for resource 94f8994a-5317-47ee-b804-a73eaed6ded4 (type: ports) to 1
2026-06-26 11:45:53.915 9 INFO neutron.wsgi [None req-832bd51f-ca15-43b1-bb54-07edc46768f3 6f156d7b495c4868a8cadd279806918b f7b742d219fd425eb0ce275433d8122f - - - -] 10.0.0.244 "POST /v2.0/networks HTTP/1.1" status: 201 len: 849 time: 0.7777646
2026-06-26 11:45:54.136 9 INFO neutron.wsgi [req-4831b03d-aea1-4045-94cc-a727d463c0af req-aa70eb11-5af4-4bb1-a183-5896a2fe51e1 ca535077d40e42eea0a4d3a2eeef4425 1b299556e3f9449d9a04d2bb1e807487 - - default default] 10.0.0.217 "GET /v2.0/ports?device_id=404c9459-17a4-4b60-a243-7dd595d1f12a HTTP/1.1" status: 200 len: 1174 time: 0.1477852
2026-06-26 11:45:54.182 9 INFO neutron.wsgi [req-4831b03d-aea1-4045-94cc-a727d463c0af req-7817491e-f22c-405e-9f5e-1fb4ef8e6eda ca535077d40e42eea0a4d3a2eeef4425 1b299556e3f9449d9a04d2bb1e807487 - - default default] 10.0.0.217 "GET /v2.0/security-groups?id=9b7aa2d4-845e-4305-9160-29aa99a1ecdc&fields=id&fields=name HTTP/1.1" status: 200 len: 312 time: 0.0362248
2026-06-26 11:45:54.274 10 INFO neutron.db.ovn_revision_numbers_db [None req-ea42b4e8-d308-4776-8be4-532e2ee6aead f184055dcfc140ad9af55104e9dfea73 40e3c2a536c84b5593f8b5afe19f6411 - - - -] Successfully bumped revision number for resource 6d8b0fc9-bc82-42a1-bef6-d24fd6ddc041 (type: ports) to 2
2026-06-26 11:45:54.276 9 WARNING neutron.scheduler.dhcp_agent_scheduler [None req-4ba6bb7d-291d-4ddd-a5fa-8f035d13936f 6f156d7b495c4868a8cadd279806918b f7b742d219fd425eb0ce275433d8122f - - - -] No more DHCP agents
2026-06-26 11:45:54.278 9 WARNING neutron.api.rpc.agentnotifiers.dhcp_rpc_agent_api [None req-4ba6bb7d-291d-4ddd-a5fa-8f035d13936f 6f156d7b495c4868a8cadd279806918b f7b742d219fd425eb0ce275433d8122f - - - -] Unable to schedule network b908107d-7545-4964-bada-504fe2bf4b15: no agents available; will retry on subsequent port and subnet creation events.
2026-06-26 11:45:54.284 9 INFO neutron.db.ovn_revision_numbers_db [None req-4ba6bb7d-291d-4ddd-a5fa-8f035d13936f 6f156d7b495c4868a8cadd279806918b f7b742d219fd425eb0ce275433d8122f - - - -] Successfully bumped revision number for resource 7b42c0c5-a0c2-4778-ab2d-0e000ce3145d (type: subnets) to 0
2026-06-26 11:45:54.295 10 INFO neutron.db.ovn_revision_numbers_db [None req-ea42b4e8-d308-4776-8be4-532e2ee6aead f184055dcfc140ad9af55104e9dfea73 40e3c2a536c84b5593f8b5afe19f6411 - - - -] Successfully bumped revision number for resource b9e7b0b0-d944-496e-abf6-4ad4805d24ea (type: subnets) to 0
2026-06-26 11:45:54.299 9 INFO neutron.wsgi [None req-4ba6bb7d-291d-4ddd-a5fa-8f035d13936f 6f156d7b495c4868a8cadd279806918b f7b742d219fd425eb0ce275433d8122f - - - -] 10.0.0.244 "POST /v2.0/subnets HTTP/1.1" status: 201 len: 802 time: 0.3791966
2026-06-26 11:45:54.319 10 INFO neutron.wsgi [None req-ea42b4e8-d308-4776-8be4-532e2ee6aead f184055dcfc140ad9af55104e9dfea73 40e3c2a536c84b5593f8b5afe19f6411 - - - -] 10.0.0.244 "POST /v2.0/subnets HTTP/1.1" status: 201 len: 816 time: 0.7582772
2026-06-26 11:45:54.448 10 INFO neutron.db.segments_db [None req-189e8af1-78cf-4227-b8ea-1a93c7ebefcd f184055dcfc140ad9af55104e9dfea73 40e3c2a536c84b5593f8b5afe19f6411 - - - -] Added segment c45e8720-db30-491b-b2cf-d08db69f05e8 of type geneve for network eecd8485-4f4e-4a3f-938a-b6659c134134
2026-06-26 11:45:54.483 9 INFO neutron.plugins.ml2.drivers.ovn.mech_driver.mech_driver [None req-8d4b730d-af0f-40a8-8cce-5504e4afbfa8 - - - - - -] OVN reports status down for port: 0a916e0d-70e4-4a4a-9367-d3a48969ce8a
2026-06-26 11:45:54.537 9 INFO neutron.wsgi [req-ca14208f-5d51-45fb-9941-23d075a19e70 req-a24c8f29-3da7-4a57-b35d-06aee378ff29 ca535077d40e42eea0a4d3a2eeef4425 1b299556e3f9449d9a04d2bb1e807487 - - default default] 10.0.0.217 "GET /v2.0/ports?device_id=404c9459-17a4-4b60-a243-7dd595d1f12a HTTP/1.1" status: 200 len: 1174 time: 0.1357028
2026-06-26 11:45:54.633 9 INFO neutron.wsgi [req-ca14208f-5d51-45fb-9941-23d075a19e70 req-17697c9b-4f37-4f72-b7ea-bfaf6b5c8b6b ca535077d40e42eea0a4d3a2eeef4425 1b299556e3f9449d9a04d2bb1e807487 - - default default] 10.0.0.217 "GET /v2.0/security-groups?id=9b7aa2d4-845e-4305-9160-29aa99a1ecdc&fields=id&fields=name HTTP/1.1" status: 200 len: 312 time: 0.0796773
2026-06-26 11:45:54.643 10 INFO neutron.db.ovn_revision_numbers_db [None req-189e8af1-78cf-4227-b8ea-1a93c7ebefcd f184055dcfc140ad9af55104e9dfea73 40e3c2a536c84b5593f8b5afe19f6411 - - - -] Successfully bumped revision number for resource eecd8485-4f4e-4a3f-938a-b6659c134134 (type: networks) to 1
2026-06-26 11:45:54.726 9 INFO neutron.notifiers.nova [-] Nova event matching ['req-b3dda476-5dfa-40df-98f5-63d92db92c2d'] response: {'server_uuid': '404c9459-17a4-4b60-a243-7dd595d1f12a', 'name': 'network-vif-unplugged', 'status': 'completed', 'tag': '0a916e0d-70e4-4a4a-9367-d3a48969ce8a', 'code': 200}
2026-06-26 11:45:54.853 10 INFO neutron.wsgi [req-4853a5b7-32c9-4aba-9225-ae6588dc8c5d req-3a1a6ba5-78f5-428b-9d99-dda1ff4b7a24 ca535077d40e42eea0a4d3a2eeef4425 1b299556e3f9449d9a04d2bb1e807487 - - default default] 199.204.45.23 "GET /v2.0/ports?device_id=404c9459-17a4-4b60-a243-7dd595d1f12a HTTP/1.1" status: 200 len: 1172 time: 0.1187141
2026-06-26 11:45:54.904 9 INFO neutron.db.ovn_revision_numbers_db [None req-8d4b730d-af0f-40a8-8cce-5504e4afbfa8 - - - - - -] Successfully bumped revision number for resource 0a916e0d-70e4-4a4a-9367-d3a48969ce8a (type: ports) to 7
2026-06-26 11:45:54.907 10 WARNING neutron.scheduler.dhcp_agent_scheduler [None req-189e8af1-78cf-4227-b8ea-1a93c7ebefcd f184055dcfc140ad9af55104e9dfea73 40e3c2a536c84b5593f8b5afe19f6411 - - - -] No more DHCP agents
2026-06-26 11:45:54.909 10 WARNING neutron.api.rpc.agentnotifiers.dhcp_rpc_agent_api [None req-189e8af1-78cf-4227-b8ea-1a93c7ebefcd f184055dcfc140ad9af55104e9dfea73 40e3c2a536c84b5593f8b5afe19f6411 - - - -] Unable to schedule network eecd8485-4f4e-4a3f-938a-b6659c134134: no agents available; will retry on subsequent port and subnet creation events.
2026-06-26 11:45:54.983 10 INFO neutron.db.ovn_revision_numbers_db [None req-189e8af1-78cf-4227-b8ea-1a93c7ebefcd f184055dcfc140ad9af55104e9dfea73 40e3c2a536c84b5593f8b5afe19f6411 - - - -] Successfully bumped revision number for resource 6d7714b5-e31b-47ba-a54c-6e2f2e915953 (type: ports) to 1
2026-06-26 11:45:54.992 9 WARNING neutron.scheduler.dhcp_agent_scheduler [None req-dbfcafa6-bffd-4b28-9fd7-b1401eb8468f 6f156d7b495c4868a8cadd279806918b f7b742d219fd425eb0ce275433d8122f - - - -] No more DHCP agents
2026-06-26 11:45:54.994 9 WARNING neutron.api.rpc.agentnotifiers.dhcp_rpc_agent_api [None req-dbfcafa6-bffd-4b28-9fd7-b1401eb8468f 6f156d7b495c4868a8cadd279806918b f7b742d219fd425eb0ce275433d8122f - - - -] Unable to schedule network 20f6d01b-24c3-42c0-b7fb-c84d1393658f: no agents available; will retry on subsequent port and subnet creation events.
2026-06-26 11:45:55.018 10 INFO neutron.wsgi [None req-189e8af1-78cf-4227-b8ea-1a93c7ebefcd f184055dcfc140ad9af55104e9dfea73 40e3c2a536c84b5593f8b5afe19f6411 - - - -] 10.0.0.244 "POST /v2.0/networks HTTP/1.1" status: 201 len: 843 time: 0.6925337 /var/lib/openstack/lib/python3.10/site-packages/pycadf/identifier.py:71: UserWarning: Invalid uuid: neutron. To ensure interoperability, identifiers should be a valid uuid. warnings.warn(('Invalid uuid: %s. To ensure interoperability, '
2026-06-26 11:45:55.167 9 INFO neutron.db.ovn_revision_numbers_db [None req-dbfcafa6-bffd-4b28-9fd7-b1401eb8468f 6f156d7b495c4868a8cadd279806918b f7b742d219fd425eb0ce275433d8122f - - - -] Successfully bumped revision number for resource d88a2022-79a6-433d-9ef0-00a9e90b4f55 (type: ports) to 1
2026-06-26 11:45:55.178 10 INFO neutron.db.l3_db [None req-d1bd3b8e-f473-4bd6-921f-ce39b4776fb3 ca535077d40e42eea0a4d3a2eeef4425 1b299556e3f9449d9a04d2bb1e807487 - - - -] Floating IP e4a2c185-84de-460c-862c-75f01d569b51 disassociated. External IP: 10.96.250.218, port: 0a916e0d-70e4-4a4a-9367-d3a48969ce8a.
2026-06-26 11:45:55.202 9 INFO neutron.db.ovn_revision_numbers_db [None req-379c790a-0843-4ea2-aeba-e23ed351a7c0 f184055dcfc140ad9af55104e9dfea73 40e3c2a536c84b5593f8b5afe19f6411 - - - -] Successfully bumped revision number for resource eecd8485-4f4e-4a3f-938a-b6659c134134 (type: networks) to 2
2026-06-26 11:45:55.205 9 INFO neutron.wsgi [None req-379c790a-0843-4ea2-aeba-e23ed351a7c0 f184055dcfc140ad9af55104e9dfea73 40e3c2a536c84b5593f8b5afe19f6411 - - - -] 10.0.0.244 "PUT /v2.0/networks/eecd8485-4f4e-4a3f-938a-b6659c134134 HTTP/1.1" status: 200 len: 792 time: 0.1809747
2026-06-26 11:45:55.406 10 INFO neutron.wsgi [None req-d1bd3b8e-f473-4bd6-921f-ce39b4776fb3 ca535077d40e42eea0a4d3a2eeef4425 1b299556e3f9449d9a04d2bb1e807487 - - - -] 199.204.45.23 "DELETE /v2.0/ports/0a916e0d-70e4-4a4a-9367-d3a48969ce8a HTTP/1.1" status: 204 len: 173 time: 0.5482810
2026-06-26 11:45:55.447 10 INFO neutron.notifiers.nova [-] Nova event matching ['req-c78f34fb-952d-4e46-a0af-17518feb5c07'] response: {'server_uuid': '404c9459-17a4-4b60-a243-7dd595d1f12a', 'name': 'network-vif-deleted', 'tag': '0a916e0d-70e4-4a4a-9367-d3a48969ce8a', 'status': 'completed', 'code': 200}
2026-06-26 11:45:55.758 9 INFO neutron.wsgi [req-6eb60b78-8a23-4f5a-ab48-80ed7387a02b req-2ebe6935-7b72-4663-8e2a-171494e3a3ef ca535077d40e42eea0a4d3a2eeef4425 1b299556e3f9449d9a04d2bb1e807487 - - default default] 10.0.0.217 "GET /v2.0/ports?device_id=404c9459-17a4-4b60-a243-7dd595d1f12a HTTP/1.1" status: 200 len: 210 time: 0.0293081
2026-06-26 11:45:55.847 9 WARNING neutron.scheduler.dhcp_agent_scheduler [None req-0cde23fb-a5c4-48ef-a3ff-5ac4323f7f2f f184055dcfc140ad9af55104e9dfea73 40e3c2a536c84b5593f8b5afe19f6411 - - - -] No more DHCP agents
2026-06-26 11:45:55.849 9 WARNING neutron.api.rpc.agentnotifiers.dhcp_rpc_agent_api [None req-0cde23fb-a5c4-48ef-a3ff-5ac4323f7f2f f184055dcfc140ad9af55104e9dfea73 40e3c2a536c84b5593f8b5afe19f6411 - - - -] Unable to schedule network eecd8485-4f4e-4a3f-938a-b6659c134134: no agents available; will retry on subsequent port and subnet creation events.
2026-06-26 11:45:56.169 9 INFO neutron.plugins.ml2.drivers.ovn.mech_driver.mech_driver [None req-8d4b730d-af0f-40a8-8cce-5504e4afbfa8 - - - - - -] OVN reports status up for port: d88a2022-79a6-433d-9ef0-00a9e90b4f55
2026-06-26 11:45:56.191 9 INFO neutron.db.ovn_revision_numbers_db [None req-dbfcafa6-bffd-4b28-9fd7-b1401eb8468f 6f156d7b495c4868a8cadd279806918b f7b742d219fd425eb0ce275433d8122f - - - -] Successfully bumped revision number for resource d88a2022-79a6-433d-9ef0-00a9e90b4f55 (type: router_ports) to 1
2026-06-26 11:45:56.194 9 INFO neutron.plugins.ml2.plugin [None req-8d4b730d-af0f-40a8-8cce-5504e4afbfa8 - - - - - -] Attempt 1 to provision port d88a2022-79a6-433d-9ef0-00a9e90b4f55 /var/lib/openstack/lib/python3.10/site-packages/pycadf/identifier.py:71: UserWarning: Invalid uuid: neutron. To ensure interoperability, identifiers should be a valid uuid. warnings.warn(('Invalid uuid: %s. To ensure interoperability, '
2026-06-26 11:45:56.309 9 INFO neutron.db.ovn_revision_numbers_db [None req-dbfcafa6-bffd-4b28-9fd7-b1401eb8468f 6f156d7b495c4868a8cadd279806918b f7b742d219fd425eb0ce275433d8122f - - - -] Successfully bumped revision number for resource aff26e18-5c12-41bf-9a7e-d9f17e69ea58 (type: routers) to 3
2026-06-26 11:45:56.333 9 INFO neutron.wsgi [None req-dbfcafa6-bffd-4b28-9fd7-b1401eb8468f 6f156d7b495c4868a8cadd279806918b f7b742d219fd425eb0ce275433d8122f - - - -] 10.0.0.244 "POST /v2.0/routers HTTP/1.1" status: 201 len: 875 time: 2.0265796
2026-06-26 11:45:56.488 9 INFO neutron.db.ovn_revision_numbers_db [None req-0cde23fb-a5c4-48ef-a3ff-5ac4323f7f2f f184055dcfc140ad9af55104e9dfea73 40e3c2a536c84b5593f8b5afe19f6411 - - - -] Successfully bumped revision number for resource 6d7714b5-e31b-47ba-a54c-6e2f2e915953 (type: ports) to 2
2026-06-26 11:45:56.510 9 INFO neutron.db.ovn_revision_numbers_db [None req-0cde23fb-a5c4-48ef-a3ff-5ac4323f7f2f f184055dcfc140ad9af55104e9dfea73 40e3c2a536c84b5593f8b5afe19f6411 - - - -] Successfully bumped revision number for resource e647751d-d4dc-4148-a38f-3755c2bca158 (type: subnets) to 0
2026-06-26 11:45:56.533 9 INFO neutron.wsgi [None req-0cde23fb-a5c4-48ef-a3ff-5ac4323f7f2f f184055dcfc140ad9af55104e9dfea73 40e3c2a536c84b5593f8b5afe19f6411 - - - -] 10.0.0.244 "POST /v2.0/subnets HTTP/1.1" status: 201 len: 801 time: 1.3114710
2026-06-26 11:45:56.645 10 INFO neutron.db.ovn_revision_numbers_db [None req-aaab1266-d2b9-464d-8c28-0e50d24708c5 df8495ed640840688305c2e7be167d6a 1ac5f51cc12349ee86486f512b35bb2a - - default default] Successfully bumped revision number for resource e757bdf2-85c9-43ea-a057-f45824ee9576 (type: security_groups) to 1
2026-06-26 11:45:56.666 10 INFO neutron.wsgi [None req-aaab1266-d2b9-464d-8c28-0e50d24708c5 df8495ed640840688305c2e7be167d6a 1ac5f51cc12349ee86486f512b35bb2a - - default default] 10.0.0.244 "GET /v2.0/security-groups?tenant_id=7d933ef1a54f4cacab55caf23341a518&name=default HTTP/1.1" status: 200 len: 2996 time: 0.5746462
2026-06-26 11:45:56.776 9 INFO neutron.notifiers.nova [-] Nova event matching ['req-d3533c1d-0d50-410c-bc20-a85239c244ee'] response: {'server_uuid': '404c9459-17a4-4b60-a243-7dd595d1f12a', 'name': 'network-vif-plugged', 'status': 'completed', 'tag': '0a916e0d-70e4-4a4a-9367-d3a48969ce8a', 'code': 200}
2026-06-26 11:45:56.848 10 INFO neutron.wsgi [None req-7d1ad7ea-0140-4772-8e4f-c2a6a134f0c0 df8495ed640840688305c2e7be167d6a 1ac5f51cc12349ee86486f512b35bb2a - - - -] 10.0.0.244 "DELETE /v2.0/security-groups/e757bdf2-85c9-43ea-a057-f45824ee9576 HTTP/1.1" status: 204 len: 168 time: 0.1754334
2026-06-26 11:45:56.972 10 INFO neutron.wsgi [None req-62b8c550-7847-4337-956b-f983fcc2ebad ca535077d40e42eea0a4d3a2eeef4425 1b299556e3f9449d9a04d2bb1e807487 - - - -] 10.0.0.244 "DELETE /v2.0/security-groups/9b7aa2d4-845e-4305-9160-29aa99a1ecdc HTTP/1.1" status: 204 len: 168 time: 0.1229341
2026-06-26 11:45:56.986 10 INFO neutron.api.v2.resource [None req-6642d107-d43d-4bd8-ab17-b758eadbfc88 ca535077d40e42eea0a4d3a2eeef4425 1b299556e3f9449d9a04d2bb1e807487 - - default default] show failed (client error): The resource could not be found.
2026-06-26 11:45:56.987 10 INFO neutron.wsgi [None req-6642d107-d43d-4bd8-ab17-b758eadbfc88 ca535077d40e42eea0a4d3a2eeef4425 1b299556e3f9449d9a04d2bb1e807487 - - default default] 10.0.0.244 "GET /v2.0/security-groups/9b7aa2d4-845e-4305-9160-29aa99a1ecdc HTTP/1.1" status: 404 len: 347 time: 0.0111654
2026-06-26 11:45:57.061 10 INFO neutron.db.ovn_revision_numbers_db [None req-7947a749-e22a-492f-9397-ea157a87ea5b df8495ed640840688305c2e7be167d6a 1ac5f51cc12349ee86486f512b35bb2a - - default default] Successfully bumped revision number for resource 42fddc31-507b-4a19-9b70-6ba2a552eb8e (type: security_groups) to 1
2026-06-26 11:45:57.096 10 INFO neutron.wsgi [None req-7947a749-e22a-492f-9397-ea157a87ea5b df8495ed640840688305c2e7be167d6a 1ac5f51cc12349ee86486f512b35bb2a - - default default] 10.0.0.244 "GET /v2.0/security-groups?tenant_id=516e59d71b7d4575b4c1894cbc452c82&name=default HTTP/1.1" status: 200 len: 2996 time: 0.1662850
2026-06-26 11:45:57.184 9 INFO neutron.db.ovn_revision_numbers_db [None req-a3f9654d-cf40-49dd-a530-07ad830cbc41 f184055dcfc140ad9af55104e9dfea73 40e3c2a536c84b5593f8b5afe19f6411 - - - -] Successfully bumped revision number for resource e647751d-d4dc-4148-a38f-3755c2bca158 (type: subnets) to 1
2026-06-26 11:45:57.188 9 INFO neutron.wsgi [None req-a3f9654d-cf40-49dd-a530-07ad830cbc41 f184055dcfc140ad9af55104e9dfea73 40e3c2a536c84b5593f8b5afe19f6411 - - - -] 10.0.0.244 "PUT /v2.0/subnets/e647751d-d4dc-4148-a38f-3755c2bca158 HTTP/1.1" status: 200 len: 806 time: 0.6486700
2026-06-26 11:45:57.207 9 WARNING neutron.scheduler.dhcp_agent_scheduler [None req-4859f5cc-ffef-41c8-9714-8068562f4cd1 6f156d7b495c4868a8cadd279806918b f7b742d219fd425eb0ce275433d8122f - - default default] No more DHCP agents
2026-06-26 11:45:57.208 9 WARNING neutron.api.rpc.agentnotifiers.dhcp_rpc_agent_api [None req-4859f5cc-ffef-41c8-9714-8068562f4cd1 6f156d7b495c4868a8cadd279806918b f7b742d219fd425eb0ce275433d8122f - - default default] Unable to schedule network b908107d-7545-4964-bada-504fe2bf4b15: no agents available; will retry on subsequent port and subnet creation events.
2026-06-26 11:45:57.355 9 INFO neutron.db.ovn_revision_numbers_db [None req-4859f5cc-ffef-41c8-9714-8068562f4cd1 6f156d7b495c4868a8cadd279806918b f7b742d219fd425eb0ce275433d8122f - - default default] Successfully bumped revision number for resource ffbc9811-b2bf-4fb2-8174-53fcbc07b559 (type: ports) to 1
2026-06-26 11:45:57.446 10 INFO neutron.wsgi [None req-1623f209-c3aa-486c-b397-454ce09dc811 df8495ed640840688305c2e7be167d6a 1ac5f51cc12349ee86486f512b35bb2a - - - -] 10.0.0.244 "DELETE /v2.0/security-groups/42fddc31-507b-4a19-9b70-6ba2a552eb8e HTTP/1.1" status: 204 len: 168 time: 0.3459494
2026-06-26 11:45:57.559 10 INFO neutron.wsgi [None req-937de465-70c0-46d1-bd0a-dd30aa849b54 ca535077d40e42eea0a4d3a2eeef4425 1b299556e3f9449d9a04d2bb1e807487 - - - -] 10.0.0.244 "DELETE /v2.0/floatingips/e4a2c185-84de-460c-862c-75f01d569b51 HTTP/1.1" status: 204 len: 168 time: 0.5659904
2026-06-26 11:45:57.902 9 INFO neutron.db.ovn_revision_numbers_db [None req-4859f5cc-ffef-41c8-9714-8068562f4cd1 6f156d7b495c4868a8cadd279806918b f7b742d219fd425eb0ce275433d8122f - - default default] Successfully bumped revision number for resource ffbc9811-b2bf-4fb2-8174-53fcbc07b559 (type: router_ports) to 2
2026-06-26 11:45:58.052 9 INFO neutron.db.ovn_revision_numbers_db [None req-4859f5cc-ffef-41c8-9714-8068562f4cd1 6f156d7b495c4868a8cadd279806918b f7b742d219fd425eb0ce275433d8122f - - default default] Successfully bumped revision number for resource ffbc9811-b2bf-4fb2-8174-53fcbc07b559 (type: ports) to 2
2026-06-26 11:45:58.095 10 INFO neutron.services.segments.plugin [-] Segment c45e8720-db30-491b-b2cf-d08db69f05e8 resource provider aggregate not found
2026-06-26 11:45:58.103 10 INFO neutron.services.segments.plugin [-] Segment c45e8720-db30-491b-b2cf-d08db69f05e8 resource provider aggregate not found
2026-06-26 11:45:58.121 10 INFO neutron.services.segments.plugin [-] Segment c45e8720-db30-491b-b2cf-d08db69f05e8 resource provider not found; error: Placement Client Error (4xx): {"errors": [{"status": 404, "title": "Not Found", "detail": "The resource could not be found.\n\n No resource provider with uuid c45e8720-db30-491b-b2cf-d08db69f05e8 found for delete ", "request_id": "req-4ef6d9d3-a352-4562-86be-4adc02a50f99"}]}
2026-06-26 11:45:58.126 9 WARNING neutron.scheduler.dhcp_agent_scheduler [None req-4859f5cc-ffef-41c8-9714-8068562f4cd1 6f156d7b495c4868a8cadd279806918b f7b742d219fd425eb0ce275433d8122f - - default default] No more DHCP agents
2026-06-26 11:45:58.132 9 WARNING neutron.api.rpc.agentnotifiers.dhcp_rpc_agent_api [None req-4859f5cc-ffef-41c8-9714-8068562f4cd1 6f156d7b495c4868a8cadd279806918b f7b742d219fd425eb0ce275433d8122f - - default default] Unable to schedule network b908107d-7545-4964-bada-504fe2bf4b15: no agents available; will retry on subsequent port and subnet creation events.
2026-06-26 11:45:58.147 10 INFO neutron.services.segments.plugin [-] Segment c45e8720-db30-491b-b2cf-d08db69f05e8 resource provider not found; error: Placement Client Error (4xx): {"errors": [{"status": 404, "title": "Not Found", "detail": "The resource could not be found.\n\n No resource provider with uuid c45e8720-db30-491b-b2cf-d08db69f05e8 found for delete ", "request_id": "req-4b5368af-e32c-4a8f-a96a-8dd9a3c60b08"}]}
2026-06-26 11:45:58.161 10 INFO neutron.wsgi [None req-4d21a0a5-1bde-4491-b622-2541e5ab4317 f184055dcfc140ad9af55104e9dfea73 40e3c2a536c84b5593f8b5afe19f6411 - - - -] 10.0.0.244 "DELETE /v2.0/networks/eecd8485-4f4e-4a3f-938a-b6659c134134 HTTP/1.1" status: 204 len: 168 time: 0.9656262
2026-06-26 11:45:58.198 10 INFO neutron.pecan_wsgi.hooks.translation [None req-991673f3-9628-42c7-a7eb-627a250a9737 f184055dcfc140ad9af55104e9dfea73 40e3c2a536c84b5593f8b5afe19f6411 - - - -] DELETE failed (client error): The resource could not be found.
2026-06-26 11:45:58.201 10 INFO neutron.wsgi [None req-991673f3-9628-42c7-a7eb-627a250a9737 f184055dcfc140ad9af55104e9dfea73 40e3c2a536c84b5593f8b5afe19f6411 - - - -] 10.0.0.244 "DELETE /v2.0/networks/eecd8485-4f4e-4a3f-938a-b6659c134134 HTTP/1.1" status: 404 len: 339 time: 0.0354884
2026-06-26 11:45:58.364 10 INFO neutron.wsgi [None req-1d003305-7c66-4403-919f-76db1b7203c7 f184055dcfc140ad9af55104e9dfea73 40e3c2a536c84b5593f8b5afe19f6411 - - default default] 10.0.0.244 "GET /v2.0/networks?router%3Aexternal=True HTTP/1.1" status: 200 len: 845 time: 0.1560671
2026-06-26 11:45:58.432 10 INFO neutron.wsgi [None req-2a677367-fca2-44b1-8282-69a961033f9b f184055dcfc140ad9af55104e9dfea73 40e3c2a536c84b5593f8b5afe19f6411 - - default default] 10.0.0.244 "GET /v2.0/subnets?network_id=20f6d01b-24c3-42c0-b7fb-c84d1393658f HTTP/1.1" status: 200 len: 820 time: 0.0597651
2026-06-26 11:45:58.442 10 INFO neutron.wsgi [None req-548320c4-cd6c-4374-a55b-c5fdb210fe4d f184055dcfc140ad9af55104e9dfea73 40e3c2a536c84b5593f8b5afe19f6411 - - default default] 10.0.0.244 "GET /v2.0/extensions HTTP/1.1" status: 200 len: 16520 time: 0.0067780
2026-06-26 11:45:58.593 9 INFO neutron.db.ovn_revision_numbers_db [None req-4859f5cc-ffef-41c8-9714-8068562f4cd1 6f156d7b495c4868a8cadd279806918b f7b742d219fd425eb0ce275433d8122f - - - -] Successfully bumped revision number for resource ffbc9811-b2bf-4fb2-8174-53fcbc07b559 (type: router_ports) to 2
2026-06-26 11:45:58.595 9 INFO neutron.wsgi [None req-4859f5cc-ffef-41c8-9714-8068562f4cd1 6f156d7b495c4868a8cadd279806918b f7b742d219fd425eb0ce275433d8122f - - - -] 10.0.0.244 "PUT /v2.0/routers/aff26e18-5c12-41bf-9a7e-d9f17e69ea58/add_router_interface HTTP/1.1" status: 200 len: 503 time: 2.2501533
2026-06-26 11:45:58.606 9 INFO neutron.wsgi [None req-ecf8d0da-c6b2-4f27-8c33-1becfab55a86 f184055dcfc140ad9af55104e9dfea73 40e3c2a536c84b5593f8b5afe19f6411 - - default default] 10.0.0.244 "GET /v2.0/networks HTTP/1.1" status: 200 len: 1504 time: 0.1595604
2026-06-26 11:45:58.694 10 INFO neutron.wsgi [None req-ee087de1-e35e-4e79-bf94-f031e7b70745 f184055dcfc140ad9af55104e9dfea73 40e3c2a536c84b5593f8b5afe19f6411 - - default default] 10.0.0.244 "GET /v2.0/subnets HTTP/1.1" status: 200 len: 1428 time: 0.0827315
2026-06-26 11:45:58.804 10 INFO neutron.wsgi [None req-b5cfce6a-1d98-4ce6-92cb-7ef28c858ad5 f184055dcfc140ad9af55104e9dfea73 40e3c2a536c84b5593f8b5afe19f6411 - - default default] 10.0.0.244 "GET /v2.0/networks/aa5f31ae-2c5c-42a5-975b-2021bb9932f4 HTTP/1.1" status: 200 len: 863 time: 0.1026864
2026-06-26 11:45:58.849 9 INFO neutron.wsgi [None req-366d24b9-be2d-408d-8b7c-e924a47812dd f184055dcfc140ad9af55104e9dfea73 40e3c2a536c84b5593f8b5afe19f6411 - - default default] 10.0.0.244 "GET /v2.0/subnets/b9e7b0b0-d944-496e-abf6-4ad4805d24ea HTTP/1.1" status: 200 len: 811 time: 0.0377901
2026-06-26 11:45:58.885 10 INFO neutron.pecan_wsgi.hooks.translation [None req-88e78fe0-e4b0-4a79-a1fc-b6f0f05a8939 f184055dcfc140ad9af55104e9dfea73 40e3c2a536c84b5593f8b5afe19f6411 - - - -] DELETE failed (client error): The resource could not be found.
2026-06-26 11:45:58.888 10 INFO neutron.wsgi [None req-88e78fe0-e4b0-4a79-a1fc-b6f0f05a8939 f184055dcfc140ad9af55104e9dfea73 40e3c2a536c84b5593f8b5afe19f6411 - - - -] 10.0.0.244 "DELETE /v2.0/subnets/e647751d-d4dc-4148-a38f-3755c2bca158 HTTP/1.1" status: 404 len: 337 time: 0.0300534
2026-06-26 11:45:58.927 10 INFO neutron.pecan_wsgi.hooks.translation [None req-4d16f337-5ee3-4763-b4d7-3dd7cf817e9c f184055dcfc140ad9af55104e9dfea73 40e3c2a536c84b5593f8b5afe19f6411 - - - -] DELETE failed (client error): The resource could not be found.
2026-06-26 11:45:58.930 10 INFO neutron.wsgi [None req-4d16f337-5ee3-4763-b4d7-3dd7cf817e9c f184055dcfc140ad9af55104e9dfea73 40e3c2a536c84b5593f8b5afe19f6411 - - - -] 10.0.0.244 "DELETE /v2.0/networks/eecd8485-4f4e-4a3f-938a-b6659c134134 HTTP/1.1" status: 404 len: 339 time: 0.0376458
2026-06-26 11:45:59.009 9 WARNING neutron.scheduler.dhcp_agent_scheduler [None req-93a53b86-3a7c-4d23-8ca2-8549a9090e91 6f156d7b495c4868a8cadd279806918b f7b742d219fd425eb0ce275433d8122f - - - -] No more DHCP agents
2026-06-26 11:45:59.013 9 WARNING neutron.api.rpc.agentnotifiers.dhcp_rpc_agent_api [None req-93a53b86-3a7c-4d23-8ca2-8549a9090e91 6f156d7b495c4868a8cadd279806918b f7b742d219fd425eb0ce275433d8122f - - - -] Unable to schedule network b908107d-7545-4964-bada-504fe2bf4b15: no agents available; will retry on subsequent port and subnet creation events.
2026-06-26 11:45:59.129 10 INFO neutron.wsgi [None req-1f4778f1-13aa-46fd-b930-864224a42258 df8495ed640840688305c2e7be167d6a 1ac5f51cc12349ee86486f512b35bb2a - - - -] 10.0.0.244 "PUT /v2.0/routers/1abc0ce3-f16a-4d87-a74c-44e20cab6029/remove_router_interface HTTP/1.1" status: 200 len: 503 time: 1.5636055 /var/lib/openstack/lib/python3.10/site-packages/pycadf/identifier.py:71: UserWarning: Invalid uuid: neutron. To ensure interoperability, identifiers should be a valid uuid. warnings.warn(('Invalid uuid: %s. To ensure interoperability, '
2026-06-26 11:45:59.195 9 INFO neutron.db.ovn_revision_numbers_db [None req-93a53b86-3a7c-4d23-8ca2-8549a9090e91 6f156d7b495c4868a8cadd279806918b f7b742d219fd425eb0ce275433d8122f - - - -] Successfully bumped revision number for resource 1aa1b360-9a12-45d4-bf0b-45e308a5d2d2 (type: ports) to 1
2026-06-26 11:45:59.212 9 INFO neutron.wsgi [None req-a76c695b-9ae4-4076-b0fe-cc544c400f48 f184055dcfc140ad9af55104e9dfea73 40e3c2a536c84b5593f8b5afe19f6411 - - - -] 10.0.0.244 "DELETE /v2.0/subnets/b9e7b0b0-d944-496e-abf6-4ad4805d24ea HTTP/1.1" status: 204 len: 168 time: 0.2724547
2026-06-26 11:45:59.230 9 INFO neutron.wsgi [None req-93a53b86-3a7c-4d23-8ca2-8549a9090e91 6f156d7b495c4868a8cadd279806918b f7b742d219fd425eb0ce275433d8122f - - - -] 10.0.0.244 "POST /v2.0/ports HTTP/1.1" status: 201 len: 1158 time: 0.6292386 /var/lib/openstack/lib/python3.10/site-packages/pycadf/identifier.py:71: UserWarning: Invalid uuid: neutron. To ensure interoperability, identifiers should be a valid uuid. warnings.warn(('Invalid uuid: %s. To ensure interoperability, '
2026-06-26 11:45:59.486 9 INFO neutron.wsgi [-] 10.0.0.184 "GET / HTTP/1.1" status: 200 len: 247 time: 0.0015624
2026-06-26 11:45:59.487 9 INFO neutron.wsgi [-] 10.0.0.184 "GET / HTTP/1.1" status: 200 len: 247 time: 0.0008607
2026-06-26 11:45:59.596 9 WARNING neutron.scheduler.dhcp_agent_scheduler [None req-92f59001-cef2-4068-9521-bd5d59760d95 6f156d7b495c4868a8cadd279806918b f7b742d219fd425eb0ce275433d8122f - - - -] No more DHCP agents
2026-06-26 11:45:59.598 9 WARNING neutron.api.rpc.agentnotifiers.dhcp_rpc_agent_api [None req-92f59001-cef2-4068-9521-bd5d59760d95 6f156d7b495c4868a8cadd279806918b f7b742d219fd425eb0ce275433d8122f - - - -] Unable to schedule network b908107d-7545-4964-bada-504fe2bf4b15: no agents available; will retry on subsequent port and subnet creation events.
2026-06-26 11:45:59.742 9 INFO neutron.db.ovn_revision_numbers_db [None req-92f59001-cef2-4068-9521-bd5d59760d95 6f156d7b495c4868a8cadd279806918b f7b742d219fd425eb0ce275433d8122f - - - -] Successfully bumped revision number for resource 7c54be0f-adf1-4d88-98a9-7f3f941d69ac (type: ports) to 1
2026-06-26 11:45:59.760 9 INFO neutron.wsgi [None req-92f59001-cef2-4068-9521-bd5d59760d95 6f156d7b495c4868a8cadd279806918b f7b742d219fd425eb0ce275433d8122f - - - -] 10.0.0.244 "POST /v2.0/ports HTTP/1.1" status: 201 len: 1158 time: 0.5252118 /var/lib/openstack/lib/python3.10/site-packages/pycadf/identifier.py:71: UserWarning: Invalid uuid: neutron. To ensure interoperability, identifiers should be a valid uuid. warnings.warn(('Invalid uuid: %s. To ensure interoperability, '
2026-06-26 11:45:59.970 9 WARNING neutron.scheduler.dhcp_agent_scheduler [None req-953b323b-b7cb-4e0d-a48e-831e85a00841 6f156d7b495c4868a8cadd279806918b f7b742d219fd425eb0ce275433d8122f - - - -] No more DHCP agents
2026-06-26 11:45:59.972 9 WARNING neutron.api.rpc.agentnotifiers.dhcp_rpc_agent_api [None req-953b323b-b7cb-4e0d-a48e-831e85a00841 6f156d7b495c4868a8cadd279806918b f7b742d219fd425eb0ce275433d8122f - - - -] Unable to schedule network 20f6d01b-24c3-42c0-b7fb-c84d1393658f: no agents available; will retry on subsequent port and subnet creation events.
2026-06-26 11:46:00.053 10 INFO neutron.wsgi [None req-4ea5a51f-dcb0-4ccc-991f-03a53a68f2fc f184055dcfc140ad9af55104e9dfea73 40e3c2a536c84b5593f8b5afe19f6411 - - - -] 10.0.0.244 "DELETE /v2.0/networks/aa5f31ae-2c5c-42a5-975b-2021bb9932f4 HTTP/1.1" status: 204 len: 168 time: 0.8326654
2026-06-26 11:46:00.175 10 INFO neutron.services.segments.plugin [-] Segment 609cb3e4-fe43-421c-b8e7-3db0dc019318 resource provider aggregate not found
2026-06-26 11:46:00.179 10 INFO neutron.services.segments.plugin [-] Segment 609cb3e4-fe43-421c-b8e7-3db0dc019318 resource provider aggregate not found
2026-06-26 11:46:00.205 10 INFO neutron.services.segments.plugin [-] Segment 609cb3e4-fe43-421c-b8e7-3db0dc019318 resource provider not found; error: Placement Client Error (4xx): {"errors": [{"status": 404, "title": "Not Found", "detail": "The resource could not be found.\n\n No resource provider with uuid 609cb3e4-fe43-421c-b8e7-3db0dc019318 found for delete ", "request_id": "req-8c0bba62-e042-4c5e-8daf-9efe2e153216"}]}
2026-06-26 11:46:00.205 10 INFO neutron.services.segments.plugin [-] Segment 609cb3e4-fe43-421c-b8e7-3db0dc019318 resource provider not found; error: Placement Client Error (4xx): {"errors": [{"status": 404, "title": "Not Found", "detail": "The resource could not be found.\n\n No resource provider with uuid 609cb3e4-fe43-421c-b8e7-3db0dc019318 found for delete ", "request_id": "req-9587b737-b7a8-42ff-bde5-8a3f36d28517"}]}
2026-06-26 11:46:00.242 10 INFO neutron.wsgi [None req-2d3c3255-5266-46e5-920f-90fcedf5451f df8495ed640840688305c2e7be167d6a 1ac5f51cc12349ee86486f512b35bb2a - - - -] 10.0.0.244 "DELETE /v2.0/routers/1abc0ce3-f16a-4d87-a74c-44e20cab6029 HTTP/1.1" status: 204 len: 168 time: 1.1065602
2026-06-26 11:46:00.630 9 INFO neutron.db.l3_db [None req-953b323b-b7cb-4e0d-a48e-831e85a00841 6f156d7b495c4868a8cadd279806918b f7b742d219fd425eb0ce275433d8122f - - - -] Floating IP 0b502431-8df1-4ec8-9260-1b58a5500e51 associated. External IP: 10.96.250.209, port: 7c54be0f-adf1-4d88-98a9-7f3f941d69ac.
2026-06-26 11:46:00.755 9 INFO neutron.wsgi [None req-552fe2b6-ede1-4c67-b433-08637548c658 df8495ed640840688305c2e7be167d6a 1ac5f51cc12349ee86486f512b35bb2a - - - -] 10.0.0.244 "DELETE /v2.0/subnets/d38327ce-ee68-45fb-ade5-227c68b63ac7 HTTP/1.1" status: 204 len: 168 time: 0.5037053
2026-06-26 11:46:00.799 10 INFO neutron.wsgi [None req-7e5dac9a-7b46-46ec-b075-4946332c150a df8495ed640840688305c2e7be167d6a 1ac5f51cc12349ee86486f512b35bb2a - - default default] 10.0.0.244 "GET /v2.0/security-groups?tenant_id=40e3c2a536c84b5593f8b5afe19f6411&name=default HTTP/1.1" status: 200 len: 2996 time: 0.2121706
2026-06-26 11:46:00.840 9 INFO neutron.db.ovn_revision_numbers_db [None req-953b323b-b7cb-4e0d-a48e-831e85a00841 6f156d7b495c4868a8cadd279806918b f7b742d219fd425eb0ce275433d8122f - - - -] Successfully bumped revision number for resource 0b502431-8df1-4ec8-9260-1b58a5500e51 (type: floatingips) to 0
2026-06-26 11:46:00.936 9 INFO neutron.db.ovn_revision_numbers_db [None req-953b323b-b7cb-4e0d-a48e-831e85a00841 6f156d7b495c4868a8cadd279806918b f7b742d219fd425eb0ce275433d8122f - - - -] Successfully bumped revision number for resource 0b502431-8df1-4ec8-9260-1b58a5500e51 (type: floatingips) to 1
2026-06-26 11:46:00.971 9 INFO neutron.wsgi [None req-953b323b-b7cb-4e0d-a48e-831e85a00841 6f156d7b495c4868a8cadd279806918b f7b742d219fd425eb0ce275433d8122f - - - -] 10.0.0.244 "POST /v2.0/floatingips HTTP/1.1" status: 201 len: 1042 time: 1.2055507
2026-06-26 11:46:01.092 9 INFO neutron.wsgi [None req-404f6c0a-ea03-46d8-b741-cd064a8b5b5c df8495ed640840688305c2e7be167d6a 1ac5f51cc12349ee86486f512b35bb2a - - - -] 10.0.0.244 "DELETE /v2.0/security-groups/e0cf0664-e690-4e9a-9289-9e2eef80964a HTTP/1.1" status: 204 len: 168 time: 0.2877066
2026-06-26 11:46:01.114 9 INFO neutron.db.l3_db [None req-2f28bc15-8c73-4b2f-bff9-bdb32777b53d 6f156d7b495c4868a8cadd279806918b f7b742d219fd425eb0ce275433d8122f - - - -] Floating IP 0b502431-8df1-4ec8-9260-1b58a5500e51 disassociated. External IP: 10.96.250.209, port: 7c54be0f-adf1-4d88-98a9-7f3f941d69ac.
2026-06-26 11:46:01.130 9 INFO neutron.db.ovn_revision_numbers_db [None req-2f28bc15-8c73-4b2f-bff9-bdb32777b53d 6f156d7b495c4868a8cadd279806918b f7b742d219fd425eb0ce275433d8122f - - - -] Successfully bumped revision number for resource 0b502431-8df1-4ec8-9260-1b58a5500e51 (type: floatingips) to 2
2026-06-26 11:46:01.192 10 INFO neutron.wsgi [None req-47250591-371d-4217-9efa-870941432f02 df8495ed640840688305c2e7be167d6a 1ac5f51cc12349ee86486f512b35bb2a - - - -] 10.0.0.244 "DELETE /v2.0/networks/19c26a31-95ea-4dfe-a242-402983f49ab7 HTTP/1.1" status: 204 len: 168 time: 0.4332631
2026-06-26 11:46:01.202 9 WARNING neutron.plugins.ml2.drivers.ovn.mech_driver.ovsdb.ovn_client [None req-8d4b730d-af0f-40a8-8cce-5504e4afbfa8 - - - - - -] No hosting information found for port d88a2022-79a6-433d-9ef0-00a9e90b4f55: RuntimeError: No hosting information found for port d88a2022-79a6-433d-9ef0-00a9e90b4f55
2026-06-26 11:46:01.203 9 INFO neutron.plugins.ml2.drivers.ovn.mech_driver.mech_driver [None req-8d4b730d-af0f-40a8-8cce-5504e4afbfa8 - - - - - -] OVN reports status up for port: ffbc9811-b2bf-4fb2-8174-53fcbc07b559
2026-06-26 11:46:01.210 9 INFO neutron.wsgi [None req-2f28bc15-8c73-4b2f-bff9-bdb32777b53d 6f156d7b495c4868a8cadd279806918b f7b742d219fd425eb0ce275433d8122f - - - -] 10.0.0.244 "PUT /v2.0/floatingips/0b502431-8df1-4ec8-9260-1b58a5500e51 HTTP/1.1" status: 200 len: 748 time: 0.2333918
2026-06-26 11:46:01.211 9 INFO neutron.plugins.ml2.plugin [None req-8d4b730d-af0f-40a8-8cce-5504e4afbfa8 - - - - - -] Attempt 1 to provision port ffbc9811-b2bf-4fb2-8174-53fcbc07b559
2026-06-26 11:46:01.496 9 INFO neutron.wsgi [None req-236e1a73-fbe8-43b7-b444-713f4e43b667 df8495ed640840688305c2e7be167d6a 1ac5f51cc12349ee86486f512b35bb2a - - default default] 10.0.0.244 "GET /v2.0/security-groups?tenant_id=1b299556e3f9449d9a04d2bb1e807487&name=default HTTP/1.1" status: 200 len: 2996 time: 0.0524120
2026-06-26 11:46:01.524 9 INFO neutron.db.ovn_revision_numbers_db [None req-8d4b730d-af0f-40a8-8cce-5504e4afbfa8 - - - - - -] Successfully bumped revision number for resource ffbc9811-b2bf-4fb2-8174-53fcbc07b559 (type: ports) to 3
2026-06-26 11:46:01.597 10 INFO neutron.wsgi [None req-e07ea3c7-b53d-4003-ab59-01b54291e606 6f156d7b495c4868a8cadd279806918b f7b742d219fd425eb0ce275433d8122f - - - -] 10.0.0.244 "DELETE /v2.0/floatingips/0b502431-8df1-4ec8-9260-1b58a5500e51 HTTP/1.1" status: 204 len: 168 time: 0.3806992
2026-06-26 11:46:01.647 9 INFO neutron.db.ovn_revision_numbers_db [None req-8d4b730d-af0f-40a8-8cce-5504e4afbfa8 - - - - - -] Successfully bumped revision number for resource ffbc9811-b2bf-4fb2-8174-53fcbc07b559 (type: router_ports) to 3
2026-06-26 11:46:01.779 10 INFO neutron.wsgi [None req-373641d5-fb60-4d95-8f96-c9737153a542 df8495ed640840688305c2e7be167d6a 1ac5f51cc12349ee86486f512b35bb2a - - - -] 10.0.0.244 "DELETE /v2.0/security-groups/3361c4ce-6ad5-4685-8c36-e06131129fce HTTP/1.1" status: 204 len: 168 time: 0.2768750
2026-06-26 11:46:01.873 10 WARNING neutron.scheduler.dhcp_agent_scheduler [None req-7abab4e7-ba53-415a-91bc-f0e0f767ed1d 6f156d7b495c4868a8cadd279806918b f7b742d219fd425eb0ce275433d8122f - - - -] No more DHCP agents
2026-06-26 11:46:01.876 10 WARNING neutron.api.rpc.agentnotifiers.dhcp_rpc_agent_api [None req-7abab4e7-ba53-415a-91bc-f0e0f767ed1d 6f156d7b495c4868a8cadd279806918b f7b742d219fd425eb0ce275433d8122f - - - -] Unable to schedule network 20f6d01b-24c3-42c0-b7fb-c84d1393658f: no agents available; will retry on subsequent port and subnet creation events.
2026-06-26 11:46:02.227 10 INFO neutron.services.segments.plugin [-] Segment 034bdbbf-fbaa-4513-ab3c-95a74c2e57e7 resource provider aggregate not found
2026-06-26 11:46:02.236 10 INFO neutron.services.segments.plugin [-] Segment 034bdbbf-fbaa-4513-ab3c-95a74c2e57e7 resource provider aggregate not found
2026-06-26 11:46:02.248 10 INFO neutron.services.segments.plugin [-] Segment 034bdbbf-fbaa-4513-ab3c-95a74c2e57e7 resource provider not found; error: Placement Client Error (4xx): {"errors": [{"status": 404, "title": "Not Found", "detail": "The resource could not be found.\n\n No resource provider with uuid 034bdbbf-fbaa-4513-ab3c-95a74c2e57e7 found for delete ", "request_id": "req-84a5537f-75d8-499d-8a8d-84a184859317"}]}
2026-06-26 11:46:02.253 10 INFO neutron.services.segments.plugin [-] Segment 034bdbbf-fbaa-4513-ab3c-95a74c2e57e7 resource provider not found; error: Placement Client Error (4xx): {"errors": [{"status": 404, "title": "Not Found", "detail": "The resource could not be found.\n\n No resource provider with uuid 034bdbbf-fbaa-4513-ab3c-95a74c2e57e7 found for delete ", "request_id": "req-502f1be3-5dc4-4c87-8210-3e7c8e2a88e6"}]}
2026-06-26 11:46:02.378 10 INFO neutron.db.l3_db [None req-7abab4e7-ba53-415a-91bc-f0e0f767ed1d 6f156d7b495c4868a8cadd279806918b f7b742d219fd425eb0ce275433d8122f - - - -] Floating IP 58d75299-8de7-4cbc-90a4-23f1fe089b8c associated. External IP: 10.96.250.204, port: 1aa1b360-9a12-45d4-bf0b-45e308a5d2d2.
2026-06-26 11:46:02.557 10 INFO neutron.db.ovn_revision_numbers_db [None req-7abab4e7-ba53-415a-91bc-f0e0f767ed1d 6f156d7b495c4868a8cadd279806918b f7b742d219fd425eb0ce275433d8122f - - - -] Successfully bumped revision number for resource 58d75299-8de7-4cbc-90a4-23f1fe089b8c (type: floatingips) to 0
2026-06-26 11:46:02.644 10 INFO neutron.db.ovn_revision_numbers_db [None req-7abab4e7-ba53-415a-91bc-f0e0f767ed1d 6f156d7b495c4868a8cadd279806918b f7b742d219fd425eb0ce275433d8122f - - - -] Successfully bumped revision number for resource 58d75299-8de7-4cbc-90a4-23f1fe089b8c (type: floatingips) to 1
2026-06-26 11:46:02.689 10 INFO neutron.wsgi [None req-7abab4e7-ba53-415a-91bc-f0e0f767ed1d 6f156d7b495c4868a8cadd279806918b f7b742d219fd425eb0ce275433d8122f - - - -] 10.0.0.244 "POST /v2.0/floatingips HTTP/1.1" status: 201 len: 1042 time: 1.0857837
2026-06-26 11:46:02.743 10 INFO neutron.wsgi [None req-9579b475-60e3-404d-91dc-245424da70b0 6f156d7b495c4868a8cadd279806918b f7b742d219fd425eb0ce275433d8122f - - default default] 10.0.0.244 "GET /v2.0/floatingips/58d75299-8de7-4cbc-90a4-23f1fe089b8c HTTP/1.1" status: 200 len: 1039 time: 0.0486331
2026-06-26 11:46:02.828 10 INFO neutron.wsgi [None req-d48d41c4-492a-4d3f-be52-c55a14582b32 6f156d7b495c4868a8cadd279806918b f7b742d219fd425eb0ce275433d8122f - - default default] 10.0.0.244 "GET /v2.0/floatingips HTTP/1.1" status: 200 len: 1042 time: 0.0795341
2026-06-26 11:46:03.102 10 INFO neutron.db.l3_db [None req-20418e18-2ce2-4785-8ed8-1fcfa6c6eea0 6f156d7b495c4868a8cadd279806918b f7b742d219fd425eb0ce275433d8122f - - - -] Floating IP 58d75299-8de7-4cbc-90a4-23f1fe089b8c associated. External IP: 10.96.250.204, port: 1aa1b360-9a12-45d4-bf0b-45e308a5d2d2.
2026-06-26 11:46:03.313 10 INFO neutron.db.ovn_revision_numbers_db [None req-20418e18-2ce2-4785-8ed8-1fcfa6c6eea0 6f156d7b495c4868a8cadd279806918b f7b742d219fd425eb0ce275433d8122f - - - -] Successfully bumped revision number for resource 58d75299-8de7-4cbc-90a4-23f1fe089b8c (type: floatingips) to 2
2026-06-26 11:46:03.392 9 INFO neutron.db.ovn_revision_numbers_db [None req-4d1b45e5-6882-475e-9374-6180f2b72334 ecc5e1e8c5914a17b03ee7aba565d7cb ca957a96a4624a7c9ad71268927cb408 - - - -] Successfully bumped revision number for resource 905b5095-5393-43a0-9726-7fe53310b92b (type: security_groups) to 1
2026-06-26 11:46:03.408 10 INFO neutron.db.ovn_revision_numbers_db [None req-20418e18-2ce2-4785-8ed8-1fcfa6c6eea0 6f156d7b495c4868a8cadd279806918b f7b742d219fd425eb0ce275433d8122f - - - -] Successfully bumped revision number for resource 58d75299-8de7-4cbc-90a4-23f1fe089b8c (type: floatingips) to 3
2026-06-26 11:46:03.467 9 INFO neutron.db.ovn_revision_numbers_db [None req-4d1b45e5-6882-475e-9374-6180f2b72334 ecc5e1e8c5914a17b03ee7aba565d7cb ca957a96a4624a7c9ad71268927cb408 - - - -] Successfully bumped revision number for resource debcec25-38fb-4c4d-8177-f111385bcdd8 (type: security_groups) to 1
2026-06-26 11:46:03.488 9 INFO neutron.wsgi [None req-4d1b45e5-6882-475e-9374-6180f2b72334 ecc5e1e8c5914a17b03ee7aba565d7cb ca957a96a4624a7c9ad71268927cb408 - - - -] 10.0.0.244 "POST /v2.0/security-groups HTTP/1.1" status: 201 len: 1760 time: 0.4661868
2026-06-26 11:46:03.541 9 INFO neutron.wsgi [None req-52f64ebb-1904-43de-bd7c-e9c4f25a0c25 ecc5e1e8c5914a17b03ee7aba565d7cb ca957a96a4624a7c9ad71268927cb408 - - default default] 10.0.0.244 "GET /v2.0/security-groups HTTP/1.1" status: 200 len: 4538 time: 0.0481882
