2026-06-26 11:48:14.670 9 INFO neutron.wsgi [None req-219fc97e-ff13-49db-a2e6-bdb6a0b5ad03 3e172f53c5d54009a699507cbda97924 e9d86c455ad0447f9e833d742f3b528a - - - -] 10.0.0.244 "POST /v2.0/networks HTTP/1.1" status: 201 len: 837 time: 0.7395530
2026-06-26 11:48:14.715 9 INFO neutron.wsgi [req-097967bc-2f7a-45d3-935e-081259b80f82 req-b0874dbc-9b6b-4ab2-bd79-1a0b738ac540 c3c02c2477a94e50883937a26e176a15 45ebc3d5ca9b44b8891a6a80f82018cf - - 87bcd1705dc64560863af3bcd89e4ff5 87bcd1705dc64560863af3bcd89e4ff5] 10.0.0.217 "GET /v2.0/networks/e76511ed-d6c2-403c-af08-94df8687f29d?fields=provider%3Aphysical_network&fields=provider%3Anetwork_type HTTP/1.1" status: 200 len: 277 time: 0.0699441
2026-06-26 11:48:14.866 9 INFO neutron.wsgi [req-d1451513-ca0a-4c64-a82a-708ebc0dd21b req-0055dc42-e40e-4ed9-9c68-495a7cb61be3 897b8d9a44544069b3424c2526498885 0806b88e2d104be687f06df814730813 - - default default] 10.0.0.217 "GET /v2.0/ports?device_id=493cb42d-78ce-4a17-9048-1aac899da1ec HTTP/1.1" status: 200 len: 210 time: 0.0270889
2026-06-26 11:48:14.962 10 WARNING neutron.scheduler.dhcp_agent_scheduler [None req-82412c33-62df-42a3-97be-d35647ee5d73 3e172f53c5d54009a699507cbda97924 e9d86c455ad0447f9e833d742f3b528a - - - -] No more DHCP agents
2026-06-26 11:48:14.965 10 WARNING neutron.api.rpc.agentnotifiers.dhcp_rpc_agent_api [None req-82412c33-62df-42a3-97be-d35647ee5d73 3e172f53c5d54009a699507cbda97924 e9d86c455ad0447f9e833d742f3b528a - - - -] Unable to schedule network ff6a9514-1a91-43e8-b83a-3b6a2d27821b: no agents available; will retry on subsequent port and subnet creation events.
2026-06-26 11:48:15.477 10 INFO neutron.db.ovn_revision_numbers_db [None req-82412c33-62df-42a3-97be-d35647ee5d73 3e172f53c5d54009a699507cbda97924 e9d86c455ad0447f9e833d742f3b528a - - - -] Successfully bumped revision number for resource c34026b4-2d46-4808-830b-d2a34455db69 (type: ports) to 2
2026-06-26 11:48:15.493 10 INFO neutron.db.ovn_revision_numbers_db [None req-82412c33-62df-42a3-97be-d35647ee5d73 3e172f53c5d54009a699507cbda97924 e9d86c455ad0447f9e833d742f3b528a - - - -] Successfully bumped revision number for resource 3f73910f-3c99-48b0-b1dc-2e5fc4136348 (type: subnets) to 0
2026-06-26 11:48:15.512 10 INFO neutron.wsgi [None req-82412c33-62df-42a3-97be-d35647ee5d73 3e172f53c5d54009a699507cbda97924 e9d86c455ad0447f9e833d742f3b528a - - - -] 10.0.0.244 "POST /v2.0/subnets HTTP/1.1" status: 201 len: 830 time: 0.8335757
2026-06-26 11:48:15.585 9 INFO neutron.wsgi [req-097967bc-2f7a-45d3-935e-081259b80f82 req-40d3e989-5428-48b8-be9f-6073dd6d7427 897b8d9a44544069b3424c2526498885 0806b88e2d104be687f06df814730813 - - default default] 199.204.45.23 "GET /v2.0/networks?id=e76511ed-d6c2-403c-af08-94df8687f29d HTTP/1.1" status: 200 len: 860 time: 0.0736337
2026-06-26 11:48:15.637 9 INFO neutron.wsgi [req-097967bc-2f7a-45d3-935e-081259b80f82 req-49c2a6e3-0145-4f77-93cb-2e1828b0faf9 897b8d9a44544069b3424c2526498885 0806b88e2d104be687f06df814730813 - - default default] 199.204.45.23 "GET /v2.0/security-groups?fields=id&fields=name&tenant_id=0806b88e2d104be687f06df814730813 HTTP/1.1" status: 200 len: 473 time: 0.0463438
2026-06-26 11:48:15.825 10 WARNING neutron.scheduler.dhcp_agent_scheduler [None req-e20bb678-3a10-4686-8938-c4284503defa 3e172f53c5d54009a699507cbda97924 e9d86c455ad0447f9e833d742f3b528a - - - -] No more DHCP agents
2026-06-26 11:48:15.827 10 WARNING neutron.api.rpc.agentnotifiers.dhcp_rpc_agent_api [None req-e20bb678-3a10-4686-8938-c4284503defa 3e172f53c5d54009a699507cbda97924 e9d86c455ad0447f9e833d742f3b528a - - - -] Unable to schedule network ff6a9514-1a91-43e8-b83a-3b6a2d27821b: no agents available; will retry on subsequent port and subnet creation events.
2026-06-26 11:48:15.845 10 INFO neutron.db.ovn_revision_numbers_db [None req-e20bb678-3a10-4686-8938-c4284503defa 3e172f53c5d54009a699507cbda97924 e9d86c455ad0447f9e833d742f3b528a - - - -] Successfully bumped revision number for resource 4e0fb3a3-9c32-4f68-9a4f-271ca17ba144 (type: subnets) to 0
2026-06-26 11:48:15.865 10 INFO neutron.wsgi [None req-e20bb678-3a10-4686-8938-c4284503defa 3e172f53c5d54009a699507cbda97924 e9d86c455ad0447f9e833d742f3b528a - - - -] 10.0.0.244 "POST /v2.0/subnets HTTP/1.1" status: 201 len: 905 time: 0.3480425
2026-06-26 11:48:15.936 9 INFO neutron.wsgi [None req-c0d11798-31f5-4259-b8d3-1de68263bc13 7fb3d804f7cd43038e862d93745f35f7 079972c103944349aa3775bae048ee9c - - default default] 10.0.0.161 "GET /v2.0/extensions HTTP/1.1" status: 200 len: 16525 time: 0.0077162
2026-06-26 11:48:16.025 9 INFO neutron.wsgi [req-b4b5c22c-6077-4985-9ec3-c6ff7f9b1133 req-762e7af0-4533-4035-88f1-d912aadf3363 897b8d9a44544069b3424c2526498885 0806b88e2d104be687f06df814730813 - - default default] 10.0.0.217 "GET /v2.0/ports?device_id=493cb42d-78ce-4a17-9048-1aac899da1ec HTTP/1.1" status: 200 len: 210 time: 0.0571287
2026-06-26 11:48:16.096 9 WARNING neutron.scheduler.dhcp_agent_scheduler [None req-f9f25e0c-d93e-4543-929b-9998614783cb 897b8d9a44544069b3424c2526498885 0806b88e2d104be687f06df814730813 - - - -] No more DHCP agents
2026-06-26 11:48:16.097 9 WARNING neutron.api.rpc.agentnotifiers.dhcp_rpc_agent_api [None req-f9f25e0c-d93e-4543-929b-9998614783cb 897b8d9a44544069b3424c2526498885 0806b88e2d104be687f06df814730813 - - - -] Unable to schedule network e76511ed-d6c2-403c-af08-94df8687f29d: no agents available; will retry on subsequent port and subnet creation events.
2026-06-26 11:48:16.527 10 INFO neutron.wsgi [None req-5f61e963-be1f-426c-886f-3994c897d494 7fb3d804f7cd43038e862d93745f35f7 079972c103944349aa3775bae048ee9c - - default default] 10.0.0.161 "GET /v2.0/quotas/079972c103944349aa3775bae048ee9c/details HTTP/1.1" status: 200 len: 756 time: 0.5717511
2026-06-26 11:48:16.591 9 INFO neutron.db.ovn_revision_numbers_db [None req-f9f25e0c-d93e-4543-929b-9998614783cb 897b8d9a44544069b3424c2526498885 0806b88e2d104be687f06df814730813 - - - -] Successfully bumped revision number for resource f1b876ad-b44a-4b8c-a693-8805f9cb93a8 (type: ports) to 1
2026-06-26 11:48:16.621 9 INFO neutron.wsgi [None req-f9f25e0c-d93e-4543-929b-9998614783cb 897b8d9a44544069b3424c2526498885 0806b88e2d104be687f06df814730813 - - - -] 199.204.45.23 "POST /v2.0/ports HTTP/1.1" status: 201 len: 1158 time: 0.9813218 /var/lib/openstack/lib/python3.10/site-packages/pycadf/identifier.py:71: UserWarning: Invalid uuid: neutron. To ensure interoperability, identifiers should be a valid uuid. warnings.warn(('Invalid uuid: %s. To ensure interoperability, '
2026-06-26 11:48:16.778 10 WARNING neutron.scheduler.dhcp_agent_scheduler [None req-5af9c075-b264-4589-ab4b-42eafd586c39 3e172f53c5d54009a699507cbda97924 e9d86c455ad0447f9e833d742f3b528a - - - -] No more DHCP agents
2026-06-26 11:48:16.780 10 WARNING neutron.api.rpc.agentnotifiers.dhcp_rpc_agent_api [None req-5af9c075-b264-4589-ab4b-42eafd586c39 3e172f53c5d54009a699507cbda97924 e9d86c455ad0447f9e833d742f3b528a - - - -] Unable to schedule network 20f6d01b-24c3-42c0-b7fb-c84d1393658f: no agents available; will retry on subsequent port and subnet creation events.
2026-06-26 11:48:16.907 10 INFO neutron.db.ovn_revision_numbers_db [None req-5af9c075-b264-4589-ab4b-42eafd586c39 3e172f53c5d54009a699507cbda97924 e9d86c455ad0447f9e833d742f3b528a - - - -] Successfully bumped revision number for resource f81120d4-f9be-4ab1-a921-31bbd45ae1c0 (type: ports) to 1
2026-06-26 11:48:17.059 9 INFO neutron.db.ovn_revision_numbers_db [None req-8ea936f2-718b-4b35-8424-b45007c11b17 c3c02c2477a94e50883937a26e176a15 45ebc3d5ca9b44b8891a6a80f82018cf - - - -] Successfully bumped revision number for resource f1b876ad-b44a-4b8c-a693-8805f9cb93a8 (type: ports) to 2 /var/lib/openstack/lib/python3.10/site-packages/pycadf/identifier.py:71: UserWarning: Invalid uuid: neutron. To ensure interoperability, identifiers should be a valid uuid. warnings.warn(('Invalid uuid: %s. To ensure interoperability, '
2026-06-26 11:48:17.155 10 INFO neutron.wsgi [req-88198b01-d7de-4e79-b416-d5a66f5a3ee7 req-7c36316b-7d65-4564-86d4-02838a9085fe c3c02c2477a94e50883937a26e176a15 45ebc3d5ca9b44b8891a6a80f82018cf - - 87bcd1705dc64560863af3bcd89e4ff5 87bcd1705dc64560863af3bcd89e4ff5] 199.204.45.23 "GET /v2.0/ports?device_id=f3717671-e333-42b8-a567-1f106c45f2d2&fields=binding%3Ahost_id&fields=binding%3Avif_type HTTP/1.1" status: 200 len: 265 time: 0.0557694
2026-06-26 11:48:17.159 9 INFO neutron.wsgi [req-80f2efbe-0810-4ae9-bd3d-e675b7652aeb req-509e89e5-15c5-4438-8418-a3b8b61d60cd 897b8d9a44544069b3424c2526498885 0806b88e2d104be687f06df814730813 - - default default] 10.0.0.217 "GET /v2.0/ports?device_id=493cb42d-78ce-4a17-9048-1aac899da1ec HTTP/1.1" status: 200 len: 1168 time: 0.0446444
2026-06-26 11:48:17.235 9 INFO neutron.wsgi [req-80f2efbe-0810-4ae9-bd3d-e675b7652aeb req-e6a32d7a-984c-429b-af4d-edb49f382d77 897b8d9a44544069b3424c2526498885 0806b88e2d104be687f06df814730813 - - default default] 10.0.0.217 "GET /v2.0/security-groups?id=e4e2dfd7-7bc2-4155-9b37-7d4b2e086af4&fields=id&fields=name HTTP/1.1" status: 200 len: 313 time: 0.0682213
2026-06-26 11:48:17.262 10 INFO neutron.wsgi [req-88198b01-d7de-4e79-b416-d5a66f5a3ee7 req-c8d87a21-0bdd-4e5c-bdcc-9308677dbdfa c3c02c2477a94e50883937a26e176a15 45ebc3d5ca9b44b8891a6a80f82018cf - - 87bcd1705dc64560863af3bcd89e4ff5 87bcd1705dc64560863af3bcd89e4ff5] 199.204.45.23 "GET /v2.0/ports?tenant_id=0806b88e2d104be687f06df814730813&device_id=f3717671-e333-42b8-a567-1f106c45f2d2 HTTP/1.1" status: 200 len: 1361 time: 0.0556924
2026-06-26 11:48:17.307 9 INFO neutron.db.ovn_revision_numbers_db [None req-8ea936f2-718b-4b35-8424-b45007c11b17 c3c02c2477a94e50883937a26e176a15 45ebc3d5ca9b44b8891a6a80f82018cf - - - -] Successfully bumped revision number for resource f1b876ad-b44a-4b8c-a693-8805f9cb93a8 (type: ports) to 2
2026-06-26 11:48:17.323 9 INFO neutron.wsgi [None req-8ea936f2-718b-4b35-8424-b45007c11b17 c3c02c2477a94e50883937a26e176a15 45ebc3d5ca9b44b8891a6a80f82018cf - - - -] 199.204.45.23 "PUT /v2.0/ports/f1b876ad-b44a-4b8c-a693-8805f9cb93a8 HTTP/1.1" status: 200 len: 1328 time: 0.6937253 /var/lib/openstack/lib/python3.10/site-packages/pycadf/identifier.py:71: UserWarning: Invalid uuid: neutron. To ensure interoperability, identifiers should be a valid uuid. warnings.warn(('Invalid uuid: %s. To ensure interoperability, '
2026-06-26 11:48:17.370 10 INFO neutron.wsgi [req-88198b01-d7de-4e79-b416-d5a66f5a3ee7 req-b11efb15-c727-4009-be1d-f381ec37524c c3c02c2477a94e50883937a26e176a15 45ebc3d5ca9b44b8891a6a80f82018cf - - 87bcd1705dc64560863af3bcd89e4ff5 87bcd1705dc64560863af3bcd89e4ff5] 199.204.45.23 "GET /v2.0/networks?id=e76511ed-d6c2-403c-af08-94df8687f29d HTTP/1.1" status: 200 len: 959 time: 0.0858955
2026-06-26 11:48:17.373 9 INFO neutron.notifiers.nova [-] Nova event matching ['req-ee61cc14-cf83-40b4-887e-5b833aa4a3f9'] response: {'name': 'network-changed', 'server_uuid': '493cb42d-78ce-4a17-9048-1aac899da1ec', 'tag': 'f1b876ad-b44a-4b8c-a693-8805f9cb93a8', 'status': 'completed', 'code': 200}
2026-06-26 11:48:17.403 9 INFO neutron.wsgi [req-097967bc-2f7a-45d3-935e-081259b80f82 req-3496c3a3-0487-4399-b7fe-e7b6407545dd c3c02c2477a94e50883937a26e176a15 45ebc3d5ca9b44b8891a6a80f82018cf - - 87bcd1705dc64560863af3bcd89e4ff5 87bcd1705dc64560863af3bcd89e4ff5] 199.204.45.23 "GET /v2.0/ports?tenant_id=0806b88e2d104be687f06df814730813&device_id=493cb42d-78ce-4a17-9048-1aac899da1ec HTTP/1.1" status: 200 len: 1359 time: 0.0414014
2026-06-26 11:48:17.428 10 INFO neutron.wsgi [req-88198b01-d7de-4e79-b416-d5a66f5a3ee7 req-51857949-e25a-45a6-b5a3-21c325a16f45 c3c02c2477a94e50883937a26e176a15 45ebc3d5ca9b44b8891a6a80f82018cf - - 87bcd1705dc64560863af3bcd89e4ff5 87bcd1705dc64560863af3bcd89e4ff5] 199.204.45.23 "GET /v2.0/floatingips?fixed_ip_address=10.100.0.4&port_id=8781c4a1-e5a1-41f6-9ed6-ccc4c779bdee HTTP/1.1" status: 200 len: 217 time: 0.0473793
2026-06-26 11:48:17.443 9 INFO neutron.wsgi [req-097967bc-2f7a-45d3-935e-081259b80f82 req-b0ac6c28-7253-49db-b87f-16d88b4de42d c3c02c2477a94e50883937a26e176a15 45ebc3d5ca9b44b8891a6a80f82018cf - - 87bcd1705dc64560863af3bcd89e4ff5 87bcd1705dc64560863af3bcd89e4ff5] 199.204.45.23 "GET /v2.0/floatingips?fixed_ip_address=10.100.0.6&port_id=f1b876ad-b44a-4b8c-a693-8805f9cb93a8 HTTP/1.1" status: 200 len: 217 time: 0.0308847
2026-06-26 11:48:17.481 9 INFO neutron.wsgi [req-097967bc-2f7a-45d3-935e-081259b80f82 req-f0bc6ebb-697a-40e0-a768-4bd50a5f7dee c3c02c2477a94e50883937a26e176a15 45ebc3d5ca9b44b8891a6a80f82018cf - - 87bcd1705dc64560863af3bcd89e4ff5 87bcd1705dc64560863af3bcd89e4ff5] 199.204.45.23 "GET /v2.0/subnets?id=7ab910e9-afc9-4dba-8198-154876ee469a HTTP/1.1" status: 200 len: 853 time: 0.0345249
2026-06-26 11:48:17.494 10 INFO neutron.wsgi [req-88198b01-d7de-4e79-b416-d5a66f5a3ee7 req-eb0a0dfa-6bf8-4c70-a134-1d562da4245b c3c02c2477a94e50883937a26e176a15 45ebc3d5ca9b44b8891a6a80f82018cf - - 87bcd1705dc64560863af3bcd89e4ff5 87bcd1705dc64560863af3bcd89e4ff5] 199.204.45.23 "GET /v2.0/subnets?id=7ab910e9-afc9-4dba-8198-154876ee469a HTTP/1.1" status: 200 len: 853 time: 0.0497856
2026-06-26 11:48:17.512 9 INFO neutron.wsgi [req-097967bc-2f7a-45d3-935e-081259b80f82 req-d10bcbf0-8987-4f60-849e-2a0e1a4ec983 c3c02c2477a94e50883937a26e176a15 45ebc3d5ca9b44b8891a6a80f82018cf - - 87bcd1705dc64560863af3bcd89e4ff5 87bcd1705dc64560863af3bcd89e4ff5] 199.204.45.23 "GET /v2.0/ports?network_id=e76511ed-d6c2-403c-af08-94df8687f29d&device_owner=network%3Adhcp HTTP/1.1" status: 200 len: 210 time: 0.0235023
2026-06-26 11:48:17.556 10 INFO neutron.wsgi [req-88198b01-d7de-4e79-b416-d5a66f5a3ee7 req-f84eb0c3-1b4d-4612-b84e-744c6ef4925c c3c02c2477a94e50883937a26e176a15 45ebc3d5ca9b44b8891a6a80f82018cf - - 87bcd1705dc64560863af3bcd89e4ff5 87bcd1705dc64560863af3bcd89e4ff5] 199.204.45.23 "GET /v2.0/ports?network_id=e76511ed-d6c2-403c-af08-94df8687f29d&device_owner=network%3Adhcp HTTP/1.1" status: 200 len: 210 time: 0.0440166
2026-06-26 11:48:17.585 9 INFO neutron.wsgi [req-097967bc-2f7a-45d3-935e-081259b80f82 req-a438b7d8-5a52-4a42-9698-144d99246370 c3c02c2477a94e50883937a26e176a15 45ebc3d5ca9b44b8891a6a80f82018cf - - 87bcd1705dc64560863af3bcd89e4ff5 87bcd1705dc64560863af3bcd89e4ff5] 199.204.45.23 "GET /v2.0/networks/e76511ed-d6c2-403c-af08-94df8687f29d?fields=segments HTTP/1.1" status: 200 len: 212 time: 0.0654354
2026-06-26 11:48:17.638 10 INFO neutron.wsgi [req-88198b01-d7de-4e79-b416-d5a66f5a3ee7 req-63260ee6-16e1-4463-96c6-525d242f6be5 c3c02c2477a94e50883937a26e176a15 45ebc3d5ca9b44b8891a6a80f82018cf - - 87bcd1705dc64560863af3bcd89e4ff5 87bcd1705dc64560863af3bcd89e4ff5] 199.204.45.23 "GET /v2.0/networks/e76511ed-d6c2-403c-af08-94df8687f29d?fields=segments HTTP/1.1" status: 200 len: 212 time: 0.0755661
2026-06-26 11:48:17.665 9 INFO neutron.wsgi [req-097967bc-2f7a-45d3-935e-081259b80f82 req-26a69310-9f80-4e96-825e-480b9e19ba18 c3c02c2477a94e50883937a26e176a15 45ebc3d5ca9b44b8891a6a80f82018cf - - 87bcd1705dc64560863af3bcd89e4ff5 87bcd1705dc64560863af3bcd89e4ff5] 199.204.45.23 "GET /v2.0/networks/e76511ed-d6c2-403c-af08-94df8687f29d?fields=provider%3Aphysical_network&fields=provider%3Anetwork_type HTTP/1.1" status: 200 len: 277 time: 0.0736480
2026-06-26 11:48:17.713 9 INFO neutron.plugins.ml2.drivers.ovn.mech_driver.mech_driver [None req-8d4b730d-af0f-40a8-8cce-5504e4afbfa8 - - - - - -] OVN reports status up for port: f81120d4-f9be-4ab1-a921-31bbd45ae1c0
2026-06-26 11:48:17.733 10 INFO neutron.wsgi [req-88198b01-d7de-4e79-b416-d5a66f5a3ee7 req-f6d29612-f98b-492f-bf9d-de5242e2a8ac c3c02c2477a94e50883937a26e176a15 45ebc3d5ca9b44b8891a6a80f82018cf - - 87bcd1705dc64560863af3bcd89e4ff5 87bcd1705dc64560863af3bcd89e4ff5] 199.204.45.23 "GET /v2.0/networks/e76511ed-d6c2-403c-af08-94df8687f29d?fields=provider%3Aphysical_network&fields=provider%3Anetwork_type HTTP/1.1" status: 200 len: 277 time: 0.0890965
2026-06-26 11:48:17.737 10 INFO neutron.db.ovn_revision_numbers_db [None req-5af9c075-b264-4589-ab4b-42eafd586c39 3e172f53c5d54009a699507cbda97924 e9d86c455ad0447f9e833d742f3b528a - - - -] Successfully bumped revision number for resource f81120d4-f9be-4ab1-a921-31bbd45ae1c0 (type: router_ports) to 1
2026-06-26 11:48:17.749 9 INFO neutron.plugins.ml2.plugin [None req-8d4b730d-af0f-40a8-8cce-5504e4afbfa8 - - - - - -] Attempt 1 to provision port f81120d4-f9be-4ab1-a921-31bbd45ae1c0
2026-06-26 11:48:17.769 9 INFO neutron.wsgi [req-f0ce579a-2e5f-4258-ab13-58d64d5a3de1 req-3325e91c-6cb1-4516-8e26-4cce8a5f4f6e c3c02c2477a94e50883937a26e176a15 45ebc3d5ca9b44b8891a6a80f82018cf - - 87bcd1705dc64560863af3bcd89e4ff5 87bcd1705dc64560863af3bcd89e4ff5] 199.204.45.23 "GET /v2.0/ports?tenant_id=0806b88e2d104be687f06df814730813&device_id=493cb42d-78ce-4a17-9048-1aac899da1ec HTTP/1.1" status: 200 len: 1359 time: 0.0588474
2026-06-26 11:48:17.781 10 INFO neutron.plugins.ml2.drivers.ovn.mech_driver.ovsdb.ovsdb_monitor [None req-c3781295-068b-4f4c-bb7c-245067b68272 - - - - - -] Router d73f2ad2-07cb-4a1e-8b23-8eaf052465bf is bound to host instance
2026-06-26 11:48:17.861 10 INFO neutron.db.ovn_revision_numbers_db [None req-5af9c075-b264-4589-ab4b-42eafd586c39 3e172f53c5d54009a699507cbda97924 e9d86c455ad0447f9e833d742f3b528a - - - -] Successfully bumped revision number for resource d73f2ad2-07cb-4a1e-8b23-8eaf052465bf (type: routers) to 3
2026-06-26 11:48:17.873 9 INFO neutron.wsgi [req-f0ce579a-2e5f-4258-ab13-58d64d5a3de1 req-2f10f1c4-e1e6-4ef7-9cd4-d9bc0997e0fb c3c02c2477a94e50883937a26e176a15 45ebc3d5ca9b44b8891a6a80f82018cf - - 87bcd1705dc64560863af3bcd89e4ff5 87bcd1705dc64560863af3bcd89e4ff5] 199.204.45.23 "GET /v2.0/networks?id=e76511ed-d6c2-403c-af08-94df8687f29d HTTP/1.1" status: 200 len: 959 time: 0.0963469
2026-06-26 11:48:17.902 10 INFO neutron.wsgi [None req-5af9c075-b264-4589-ab4b-42eafd586c39 3e172f53c5d54009a699507cbda97924 e9d86c455ad0447f9e833d742f3b528a - - - -] 10.0.0.244 "POST /v2.0/routers HTTP/1.1" status: 201 len: 865 time: 2.0314815
2026-06-26 11:48:17.917 9 INFO neutron.wsgi [req-f0ce579a-2e5f-4258-ab13-58d64d5a3de1 req-feae743d-d4ac-4d75-bc4a-2eed112ab3d0 c3c02c2477a94e50883937a26e176a15 45ebc3d5ca9b44b8891a6a80f82018cf - - 87bcd1705dc64560863af3bcd89e4ff5 87bcd1705dc64560863af3bcd89e4ff5] 199.204.45.23 "GET /v2.0/floatingips?fixed_ip_address=10.100.0.6&port_id=f1b876ad-b44a-4b8c-a693-8805f9cb93a8 HTTP/1.1" status: 200 len: 217 time: 0.0382926
2026-06-26 11:48:17.956 9 INFO neutron.wsgi [req-f0ce579a-2e5f-4258-ab13-58d64d5a3de1 req-99edd24c-55c3-4f2d-a773-679553aa29a6 c3c02c2477a94e50883937a26e176a15 45ebc3d5ca9b44b8891a6a80f82018cf - - 87bcd1705dc64560863af3bcd89e4ff5 87bcd1705dc64560863af3bcd89e4ff5] 199.204.45.23 "GET /v2.0/subnets?id=7ab910e9-afc9-4dba-8198-154876ee469a HTTP/1.1" status: 200 len: 853 time: 0.0335112
2026-06-26 11:48:17.991 9 INFO neutron.wsgi [req-f0ce579a-2e5f-4258-ab13-58d64d5a3de1 req-73e6f1bb-9173-4c6f-8fac-13f30b0ac8c4 c3c02c2477a94e50883937a26e176a15 45ebc3d5ca9b44b8891a6a80f82018cf - - 87bcd1705dc64560863af3bcd89e4ff5 87bcd1705dc64560863af3bcd89e4ff5] 199.204.45.23 "GET /v2.0/ports?network_id=e76511ed-d6c2-403c-af08-94df8687f29d&device_owner=network%3Adhcp HTTP/1.1" status: 200 len: 210 time: 0.0275967
2026-06-26 11:48:18.082 9 INFO neutron.wsgi [req-f0ce579a-2e5f-4258-ab13-58d64d5a3de1 req-7b611eac-6372-4838-bebc-050ab446d920 c3c02c2477a94e50883937a26e176a15 45ebc3d5ca9b44b8891a6a80f82018cf - - 87bcd1705dc64560863af3bcd89e4ff5 87bcd1705dc64560863af3bcd89e4ff5] 199.204.45.23 "GET /v2.0/networks/e76511ed-d6c2-403c-af08-94df8687f29d?fields=segments HTTP/1.1" status: 200 len: 212 time: 0.0832820
2026-06-26 11:48:18.148 9 INFO neutron.wsgi [req-f0ce579a-2e5f-4258-ab13-58d64d5a3de1 req-965ce8f9-56fd-4796-9d70-f2d99bbd3b90 c3c02c2477a94e50883937a26e176a15 45ebc3d5ca9b44b8891a6a80f82018cf - - 87bcd1705dc64560863af3bcd89e4ff5 87bcd1705dc64560863af3bcd89e4ff5] 199.204.45.23 "GET /v2.0/networks/e76511ed-d6c2-403c-af08-94df8687f29d?fields=provider%3Aphysical_network&fields=provider%3Anetwork_type HTTP/1.1" status: 200 len: 277 time: 0.0613680
2026-06-26 11:48:18.345 9 INFO neutron.wsgi [req-d7dc23dc-8294-4f7c-9a5e-45a39a021867 req-c1fc4ca8-93b3-4000-9413-d086ebf6fb6c 897b8d9a44544069b3424c2526498885 0806b88e2d104be687f06df814730813 - - default default] 10.0.0.217 "GET /v2.0/ports?device_id=493cb42d-78ce-4a17-9048-1aac899da1ec HTTP/1.1" status: 200 len: 1168 time: 0.0506406
2026-06-26 11:48:18.404 9 INFO neutron.wsgi [req-d7dc23dc-8294-4f7c-9a5e-45a39a021867 req-14bbe4af-5630-41de-84f2-8c0b65789c48 897b8d9a44544069b3424c2526498885 0806b88e2d104be687f06df814730813 - - default default] 10.0.0.217 "GET /v2.0/security-groups?id=e4e2dfd7-7bc2-4155-9b37-7d4b2e086af4&fields=id&fields=name HTTP/1.1" status: 200 len: 313 time: 0.0508306
2026-06-26 11:48:18.856 10 INFO neutron.db.ovn_revision_numbers_db [None req-c3781295-068b-4f4c-bb7c-245067b68272 - - - - - -] Successfully bumped revision number for resource f81120d4-f9be-4ab1-a921-31bbd45ae1c0 (type: ports) to 1
2026-06-26 11:48:18.952 10 WARNING neutron.scheduler.dhcp_agent_scheduler [None req-7ee8ea60-d44d-41e0-ae81-8f66745fd739 3e172f53c5d54009a699507cbda97924 e9d86c455ad0447f9e833d742f3b528a - - default default] No more DHCP agents
2026-06-26 11:48:18.954 10 WARNING neutron.api.rpc.agentnotifiers.dhcp_rpc_agent_api [None req-7ee8ea60-d44d-41e0-ae81-8f66745fd739 3e172f53c5d54009a699507cbda97924 e9d86c455ad0447f9e833d742f3b528a - - default default] Unable to schedule network 4fdc7949-8564-476d-9a0a-b7cc4a556f68: no agents available; will retry on subsequent port and subnet creation events.
2026-06-26 11:48:19.175 10 INFO neutron.db.ovn_revision_numbers_db [None req-c3781295-068b-4f4c-bb7c-245067b68272 - - - - - -] Successfully bumped revision number for resource f81120d4-f9be-4ab1-a921-31bbd45ae1c0 (type: router_ports) to 3
2026-06-26 11:48:19.177 10 INFO neutron.db.ovn_revision_numbers_db [None req-7ee8ea60-d44d-41e0-ae81-8f66745fd739 3e172f53c5d54009a699507cbda97924 e9d86c455ad0447f9e833d742f3b528a - - default default] Successfully bumped revision number for resource 47dabbd2-adf0-4935-8bfb-c836430d0340 (type: ports) to 1
2026-06-26 11:48:19.254 9 INFO neutron.db.ovn_revision_numbers_db [None req-dcb0ac21-a5ea-452f-abf5-2c1c9a63e686 df8495ed640840688305c2e7be167d6a 1ac5f51cc12349ee86486f512b35bb2a - - default default] Successfully bumped revision number for resource 853c1972-9d6d-4973-bbe4-e1bb427ddb2c (type: security_groups) to 1
2026-06-26 11:48:19.276 9 INFO neutron.wsgi [None req-dcb0ac21-a5ea-452f-abf5-2c1c9a63e686 df8495ed640840688305c2e7be167d6a 1ac5f51cc12349ee86486f512b35bb2a - - default default] 10.0.0.244 "GET /v2.0/security-groups?tenant_id=079972c103944349aa3775bae048ee9c&name=default HTTP/1.1" status: 200 len: 2996 time: 0.2361345
2026-06-26 11:48:19.367 10 INFO neutron.db.ovn_revision_numbers_db [None req-c3781295-068b-4f4c-bb7c-245067b68272 - - - - - -] Successfully bumped revision number for resource f81120d4-f9be-4ab1-a921-31bbd45ae1c0 (type: ports) to 2
2026-06-26 11:48:19.504 9 INFO neutron.wsgi [None req-8b5497da-3ed4-437f-822f-e899f8f17446 df8495ed640840688305c2e7be167d6a 1ac5f51cc12349ee86486f512b35bb2a - - - -] 10.0.0.244 "DELETE /v2.0/security-groups/853c1972-9d6d-4973-bbe4-e1bb427ddb2c HTTP/1.1" status: 204 len: 168 time: 0.2224584
2026-06-26 11:48:19.539 9 INFO neutron.wsgi [req-b62be300-da95-41b4-a83c-a7ea8acdb560 req-019b55c0-b742-4feb-97a3-020ad0bf32d3 897b8d9a44544069b3424c2526498885 0806b88e2d104be687f06df814730813 - - default default] 10.0.0.217 "GET /v2.0/ports?device_id=493cb42d-78ce-4a17-9048-1aac899da1ec HTTP/1.1" status: 200 len: 1168 time: 0.0556927
2026-06-26 11:48:19.589 9 INFO neutron.wsgi [req-b62be300-da95-41b4-a83c-a7ea8acdb560 req-4c643ca4-54ff-4eb2-93fd-3050be299c86 897b8d9a44544069b3424c2526498885 0806b88e2d104be687f06df814730813 - - default default] 10.0.0.217 "GET /v2.0/security-groups?id=e4e2dfd7-7bc2-4155-9b37-7d4b2e086af4&fields=id&fields=name HTTP/1.1" status: 200 len: 313 time: 0.0416901
2026-06-26 11:48:19.956 10 INFO neutron.db.ovn_revision_numbers_db [None req-c3781295-068b-4f4c-bb7c-245067b68272 - - - - - -] Successfully bumped revision number for resource f81120d4-f9be-4ab1-a921-31bbd45ae1c0 (type: ports) to 4
2026-06-26 11:48:20.134 9 INFO neutron.plugins.ml2.drivers.ovn.mech_driver.mech_driver [None req-8d4b730d-af0f-40a8-8cce-5504e4afbfa8 - - - - - -] OVN reports status up for port: f1b876ad-b44a-4b8c-a693-8805f9cb93a8
2026-06-26 11:48:20.146 9 INFO neutron.plugins.ml2.plugin [None req-8d4b730d-af0f-40a8-8cce-5504e4afbfa8 - - - - - -] Attempt 1 to provision port f1b876ad-b44a-4b8c-a693-8805f9cb93a8
2026-06-26 11:48:20.170 10 INFO neutron.db.ovn_revision_numbers_db [None req-7ee8ea60-d44d-41e0-ae81-8f66745fd739 3e172f53c5d54009a699507cbda97924 e9d86c455ad0447f9e833d742f3b528a - - default default] Successfully bumped revision number for resource 47dabbd2-adf0-4935-8bfb-c836430d0340 (type: router_ports) to 2
2026-06-26 11:48:20.247 9 INFO neutron.notifiers.nova [-] Nova event matching ['req-d4dd3be8-f14b-4292-b207-a15f40f7bc27'] response: {'server_uuid': '493cb42d-78ce-4a17-9048-1aac899da1ec', 'name': 'network-vif-plugged', 'status': 'completed', 'tag': 'f1b876ad-b44a-4b8c-a693-8805f9cb93a8', 'code': 200}
2026-06-26 11:48:20.291 10 INFO neutron.db.ovn_revision_numbers_db [None req-c3781295-068b-4f4c-bb7c-245067b68272 - - - - - -] Successfully bumped revision number for resource f81120d4-f9be-4ab1-a921-31bbd45ae1c0 (type: router_ports) to 4
2026-06-26 11:48:20.398 10 INFO neutron.db.ovn_revision_numbers_db [None req-7ee8ea60-d44d-41e0-ae81-8f66745fd739 3e172f53c5d54009a699507cbda97924 e9d86c455ad0447f9e833d742f3b528a - - default default] Successfully bumped revision number for resource 47dabbd2-adf0-4935-8bfb-c836430d0340 (type: ports) to 2
2026-06-26 11:48:20.410 9 INFO neutron.db.ovn_revision_numbers_db [None req-8d4b730d-af0f-40a8-8cce-5504e4afbfa8 - - - - - -] Successfully bumped revision number for resource f1b876ad-b44a-4b8c-a693-8805f9cb93a8 (type: ports) to 4
2026-06-26 11:48:20.482 9 INFO neutron.plugins.ml2.drivers.ovn.mech_driver.mech_driver [None req-8d4b730d-af0f-40a8-8cce-5504e4afbfa8 - - - - - -] OVN reports status up for port: 47dabbd2-adf0-4935-8bfb-c836430d0340
2026-06-26 11:48:20.499 9 INFO neutron.plugins.ml2.plugin [None req-8d4b730d-af0f-40a8-8cce-5504e4afbfa8 - - - - - -] Attempt 1 to provision port 47dabbd2-adf0-4935-8bfb-c836430d0340
2026-06-26 11:48:20.499 10 WARNING neutron.scheduler.dhcp_agent_scheduler [None req-7ee8ea60-d44d-41e0-ae81-8f66745fd739 3e172f53c5d54009a699507cbda97924 e9d86c455ad0447f9e833d742f3b528a - - default default] No more DHCP agents
2026-06-26 11:48:20.501 10 WARNING neutron.api.rpc.agentnotifiers.dhcp_rpc_agent_api [None req-7ee8ea60-d44d-41e0-ae81-8f66745fd739 3e172f53c5d54009a699507cbda97924 e9d86c455ad0447f9e833d742f3b528a - - default default] Unable to schedule network 4fdc7949-8564-476d-9a0a-b7cc4a556f68: no agents available; will retry on subsequent port and subnet creation events. /var/lib/openstack/lib/python3.10/site-packages/pycadf/identifier.py:71: UserWarning: Invalid uuid: neutron. To ensure interoperability, identifiers should be a valid uuid. warnings.warn(('Invalid uuid: %s. To ensure interoperability, '
2026-06-26 11:48:20.783 9 INFO neutron.wsgi [req-977625a4-1783-48ec-92b4-01647347d1bc req-13d3fb91-4f80-45c4-9436-6ce96b82b853 897b8d9a44544069b3424c2526498885 0806b88e2d104be687f06df814730813 - - default default] 10.0.0.217 "GET /v2.0/ports?device_id=493cb42d-78ce-4a17-9048-1aac899da1ec HTTP/1.1" status: 200 len: 1170 time: 0.1238191
2026-06-26 11:48:20.837 9 INFO neutron.wsgi [req-977625a4-1783-48ec-92b4-01647347d1bc req-d5bc4c98-e3a2-49fc-adf3-ac0ad8c7c87e 897b8d9a44544069b3424c2526498885 0806b88e2d104be687f06df814730813 - - default default] 10.0.0.217 "GET /v2.0/security-groups?id=e4e2dfd7-7bc2-4155-9b37-7d4b2e086af4&fields=id&fields=name HTTP/1.1" status: 200 len: 313 time: 0.0427029
2026-06-26 11:48:20.856 10 INFO neutron.db.ovn_revision_numbers_db [None req-7ee8ea60-d44d-41e0-ae81-8f66745fd739 3e172f53c5d54009a699507cbda97924 e9d86c455ad0447f9e833d742f3b528a - - - -] Successfully bumped revision number for resource 47dabbd2-adf0-4935-8bfb-c836430d0340 (type: router_ports) to 2
2026-06-26 11:48:20.859 10 INFO neutron.wsgi [None req-7ee8ea60-d44d-41e0-ae81-8f66745fd739 3e172f53c5d54009a699507cbda97924 e9d86c455ad0447f9e833d742f3b528a - - - -] 10.0.0.244 "PUT /v2.0/routers/d73f2ad2-07cb-4a1e-8b23-8eaf052465bf/add_router_interface HTTP/1.1" status: 200 len: 503 time: 2.9478853
2026-06-26 11:48:20.871 9 INFO neutron.db.ovn_revision_numbers_db [None req-8d4b730d-af0f-40a8-8cce-5504e4afbfa8 - - - - - -] Successfully bumped revision number for resource 47dabbd2-adf0-4935-8bfb-c836430d0340 (type: ports) to 3
2026-06-26 11:48:20.983 9 INFO neutron.wsgi [req-6f9e5fab-8d67-4a6e-a5f5-a099cfb8f4f7 req-642eae1b-5c0b-4b82-868c-9759de0c2020 897b8d9a44544069b3424c2526498885 0806b88e2d104be687f06df814730813 - - default default] 10.0.0.217 "GET /v2.0/ports?device_id=493cb42d-78ce-4a17-9048-1aac899da1ec HTTP/1.1" status: 200 len: 1170 time: 0.0553024
2026-06-26 11:48:21.072 9 INFO neutron.wsgi [req-6f9e5fab-8d67-4a6e-a5f5-a099cfb8f4f7 req-6c86c57c-9ccf-4463-aa08-74f6e97e3013 897b8d9a44544069b3424c2526498885 0806b88e2d104be687f06df814730813 - - default default] 10.0.0.217 "GET /v2.0/security-groups?id=e4e2dfd7-7bc2-4155-9b37-7d4b2e086af4&fields=id&fields=name HTTP/1.1" status: 200 len: 313 time: 0.0805113
2026-06-26 11:48:21.110 9 INFO neutron.db.ovn_revision_numbers_db [None req-8d4b730d-af0f-40a8-8cce-5504e4afbfa8 - - - - - -] Successfully bumped revision number for resource 47dabbd2-adf0-4935-8bfb-c836430d0340 (type: router_ports) to 3
2026-06-26 11:48:21.132 10 INFO neutron.wsgi [None req-7a522ae8-b5c6-4382-b448-3b2dab28f413 ccc724eb94f34e00baed54521244d1a1 014b41abadff44afb69b78d7b8cbd2b1 - - default default] 10.0.0.244 "GET /v2.0/ports?device_id=493cb42d-78ce-4a17-9048-1aac899da1ec HTTP/1.1" status: 200 len: 1356 time: 0.0337334
2026-06-26 11:48:21.495 10 INFO neutron.db.l3_db [None req-19a24479-8983-4b3d-8809-9171cfd9efd4 897b8d9a44544069b3424c2526498885 0806b88e2d104be687f06df814730813 - - - -] Floating IP 2be0e194-80be-4ac5-91cc-66fd8569f6dd associated. External IP: 10.96.250.206, port: f1b876ad-b44a-4b8c-a693-8805f9cb93a8.
2026-06-26 11:48:21.584 9 WARNING neutron.scheduler.dhcp_agent_scheduler [None req-173dc95f-c426-42ce-9a7d-d17c43099902 3e172f53c5d54009a699507cbda97924 e9d86c455ad0447f9e833d742f3b528a - - default default] No more DHCP agents
2026-06-26 11:48:21.588 9 WARNING neutron.api.rpc.agentnotifiers.dhcp_rpc_agent_api [None req-173dc95f-c426-42ce-9a7d-d17c43099902 3e172f53c5d54009a699507cbda97924 e9d86c455ad0447f9e833d742f3b528a - - default default] Unable to schedule network fadad8ce-d98d-4c45-bd56-5e0e5977ad76: no agents available; will retry on subsequent port and subnet creation events.
2026-06-26 11:48:21.776 9 INFO neutron.db.ovn_revision_numbers_db [None req-173dc95f-c426-42ce-9a7d-d17c43099902 3e172f53c5d54009a699507cbda97924 e9d86c455ad0447f9e833d742f3b528a - - default default] Successfully bumped revision number for resource f7bd2da2-f3b3-4052-8804-cd5c40907c19 (type: ports) to 1
2026-06-26 11:48:21.798 10 INFO neutron.db.ovn_revision_numbers_db [None req-19a24479-8983-4b3d-8809-9171cfd9efd4 897b8d9a44544069b3424c2526498885 0806b88e2d104be687f06df814730813 - - - -] Successfully bumped revision number for resource 2be0e194-80be-4ac5-91cc-66fd8569f6dd (type: floatingips) to 4
2026-06-26 11:48:21.891 10 INFO neutron.db.ovn_revision_numbers_db [None req-19a24479-8983-4b3d-8809-9171cfd9efd4 897b8d9a44544069b3424c2526498885 0806b88e2d104be687f06df814730813 - - - -] Successfully bumped revision number for resource 2be0e194-80be-4ac5-91cc-66fd8569f6dd (type: floatingips) to 5
2026-06-26 11:48:21.923 10 INFO neutron.wsgi [None req-19a24479-8983-4b3d-8809-9171cfd9efd4 897b8d9a44544069b3424c2526498885 0806b88e2d104be687f06df814730813 - - - -] 10.0.0.244 "PUT /v2.0/floatingips/2be0e194-80be-4ac5-91cc-66fd8569f6dd HTTP/1.1" status: 200 len: 1049 time: 0.7851949
2026-06-26 11:48:21.965 10 INFO neutron.notifiers.nova [-] Nova event matching ['req-f945dd4a-1cb1-4e42-bde8-32dc06794da6'] response: {'name': 'network-changed', 'server_uuid': '493cb42d-78ce-4a17-9048-1aac899da1ec', 'tag': 'f1b876ad-b44a-4b8c-a693-8805f9cb93a8', 'status': 'completed', 'code': 200}
2026-06-26 11:48:22.011 9 INFO neutron.wsgi [None req-d73d9fe9-ebe2-42d8-962e-7e3d201f6ab7 897b8d9a44544069b3424c2526498885 0806b88e2d104be687f06df814730813 - - default default] 10.0.0.244 "GET /v2.0/floatingips/2be0e194-80be-4ac5-91cc-66fd8569f6dd HTTP/1.1" status: 200 len: 1051 time: 0.0816815
2026-06-26 11:48:22.049 9 INFO neutron.wsgi [req-ce2bf04d-b482-45bd-8a2f-e6a6da6dfe09 req-66dca1d9-3a4d-4a68-8ac9-156598bcb3e6 c3c02c2477a94e50883937a26e176a15 45ebc3d5ca9b44b8891a6a80f82018cf - - 87bcd1705dc64560863af3bcd89e4ff5 87bcd1705dc64560863af3bcd89e4ff5] 199.204.45.23 "GET /v2.0/ports?tenant_id=0806b88e2d104be687f06df814730813&device_id=493cb42d-78ce-4a17-9048-1aac899da1ec HTTP/1.1" status: 200 len: 1361 time: 0.0519373
2026-06-26 11:48:22.160 9 INFO neutron.wsgi [req-ce2bf04d-b482-45bd-8a2f-e6a6da6dfe09 req-8debf26d-c830-4129-898a-661baaec6ee2 c3c02c2477a94e50883937a26e176a15 45ebc3d5ca9b44b8891a6a80f82018cf - - 87bcd1705dc64560863af3bcd89e4ff5 87bcd1705dc64560863af3bcd89e4ff5] 199.204.45.23 "GET /v2.0/networks?id=e76511ed-d6c2-403c-af08-94df8687f29d HTTP/1.1" status: 200 len: 959 time: 0.1044075
2026-06-26 11:48:22.235 9 INFO neutron.wsgi [req-ce2bf04d-b482-45bd-8a2f-e6a6da6dfe09 req-688b8e0b-b83d-4d59-9e3d-78e7c8e6fda8 c3c02c2477a94e50883937a26e176a15 45ebc3d5ca9b44b8891a6a80f82018cf - - 87bcd1705dc64560863af3bcd89e4ff5 87bcd1705dc64560863af3bcd89e4ff5] 199.204.45.23 "GET /v2.0/floatingips?fixed_ip_address=10.100.0.6&port_id=f1b876ad-b44a-4b8c-a693-8805f9cb93a8 HTTP/1.1" status: 200 len: 1059 time: 0.0533912
2026-06-26 11:48:22.287 9 INFO neutron.notifiers.nova [-] Nova event matching ['req-dda08fb1-8368-47ff-b3c0-63b74ae9fe3f'] response: {'server_uuid': '493cb42d-78ce-4a17-9048-1aac899da1ec', 'name': 'network-vif-plugged', 'status': 'completed', 'tag': 'f1b876ad-b44a-4b8c-a693-8805f9cb93a8', 'code': 200}
2026-06-26 11:48:22.303 9 INFO neutron.wsgi [req-ce2bf04d-b482-45bd-8a2f-e6a6da6dfe09 req-3ed83ecf-08d8-4fca-a8de-81850b0daf28 c3c02c2477a94e50883937a26e176a15 45ebc3d5ca9b44b8891a6a80f82018cf - - 87bcd1705dc64560863af3bcd89e4ff5 87bcd1705dc64560863af3bcd89e4ff5] 199.204.45.23 "GET /v2.0/subnets?id=7ab910e9-afc9-4dba-8198-154876ee469a HTTP/1.1" status: 200 len: 853 time: 0.0569522
2026-06-26 11:48:22.648 9 INFO neutron.wsgi [req-ce2bf04d-b482-45bd-8a2f-e6a6da6dfe09 req-9667a68a-f763-49c1-859e-14987bacd673 c3c02c2477a94e50883937a26e176a15 45ebc3d5ca9b44b8891a6a80f82018cf - - 87bcd1705dc64560863af3bcd89e4ff5 87bcd1705dc64560863af3bcd89e4ff5] 199.204.45.23 "GET /v2.0/ports?network_id=e76511ed-d6c2-403c-af08-94df8687f29d&device_owner=network%3Adhcp HTTP/1.1" status: 200 len: 210 time: 0.3318551
2026-06-26 11:48:22.725 9 INFO neutron.wsgi [req-ce2bf04d-b482-45bd-8a2f-e6a6da6dfe09 req-b5d911ad-fcc1-43c3-8d2d-1694df24a435 c3c02c2477a94e50883937a26e176a15 45ebc3d5ca9b44b8891a6a80f82018cf - - 87bcd1705dc64560863af3bcd89e4ff5 87bcd1705dc64560863af3bcd89e4ff5] 199.204.45.23 "GET /v2.0/networks/e76511ed-d6c2-403c-af08-94df8687f29d?fields=segments HTTP/1.1" status: 200 len: 212 time: 0.0675535
2026-06-26 11:48:22.796 9 INFO neutron.wsgi [req-ce2bf04d-b482-45bd-8a2f-e6a6da6dfe09 req-ecb99217-a8ae-4401-b5c9-f209ae62419d c3c02c2477a94e50883937a26e176a15 45ebc3d5ca9b44b8891a6a80f82018cf - - 87bcd1705dc64560863af3bcd89e4ff5 87bcd1705dc64560863af3bcd89e4ff5] 199.204.45.23 "GET /v2.0/networks/e76511ed-d6c2-403c-af08-94df8687f29d?fields=provider%3Aphysical_network&fields=provider%3Anetwork_type HTTP/1.1" status: 200 len: 277 time: 0.0668445
2026-06-26 11:48:22.830 9 INFO neutron.db.ovn_revision_numbers_db [None req-173dc95f-c426-42ce-9a7d-d17c43099902 3e172f53c5d54009a699507cbda97924 e9d86c455ad0447f9e833d742f3b528a - - default default] Successfully bumped revision number for resource f7bd2da2-f3b3-4052-8804-cd5c40907c19 (type: router_ports) to 2
2026-06-26 11:48:23.019 9 INFO neutron.db.ovn_revision_numbers_db [None req-173dc95f-c426-42ce-9a7d-d17c43099902 3e172f53c5d54009a699507cbda97924 e9d86c455ad0447f9e833d742f3b528a - - default default] Successfully bumped revision number for resource f7bd2da2-f3b3-4052-8804-cd5c40907c19 (type: ports) to 2
2026-06-26 11:48:23.089 9 WARNING neutron.scheduler.dhcp_agent_scheduler [None req-173dc95f-c426-42ce-9a7d-d17c43099902 3e172f53c5d54009a699507cbda97924 e9d86c455ad0447f9e833d742f3b528a - - default default] No more DHCP agents
2026-06-26 11:48:23.091 9 WARNING neutron.api.rpc.agentnotifiers.dhcp_rpc_agent_api [None req-173dc95f-c426-42ce-9a7d-d17c43099902 3e172f53c5d54009a699507cbda97924 e9d86c455ad0447f9e833d742f3b528a - - default default] Unable to schedule network fadad8ce-d98d-4c45-bd56-5e0e5977ad76: no agents available; will retry on subsequent port and subnet creation events.
2026-06-26 11:48:23.383 9 INFO neutron.db.ovn_revision_numbers_db [None req-173dc95f-c426-42ce-9a7d-d17c43099902 3e172f53c5d54009a699507cbda97924 e9d86c455ad0447f9e833d742f3b528a - - - -] Successfully bumped revision number for resource f7bd2da2-f3b3-4052-8804-cd5c40907c19 (type: router_ports) to 2
2026-06-26 11:48:23.385 9 INFO neutron.wsgi [None req-173dc95f-c426-42ce-9a7d-d17c43099902 3e172f53c5d54009a699507cbda97924 e9d86c455ad0447f9e833d742f3b528a - - - -] 10.0.0.244 "PUT /v2.0/routers/d73f2ad2-07cb-4a1e-8b23-8eaf052465bf/add_router_interface HTTP/1.1" status: 200 len: 503 time: 2.5226407
2026-06-26 11:48:24.005 9 WARNING neutron.scheduler.dhcp_agent_scheduler [None req-994cbbb0-c13c-492f-af70-9c83db8dbf05 3e172f53c5d54009a699507cbda97924 e9d86c455ad0447f9e833d742f3b528a - - default default] No more DHCP agents
2026-06-26 11:48:24.008 9 WARNING neutron.api.rpc.agentnotifiers.dhcp_rpc_agent_api [None req-994cbbb0-c13c-492f-af70-9c83db8dbf05 3e172f53c5d54009a699507cbda97924 e9d86c455ad0447f9e833d742f3b528a - - default default] Unable to schedule network ff6a9514-1a91-43e8-b83a-3b6a2d27821b: no agents available; will retry on subsequent port and subnet creation events. /var/lib/openstack/lib/python3.10/site-packages/pycadf/identifier.py:71: UserWarning: Invalid uuid: neutron. To ensure interoperability, identifiers should be a valid uuid. warnings.warn(('Invalid uuid: %s. To ensure interoperability, '
2026-06-26 11:48:24.227 9 INFO neutron.db.ovn_revision_numbers_db [None req-994cbbb0-c13c-492f-af70-9c83db8dbf05 3e172f53c5d54009a699507cbda97924 e9d86c455ad0447f9e833d742f3b528a - - default default] Successfully bumped revision number for resource 0fc3777b-5db1-4be9-9a86-476a281f91ea (type: ports) to 1
2026-06-26 11:48:24.457 10 WARNING neutron.scheduler.dhcp_agent_scheduler [None req-5b4a1668-033a-463f-a46b-70a7e010ec5d f66685cfa19d43dcb0f000977b891911 ca1fe737d4964cb892535406efb8cf61 - - - -] No more DHCP agents
2026-06-26 11:48:24.459 10 WARNING neutron.api.rpc.agentnotifiers.dhcp_rpc_agent_api [None req-5b4a1668-033a-463f-a46b-70a7e010ec5d f66685cfa19d43dcb0f000977b891911 ca1fe737d4964cb892535406efb8cf61 - - - -] Unable to schedule network 20f6d01b-24c3-42c0-b7fb-c84d1393658f: no agents available; will retry on subsequent port and subnet creation events.
2026-06-26 11:48:24.879 10 INFO neutron.plugins.ml2.drivers.ovn.mech_driver.mech_driver [None req-fd9721f4-af32-4575-beb7-8fc63908fd75 - - - - - -] OVN reports status up for port: 0fc3777b-5db1-4be9-9a86-476a281f91ea
2026-06-26 11:48:24.889 10 INFO neutron.plugins.ml2.plugin [None req-fd9721f4-af32-4575-beb7-8fc63908fd75 - - - - - -] Attempt 1 to provision port 0fc3777b-5db1-4be9-9a86-476a281f91ea
2026-06-26 11:48:24.904 10 INFO neutron.db.ovn_revision_numbers_db [None req-5b4a1668-033a-463f-a46b-70a7e010ec5d f66685cfa19d43dcb0f000977b891911 ca1fe737d4964cb892535406efb8cf61 - - - -] Successfully bumped revision number for resource 9c56e083-81b3-40ce-9941-73c285b320a4 (type: floatingips) to 0
2026-06-26 11:48:24.918 9 INFO neutron.db.ovn_revision_numbers_db [None req-994cbbb0-c13c-492f-af70-9c83db8dbf05 3e172f53c5d54009a699507cbda97924 e9d86c455ad0447f9e833d742f3b528a - - default default] Successfully bumped revision number for resource 0fc3777b-5db1-4be9-9a86-476a281f91ea (type: router_ports) to 2
2026-06-26 11:48:24.949 10 INFO neutron.wsgi [None req-5b4a1668-033a-463f-a46b-70a7e010ec5d f66685cfa19d43dcb0f000977b891911 ca1fe737d4964cb892535406efb8cf61 - - - -] 10.0.0.244 "POST /v2.0/floatingips HTTP/1.1" status: 201 len: 751 time: 1.1207764
2026-06-26 11:48:25.127 9 INFO neutron.db.ovn_revision_numbers_db [None req-994cbbb0-c13c-492f-af70-9c83db8dbf05 3e172f53c5d54009a699507cbda97924 e9d86c455ad0447f9e833d742f3b528a - - default default] Successfully bumped revision number for resource 0fc3777b-5db1-4be9-9a86-476a281f91ea (type: ports) to 2
2026-06-26 11:48:25.234 9 WARNING neutron.scheduler.dhcp_agent_scheduler [None req-994cbbb0-c13c-492f-af70-9c83db8dbf05 3e172f53c5d54009a699507cbda97924 e9d86c455ad0447f9e833d742f3b528a - - default default] No more DHCP agents
2026-06-26 11:48:25.244 9 WARNING neutron.api.rpc.agentnotifiers.dhcp_rpc_agent_api [None req-994cbbb0-c13c-492f-af70-9c83db8dbf05 3e172f53c5d54009a699507cbda97924 e9d86c455ad0447f9e833d742f3b528a - - default default] Unable to schedule network ff6a9514-1a91-43e8-b83a-3b6a2d27821b: no agents available; will retry on subsequent port and subnet creation events.
2026-06-26 11:48:25.311 10 INFO neutron.db.ovn_revision_numbers_db [None req-fd9721f4-af32-4575-beb7-8fc63908fd75 - - - - - -] Successfully bumped revision number for resource 0fc3777b-5db1-4be9-9a86-476a281f91ea (type: ports) to 3
2026-06-26 11:48:25.586 9 WARNING neutron.scheduler.dhcp_agent_scheduler [None req-b1eb84ec-983a-48cb-9af1-7ee008cb251d f66685cfa19d43dcb0f000977b891911 ca1fe737d4964cb892535406efb8cf61 - - - -] No more DHCP agents
2026-06-26 11:48:25.588 9 WARNING neutron.api.rpc.agentnotifiers.dhcp_rpc_agent_api [None req-b1eb84ec-983a-48cb-9af1-7ee008cb251d f66685cfa19d43dcb0f000977b891911 ca1fe737d4964cb892535406efb8cf61 - - - -] Unable to schedule network 20f6d01b-24c3-42c0-b7fb-c84d1393658f: no agents available; will retry on subsequent port and subnet creation events.
2026-06-26 11:48:25.720 9 INFO neutron.db.ovn_revision_numbers_db [None req-994cbbb0-c13c-492f-af70-9c83db8dbf05 3e172f53c5d54009a699507cbda97924 e9d86c455ad0447f9e833d742f3b528a - - - -] Successfully bumped revision number for resource 0fc3777b-5db1-4be9-9a86-476a281f91ea (type: router_ports) to 3
2026-06-26 11:48:25.723 9 INFO neutron.wsgi [None req-994cbbb0-c13c-492f-af70-9c83db8dbf05 3e172f53c5d54009a699507cbda97924 e9d86c455ad0447f9e833d742f3b528a - - - -] 10.0.0.244 "PUT /v2.0/routers/d73f2ad2-07cb-4a1e-8b23-8eaf052465bf/add_router_interface HTTP/1.1" status: 200 len: 503 time: 2.3323159
2026-06-26 11:48:26.211 9 WARNING neutron.plugins.ml2.drivers.ovn.mech_driver.ovsdb.ovn_client [None req-8d4b730d-af0f-40a8-8cce-5504e4afbfa8 - - - - - -] No hosting information found for port 47dabbd2-adf0-4935-8bfb-c836430d0340: RuntimeError: No hosting information found for port 47dabbd2-adf0-4935-8bfb-c836430d0340
2026-06-26 11:48:26.211 9 INFO neutron.plugins.ml2.drivers.ovn.mech_driver.mech_driver [None req-8d4b730d-af0f-40a8-8cce-5504e4afbfa8 - - - - - -] OVN reports status up for port: f7bd2da2-f3b3-4052-8804-cd5c40907c19
2026-06-26 11:48:26.240 9 INFO neutron.plugins.ml2.plugin [None req-8d4b730d-af0f-40a8-8cce-5504e4afbfa8 - - - - - -] Attempt 1 to provision port f7bd2da2-f3b3-4052-8804-cd5c40907c19
2026-06-26 11:48:26.330 9 INFO neutron.db.ovn_revision_numbers_db [None req-b1eb84ec-983a-48cb-9af1-7ee008cb251d f66685cfa19d43dcb0f000977b891911 ca1fe737d4964cb892535406efb8cf61 - - - -] Successfully bumped revision number for resource 0f552830-8041-4c5c-9ef2-e3f89f230732 (type: floatingips) to 0
2026-06-26 11:48:26.490 9 INFO neutron.wsgi [None req-b1eb84ec-983a-48cb-9af1-7ee008cb251d f66685cfa19d43dcb0f000977b891911 ca1fe737d4964cb892535406efb8cf61 - - - -] 10.0.0.244 "POST /v2.0/floatingips HTTP/1.1" status: 201 len: 751 time: 1.5367868
2026-06-26 11:48:26.615 9 INFO neutron.db.ovn_revision_numbers_db [None req-b0b39896-9955-4202-accf-f683c8ecc0e8 3e172f53c5d54009a699507cbda97924 e9d86c455ad0447f9e833d742f3b528a - - - -] Successfully bumped revision number for resource c3d8446a-0edb-4887-9c09-6c64c09eb7b8 (type: security_groups) to 1
2026-06-26 11:48:26.776 9 INFO neutron.wsgi [None req-b0b39896-9955-4202-accf-f683c8ecc0e8 3e172f53c5d54009a699507cbda97924 e9d86c455ad0447f9e833d742f3b528a - - - -] 10.0.0.244 "POST /v2.0/security-groups HTTP/1.1" status: 201 len: 1762 time: 0.7277040
2026-06-26 11:48:26.795 9 INFO neutron.db.ovn_revision_numbers_db [None req-8d4b730d-af0f-40a8-8cce-5504e4afbfa8 - - - - - -] Successfully bumped revision number for resource f7bd2da2-f3b3-4052-8804-cd5c40907c19 (type: ports) to 3
2026-06-26 11:48:27.050 9 INFO neutron.db.ovn_revision_numbers_db [None req-8d4b730d-af0f-40a8-8cce-5504e4afbfa8 - - - - - -] Successfully bumped revision number for resource f7bd2da2-f3b3-4052-8804-cd5c40907c19 (type: router_ports) to 3
2026-06-26 11:48:27.246 9 WARNING neutron.scheduler.dhcp_agent_scheduler [None req-db30d4d7-45a2-4d90-93c9-57cc1260c0ca f66685cfa19d43dcb0f000977b891911 ca1fe737d4964cb892535406efb8cf61 - - - -] No more DHCP agents
2026-06-26 11:48:27.249 9 WARNING neutron.api.rpc.agentnotifiers.dhcp_rpc_agent_api [None req-db30d4d7-45a2-4d90-93c9-57cc1260c0ca f66685cfa19d43dcb0f000977b891911 ca1fe737d4964cb892535406efb8cf61 - - - -] Unable to schedule network 20f6d01b-24c3-42c0-b7fb-c84d1393658f: no agents available; will retry on subsequent port and subnet creation events.
2026-06-26 11:48:27.291 9 INFO neutron.db.ovn_revision_numbers_db [None req-e8591488-3f94-467e-b95e-a5f2684c3a0c 3e172f53c5d54009a699507cbda97924 e9d86c455ad0447f9e833d742f3b528a - - - -] Successfully bumped revision number for resource 9705f5f0-cf6e-4274-8e9d-3aba0e534b03 (type: security_group_rules) to 0
2026-06-26 11:48:27.347 9 INFO neutron.wsgi [None req-e8591488-3f94-467e-b95e-a5f2684c3a0c 3e172f53c5d54009a699507cbda97924 e9d86c455ad0447f9e833d742f3b528a - - - -] 10.0.0.244 "POST /v2.0/security-group-rules HTTP/1.1" status: 201 len: 764 time: 0.5647144
2026-06-26 11:48:27.747 10 INFO neutron.db.ovn_revision_numbers_db [None req-b4bbf2de-9ef4-4b5f-8808-03637b13ce63 3e172f53c5d54009a699507cbda97924 e9d86c455ad0447f9e833d742f3b528a - - - -] Successfully bumped revision number for resource f77c6fe7-6dc6-412f-942b-b7c4829aaab1 (type: security_group_rules) to 0
2026-06-26 11:48:27.845 10 INFO neutron.wsgi [None req-b4bbf2de-9ef4-4b5f-8808-03637b13ce63 3e172f53c5d54009a699507cbda97924 e9d86c455ad0447f9e833d742f3b528a - - - -] 10.0.0.244 "POST /v2.0/security-group-rules HTTP/1.1" status: 201 len: 764 time: 0.4890673
2026-06-26 11:48:27.970 9 INFO neutron.db.ovn_revision_numbers_db [None req-db30d4d7-45a2-4d90-93c9-57cc1260c0ca f66685cfa19d43dcb0f000977b891911 ca1fe737d4964cb892535406efb8cf61 - - - -] Successfully bumped revision number for resource 41cfe21a-3119-435b-9840-78ba4623f732 (type: floatingips) to 0
2026-06-26 11:48:28.033 9 INFO neutron.wsgi [None req-db30d4d7-45a2-4d90-93c9-57cc1260c0ca f66685cfa19d43dcb0f000977b891911 ca1fe737d4964cb892535406efb8cf61 - - - -] 10.0.0.244 "POST /v2.0/floatingips HTTP/1.1" status: 201 len: 751 time: 1.5365195
2026-06-26 11:48:28.151 10 INFO neutron.db.ovn_revision_numbers_db [None req-5b643aee-f100-4b43-bb01-bcf463b37d28 3e172f53c5d54009a699507cbda97924 e9d86c455ad0447f9e833d742f3b528a - - - -] Successfully bumped revision number for resource 09ddfecf-52ed-4c06-b4fa-11325b743a45 (type: security_group_rules) to 0
2026-06-26 11:48:28.284 10 INFO neutron.wsgi [None req-5b643aee-f100-4b43-bb01-bcf463b37d28 3e172f53c5d54009a699507cbda97924 e9d86c455ad0447f9e833d742f3b528a - - - -] 10.0.0.244 "POST /v2.0/security-group-rules HTTP/1.1" status: 201 len: 766 time: 0.4342718
2026-06-26 11:48:28.454 10 INFO neutron.db.ovn_revision_numbers_db [None req-e8a124d6-7ae7-4c9f-82f6-8327710c5a0b 3e172f53c5d54009a699507cbda97924 e9d86c455ad0447f9e833d742f3b528a - - - -] Successfully bumped revision number for resource 0c84be5f-0b0a-452e-9bd4-bf09897b1adc (type: security_group_rules) to 0
2026-06-26 11:48:28.526 10 INFO neutron.wsgi [None req-e8a124d6-7ae7-4c9f-82f6-8327710c5a0b 3e172f53c5d54009a699507cbda97924 e9d86c455ad0447f9e833d742f3b528a - - - -] 10.0.0.244 "POST /v2.0/security-group-rules HTTP/1.1" status: 201 len: 768 time: 0.2375479
2026-06-26 11:48:28.814 10 INFO neutron.db.ovn_revision_numbers_db [None req-09bc6006-e10d-47ce-a7ff-961272eeb48c 3e172f53c5d54009a699507cbda97924 e9d86c455ad0447f9e833d742f3b528a - - - -] Successfully bumped revision number for resource e51acaba-efab-48ac-a057-1f22c3c612fa (type: security_group_rules) to 0
2026-06-26 11:48:28.892 10 INFO neutron.wsgi [None req-09bc6006-e10d-47ce-a7ff-961272eeb48c 3e172f53c5d54009a699507cbda97924 e9d86c455ad0447f9e833d742f3b528a - - - -] 10.0.0.244 "POST /v2.0/security-group-rules HTTP/1.1" status: 201 len: 768 time: 0.3613815
2026-06-26 11:48:28.915 9 WARNING neutron.scheduler.dhcp_agent_scheduler [None req-d95274f7-b15a-4360-9a5e-2f8c577ff423 f66685cfa19d43dcb0f000977b891911 ca1fe737d4964cb892535406efb8cf61 - - - -] No more DHCP agents
2026-06-26 11:48:28.918 9 WARNING neutron.api.rpc.agentnotifiers.dhcp_rpc_agent_api [None req-d95274f7-b15a-4360-9a5e-2f8c577ff423 f66685cfa19d43dcb0f000977b891911 ca1fe737d4964cb892535406efb8cf61 - - - -] Unable to schedule network 20f6d01b-24c3-42c0-b7fb-c84d1393658f: no agents available; will retry on subsequent port and subnet creation events.
2026-06-26 11:48:29.165 10 INFO neutron.db.ovn_revision_numbers_db [None req-2a91c31d-ef39-4525-818b-882e273b0141 3e172f53c5d54009a699507cbda97924 e9d86c455ad0447f9e833d742f3b528a - - - -] Successfully bumped revision number for resource 58b68e98-e607-445f-949b-70c236fb270a (type: security_group_rules) to 0
