2026-06-26 11:46:45.499 9 INFO neutron.wsgi [None req-e71db2d2-71ca-4a22-93e1-243cbaf96e7f 7da7bcadf8864dcfadd21fcb5033a525 bc817ba64d874775907a90c4425ee11a - - - -] 10.0.0.244 "POST /v2.0/ports HTTP/1.1" status: 201 len: 1164 time: 0.5897999 /var/lib/openstack/lib/python3.10/site-packages/pycadf/identifier.py:71: UserWarning: Invalid uuid: neutron. To ensure interoperability, identifiers should be a valid uuid. warnings.warn(('Invalid uuid: %s. To ensure interoperability, '
2026-06-26 11:46:45.512 9 INFO neutron.db.ovn_revision_numbers_db [None req-f9aa9055-ea95-4fc2-8a10-96ff0c995ec9 df8495ed640840688305c2e7be167d6a 1ac5f51cc12349ee86486f512b35bb2a - - - -] Successfully bumped revision number for resource f65721c3-69ed-4c66-bcff-f2a86bb86589 (type: security_groups) to 1
2026-06-26 11:46:45.524 10 WARNING neutron.scheduler.dhcp_agent_scheduler [None req-18bea303-93b7-483d-9fc2-5b7b7ebabcc0 eb67b496170f4ce2b8d32a7f6d49728d e32a023e3ab242c49cfc2364438efa46 - - - -] No more DHCP agents
2026-06-26 11:46:45.526 10 WARNING neutron.api.rpc.agentnotifiers.dhcp_rpc_agent_api [None req-18bea303-93b7-483d-9fc2-5b7b7ebabcc0 eb67b496170f4ce2b8d32a7f6d49728d e32a023e3ab242c49cfc2364438efa46 - - - -] Unable to schedule network e30b0b72-6d09-4079-b2cb-f7fb94cbe367: no agents available; will retry on subsequent port and subnet creation events.
2026-06-26 11:46:45.588 9 INFO neutron.db.segments_db [None req-f9aa9055-ea95-4fc2-8a10-96ff0c995ec9 df8495ed640840688305c2e7be167d6a 1ac5f51cc12349ee86486f512b35bb2a - - - -] Added segment 86d21882-f51b-4f80-a5eb-d691e6d02b6d of type geneve for network a5a3c08b-b430-466c-94c2-c7ca6dcbb78c
2026-06-26 11:46:45.745 9 INFO neutron.db.ovn_revision_numbers_db [None req-f9aa9055-ea95-4fc2-8a10-96ff0c995ec9 df8495ed640840688305c2e7be167d6a 1ac5f51cc12349ee86486f512b35bb2a - - - -] Successfully bumped revision number for resource a5a3c08b-b430-466c-94c2-c7ca6dcbb78c (type: networks) to 1
2026-06-26 11:46:45.934 9 INFO neutron.wsgi [None req-4e341d78-6f56-4ada-94f4-aca7e5eda117 7da7bcadf8864dcfadd21fcb5033a525 bc817ba64d874775907a90c4425ee11a - - - -] 10.0.0.244 "DELETE /v2.0/ports/5bbbe9eb-a91e-4b17-b087-8be037a574d6 HTTP/1.1" status: 204 len: 168 time: 0.4297392
2026-06-26 11:46:45.938 9 WARNING neutron.scheduler.dhcp_agent_scheduler [None req-f9aa9055-ea95-4fc2-8a10-96ff0c995ec9 df8495ed640840688305c2e7be167d6a 1ac5f51cc12349ee86486f512b35bb2a - - - -] No more DHCP agents
2026-06-26 11:46:45.945 9 WARNING neutron.api.rpc.agentnotifiers.dhcp_rpc_agent_api [None req-f9aa9055-ea95-4fc2-8a10-96ff0c995ec9 df8495ed640840688305c2e7be167d6a 1ac5f51cc12349ee86486f512b35bb2a - - - -] Unable to schedule network a5a3c08b-b430-466c-94c2-c7ca6dcbb78c: no agents available; will retry on subsequent port and subnet creation events.
2026-06-26 11:46:46.202 9 INFO neutron.pecan_wsgi.hooks.translation [None req-cc8cc3b7-c271-4ca7-be14-fc64e03ffbab 7da7bcadf8864dcfadd21fcb5033a525 bc817ba64d874775907a90c4425ee11a - - - -] DELETE failed (client error): The resource could not be found.
2026-06-26 11:46:46.205 9 INFO neutron.wsgi [None req-cc8cc3b7-c271-4ca7-be14-fc64e03ffbab 7da7bcadf8864dcfadd21fcb5033a525 bc817ba64d874775907a90c4425ee11a - - - -] 10.0.0.244 "DELETE /v2.0/ports/5bbbe9eb-a91e-4b17-b087-8be037a574d6 HTTP/1.1" status: 404 len: 333 time: 0.2645130
2026-06-26 11:46:46.222 10 INFO neutron.db.ovn_revision_numbers_db [None req-18bea303-93b7-483d-9fc2-5b7b7ebabcc0 eb67b496170f4ce2b8d32a7f6d49728d e32a023e3ab242c49cfc2364438efa46 - - - -] Successfully bumped revision number for resource 1bb69930-aa27-4679-8195-398c3efebc27 (type: ports) to 2
2026-06-26 11:46:46.228 9 INFO neutron.pecan_wsgi.hooks.translation [None req-56876031-93d5-4083-9ca4-f069a85d058a 7da7bcadf8864dcfadd21fcb5033a525 bc817ba64d874775907a90c4425ee11a - - default default] GET failed (client error): The resource could not be found.
2026-06-26 11:46:46.230 9 INFO neutron.wsgi [None req-56876031-93d5-4083-9ca4-f069a85d058a 7da7bcadf8864dcfadd21fcb5033a525 bc817ba64d874775907a90c4425ee11a - - default default] 10.0.0.244 "GET /v2.0/ports/5bbbe9eb-a91e-4b17-b087-8be037a574d6 HTTP/1.1" status: 404 len: 333 time: 0.0191116
2026-06-26 11:46:46.266 9 INFO neutron.db.ovn_revision_numbers_db [None req-f9aa9055-ea95-4fc2-8a10-96ff0c995ec9 df8495ed640840688305c2e7be167d6a 1ac5f51cc12349ee86486f512b35bb2a - - - -] Successfully bumped revision number for resource 991af486-4f4a-4b8d-835f-524b05e73a32 (type: ports) to 1
2026-06-26 11:46:46.274 10 INFO neutron.db.ovn_revision_numbers_db [None req-18bea303-93b7-483d-9fc2-5b7b7ebabcc0 eb67b496170f4ce2b8d32a7f6d49728d e32a023e3ab242c49cfc2364438efa46 - - - -] Successfully bumped revision number for resource 01aeb569-748e-4a4e-962d-5a1a5b47c3ab (type: subnets) to 0
2026-06-26 11:46:46.285 9 INFO neutron.wsgi [None req-f9aa9055-ea95-4fc2-8a10-96ff0c995ec9 df8495ed640840688305c2e7be167d6a 1ac5f51cc12349ee86486f512b35bb2a - - - -] 10.0.0.244 "POST /v2.0/networks HTTP/1.1" status: 201 len: 943 time: 1.1175871
2026-06-26 11:46:46.289 10 INFO neutron.wsgi [None req-e831a231-84ca-46d5-8561-773c5d6d7d51 47373abbc8c14da2902bd60b65ee6414 2ce29b23975846f39c1d24635ed2c2d5 - - default default] 10.0.0.244 "GET /v2.0/ports/99c1f9b0-54b8-440c-b164-807b1ed568b2 HTTP/1.1" status: 200 len: 1147 time: 0.1020911
2026-06-26 11:46:46.296 10 INFO neutron.wsgi [None req-18bea303-93b7-483d-9fc2-5b7b7ebabcc0 eb67b496170f4ce2b8d32a7f6d49728d e32a023e3ab242c49cfc2364438efa46 - - - -] 10.0.0.244 "POST /v2.0/subnets HTTP/1.1" status: 201 len: 822 time: 0.9243052
2026-06-26 11:46:46.306 9 WARNING neutron.api.v2.base [None req-fcd23d67-6131-42bd-880a-6ba3a7a9cd87 eb67b496170f4ce2b8d32a7f6d49728d e32a023e3ab242c49cfc2364438efa46 - - - -] An exception happened while processing the request body. The exception message is [Invalid input for target_tenant. Reason: '1234123412341234123412341234123412341234123412341234123412341234123412341234123412341234123412341234123412341234123412341234123412341234123412341234123412341234123412341234123412341234123412341234123412341234123412341234123412341234123412341234123412341234123412341234123412341234123412341234123412341234123412341234123412341234123412341234123412341234123412341234123412341234123412341234123412341234' exceeds maximum length of 255.].: webob.exc.HTTPBadRequest: Invalid input for target_tenant. Reason: '1234123412341234123412341234123412341234123412341234123412341234123412341234123412341234123412341234123412341234123412341234123412341234123412341234123412341234123412341234123412341234123412341234123412341234123412341234123412341234123412341234123412341234123412341234123412341234123412341234123412341234123412341234123412341234123412341234123412341234123412341234123412341234123412341234123412341234' exceeds maximum length of 255.
2026-06-26 11:46:46.307 9 INFO neutron.api.v2.resource [None req-fcd23d67-6131-42bd-880a-6ba3a7a9cd87 eb67b496170f4ce2b8d32a7f6d49728d e32a023e3ab242c49cfc2364438efa46 - - - -] create failed (client error): Invalid input for target_tenant. Reason: '1234123412341234123412341234123412341234123412341234123412341234123412341234123412341234123412341234123412341234123412341234123412341234123412341234123412341234123412341234123412341234123412341234123412341234123412341234123412341234123412341234123412341234123412341234123412341234123412341234123412341234123412341234123412341234123412341234123412341234123412341234123412341234123412341234123412341234' exceeds maximum length of 255.
2026-06-26 11:46:46.308 9 INFO neutron.wsgi [None req-fcd23d67-6131-42bd-880a-6ba3a7a9cd87 eb67b496170f4ce2b8d32a7f6d49728d e32a023e3ab242c49cfc2364438efa46 - - - -] 10.0.0.244 "POST /v2.0/rbac-policies HTTP/1.1" status: 400 len: 750 time: 0.0061584
2026-06-26 11:46:46.461 9 WARNING neutron.scheduler.dhcp_agent_scheduler [None req-496ba0a3-8afe-425c-80da-3be50f85aee3 df8495ed640840688305c2e7be167d6a 1ac5f51cc12349ee86486f512b35bb2a - - - -] No more DHCP agents
2026-06-26 11:46:46.463 9 WARNING neutron.api.rpc.agentnotifiers.dhcp_rpc_agent_api [None req-496ba0a3-8afe-425c-80da-3be50f85aee3 df8495ed640840688305c2e7be167d6a 1ac5f51cc12349ee86486f512b35bb2a - - - -] Unable to schedule network a5a3c08b-b430-466c-94c2-c7ca6dcbb78c: no agents available; will retry on subsequent port and subnet creation events.
2026-06-26 11:46:46.508 10 INFO neutron.wsgi [None req-90a9df73-625d-4f31-9742-ccca6329a386 7da7bcadf8864dcfadd21fcb5033a525 bc817ba64d874775907a90c4425ee11a - - - -] 10.0.0.244 "DELETE /v2.0/subnets/4a53be37-7cd3-43cb-81a6-eb778262906f HTTP/1.1" status: 204 len: 168 time: 0.2704248
2026-06-26 11:46:46.904 9 INFO neutron.db.ovn_revision_numbers_db [None req-496ba0a3-8afe-425c-80da-3be50f85aee3 df8495ed640840688305c2e7be167d6a 1ac5f51cc12349ee86486f512b35bb2a - - - -] Successfully bumped revision number for resource 991af486-4f4a-4b8d-835f-524b05e73a32 (type: ports) to 2
2026-06-26 11:46:46.919 9 INFO neutron.db.ovn_revision_numbers_db [None req-496ba0a3-8afe-425c-80da-3be50f85aee3 df8495ed640840688305c2e7be167d6a 1ac5f51cc12349ee86486f512b35bb2a - - - -] Successfully bumped revision number for resource 67618a14-bc21-47c7-af40-aeac3ecad617 (type: subnets) to 0
2026-06-26 11:46:46.935 10 INFO neutron.services.segments.plugin [-] Segment fa62e45f-83b3-4abc-8202-10bbb4335450 resource provider aggregate not found
2026-06-26 11:46:46.937 9 INFO neutron.wsgi [None req-496ba0a3-8afe-425c-80da-3be50f85aee3 df8495ed640840688305c2e7be167d6a 1ac5f51cc12349ee86486f512b35bb2a - - - -] 10.0.0.244 "POST /v2.0/subnets HTTP/1.1" status: 201 len: 863 time: 0.6458995
2026-06-26 11:46:46.947 10 INFO neutron.services.segments.plugin [-] Segment fa62e45f-83b3-4abc-8202-10bbb4335450 resource provider aggregate not found
2026-06-26 11:46:46.966 10 INFO neutron.services.segments.plugin [-] Segment fa62e45f-83b3-4abc-8202-10bbb4335450 resource provider not found; error: Placement Client Error (4xx): {"errors": [{"status": 404, "title": "Not Found", "detail": "The resource could not be found.\n\n No resource provider with uuid fa62e45f-83b3-4abc-8202-10bbb4335450 found for delete ", "request_id": "req-93e4a5a5-0c84-4e41-b301-43f60bec855c"}]}
2026-06-26 11:46:46.968 10 INFO neutron.services.segments.plugin [-] Segment fa62e45f-83b3-4abc-8202-10bbb4335450 resource provider not found; error: Placement Client Error (4xx): {"errors": [{"status": 404, "title": "Not Found", "detail": "The resource could not be found.\n\n No resource provider with uuid fa62e45f-83b3-4abc-8202-10bbb4335450 found for delete ", "request_id": "req-03bee688-744f-4dc6-8063-fbb24299fd90"}]}
2026-06-26 11:46:47.005 10 INFO neutron.wsgi [None req-8886e9e9-0315-4ce9-be10-ac2447bc8177 7da7bcadf8864dcfadd21fcb5033a525 bc817ba64d874775907a90c4425ee11a - - - -] 10.0.0.244 "DELETE /v2.0/networks/67e3f853-8cc8-4816-9cb1-2b0747b0c261 HTTP/1.1" status: 204 len: 168 time: 0.4925344
2026-06-26 11:46:47.088 10 INFO neutron.wsgi [None req-60f488a6-e805-4034-a2f1-ffa6030c0f21 eb67b496170f4ce2b8d32a7f6d49728d e32a023e3ab242c49cfc2364438efa46 - - - -] 10.0.0.244 "DELETE /v2.0/networks/e30b0b72-6d09-4079-b2cb-f7fb94cbe367 HTTP/1.1" status: 204 len: 168 time: 0.7712071
2026-06-26 11:46:47.114 10 INFO neutron.db.segments_db [None req-e9ad7c50-a440-432e-926c-d1205055b3f3 7da7bcadf8864dcfadd21fcb5033a525 bc817ba64d874775907a90c4425ee11a - - - -] Added segment bbf1caad-7d33-468b-86c4-ae84cad51a2d of type geneve for network 52ad8c2b-f537-48c1-8a4a-03fe00bb6d9b
2026-06-26 11:46:47.226 9 INFO neutron.db.segments_db [None req-dca20716-5532-40fe-9d92-c008ccc50777 eb67b496170f4ce2b8d32a7f6d49728d e32a023e3ab242c49cfc2364438efa46 - - - -] Added segment 13d3eb3b-0815-4512-827b-14daa899cebe of type geneve for network e5364951-0a9a-48e8-9b68-8e409cc991d3
2026-06-26 11:46:47.261 10 INFO neutron.db.ovn_revision_numbers_db [None req-e9ad7c50-a440-432e-926c-d1205055b3f3 7da7bcadf8864dcfadd21fcb5033a525 bc817ba64d874775907a90c4425ee11a - - - -] Successfully bumped revision number for resource 52ad8c2b-f537-48c1-8a4a-03fe00bb6d9b (type: networks) to 1
2026-06-26 11:46:47.367 10 INFO neutron.wsgi [None req-7eb31ecb-a55d-41fb-abd6-07f50b00234e 47373abbc8c14da2902bd60b65ee6414 2ce29b23975846f39c1d24635ed2c2d5 - - default default] 10.0.0.244 "GET /v2.0/ports/99c1f9b0-54b8-440c-b164-807b1ed568b2 HTTP/1.1" status: 200 len: 1147 time: 0.0701663
2026-06-26 11:46:47.382 9 INFO neutron.db.ovn_revision_numbers_db [None req-dca20716-5532-40fe-9d92-c008ccc50777 eb67b496170f4ce2b8d32a7f6d49728d e32a023e3ab242c49cfc2364438efa46 - - - -] Successfully bumped revision number for resource e5364951-0a9a-48e8-9b68-8e409cc991d3 (type: networks) to 1
2026-06-26 11:46:47.506 10 WARNING neutron.scheduler.dhcp_agent_scheduler [None req-e9ad7c50-a440-432e-926c-d1205055b3f3 7da7bcadf8864dcfadd21fcb5033a525 bc817ba64d874775907a90c4425ee11a - - - -] No more DHCP agents
2026-06-26 11:46:47.511 10 WARNING neutron.api.rpc.agentnotifiers.dhcp_rpc_agent_api [None req-e9ad7c50-a440-432e-926c-d1205055b3f3 7da7bcadf8864dcfadd21fcb5033a525 bc817ba64d874775907a90c4425ee11a - - - -] Unable to schedule network 52ad8c2b-f537-48c1-8a4a-03fe00bb6d9b: no agents available; will retry on subsequent port and subnet creation events.
2026-06-26 11:46:47.574 9 WARNING neutron.scheduler.dhcp_agent_scheduler [None req-80144986-2ff1-46f2-a538-102709196a6c df8495ed640840688305c2e7be167d6a 1ac5f51cc12349ee86486f512b35bb2a - - - -] No more DHCP agents
2026-06-26 11:46:47.576 10 INFO neutron.db.ovn_revision_numbers_db [None req-e9ad7c50-a440-432e-926c-d1205055b3f3 7da7bcadf8864dcfadd21fcb5033a525 bc817ba64d874775907a90c4425ee11a - - - -] Successfully bumped revision number for resource 204bf1c6-3908-4f15-8733-5ccc107bfbd5 (type: ports) to 1
2026-06-26 11:46:47.580 9 WARNING neutron.api.rpc.agentnotifiers.dhcp_rpc_agent_api [None req-80144986-2ff1-46f2-a538-102709196a6c df8495ed640840688305c2e7be167d6a 1ac5f51cc12349ee86486f512b35bb2a - - - -] Unable to schedule network 20f6d01b-24c3-42c0-b7fb-c84d1393658f: no agents available; will retry on subsequent port and subnet creation events.
2026-06-26 11:46:47.617 10 INFO neutron.wsgi [None req-e9ad7c50-a440-432e-926c-d1205055b3f3 7da7bcadf8864dcfadd21fcb5033a525 bc817ba64d874775907a90c4425ee11a - - - -] 10.0.0.244 "POST /v2.0/networks HTTP/1.1" status: 201 len: 834 time: 0.5975223
2026-06-26 11:46:47.635 9 WARNING neutron.scheduler.dhcp_agent_scheduler [None req-dca20716-5532-40fe-9d92-c008ccc50777 eb67b496170f4ce2b8d32a7f6d49728d e32a023e3ab242c49cfc2364438efa46 - - - -] No more DHCP agents
2026-06-26 11:46:47.636 9 WARNING neutron.api.rpc.agentnotifiers.dhcp_rpc_agent_api [None req-dca20716-5532-40fe-9d92-c008ccc50777 eb67b496170f4ce2b8d32a7f6d49728d e32a023e3ab242c49cfc2364438efa46 - - - -] Unable to schedule network e5364951-0a9a-48e8-9b68-8e409cc991d3: no agents available; will retry on subsequent port and subnet creation events.
2026-06-26 11:46:47.720 9 INFO neutron.db.ovn_revision_numbers_db [None req-dca20716-5532-40fe-9d92-c008ccc50777 eb67b496170f4ce2b8d32a7f6d49728d e32a023e3ab242c49cfc2364438efa46 - - - -] Successfully bumped revision number for resource e3d8fd19-f900-4c0f-a1e2-ce700aeb99ba (type: ports) to 1
2026-06-26 11:46:47.749 9 INFO neutron.wsgi [None req-dca20716-5532-40fe-9d92-c008ccc50777 eb67b496170f4ce2b8d32a7f6d49728d e32a023e3ab242c49cfc2364438efa46 - - - -] 10.0.0.244 "POST /v2.0/networks HTTP/1.1" status: 201 len: 929 time: 0.6542253
2026-06-26 11:46:47.750 9 INFO neutron.db.ovn_revision_numbers_db [None req-80144986-2ff1-46f2-a538-102709196a6c df8495ed640840688305c2e7be167d6a 1ac5f51cc12349ee86486f512b35bb2a - - - -] Successfully bumped revision number for resource d5641fd4-a515-484f-9c4f-8ee98f5e212f (type: ports) to 1
2026-06-26 11:46:47.912 10 WARNING neutron.scheduler.dhcp_agent_scheduler [None req-c882b32e-b937-4a75-8981-3f03f051fb75 7da7bcadf8864dcfadd21fcb5033a525 bc817ba64d874775907a90c4425ee11a - - - -] No more DHCP agents
2026-06-26 11:46:47.915 10 WARNING neutron.api.rpc.agentnotifiers.dhcp_rpc_agent_api [None req-c882b32e-b937-4a75-8981-3f03f051fb75 7da7bcadf8864dcfadd21fcb5033a525 bc817ba64d874775907a90c4425ee11a - - - -] Unable to schedule network 52ad8c2b-f537-48c1-8a4a-03fe00bb6d9b: no agents available; will retry on subsequent port and subnet creation events.
2026-06-26 11:46:47.932 10 INFO neutron.db.ovn_revision_numbers_db [None req-c882b32e-b937-4a75-8981-3f03f051fb75 7da7bcadf8864dcfadd21fcb5033a525 bc817ba64d874775907a90c4425ee11a - - - -] Successfully bumped revision number for resource 7d8ca5fc-998c-4620-a19c-78d1a9441fda (type: subnets) to 0
2026-06-26 11:46:47.954 10 INFO neutron.wsgi [None req-c882b32e-b937-4a75-8981-3f03f051fb75 7da7bcadf8864dcfadd21fcb5033a525 bc817ba64d874775907a90c4425ee11a - - - -] 10.0.0.244 "POST /v2.0/subnets HTTP/1.1" status: 201 len: 821 time: 0.3310502
2026-06-26 11:46:47.990 9 WARNING neutron.scheduler.dhcp_agent_scheduler [None req-53a53dee-1daa-49be-b4ab-06551a575c19 eb67b496170f4ce2b8d32a7f6d49728d e32a023e3ab242c49cfc2364438efa46 - - - -] No more DHCP agents
2026-06-26 11:46:47.993 9 WARNING neutron.api.rpc.agentnotifiers.dhcp_rpc_agent_api [None req-53a53dee-1daa-49be-b4ab-06551a575c19 eb67b496170f4ce2b8d32a7f6d49728d e32a023e3ab242c49cfc2364438efa46 - - - -] Unable to schedule network e5364951-0a9a-48e8-9b68-8e409cc991d3: no agents available; will retry on subsequent port and subnet creation events.
2026-06-26 11:46:48.025 10 INFO neutron.wsgi [None req-32656bb8-f980-4402-b49d-f3a81748e294 df8495ed640840688305c2e7be167d6a 1ac5f51cc12349ee86486f512b35bb2a - - default default] 10.0.0.204 "GET /v2.0/floatingips HTTP/1.1" status: 200 len: 193 time: 0.0776081
2026-06-26 11:46:48.065 10 INFO neutron.wsgi [None req-5494a49f-3a64-4d3e-b470-1d449e443702 df8495ed640840688305c2e7be167d6a 1ac5f51cc12349ee86486f512b35bb2a - - default default] 10.0.0.204 "GET /v2.0/subnets HTTP/1.1" status: 200 len: 4603 time: 0.0386698
2026-06-26 11:46:48.188 10 INFO neutron.wsgi [None req-2fd31789-c7b3-4956-aa4b-e9efe915b11e df8495ed640840688305c2e7be167d6a 1ac5f51cc12349ee86486f512b35bb2a - - default default] 10.0.0.204 "GET /v2.0/routers HTTP/1.1" status: 200 len: 1341 time: 0.1193700
2026-06-26 11:46:48.207 10 INFO neutron.wsgi [None req-228f7b11-1ca0-4fe3-b80a-2a31ca7f6ae6 df8495ed640840688305c2e7be167d6a 1ac5f51cc12349ee86486f512b35bb2a - - default default] 10.0.0.204 "GET /v2.0/agents?binary=ovn-controller HTTP/1.1" status: 200 len: 591 time: 0.0179796
2026-06-26 11:46:48.227 10 INFO neutron.wsgi [None req-6bce06ad-f56b-4129-a9bd-bc5ec194bc26 df8495ed640840688305c2e7be167d6a 1ac5f51cc12349ee86486f512b35bb2a - - default default] 10.0.0.204 "GET /v2.0/agents HTTP/1.1" status: 200 len: 997 time: 0.0184381
2026-06-26 11:46:48.283 10 WARNING neutron.plugins.ml2.drivers.ovn.mech_driver.ovsdb.ovn_client [None req-fd9721f4-af32-4575-beb7-8fc63908fd75 - - - - - -] No hosting information found for port d44ad1a0-9e88-4658-ab25-0deefa6ae043: RuntimeError: No hosting information found for port d44ad1a0-9e88-4658-ab25-0deefa6ae043
2026-06-26 11:46:48.284 10 INFO neutron.plugins.ml2.drivers.ovn.mech_driver.mech_driver [None req-fd9721f4-af32-4575-beb7-8fc63908fd75 - - - - - -] OVN reports status up for port: 99c1f9b0-54b8-440c-b164-807b1ed568b2
2026-06-26 11:46:48.326 10 INFO neutron.plugins.ml2.plugin [None req-fd9721f4-af32-4575-beb7-8fc63908fd75 - - - - - -] Attempt 1 to provision port 99c1f9b0-54b8-440c-b164-807b1ed568b2
2026-06-26 11:46:48.377 10 INFO neutron.wsgi [None req-82653ead-ab0e-47d3-87c4-3347b60f735f df8495ed640840688305c2e7be167d6a 1ac5f51cc12349ee86486f512b35bb2a - - default default] 10.0.0.204 "GET /v2.0/networks HTTP/1.1" status: 200 len: 6814 time: 0.1422446
2026-06-26 11:46:48.443 10 INFO neutron.wsgi [None req-43816786-98ff-4350-b425-839d8397cd76 47373abbc8c14da2902bd60b65ee6414 2ce29b23975846f39c1d24635ed2c2d5 - - default default] 10.0.0.244 "GET /v2.0/ports/99c1f9b0-54b8-440c-b164-807b1ed568b2 HTTP/1.1" status: 200 len: 1147 time: 0.0640886
2026-06-26 11:46:48.450 10 INFO neutron.wsgi [None req-28be176b-f8f2-485b-a33a-382c8f08c9ce df8495ed640840688305c2e7be167d6a 1ac5f51cc12349ee86486f512b35bb2a - - default default] 10.0.0.204 "GET /v2.0/subnets HTTP/1.1" status: 200 len: 4603 time: 0.0650041
2026-06-26 11:46:48.486 10 INFO neutron.wsgi [None req-c84f6e4f-f7e8-4fc9-b438-a62a239bc14b df8495ed640840688305c2e7be167d6a 1ac5f51cc12349ee86486f512b35bb2a - - default default] 10.0.0.204 "GET /v2.0/subnetpools HTTP/1.1" status: 200 len: 193 time: 0.0262122
2026-06-26 11:46:48.547 9 INFO neutron.plugins.ml2.drivers.ovn.mech_driver.mech_driver [None req-8d4b730d-af0f-40a8-8cce-5504e4afbfa8 - - - - - -] OVN reports status up for port: d5641fd4-a515-484f-9c4f-8ee98f5e212f
2026-06-26 11:46:48.567 9 INFO neutron.plugins.ml2.drivers.ovn.mech_driver.ovsdb.ovsdb_monitor [None req-d1552ecf-e877-4889-b9fa-e0305fca04dd - - - - - -] Router 5a99e758-2053-410b-b385-47774b8315c3 is bound to host instance
2026-06-26 11:46:48.816 9 INFO neutron.plugins.ml2.plugin [None req-8d4b730d-af0f-40a8-8cce-5504e4afbfa8 - - - - - -] Attempt 1 to provision port d5641fd4-a515-484f-9c4f-8ee98f5e212f
2026-06-26 11:46:48.819 9 INFO neutron.db.ovn_revision_numbers_db [None req-80144986-2ff1-46f2-a538-102709196a6c df8495ed640840688305c2e7be167d6a 1ac5f51cc12349ee86486f512b35bb2a - - - -] Successfully bumped revision number for resource d5641fd4-a515-484f-9c4f-8ee98f5e212f (type: router_ports) to 1
2026-06-26 11:46:48.851 10 INFO neutron.wsgi [None req-be8d9336-f392-4bae-80be-fde2cd5679b5 df8495ed640840688305c2e7be167d6a 1ac5f51cc12349ee86486f512b35bb2a - - default default] 10.0.0.204 "GET /v2.0/ports HTTP/1.1" status: 200 len: 15916 time: 0.3640161
2026-06-26 11:46:48.861 10 WARNING neutron.scheduler.dhcp_agent_scheduler [None req-1541e086-f3d1-489d-b7d9-977d5c713f7d 7da7bcadf8864dcfadd21fcb5033a525 bc817ba64d874775907a90c4425ee11a - - - -] No more DHCP agents
2026-06-26 11:46:48.871 10 WARNING neutron.api.rpc.agentnotifiers.dhcp_rpc_agent_api [None req-1541e086-f3d1-489d-b7d9-977d5c713f7d 7da7bcadf8864dcfadd21fcb5033a525 bc817ba64d874775907a90c4425ee11a - - - -] Unable to schedule network 52ad8c2b-f537-48c1-8a4a-03fe00bb6d9b: no agents available; will retry on subsequent port and subnet creation events.
2026-06-26 11:46:48.889 10 INFO neutron.wsgi [None req-6bfc1543-d305-4f56-adb6-3b2c36d6b20e df8495ed640840688305c2e7be167d6a 1ac5f51cc12349ee86486f512b35bb2a - - default default] 10.0.0.204 "GET /v2.0/network-ip-availabilities HTTP/1.1" status: 200 len: 3812 time: 0.0241377
2026-06-26 11:46:48.991 10 INFO neutron.services.segments.plugin [-] Segment c36b165e-73c0-481d-8a18-f1085ec00d6d resource provider aggregate not found
2026-06-26 11:46:48.994 9 INFO neutron.db.ovn_revision_numbers_db [None req-80144986-2ff1-46f2-a538-102709196a6c df8495ed640840688305c2e7be167d6a 1ac5f51cc12349ee86486f512b35bb2a - - - -] Successfully bumped revision number for resource 5a99e758-2053-410b-b385-47774b8315c3 (type: routers) to 3
2026-06-26 11:46:48.999 10 INFO neutron.services.segments.plugin [-] Segment c36b165e-73c0-481d-8a18-f1085ec00d6d resource provider aggregate not found
2026-06-26 11:46:49.003 9 INFO neutron.db.ovn_revision_numbers_db [None req-53a53dee-1daa-49be-b4ab-06551a575c19 eb67b496170f4ce2b8d32a7f6d49728d e32a023e3ab242c49cfc2364438efa46 - - - -] Successfully bumped revision number for resource e3d8fd19-f900-4c0f-a1e2-ce700aeb99ba (type: ports) to 2
2026-06-26 11:46:49.017 9 INFO neutron.wsgi [None req-80144986-2ff1-46f2-a538-102709196a6c df8495ed640840688305c2e7be167d6a 1ac5f51cc12349ee86486f512b35bb2a - - - -] 10.0.0.244 "POST /v2.0/routers HTTP/1.1" status: 201 len: 874 time: 2.0763006
2026-06-26 11:46:49.017 10 INFO neutron.services.segments.plugin [-] Segment c36b165e-73c0-481d-8a18-f1085ec00d6d resource provider not found; error: Placement Client Error (4xx): {"errors": [{"status": 404, "title": "Not Found", "detail": "The resource could not be found.\n\n No resource provider with uuid c36b165e-73c0-481d-8a18-f1085ec00d6d found for delete ", "request_id": "req-0f029181-d10f-417b-9505-5be66688e3d3"}]}
2026-06-26 11:46:49.024 10 INFO neutron.services.segments.plugin [-] Segment c36b165e-73c0-481d-8a18-f1085ec00d6d resource provider not found; error: Placement Client Error (4xx): {"errors": [{"status": 404, "title": "Not Found", "detail": "The resource could not be found.\n\n No resource provider with uuid c36b165e-73c0-481d-8a18-f1085ec00d6d found for delete ", "request_id": "req-96215141-da5f-4064-b32b-e1e3c0adc7d1"}]}
2026-06-26 11:46:49.031 9 INFO neutron.db.ovn_revision_numbers_db [None req-53a53dee-1daa-49be-b4ab-06551a575c19 eb67b496170f4ce2b8d32a7f6d49728d e32a023e3ab242c49cfc2364438efa46 - - - -] Successfully bumped revision number for resource 85eb92ca-d082-4a69-89d8-89d3fceac8ff (type: subnets) to 0
2026-06-26 11:46:49.066 9 INFO neutron.wsgi [None req-53a53dee-1daa-49be-b4ab-06551a575c19 eb67b496170f4ce2b8d32a7f6d49728d e32a023e3ab242c49cfc2364438efa46 - - - -] 10.0.0.244 "POST /v2.0/subnets HTTP/1.1" status: 201 len: 822 time: 1.3131711
2026-06-26 11:46:49.110 10 INFO neutron.wsgi [None req-2efb1c6b-af54-4650-9f89-f0603c799b62 df8495ed640840688305c2e7be167d6a 1ac5f51cc12349ee86486f512b35bb2a - - default default] 10.0.0.204 "GET /v2.0/security-groups HTTP/1.1" status: 200 len: 27923 time: 0.2095447
2026-06-26 11:46:49.114 10 INFO neutron.db.ovn_revision_numbers_db [None req-1541e086-f3d1-489d-b7d9-977d5c713f7d 7da7bcadf8864dcfadd21fcb5033a525 bc817ba64d874775907a90c4425ee11a - - - -] Successfully bumped revision number for resource 4fe435a8-be1b-4d9c-9602-068e0a91b512 (type: ports) to 1
2026-06-26 11:46:49.181 10 INFO neutron.wsgi [None req-1541e086-f3d1-489d-b7d9-977d5c713f7d 7da7bcadf8864dcfadd21fcb5033a525 bc817ba64d874775907a90c4425ee11a - - - -] 10.0.0.244 "POST /v2.0/ports HTTP/1.1" status: 201 len: 1123 time: 1.2230101
2026-06-26 11:46:49.213 10 INFO neutron.db.ovn_revision_numbers_db [None req-fd9721f4-af32-4575-beb7-8fc63908fd75 - - - - - -] Successfully bumped revision number for resource 99c1f9b0-54b8-440c-b164-807b1ed568b2 (type: ports) to 3
2026-06-26 11:46:49.357 10 INFO neutron.db.ovn_revision_numbers_db [None req-fd9721f4-af32-4575-beb7-8fc63908fd75 - - - - - -] Successfully bumped revision number for resource 99c1f9b0-54b8-440c-b164-807b1ed568b2 (type: router_ports) to 3
2026-06-26 11:46:49.514 10 INFO neutron.wsgi [None req-b5a101fe-887c-44a8-b7c4-bfba7baf4719 47373abbc8c14da2902bd60b65ee6414 2ce29b23975846f39c1d24635ed2c2d5 - - default default] 10.0.0.244 "GET /v2.0/ports/99c1f9b0-54b8-440c-b164-807b1ed568b2 HTTP/1.1" status: 200 len: 1149 time: 0.0550139
2026-06-26 11:46:49.612 9 INFO neutron.wsgi [None req-a128d305-63bf-4694-bc05-f94c948e1041 eb67b496170f4ce2b8d32a7f6d49728d e32a023e3ab242c49cfc2364438efa46 - - - -] 10.0.0.244 "POST /v2.0/rbac-policies HTTP/1.1" status: 201 len: 523 time: 0.5388823
2026-06-26 11:46:49.646 10 WARNING neutron.scheduler.dhcp_agent_scheduler [None req-e25ae43c-2c90-4918-8fce-f019e6bf86cb df8495ed640840688305c2e7be167d6a 1ac5f51cc12349ee86486f512b35bb2a - - default default] No more DHCP agents
2026-06-26 11:46:49.652 10 WARNING neutron.api.rpc.agentnotifiers.dhcp_rpc_agent_api [None req-e25ae43c-2c90-4918-8fce-f019e6bf86cb df8495ed640840688305c2e7be167d6a 1ac5f51cc12349ee86486f512b35bb2a - - default default] Unable to schedule network a5a3c08b-b430-466c-94c2-c7ca6dcbb78c: no agents available; will retry on subsequent port and subnet creation events.
2026-06-26 11:46:49.696 9 INFO neutron.db.ovn_revision_numbers_db [None req-d1552ecf-e877-4889-b9fa-e0305fca04dd - - - - - -] Successfully bumped revision number for resource d5641fd4-a515-484f-9c4f-8ee98f5e212f (type: ports) to 1
2026-06-26 11:46:49.722 9 INFO neutron.wsgi [None req-c249a9ac-ffc6-4ce4-847f-1b0d84bf9191 7da7bcadf8864dcfadd21fcb5033a525 bc817ba64d874775907a90c4425ee11a - - - -] 10.0.0.244 "DELETE /v2.0/ports/4fe435a8-be1b-4d9c-9602-068e0a91b512 HTTP/1.1" status: 204 len: 168 time: 0.5309231
2026-06-26 11:46:49.761 10 INFO neutron.pecan_wsgi.hooks.translation [None req-817f93dd-6799-4404-b2f8-654d46048b11 7da7bcadf8864dcfadd21fcb5033a525 bc817ba64d874775907a90c4425ee11a - - default default] GET failed (client error): The resource could not be found.
2026-06-26 11:46:49.762 10 INFO neutron.wsgi [None req-817f93dd-6799-4404-b2f8-654d46048b11 7da7bcadf8864dcfadd21fcb5033a525 bc817ba64d874775907a90c4425ee11a - - default default] 10.0.0.244 "GET /v2.0/ports/4fe435a8-be1b-4d9c-9602-068e0a91b512 HTTP/1.1" status: 404 len: 333 time: 0.0305405
2026-06-26 11:46:49.882 10 INFO neutron.db.ovn_revision_numbers_db [None req-e25ae43c-2c90-4918-8fce-f019e6bf86cb df8495ed640840688305c2e7be167d6a 1ac5f51cc12349ee86486f512b35bb2a - - default default] Successfully bumped revision number for resource 1a9ae495-add9-48bb-8bbf-e1afacb7d715 (type: ports) to 1
2026-06-26 11:46:50.032 9 INFO neutron.db.ovn_revision_numbers_db [None req-d1552ecf-e877-4889-b9fa-e0305fca04dd - - - - - -] Successfully bumped revision number for resource d5641fd4-a515-484f-9c4f-8ee98f5e212f (type: router_ports) to 3
2026-06-26 11:46:50.090 9 INFO neutron.wsgi [None req-22dc5683-9f08-4457-a09b-52a7eea37a50 7da7bcadf8864dcfadd21fcb5033a525 bc817ba64d874775907a90c4425ee11a - - - -] 10.0.0.244 "DELETE /v2.0/subnets/7d8ca5fc-998c-4620-a19c-78d1a9441fda HTTP/1.1" status: 204 len: 168 time: 0.3223956
2026-06-26 11:46:50.138 10 INFO neutron.wsgi [None req-44a06891-9442-43f9-ba9c-4aec29e66a08 3b6c913192ac436ab81e10bfdd942dcf b98cb5c77ce543239e3a549d35f2fc0a - - default default] 10.0.0.244 "GET /v2.0/networks/e5364951-0a9a-48e8-9b68-8e409cc991d3 HTTP/1.1" status: 200 len: 849 time: 0.1833696
2026-06-26 11:46:50.464 10 INFO neutron.wsgi [None req-043e5f7d-37fa-4dfc-9e0a-2920beaf96d1 47373abbc8c14da2902bd60b65ee6414 2ce29b23975846f39c1d24635ed2c2d5 - - - -] 10.0.0.244 "PUT /v2.0/routers/4979f1ff-fe7d-4c9b-965d-955913ba3d3d/remove_router_interface HTTP/1.1" status: 200 len: 503 time: 0.9447858
2026-06-26 11:46:50.492 9 INFO neutron.db.ovn_revision_numbers_db [None req-d1552ecf-e877-4889-b9fa-e0305fca04dd - - - - - -] Successfully bumped revision number for resource d5641fd4-a515-484f-9c4f-8ee98f5e212f (type: ports) to 2
2026-06-26 11:46:50.529 10 INFO neutron.db.ovn_revision_numbers_db [None req-e25ae43c-2c90-4918-8fce-f019e6bf86cb df8495ed640840688305c2e7be167d6a 1ac5f51cc12349ee86486f512b35bb2a - - default default] Successfully bumped revision number for resource 1a9ae495-add9-48bb-8bbf-e1afacb7d715 (type: router_ports) to 2 /var/lib/openstack/lib/python3.10/site-packages/pycadf/identifier.py:71: UserWarning: Invalid uuid: neutron. To ensure interoperability, identifiers should be a valid uuid. warnings.warn(('Invalid uuid: %s. To ensure interoperability, '
2026-06-26 11:46:50.590 10 INFO neutron.pecan_wsgi.hooks.translation [None req-b73db636-9e41-4a97-9d6b-3aacbc315254 9db15b81f6e04ea6af0e9086a27cd4c1 1e2c938c106b4a168a5fe7ea533436d5 - - default default] GET failed (client error): The resource could not be found.
2026-06-26 11:46:50.593 10 INFO neutron.wsgi [None req-b73db636-9e41-4a97-9d6b-3aacbc315254 9db15b81f6e04ea6af0e9086a27cd4c1 1e2c938c106b4a168a5fe7ea533436d5 - - default default] 10.0.0.244 "GET /v2.0/networks/e5364951-0a9a-48e8-9b68-8e409cc991d3 HTTP/1.1" status: 404 len: 339 time: 0.0763862
2026-06-26 11:46:50.626 9 INFO neutron.wsgi [None req-fdefa901-1e46-47d3-aa23-8fe1697821d4 47373abbc8c14da2902bd60b65ee6414 2ce29b23975846f39c1d24635ed2c2d5 - - default default] 10.0.0.244 "GET /v2.0/ports/d44ad1a0-9e88-4658-ab25-0deefa6ae043 HTTP/1.1" status: 200 len: 1141 time: 0.1535203
2026-06-26 11:46:50.849 9 INFO neutron.services.segments.plugin [-] Segment bbf1caad-7d33-468b-86c4-ae84cad51a2d resource provider aggregate not found
2026-06-26 11:46:50.857 9 INFO neutron.services.segments.plugin [-] Segment bbf1caad-7d33-468b-86c4-ae84cad51a2d resource provider aggregate not found
2026-06-26 11:46:50.879 9 INFO neutron.services.segments.plugin [-] Segment bbf1caad-7d33-468b-86c4-ae84cad51a2d resource provider not found; error: Placement Client Error (4xx): {"errors": [{"status": 404, "title": "Not Found", "detail": "The resource could not be found.\n\n No resource provider with uuid bbf1caad-7d33-468b-86c4-ae84cad51a2d found for delete ", "request_id": "req-e85bd08f-0167-484e-9fe8-bae05f79bd45"}]}
2026-06-26 11:46:50.882 9 INFO neutron.db.ovn_revision_numbers_db [None req-d1552ecf-e877-4889-b9fa-e0305fca04dd - - - - - -] Successfully bumped revision number for resource d5641fd4-a515-484f-9c4f-8ee98f5e212f (type: ports) to 4
2026-06-26 11:46:50.898 9 INFO neutron.services.segments.plugin [-] Segment bbf1caad-7d33-468b-86c4-ae84cad51a2d resource provider not found; error: Placement Client Error (4xx): {"errors": [{"status": 404, "title": "Not Found", "detail": "The resource could not be found.\n\n No resource provider with uuid bbf1caad-7d33-468b-86c4-ae84cad51a2d found for delete ", "request_id": "req-94a3d1d8-3c5f-4c46-85cb-80816c7d56d9"}]}
2026-06-26 11:46:50.922 9 INFO neutron.wsgi [None req-96e6f84d-300c-41a4-8e0e-8c6ab33a097c 7da7bcadf8864dcfadd21fcb5033a525 bc817ba64d874775907a90c4425ee11a - - - -] 10.0.0.244 "DELETE /v2.0/networks/52ad8c2b-f537-48c1-8a4a-03fe00bb6d9b HTTP/1.1" status: 204 len: 168 time: 0.8236890
2026-06-26 11:46:51.046 10 INFO neutron.db.ovn_revision_numbers_db [None req-e25ae43c-2c90-4918-8fce-f019e6bf86cb df8495ed640840688305c2e7be167d6a 1ac5f51cc12349ee86486f512b35bb2a - - default default] Successfully bumped revision number for resource 1a9ae495-add9-48bb-8bbf-e1afacb7d715 (type: ports) to 2
2026-06-26 11:46:51.173 10 WARNING neutron.scheduler.dhcp_agent_scheduler [None req-e25ae43c-2c90-4918-8fce-f019e6bf86cb df8495ed640840688305c2e7be167d6a 1ac5f51cc12349ee86486f512b35bb2a - - default default] No more DHCP agents
2026-06-26 11:46:51.180 10 WARNING neutron.api.rpc.agentnotifiers.dhcp_rpc_agent_api [None req-e25ae43c-2c90-4918-8fce-f019e6bf86cb df8495ed640840688305c2e7be167d6a 1ac5f51cc12349ee86486f512b35bb2a - - default default] Unable to schedule network a5a3c08b-b430-466c-94c2-c7ca6dcbb78c: no agents available; will retry on subsequent port and subnet creation events.
2026-06-26 11:46:51.183 9 INFO neutron.db.ovn_revision_numbers_db [None req-d1552ecf-e877-4889-b9fa-e0305fca04dd - - - - - -] Successfully bumped revision number for resource d5641fd4-a515-484f-9c4f-8ee98f5e212f (type: router_ports) to 4
2026-06-26 11:46:51.238 9 WARNING neutron.scheduler.dhcp_agent_scheduler [None req-bc72f921-57af-419f-be77-d45422129ecb 7da7bcadf8864dcfadd21fcb5033a525 bc817ba64d874775907a90c4425ee11a - - - -] No more DHCP agents
2026-06-26 11:46:51.241 9 WARNING neutron.api.rpc.agentnotifiers.dhcp_rpc_agent_api [None req-bc72f921-57af-419f-be77-d45422129ecb 7da7bcadf8864dcfadd21fcb5033a525 bc817ba64d874775907a90c4425ee11a - - - -] Unable to schedule network 607dd4fb-7fb6-4a92-a3d2-71c00529b5c5: no agents available; will retry on subsequent port and subnet creation events.
2026-06-26 11:46:51.296 9 INFO neutron.db.ovn_revision_numbers_db [None req-bc72f921-57af-419f-be77-d45422129ecb 7da7bcadf8864dcfadd21fcb5033a525 bc817ba64d874775907a90c4425ee11a - - - -] Successfully bumped revision number for resource 5f85f22c-c429-40d7-9945-02f54104272b (type: ports) to 1
2026-06-26 11:46:51.318 9 INFO neutron.wsgi [None req-bc72f921-57af-419f-be77-d45422129ecb 7da7bcadf8864dcfadd21fcb5033a525 bc817ba64d874775907a90c4425ee11a - - - -] 10.0.0.244 "POST /v2.0/ports HTTP/1.1" status: 201 len: 977 time: 0.3805256 /var/lib/openstack/lib/python3.10/site-packages/pycadf/identifier.py:71: UserWarning: Invalid uuid: neutron. To ensure interoperability, identifiers should be a valid uuid. warnings.warn(('Invalid uuid: %s. To ensure interoperability, '
2026-06-26 11:46:51.555 9 INFO neutron.db.ovn_revision_numbers_db [None req-66494673-af11-41be-bbaa-18837348ce95 7da7bcadf8864dcfadd21fcb5033a525 bc817ba64d874775907a90c4425ee11a - - - -] Successfully bumped revision number for resource 5f85f22c-c429-40d7-9945-02f54104272b (type: ports) to 2
2026-06-26 11:46:51.565 9 INFO neutron.wsgi [None req-66494673-af11-41be-bbaa-18837348ce95 7da7bcadf8864dcfadd21fcb5033a525 bc817ba64d874775907a90c4425ee11a - - - -] 10.0.0.244 "PUT /v2.0/ports/5f85f22c-c429-40d7-9945-02f54104272b HTTP/1.1" status: 200 len: 946 time: 0.2406058 /var/lib/openstack/lib/python3.10/site-packages/pycadf/identifier.py:71: UserWarning: Invalid uuid: neutron. To ensure interoperability, identifiers should be a valid uuid. warnings.warn(('Invalid uuid: %s. To ensure interoperability, '
2026-06-26 11:46:51.722 9 INFO neutron.plugins.ml2.drivers.ovn.mech_driver.mech_driver [None req-8d4b730d-af0f-40a8-8cce-5504e4afbfa8 - - - - - -] OVN reports status up for port: 1a9ae495-add9-48bb-8bbf-e1afacb7d715
2026-06-26 11:46:51.743 9 INFO neutron.plugins.ml2.plugin [None req-8d4b730d-af0f-40a8-8cce-5504e4afbfa8 - - - - - -] Attempt 1 to provision port 1a9ae495-add9-48bb-8bbf-e1afacb7d715
2026-06-26 11:46:51.828 9 INFO neutron.wsgi [None req-25b0ea05-e3bd-4dcc-8d6b-a24095634e73 7da7bcadf8864dcfadd21fcb5033a525 bc817ba64d874775907a90c4425ee11a - - - -] 10.0.0.244 "DELETE /v2.0/ports/5f85f22c-c429-40d7-9945-02f54104272b HTTP/1.1" status: 204 len: 168 time: 0.2573149
2026-06-26 11:46:51.932 9 INFO neutron.wsgi [None req-1b8c9b61-6652-4abd-b30c-21ba19b9fc3a 7da7bcadf8864dcfadd21fcb5033a525 bc817ba64d874775907a90c4425ee11a - - default default] 10.0.0.244 "GET /v2.0/ports HTTP/1.1" status: 200 len: 1733 time: 0.0992799
2026-06-26 11:46:51.954 10 INFO neutron.services.segments.plugin [-] Segment 13d3eb3b-0815-4512-827b-14daa899cebe resource provider aggregate not found
2026-06-26 11:46:51.961 10 INFO neutron.services.segments.plugin [-] Segment 13d3eb3b-0815-4512-827b-14daa899cebe resource provider aggregate not found
2026-06-26 11:46:51.971 9 INFO neutron.pecan_wsgi.hooks.translation [None req-e5e2d6e2-51c4-4705-9e1e-bc7c1f25c184 7da7bcadf8864dcfadd21fcb5033a525 bc817ba64d874775907a90c4425ee11a - - default default] GET failed (client error): The resource could not be found.
2026-06-26 11:46:51.975 9 INFO neutron.wsgi [None req-e5e2d6e2-51c4-4705-9e1e-bc7c1f25c184 7da7bcadf8864dcfadd21fcb5033a525 bc817ba64d874775907a90c4425ee11a - - default default] 10.0.0.244 "GET /v2.0/ports/5f85f22c-c429-40d7-9945-02f54104272b HTTP/1.1" status: 404 len: 333 time: 0.0352287
2026-06-26 11:46:51.980 10 INFO neutron.services.segments.plugin [-] Segment 13d3eb3b-0815-4512-827b-14daa899cebe resource provider not found; error: Placement Client Error (4xx): {"errors": [{"status": 404, "title": "Not Found", "detail": "The resource could not be found.\n\n No resource provider with uuid 13d3eb3b-0815-4512-827b-14daa899cebe found for delete ", "request_id": "req-45eb9065-6a7b-4479-99ca-e6c1ba5f8767"}]}
2026-06-26 11:46:51.980 10 INFO neutron.services.segments.plugin [-] Segment 13d3eb3b-0815-4512-827b-14daa899cebe resource provider not found; error: Placement Client Error (4xx): {"errors": [{"status": 404, "title": "Not Found", "detail": "The resource could not be found.\n\n No resource provider with uuid 13d3eb3b-0815-4512-827b-14daa899cebe found for delete ", "request_id": "req-1fa848bb-b1d8-4799-9276-c3ac9cf5564b"}]}
2026-06-26 11:46:51.988 10 INFO neutron.wsgi [None req-a8bb778a-5892-4f12-a380-13fb4bce2de2 47373abbc8c14da2902bd60b65ee6414 2ce29b23975846f39c1d24635ed2c2d5 - - - -] 10.0.0.244 "PUT /v2.0/routers/4979f1ff-fe7d-4c9b-965d-955913ba3d3d/remove_router_interface HTTP/1.1" status: 200 len: 503 time: 1.3543565
2026-06-26 11:46:51.991 10 INFO neutron.db.ovn_revision_numbers_db [None req-e25ae43c-2c90-4918-8fce-f019e6bf86cb df8495ed640840688305c2e7be167d6a 1ac5f51cc12349ee86486f512b35bb2a - - - -] Successfully bumped revision number for resource 1a9ae495-add9-48bb-8bbf-e1afacb7d715 (type: router_ports) to 2
2026-06-26 11:46:51.993 10 INFO neutron.wsgi [None req-e25ae43c-2c90-4918-8fce-f019e6bf86cb df8495ed640840688305c2e7be167d6a 1ac5f51cc12349ee86486f512b35bb2a - - - -] 10.0.0.244 "PUT /v2.0/routers/5a99e758-2053-410b-b385-47774b8315c3/add_router_interface HTTP/1.1" status: 200 len: 503 time: 2.9678307
2026-06-26 11:46:52.008 10 INFO neutron.wsgi [None req-f9892006-82eb-4924-9ae4-aa3fb38b30c8 eb67b496170f4ce2b8d32a7f6d49728d e32a023e3ab242c49cfc2364438efa46 - - - -] 10.0.0.244 "DELETE /v2.0/networks/e5364951-0a9a-48e8-9b68-8e409cc991d3 HTTP/1.1" status: 204 len: 168 time: 1.4102280 /var/lib/openstack/lib/python3.10/site-packages/pycadf/identifier.py:71: UserWarning: Invalid uuid: neutron. To ensure interoperability, identifiers should be a valid uuid. warnings.warn(('Invalid uuid: %s. To ensure interoperability, '
2026-06-26 11:46:52.030 9 INFO neutron.wsgi [None req-1855e8e8-e5eb-4561-8c72-e9da47c871c4 47373abbc8c14da2902bd60b65ee6414 2ce29b23975846f39c1d24635ed2c2d5 - - default default] 10.0.0.244 "GET /v2.0/ports?device_id=4979f1ff-fe7d-4c9b-965d-955913ba3d3d HTTP/1.1" status: 200 len: 205 time: 0.0368299
2026-06-26 11:46:52.030 10 INFO neutron.pecan_wsgi.hooks.translation [None req-3ce00263-1215-4775-a120-e9e470f38383 eb67b496170f4ce2b8d32a7f6d49728d e32a023e3ab242c49cfc2364438efa46 - - - -] DELETE failed (client error): The resource could not be found.
2026-06-26 11:46:52.032 10 INFO neutron.wsgi [None req-3ce00263-1215-4775-a120-e9e470f38383 eb67b496170f4ce2b8d32a7f6d49728d e32a023e3ab242c49cfc2364438efa46 - - - -] 10.0.0.244 "DELETE /v2.0/subnets/b1c0304a-f28a-4ed2-b70f-0a1334aa9fbc HTTP/1.1" status: 404 len: 337 time: 0.0165687
2026-06-26 11:46:52.038 9 INFO neutron.wsgi [None req-38e526af-a924-4df7-91a4-78eb6e9c16e0 7da7bcadf8864dcfadd21fcb5033a525 bc817ba64d874775907a90c4425ee11a - - default default] 10.0.0.244 "GET /v2.0/ports HTTP/1.1" status: 200 len: 1733 time: 0.0537028
2026-06-26 11:46:52.069 10 INFO neutron.pecan_wsgi.hooks.translation [None req-9987628e-08c3-42d8-b81e-42ec5622e979 eb67b496170f4ce2b8d32a7f6d49728d e32a023e3ab242c49cfc2364438efa46 - - - -] DELETE failed (client error): The resource could not be found.
2026-06-26 11:46:52.071 10 INFO neutron.wsgi [None req-9987628e-08c3-42d8-b81e-42ec5622e979 eb67b496170f4ce2b8d32a7f6d49728d e32a023e3ab242c49cfc2364438efa46 - - - -] 10.0.0.244 "DELETE /v2.0/subnets/01aeb569-748e-4a4e-962d-5a1a5b47c3ab HTTP/1.1" status: 404 len: 337 time: 0.0321422
2026-06-26 11:46:52.107 9 INFO neutron.wsgi [None req-a8ee5cf4-8ab6-452c-b02a-66a31a456560 7da7bcadf8864dcfadd21fcb5033a525 bc817ba64d874775907a90c4425ee11a - - default default] 10.0.0.244 "GET /v2.0/ports/5a1685c3-826f-4c77-9332-a7b6cac25883 HTTP/1.1" status: 200 len: 973 time: 0.0572498
2026-06-26 11:46:52.108 10 INFO neutron.pecan_wsgi.hooks.translation [None req-d84c5d95-6438-4677-b291-4173090cd8d1 eb67b496170f4ce2b8d32a7f6d49728d e32a023e3ab242c49cfc2364438efa46 - - - -] DELETE failed (client error): The resource could not be found.
2026-06-26 11:46:52.111 10 INFO neutron.wsgi [None req-d84c5d95-6438-4677-b291-4173090cd8d1 eb67b496170f4ce2b8d32a7f6d49728d e32a023e3ab242c49cfc2364438efa46 - - - -] 10.0.0.244 "DELETE /v2.0/subnets/85eb92ca-d082-4a69-89d8-89d3fceac8ff HTTP/1.1" status: 404 len: 337 time: 0.0355341
2026-06-26 11:46:52.137 9 INFO neutron.pecan_wsgi.hooks.translation [None req-c80b9fb0-c4a2-4647-bef8-c79057af13df 7da7bcadf8864dcfadd21fcb5033a525 bc817ba64d874775907a90c4425ee11a - - - -] DELETE failed (client error): The resource could not be found.
2026-06-26 11:46:52.139 9 INFO neutron.wsgi [None req-c80b9fb0-c4a2-4647-bef8-c79057af13df 7da7bcadf8864dcfadd21fcb5033a525 bc817ba64d874775907a90c4425ee11a - - - -] 10.0.0.244 "DELETE /v2.0/ports/4fe435a8-be1b-4d9c-9602-068e0a91b512 HTTP/1.1" status: 404 len: 333 time: 0.0257177
2026-06-26 11:46:52.164 9 INFO neutron.pecan_wsgi.hooks.translation [None req-72c46d0c-28a7-4b85-ba81-e967d6e09958 7da7bcadf8864dcfadd21fcb5033a525 bc817ba64d874775907a90c4425ee11a - - - -] DELETE failed (client error): The resource could not be found.
2026-06-26 11:46:52.166 9 INFO neutron.wsgi [None req-72c46d0c-28a7-4b85-ba81-e967d6e09958 7da7bcadf8864dcfadd21fcb5033a525 bc817ba64d874775907a90c4425ee11a - - - -] 10.0.0.244 "DELETE /v2.0/subnets/7d8ca5fc-998c-4620-a19c-78d1a9441fda HTTP/1.1" status: 404 len: 337 time: 0.0208614
2026-06-26 11:46:52.169 9 INFO neutron.db.ovn_revision_numbers_db [None req-8d4b730d-af0f-40a8-8cce-5504e4afbfa8 - - - - - -] Successfully bumped revision number for resource 1a9ae495-add9-48bb-8bbf-e1afacb7d715 (type: ports) to 3
2026-06-26 11:46:52.190 9 INFO neutron.pecan_wsgi.hooks.translation [None req-6e5a00a6-8071-4b31-9223-62e6983c37ee 7da7bcadf8864dcfadd21fcb5033a525 bc817ba64d874775907a90c4425ee11a - - - -] DELETE failed (client error): The resource could not be found.
2026-06-26 11:46:52.192 9 INFO neutron.wsgi [None req-6e5a00a6-8071-4b31-9223-62e6983c37ee 7da7bcadf8864dcfadd21fcb5033a525 bc817ba64d874775907a90c4425ee11a - - - -] 10.0.0.244 "DELETE /v2.0/subnets/4a53be37-7cd3-43cb-81a6-eb778262906f HTTP/1.1" status: 404 len: 337 time: 0.0208523
2026-06-26 11:46:52.294 9 INFO neutron.db.ovn_revision_numbers_db [None req-8d4b730d-af0f-40a8-8cce-5504e4afbfa8 - - - - - -] Successfully bumped revision number for resource 1a9ae495-add9-48bb-8bbf-e1afacb7d715 (type: router_ports) to 3
2026-06-26 11:46:52.353 10 INFO neutron.wsgi [None req-b4646c7a-44dc-4e3d-9082-d8855d4bc1de 47373abbc8c14da2902bd60b65ee6414 2ce29b23975846f39c1d24635ed2c2d5 - - - -] 10.0.0.244 "DELETE /v2.0/routers/4979f1ff-fe7d-4c9b-965d-955913ba3d3d HTTP/1.1" status: 204 len: 168 time: 0.3184066
2026-06-26 11:46:52.582 10 INFO neutron.wsgi [None req-4a75118b-c646-49d3-82ec-1b52cae4dda5 7da7bcadf8864dcfadd21fcb5033a525 bc817ba64d874775907a90c4425ee11a - - - -] 10.0.0.244 "DELETE /v2.0/ports/5a1685c3-826f-4c77-9332-a7b6cac25883 HTTP/1.1" status: 204 len: 168 time: 0.3844645
2026-06-26 11:46:52.616 10 INFO neutron.wsgi [None req-efab2c61-2230-49bb-93f2-3f7169873394 47373abbc8c14da2902bd60b65ee6414 2ce29b23975846f39c1d24635ed2c2d5 - - - -] 10.0.0.244 "DELETE /v2.0/subnets/2a8d9cdf-8079-44e5-9807-3a42023b21ce HTTP/1.1" status: 204 len: 168 time: 0.2534766
2026-06-26 11:46:52.790 10 INFO neutron.wsgi [None req-9bb39e34-58a9-4f27-b951-a03cb3a7ba81 47373abbc8c14da2902bd60b65ee6414 2ce29b23975846f39c1d24635ed2c2d5 - - - -] 10.0.0.244 "DELETE /v2.0/subnets/930361b0-6bdf-47c0-86e1-c2c47cfcb60b HTTP/1.1" status: 204 len: 168 time: 0.1669576
2026-06-26 11:46:53.001 9 INFO neutron.services.segments.plugin [-] Segment 63372fae-d92a-4722-b1ba-8920f8dee9d0 resource provider aggregate not found
2026-06-26 11:46:53.005 9 INFO neutron.services.segments.plugin [-] Segment 63372fae-d92a-4722-b1ba-8920f8dee9d0 resource provider aggregate not found
2026-06-26 11:46:53.022 9 INFO neutron.services.segments.plugin [-] Segment 63372fae-d92a-4722-b1ba-8920f8dee9d0 resource provider not found; error: Placement Client Error (4xx): {"errors": [{"status": 404, "title": "Not Found", "detail": "The resource could not be found.\n\n No resource provider with uuid 63372fae-d92a-4722-b1ba-8920f8dee9d0 found for delete ", "request_id": "req-5fa37aff-6745-49c8-a732-62cf8988cefb"}]}
2026-06-26 11:46:53.023 9 INFO neutron.services.segments.plugin [-] Segment 63372fae-d92a-4722-b1ba-8920f8dee9d0 resource provider not found; error: Placement Client Error (4xx): {"errors": [{"status": 404, "title": "Not Found", "detail": "The resource could not be found.\n\n No resource provider with uuid 63372fae-d92a-4722-b1ba-8920f8dee9d0 found for delete ", "request_id": "req-e5fb5640-1e3f-475a-bc75-242b6d58a503"}]}
2026-06-26 11:46:53.039 9 INFO neutron.wsgi [None req-09e5d649-e7eb-4469-8b1c-90ea9fd0a0fe 7da7bcadf8864dcfadd21fcb5033a525 bc817ba64d874775907a90c4425ee11a - - - -] 10.0.0.244 "DELETE /v2.0/networks/607dd4fb-7fb6-4a92-a3d2-71c00529b5c5 HTTP/1.1" status: 204 len: 168 time: 0.4496584
2026-06-26 11:46:53.175 9 INFO neutron.db.ovn_revision_numbers_db [None req-410fc365-28d7-4c74-a2e7-94bdc2df1d70 df8495ed640840688305c2e7be167d6a 1ac5f51cc12349ee86486f512b35bb2a - - default default] Successfully bumped revision number for resource da19bd6e-9d76-4bb2-b5d6-65d8d62d2606 (type: security_groups) to 1
2026-06-26 11:46:53.186 10 INFO neutron.wsgi [None req-10c5e53b-95c8-4f16-90f5-2e5a52c2b2d1 47373abbc8c14da2902bd60b65ee6414 2ce29b23975846f39c1d24635ed2c2d5 - - - -] 10.0.0.244 "DELETE /v2.0/networks/ed3e022c-2a32-4ece-84e3-c2a4fe4d8837 HTTP/1.1" status: 204 len: 168 time: 0.3908956
2026-06-26 11:46:53.204 9 INFO neutron.wsgi [None req-410fc365-28d7-4c74-a2e7-94bdc2df1d70 df8495ed640840688305c2e7be167d6a 1ac5f51cc12349ee86486f512b35bb2a - - default default] 10.0.0.244 "GET /v2.0/security-groups?tenant_id=1e2c938c106b4a168a5fe7ea533436d5&name=default HTTP/1.1" status: 200 len: 2996 time: 0.2938888
2026-06-26 11:46:53.258 10 INFO neutron.db.ovn_revision_numbers_db [None req-c79906af-ef4a-41a1-b43b-f2738307f73b df8495ed640840688305c2e7be167d6a 1ac5f51cc12349ee86486f512b35bb2a - - - -] Successfully bumped revision number for resource 2a2ef2ed-af98-41b8-b19e-8defdf2c087a (type: security_groups) to 1
2026-06-26 11:46:53.324 10 INFO neutron.db.segments_db [None req-c79906af-ef4a-41a1-b43b-f2738307f73b df8495ed640840688305c2e7be167d6a 1ac5f51cc12349ee86486f512b35bb2a - - - -] Added segment ef96db70-c0f8-4a5b-a483-ee9c7a3a9cab of type geneve for network 5fefd4c5-8698-4462-a3e6-667f8748880e
2026-06-26 11:46:53.458 10 INFO neutron.db.ovn_revision_numbers_db [None req-c79906af-ef4a-41a1-b43b-f2738307f73b df8495ed640840688305c2e7be167d6a 1ac5f51cc12349ee86486f512b35bb2a - - - -] Successfully bumped revision number for resource 5fefd4c5-8698-4462-a3e6-667f8748880e (type: networks) to 1
2026-06-26 11:46:53.520 10 INFO neutron.wsgi [None req-f5c512a2-0e06-4ed6-9d24-58e4290acf1f df8495ed640840688305c2e7be167d6a 1ac5f51cc12349ee86486f512b35bb2a - - - -] 10.0.0.244 "DELETE /v2.0/security-groups/da19bd6e-9d76-4bb2-b5d6-65d8d62d2606 HTTP/1.1" status: 204 len: 168 time: 0.3116379
