2026-06-26 11:46:14.916 10 INFO neutron.wsgi [req-7e3f22aa-a7ef-4a71-b89b-1563ee1f0933 req-7a329104-9a6f-4e59-928b-3097365b3409 c3c02c2477a94e50883937a26e176a15 45ebc3d5ca9b44b8891a6a80f82018cf - - 87bcd1705dc64560863af3bcd89e4ff5 87bcd1705dc64560863af3bcd89e4ff5] 199.204.45.23 "GET /v2.0/networks?id=040592c6-4d20-47b3-b48d-1082c1e210a0 HTTP/1.1" status: 200 len: 975 time: 0.0836473
2026-06-26 11:46:14.924 10 INFO neutron.db.ovn_revision_numbers_db [None req-c3e2bd60-66fc-4918-868e-b471c2a72329 8f06520456a4462f91aeeb617050241d 612ef398680049df94509937d9521afa - - - -] Successfully bumped revision number for resource a941f94b-378e-4fe0-b463-f831ccce915d (type: ports) to 1
2026-06-26 11:46:14.963 10 INFO neutron.plugins.ml2.drivers.ovn.mech_driver.mech_driver [None req-fd9721f4-af32-4575-beb7-8fc63908fd75 - - - - - -] OVN reports status up for port: f2d34908-b358-49e5-ae0b-76e49f3beadc
2026-06-26 11:46:14.967 10 INFO neutron.wsgi [req-7e3f22aa-a7ef-4a71-b89b-1563ee1f0933 req-c571f495-8411-48e0-9a4c-f19ed56aee37 c3c02c2477a94e50883937a26e176a15 45ebc3d5ca9b44b8891a6a80f82018cf - - 87bcd1705dc64560863af3bcd89e4ff5 87bcd1705dc64560863af3bcd89e4ff5] 199.204.45.23 "GET /v2.0/floatingips?fixed_ip_address=10.100.0.8&port_id=f2d34908-b358-49e5-ae0b-76e49f3beadc HTTP/1.1" status: 200 len: 217 time: 0.0387802
2026-06-26 11:46:14.976 10 INFO neutron.wsgi [None req-c3e2bd60-66fc-4918-868e-b471c2a72329 8f06520456a4462f91aeeb617050241d 612ef398680049df94509937d9521afa - - - -] 10.0.0.244 "POST /v2.0/networks HTTP/1.1" status: 201 len: 848 time: 0.9601753
2026-06-26 11:46:14.996 10 INFO neutron.plugins.ml2.plugin [None req-fd9721f4-af32-4575-beb7-8fc63908fd75 - - - - - -] Attempt 1 to provision port f2d34908-b358-49e5-ae0b-76e49f3beadc
2026-06-26 11:46:15.035 10 INFO neutron.wsgi [req-7e3f22aa-a7ef-4a71-b89b-1563ee1f0933 req-6bbe91b4-ee14-43a4-9126-4009a495a007 c3c02c2477a94e50883937a26e176a15 45ebc3d5ca9b44b8891a6a80f82018cf - - 87bcd1705dc64560863af3bcd89e4ff5 87bcd1705dc64560863af3bcd89e4ff5] 199.204.45.23 "GET /v2.0/subnets?id=6c74adc5-63dd-421c-8ddb-129062131c2a HTTP/1.1" status: 200 len: 870 time: 0.0574079
2026-06-26 11:46:15.063 10 INFO neutron.wsgi [req-7e3f22aa-a7ef-4a71-b89b-1563ee1f0933 req-90724ba3-b008-467d-af57-055b17ec8951 c3c02c2477a94e50883937a26e176a15 45ebc3d5ca9b44b8891a6a80f82018cf - - 87bcd1705dc64560863af3bcd89e4ff5 87bcd1705dc64560863af3bcd89e4ff5] 199.204.45.23 "GET /v2.0/ports?network_id=040592c6-4d20-47b3-b48d-1082c1e210a0&device_owner=network%3Adhcp HTTP/1.1" status: 200 len: 210 time: 0.0236347
2026-06-26 11:46:15.083 9 INFO neutron.db.segments_db [None req-b7453f19-3437-41dd-9a2a-d162db7cf233 8f06520456a4462f91aeeb617050241d 612ef398680049df94509937d9521afa - - - -] Added segment b542bafb-7bf1-4a9d-9d9e-a97d9eeef59b of type geneve for network d66c88c9-086f-49d8-8962-5310d248e55b
2026-06-26 11:46:15.147 10 INFO neutron.wsgi [req-7e3f22aa-a7ef-4a71-b89b-1563ee1f0933 req-4015f87e-0bfa-44fa-9cd0-ffab9fb0ef3e c3c02c2477a94e50883937a26e176a15 45ebc3d5ca9b44b8891a6a80f82018cf - - 87bcd1705dc64560863af3bcd89e4ff5 87bcd1705dc64560863af3bcd89e4ff5] 199.204.45.23 "GET /v2.0/networks/040592c6-4d20-47b3-b48d-1082c1e210a0?fields=segments HTTP/1.1" status: 200 len: 212 time: 0.0762501
2026-06-26 11:46:15.230 10 INFO neutron.wsgi [req-7e3f22aa-a7ef-4a71-b89b-1563ee1f0933 req-36a63d49-3f3f-48a0-9023-c608032fe0ec c3c02c2477a94e50883937a26e176a15 45ebc3d5ca9b44b8891a6a80f82018cf - - 87bcd1705dc64560863af3bcd89e4ff5 87bcd1705dc64560863af3bcd89e4ff5] 199.204.45.23 "GET /v2.0/networks/040592c6-4d20-47b3-b48d-1082c1e210a0?fields=provider%3Aphysical_network&fields=provider%3Anetwork_type HTTP/1.1" status: 200 len: 277 time: 0.0735350
2026-06-26 11:46:15.273 9 INFO neutron.db.ovn_revision_numbers_db [None req-b7453f19-3437-41dd-9a2a-d162db7cf233 8f06520456a4462f91aeeb617050241d 612ef398680049df94509937d9521afa - - - -] Successfully bumped revision number for resource d66c88c9-086f-49d8-8962-5310d248e55b (type: networks) to 1
2026-06-26 11:46:15.336 10 INFO neutron.db.ovn_revision_numbers_db [None req-fd9721f4-af32-4575-beb7-8fc63908fd75 - - - - - -] Successfully bumped revision number for resource f2d34908-b358-49e5-ae0b-76e49f3beadc (type: ports) to 4
2026-06-26 11:46:15.528 9 WARNING neutron.scheduler.dhcp_agent_scheduler [None req-b7453f19-3437-41dd-9a2a-d162db7cf233 8f06520456a4462f91aeeb617050241d 612ef398680049df94509937d9521afa - - - -] No more DHCP agents
2026-06-26 11:46:15.530 9 WARNING neutron.api.rpc.agentnotifiers.dhcp_rpc_agent_api [None req-b7453f19-3437-41dd-9a2a-d162db7cf233 8f06520456a4462f91aeeb617050241d 612ef398680049df94509937d9521afa - - - -] Unable to schedule network d66c88c9-086f-49d8-8962-5310d248e55b: no agents available; will retry on subsequent port and subnet creation events.
2026-06-26 11:46:15.596 9 INFO neutron.db.ovn_revision_numbers_db [None req-b7453f19-3437-41dd-9a2a-d162db7cf233 8f06520456a4462f91aeeb617050241d 612ef398680049df94509937d9521afa - - - -] Successfully bumped revision number for resource 790b0b00-b881-4a53-ad4a-0cf447b2df8a (type: ports) to 1
2026-06-26 11:46:15.615 9 INFO neutron.wsgi [None req-b7453f19-3437-41dd-9a2a-d162db7cf233 8f06520456a4462f91aeeb617050241d 612ef398680049df94509937d9521afa - - - -] 10.0.0.244 "POST /v2.0/networks HTTP/1.1" status: 201 len: 849 time: 0.6340325
2026-06-26 11:46:15.858 9 INFO neutron.wsgi [req-58c95fec-348d-4de6-912d-5f44c1f2a579 req-4c2aa095-ddf8-4d7e-91de-6efdfe635ce4 d3c8c3a22d5048d7b8800f1eaec0e397 64eb66a13b43434285435cfecbd18003 - - default default] 10.0.0.217 "GET /v2.0/ports?device_id=158c4afa-2720-484b-a2d6-655f4dfc3f56 HTTP/1.1" status: 200 len: 1170 time: 0.0538852
2026-06-26 11:46:15.924 9 INFO neutron.wsgi [req-58c95fec-348d-4de6-912d-5f44c1f2a579 req-38f72ca6-87fb-4489-939f-06616b77792d d3c8c3a22d5048d7b8800f1eaec0e397 64eb66a13b43434285435cfecbd18003 - - default default] 10.0.0.217 "GET /v2.0/security-groups?id=dfeec9d6-0d28-4483-a5c0-09ee7c5755b1&fields=id&fields=name HTTP/1.1" status: 200 len: 286 time: 0.0563524 /var/lib/openstack/lib/python3.10/site-packages/pycadf/identifier.py:71: UserWarning: Invalid uuid: neutron. To ensure interoperability, identifiers should be a valid uuid. warnings.warn(('Invalid uuid: %s. To ensure interoperability, '
2026-06-26 11:46:16.100 10 INFO neutron.db.ovn_revision_numbers_db [None req-f7ea7798-a1ba-4f1a-8059-d96472e88e09 df8495ed640840688305c2e7be167d6a 1ac5f51cc12349ee86486f512b35bb2a - - default default] Successfully bumped revision number for resource 02e692b5-c003-48a5-b63f-62c6a6d7755f (type: security_groups) to 1
2026-06-26 11:46:16.118 9 WARNING neutron.scheduler.dhcp_agent_scheduler [None req-e1fe3332-8c46-4c38-a89f-256f08ddad91 8f06520456a4462f91aeeb617050241d 612ef398680049df94509937d9521afa - - - -] No more DHCP agents
2026-06-26 11:46:16.119 10 INFO neutron.notifiers.nova [-] Nova event matching ['req-fcc9a348-9c04-46dc-8b95-86c650623ca9'] response: {'server_uuid': '158c4afa-2720-484b-a2d6-655f4dfc3f56', 'name': 'network-vif-plugged', 'status': 'completed', 'tag': 'f2d34908-b358-49e5-ae0b-76e49f3beadc', 'code': 200}
2026-06-26 11:46:16.119 10 INFO neutron.notifiers.nova [-] Nova event matching ['req-fcc9a348-9c04-46dc-8b95-86c650623ca9'] response: {'server_uuid': '158c4afa-2720-484b-a2d6-655f4dfc3f56', 'name': 'network-vif-plugged', 'status': 'completed', 'tag': 'f2d34908-b358-49e5-ae0b-76e49f3beadc', 'code': 200}
2026-06-26 11:46:16.121 9 WARNING neutron.api.rpc.agentnotifiers.dhcp_rpc_agent_api [None req-e1fe3332-8c46-4c38-a89f-256f08ddad91 8f06520456a4462f91aeeb617050241d 612ef398680049df94509937d9521afa - - - -] Unable to schedule network 0dda859f-05ec-45b5-b288-85329d4b6e76: no agents available; will retry on subsequent port and subnet creation events.
2026-06-26 11:46:16.126 10 INFO neutron.wsgi [None req-f7ea7798-a1ba-4f1a-8059-d96472e88e09 df8495ed640840688305c2e7be167d6a 1ac5f51cc12349ee86486f512b35bb2a - - default default] 10.0.0.244 "GET /v2.0/security-groups?tenant_id=d5a4c53cf6f24427a10c8b06b2e239ee&name=default HTTP/1.1" status: 200 len: 2996 time: 0.2897120
2026-06-26 11:46:16.154 10 INFO neutron.db.ovn_revision_numbers_db [None req-ffacb01d-219b-4aa6-8a5b-8623e4c2ccae 76bba7bb06c1460185740c75a81be78c 5a057a6e7b88416da2ad499ff4ecffdb - - - -] Successfully bumped revision number for resource f4128efd-acd0-478e-97c6-66f2e1885f9f (type: security_groups) to 1
2026-06-26 11:46:16.218 10 INFO neutron.db.segments_db [None req-ffacb01d-219b-4aa6-8a5b-8623e4c2ccae 76bba7bb06c1460185740c75a81be78c 5a057a6e7b88416da2ad499ff4ecffdb - - - -] Added segment 51dd271c-ad40-4a95-8b9c-6c38f345b49c of type geneve for network fe0af1ff-a652-4ad9-b77a-a407b8a5c9b4
2026-06-26 11:46:16.221 9 INFO neutron.db.ovn_revision_numbers_db [None req-e1fe3332-8c46-4c38-a89f-256f08ddad91 8f06520456a4462f91aeeb617050241d 612ef398680049df94509937d9521afa - - - -] Successfully bumped revision number for resource 28bc7195-5dcd-45cc-a52f-e7c718fe56fc (type: ports) to 1
2026-06-26 11:46:16.277 9 WARNING neutron.scheduler.dhcp_agent_scheduler [None req-e1fe3332-8c46-4c38-a89f-256f08ddad91 8f06520456a4462f91aeeb617050241d 612ef398680049df94509937d9521afa - - - -] No more DHCP agents
2026-06-26 11:46:16.280 9 WARNING neutron.api.rpc.agentnotifiers.dhcp_rpc_agent_api [None req-e1fe3332-8c46-4c38-a89f-256f08ddad91 8f06520456a4462f91aeeb617050241d 612ef398680049df94509937d9521afa - - - -] Unable to schedule network d66c88c9-086f-49d8-8962-5310d248e55b: no agents available; will retry on subsequent port and subnet creation events.
2026-06-26 11:46:16.373 9 INFO neutron.db.ovn_revision_numbers_db [None req-e1fe3332-8c46-4c38-a89f-256f08ddad91 8f06520456a4462f91aeeb617050241d 612ef398680049df94509937d9521afa - - - -] Successfully bumped revision number for resource 60c25dde-13af-48ae-b207-6e3217ef6487 (type: ports) to 1
2026-06-26 11:46:16.404 10 INFO neutron.db.ovn_revision_numbers_db [None req-ffacb01d-219b-4aa6-8a5b-8623e4c2ccae 76bba7bb06c1460185740c75a81be78c 5a057a6e7b88416da2ad499ff4ecffdb - - - -] Successfully bumped revision number for resource fe0af1ff-a652-4ad9-b77a-a407b8a5c9b4 (type: networks) to 1
2026-06-26 11:46:16.446 9 INFO neutron.wsgi [None req-e1fe3332-8c46-4c38-a89f-256f08ddad91 8f06520456a4462f91aeeb617050241d 612ef398680049df94509937d9521afa - - - -] 10.0.0.244 "POST /v2.0/ports HTTP/1.1" status: 201 len: 1705 time: 0.8271394
2026-06-26 11:46:16.450 9 WARNING neutron.plugins.ml2.drivers.ovn.mech_driver.ovsdb.ovn_client [None req-8d4b730d-af0f-40a8-8cce-5504e4afbfa8 - - - - - -] No hosting information found for port 9f122d10-de3c-4f11-b522-3ad2c107cec8: RuntimeError: No hosting information found for port 9f122d10-de3c-4f11-b522-3ad2c107cec8
2026-06-26 11:46:16.534 10 INFO neutron.wsgi [None req-092627ae-8d0e-42e4-b9ff-775ea494112e df8495ed640840688305c2e7be167d6a 1ac5f51cc12349ee86486f512b35bb2a - - - -] 10.0.0.244 "DELETE /v2.0/security-groups/02e692b5-c003-48a5-b63f-62c6a6d7755f HTTP/1.1" status: 204 len: 168 time: 0.4028392
2026-06-26 11:46:16.638 10 INFO neutron.wsgi [None req-a54ccd8e-3ebf-49ad-acec-81784a2ab167 8f06520456a4462f91aeeb617050241d 612ef398680049df94509937d9521afa - - default default] 10.0.0.244 "GET /v2.0/ports HTTP/1.1" status: 200 len: 3212 time: 0.1836848 /var/lib/openstack/lib/python3.10/site-packages/pycadf/identifier.py:71: UserWarning: Invalid uuid: neutron. To ensure interoperability, identifiers should be a valid uuid. warnings.warn(('Invalid uuid: %s. To ensure interoperability, '
2026-06-26 11:46:16.699 10 WARNING neutron.scheduler.dhcp_agent_scheduler [None req-ffacb01d-219b-4aa6-8a5b-8623e4c2ccae 76bba7bb06c1460185740c75a81be78c 5a057a6e7b88416da2ad499ff4ecffdb - - - -] No more DHCP agents
2026-06-26 11:46:16.703 10 WARNING neutron.api.rpc.agentnotifiers.dhcp_rpc_agent_api [None req-ffacb01d-219b-4aa6-8a5b-8623e4c2ccae 76bba7bb06c1460185740c75a81be78c 5a057a6e7b88416da2ad499ff4ecffdb - - - -] Unable to schedule network fe0af1ff-a652-4ad9-b77a-a407b8a5c9b4: no agents available; will retry on subsequent port and subnet creation events.
2026-06-26 11:46:16.788 10 INFO neutron.db.ovn_revision_numbers_db [None req-ffacb01d-219b-4aa6-8a5b-8623e4c2ccae 76bba7bb06c1460185740c75a81be78c 5a057a6e7b88416da2ad499ff4ecffdb - - - -] Successfully bumped revision number for resource 74521306-c127-46ad-b9dd-5fc224f2ab31 (type: ports) to 1
2026-06-26 11:46:16.806 10 INFO neutron.db.ovn_revision_numbers_db [None req-50812691-81e2-4dde-9520-ccbeb6d52136 df8495ed640840688305c2e7be167d6a 1ac5f51cc12349ee86486f512b35bb2a - - default default] Successfully bumped revision number for resource a47cf7e6-bdd5-47db-a923-b48cee98af0c (type: security_groups) to 1
2026-06-26 11:46:16.826 10 INFO neutron.wsgi [None req-ffacb01d-219b-4aa6-8a5b-8623e4c2ccae 76bba7bb06c1460185740c75a81be78c 5a057a6e7b88416da2ad499ff4ecffdb - - - -] 10.0.0.244 "POST /v2.0/networks HTTP/1.1" status: 201 len: 846 time: 0.8432186
2026-06-26 11:46:16.832 10 INFO neutron.wsgi [None req-50812691-81e2-4dde-9520-ccbeb6d52136 df8495ed640840688305c2e7be167d6a 1ac5f51cc12349ee86486f512b35bb2a - - default default] 10.0.0.244 "GET /v2.0/security-groups?tenant_id=dddc611dcf5c4f59931a620778dc6539&name=default HTTP/1.1" status: 200 len: 2996 time: 0.1865280
2026-06-26 11:46:16.896 9 INFO neutron.wsgi [None req-8ddf463b-1c83-4091-81f5-11b79ef3f25d 8f06520456a4462f91aeeb617050241d 612ef398680049df94509937d9521afa - - - -] 10.0.0.244 "DELETE /v2.0/ports/28bc7195-5dcd-45cc-a52f-e7c718fe56fc HTTP/1.1" status: 204 len: 168 time: 0.2531645
2026-06-26 11:46:17.101 9 INFO neutron.wsgi [req-c353f25e-02c5-4c6f-aa4f-0e19091e3da9 req-9efea516-4e7e-4758-ac92-f60f1c7d1b7d d3c8c3a22d5048d7b8800f1eaec0e397 64eb66a13b43434285435cfecbd18003 - - default default] 10.0.0.217 "GET /v2.0/ports?device_id=158c4afa-2720-484b-a2d6-655f4dfc3f56 HTTP/1.1" status: 200 len: 1170 time: 0.1048238
2026-06-26 11:46:17.122 10 INFO neutron.wsgi [None req-ce8d1a93-6162-4994-b4c4-253c32bb2a5f df8495ed640840688305c2e7be167d6a 1ac5f51cc12349ee86486f512b35bb2a - - - -] 10.0.0.244 "DELETE /v2.0/security-groups/a47cf7e6-bdd5-47db-a923-b48cee98af0c HTTP/1.1" status: 204 len: 168 time: 0.2856121
2026-06-26 11:46:17.144 9 INFO neutron.wsgi [req-c353f25e-02c5-4c6f-aa4f-0e19091e3da9 req-a590f84c-1994-441a-b456-80da48ff8a5b d3c8c3a22d5048d7b8800f1eaec0e397 64eb66a13b43434285435cfecbd18003 - - default default] 10.0.0.217 "GET /v2.0/security-groups?id=dfeec9d6-0d28-4483-a5c0-09ee7c5755b1&fields=id&fields=name HTTP/1.1" status: 200 len: 286 time: 0.0346868
2026-06-26 11:46:17.175 10 INFO neutron.wsgi [req-b79c05bd-5297-4f2d-8739-f62e0e82bf3c req-456795c7-8f20-494e-9ef2-3415c3e5d751 c3c02c2477a94e50883937a26e176a15 45ebc3d5ca9b44b8891a6a80f82018cf - - 87bcd1705dc64560863af3bcd89e4ff5 87bcd1705dc64560863af3bcd89e4ff5] 199.204.45.23 "GET /v2.0/ports?device_id=158c4afa-2720-484b-a2d6-655f4dfc3f56&fields=binding%3Ahost_id&fields=binding%3Avif_type HTTP/1.1" status: 200 len: 265 time: 0.0645132
2026-06-26 11:46:17.260 10 INFO neutron.wsgi [req-b79c05bd-5297-4f2d-8739-f62e0e82bf3c req-430d3451-d0ce-4123-a63c-6b72aa633a61 c3c02c2477a94e50883937a26e176a15 45ebc3d5ca9b44b8891a6a80f82018cf - - 87bcd1705dc64560863af3bcd89e4ff5 87bcd1705dc64560863af3bcd89e4ff5] 199.204.45.23 "GET /v2.0/ports?tenant_id=64eb66a13b43434285435cfecbd18003&device_id=158c4afa-2720-484b-a2d6-655f4dfc3f56 HTTP/1.1" status: 200 len: 1361 time: 0.0358162
2026-06-26 11:46:17.270 10 INFO neutron.wsgi [None req-1bd7e9d7-10ec-47d7-a720-f3ed9e3897a4 8f06520456a4462f91aeeb617050241d 612ef398680049df94509937d9521afa - - - -] 10.0.0.244 "DELETE /v2.0/ports/60c25dde-13af-48ae-b207-6e3217ef6487 HTTP/1.1" status: 204 len: 168 time: 0.3698430
2026-06-26 11:46:17.320 10 INFO neutron.wsgi [None req-f6abafec-3e98-43de-b029-8fba9b67979b 8f06520456a4462f91aeeb617050241d 612ef398680049df94509937d9521afa - - default default] 10.0.0.244 "GET /v2.0/ports HTTP/1.1" status: 200 len: 1718 time: 0.0414972
2026-06-26 11:46:17.352 10 INFO neutron.wsgi [req-b79c05bd-5297-4f2d-8739-f62e0e82bf3c req-0517b230-d5bf-4fd2-b958-b2a9ec4788f9 c3c02c2477a94e50883937a26e176a15 45ebc3d5ca9b44b8891a6a80f82018cf - - 87bcd1705dc64560863af3bcd89e4ff5 87bcd1705dc64560863af3bcd89e4ff5] 199.204.45.23 "GET /v2.0/networks?id=040592c6-4d20-47b3-b48d-1082c1e210a0 HTTP/1.1" status: 200 len: 975 time: 0.0730498
2026-06-26 11:46:17.389 10 INFO neutron.wsgi [req-b79c05bd-5297-4f2d-8739-f62e0e82bf3c req-5e68c18e-3917-4562-a9c6-abd26fe37f4a c3c02c2477a94e50883937a26e176a15 45ebc3d5ca9b44b8891a6a80f82018cf - - 87bcd1705dc64560863af3bcd89e4ff5 87bcd1705dc64560863af3bcd89e4ff5] 199.204.45.23 "GET /v2.0/floatingips?fixed_ip_address=10.100.0.8&port_id=f2d34908-b358-49e5-ae0b-76e49f3beadc HTTP/1.1" status: 200 len: 217 time: 0.0288620
2026-06-26 11:46:17.434 10 INFO neutron.wsgi [req-b79c05bd-5297-4f2d-8739-f62e0e82bf3c req-f4e250e0-7d9a-48d2-b1da-cefa0abd2085 c3c02c2477a94e50883937a26e176a15 45ebc3d5ca9b44b8891a6a80f82018cf - - 87bcd1705dc64560863af3bcd89e4ff5 87bcd1705dc64560863af3bcd89e4ff5] 199.204.45.23 "GET /v2.0/subnets?id=6c74adc5-63dd-421c-8ddb-129062131c2a HTTP/1.1" status: 200 len: 870 time: 0.0347314
2026-06-26 11:46:17.456 10 INFO neutron.wsgi [req-b79c05bd-5297-4f2d-8739-f62e0e82bf3c req-c240e875-faf9-4edb-983b-f26b4cdb2d3d c3c02c2477a94e50883937a26e176a15 45ebc3d5ca9b44b8891a6a80f82018cf - - 87bcd1705dc64560863af3bcd89e4ff5 87bcd1705dc64560863af3bcd89e4ff5] 199.204.45.23 "GET /v2.0/ports?network_id=040592c6-4d20-47b3-b48d-1082c1e210a0&device_owner=network%3Adhcp HTTP/1.1" status: 200 len: 210 time: 0.0166252
2026-06-26 11:46:17.481 9 INFO neutron.db.segments_db [None req-b3a1925e-6f63-41d3-87a1-8a7efdebdd11 8f06520456a4462f91aeeb617050241d 612ef398680049df94509937d9521afa - - - -] Added segment fad7c4fa-c1b4-4c08-8e12-3a29a52cc08e of type geneve for network 9685a592-50d2-47bd-a7ac-9eb03b9ff91f
2026-06-26 11:46:17.498 10 INFO neutron.plugins.ml2.drivers.ovn.mech_driver.mech_driver [None req-fd9721f4-af32-4575-beb7-8fc63908fd75 - - - - - -] OVN reports status down for port: f2d34908-b358-49e5-ae0b-76e49f3beadc
2026-06-26 11:46:17.543 10 INFO neutron.wsgi [req-b79c05bd-5297-4f2d-8739-f62e0e82bf3c req-2074fbf5-9642-4a06-91e2-2d0101926485 c3c02c2477a94e50883937a26e176a15 45ebc3d5ca9b44b8891a6a80f82018cf - - 87bcd1705dc64560863af3bcd89e4ff5 87bcd1705dc64560863af3bcd89e4ff5] 199.204.45.23 "GET /v2.0/networks/040592c6-4d20-47b3-b48d-1082c1e210a0?fields=segments HTTP/1.1" status: 200 len: 212 time: 0.0710645
2026-06-26 11:46:17.547 9 INFO neutron.wsgi [req-6c6cf40d-68ff-446a-99ad-9a896917301d req-930c8672-a17e-4511-aa1d-f901ab343532 d3c8c3a22d5048d7b8800f1eaec0e397 64eb66a13b43434285435cfecbd18003 - - default default] 10.0.0.217 "GET /v2.0/ports?device_id=158c4afa-2720-484b-a2d6-655f4dfc3f56 HTTP/1.1" status: 200 len: 1170 time: 0.0973799
2026-06-26 11:46:17.636 9 INFO neutron.wsgi [req-6c6cf40d-68ff-446a-99ad-9a896917301d req-4f725390-f798-4a8d-9ed6-22022f64336f d3c8c3a22d5048d7b8800f1eaec0e397 64eb66a13b43434285435cfecbd18003 - - default default] 10.0.0.217 "GET /v2.0/security-groups?id=dfeec9d6-0d28-4483-a5c0-09ee7c5755b1&fields=id&fields=name HTTP/1.1" status: 200 len: 286 time: 0.0826726
2026-06-26 11:46:17.865 10 INFO neutron.wsgi [req-b79c05bd-5297-4f2d-8739-f62e0e82bf3c req-049f2f31-5537-46da-8b4b-66a870093500 c3c02c2477a94e50883937a26e176a15 45ebc3d5ca9b44b8891a6a80f82018cf - - 87bcd1705dc64560863af3bcd89e4ff5 87bcd1705dc64560863af3bcd89e4ff5] 199.204.45.23 "GET /v2.0/networks/040592c6-4d20-47b3-b48d-1082c1e210a0?fields=provider%3Aphysical_network&fields=provider%3Anetwork_type HTTP/1.1" status: 200 len: 277 time: 0.3143404
2026-06-26 11:46:17.993 10 INFO neutron.db.ovn_revision_numbers_db [None req-fd9721f4-af32-4575-beb7-8fc63908fd75 - - - - - -] Successfully bumped revision number for resource f2d34908-b358-49e5-ae0b-76e49f3beadc (type: ports) to 5
2026-06-26 11:46:18.000 9 INFO neutron.db.ovn_revision_numbers_db [None req-b3a1925e-6f63-41d3-87a1-8a7efdebdd11 8f06520456a4462f91aeeb617050241d 612ef398680049df94509937d9521afa - - - -] Successfully bumped revision number for resource 9685a592-50d2-47bd-a7ac-9eb03b9ff91f (type: networks) to 1
2026-06-26 11:46:18.057 9 INFO neutron.wsgi [req-a97473c7-c593-4c84-a173-feb153c46b8c req-e37d412c-ded1-4d22-a60a-7bc39dbc4d86 d3c8c3a22d5048d7b8800f1eaec0e397 64eb66a13b43434285435cfecbd18003 - - default default] 199.204.45.23 "GET /v2.0/ports?device_id=158c4afa-2720-484b-a2d6-655f4dfc3f56 HTTP/1.1" status: 200 len: 1168 time: 0.0619938
2026-06-26 11:46:18.075 9 WARNING neutron.scheduler.dhcp_agent_scheduler [None req-620c3f93-f3c6-4b0d-a86d-7de94d28ddd5 76bba7bb06c1460185740c75a81be78c 5a057a6e7b88416da2ad499ff4ecffdb - - - -] No more DHCP agents
2026-06-26 11:46:18.088 9 WARNING neutron.api.rpc.agentnotifiers.dhcp_rpc_agent_api [None req-620c3f93-f3c6-4b0d-a86d-7de94d28ddd5 76bba7bb06c1460185740c75a81be78c 5a057a6e7b88416da2ad499ff4ecffdb - - - -] Unable to schedule network fe0af1ff-a652-4ad9-b77a-a407b8a5c9b4: no agents available; will retry on subsequent port and subnet creation events.
2026-06-26 11:46:18.125 9 INFO neutron.db.ovn_revision_numbers_db [None req-620c3f93-f3c6-4b0d-a86d-7de94d28ddd5 76bba7bb06c1460185740c75a81be78c 5a057a6e7b88416da2ad499ff4ecffdb - - - -] Successfully bumped revision number for resource db4051b7-6815-4fcf-aa9d-41128bae6139 (type: subnets) to 0
2026-06-26 11:46:18.158 9 INFO neutron.wsgi [None req-620c3f93-f3c6-4b0d-a86d-7de94d28ddd5 76bba7bb06c1460185740c75a81be78c 5a057a6e7b88416da2ad499ff4ecffdb - - - -] 10.0.0.244 "POST /v2.0/subnets HTTP/1.1" status: 201 len: 848 time: 0.8426857
2026-06-26 11:46:18.164 10 INFO neutron.notifiers.nova [-] Nova event matching ['req-5d1a8ae9-9f23-4cf8-bc37-ba647e0d1d46'] response: {'server_uuid': '158c4afa-2720-484b-a2d6-655f4dfc3f56', 'name': 'network-vif-unplugged', 'status': 'completed', 'tag': 'f2d34908-b358-49e5-ae0b-76e49f3beadc', 'code': 200}
2026-06-26 11:46:18.165 10 INFO neutron.notifiers.nova [-] Nova event matching ['req-5d1a8ae9-9f23-4cf8-bc37-ba647e0d1d46'] response: {'server_uuid': '158c4afa-2720-484b-a2d6-655f4dfc3f56', 'name': 'network-vif-plugged', 'status': 'completed', 'tag': 'f2d34908-b358-49e5-ae0b-76e49f3beadc', 'code': 200} /var/lib/openstack/lib/python3.10/site-packages/pycadf/identifier.py:71: UserWarning: Invalid uuid: neutron. To ensure interoperability, identifiers should be a valid uuid. warnings.warn(('Invalid uuid: %s. To ensure interoperability, '
2026-06-26 11:46:18.247 10 INFO neutron.db.segments_db [None req-6e5184d2-85b5-492d-b117-02ae6b0b5d13 76bba7bb06c1460185740c75a81be78c 5a057a6e7b88416da2ad499ff4ecffdb - - - -] Added segment f1d8a867-ae95-4ecd-8d4b-5fec0b444767 of type geneve for network 66de9d9b-e9bd-4638-8973-41bbc83f9091
2026-06-26 11:46:18.269 9 WARNING neutron.scheduler.dhcp_agent_scheduler [None req-b3a1925e-6f63-41d3-87a1-8a7efdebdd11 8f06520456a4462f91aeeb617050241d 612ef398680049df94509937d9521afa - - - -] No more DHCP agents
2026-06-26 11:46:18.273 9 WARNING neutron.api.rpc.agentnotifiers.dhcp_rpc_agent_api [None req-b3a1925e-6f63-41d3-87a1-8a7efdebdd11 8f06520456a4462f91aeeb617050241d 612ef398680049df94509937d9521afa - - - -] Unable to schedule network 9685a592-50d2-47bd-a7ac-9eb03b9ff91f: no agents available; will retry on subsequent port and subnet creation events.
2026-06-26 11:46:18.376 10 INFO neutron.db.ovn_revision_numbers_db [None req-6e5184d2-85b5-492d-b117-02ae6b0b5d13 76bba7bb06c1460185740c75a81be78c 5a057a6e7b88416da2ad499ff4ecffdb - - - -] Successfully bumped revision number for resource 66de9d9b-e9bd-4638-8973-41bbc83f9091 (type: networks) to 1
2026-06-26 11:46:18.384 9 INFO neutron.db.ovn_revision_numbers_db [None req-b3a1925e-6f63-41d3-87a1-8a7efdebdd11 8f06520456a4462f91aeeb617050241d 612ef398680049df94509937d9521afa - - - -] Successfully bumped revision number for resource 97396476-7caf-4897-b453-b3d330f54952 (type: ports) to 1
2026-06-26 11:46:18.422 9 INFO neutron.wsgi [None req-b3a1925e-6f63-41d3-87a1-8a7efdebdd11 8f06520456a4462f91aeeb617050241d 612ef398680049df94509937d9521afa - - - -] 10.0.0.244 "POST /v2.0/networks HTTP/1.1" status: 201 len: 849 time: 1.0947764
2026-06-26 11:46:18.520 9 INFO neutron.wsgi [None req-0b552fec-f531-40ed-8186-fe1aefad5f2f d3c8c3a22d5048d7b8800f1eaec0e397 64eb66a13b43434285435cfecbd18003 - - - -] 199.204.45.23 "DELETE /v2.0/ports/f2d34908-b358-49e5-ae0b-76e49f3beadc HTTP/1.1" status: 204 len: 173 time: 0.4550827
2026-06-26 11:46:18.544 9 INFO neutron.db.segments_db [None req-c3ea4d93-35f1-47a1-bb6e-e3ee9dd07e3c 8f06520456a4462f91aeeb617050241d 612ef398680049df94509937d9521afa - - - -] Added segment 7ad72d49-4267-4fd6-baef-bb83604e530f of type geneve for network f98b73d5-318b-4015-b202-0f97c42c8667
2026-06-26 11:46:18.556 10 WARNING neutron.scheduler.dhcp_agent_scheduler [None req-6e5184d2-85b5-492d-b117-02ae6b0b5d13 76bba7bb06c1460185740c75a81be78c 5a057a6e7b88416da2ad499ff4ecffdb - - - -] No more DHCP agents
2026-06-26 11:46:18.559 10 WARNING neutron.api.rpc.agentnotifiers.dhcp_rpc_agent_api [None req-6e5184d2-85b5-492d-b117-02ae6b0b5d13 76bba7bb06c1460185740c75a81be78c 5a057a6e7b88416da2ad499ff4ecffdb - - - -] Unable to schedule network 66de9d9b-e9bd-4638-8973-41bbc83f9091: no agents available; will retry on subsequent port and subnet creation events.
2026-06-26 11:46:18.560 9 INFO neutron.notifiers.nova [-] Nova event matching ['req-59a08b99-3707-42e8-a52f-2d41a69cd633'] response: {'server_uuid': '158c4afa-2720-484b-a2d6-655f4dfc3f56', 'name': 'network-vif-deleted', 'tag': 'f2d34908-b358-49e5-ae0b-76e49f3beadc', 'status': 'completed', 'code': 200}
2026-06-26 11:46:18.624 10 INFO neutron.db.ovn_revision_numbers_db [None req-6e5184d2-85b5-492d-b117-02ae6b0b5d13 76bba7bb06c1460185740c75a81be78c 5a057a6e7b88416da2ad499ff4ecffdb - - - -] Successfully bumped revision number for resource 9cb7b135-d6da-4db2-b794-1ca3069627b4 (type: ports) to 1
2026-06-26 11:46:18.651 10 INFO neutron.wsgi [None req-6e5184d2-85b5-492d-b117-02ae6b0b5d13 76bba7bb06c1460185740c75a81be78c 5a057a6e7b88416da2ad499ff4ecffdb - - - -] 10.0.0.244 "POST /v2.0/networks HTTP/1.1" status: 201 len: 847 time: 0.4850628
2026-06-26 11:46:18.681 9 INFO neutron.db.ovn_revision_numbers_db [None req-c3ea4d93-35f1-47a1-bb6e-e3ee9dd07e3c 8f06520456a4462f91aeeb617050241d 612ef398680049df94509937d9521afa - - - -] Successfully bumped revision number for resource f98b73d5-318b-4015-b202-0f97c42c8667 (type: networks) to 1
2026-06-26 11:46:18.740 9 INFO neutron.wsgi [req-f281fd88-9f59-40b0-b4bc-ba8066be5aed req-b4845df1-2a43-46ef-b3ee-0227e5266e54 d3c8c3a22d5048d7b8800f1eaec0e397 64eb66a13b43434285435cfecbd18003 - - default default] 10.0.0.217 "GET /v2.0/ports?device_id=158c4afa-2720-484b-a2d6-655f4dfc3f56 HTTP/1.1" status: 200 len: 210 time: 0.0268698
2026-06-26 11:46:18.862 10 INFO neutron.db.ovn_revision_numbers_db [None req-86fc1166-20d4-48fb-9fe6-ed78245e37bf 76bba7bb06c1460185740c75a81be78c 5a057a6e7b88416da2ad499ff4ecffdb - - - -] Successfully bumped revision number for resource 66de9d9b-e9bd-4638-8973-41bbc83f9091 (type: networks) to 2
2026-06-26 11:46:18.865 10 INFO neutron.wsgi [None req-86fc1166-20d4-48fb-9fe6-ed78245e37bf 76bba7bb06c1460185740c75a81be78c 5a057a6e7b88416da2ad499ff4ecffdb - - - -] 10.0.0.244 "PUT /v2.0/networks/66de9d9b-e9bd-4638-8973-41bbc83f9091 HTTP/1.1" status: 200 len: 792 time: 0.2053838
2026-06-26 11:46:18.882 9 WARNING neutron.scheduler.dhcp_agent_scheduler [None req-c3ea4d93-35f1-47a1-bb6e-e3ee9dd07e3c 8f06520456a4462f91aeeb617050241d 612ef398680049df94509937d9521afa - - - -] No more DHCP agents
2026-06-26 11:46:18.884 9 WARNING neutron.api.rpc.agentnotifiers.dhcp_rpc_agent_api [None req-c3ea4d93-35f1-47a1-bb6e-e3ee9dd07e3c 8f06520456a4462f91aeeb617050241d 612ef398680049df94509937d9521afa - - - -] Unable to schedule network f98b73d5-318b-4015-b202-0f97c42c8667: no agents available; will retry on subsequent port and subnet creation events.
2026-06-26 11:46:18.958 9 INFO neutron.db.ovn_revision_numbers_db [None req-c3ea4d93-35f1-47a1-bb6e-e3ee9dd07e3c 8f06520456a4462f91aeeb617050241d 612ef398680049df94509937d9521afa - - - -] Successfully bumped revision number for resource 3066ad4f-1174-4ba8-b759-43d8eccbfb53 (type: ports) to 1
2026-06-26 11:46:19.001 9 INFO neutron.wsgi [None req-c3ea4d93-35f1-47a1-bb6e-e3ee9dd07e3c 8f06520456a4462f91aeeb617050241d 612ef398680049df94509937d9521afa - - - -] 10.0.0.244 "POST /v2.0/networks HTTP/1.1" status: 201 len: 849 time: 0.5657611
2026-06-26 11:46:19.128 9 WARNING neutron.scheduler.dhcp_agent_scheduler [None req-48918545-7ca0-4a2e-8130-280f265bfb04 76bba7bb06c1460185740c75a81be78c 5a057a6e7b88416da2ad499ff4ecffdb - - - -] No more DHCP agents
2026-06-26 11:46:19.131 9 WARNING neutron.api.rpc.agentnotifiers.dhcp_rpc_agent_api [None req-48918545-7ca0-4a2e-8130-280f265bfb04 76bba7bb06c1460185740c75a81be78c 5a057a6e7b88416da2ad499ff4ecffdb - - - -] Unable to schedule network 66de9d9b-e9bd-4638-8973-41bbc83f9091: no agents available; will retry on subsequent port and subnet creation events.
2026-06-26 11:46:19.143 9 INFO neutron.db.ovn_revision_numbers_db [None req-48918545-7ca0-4a2e-8130-280f265bfb04 76bba7bb06c1460185740c75a81be78c 5a057a6e7b88416da2ad499ff4ecffdb - - - -] Successfully bumped revision number for resource e5932cd3-fe1e-4641-a2cc-892949628f85 (type: subnets) to 0
2026-06-26 11:46:19.158 9 INFO neutron.wsgi [None req-48918545-7ca0-4a2e-8130-280f265bfb04 76bba7bb06c1460185740c75a81be78c 5a057a6e7b88416da2ad499ff4ecffdb - - - -] 10.0.0.244 "POST /v2.0/subnets HTTP/1.1" status: 201 len: 821 time: 0.2863362
2026-06-26 11:46:19.568 10 WARNING neutron.scheduler.dhcp_agent_scheduler [None req-ad2f08e0-d300-4769-b6c9-5103beaba503 8f06520456a4462f91aeeb617050241d 612ef398680049df94509937d9521afa - - - -] No more DHCP agents
2026-06-26 11:46:19.570 10 WARNING neutron.api.rpc.agentnotifiers.dhcp_rpc_agent_api [None req-ad2f08e0-d300-4769-b6c9-5103beaba503 8f06520456a4462f91aeeb617050241d 612ef398680049df94509937d9521afa - - - -] Unable to schedule network 9685a592-50d2-47bd-a7ac-9eb03b9ff91f: no agents available; will retry on subsequent port and subnet creation events.
2026-06-26 11:46:20.020 9 INFO neutron.db.ovn_revision_numbers_db [None req-81a6ee75-0bed-4039-ba1c-35508402bcb6 76bba7bb06c1460185740c75a81be78c 5a057a6e7b88416da2ad499ff4ecffdb - - - -] Successfully bumped revision number for resource 9cb7b135-d6da-4db2-b794-1ca3069627b4 (type: ports) to 2
2026-06-26 11:46:20.077 10 INFO neutron.db.ovn_revision_numbers_db [None req-ad2f08e0-d300-4769-b6c9-5103beaba503 8f06520456a4462f91aeeb617050241d 612ef398680049df94509937d9521afa - - - -] Successfully bumped revision number for resource 97396476-7caf-4897-b453-b3d330f54952 (type: ports) to 2
2026-06-26 11:46:20.080 9 INFO neutron.db.ovn_revision_numbers_db [None req-81a6ee75-0bed-4039-ba1c-35508402bcb6 76bba7bb06c1460185740c75a81be78c 5a057a6e7b88416da2ad499ff4ecffdb - - - -] Successfully bumped revision number for resource e5932cd3-fe1e-4641-a2cc-892949628f85 (type: subnets) to 1
2026-06-26 11:46:20.083 9 INFO neutron.wsgi [None req-81a6ee75-0bed-4039-ba1c-35508402bcb6 76bba7bb06c1460185740c75a81be78c 5a057a6e7b88416da2ad499ff4ecffdb - - - -] 10.0.0.244 "PUT /v2.0/subnets/e5932cd3-fe1e-4641-a2cc-892949628f85 HTTP/1.1" status: 200 len: 826 time: 0.9191844
2026-06-26 11:46:20.092 10 INFO neutron.db.ovn_revision_numbers_db [None req-ad2f08e0-d300-4769-b6c9-5103beaba503 8f06520456a4462f91aeeb617050241d 612ef398680049df94509937d9521afa - - - -] Successfully bumped revision number for resource 63e4e114-0ab3-4452-9b17-bab662402e50 (type: subnets) to 0
2026-06-26 11:46:20.135 10 WARNING neutron.scheduler.dhcp_agent_scheduler [None req-ad2f08e0-d300-4769-b6c9-5103beaba503 8f06520456a4462f91aeeb617050241d 612ef398680049df94509937d9521afa - - - -] No more DHCP agents
2026-06-26 11:46:20.137 10 WARNING neutron.api.rpc.agentnotifiers.dhcp_rpc_agent_api [None req-ad2f08e0-d300-4769-b6c9-5103beaba503 8f06520456a4462f91aeeb617050241d 612ef398680049df94509937d9521afa - - - -] Unable to schedule network f98b73d5-318b-4015-b202-0f97c42c8667: no agents available; will retry on subsequent port and subnet creation events.
2026-06-26 11:46:20.611 10 INFO neutron.db.ovn_revision_numbers_db [None req-ad2f08e0-d300-4769-b6c9-5103beaba503 8f06520456a4462f91aeeb617050241d 612ef398680049df94509937d9521afa - - - -] Successfully bumped revision number for resource 3066ad4f-1174-4ba8-b759-43d8eccbfb53 (type: ports) to 2
2026-06-26 11:46:20.624 10 INFO neutron.db.ovn_revision_numbers_db [None req-ad2f08e0-d300-4769-b6c9-5103beaba503 8f06520456a4462f91aeeb617050241d 612ef398680049df94509937d9521afa - - - -] Successfully bumped revision number for resource 14bfb56e-3d45-467f-ac03-a9cd6b1aab6d (type: subnets) to 0
2026-06-26 11:46:20.639 10 INFO neutron.wsgi [None req-ad2f08e0-d300-4769-b6c9-5103beaba503 8f06520456a4462f91aeeb617050241d 612ef398680049df94509937d9521afa - - - -] 10.0.0.244 "POST /v2.0/subnets HTTP/1.1" status: 201 len: 1426 time: 1.6009901
2026-06-26 11:46:20.677 10 INFO neutron.wsgi [None req-c80ea5c3-6d5f-4df3-a6c0-87962a2e98a6 8f06520456a4462f91aeeb617050241d 612ef398680049df94509937d9521afa - - default default] 10.0.0.244 "GET /v2.0/subnets HTTP/1.1" status: 200 len: 2034 time: 0.0339079
2026-06-26 11:46:20.787 9 INFO neutron.services.segments.plugin [-] Segment f1d8a867-ae95-4ecd-8d4b-5fec0b444767 resource provider aggregate not found
2026-06-26 11:46:20.792 9 INFO neutron.services.segments.plugin [-] Segment f1d8a867-ae95-4ecd-8d4b-5fec0b444767 resource provider aggregate not found
2026-06-26 11:46:20.810 9 INFO neutron.services.segments.plugin [-] Segment f1d8a867-ae95-4ecd-8d4b-5fec0b444767 resource provider not found; error: Placement Client Error (4xx): {"errors": [{"status": 404, "title": "Not Found", "detail": "The resource could not be found.\n\n No resource provider with uuid f1d8a867-ae95-4ecd-8d4b-5fec0b444767 found for delete ", "request_id": "req-c59fcce6-3236-46ce-9cd8-b12bb73939bf"}]}
2026-06-26 11:46:20.816 9 INFO neutron.services.segments.plugin [-] Segment f1d8a867-ae95-4ecd-8d4b-5fec0b444767 resource provider not found; error: Placement Client Error (4xx): {"errors": [{"status": 404, "title": "Not Found", "detail": "The resource could not be found.\n\n No resource provider with uuid f1d8a867-ae95-4ecd-8d4b-5fec0b444767 found for delete ", "request_id": "req-8693d61d-0a5a-4190-a9e3-b4b56017e33e"}]}
2026-06-26 11:46:20.901 10 INFO neutron.wsgi [None req-d8db9bf4-a016-4e2b-a8c5-6c1e94ccc459 8f06520456a4462f91aeeb617050241d 612ef398680049df94509937d9521afa - - - -] 10.0.0.244 "DELETE /v2.0/subnets/63e4e114-0ab3-4452-9b17-bab662402e50 HTTP/1.1" status: 204 len: 168 time: 0.2180207
2026-06-26 11:46:21.089 9 INFO neutron.wsgi [None req-06f44692-4f5a-44c2-8523-936a7ff69d7b 76bba7bb06c1460185740c75a81be78c 5a057a6e7b88416da2ad499ff4ecffdb - - - -] 10.0.0.244 "DELETE /v2.0/networks/66de9d9b-e9bd-4638-8973-41bbc83f9091 HTTP/1.1" status: 204 len: 168 time: 1.0012498
2026-06-26 11:46:21.110 10 INFO neutron.pecan_wsgi.hooks.translation [None req-6890510e-4478-4dcd-b6e9-d769e8afdc70 76bba7bb06c1460185740c75a81be78c 5a057a6e7b88416da2ad499ff4ecffdb - - - -] DELETE failed (client error): The resource could not be found.
2026-06-26 11:46:21.113 10 INFO neutron.wsgi [None req-6890510e-4478-4dcd-b6e9-d769e8afdc70 76bba7bb06c1460185740c75a81be78c 5a057a6e7b88416da2ad499ff4ecffdb - - - -] 10.0.0.244 "DELETE /v2.0/networks/66de9d9b-e9bd-4638-8973-41bbc83f9091 HTTP/1.1" status: 404 len: 339 time: 0.0190358
2026-06-26 11:46:21.125 10 INFO neutron.wsgi [None req-ac1e97bf-eb66-43cd-ae38-a6daeda380b2 8f06520456a4462f91aeeb617050241d 612ef398680049df94509937d9521afa - - - -] 10.0.0.244 "DELETE /v2.0/subnets/14bfb56e-3d45-467f-ac03-a9cd6b1aab6d HTTP/1.1" status: 204 len: 168 time: 0.2188408
2026-06-26 11:46:21.189 10 INFO neutron.wsgi [None req-ddeecba1-5a25-4643-a9fd-f8f3fd5feb2a 76bba7bb06c1460185740c75a81be78c 5a057a6e7b88416da2ad499ff4ecffdb - - default default] 10.0.0.244 "GET /v2.0/networks?router%3Aexternal=True HTTP/1.1" status: 200 len: 845 time: 0.0673265
2026-06-26 11:46:21.199 9 INFO neutron.wsgi [None req-0d544b19-41c0-4de3-82ef-181f1837a636 8f06520456a4462f91aeeb617050241d 612ef398680049df94509937d9521afa - - default default] 10.0.0.244 "GET /v2.0/subnets HTTP/1.1" status: 200 len: 820 time: 0.0670979
2026-06-26 11:46:21.253 9 INFO neutron.db.ovn_revision_numbers_db [None req-9bbacee0-9782-444a-9b9d-c8442dd15b09 df8495ed640840688305c2e7be167d6a 1ac5f51cc12349ee86486f512b35bb2a - - default default] Successfully bumped revision number for resource 11f3392e-9e90-4c52-86a3-04db3d2dcfa2 (type: security_groups) to 1
2026-06-26 11:46:21.254 10 INFO neutron.wsgi [None req-24eb08ef-755c-478f-a15e-7f71b4844e4f 76bba7bb06c1460185740c75a81be78c 5a057a6e7b88416da2ad499ff4ecffdb - - default default] 10.0.0.244 "GET /v2.0/subnets?network_id=20f6d01b-24c3-42c0-b7fb-c84d1393658f HTTP/1.1" status: 200 len: 820 time: 0.0598650
2026-06-26 11:46:21.264 10 INFO neutron.wsgi [None req-2ce3e89c-a11f-4478-a450-e7bf99632ea1 76bba7bb06c1460185740c75a81be78c 5a057a6e7b88416da2ad499ff4ecffdb - - default default] 10.0.0.244 "GET /v2.0/extensions HTTP/1.1" status: 200 len: 16520 time: 0.0042393
2026-06-26 11:46:21.301 9 INFO neutron.wsgi [None req-9bbacee0-9782-444a-9b9d-c8442dd15b09 df8495ed640840688305c2e7be167d6a 1ac5f51cc12349ee86486f512b35bb2a - - default default] 10.0.0.244 "GET /v2.0/security-groups?tenant_id=527e16ec745f4ed182812ed9e98a3b8a&name=default HTTP/1.1" status: 200 len: 2996 time: 0.4942145
2026-06-26 11:46:21.311 9 INFO neutron.wsgi [None req-916a4d37-e583-4e85-9d65-5ebf2ab9478b df8495ed640840688305c2e7be167d6a 1ac5f51cc12349ee86486f512b35bb2a - - - -] 10.0.0.244 "PUT /v2.0/routers/67df6772-e824-42b8-a9bc-f379f6140a05/remove_router_interface HTTP/1.1" status: 200 len: 503 time: 1.4906683 /var/lib/openstack/lib/python3.10/site-packages/pycadf/identifier.py:71: UserWarning: Invalid uuid: neutron. To ensure interoperability, identifiers should be a valid uuid. warnings.warn(('Invalid uuid: %s. To ensure interoperability, '
2026-06-26 11:46:21.355 10 INFO neutron.wsgi [None req-024bbe30-a617-4d80-be75-1ff0cd90b0a8 76bba7bb06c1460185740c75a81be78c 5a057a6e7b88416da2ad499ff4ecffdb - - default default] 10.0.0.244 "GET /v2.0/networks HTTP/1.1" status: 200 len: 1507 time: 0.0842512
2026-06-26 11:46:21.426 10 INFO neutron.wsgi [None req-a4b761e8-e67e-4173-9d4b-99dc4e746c04 76bba7bb06c1460185740c75a81be78c 5a057a6e7b88416da2ad499ff4ecffdb - - default default] 10.0.0.244 "GET /v2.0/subnets HTTP/1.1" status: 200 len: 1460 time: 0.0577967
2026-06-26 11:46:21.507 10 INFO neutron.wsgi [None req-79d024bc-12e5-4d86-aeb7-cc08b74da9a8 76bba7bb06c1460185740c75a81be78c 5a057a6e7b88416da2ad499ff4ecffdb - - default default] 10.0.0.244 "GET /v2.0/networks/fe0af1ff-a652-4ad9-b77a-a407b8a5c9b4 HTTP/1.1" status: 200 len: 866 time: 0.0647540
2026-06-26 11:46:21.549 10 INFO neutron.wsgi [None req-ffff1fbb-147f-4221-bd5b-e54d6f90eba5 76bba7bb06c1460185740c75a81be78c 5a057a6e7b88416da2ad499ff4ecffdb - - default default] 10.0.0.244 "GET /v2.0/subnets/db4051b7-6815-4fcf-aa9d-41128bae6139 HTTP/1.1" status: 200 len: 843 time: 0.0308020
2026-06-26 11:46:21.584 9 INFO neutron.pecan_wsgi.hooks.translation [None req-e38c828a-a42a-48e6-99b9-71ed60a21416 76bba7bb06c1460185740c75a81be78c 5a057a6e7b88416da2ad499ff4ecffdb - - - -] DELETE failed (client error): The resource could not be found.
2026-06-26 11:46:21.588 9 INFO neutron.wsgi [None req-e38c828a-a42a-48e6-99b9-71ed60a21416 76bba7bb06c1460185740c75a81be78c 5a057a6e7b88416da2ad499ff4ecffdb - - - -] 10.0.0.244 "DELETE /v2.0/subnets/e5932cd3-fe1e-4641-a2cc-892949628f85 HTTP/1.1" status: 404 len: 337 time: 0.0287726
2026-06-26 11:46:21.613 9 INFO neutron.pecan_wsgi.hooks.translation [None req-4eb1d8af-6aa6-4659-9468-3a733f524c98 76bba7bb06c1460185740c75a81be78c 5a057a6e7b88416da2ad499ff4ecffdb - - - -] DELETE failed (client error): The resource could not be found.
2026-06-26 11:46:21.616 9 INFO neutron.wsgi [None req-4eb1d8af-6aa6-4659-9468-3a733f524c98 76bba7bb06c1460185740c75a81be78c 5a057a6e7b88416da2ad499ff4ecffdb - - - -] 10.0.0.244 "DELETE /v2.0/networks/66de9d9b-e9bd-4638-8973-41bbc83f9091 HTTP/1.1" status: 404 len: 339 time: 0.0238452
2026-06-26 11:46:21.666 10 INFO neutron.services.segments.plugin [-] Segment 7ad72d49-4267-4fd6-baef-bb83604e530f resource provider aggregate not found
2026-06-26 11:46:21.667 9 INFO neutron.wsgi [None req-923fdc8f-dc82-4d69-b34b-f04e156b2904 df8495ed640840688305c2e7be167d6a 1ac5f51cc12349ee86486f512b35bb2a - - - -] 10.0.0.244 "DELETE /v2.0/security-groups/11f3392e-9e90-4c52-86a3-04db3d2dcfa2 HTTP/1.1" status: 204 len: 168 time: 0.3544164
2026-06-26 11:46:21.673 10 INFO neutron.services.segments.plugin [-] Segment 7ad72d49-4267-4fd6-baef-bb83604e530f resource provider aggregate not found
2026-06-26 11:46:21.689 10 INFO neutron.services.segments.plugin [-] Segment 7ad72d49-4267-4fd6-baef-bb83604e530f resource provider not found; error: Placement Client Error (4xx): {"errors": [{"status": 404, "title": "Not Found", "detail": "The resource could not be found.\n\n No resource provider with uuid 7ad72d49-4267-4fd6-baef-bb83604e530f found for delete ", "request_id": "req-083832cd-e53b-43e6-89bf-1dea50f295b9"}]}
2026-06-26 11:46:21.694 10 INFO neutron.services.segments.plugin [-] Segment 7ad72d49-4267-4fd6-baef-bb83604e530f resource provider not found; error: Placement Client Error (4xx): {"errors": [{"status": 404, "title": "Not Found", "detail": "The resource could not be found.\n\n No resource provider with uuid 7ad72d49-4267-4fd6-baef-bb83604e530f found for delete ", "request_id": "req-0b567b83-70ff-4379-9f50-f0a3262078a5"}]}
2026-06-26 11:46:21.705 10 INFO neutron.wsgi [None req-b22094a6-e198-4e7c-bf61-6287820607ee 8f06520456a4462f91aeeb617050241d 612ef398680049df94509937d9521afa - - - -] 10.0.0.244 "DELETE /v2.0/networks/f98b73d5-318b-4015-b202-0f97c42c8667 HTTP/1.1" status: 204 len: 168 time: 0.5012283
2026-06-26 11:46:21.967 9 INFO neutron.wsgi [None req-c33807fd-b8c2-4555-971b-f3e20bad46b8 76bba7bb06c1460185740c75a81be78c 5a057a6e7b88416da2ad499ff4ecffdb - - - -] 10.0.0.244 "DELETE /v2.0/subnets/db4051b7-6815-4fcf-aa9d-41128bae6139 HTTP/1.1" status: 204 len: 168 time: 0.3430879
2026-06-26 11:46:22.273 9 INFO neutron.wsgi [None req-fcee4d4b-6f80-4be0-93b8-ba20553e1e18 df8495ed640840688305c2e7be167d6a 1ac5f51cc12349ee86486f512b35bb2a - - - -] 10.0.0.244 "DELETE /v2.0/routers/67df6772-e824-42b8-a9bc-f379f6140a05 HTTP/1.1" status: 204 len: 168 time: 0.9535699
2026-06-26 11:46:22.364 10 INFO neutron.wsgi [None req-6d09a730-38b6-4a58-87b1-05abf467cd54 76bba7bb06c1460185740c75a81be78c 5a057a6e7b88416da2ad499ff4ecffdb - - - -] 10.0.0.244 "DELETE /v2.0/networks/fe0af1ff-a652-4ad9-b77a-a407b8a5c9b4 HTTP/1.1" status: 204 len: 168 time: 0.3916485
2026-06-26 11:46:22.392 9 INFO neutron.wsgi [None req-90af0251-eca4-4819-ac3f-d6a23cbfcbac 8f06520456a4462f91aeeb617050241d 612ef398680049df94509937d9521afa - - - -] 10.0.0.244 "DELETE /v2.0/networks/9685a592-50d2-47bd-a7ac-9eb03b9ff91f HTTP/1.1" status: 204 len: 168 time: 0.6803620
2026-06-26 11:46:22.534 9 INFO neutron.wsgi [None req-27d9ed5f-bc80-4546-b23a-e3fd02e2050d df8495ed640840688305c2e7be167d6a 1ac5f51cc12349ee86486f512b35bb2a - - - -] 10.0.0.244 "DELETE /v2.0/subnets/6c74adc5-63dd-421c-8ddb-129062131c2a HTTP/1.1" status: 204 len: 168 time: 0.2541144
2026-06-26 11:46:22.831 9 INFO neutron.services.segments.plugin [-] Segment fad7c4fa-c1b4-4c08-8e12-3a29a52cc08e resource provider aggregate not found
2026-06-26 11:46:22.846 9 INFO neutron.services.segments.plugin [-] Segment fad7c4fa-c1b4-4c08-8e12-3a29a52cc08e resource provider aggregate not found
2026-06-26 11:46:22.851 9 INFO neutron.services.segments.plugin [-] Segment fad7c4fa-c1b4-4c08-8e12-3a29a52cc08e resource provider not found; error: Placement Client Error (4xx): {"errors": [{"status": 404, "title": "Not Found", "detail": "The resource could not be found.\n\n No resource provider with uuid fad7c4fa-c1b4-4c08-8e12-3a29a52cc08e found for delete ", "request_id": "req-e331eb7f-d904-4782-b1bc-c2b4434d6781"}]}
2026-06-26 11:46:22.875 9 INFO neutron.services.segments.plugin [-] Segment fad7c4fa-c1b4-4c08-8e12-3a29a52cc08e resource provider not found; error: Placement Client Error (4xx): {"errors": [{"status": 404, "title": "Not Found", "detail": "The resource could not be found.\n\n No resource provider with uuid fad7c4fa-c1b4-4c08-8e12-3a29a52cc08e found for delete ", "request_id": "req-311537ff-8813-4775-83e8-7efc1fe1710b"}]}
2026-06-26 11:46:22.971 9 INFO neutron.wsgi [None req-e6fd04d3-385f-430e-a8dc-9628ff724335 df8495ed640840688305c2e7be167d6a 1ac5f51cc12349ee86486f512b35bb2a - - - -] 10.0.0.244 "DELETE /v2.0/networks/040592c6-4d20-47b3-b48d-1082c1e210a0 HTTP/1.1" status: 204 len: 168 time: 0.4327755
2026-06-26 11:46:23.006 10 INFO neutron.wsgi [None req-5b99afb6-7a1e-4d94-a296-0e040e3fb481 df8495ed640840688305c2e7be167d6a 1ac5f51cc12349ee86486f512b35bb2a - - default default] 10.0.0.244 "GET /v2.0/security-groups?tenant_id=5a057a6e7b88416da2ad499ff4ecffdb&name=default HTTP/1.1" status: 200 len: 2996 time: 0.2307138
2026-06-26 11:46:23.099 10 INFO neutron.wsgi [None req-e8af05f1-9315-4a5b-98f8-c3b28fdc095a 8f06520456a4462f91aeeb617050241d 612ef398680049df94509937d9521afa - - - -] 10.0.0.244 "DELETE /v2.0/networks/d66c88c9-086f-49d8-8962-5310d248e55b HTTP/1.1" status: 204 len: 168 time: 0.7011397
2026-06-26 11:46:23.140 9 INFO neutron.wsgi [None req-388a5612-2397-4ab6-bf8a-50b46856ea6b df8495ed640840688305c2e7be167d6a 1ac5f51cc12349ee86486f512b35bb2a - - default default] 10.0.0.244 "GET /v2.0/security-groups?tenant_id=64eb66a13b43434285435cfecbd18003&name=default HTTP/1.1" status: 200 len: 2996 time: 0.0399380
2026-06-26 11:46:23.296 9 INFO neutron.wsgi [None req-76b1ccb6-5876-454e-ada5-a92c4ce1b399 df8495ed640840688305c2e7be167d6a 1ac5f51cc12349ee86486f512b35bb2a - - - -] 10.0.0.244 "DELETE /v2.0/security-groups/f4128efd-acd0-478e-97c6-66f2e1885f9f HTTP/1.1" status: 204 len: 168 time: 0.2849870
2026-06-26 11:46:23.461 9 INFO neutron.wsgi [None req-a2b4d683-1902-4d19-a0e4-76391affe551 df8495ed640840688305c2e7be167d6a 1ac5f51cc12349ee86486f512b35bb2a - - - -] 10.0.0.244 "DELETE /v2.0/security-groups/dfeec9d6-0d28-4483-a5c0-09ee7c5755b1 HTTP/1.1" status: 204 len: 168 time: 0.3151748
2026-06-26 11:46:23.675 10 INFO neutron.wsgi [None req-1ed63f88-8b1c-4932-966d-d2dee2b500ab 8f06520456a4462f91aeeb617050241d 612ef398680049df94509937d9521afa - - - -] 10.0.0.244 "DELETE /v2.0/networks/0dda859f-05ec-45b5-b288-85329d4b6e76 HTTP/1.1" status: 204 len: 168 time: 0.5658920
2026-06-26 11:46:23.714 10 INFO neutron.services.segments.plugin [-] Segment 51dd271c-ad40-4a95-8b9c-6c38f345b49c resource provider aggregate not found
2026-06-26 11:46:23.724 10 INFO neutron.services.segments.plugin [-] Segment 51dd271c-ad40-4a95-8b9c-6c38f345b49c resource provider aggregate not found
2026-06-26 11:46:23.743 10 INFO neutron.services.segments.plugin [-] Segment 51dd271c-ad40-4a95-8b9c-6c38f345b49c resource provider not found; error: Placement Client Error (4xx): {"errors": [{"status": 404, "title": "Not Found", "detail": "The resource could not be found.\n\n No resource provider with uuid 51dd271c-ad40-4a95-8b9c-6c38f345b49c found for delete ", "request_id": "req-0af6f8c6-83fc-4736-8263-312600eb0d69"}]}
2026-06-26 11:46:23.751 10 INFO neutron.services.segments.plugin [-] Segment 51dd271c-ad40-4a95-8b9c-6c38f345b49c resource provider not found; error: Placement Client Error (4xx): {"errors": [{"status": 404, "title": "Not Found", "detail": "The resource could not be found.\n\n No resource provider with uuid 51dd271c-ad40-4a95-8b9c-6c38f345b49c found for delete ", "request_id": "req-ba2e592b-e90f-49c8-8290-3fba97ed85e6"}]}
2026-06-26 11:46:23.774 10 INFO neutron.services.segments.plugin [-] Segment b542bafb-7bf1-4a9d-9d9e-a97d9eeef59b resource provider aggregate not found
2026-06-26 11:46:23.779 10 INFO neutron.services.segments.plugin [-] Segment b542bafb-7bf1-4a9d-9d9e-a97d9eeef59b resource provider aggregate not found
2026-06-26 11:46:23.793 10 INFO neutron.services.segments.plugin [-] Segment b542bafb-7bf1-4a9d-9d9e-a97d9eeef59b resource provider not found; error: Placement Client Error (4xx): {"errors": [{"status": 404, "title": "Not Found", "detail": "The resource could not be found.\n\n No resource provider with uuid b542bafb-7bf1-4a9d-9d9e-a97d9eeef59b found for delete ", "request_id": "req-aafdfca8-2235-4d9e-b52f-43e96545c1a5"}]}
2026-06-26 11:46:23.797 10 INFO neutron.services.segments.plugin [-] Segment b542bafb-7bf1-4a9d-9d9e-a97d9eeef59b resource provider not found; error: Placement Client Error (4xx): {"errors": [{"status": 404, "title": "Not Found", "detail": "The resource could not be found.\n\n No resource provider with uuid b542bafb-7bf1-4a9d-9d9e-a97d9eeef59b found for delete ", "request_id": "req-b2cb95a5-2901-445d-8a73-e52a47201732"}]}
2026-06-26 11:46:23.810 10 INFO neutron.services.segments.plugin [-] Segment 26ef5a06-54c6-407f-be70-f090b60b0358 resource provider aggregate not found
2026-06-26 11:46:23.818 10 INFO neutron.services.segments.plugin [-] Segment 26ef5a06-54c6-407f-be70-f090b60b0358 resource provider aggregate not found
2026-06-26 11:46:23.832 10 INFO neutron.services.segments.plugin [-] Segment 26ef5a06-54c6-407f-be70-f090b60b0358 resource provider not found; error: Placement Client Error (4xx): {"errors": [{"status": 404, "title": "Not Found", "detail": "The resource could not be found.\n\n No resource provider with uuid 26ef5a06-54c6-407f-be70-f090b60b0358 found for delete ", "request_id": "req-1f8bf56f-9f12-476f-80a5-f121664acf14"}]}
2026-06-26 11:46:23.836 10 INFO neutron.services.segments.plugin [-] Segment 26ef5a06-54c6-407f-be70-f090b60b0358 resource provider not found; error: Placement Client Error (4xx): {"errors": [{"status": 404, "title": "Not Found", "detail": "The resource could not be found.\n\n No resource provider with uuid 26ef5a06-54c6-407f-be70-f090b60b0358 found for delete ", "request_id": "req-e9126d1b-5a9c-4631-8373-443efa52ebb8"}]}
