2026-06-26 11:47:59.502 9 INFO neutron.wsgi [req-0be4fa51-f765-4b8a-a744-ffdbaacc3da0 req-7dbb1ce0-40ca-450d-860e-de8922e2147d 897b8d9a44544069b3424c2526498885 0806b88e2d104be687f06df814730813 - - default default] 10.0.0.217 "GET /v2.0/security-groups?id=52d3e7a0-3112-4caa-91f0-f68352561157&fields=id&fields=name HTTP/1.1" status: 200 len: 313 time: 0.1493762
2026-06-26 11:47:59.529 9 INFO neutron.wsgi [None req-f6c71b6a-6a53-43f9-93db-58daf75dd738 df8495ed640840688305c2e7be167d6a 1ac5f51cc12349ee86486f512b35bb2a - - - -] 10.0.0.244 "DELETE /v2.0/networks/5fefd4c5-8698-4462-a3e6-667f8748880e HTTP/1.1" status: 204 len: 168 time: 0.6473413 /var/lib/openstack/lib/python3.10/site-packages/pycadf/identifier.py:71: UserWarning: Invalid uuid: neutron. To ensure interoperability, identifiers should be a valid uuid. warnings.warn(('Invalid uuid: %s. To ensure interoperability, '
2026-06-26 11:47:59.610 9 INFO neutron.wsgi [req-33c33380-5fd6-44c8-9029-2d762840733f req-b679c5a2-cc7d-4d76-89db-7a666993dbd8 897b8d9a44544069b3424c2526498885 0806b88e2d104be687f06df814730813 - - default default] 10.0.0.217 "GET /v2.0/ports?device_id=f3717671-e333-42b8-a567-1f106c45f2d2 HTTP/1.1" status: 200 len: 1170 time: 0.0374787
2026-06-26 11:47:59.658 9 INFO neutron.wsgi [req-33c33380-5fd6-44c8-9029-2d762840733f req-5e1f0707-c54b-4b3c-a287-b86a93eb9c39 897b8d9a44544069b3424c2526498885 0806b88e2d104be687f06df814730813 - - default default] 10.0.0.217 "GET /v2.0/security-groups?id=52d3e7a0-3112-4caa-91f0-f68352561157&fields=id&fields=name HTTP/1.1" status: 200 len: 313 time: 0.0398147
2026-06-26 11:47:59.664 9 INFO neutron.db.ovn_revision_numbers_db [None req-253d6ce4-ee50-49c3-9d54-f160ad5dc76f c3c02c2477a94e50883937a26e176a15 45ebc3d5ca9b44b8891a6a80f82018cf - - - -] Successfully bumped revision number for resource f4b5a0fd-74f2-4672-a921-50b5634f164c (type: ports) to 2
2026-06-26 11:47:59.729 10 INFO neutron.wsgi [None req-3f28b06f-9cac-4e1c-ba92-c7b6cd8868a3 ccc724eb94f34e00baed54521244d1a1 014b41abadff44afb69b78d7b8cbd2b1 - - default default] 10.0.0.244 "GET /v2.0/ports?device_id=f3717671-e333-42b8-a567-1f106c45f2d2 HTTP/1.1" status: 200 len: 1356 time: 0.0426273
2026-06-26 11:47:59.786 10 WARNING neutron.plugins.ml2.drivers.ovn.mech_driver.ovsdb.ovn_client [None req-fd9721f4-af32-4575-beb7-8fc63908fd75 - - - - - -] No hosting information found for port 4c7d5e31-2b92-4f09-b0c6-51fa956da0d9: RuntimeError: No hosting information found for port 4c7d5e31-2b92-4f09-b0c6-51fa956da0d9
2026-06-26 11:47:59.917 10 INFO neutron.wsgi [None req-b02a4d9f-6da5-4ba6-9509-7de4971b8bdc df8495ed640840688305c2e7be167d6a 1ac5f51cc12349ee86486f512b35bb2a - - default default] 10.0.0.244 "GET /v2.0/security-groups?tenant_id=336fd326b0fb4deb820530a003a46c1b&name=default HTTP/1.1" status: 200 len: 2996 time: 0.0329473
2026-06-26 11:47:59.931 9 INFO neutron.db.ovn_revision_numbers_db [None req-253d6ce4-ee50-49c3-9d54-f160ad5dc76f c3c02c2477a94e50883937a26e176a15 45ebc3d5ca9b44b8891a6a80f82018cf - - - -] Successfully bumped revision number for resource f4b5a0fd-74f2-4672-a921-50b5634f164c (type: ports) to 2
2026-06-26 11:47:59.972 9 INFO neutron.wsgi [None req-253d6ce4-ee50-49c3-9d54-f160ad5dc76f c3c02c2477a94e50883937a26e176a15 45ebc3d5ca9b44b8891a6a80f82018cf - - - -] 199.204.45.23 "PUT /v2.0/ports/f4b5a0fd-74f2-4672-a921-50b5634f164c HTTP/1.1" status: 200 len: 1328 time: 0.9131680
2026-06-26 11:48:00.012 9 INFO neutron.notifiers.nova [-] Nova event matching ['req-fb8e7005-f646-4622-bedc-75b0002613bd'] response: {'name': 'network-changed', 'server_uuid': '277498f0-e90e-4159-a806-dd20f86c7914', 'tag': 'f4b5a0fd-74f2-4672-a921-50b5634f164c', 'status': 'completed', 'code': 200} /var/lib/openstack/lib/python3.10/site-packages/pycadf/identifier.py:71: UserWarning: Invalid uuid: neutron. To ensure interoperability, identifiers should be a valid uuid. warnings.warn(('Invalid uuid: %s. To ensure interoperability, '
2026-06-26 11:48:00.064 9 INFO neutron.wsgi [req-3b17e974-3631-404f-a9c1-62970774cb4a req-20125745-c146-4771-bd69-9795ee23f604 c3c02c2477a94e50883937a26e176a15 45ebc3d5ca9b44b8891a6a80f82018cf - - 87bcd1705dc64560863af3bcd89e4ff5 87bcd1705dc64560863af3bcd89e4ff5] 199.204.45.23 "GET /v2.0/ports?tenant_id=5a733d0ad8ad4f69966ac48556635032&device_id=277498f0-e90e-4159-a806-dd20f86c7914 HTTP/1.1" status: 200 len: 1359 time: 0.0498652
2026-06-26 11:48:00.067 9 WARNING neutron.scheduler.dhcp_agent_scheduler [None req-e07d5274-a69a-4c95-928d-26ce1a855a2d 897b8d9a44544069b3424c2526498885 0806b88e2d104be687f06df814730813 - - - -] No more DHCP agents
2026-06-26 11:48:00.069 9 WARNING neutron.api.rpc.agentnotifiers.dhcp_rpc_agent_api [None req-e07d5274-a69a-4c95-928d-26ce1a855a2d 897b8d9a44544069b3424c2526498885 0806b88e2d104be687f06df814730813 - - - -] Unable to schedule network 20f6d01b-24c3-42c0-b7fb-c84d1393658f: no agents available; will retry on subsequent port and subnet creation events.
2026-06-26 11:48:00.119 10 INFO neutron.wsgi [None req-4a065bf4-65b2-496e-ab8a-bdabeea39708 df8495ed640840688305c2e7be167d6a 1ac5f51cc12349ee86486f512b35bb2a - - - -] 10.0.0.244 "DELETE /v2.0/security-groups/f65721c3-69ed-4c66-bcff-f2a86bb86589 HTTP/1.1" status: 204 len: 168 time: 0.1945393
2026-06-26 11:48:00.305 10 INFO neutron.wsgi [None req-c2c7467b-d484-4f28-bcf4-e0e7cf3c3283 df8495ed640840688305c2e7be167d6a 1ac5f51cc12349ee86486f512b35bb2a - - default default] 10.0.0.244 "GET /v2.0/security-groups?tenant_id=60536bdac3d147bb9576879769419ec2&name=default HTTP/1.1" status: 200 len: 2996 time: 0.0272434
2026-06-26 11:48:00.408 9 INFO neutron.wsgi [req-3b17e974-3631-404f-a9c1-62970774cb4a req-7444b2c7-b615-48cc-9468-6cd8d78671a7 c3c02c2477a94e50883937a26e176a15 45ebc3d5ca9b44b8891a6a80f82018cf - - 87bcd1705dc64560863af3bcd89e4ff5 87bcd1705dc64560863af3bcd89e4ff5] 199.204.45.23 "GET /v2.0/floatingips?fixed_ip_address=10.100.0.3&port_id=f4b5a0fd-74f2-4672-a921-50b5634f164c HTTP/1.1" status: 200 len: 217 time: 0.3367603
2026-06-26 11:48:00.461 9 INFO neutron.wsgi [req-de09ab20-8e02-4cd7-822c-3ce8ffa5b6b2 req-69fbc74c-20c3-4af1-b153-49b7ba42a4c7 4735a43011f7478a89004f42ac3fc49a 5a733d0ad8ad4f69966ac48556635032 - - default default] 10.0.0.217 "GET /v2.0/ports?device_id=277498f0-e90e-4159-a806-dd20f86c7914 HTTP/1.1" status: 200 len: 1168 time: 0.0776768
2026-06-26 11:48:00.469 9 INFO neutron.wsgi [req-3b17e974-3631-404f-a9c1-62970774cb4a req-495453e3-fec5-42ec-a6b5-9ad866f40e97 c3c02c2477a94e50883937a26e176a15 45ebc3d5ca9b44b8891a6a80f82018cf - - 87bcd1705dc64560863af3bcd89e4ff5 87bcd1705dc64560863af3bcd89e4ff5] 199.204.45.23 "GET /v2.0/subnets?id=2c262440-3580-497d-8f6e-b03aad40f3bd HTTP/1.1" status: 200 len: 866 time: 0.0471580
2026-06-26 11:48:00.518 9 INFO neutron.wsgi [req-3b17e974-3631-404f-a9c1-62970774cb4a req-7a0c9c1c-7bf3-4250-af02-43e8382d607c c3c02c2477a94e50883937a26e176a15 45ebc3d5ca9b44b8891a6a80f82018cf - - 87bcd1705dc64560863af3bcd89e4ff5 87bcd1705dc64560863af3bcd89e4ff5] 199.204.45.23 "GET /v2.0/ports?network_id=18fc17c8-7e18-460b-808e-f0972ad00f78&device_owner=network%3Adhcp HTTP/1.1" status: 200 len: 210 time: 0.0408788
2026-06-26 11:48:00.522 9 INFO neutron.wsgi [req-de09ab20-8e02-4cd7-822c-3ce8ffa5b6b2 req-2fca5e37-554d-4426-a492-99803bd60359 4735a43011f7478a89004f42ac3fc49a 5a733d0ad8ad4f69966ac48556635032 - - default default] 10.0.0.217 "GET /v2.0/security-groups?id=725484f2-1164-4e9d-bdee-ae509fa48c7c&fields=id&fields=name HTTP/1.1" status: 200 len: 286 time: 0.0526812
2026-06-26 11:48:00.525 10 INFO neutron.wsgi [None req-506179fb-4d5e-4b4f-b8d7-ddff27ad9670 df8495ed640840688305c2e7be167d6a 1ac5f51cc12349ee86486f512b35bb2a - - - -] 10.0.0.244 "DELETE /v2.0/security-groups/2a2ef2ed-af98-41b8-b19e-8defdf2c087a HTTP/1.1" status: 204 len: 168 time: 0.2109239
2026-06-26 11:48:00.604 9 INFO neutron.wsgi [req-3b17e974-3631-404f-a9c1-62970774cb4a req-fe92ab7a-ecb0-465e-b4a4-2a9d1097b0fb c3c02c2477a94e50883937a26e176a15 45ebc3d5ca9b44b8891a6a80f82018cf - - 87bcd1705dc64560863af3bcd89e4ff5 87bcd1705dc64560863af3bcd89e4ff5] 199.204.45.23 "GET /v2.0/networks/18fc17c8-7e18-460b-808e-f0972ad00f78?fields=segments HTTP/1.1" status: 200 len: 212 time: 0.0808625
2026-06-26 11:48:00.698 9 INFO neutron.wsgi [req-3b17e974-3631-404f-a9c1-62970774cb4a req-51b9890f-cea9-43f3-a5a1-d651db63ac75 c3c02c2477a94e50883937a26e176a15 45ebc3d5ca9b44b8891a6a80f82018cf - - 87bcd1705dc64560863af3bcd89e4ff5 87bcd1705dc64560863af3bcd89e4ff5] 199.204.45.23 "GET /v2.0/networks/18fc17c8-7e18-460b-808e-f0972ad00f78?fields=provider%3Aphysical_network&fields=provider%3Anetwork_type HTTP/1.1" status: 200 len: 277 time: 0.0869401
2026-06-26 11:48:00.781 9 INFO neutron.wsgi [req-71e21269-ee75-4f3f-8a04-4b3722c49691 req-ab8f4651-29a6-4793-b68c-fb0aa8830fcc c3c02c2477a94e50883937a26e176a15 45ebc3d5ca9b44b8891a6a80f82018cf - - 87bcd1705dc64560863af3bcd89e4ff5 87bcd1705dc64560863af3bcd89e4ff5] 199.204.45.23 "GET /v2.0/ports?tenant_id=5a733d0ad8ad4f69966ac48556635032&device_id=277498f0-e90e-4159-a806-dd20f86c7914 HTTP/1.1" status: 200 len: 1359 time: 0.0400925
2026-06-26 11:48:00.863 9 INFO neutron.wsgi [req-71e21269-ee75-4f3f-8a04-4b3722c49691 req-c91aa8d7-9055-40eb-8d50-9ffbe2b7a755 c3c02c2477a94e50883937a26e176a15 45ebc3d5ca9b44b8891a6a80f82018cf - - 87bcd1705dc64560863af3bcd89e4ff5 87bcd1705dc64560863af3bcd89e4ff5] 199.204.45.23 "GET /v2.0/networks?id=18fc17c8-7e18-460b-808e-f0972ad00f78 HTTP/1.1" status: 200 len: 971 time: 0.0771489
2026-06-26 11:48:00.901 10 INFO neutron.plugins.ml2.drivers.ovn.mech_driver.mech_driver [None req-fd9721f4-af32-4575-beb7-8fc63908fd75 - - - - - -] OVN reports status up for port: f4b5a0fd-74f2-4672-a921-50b5634f164c
2026-06-26 11:48:00.907 9 INFO neutron.wsgi [req-71e21269-ee75-4f3f-8a04-4b3722c49691 req-344f1fdf-4e27-4480-954a-ae1f45a63381 c3c02c2477a94e50883937a26e176a15 45ebc3d5ca9b44b8891a6a80f82018cf - - 87bcd1705dc64560863af3bcd89e4ff5 87bcd1705dc64560863af3bcd89e4ff5] 199.204.45.23 "GET /v2.0/floatingips?fixed_ip_address=10.100.0.3&port_id=f4b5a0fd-74f2-4672-a921-50b5634f164c HTTP/1.1" status: 200 len: 217 time: 0.0349224
2026-06-26 11:48:00.917 10 INFO neutron.plugins.ml2.plugin [None req-fd9721f4-af32-4575-beb7-8fc63908fd75 - - - - - -] Attempt 1 to provision port f4b5a0fd-74f2-4672-a921-50b5634f164c
2026-06-26 11:48:00.978 9 INFO neutron.wsgi [req-71e21269-ee75-4f3f-8a04-4b3722c49691 req-71d9a66d-4fa5-488e-ab3e-67b895ce54e1 c3c02c2477a94e50883937a26e176a15 45ebc3d5ca9b44b8891a6a80f82018cf - - 87bcd1705dc64560863af3bcd89e4ff5 87bcd1705dc64560863af3bcd89e4ff5] 199.204.45.23 "GET /v2.0/subnets?id=2c262440-3580-497d-8f6e-b03aad40f3bd HTTP/1.1" status: 200 len: 866 time: 0.0475781
2026-06-26 11:48:01.013 9 INFO neutron.wsgi [req-71e21269-ee75-4f3f-8a04-4b3722c49691 req-4da2513e-7d7d-4928-8d63-3c4ce1cbf999 c3c02c2477a94e50883937a26e176a15 45ebc3d5ca9b44b8891a6a80f82018cf - - 87bcd1705dc64560863af3bcd89e4ff5 87bcd1705dc64560863af3bcd89e4ff5] 199.204.45.23 "GET /v2.0/ports?network_id=18fc17c8-7e18-460b-808e-f0972ad00f78&device_owner=network%3Adhcp HTTP/1.1" status: 200 len: 210 time: 0.0263920
2026-06-26 11:48:01.016 9 INFO neutron.db.l3_db [None req-e07d5274-a69a-4c95-928d-26ce1a855a2d 897b8d9a44544069b3424c2526498885 0806b88e2d104be687f06df814730813 - - - -] Floating IP 2be0e194-80be-4ac5-91cc-66fd8569f6dd associated. External IP: 10.96.250.206, port: 8781c4a1-e5a1-41f6-9ed6-ccc4c779bdee.
2026-06-26 11:48:01.051 10 INFO neutron.notifiers.nova [-] Nova event matching ['req-380ef81b-5351-4f5e-a45a-6364e58be3a4'] response: {'server_uuid': '277498f0-e90e-4159-a806-dd20f86c7914', 'name': 'network-vif-plugged', 'status': 'completed', 'tag': 'f4b5a0fd-74f2-4672-a921-50b5634f164c', 'code': 200}
2026-06-26 11:48:01.110 9 INFO neutron.wsgi [req-71e21269-ee75-4f3f-8a04-4b3722c49691 req-a9b9a547-c0ff-40ee-9853-4b5856a9cb3f c3c02c2477a94e50883937a26e176a15 45ebc3d5ca9b44b8891a6a80f82018cf - - 87bcd1705dc64560863af3bcd89e4ff5 87bcd1705dc64560863af3bcd89e4ff5] 199.204.45.23 "GET /v2.0/networks/18fc17c8-7e18-460b-808e-f0972ad00f78?fields=segments HTTP/1.1" status: 200 len: 212 time: 0.0918384
2026-06-26 11:48:01.209 10 INFO neutron.db.ovn_revision_numbers_db [None req-fd9721f4-af32-4575-beb7-8fc63908fd75 - - - - - -] Successfully bumped revision number for resource f4b5a0fd-74f2-4672-a921-50b5634f164c (type: ports) to 4
2026-06-26 11:48:01.216 9 INFO neutron.wsgi [req-71e21269-ee75-4f3f-8a04-4b3722c49691 req-27f38c5e-f60a-4b67-ae82-de8d16bb88f6 c3c02c2477a94e50883937a26e176a15 45ebc3d5ca9b44b8891a6a80f82018cf - - 87bcd1705dc64560863af3bcd89e4ff5 87bcd1705dc64560863af3bcd89e4ff5] 199.204.45.23 "GET /v2.0/networks/18fc17c8-7e18-460b-808e-f0972ad00f78?fields=provider%3Aphysical_network&fields=provider%3Anetwork_type HTTP/1.1" status: 200 len: 277 time: 0.0959411
2026-06-26 11:48:01.284 9 INFO neutron.db.ovn_revision_numbers_db [None req-e07d5274-a69a-4c95-928d-26ce1a855a2d 897b8d9a44544069b3424c2526498885 0806b88e2d104be687f06df814730813 - - - -] Successfully bumped revision number for resource 2be0e194-80be-4ac5-91cc-66fd8569f6dd (type: floatingips) to 0
2026-06-26 11:48:01.375 9 INFO neutron.db.ovn_revision_numbers_db [None req-e07d5274-a69a-4c95-928d-26ce1a855a2d 897b8d9a44544069b3424c2526498885 0806b88e2d104be687f06df814730813 - - - -] Successfully bumped revision number for resource 2be0e194-80be-4ac5-91cc-66fd8569f6dd (type: floatingips) to 1
2026-06-26 11:48:01.420 9 INFO neutron.wsgi [None req-e07d5274-a69a-4c95-928d-26ce1a855a2d 897b8d9a44544069b3424c2526498885 0806b88e2d104be687f06df814730813 - - - -] 10.0.0.244 "POST /v2.0/floatingips HTTP/1.1" status: 201 len: 1054 time: 1.6862130 /var/lib/openstack/lib/python3.10/site-packages/pycadf/identifier.py:71: UserWarning: Invalid uuid: neutron. To ensure interoperability, identifiers should be a valid uuid. warnings.warn(('Invalid uuid: %s. To ensure interoperability, '
2026-06-26 11:48:01.477 9 INFO neutron.wsgi [None req-bc717a8f-fbd2-4fab-81ee-8bf0b1b5d93e 897b8d9a44544069b3424c2526498885 0806b88e2d104be687f06df814730813 - - default default] 10.0.0.244 "GET /v2.0/floatingips/2be0e194-80be-4ac5-91cc-66fd8569f6dd HTTP/1.1" status: 200 len: 1051 time: 0.0492373
2026-06-26 11:48:01.630 9 INFO neutron.wsgi [req-ae8dc529-6cf6-4829-abba-16380dbe9916 req-353ebc78-5f4e-4b88-834c-01b338e99c03 4735a43011f7478a89004f42ac3fc49a 5a733d0ad8ad4f69966ac48556635032 - - default default] 10.0.0.217 "GET /v2.0/ports?device_id=277498f0-e90e-4159-a806-dd20f86c7914 HTTP/1.1" status: 200 len: 1170 time: 0.0438440
2026-06-26 11:48:01.696 9 INFO neutron.wsgi [req-ae8dc529-6cf6-4829-abba-16380dbe9916 req-a9014259-3829-44f6-84ca-207441a27322 4735a43011f7478a89004f42ac3fc49a 5a733d0ad8ad4f69966ac48556635032 - - default default] 10.0.0.217 "GET /v2.0/security-groups?id=725484f2-1164-4e9d-bdee-ae509fa48c7c&fields=id&fields=name HTTP/1.1" status: 200 len: 286 time: 0.0580046
2026-06-26 11:48:02.051 9 INFO neutron.notifiers.nova [-] Nova event matching ['req-4d1f06d9-b25f-425f-9a7f-eddf35331f1b'] response: {'name': 'network-changed', 'server_uuid': 'f3717671-e333-42b8-a567-1f106c45f2d2', 'tag': '8781c4a1-e5a1-41f6-9ed6-ccc4c779bdee', 'status': 'completed', 'code': 200}
2026-06-26 11:48:02.100 9 INFO neutron.wsgi [req-740d2b46-d180-4e29-b938-c263fc4e6506 req-bbfe59cd-de75-4257-a2a0-624ab16a17a5 c3c02c2477a94e50883937a26e176a15 45ebc3d5ca9b44b8891a6a80f82018cf - - 87bcd1705dc64560863af3bcd89e4ff5 87bcd1705dc64560863af3bcd89e4ff5] 199.204.45.23 "GET /v2.0/ports?tenant_id=0806b88e2d104be687f06df814730813&device_id=f3717671-e333-42b8-a567-1f106c45f2d2 HTTP/1.1" status: 200 len: 1361 time: 0.0309877
2026-06-26 11:48:02.188 9 INFO neutron.wsgi [req-740d2b46-d180-4e29-b938-c263fc4e6506 req-0fe15615-5442-42c9-9536-3d48a0e9dcbb c3c02c2477a94e50883937a26e176a15 45ebc3d5ca9b44b8891a6a80f82018cf - - 87bcd1705dc64560863af3bcd89e4ff5 87bcd1705dc64560863af3bcd89e4ff5] 199.204.45.23 "GET /v2.0/networks?id=e76511ed-d6c2-403c-af08-94df8687f29d HTTP/1.1" status: 200 len: 959 time: 0.0821195
2026-06-26 11:48:02.259 9 INFO neutron.wsgi [req-740d2b46-d180-4e29-b938-c263fc4e6506 req-eaedbf80-8f42-4ea5-86f1-b18b31e52e7f c3c02c2477a94e50883937a26e176a15 45ebc3d5ca9b44b8891a6a80f82018cf - - 87bcd1705dc64560863af3bcd89e4ff5 87bcd1705dc64560863af3bcd89e4ff5] 199.204.45.23 "GET /v2.0/floatingips?fixed_ip_address=10.100.0.4&port_id=8781c4a1-e5a1-41f6-9ed6-ccc4c779bdee HTTP/1.1" status: 200 len: 1059 time: 0.0627611
2026-06-26 11:48:02.308 9 INFO neutron.wsgi [req-740d2b46-d180-4e29-b938-c263fc4e6506 req-61e0ba10-6f70-4157-a695-11a26946ba29 c3c02c2477a94e50883937a26e176a15 45ebc3d5ca9b44b8891a6a80f82018cf - - 87bcd1705dc64560863af3bcd89e4ff5 87bcd1705dc64560863af3bcd89e4ff5] 199.204.45.23 "GET /v2.0/subnets?id=7ab910e9-afc9-4dba-8198-154876ee469a HTTP/1.1" status: 200 len: 853 time: 0.0422499
2026-06-26 11:48:02.340 9 INFO neutron.wsgi [req-740d2b46-d180-4e29-b938-c263fc4e6506 req-6342300f-82f7-4869-9239-053832e80f6b c3c02c2477a94e50883937a26e176a15 45ebc3d5ca9b44b8891a6a80f82018cf - - 87bcd1705dc64560863af3bcd89e4ff5 87bcd1705dc64560863af3bcd89e4ff5] 199.204.45.23 "GET /v2.0/ports?network_id=e76511ed-d6c2-403c-af08-94df8687f29d&device_owner=network%3Adhcp HTTP/1.1" status: 200 len: 210 time: 0.0234659
2026-06-26 11:48:02.410 9 INFO neutron.wsgi [req-740d2b46-d180-4e29-b938-c263fc4e6506 req-5b98b04e-6fba-4c74-b561-d9e5f6ebc3d6 c3c02c2477a94e50883937a26e176a15 45ebc3d5ca9b44b8891a6a80f82018cf - - 87bcd1705dc64560863af3bcd89e4ff5 87bcd1705dc64560863af3bcd89e4ff5] 199.204.45.23 "GET /v2.0/networks/e76511ed-d6c2-403c-af08-94df8687f29d?fields=segments HTTP/1.1" status: 200 len: 212 time: 0.0618224
2026-06-26 11:48:02.474 9 INFO neutron.wsgi [req-740d2b46-d180-4e29-b938-c263fc4e6506 req-281538ef-35bb-4f9e-8760-bddd0938a099 c3c02c2477a94e50883937a26e176a15 45ebc3d5ca9b44b8891a6a80f82018cf - - 87bcd1705dc64560863af3bcd89e4ff5 87bcd1705dc64560863af3bcd89e4ff5] 199.204.45.23 "GET /v2.0/networks/e76511ed-d6c2-403c-af08-94df8687f29d?fields=provider%3Aphysical_network&fields=provider%3Anetwork_type HTTP/1.1" status: 200 len: 277 time: 0.0542450
2026-06-26 11:48:02.834 9 INFO neutron.wsgi [req-ddf7ecad-937f-4a97-9114-d6a70a6f38ee req-ed39e121-3e0c-4a47-9e6d-119da0970db1 4735a43011f7478a89004f42ac3fc49a 5a733d0ad8ad4f69966ac48556635032 - - default default] 10.0.0.217 "GET /v2.0/ports?device_id=277498f0-e90e-4159-a806-dd20f86c7914 HTTP/1.1" status: 200 len: 1170 time: 0.0846465
2026-06-26 11:48:02.879 9 INFO neutron.wsgi [req-ddf7ecad-937f-4a97-9114-d6a70a6f38ee req-0398000c-478b-4c1e-b589-f98dee65bef4 4735a43011f7478a89004f42ac3fc49a 5a733d0ad8ad4f69966ac48556635032 - - default default] 10.0.0.217 "GET /v2.0/security-groups?id=725484f2-1164-4e9d-bdee-ae509fa48c7c&fields=id&fields=name HTTP/1.1" status: 200 len: 286 time: 0.0370572
2026-06-26 11:48:03.093 10 INFO neutron.notifiers.nova [-] Nova event matching ['req-90ec2cd4-765f-418b-add1-7813af00e641'] response: {'server_uuid': '277498f0-e90e-4159-a806-dd20f86c7914', 'name': 'network-vif-plugged', 'status': 'completed', 'tag': 'f4b5a0fd-74f2-4672-a921-50b5634f164c', 'code': 200}
2026-06-26 11:48:04.013 9 INFO neutron.wsgi [req-9962abc5-f8dc-4d04-9652-c8e0dc641abd req-f7a9e77b-7c17-4ed6-9e54-400a85bf4ee9 4735a43011f7478a89004f42ac3fc49a 5a733d0ad8ad4f69966ac48556635032 - - default default] 10.0.0.217 "GET /v2.0/ports?device_id=277498f0-e90e-4159-a806-dd20f86c7914 HTTP/1.1" status: 200 len: 1170 time: 0.0349636
2026-06-26 11:48:04.056 9 INFO neutron.wsgi [req-9962abc5-f8dc-4d04-9652-c8e0dc641abd req-c85d2c9f-b309-40ef-a1c6-964d5ddfc765 4735a43011f7478a89004f42ac3fc49a 5a733d0ad8ad4f69966ac48556635032 - - default default] 10.0.0.217 "GET /v2.0/security-groups?id=725484f2-1164-4e9d-bdee-ae509fa48c7c&fields=id&fields=name HTTP/1.1" status: 200 len: 286 time: 0.0391936
2026-06-26 11:48:04.580 10 INFO neutron.plugins.ml2.drivers.ovn.mech_driver.mech_driver [None req-fd9721f4-af32-4575-beb7-8fc63908fd75 - - - - - -] OVN reports status down for port: f4b5a0fd-74f2-4672-a921-50b5634f164c
2026-06-26 11:48:04.588 9 INFO neutron.wsgi [req-eeb40a0b-d4cd-42fb-8021-a1c7300bdb2b req-7f3f494b-be5b-48ec-b0b8-b37b1f69d3f8 4735a43011f7478a89004f42ac3fc49a 5a733d0ad8ad4f69966ac48556635032 - - default default] 10.0.0.217 "GET /v2.0/ports?device_id=277498f0-e90e-4159-a806-dd20f86c7914 HTTP/1.1" status: 200 len: 1170 time: 0.0425017
2026-06-26 11:48:04.622 9 INFO neutron.wsgi [req-eeb40a0b-d4cd-42fb-8021-a1c7300bdb2b req-67713c64-5a13-4220-bfce-bc86d93c11c2 4735a43011f7478a89004f42ac3fc49a 5a733d0ad8ad4f69966ac48556635032 - - default default] 10.0.0.217 "GET /v2.0/security-groups?id=725484f2-1164-4e9d-bdee-ae509fa48c7c&fields=id&fields=name HTTP/1.1" status: 200 len: 286 time: 0.0292087
2026-06-26 11:48:04.825 10 INFO neutron.db.ovn_revision_numbers_db [None req-fd9721f4-af32-4575-beb7-8fc63908fd75 - - - - - -] Successfully bumped revision number for resource f4b5a0fd-74f2-4672-a921-50b5634f164c (type: ports) to 5
2026-06-26 11:48:04.890 9 INFO neutron.wsgi [req-43fe998f-f5f0-45bc-994e-1dcb78a95162 req-3b796da2-655d-46cd-97cf-3beb94f6f639 4735a43011f7478a89004f42ac3fc49a 5a733d0ad8ad4f69966ac48556635032 - - default default] 199.204.45.23 "GET /v2.0/ports?device_id=277498f0-e90e-4159-a806-dd20f86c7914 HTTP/1.1" status: 200 len: 1168 time: 0.0480514
2026-06-26 11:48:05.133 10 INFO neutron.notifiers.nova [-] Nova event matching ['req-8b2d9fe6-0875-4e0d-a93f-3c9f2dcb20f7'] response: {'server_uuid': '277498f0-e90e-4159-a806-dd20f86c7914', 'name': 'network-vif-unplugged', 'status': 'completed', 'tag': 'f4b5a0fd-74f2-4672-a921-50b5634f164c', 'code': 200}
2026-06-26 11:48:05.134 10 INFO neutron.notifiers.nova [-] Nova event matching ['req-8b2d9fe6-0875-4e0d-a93f-3c9f2dcb20f7'] response: {'server_uuid': '277498f0-e90e-4159-a806-dd20f86c7914', 'name': 'network-vif-plugged', 'status': 'completed', 'tag': 'f4b5a0fd-74f2-4672-a921-50b5634f164c', 'code': 200}
2026-06-26 11:48:05.238 9 INFO neutron.wsgi [None req-eeed04ae-a050-4940-ad62-ba79d552d0cf 4735a43011f7478a89004f42ac3fc49a 5a733d0ad8ad4f69966ac48556635032 - - - -] 199.204.45.23 "DELETE /v2.0/ports/f4b5a0fd-74f2-4672-a921-50b5634f164c HTTP/1.1" status: 204 len: 173 time: 0.3419290
2026-06-26 11:48:05.276 9 INFO neutron.notifiers.nova [-] Nova event matching ['req-19999184-9cca-4c63-89cb-210d257fff12'] response: {'server_uuid': '277498f0-e90e-4159-a806-dd20f86c7914', 'name': 'network-vif-deleted', 'tag': 'f4b5a0fd-74f2-4672-a921-50b5634f164c', 'status': 'completed', 'code': 200}
2026-06-26 11:48:08.055 9 INFO neutron.wsgi [req-6b6d929f-d250-494e-944d-df44fec9aa42 req-6c0dad8a-1825-4347-b0ef-80a6bc310009 c3c02c2477a94e50883937a26e176a15 45ebc3d5ca9b44b8891a6a80f82018cf - - 87bcd1705dc64560863af3bcd89e4ff5 87bcd1705dc64560863af3bcd89e4ff5] 10.0.0.248 "GET /v2.0/ports?device_id=f3717671-e333-42b8-a567-1f106c45f2d2 HTTP/1.1" status: 200 len: 1361 time: 0.0443676
2026-06-26 11:48:08.105 9 INFO neutron.wsgi [req-6b6d929f-d250-494e-944d-df44fec9aa42 req-a2d7997e-af2b-463b-bdb6-74ae6cdc61d6 c3c02c2477a94e50883937a26e176a15 45ebc3d5ca9b44b8891a6a80f82018cf - - 87bcd1705dc64560863af3bcd89e4ff5 87bcd1705dc64560863af3bcd89e4ff5] 10.0.0.248 "GET /v2.0/security-groups?id=52d3e7a0-3112-4caa-91f0-f68352561157&fields=id&fields=name HTTP/1.1" status: 200 len: 313 time: 0.0341880
2026-06-26 11:48:08.204 9 INFO neutron.wsgi [None req-5b6df2d5-6865-4145-a874-96edb2d6ab4f df8495ed640840688305c2e7be167d6a 1ac5f51cc12349ee86486f512b35bb2a - - - -] 10.0.0.244 "PUT /v2.0/routers/a7836e8a-edf9-4e5e-bff0-ff3b2ec29890/remove_router_interface HTTP/1.1" status: 200 len: 503 time: 1.3263483 /var/lib/openstack/lib/python3.10/site-packages/pycadf/identifier.py:71: UserWarning: Invalid uuid: neutron. To ensure interoperability, identifiers should be a valid uuid. warnings.warn(('Invalid uuid: %s. To ensure interoperability, '
2026-06-26 11:48:09.154 10 INFO neutron.wsgi [None req-5844c355-ebd4-4505-8f78-d7b76139563e df8495ed640840688305c2e7be167d6a 1ac5f51cc12349ee86486f512b35bb2a - - - -] 10.0.0.244 "DELETE /v2.0/routers/a7836e8a-edf9-4e5e-bff0-ff3b2ec29890 HTTP/1.1" status: 204 len: 168 time: 0.9446774
2026-06-26 11:48:09.422 10 INFO neutron.wsgi [None req-a430a77e-5bdb-4eb2-bb33-a5148e462d90 df8495ed640840688305c2e7be167d6a 1ac5f51cc12349ee86486f512b35bb2a - - - -] 10.0.0.244 "DELETE /v2.0/subnets/2c262440-3580-497d-8f6e-b03aad40f3bd HTTP/1.1" status: 204 len: 168 time: 0.2625775 /var/lib/openstack/lib/python3.10/site-packages/pycadf/identifier.py:71: UserWarning: Invalid uuid: neutron. To ensure interoperability, identifiers should be a valid uuid. warnings.warn(('Invalid uuid: %s. To ensure interoperability, '
2026-06-26 11:48:09.846 9 INFO neutron.services.segments.plugin [-] Segment 5a52a7e0-c6b0-454d-a93b-98bc215959a2 resource provider aggregate not found
2026-06-26 11:48:09.851 9 INFO neutron.services.segments.plugin [-] Segment 5a52a7e0-c6b0-454d-a93b-98bc215959a2 resource provider aggregate not found
2026-06-26 11:48:09.861 9 INFO neutron.services.segments.plugin [-] Segment 5a52a7e0-c6b0-454d-a93b-98bc215959a2 resource provider not found; error: Placement Client Error (4xx): {"errors": [{"status": 404, "title": "Not Found", "detail": "The resource could not be found.\n\n No resource provider with uuid 5a52a7e0-c6b0-454d-a93b-98bc215959a2 found for delete ", "request_id": "req-9817eae3-8fab-448d-84bc-984a01675671"}]}
2026-06-26 11:48:09.873 9 INFO neutron.services.segments.plugin [-] Segment 5a52a7e0-c6b0-454d-a93b-98bc215959a2 resource provider not found; error: Placement Client Error (4xx): {"errors": [{"status": 404, "title": "Not Found", "detail": "The resource could not be found.\n\n No resource provider with uuid 5a52a7e0-c6b0-454d-a93b-98bc215959a2 found for delete ", "request_id": "req-2acb4581-d570-4cd4-81e1-18e8147157a6"}]}
2026-06-26 11:48:09.906 9 INFO neutron.wsgi [None req-1b964cb7-04c1-4e25-aca5-b2996ccb67d0 df8495ed640840688305c2e7be167d6a 1ac5f51cc12349ee86486f512b35bb2a - - - -] 10.0.0.244 "DELETE /v2.0/networks/18fc17c8-7e18-460b-808e-f0972ad00f78 HTTP/1.1" status: 204 len: 168 time: 0.4769325
2026-06-26 11:48:10.087 9 INFO neutron.db.ovn_revision_numbers_db [None req-a0fd5b11-bcad-4f6b-8100-3e60e0032f63 3e172f53c5d54009a699507cbda97924 e9d86c455ad0447f9e833d742f3b528a - - - -] Successfully bumped revision number for resource b2100dc2-55ca-4f60-bb8c-ad96aea7ab5d (type: security_groups) to 1
2026-06-26 11:48:10.121 10 INFO neutron.wsgi [None req-53a92aa1-280b-4a87-9a35-4bc75581e2b4 df8495ed640840688305c2e7be167d6a 1ac5f51cc12349ee86486f512b35bb2a - - default default] 10.0.0.244 "GET /v2.0/security-groups?tenant_id=5a733d0ad8ad4f69966ac48556635032&name=default HTTP/1.1" status: 200 len: 2996 time: 0.0289545
2026-06-26 11:48:10.151 9 INFO neutron.db.segments_db [None req-a0fd5b11-bcad-4f6b-8100-3e60e0032f63 3e172f53c5d54009a699507cbda97924 e9d86c455ad0447f9e833d742f3b528a - - - -] Added segment 1a3e0094-8bb2-4f77-a0dd-c64c869f6fc4 of type geneve for network 4fdc7949-8564-476d-9a0a-b7cc4a556f68
2026-06-26 11:48:10.283 9 INFO neutron.db.ovn_revision_numbers_db [None req-a0fd5b11-bcad-4f6b-8100-3e60e0032f63 3e172f53c5d54009a699507cbda97924 e9d86c455ad0447f9e833d742f3b528a - - - -] Successfully bumped revision number for resource 4fdc7949-8564-476d-9a0a-b7cc4a556f68 (type: networks) to 1
2026-06-26 11:48:10.303 10 INFO neutron.wsgi [None req-c9ada045-2eb2-41a0-b11c-3243070e4d22 df8495ed640840688305c2e7be167d6a 1ac5f51cc12349ee86486f512b35bb2a - - - -] 10.0.0.244 "DELETE /v2.0/security-groups/725484f2-1164-4e9d-bdee-ae509fa48c7c HTTP/1.1" status: 204 len: 168 time: 0.1774530
2026-06-26 11:48:10.385 10 INFO neutron.wsgi [None req-5857c047-98e4-406f-ab67-07df82e6801b ccc724eb94f34e00baed54521244d1a1 014b41abadff44afb69b78d7b8cbd2b1 - - default default] 10.0.0.244 "GET /v2.0/ports?project_id=0806b88e2d104be687f06df814730813&network_id=e76511ed-d6c2-403c-af08-94df8687f29d HTTP/1.1" status: 200 len: 3462 time: 0.0656805
2026-06-26 11:48:10.502 9 WARNING neutron.scheduler.dhcp_agent_scheduler [None req-a0fd5b11-bcad-4f6b-8100-3e60e0032f63 3e172f53c5d54009a699507cbda97924 e9d86c455ad0447f9e833d742f3b528a - - - -] No more DHCP agents
2026-06-26 11:48:10.505 9 WARNING neutron.api.rpc.agentnotifiers.dhcp_rpc_agent_api [None req-a0fd5b11-bcad-4f6b-8100-3e60e0032f63 3e172f53c5d54009a699507cbda97924 e9d86c455ad0447f9e833d742f3b528a - - - -] Unable to schedule network 4fdc7949-8564-476d-9a0a-b7cc4a556f68: no agents available; will retry on subsequent port and subnet creation events.
2026-06-26 11:48:10.572 9 INFO neutron.db.ovn_revision_numbers_db [None req-a0fd5b11-bcad-4f6b-8100-3e60e0032f63 3e172f53c5d54009a699507cbda97924 e9d86c455ad0447f9e833d742f3b528a - - - -] Successfully bumped revision number for resource c7466431-8453-4add-83de-ec0cc7ff8c6d (type: ports) to 1
2026-06-26 11:48:10.595 9 INFO neutron.wsgi [None req-a0fd5b11-bcad-4f6b-8100-3e60e0032f63 3e172f53c5d54009a699507cbda97924 e9d86c455ad0447f9e833d742f3b528a - - - -] 10.0.0.244 "POST /v2.0/networks HTTP/1.1" status: 201 len: 838 time: 0.7854199
2026-06-26 11:48:10.679 9 INFO neutron.wsgi [None req-9ff81a3d-f038-4774-94ce-3d88e335ee96 ccc724eb94f34e00baed54521244d1a1 014b41abadff44afb69b78d7b8cbd2b1 - - default default] 10.0.0.244 "GET /v2.0/subnets?network_id=20f6d01b-24c3-42c0-b7fb-c84d1393658f HTTP/1.1" status: 200 len: 838 time: 0.0477023
2026-06-26 11:48:10.886 10 WARNING neutron.scheduler.dhcp_agent_scheduler [None req-d2d6207c-83e6-4be4-aad8-f065878b65d8 3e172f53c5d54009a699507cbda97924 e9d86c455ad0447f9e833d742f3b528a - - - -] No more DHCP agents
2026-06-26 11:48:10.888 10 WARNING neutron.api.rpc.agentnotifiers.dhcp_rpc_agent_api [None req-d2d6207c-83e6-4be4-aad8-f065878b65d8 3e172f53c5d54009a699507cbda97924 e9d86c455ad0447f9e833d742f3b528a - - - -] Unable to schedule network 4fdc7949-8564-476d-9a0a-b7cc4a556f68: no agents available; will retry on subsequent port and subnet creation events.
2026-06-26 11:48:11.012 9 INFO neutron.db.l3_db [None req-87b8064f-0df0-41ae-9df3-3a4341b6ec45 897b8d9a44544069b3424c2526498885 0806b88e2d104be687f06df814730813 - - - -] Floating IP 2be0e194-80be-4ac5-91cc-66fd8569f6dd disassociated. External IP: 10.96.250.206, port: 8781c4a1-e5a1-41f6-9ed6-ccc4c779bdee.
2026-06-26 11:48:11.070 9 INFO neutron.db.ovn_revision_numbers_db [None req-87b8064f-0df0-41ae-9df3-3a4341b6ec45 897b8d9a44544069b3424c2526498885 0806b88e2d104be687f06df814730813 - - - -] Successfully bumped revision number for resource 2be0e194-80be-4ac5-91cc-66fd8569f6dd (type: floatingips) to 2
2026-06-26 11:48:11.162 9 INFO neutron.wsgi [None req-87b8064f-0df0-41ae-9df3-3a4341b6ec45 897b8d9a44544069b3424c2526498885 0806b88e2d104be687f06df814730813 - - - -] 10.0.0.244 "PUT /v2.0/floatingips/2be0e194-80be-4ac5-91cc-66fd8569f6dd HTTP/1.1" status: 200 len: 748 time: 0.2961626
2026-06-26 11:48:11.199 9 INFO neutron.notifiers.nova [-] Nova event matching ['req-230183a0-212d-4eb8-90e3-360ae3010b81'] response: {'name': 'network-changed', 'server_uuid': 'f3717671-e333-42b8-a567-1f106c45f2d2', 'tag': '8781c4a1-e5a1-41f6-9ed6-ccc4c779bdee', 'status': 'completed', 'code': 200} /var/lib/openstack/lib/python3.10/site-packages/pycadf/identifier.py:71: UserWarning: Invalid uuid: neutron. To ensure interoperability, identifiers should be a valid uuid. warnings.warn(('Invalid uuid: %s. To ensure interoperability, '
2026-06-26 11:48:11.252 10 INFO neutron.wsgi [None req-75ee59d9-2c3e-4d4c-a863-642b1955b897 897b8d9a44544069b3424c2526498885 0806b88e2d104be687f06df814730813 - - default default] 10.0.0.244 "GET /v2.0/floatingips/2be0e194-80be-4ac5-91cc-66fd8569f6dd HTTP/1.1" status: 200 len: 746 time: 0.0787587
2026-06-26 11:48:11.265 9 INFO neutron.wsgi [req-7b4cc96f-7cd7-4648-8ab6-10d4772636c6 req-a4dbb856-3968-45af-ac9e-b5c9e4e118a4 c3c02c2477a94e50883937a26e176a15 45ebc3d5ca9b44b8891a6a80f82018cf - - 87bcd1705dc64560863af3bcd89e4ff5 87bcd1705dc64560863af3bcd89e4ff5] 199.204.45.23 "GET /v2.0/ports?tenant_id=0806b88e2d104be687f06df814730813&device_id=f3717671-e333-42b8-a567-1f106c45f2d2 HTTP/1.1" status: 200 len: 1361 time: 0.0413594
2026-06-26 11:48:11.336 9 INFO neutron.wsgi [req-7b4cc96f-7cd7-4648-8ab6-10d4772636c6 req-3f301b40-1b2d-4103-b352-9d31e75bb2e4 c3c02c2477a94e50883937a26e176a15 45ebc3d5ca9b44b8891a6a80f82018cf - - 87bcd1705dc64560863af3bcd89e4ff5 87bcd1705dc64560863af3bcd89e4ff5] 199.204.45.23 "GET /v2.0/networks?id=e76511ed-d6c2-403c-af08-94df8687f29d HTTP/1.1" status: 200 len: 959 time: 0.0652220
2026-06-26 11:48:11.380 9 INFO neutron.wsgi [req-7b4cc96f-7cd7-4648-8ab6-10d4772636c6 req-179b1125-7169-4c8a-9721-acb619db44b0 c3c02c2477a94e50883937a26e176a15 45ebc3d5ca9b44b8891a6a80f82018cf - - 87bcd1705dc64560863af3bcd89e4ff5 87bcd1705dc64560863af3bcd89e4ff5] 199.204.45.23 "GET /v2.0/floatingips?fixed_ip_address=10.100.0.4&port_id=8781c4a1-e5a1-41f6-9ed6-ccc4c779bdee HTTP/1.1" status: 200 len: 217 time: 0.0338085
2026-06-26 11:48:11.429 9 INFO neutron.wsgi [req-7b4cc96f-7cd7-4648-8ab6-10d4772636c6 req-5cf8c61c-0dda-4147-ae11-badedfb196ff c3c02c2477a94e50883937a26e176a15 45ebc3d5ca9b44b8891a6a80f82018cf - - 87bcd1705dc64560863af3bcd89e4ff5 87bcd1705dc64560863af3bcd89e4ff5] 199.204.45.23 "GET /v2.0/subnets?id=7ab910e9-afc9-4dba-8198-154876ee469a HTTP/1.1" status: 200 len: 853 time: 0.0399907
2026-06-26 11:48:11.463 9 INFO neutron.wsgi [req-7b4cc96f-7cd7-4648-8ab6-10d4772636c6 req-a604771b-7fd1-462c-987b-3cea31bb8efa c3c02c2477a94e50883937a26e176a15 45ebc3d5ca9b44b8891a6a80f82018cf - - 87bcd1705dc64560863af3bcd89e4ff5 87bcd1705dc64560863af3bcd89e4ff5] 199.204.45.23 "GET /v2.0/ports?network_id=e76511ed-d6c2-403c-af08-94df8687f29d&device_owner=network%3Adhcp HTTP/1.1" status: 200 len: 210 time: 0.0268586
2026-06-26 11:48:11.492 10 INFO neutron.db.ovn_revision_numbers_db [None req-d2d6207c-83e6-4be4-aad8-f065878b65d8 3e172f53c5d54009a699507cbda97924 e9d86c455ad0447f9e833d742f3b528a - - - -] Successfully bumped revision number for resource c7466431-8453-4add-83de-ec0cc7ff8c6d (type: ports) to 2
2026-06-26 11:48:11.515 10 INFO neutron.db.ovn_revision_numbers_db [None req-d2d6207c-83e6-4be4-aad8-f065878b65d8 3e172f53c5d54009a699507cbda97924 e9d86c455ad0447f9e833d742f3b528a - - - -] Successfully bumped revision number for resource 6a34b78c-b802-4ed5-80ea-28a88756dabb (type: subnets) to 0
2026-06-26 11:48:11.535 10 INFO neutron.wsgi [None req-d2d6207c-83e6-4be4-aad8-f065878b65d8 3e172f53c5d54009a699507cbda97924 e9d86c455ad0447f9e833d742f3b528a - - - -] 10.0.0.244 "POST /v2.0/subnets HTTP/1.1" status: 201 len: 831 time: 0.9355497
2026-06-26 11:48:11.553 9 INFO neutron.wsgi [req-7b4cc96f-7cd7-4648-8ab6-10d4772636c6 req-2202d256-f670-43c3-a794-a5fa26aee6ff c3c02c2477a94e50883937a26e176a15 45ebc3d5ca9b44b8891a6a80f82018cf - - 87bcd1705dc64560863af3bcd89e4ff5 87bcd1705dc64560863af3bcd89e4ff5] 199.204.45.23 "GET /v2.0/networks/e76511ed-d6c2-403c-af08-94df8687f29d?fields=segments HTTP/1.1" status: 200 len: 212 time: 0.0828204
2026-06-26 11:48:11.620 9 INFO neutron.wsgi [req-7b4cc96f-7cd7-4648-8ab6-10d4772636c6 req-cdd1b6e8-04e8-445a-b6e1-b563c5906864 c3c02c2477a94e50883937a26e176a15 45ebc3d5ca9b44b8891a6a80f82018cf - - 87bcd1705dc64560863af3bcd89e4ff5 87bcd1705dc64560863af3bcd89e4ff5] 199.204.45.23 "GET /v2.0/networks/e76511ed-d6c2-403c-af08-94df8687f29d?fields=provider%3Aphysical_network&fields=provider%3Anetwork_type HTTP/1.1" status: 200 len: 277 time: 0.0621984
2026-06-26 11:48:11.814 10 INFO neutron.wsgi [None req-9b1c0479-1ed8-48c9-89a4-5d1629637868 035bcf2619c04686b0f310b7e7d041f5 2f84b22aa3474b44b669417fffaff327 - - default default] 10.0.0.244 "GET /v2.0/subnetpools?name=shared-default-subnetpool-v6 HTTP/1.1" status: 200 len: 212 time: 0.2735546
2026-06-26 11:48:12.131 10 WARNING neutron.scheduler.dhcp_agent_scheduler [None req-e06689b7-7aad-475b-be74-c1a62608757d 3e172f53c5d54009a699507cbda97924 e9d86c455ad0447f9e833d742f3b528a - - - -] No more DHCP agents
2026-06-26 11:48:12.133 10 WARNING neutron.api.rpc.agentnotifiers.dhcp_rpc_agent_api [None req-e06689b7-7aad-475b-be74-c1a62608757d 3e172f53c5d54009a699507cbda97924 e9d86c455ad0447f9e833d742f3b528a - - - -] Unable to schedule network 4fdc7949-8564-476d-9a0a-b7cc4a556f68: no agents available; will retry on subsequent port and subnet creation events.
2026-06-26 11:48:12.148 10 INFO neutron.db.ovn_revision_numbers_db [None req-e06689b7-7aad-475b-be74-c1a62608757d 3e172f53c5d54009a699507cbda97924 e9d86c455ad0447f9e833d742f3b528a - - - -] Successfully bumped revision number for resource dbb19eaa-cc79-4578-88de-71769416adeb (type: subnets) to 0
2026-06-26 11:48:12.164 10 INFO neutron.wsgi [None req-e06689b7-7aad-475b-be74-c1a62608757d 3e172f53c5d54009a699507cbda97924 e9d86c455ad0447f9e833d742f3b528a - - - -] 10.0.0.244 "POST /v2.0/subnets HTTP/1.1" status: 201 len: 906 time: 0.3449070
2026-06-26 11:48:12.266 9 INFO neutron.db.segments_db [None req-3a93f465-0b94-4939-b4d9-a84f9f526e75 3e172f53c5d54009a699507cbda97924 e9d86c455ad0447f9e833d742f3b528a - - - -] Added segment 46a35571-839e-4ef3-a787-f2f093417f6e of type geneve for network fadad8ce-d98d-4c45-bd56-5e0e5977ad76
2026-06-26 11:48:12.432 9 INFO neutron.db.ovn_revision_numbers_db [None req-3a93f465-0b94-4939-b4d9-a84f9f526e75 3e172f53c5d54009a699507cbda97924 e9d86c455ad0447f9e833d742f3b528a - - - -] Successfully bumped revision number for resource fadad8ce-d98d-4c45-bd56-5e0e5977ad76 (type: networks) to 1
2026-06-26 11:48:12.474 10 INFO neutron.db.ovn_revision_numbers_db [None req-c8ef44f9-3f33-49ce-8293-950612deb47c 897b8d9a44544069b3424c2526498885 0806b88e2d104be687f06df814730813 - - - -] Successfully bumped revision number for resource e4e2dfd7-7bc2-4155-9b37-7d4b2e086af4 (type: security_groups) to 1
2026-06-26 11:48:12.500 10 INFO neutron.wsgi [None req-c8ef44f9-3f33-49ce-8293-950612deb47c 897b8d9a44544069b3424c2526498885 0806b88e2d104be687f06df814730813 - - - -] 10.0.0.244 "POST /v2.0/security-groups HTTP/1.1" status: 201 len: 1811 time: 0.1686432
2026-06-26 11:48:12.622 10 INFO neutron.db.ovn_revision_numbers_db [None req-02d40c60-8322-486e-a8d5-e3259ea141b5 897b8d9a44544069b3424c2526498885 0806b88e2d104be687f06df814730813 - - - -] Successfully bumped revision number for resource 66da0c76-766e-4a55-af4a-af2b445fdf89 (type: security_group_rules) to 0
2026-06-26 11:48:12.637 9 WARNING neutron.scheduler.dhcp_agent_scheduler [None req-3a93f465-0b94-4939-b4d9-a84f9f526e75 3e172f53c5d54009a699507cbda97924 e9d86c455ad0447f9e833d742f3b528a - - - -] No more DHCP agents
2026-06-26 11:48:12.639 9 WARNING neutron.api.rpc.agentnotifiers.dhcp_rpc_agent_api [None req-3a93f465-0b94-4939-b4d9-a84f9f526e75 3e172f53c5d54009a699507cbda97924 e9d86c455ad0447f9e833d742f3b528a - - - -] Unable to schedule network fadad8ce-d98d-4c45-bd56-5e0e5977ad76: no agents available; will retry on subsequent port and subnet creation events.
2026-06-26 11:48:12.650 10 INFO neutron.wsgi [None req-02d40c60-8322-486e-a8d5-e3259ea141b5 897b8d9a44544069b3424c2526498885 0806b88e2d104be687f06df814730813 - - - -] 10.0.0.244 "POST /v2.0/security-group-rules HTTP/1.1" status: 201 len: 764 time: 0.1468577
2026-06-26 11:48:12.715 9 INFO neutron.db.ovn_revision_numbers_db [None req-3a93f465-0b94-4939-b4d9-a84f9f526e75 3e172f53c5d54009a699507cbda97924 e9d86c455ad0447f9e833d742f3b528a - - - -] Successfully bumped revision number for resource 412b8001-a12f-4a62-b031-2ea7676ca10d (type: ports) to 1
2026-06-26 11:48:12.737 9 INFO neutron.wsgi [None req-3a93f465-0b94-4939-b4d9-a84f9f526e75 3e172f53c5d54009a699507cbda97924 e9d86c455ad0447f9e833d742f3b528a - - - -] 10.0.0.244 "POST /v2.0/networks HTTP/1.1" status: 201 len: 836 time: 0.5650661
2026-06-26 11:48:12.763 10 INFO neutron.db.ovn_revision_numbers_db [None req-0ccd0aa5-9526-4e73-b2e9-9cd3e8bfc8ab 897b8d9a44544069b3424c2526498885 0806b88e2d104be687f06df814730813 - - - -] Successfully bumped revision number for resource 70cef2f1-a726-4c84-8ee5-0d7acda82fdb (type: security_group_rules) to 0
2026-06-26 11:48:12.786 10 INFO neutron.wsgi [None req-0ccd0aa5-9526-4e73-b2e9-9cd3e8bfc8ab 897b8d9a44544069b3424c2526498885 0806b88e2d104be687f06df814730813 - - - -] 10.0.0.244 "POST /v2.0/security-group-rules HTTP/1.1" status: 201 len: 763 time: 0.1311464
2026-06-26 11:48:12.906 10 INFO neutron.db.ovn_revision_numbers_db [None req-ea632de5-3cd9-45d9-9ac2-ec231f75b0b7 897b8d9a44544069b3424c2526498885 0806b88e2d104be687f06df814730813 - - - -] Successfully bumped revision number for resource 755ac030-b572-48e9-a793-3a01cc6292b3 (type: security_group_rules) to 0
2026-06-26 11:48:12.937 10 INFO neutron.wsgi [None req-ea632de5-3cd9-45d9-9ac2-ec231f75b0b7 897b8d9a44544069b3424c2526498885 0806b88e2d104be687f06df814730813 - - - -] 10.0.0.244 "POST /v2.0/security-group-rules HTTP/1.1" status: 201 len: 769 time: 0.1455529
2026-06-26 11:48:13.010 9 WARNING neutron.scheduler.dhcp_agent_scheduler [None req-8e299720-65c4-42cc-8ae8-0e70d7a7c8de 3e172f53c5d54009a699507cbda97924 e9d86c455ad0447f9e833d742f3b528a - - - -] No more DHCP agents
2026-06-26 11:48:13.012 9 WARNING neutron.api.rpc.agentnotifiers.dhcp_rpc_agent_api [None req-8e299720-65c4-42cc-8ae8-0e70d7a7c8de 3e172f53c5d54009a699507cbda97924 e9d86c455ad0447f9e833d742f3b528a - - - -] Unable to schedule network fadad8ce-d98d-4c45-bd56-5e0e5977ad76: no agents available; will retry on subsequent port and subnet creation events.
2026-06-26 11:48:13.063 10 INFO neutron.db.ovn_revision_numbers_db [None req-d0aebf15-fa7a-485e-8d12-a40c69e22a01 897b8d9a44544069b3424c2526498885 0806b88e2d104be687f06df814730813 - - - -] Successfully bumped revision number for resource bf77fe8a-b974-4b65-8938-d04e7c634579 (type: security_group_rules) to 0
2026-06-26 11:48:13.090 10 INFO neutron.wsgi [None req-d0aebf15-fa7a-485e-8d12-a40c69e22a01 897b8d9a44544069b3424c2526498885 0806b88e2d104be687f06df814730813 - - - -] 10.0.0.244 "POST /v2.0/security-group-rules HTTP/1.1" status: 201 len: 768 time: 0.1477237
2026-06-26 11:48:13.123 10 INFO neutron.db.securitygroups_db [None req-8a447e14-1fe9-42db-a968-957e702862a4 897b8d9a44544069b3424c2526498885 0806b88e2d104be687f06df814730813 - - - -] Project 0806b88e2d104be687f06df814730813 added a security group rule with legacy IPv6 ICMP protocol name icmp, ipv6-icmp should be used instead. It was automatically converted.
2026-06-26 11:48:13.231 10 INFO neutron.db.ovn_revision_numbers_db [None req-8a447e14-1fe9-42db-a968-957e702862a4 897b8d9a44544069b3424c2526498885 0806b88e2d104be687f06df814730813 - - - -] Successfully bumped revision number for resource 9f37d231-c211-4d2a-b3e3-e7076f1d171a (type: security_group_rules) to 0
2026-06-26 11:48:13.262 10 INFO neutron.wsgi [None req-8a447e14-1fe9-42db-a968-957e702862a4 897b8d9a44544069b3424c2526498885 0806b88e2d104be687f06df814730813 - - - -] 10.0.0.244 "POST /v2.0/security-group-rules HTTP/1.1" status: 201 len: 774 time: 0.1670182
2026-06-26 11:48:13.272 10 INFO neutron.wsgi [None req-0e91f4fb-2182-4c0e-8063-9e826e70e865 7fb3d804f7cd43038e862d93745f35f7 079972c103944349aa3775bae048ee9c - - default default] 10.0.0.161 "GET /v2.0/extensions HTTP/1.1" status: 200 len: 16525 time: 0.0916784
2026-06-26 11:48:13.317 9 INFO neutron.db.securitygroups_db [None req-b8c4091d-d3a3-46f0-a6e1-606207df78c6 897b8d9a44544069b3424c2526498885 0806b88e2d104be687f06df814730813 - - - -] Project 0806b88e2d104be687f06df814730813 added a security group rule with legacy IPv6 ICMP protocol name icmp, ipv6-icmp should be used instead. It was automatically converted.
2026-06-26 11:48:13.400 10 INFO neutron.wsgi [None req-a0619efb-2589-438c-b433-b27e59fdc65a 7fb3d804f7cd43038e862d93745f35f7 079972c103944349aa3775bae048ee9c - - default default] 10.0.0.161 "GET /v2.0/quotas/079972c103944349aa3775bae048ee9c/details HTTP/1.1" status: 200 len: 756 time: 0.1091912
2026-06-26 11:48:13.472 9 INFO neutron.db.ovn_revision_numbers_db [None req-b8c4091d-d3a3-46f0-a6e1-606207df78c6 897b8d9a44544069b3424c2526498885 0806b88e2d104be687f06df814730813 - - - -] Successfully bumped revision number for resource 4e00525e-cc8f-4f87-a4f6-c447f4e1bcd9 (type: security_group_rules) to 0
2026-06-26 11:48:13.516 9 INFO neutron.wsgi [None req-b8c4091d-d3a3-46f0-a6e1-606207df78c6 897b8d9a44544069b3424c2526498885 0806b88e2d104be687f06df814730813 - - - -] 10.0.0.244 "POST /v2.0/security-group-rules HTTP/1.1" status: 201 len: 773 time: 0.2444859
2026-06-26 11:48:13.535 9 INFO neutron.db.ovn_revision_numbers_db [None req-8e299720-65c4-42cc-8ae8-0e70d7a7c8de 3e172f53c5d54009a699507cbda97924 e9d86c455ad0447f9e833d742f3b528a - - - -] Successfully bumped revision number for resource 412b8001-a12f-4a62-b031-2ea7676ca10d (type: ports) to 2
2026-06-26 11:48:13.553 9 INFO neutron.db.ovn_revision_numbers_db [None req-8e299720-65c4-42cc-8ae8-0e70d7a7c8de 3e172f53c5d54009a699507cbda97924 e9d86c455ad0447f9e833d742f3b528a - - - -] Successfully bumped revision number for resource d57f35cd-197c-4afc-a476-9317f74fa23d (type: subnets) to 0
2026-06-26 11:48:13.568 9 INFO neutron.wsgi [None req-8e299720-65c4-42cc-8ae8-0e70d7a7c8de 3e172f53c5d54009a699507cbda97924 e9d86c455ad0447f9e833d742f3b528a - - - -] 10.0.0.244 "POST /v2.0/subnets HTTP/1.1" status: 201 len: 829 time: 0.8261898
2026-06-26 11:48:13.895 9 WARNING neutron.scheduler.dhcp_agent_scheduler [None req-d83c9aa0-9e0a-469d-af75-a58d18f8d914 3e172f53c5d54009a699507cbda97924 e9d86c455ad0447f9e833d742f3b528a - - - -] No more DHCP agents
2026-06-26 11:48:13.897 9 WARNING neutron.api.rpc.agentnotifiers.dhcp_rpc_agent_api [None req-d83c9aa0-9e0a-469d-af75-a58d18f8d914 3e172f53c5d54009a699507cbda97924 e9d86c455ad0447f9e833d742f3b528a - - - -] Unable to schedule network fadad8ce-d98d-4c45-bd56-5e0e5977ad76: no agents available; will retry on subsequent port and subnet creation events.
2026-06-26 11:48:13.911 9 INFO neutron.db.ovn_revision_numbers_db [None req-d83c9aa0-9e0a-469d-af75-a58d18f8d914 3e172f53c5d54009a699507cbda97924 e9d86c455ad0447f9e833d742f3b528a - - - -] Successfully bumped revision number for resource effd551e-c957-4af5-a5f1-b709f57e9e4a (type: subnets) to 0
2026-06-26 11:48:13.927 9 INFO neutron.wsgi [None req-d83c9aa0-9e0a-469d-af75-a58d18f8d914 3e172f53c5d54009a699507cbda97924 e9d86c455ad0447f9e833d742f3b528a - - - -] 10.0.0.244 "POST /v2.0/subnets HTTP/1.1" status: 201 len: 901 time: 0.3482721
2026-06-26 11:48:13.992 10 INFO neutron.wsgi [None req-ae164436-d05c-4746-a723-159c8770647f 897b8d9a44544069b3424c2526498885 0806b88e2d104be687f06df814730813 - - default default] 10.0.0.244 "GET /v2.0/networks HTTP/1.1" status: 200 len: 1493 time: 0.1050415
2026-06-26 11:48:14.012 9 INFO neutron.db.segments_db [None req-219fc97e-ff13-49db-a2e6-bdb6a0b5ad03 3e172f53c5d54009a699507cbda97924 e9d86c455ad0447f9e833d742f3b528a - - - -] Added segment 387afbd6-4887-4321-a069-3a4eb8fc7c76 of type geneve for network ff6a9514-1a91-43e8-b83a-3b6a2d27821b
2026-06-26 11:48:14.160 9 INFO neutron.db.ovn_revision_numbers_db [None req-219fc97e-ff13-49db-a2e6-bdb6a0b5ad03 3e172f53c5d54009a699507cbda97924 e9d86c455ad0447f9e833d742f3b528a - - - -] Successfully bumped revision number for resource ff6a9514-1a91-43e8-b83a-3b6a2d27821b (type: networks) to 1
2026-06-26 11:48:14.164 9 INFO neutron.wsgi [req-097967bc-2f7a-45d3-935e-081259b80f82 req-7c3eb3d3-2df2-4bdc-b2e4-2978dbbe8914 897b8d9a44544069b3424c2526498885 0806b88e2d104be687f06df814730813 - - default default] 10.0.0.217 "GET /v2.0/security-groups?name=tempest-secgroup-smoke-1751837162&fields=id&tenant_id=0806b88e2d104be687f06df814730813 HTTP/1.1" status: 200 len: 267 time: 0.0551801
2026-06-26 11:48:14.273 9 INFO neutron.wsgi [req-097967bc-2f7a-45d3-935e-081259b80f82 req-8a74a27e-21e6-499d-97cc-3c3b5eca5bdf 897b8d9a44544069b3424c2526498885 0806b88e2d104be687f06df814730813 - - default default] 10.0.0.217 "GET /v2.0/networks?id=e76511ed-d6c2-403c-af08-94df8687f29d HTTP/1.1" status: 200 len: 860 time: 0.0995910
2026-06-26 11:48:14.330 9 INFO neutron.wsgi [req-097967bc-2f7a-45d3-935e-081259b80f82 req-592626a5-edad-4f02-8d0e-1c11649a2d91 897b8d9a44544069b3424c2526498885 0806b88e2d104be687f06df814730813 - - default default] 10.0.0.217 "GET /v2.0/quotas/0806b88e2d104be687f06df814730813 HTTP/1.1" status: 200 len: 386 time: 0.0442464
2026-06-26 11:48:14.487 10 INFO neutron.wsgi [-] 10.0.0.184 "GET / HTTP/1.1" status: 200 len: 247 time: 0.0038793
2026-06-26 11:48:14.492 10 INFO neutron.wsgi [-] 10.0.0.184 "GET / HTTP/1.1" status: 200 len: 247 time: 0.0031199
2026-06-26 11:48:14.495 9 WARNING neutron.scheduler.dhcp_agent_scheduler [None req-219fc97e-ff13-49db-a2e6-bdb6a0b5ad03 3e172f53c5d54009a699507cbda97924 e9d86c455ad0447f9e833d742f3b528a - - - -] No more DHCP agents
2026-06-26 11:48:14.497 9 WARNING neutron.api.rpc.agentnotifiers.dhcp_rpc_agent_api [None req-219fc97e-ff13-49db-a2e6-bdb6a0b5ad03 3e172f53c5d54009a699507cbda97924 e9d86c455ad0447f9e833d742f3b528a - - - -] Unable to schedule network ff6a9514-1a91-43e8-b83a-3b6a2d27821b: no agents available; will retry on subsequent port and subnet creation events.
2026-06-26 11:48:14.553 9 INFO neutron.wsgi [req-097967bc-2f7a-45d3-935e-081259b80f82 req-0541c4b9-2cd9-4f43-801d-14eb67379e31 897b8d9a44544069b3424c2526498885 0806b88e2d104be687f06df814730813 - - default default] 10.0.0.217 "GET /v2.0/ports?tenant_id=0806b88e2d104be687f06df814730813&fields=id HTTP/1.1" status: 200 len: 348 time: 0.2033522
2026-06-26 11:48:14.626 9 INFO neutron.db.ovn_revision_numbers_db [None req-219fc97e-ff13-49db-a2e6-bdb6a0b5ad03 3e172f53c5d54009a699507cbda97924 e9d86c455ad0447f9e833d742f3b528a - - - -] Successfully bumped revision number for resource c34026b4-2d46-4808-830b-d2a34455db69 (type: ports) to 1
2026-06-26 11:48:14.636 9 INFO neutron.wsgi [req-097967bc-2f7a-45d3-935e-081259b80f82 req-2f0f0a9c-d0a1-4cca-be55-801e0006b381 c3c02c2477a94e50883937a26e176a15 45ebc3d5ca9b44b8891a6a80f82018cf - - 87bcd1705dc64560863af3bcd89e4ff5 87bcd1705dc64560863af3bcd89e4ff5] 10.0.0.217 "GET /v2.0/networks/e76511ed-d6c2-403c-af08-94df8687f29d?fields=segments HTTP/1.1" status: 200 len: 212 time: 0.0635276
