2026-06-26 11:47:38.119 10 INFO neutron.wsgi [None req-4dfe86cf-63bc-49a5-8a54-e8c52f796059 e0b165b0f1ff4bfaaf5503d53e120218 151dc3956b9b45dabf3020ea06c7d782 - - - -] 10.0.0.244 "POST /v2.0/networks HTTP/1.1" status: 201 len: 830 time: 0.9431846
2026-06-26 11:47:38.383 10 WARNING neutron.scheduler.dhcp_agent_scheduler [None req-fddaddbe-f207-4036-b0f5-39cdf8251d02 e0b165b0f1ff4bfaaf5503d53e120218 151dc3956b9b45dabf3020ea06c7d782 - - - -] No more DHCP agents
2026-06-26 11:47:38.386 10 WARNING neutron.api.rpc.agentnotifiers.dhcp_rpc_agent_api [None req-fddaddbe-f207-4036-b0f5-39cdf8251d02 e0b165b0f1ff4bfaaf5503d53e120218 151dc3956b9b45dabf3020ea06c7d782 - - - -] Unable to schedule network e859f246-81eb-4939-b7db-9abfb3448a82: no agents available; will retry on subsequent port and subnet creation events.
2026-06-26 11:47:38.475 10 INFO neutron.db.ovn_revision_numbers_db [None req-fddaddbe-f207-4036-b0f5-39cdf8251d02 e0b165b0f1ff4bfaaf5503d53e120218 151dc3956b9b45dabf3020ea06c7d782 - - - -] Successfully bumped revision number for resource 73b4c01e-ff80-4979-8827-18886c83815d (type: ports) to 1
2026-06-26 11:47:38.527 10 INFO neutron.wsgi [None req-fddaddbe-f207-4036-b0f5-39cdf8251d02 e0b165b0f1ff4bfaaf5503d53e120218 151dc3956b9b45dabf3020ea06c7d782 - - - -] 10.0.0.244 "POST /v2.0/ports HTTP/1.1" status: 201 len: 942 time: 0.4044509 /var/lib/openstack/lib/python3.10/site-packages/pycadf/identifier.py:71: UserWarning: Invalid uuid: neutron. To ensure interoperability, identifiers should be a valid uuid. warnings.warn(('Invalid uuid: %s. To ensure interoperability, '
2026-06-26 11:47:38.754 15 INFO neutron.plugins.ml2.drivers.ovn.mech_driver.ovsdb.maintenance [None req-0f4bf914-8574-4248-a978-42fef896c426 - - - - - -] Maintenance task: Synchronization finished (took 0.24 seconds)
2026-06-26 11:47:38.812 10 INFO neutron.wsgi [None req-28a20268-a8a0-4b8c-9d2e-e3839f44a6c2 e0b165b0f1ff4bfaaf5503d53e120218 151dc3956b9b45dabf3020ea06c7d782 - - - -] 10.0.0.244 "POST /v2.0/trunks HTTP/1.1" status: 201 len: 608 time: 0.2793825
2026-06-26 11:47:38.893 10 INFO neutron.db.segments_db [None req-77bda5e3-b314-4a7e-97ee-b2211704a2be e0b165b0f1ff4bfaaf5503d53e120218 151dc3956b9b45dabf3020ea06c7d782 - - - -] Added segment 7abf1eef-6ff2-4f8d-a898-30633e8d13f5 of type geneve for network 8bc09ea9-1f35-40c5-8b7a-1105619551f9
2026-06-26 11:47:39.050 10 INFO neutron.db.ovn_revision_numbers_db [None req-77bda5e3-b314-4a7e-97ee-b2211704a2be e0b165b0f1ff4bfaaf5503d53e120218 151dc3956b9b45dabf3020ea06c7d782 - - - -] Successfully bumped revision number for resource 8bc09ea9-1f35-40c5-8b7a-1105619551f9 (type: networks) to 1
2026-06-26 11:47:39.250 10 WARNING neutron.scheduler.dhcp_agent_scheduler [None req-77bda5e3-b314-4a7e-97ee-b2211704a2be e0b165b0f1ff4bfaaf5503d53e120218 151dc3956b9b45dabf3020ea06c7d782 - - - -] No more DHCP agents
2026-06-26 11:47:39.252 10 WARNING neutron.api.rpc.agentnotifiers.dhcp_rpc_agent_api [None req-77bda5e3-b314-4a7e-97ee-b2211704a2be e0b165b0f1ff4bfaaf5503d53e120218 151dc3956b9b45dabf3020ea06c7d782 - - - -] Unable to schedule network 8bc09ea9-1f35-40c5-8b7a-1105619551f9: no agents available; will retry on subsequent port and subnet creation events.
2026-06-26 11:47:39.326 10 INFO neutron.db.ovn_revision_numbers_db [None req-77bda5e3-b314-4a7e-97ee-b2211704a2be e0b165b0f1ff4bfaaf5503d53e120218 151dc3956b9b45dabf3020ea06c7d782 - - - -] Successfully bumped revision number for resource 5664cf4d-80a4-4182-aa33-228e9dfc3c4d (type: ports) to 1
2026-06-26 11:47:39.363 10 INFO neutron.wsgi [None req-77bda5e3-b314-4a7e-97ee-b2211704a2be e0b165b0f1ff4bfaaf5503d53e120218 151dc3956b9b45dabf3020ea06c7d782 - - - -] 10.0.0.244 "POST /v2.0/networks HTTP/1.1" status: 201 len: 830 time: 0.5464683
2026-06-26 11:47:39.535 9 WARNING neutron.plugins.ml2.drivers.ovn.mech_driver.ovsdb.ovn_client [None req-8d4b730d-af0f-40a8-8cce-5504e4afbfa8 - - - - - -] No port found with ID bec01fd3-d927-4880-9aad-d4794265d61b: RuntimeError: No port found with ID bec01fd3-d927-4880-9aad-d4794265d61b
2026-06-26 11:47:39.728 10 WARNING neutron.scheduler.dhcp_agent_scheduler [None req-0a721773-8ced-41aa-9d2a-c359f8365901 e0b165b0f1ff4bfaaf5503d53e120218 151dc3956b9b45dabf3020ea06c7d782 - - - -] No more DHCP agents
2026-06-26 11:47:39.730 10 WARNING neutron.api.rpc.agentnotifiers.dhcp_rpc_agent_api [None req-0a721773-8ced-41aa-9d2a-c359f8365901 e0b165b0f1ff4bfaaf5503d53e120218 151dc3956b9b45dabf3020ea06c7d782 - - - -] Unable to schedule network 8bc09ea9-1f35-40c5-8b7a-1105619551f9: no agents available; will retry on subsequent port and subnet creation events.
2026-06-26 11:47:39.841 10 INFO neutron.db.ovn_revision_numbers_db [None req-0a721773-8ced-41aa-9d2a-c359f8365901 e0b165b0f1ff4bfaaf5503d53e120218 151dc3956b9b45dabf3020ea06c7d782 - - - -] Successfully bumped revision number for resource 5ba9225a-6d1e-4a71-9221-1dfbc3ba1368 (type: ports) to 1
2026-06-26 11:47:39.934 10 INFO neutron.wsgi [None req-0a721773-8ced-41aa-9d2a-c359f8365901 e0b165b0f1ff4bfaaf5503d53e120218 151dc3956b9b45dabf3020ea06c7d782 - - - -] 10.0.0.244 "POST /v2.0/ports HTTP/1.1" status: 201 len: 942 time: 0.5642443 /var/lib/openstack/lib/python3.10/site-packages/pycadf/identifier.py:71: UserWarning: Invalid uuid: neutron. To ensure interoperability, identifiers should be a valid uuid. warnings.warn(('Invalid uuid: %s. To ensure interoperability, '
2026-06-26 11:47:40.487 10 INFO neutron.wsgi [None req-6a5e275d-0c11-41c0-9c6b-38d77ab21466 e0b165b0f1ff4bfaaf5503d53e120218 151dc3956b9b45dabf3020ea06c7d782 - - - -] 10.0.0.244 "POST /v2.0/trunks HTTP/1.1" status: 201 len: 608 time: 0.5470409
2026-06-26 11:47:40.555 9 INFO neutron.db.ovn_revision_numbers_db [None req-728a935b-04f4-4348-9e67-f89bb2b3ce84 897b8d9a44544069b3424c2526498885 0806b88e2d104be687f06df814730813 - - - -] Successfully bumped revision number for resource da7c4705-7767-4054-81fe-75faed39606a (type: security_groups) to 1
2026-06-26 11:47:40.621 10 INFO neutron.db.segments_db [None req-908cb833-06f1-446d-8182-b85b29a5f1be e0b165b0f1ff4bfaaf5503d53e120218 151dc3956b9b45dabf3020ea06c7d782 - - - -] Added segment 17683b4d-60c7-44cb-aa18-cb784c4b2424 of type geneve for network e57ff66f-7c21-4b53-ae5f-0686624a2b91
2026-06-26 11:47:40.623 9 INFO neutron.db.segments_db [None req-728a935b-04f4-4348-9e67-f89bb2b3ce84 897b8d9a44544069b3424c2526498885 0806b88e2d104be687f06df814730813 - - - -] Added segment 1ba57cf1-89b7-43ad-9e26-9d88784d6a94 of type geneve for network e76511ed-d6c2-403c-af08-94df8687f29d
2026-06-26 11:47:40.883 9 INFO neutron.db.ovn_revision_numbers_db [None req-728a935b-04f4-4348-9e67-f89bb2b3ce84 897b8d9a44544069b3424c2526498885 0806b88e2d104be687f06df814730813 - - - -] Successfully bumped revision number for resource e76511ed-d6c2-403c-af08-94df8687f29d (type: networks) to 1
2026-06-26 11:47:40.995 10 INFO neutron.db.ovn_revision_numbers_db [None req-908cb833-06f1-446d-8182-b85b29a5f1be e0b165b0f1ff4bfaaf5503d53e120218 151dc3956b9b45dabf3020ea06c7d782 - - - -] Successfully bumped revision number for resource e57ff66f-7c21-4b53-ae5f-0686624a2b91 (type: networks) to 1
2026-06-26 11:47:41.107 9 WARNING neutron.scheduler.dhcp_agent_scheduler [None req-728a935b-04f4-4348-9e67-f89bb2b3ce84 897b8d9a44544069b3424c2526498885 0806b88e2d104be687f06df814730813 - - - -] No more DHCP agents
2026-06-26 11:47:41.110 9 WARNING neutron.api.rpc.agentnotifiers.dhcp_rpc_agent_api [None req-728a935b-04f4-4348-9e67-f89bb2b3ce84 897b8d9a44544069b3424c2526498885 0806b88e2d104be687f06df814730813 - - - -] Unable to schedule network e76511ed-d6c2-403c-af08-94df8687f29d: no agents available; will retry on subsequent port and subnet creation events.
2026-06-26 11:47:41.212 10 WARNING neutron.scheduler.dhcp_agent_scheduler [None req-908cb833-06f1-446d-8182-b85b29a5f1be e0b165b0f1ff4bfaaf5503d53e120218 151dc3956b9b45dabf3020ea06c7d782 - - - -] No more DHCP agents
2026-06-26 11:47:41.213 9 INFO neutron.db.ovn_revision_numbers_db [None req-728a935b-04f4-4348-9e67-f89bb2b3ce84 897b8d9a44544069b3424c2526498885 0806b88e2d104be687f06df814730813 - - - -] Successfully bumped revision number for resource 87514fc0-66e7-48bb-b651-73ae9876eead (type: ports) to 1
2026-06-26 11:47:41.215 10 WARNING neutron.api.rpc.agentnotifiers.dhcp_rpc_agent_api [None req-908cb833-06f1-446d-8182-b85b29a5f1be e0b165b0f1ff4bfaaf5503d53e120218 151dc3956b9b45dabf3020ea06c7d782 - - - -] Unable to schedule network e57ff66f-7c21-4b53-ae5f-0686624a2b91: no agents available; will retry on subsequent port and subnet creation events.
2026-06-26 11:47:41.277 9 INFO neutron.wsgi [None req-728a935b-04f4-4348-9e67-f89bb2b3ce84 897b8d9a44544069b3424c2526498885 0806b88e2d104be687f06df814730813 - - - -] 10.0.0.244 "POST /v2.0/networks HTTP/1.1" status: 201 len: 832 time: 1.2739179
2026-06-26 11:47:41.292 10 INFO neutron.db.ovn_revision_numbers_db [None req-908cb833-06f1-446d-8182-b85b29a5f1be e0b165b0f1ff4bfaaf5503d53e120218 151dc3956b9b45dabf3020ea06c7d782 - - - -] Successfully bumped revision number for resource 4f3e4214-17c3-4868-b25f-f9afa1726fe2 (type: ports) to 1
2026-06-26 11:47:41.338 10 INFO neutron.wsgi [None req-908cb833-06f1-446d-8182-b85b29a5f1be e0b165b0f1ff4bfaaf5503d53e120218 151dc3956b9b45dabf3020ea06c7d782 - - - -] 10.0.0.244 "POST /v2.0/networks HTTP/1.1" status: 201 len: 830 time: 0.8476820
2026-06-26 11:47:41.667 10 WARNING neutron.scheduler.dhcp_agent_scheduler [None req-50823e1c-0b61-458f-9d59-fd22bb604053 e0b165b0f1ff4bfaaf5503d53e120218 151dc3956b9b45dabf3020ea06c7d782 - - - -] No more DHCP agents
2026-06-26 11:47:41.670 10 WARNING neutron.api.rpc.agentnotifiers.dhcp_rpc_agent_api [None req-50823e1c-0b61-458f-9d59-fd22bb604053 e0b165b0f1ff4bfaaf5503d53e120218 151dc3956b9b45dabf3020ea06c7d782 - - - -] Unable to schedule network e57ff66f-7c21-4b53-ae5f-0686624a2b91: no agents available; will retry on subsequent port and subnet creation events.
2026-06-26 11:47:41.754 10 INFO neutron.db.ovn_revision_numbers_db [None req-50823e1c-0b61-458f-9d59-fd22bb604053 e0b165b0f1ff4bfaaf5503d53e120218 151dc3956b9b45dabf3020ea06c7d782 - - - -] Successfully bumped revision number for resource f4a1b609-9346-4453-93c3-63cfa88bd9d1 (type: ports) to 1
2026-06-26 11:47:41.835 10 INFO neutron.wsgi [None req-50823e1c-0b61-458f-9d59-fd22bb604053 e0b165b0f1ff4bfaaf5503d53e120218 151dc3956b9b45dabf3020ea06c7d782 - - - -] 10.0.0.244 "POST /v2.0/ports HTTP/1.1" status: 201 len: 942 time: 0.4901698 /var/lib/openstack/lib/python3.10/site-packages/pycadf/identifier.py:71: UserWarning: Invalid uuid: neutron. To ensure interoperability, identifiers should be a valid uuid. warnings.warn(('Invalid uuid: %s. To ensure interoperability, '
2026-06-26 11:47:42.371 10 INFO neutron.wsgi [None req-ecb1ec2c-af2b-4dde-b6e4-ce4cc76637f1 e0b165b0f1ff4bfaaf5503d53e120218 151dc3956b9b45dabf3020ea06c7d782 - - - -] 10.0.0.244 "POST /v2.0/trunks HTTP/1.1" status: 201 len: 608 time: 0.5300796
2026-06-26 11:47:42.540 9 WARNING neutron.scheduler.dhcp_agent_scheduler [None req-9226c845-cfe5-40f9-835e-c7ccef4a18c4 897b8d9a44544069b3424c2526498885 0806b88e2d104be687f06df814730813 - - - -] No more DHCP agents
2026-06-26 11:47:42.543 9 WARNING neutron.api.rpc.agentnotifiers.dhcp_rpc_agent_api [None req-9226c845-cfe5-40f9-835e-c7ccef4a18c4 897b8d9a44544069b3424c2526498885 0806b88e2d104be687f06df814730813 - - - -] Unable to schedule network 20f6d01b-24c3-42c0-b7fb-c84d1393658f: no agents available; will retry on subsequent port and subnet creation events.
2026-06-26 11:47:42.559 10 INFO neutron.db.segments_db [None req-17eb2489-249d-4081-a033-55f1ecf1a88f e0b165b0f1ff4bfaaf5503d53e120218 151dc3956b9b45dabf3020ea06c7d782 - - - -] Added segment 7f58c5c3-9d42-40c3-a603-5372f33c6dc2 of type geneve for network 68e958a9-3c82-43db-aaea-4bb2fca7b896
2026-06-26 11:47:42.981 9 INFO neutron.db.ovn_revision_numbers_db [None req-9226c845-cfe5-40f9-835e-c7ccef4a18c4 897b8d9a44544069b3424c2526498885 0806b88e2d104be687f06df814730813 - - - -] Successfully bumped revision number for resource 07759822-5004-465e-9dc4-7565ad11f969 (type: ports) to 1
2026-06-26 11:47:43.084 10 INFO neutron.db.ovn_revision_numbers_db [None req-17eb2489-249d-4081-a033-55f1ecf1a88f e0b165b0f1ff4bfaaf5503d53e120218 151dc3956b9b45dabf3020ea06c7d782 - - - -] Successfully bumped revision number for resource 68e958a9-3c82-43db-aaea-4bb2fca7b896 (type: networks) to 1
2026-06-26 11:47:43.404 10 WARNING neutron.scheduler.dhcp_agent_scheduler [None req-17eb2489-249d-4081-a033-55f1ecf1a88f e0b165b0f1ff4bfaaf5503d53e120218 151dc3956b9b45dabf3020ea06c7d782 - - - -] No more DHCP agents
2026-06-26 11:47:43.406 10 WARNING neutron.api.rpc.agentnotifiers.dhcp_rpc_agent_api [None req-17eb2489-249d-4081-a033-55f1ecf1a88f e0b165b0f1ff4bfaaf5503d53e120218 151dc3956b9b45dabf3020ea06c7d782 - - - -] Unable to schedule network 68e958a9-3c82-43db-aaea-4bb2fca7b896: no agents available; will retry on subsequent port and subnet creation events.
2026-06-26 11:47:43.547 10 INFO neutron.db.ovn_revision_numbers_db [None req-17eb2489-249d-4081-a033-55f1ecf1a88f e0b165b0f1ff4bfaaf5503d53e120218 151dc3956b9b45dabf3020ea06c7d782 - - - -] Successfully bumped revision number for resource f9b7544e-f364-4fe0-b39c-0877825d8497 (type: ports) to 1
2026-06-26 11:47:43.595 10 INFO neutron.wsgi [None req-17eb2489-249d-4081-a033-55f1ecf1a88f e0b165b0f1ff4bfaaf5503d53e120218 151dc3956b9b45dabf3020ea06c7d782 - - - -] 10.0.0.244 "POST /v2.0/networks HTTP/1.1" status: 201 len: 831 time: 1.2192404
2026-06-26 11:47:43.779 9 INFO neutron.plugins.ml2.drivers.ovn.mech_driver.mech_driver [None req-8d4b730d-af0f-40a8-8cce-5504e4afbfa8 - - - - - -] OVN reports status up for port: 07759822-5004-465e-9dc4-7565ad11f969
2026-06-26 11:47:43.797 9 INFO neutron.plugins.ml2.plugin [None req-8d4b730d-af0f-40a8-8cce-5504e4afbfa8 - - - - - -] Attempt 1 to provision port 07759822-5004-465e-9dc4-7565ad11f969
2026-06-26 11:47:43.800 10 INFO neutron.plugins.ml2.drivers.ovn.mech_driver.ovsdb.ovsdb_monitor [None req-c3781295-068b-4f4c-bb7c-245067b68272 - - - - - -] Router 0112310f-0395-4efd-97e0-cd3a977cc3e2 is bound to host instance
2026-06-26 11:47:43.832 9 INFO neutron.db.ovn_revision_numbers_db [None req-9226c845-cfe5-40f9-835e-c7ccef4a18c4 897b8d9a44544069b3424c2526498885 0806b88e2d104be687f06df814730813 - - - -] Successfully bumped revision number for resource 07759822-5004-465e-9dc4-7565ad11f969 (type: router_ports) to 1
2026-06-26 11:47:43.922 9 INFO neutron.db.ovn_revision_numbers_db [None req-9226c845-cfe5-40f9-835e-c7ccef4a18c4 897b8d9a44544069b3424c2526498885 0806b88e2d104be687f06df814730813 - - - -] Successfully bumped revision number for resource 0112310f-0395-4efd-97e0-cd3a977cc3e2 (type: routers) to 3
2026-06-26 11:47:43.940 9 INFO neutron.wsgi [None req-9226c845-cfe5-40f9-835e-c7ccef4a18c4 897b8d9a44544069b3424c2526498885 0806b88e2d104be687f06df814730813 - - - -] 10.0.0.244 "POST /v2.0/routers HTTP/1.1" status: 201 len: 874 time: 2.6597526
2026-06-26 11:47:44.032 9 INFO neutron.wsgi [None req-fa1f2dd4-e3e5-4685-bcea-fff442196448 ccc724eb94f34e00baed54521244d1a1 014b41abadff44afb69b78d7b8cbd2b1 - - default default] 10.0.0.244 "GET /v2.0/subnets?project_id=0806b88e2d104be687f06df814730813&cidr=10.100.0.0%2F28 HTTP/1.1" status: 200 len: 207 time: 0.0872295
2026-06-26 11:47:44.152 9 INFO neutron.wsgi [None req-fcb424fb-f6b1-48e6-9400-5b4912d401e1 ccc724eb94f34e00baed54521244d1a1 014b41abadff44afb69b78d7b8cbd2b1 - - default default] 10.0.0.244 "GET /v2.0/networks?router%3Aexternal=True HTTP/1.1" status: 200 len: 947 time: 0.1159253
2026-06-26 11:47:44.186 9 INFO neutron.wsgi [None req-e344dbd8-650f-468e-88d0-22e338d7ac28 ccc724eb94f34e00baed54521244d1a1 014b41abadff44afb69b78d7b8cbd2b1 - - default default] 10.0.0.244 "GET /v2.0/subnets?network_id=20f6d01b-24c3-42c0-b7fb-c84d1393658f&cidr=10.100.0.0%2F28 HTTP/1.1" status: 200 len: 207 time: 0.0284519
2026-06-26 11:47:44.245 9 INFO neutron.wsgi [req-195d6494-8be4-499b-bc17-bf22cb3b41d4 req-9b313bdd-bbd4-4edf-9eb2-ba366c42400c 812cc96d6d80415b86a67f80674d5cd5 336fd326b0fb4deb820530a003a46c1b - - default default] 10.0.0.217 "GET /v2.0/ports?device_id=80923691-7d0d-4edf-93e7-fc8fa3fc23ed HTTP/1.1" status: 200 len: 1214 time: 0.1197691
2026-06-26 11:47:44.290 9 INFO neutron.wsgi [req-195d6494-8be4-499b-bc17-bf22cb3b41d4 req-2a55b4ad-1aa2-47f6-9133-c436e584234c 812cc96d6d80415b86a67f80674d5cd5 336fd326b0fb4deb820530a003a46c1b - - default default] 10.0.0.217 "GET /v2.0/security-groups?id=24336654-fdbd-49e1-8bfc-5307dd43fece&id=819ea9ac-70a9-4545-ab84-52c8c611adb6&fields=id&fields=name HTTP/1.1" status: 200 len: 404 time: 0.0396795
2026-06-26 11:47:44.323 10 WARNING neutron.scheduler.dhcp_agent_scheduler [None req-301e9d2a-1449-49fe-a983-5579f4abc5c0 e0b165b0f1ff4bfaaf5503d53e120218 151dc3956b9b45dabf3020ea06c7d782 - - - -] No more DHCP agents
2026-06-26 11:47:44.332 10 WARNING neutron.api.rpc.agentnotifiers.dhcp_rpc_agent_api [None req-301e9d2a-1449-49fe-a983-5579f4abc5c0 e0b165b0f1ff4bfaaf5503d53e120218 151dc3956b9b45dabf3020ea06c7d782 - - - -] Unable to schedule network 68e958a9-3c82-43db-aaea-4bb2fca7b896: no agents available; will retry on subsequent port and subnet creation events.
2026-06-26 11:47:44.485 9 INFO neutron.wsgi [-] 10.0.0.184 "GET / HTTP/1.1" status: 200 len: 247 time: 0.0030766
2026-06-26 11:47:44.487 9 INFO neutron.wsgi [-] 10.0.0.184 "GET / HTTP/1.1" status: 200 len: 247 time: 0.0012817
2026-06-26 11:47:44.518 10 INFO neutron.db.ovn_revision_numbers_db [None req-301e9d2a-1449-49fe-a983-5579f4abc5c0 e0b165b0f1ff4bfaaf5503d53e120218 151dc3956b9b45dabf3020ea06c7d782 - - - -] Successfully bumped revision number for resource aff2bb88-c782-4c6a-85f0-10de89a0029d (type: ports) to 1
2026-06-26 11:47:44.553 9 INFO neutron.wsgi [None req-19120e72-c00f-49e0-8b7c-ca022205fd0a 37c2e58f9cb54fdc8039bec2e26886af 60536bdac3d147bb9576879769419ec2 - - default default] 10.0.0.244 "GET /v2.0/ports?device_id=80923691-7d0d-4edf-93e7-fc8fa3fc23ed HTTP/1.1" status: 200 len: 1399 time: 0.2345912
2026-06-26 11:47:44.581 10 INFO neutron.wsgi [None req-301e9d2a-1449-49fe-a983-5579f4abc5c0 e0b165b0f1ff4bfaaf5503d53e120218 151dc3956b9b45dabf3020ea06c7d782 - - - -] 10.0.0.244 "POST /v2.0/ports HTTP/1.1" status: 201 len: 942 time: 0.9784439 /var/lib/openstack/lib/python3.10/site-packages/pycadf/identifier.py:71: UserWarning: Invalid uuid: neutron. To ensure interoperability, identifiers should be a valid uuid. warnings.warn(('Invalid uuid: %s. To ensure interoperability, '
2026-06-26 11:47:44.635 9 INFO neutron.wsgi [None req-6090050a-3bc0-41a3-bfce-af08f77906dd 812cc96d6d80415b86a67f80674d5cd5 336fd326b0fb4deb820530a003a46c1b - - default default] 10.0.0.244 "GET /v2.0/floatingips?floating_network_id=20f6d01b-24c3-42c0-b7fb-c84d1393658f&port_id=b02dfe81-b12d-44a7-a67a-c0bc8498e76f HTTP/1.1" status: 200 len: 1055 time: 0.0781870
2026-06-26 11:47:44.685 10 WARNING neutron.scheduler.dhcp_agent_scheduler [None req-9c01cc78-6fd2-4306-be20-33ba418d3328 897b8d9a44544069b3424c2526498885 0806b88e2d104be687f06df814730813 - - - -] No more DHCP agents
2026-06-26 11:47:44.689 10 WARNING neutron.api.rpc.agentnotifiers.dhcp_rpc_agent_api [None req-9c01cc78-6fd2-4306-be20-33ba418d3328 897b8d9a44544069b3424c2526498885 0806b88e2d104be687f06df814730813 - - - -] Unable to schedule network e76511ed-d6c2-403c-af08-94df8687f29d: no agents available; will retry on subsequent port and subnet creation events.
2026-06-26 11:47:44.717 9 INFO neutron.db.ovn_revision_numbers_db [None req-59f562a0-7361-4818-a512-9dc606476f17 df8495ed640840688305c2e7be167d6a 1ac5f51cc12349ee86486f512b35bb2a - - default default] Successfully bumped revision number for resource 324015f2-09e8-42f3-bf6e-84e0a3f8d583 (type: security_groups) to 1
2026-06-26 11:47:44.744 9 INFO neutron.wsgi [None req-59f562a0-7361-4818-a512-9dc606476f17 df8495ed640840688305c2e7be167d6a 1ac5f51cc12349ee86486f512b35bb2a - - default default] 10.0.0.244 "GET /v2.0/security-groups?tenant_id=f25295a455f844a192f4a1ad8626dada&name=default HTTP/1.1" status: 200 len: 2996 time: 0.1445706
2026-06-26 11:47:44.895 10 INFO neutron.db.ovn_revision_numbers_db [None req-c3781295-068b-4f4c-bb7c-245067b68272 - - - - - -] Successfully bumped revision number for resource 07759822-5004-465e-9dc4-7565ad11f969 (type: ports) to 1
2026-06-26 11:47:44.920 9 INFO neutron.wsgi [req-2ea5178e-a5c4-4ad1-b24e-2b941afeadd2 req-b6fb8220-1cd5-42a2-8dda-add0aa2f0759 c3c02c2477a94e50883937a26e176a15 45ebc3d5ca9b44b8891a6a80f82018cf - - 87bcd1705dc64560863af3bcd89e4ff5 87bcd1705dc64560863af3bcd89e4ff5] 10.0.0.248 "GET /v2.0/ports?device_id=80923691-7d0d-4edf-93e7-fc8fa3fc23ed HTTP/1.1" status: 200 len: 1404 time: 0.0493402
2026-06-26 11:47:44.946 10 INFO neutron.wsgi [None req-457624e7-49a6-4563-984c-1ecc25d87594 e0b165b0f1ff4bfaaf5503d53e120218 151dc3956b9b45dabf3020ea06c7d782 - - - -] 10.0.0.244 "POST /v2.0/trunks HTTP/1.1" status: 201 len: 608 time: 0.3584049
2026-06-26 11:47:44.981 9 INFO neutron.wsgi [req-2ea5178e-a5c4-4ad1-b24e-2b941afeadd2 req-cbabcb36-8116-4c56-af39-49e9ce7c3242 c3c02c2477a94e50883937a26e176a15 45ebc3d5ca9b44b8891a6a80f82018cf - - 87bcd1705dc64560863af3bcd89e4ff5 87bcd1705dc64560863af3bcd89e4ff5] 10.0.0.248 "GET /v2.0/security-groups?id=24336654-fdbd-49e1-8bfc-5307dd43fece&id=819ea9ac-70a9-4545-ab84-52c8c611adb6&fields=id&fields=name HTTP/1.1" status: 200 len: 404 time: 0.0498693
2026-06-26 11:47:45.002 9 INFO neutron.wsgi [None req-d4ed0f82-c93e-48cd-baa1-14eec944649d df8495ed640840688305c2e7be167d6a 1ac5f51cc12349ee86486f512b35bb2a - - - -] 10.0.0.244 "DELETE /v2.0/security-groups/324015f2-09e8-42f3-bf6e-84e0a3f8d583 HTTP/1.1" status: 204 len: 168 time: 0.2528229
2026-06-26 11:47:45.047 9 INFO neutron.db.segments_db [None req-a91b90c7-51cf-409d-b31d-a83fcdb31162 e0b165b0f1ff4bfaaf5503d53e120218 151dc3956b9b45dabf3020ea06c7d782 - - - -] Added segment 561c5389-91f2-4a39-bf4b-a21479af00f7 of type geneve for network 145ab777-77eb-4b77-922b-901f130ecc0b
2026-06-26 11:47:45.193 9 INFO neutron.db.ovn_revision_numbers_db [None req-a91b90c7-51cf-409d-b31d-a83fcdb31162 e0b165b0f1ff4bfaaf5503d53e120218 151dc3956b9b45dabf3020ea06c7d782 - - - -] Successfully bumped revision number for resource 145ab777-77eb-4b77-922b-901f130ecc0b (type: networks) to 1
2026-06-26 11:47:45.267 10 INFO neutron.db.ovn_revision_numbers_db [None req-c3781295-068b-4f4c-bb7c-245067b68272 - - - - - -] Successfully bumped revision number for resource 07759822-5004-465e-9dc4-7565ad11f969 (type: router_ports) to 3
2026-06-26 11:47:45.405 10 INFO neutron.db.ovn_revision_numbers_db [None req-9c01cc78-6fd2-4306-be20-33ba418d3328 897b8d9a44544069b3424c2526498885 0806b88e2d104be687f06df814730813 - - - -] Successfully bumped revision number for resource 87514fc0-66e7-48bb-b651-73ae9876eead (type: ports) to 2
2026-06-26 11:47:45.437 9 WARNING neutron.scheduler.dhcp_agent_scheduler [None req-a91b90c7-51cf-409d-b31d-a83fcdb31162 e0b165b0f1ff4bfaaf5503d53e120218 151dc3956b9b45dabf3020ea06c7d782 - - - -] No more DHCP agents
2026-06-26 11:47:45.439 9 WARNING neutron.api.rpc.agentnotifiers.dhcp_rpc_agent_api [None req-a91b90c7-51cf-409d-b31d-a83fcdb31162 e0b165b0f1ff4bfaaf5503d53e120218 151dc3956b9b45dabf3020ea06c7d782 - - - -] Unable to schedule network 145ab777-77eb-4b77-922b-901f130ecc0b: no agents available; will retry on subsequent port and subnet creation events.
2026-06-26 11:47:45.449 10 INFO neutron.db.ovn_revision_numbers_db [None req-9c01cc78-6fd2-4306-be20-33ba418d3328 897b8d9a44544069b3424c2526498885 0806b88e2d104be687f06df814730813 - - - -] Successfully bumped revision number for resource 7ab910e9-afc9-4dba-8198-154876ee469a (type: subnets) to 0
2026-06-26 11:47:45.485 10 INFO neutron.wsgi [None req-9c01cc78-6fd2-4306-be20-33ba418d3328 897b8d9a44544069b3424c2526498885 0806b88e2d104be687f06df814730813 - - - -] 10.0.0.244 "POST /v2.0/subnets HTTP/1.1" status: 201 len: 832 time: 1.2845390
2026-06-26 11:47:45.498 10 INFO neutron.db.ovn_revision_numbers_db [None req-c3781295-068b-4f4c-bb7c-245067b68272 - - - - - -] Successfully bumped revision number for resource 07759822-5004-465e-9dc4-7565ad11f969 (type: ports) to 2
2026-06-26 11:47:45.710 10 INFO neutron.db.ovn_revision_numbers_db [None req-c3781295-068b-4f4c-bb7c-245067b68272 - - - - - -] Successfully bumped revision number for resource 07759822-5004-465e-9dc4-7565ad11f969 (type: ports) to 4
2026-06-26 11:47:45.763 9 INFO neutron.db.ovn_revision_numbers_db [None req-a91b90c7-51cf-409d-b31d-a83fcdb31162 e0b165b0f1ff4bfaaf5503d53e120218 151dc3956b9b45dabf3020ea06c7d782 - - - -] Successfully bumped revision number for resource a967cf9d-2091-480c-98d4-65a3da17b6dc (type: ports) to 1
2026-06-26 11:47:45.787 9 INFO neutron.wsgi [None req-a91b90c7-51cf-409d-b31d-a83fcdb31162 e0b165b0f1ff4bfaaf5503d53e120218 151dc3956b9b45dabf3020ea06c7d782 - - - -] 10.0.0.244 "POST /v2.0/networks HTTP/1.1" status: 201 len: 831 time: 0.8359928
2026-06-26 11:47:46.113 9 WARNING neutron.scheduler.dhcp_agent_scheduler [None req-005a71ec-2cb5-40c3-92ec-fc1b734e76b1 e0b165b0f1ff4bfaaf5503d53e120218 151dc3956b9b45dabf3020ea06c7d782 - - - -] No more DHCP agents
2026-06-26 11:47:46.118 9 WARNING neutron.api.rpc.agentnotifiers.dhcp_rpc_agent_api [None req-005a71ec-2cb5-40c3-92ec-fc1b734e76b1 e0b165b0f1ff4bfaaf5503d53e120218 151dc3956b9b45dabf3020ea06c7d782 - - - -] Unable to schedule network 145ab777-77eb-4b77-922b-901f130ecc0b: no agents available; will retry on subsequent port and subnet creation events.
2026-06-26 11:47:46.163 10 INFO neutron.db.ovn_revision_numbers_db [None req-c3781295-068b-4f4c-bb7c-245067b68272 - - - - - -] Successfully bumped revision number for resource 07759822-5004-465e-9dc4-7565ad11f969 (type: router_ports) to 4
2026-06-26 11:47:46.208 9 INFO neutron.db.ovn_revision_numbers_db [None req-005a71ec-2cb5-40c3-92ec-fc1b734e76b1 e0b165b0f1ff4bfaaf5503d53e120218 151dc3956b9b45dabf3020ea06c7d782 - - - -] Successfully bumped revision number for resource b6f3803c-a04e-4e0a-9aea-ddcebbeb6196 (type: ports) to 1
2026-06-26 11:47:46.248 9 INFO neutron.wsgi [None req-005a71ec-2cb5-40c3-92ec-fc1b734e76b1 e0b165b0f1ff4bfaaf5503d53e120218 151dc3956b9b45dabf3020ea06c7d782 - - - -] 10.0.0.244 "POST /v2.0/ports HTTP/1.1" status: 201 len: 942 time: 0.4464319
2026-06-26 11:47:46.333 9 WARNING neutron.scheduler.dhcp_agent_scheduler [None req-036c9d8f-e461-4331-ad1a-09e03e15c792 897b8d9a44544069b3424c2526498885 0806b88e2d104be687f06df814730813 - - default default] No more DHCP agents
2026-06-26 11:47:46.335 9 WARNING neutron.api.rpc.agentnotifiers.dhcp_rpc_agent_api [None req-036c9d8f-e461-4331-ad1a-09e03e15c792 897b8d9a44544069b3424c2526498885 0806b88e2d104be687f06df814730813 - - default default] Unable to schedule network e76511ed-d6c2-403c-af08-94df8687f29d: no agents available; will retry on subsequent port and subnet creation events.
2026-06-26 11:47:46.453 10 INFO neutron.wsgi [None req-291b2efa-01a9-47f5-a979-1dffaa6d259b e0b165b0f1ff4bfaaf5503d53e120218 151dc3956b9b45dabf3020ea06c7d782 - - - -] 10.0.0.244 "POST /v2.0/trunks HTTP/1.1" status: 201 len: 608 time: 0.2006874
2026-06-26 11:47:46.490 10 INFO neutron.wsgi [None req-ef9d1729-dc7f-43ad-a510-67691a7db351 e0b165b0f1ff4bfaaf5503d53e120218 151dc3956b9b45dabf3020ea06c7d782 - - - -] 10.0.0.244 "PUT /v2.0/trunks/9fbbe0e1-07c6-4272-9a69-e649e3213fcc/tags HTTP/1.1" status: 200 len: 210 time: 0.0315657
2026-06-26 11:47:46.509 9 INFO neutron.db.ovn_revision_numbers_db [None req-036c9d8f-e461-4331-ad1a-09e03e15c792 897b8d9a44544069b3424c2526498885 0806b88e2d104be687f06df814730813 - - default default] Successfully bumped revision number for resource b6c80f2e-699e-46c9-bc19-f600d1cdecdb (type: ports) to 1
2026-06-26 11:47:46.519 10 INFO neutron.wsgi [None req-a1f69eda-0915-4960-abdf-e01168531a5e e0b165b0f1ff4bfaaf5503d53e120218 151dc3956b9b45dabf3020ea06c7d782 - - - -] 10.0.0.244 "PUT /v2.0/trunks/e9761ce7-554a-42fa-8a9f-e3ac66c7154c/tags HTTP/1.1" status: 200 len: 218 time: 0.0251639
2026-06-26 11:47:46.552 10 INFO neutron.wsgi [None req-6110f77e-bcc5-4ac4-9594-9afaaff0fe36 e0b165b0f1ff4bfaaf5503d53e120218 151dc3956b9b45dabf3020ea06c7d782 - - - -] 10.0.0.244 "PUT /v2.0/trunks/0ea6e356-937e-4218-b461-23d9987bb535/tags HTTP/1.1" status: 200 len: 227 time: 0.0281322
2026-06-26 11:47:46.578 10 INFO neutron.wsgi [None req-0f5b1904-a23b-4ab1-bd06-318331f459e0 e0b165b0f1ff4bfaaf5503d53e120218 151dc3956b9b45dabf3020ea06c7d782 - - - -] 10.0.0.244 "PUT /v2.0/trunks/1f5238a8-b501-4ab3-9eea-8e30888f7882/tags HTTP/1.1" status: 200 len: 212 time: 0.0218439
2026-06-26 11:47:46.607 10 INFO neutron.wsgi [None req-86f2c09d-a918-4d71-bf63-0e1ce0d358da e0b165b0f1ff4bfaaf5503d53e120218 151dc3956b9b45dabf3020ea06c7d782 - - default default] 10.0.0.244 "GET /v2.0/trunks?tags=red HTTP/1.1" status: 200 len: 1447 time: 0.0244472
2026-06-26 11:47:46.635 10 INFO neutron.wsgi [None req-e5c71d73-7c45-495f-ab31-fcdfea38e968 e0b165b0f1ff4bfaaf5503d53e120218 151dc3956b9b45dabf3020ea06c7d782 - - default default] 10.0.0.244 "GET /v2.0/trunks?tags=red%2Cblue HTTP/1.1" status: 200 len: 1041 time: 0.0230713
2026-06-26 11:47:46.660 10 INFO neutron.wsgi [None req-6438a7d3-0513-4f6e-a408-52a85593c89a e0b165b0f1ff4bfaaf5503d53e120218 151dc3956b9b45dabf3020ea06c7d782 - - default default] 10.0.0.244 "GET /v2.0/trunks?tags-any=blue HTTP/1.1" status: 200 len: 1041 time: 0.0207419
2026-06-26 11:47:46.683 10 INFO neutron.wsgi [None req-e3d133dc-21ab-4164-aff1-318a6fc8e14b e0b165b0f1ff4bfaaf5503d53e120218 151dc3956b9b45dabf3020ea06c7d782 - - default default] 10.0.0.244 "GET /v2.0/trunks?tags-any=red%2Cblue HTTP/1.1" status: 200 len: 1447 time: 0.0179946 /var/lib/openstack/lib/python3.10/site-packages/pycadf/identifier.py:71: UserWarning: Invalid uuid: neutron. To ensure interoperability, identifiers should be a valid uuid. warnings.warn(('Invalid uuid: %s. To ensure interoperability, '
2026-06-26 11:47:46.712 9 INFO neutron.wsgi [None req-c966e1d4-81a3-4d3e-89e1-73823a3735f2 e0b165b0f1ff4bfaaf5503d53e120218 151dc3956b9b45dabf3020ea06c7d782 - - default default] 10.0.0.244 "GET /v2.0/trunks?not-tags=red HTTP/1.1" status: 200 len: 1013 time: 0.0251615
2026-06-26 11:47:46.752 9 INFO neutron.wsgi [None req-d710d0db-a263-49cc-a532-815f8c3cf15a e0b165b0f1ff4bfaaf5503d53e120218 151dc3956b9b45dabf3020ea06c7d782 - - default default] 10.0.0.244 "GET /v2.0/trunks?not-tags=red%2Cblue HTTP/1.1" status: 200 len: 1419 time: 0.0350683
2026-06-26 11:47:46.783 10 INFO neutron.wsgi [None req-a04ec15c-df9e-4246-8142-92f03b8ccdff e0b165b0f1ff4bfaaf5503d53e120218 151dc3956b9b45dabf3020ea06c7d782 - - default default] 10.0.0.244 "GET /v2.0/trunks?not-tags-any=blue HTTP/1.1" status: 200 len: 1419 time: 0.0259974
2026-06-26 11:47:46.802 10 INFO neutron.wsgi [None req-60e720b9-1fa5-4db5-81ec-5e388a5a6e17 e0b165b0f1ff4bfaaf5503d53e120218 151dc3956b9b45dabf3020ea06c7d782 - - default default] 10.0.0.244 "GET /v2.0/trunks?not-tags-any=red%2Cblue HTTP/1.1" status: 200 len: 1013 time: 0.0154841
2026-06-26 11:47:46.840 10 INFO neutron.wsgi [None req-2832ebb8-684d-41e3-b864-9a8cf471262b e0b165b0f1ff4bfaaf5503d53e120218 151dc3956b9b45dabf3020ea06c7d782 - - default default] 10.0.0.244 "GET /v2.0/trunks/9fbbe0e1-07c6-4272-9a69-e649e3213fcc HTTP/1.1" status: 200 len: 608 time: 0.0224578
2026-06-26 11:47:46.959 10 INFO neutron.wsgi [None req-3ef120fd-abb3-4aa5-84df-ced176c5e4ee e0b165b0f1ff4bfaaf5503d53e120218 151dc3956b9b45dabf3020ea06c7d782 - - default default] 10.0.0.244 "GET /v2.0/ports/73b4c01e-ff80-4979-8827-18886c83815d HTTP/1.1" status: 200 len: 1020 time: 0.1148770
2026-06-26 11:47:47.021 9 INFO neutron.wsgi [req-6cb709be-0322-4037-9db9-3100af78ead8 req-9420da7b-d6d1-4d8e-bf27-dffd84e65e6c 812cc96d6d80415b86a67f80674d5cd5 336fd326b0fb4deb820530a003a46c1b - - default default] 10.0.0.217 "GET /v2.0/ports?device_id=80923691-7d0d-4edf-93e7-fc8fa3fc23ed HTTP/1.1" status: 200 len: 1214 time: 0.0620399
2026-06-26 11:47:47.041 10 INFO neutron.plugins.ml2.drivers.ovn.mech_driver.mech_driver [None req-fd9721f4-af32-4575-beb7-8fc63908fd75 - - - - - -] OVN reports status down for port: b02dfe81-b12d-44a7-a67a-c0bc8498e76f
2026-06-26 11:47:47.100 9 INFO neutron.db.ovn_revision_numbers_db [None req-036c9d8f-e461-4331-ad1a-09e03e15c792 897b8d9a44544069b3424c2526498885 0806b88e2d104be687f06df814730813 - - default default] Successfully bumped revision number for resource b6c80f2e-699e-46c9-bc19-f600d1cdecdb (type: router_ports) to 2
2026-06-26 11:47:47.106 9 INFO neutron.wsgi [req-6cb709be-0322-4037-9db9-3100af78ead8 req-add1e12c-7a04-489d-a24a-e1e46353542e 812cc96d6d80415b86a67f80674d5cd5 336fd326b0fb4deb820530a003a46c1b - - default default] 10.0.0.217 "GET /v2.0/security-groups?id=24336654-fdbd-49e1-8bfc-5307dd43fece&id=819ea9ac-70a9-4545-ab84-52c8c611adb6&fields=id&fields=name HTTP/1.1" status: 200 len: 404 time: 0.0728855
2026-06-26 11:47:47.122 10 INFO neutron.wsgi [None req-35962ae3-a378-4982-b254-f86e5584edf0 e0b165b0f1ff4bfaaf5503d53e120218 151dc3956b9b45dabf3020ea06c7d782 - - - -] 10.0.0.244 "DELETE /v2.0/trunks/9fbbe0e1-07c6-4272-9a69-e649e3213fcc HTTP/1.1" status: 204 len: 168 time: 0.1578705
2026-06-26 11:47:47.123 10 INFO neutron.db.ovn_revision_numbers_db [None req-a8954aa3-bcbd-4850-a05f-bc8c2600128c df8495ed640840688305c2e7be167d6a 1ac5f51cc12349ee86486f512b35bb2a - - - -] Successfully bumped revision number for resource 725484f2-1164-4e9d-bdee-ae509fa48c7c (type: security_groups) to 1
2026-06-26 11:47:47.154 9 INFO neutron.wsgi [None req-369ee9ff-974a-412c-bc99-2fa56cfdf866 e0b165b0f1ff4bfaaf5503d53e120218 151dc3956b9b45dabf3020ea06c7d782 - - default default] 10.0.0.244 "GET /v2.0/trunks/e9761ce7-554a-42fa-8a9f-e3ac66c7154c HTTP/1.1" status: 200 len: 616 time: 0.0273309
2026-06-26 11:47:47.200 10 INFO neutron.db.segments_db [None req-a8954aa3-bcbd-4850-a05f-bc8c2600128c df8495ed640840688305c2e7be167d6a 1ac5f51cc12349ee86486f512b35bb2a - - - -] Added segment 5a52a7e0-c6b0-454d-a93b-98bc215959a2 of type geneve for network 18fc17c8-7e18-460b-808e-f0972ad00f78
2026-06-26 11:47:47.281 9 INFO neutron.db.ovn_revision_numbers_db [None req-036c9d8f-e461-4331-ad1a-09e03e15c792 897b8d9a44544069b3424c2526498885 0806b88e2d104be687f06df814730813 - - default default] Successfully bumped revision number for resource b6c80f2e-699e-46c9-bc19-f600d1cdecdb (type: ports) to 2
2026-06-26 11:47:47.285 10 INFO neutron.notifiers.nova [-] Nova event matching ['req-d3d73139-a8df-48d7-9032-efd78db89b77'] response: {'server_uuid': '80923691-7d0d-4edf-93e7-fc8fa3fc23ed', 'name': 'network-vif-unplugged', 'status': 'completed', 'tag': 'b02dfe81-b12d-44a7-a67a-c0bc8498e76f', 'code': 200}
2026-06-26 11:47:47.338 10 INFO neutron.wsgi [None req-8a70cfca-1613-46e8-9130-579df732efec e0b165b0f1ff4bfaaf5503d53e120218 151dc3956b9b45dabf3020ea06c7d782 - - default default] 10.0.0.244 "GET /v2.0/ports/5ba9225a-6d1e-4a71-9221-1dfbc3ba1368 HTTP/1.1" status: 200 len: 1020 time: 0.1687746
2026-06-26 11:47:47.348 9 INFO neutron.wsgi [req-f9702408-9a0b-4f9d-9c2b-cf994359c62e req-6731c452-ac43-4314-a1c1-3de0b324d2a5 812cc96d6d80415b86a67f80674d5cd5 336fd326b0fb4deb820530a003a46c1b - - default default] 199.204.45.23 "GET /v2.0/ports?device_id=80923691-7d0d-4edf-93e7-fc8fa3fc23ed HTTP/1.1" status: 200 len: 1212 time: 0.0548019
2026-06-26 11:47:47.440 9 WARNING neutron.scheduler.dhcp_agent_scheduler [None req-036c9d8f-e461-4331-ad1a-09e03e15c792 897b8d9a44544069b3424c2526498885 0806b88e2d104be687f06df814730813 - - default default] No more DHCP agents
2026-06-26 11:47:47.448 9 WARNING neutron.api.rpc.agentnotifiers.dhcp_rpc_agent_api [None req-036c9d8f-e461-4331-ad1a-09e03e15c792 897b8d9a44544069b3424c2526498885 0806b88e2d104be687f06df814730813 - - default default] Unable to schedule network e76511ed-d6c2-403c-af08-94df8687f29d: no agents available; will retry on subsequent port and subnet creation events.
2026-06-26 11:47:47.448 10 INFO neutron.db.ovn_revision_numbers_db [None req-a8954aa3-bcbd-4850-a05f-bc8c2600128c df8495ed640840688305c2e7be167d6a 1ac5f51cc12349ee86486f512b35bb2a - - - -] Successfully bumped revision number for resource 18fc17c8-7e18-460b-808e-f0972ad00f78 (type: networks) to 1
2026-06-26 11:47:47.525 10 INFO neutron.db.ovn_revision_numbers_db [None req-fd9721f4-af32-4575-beb7-8fc63908fd75 - - - - - -] Successfully bumped revision number for resource b02dfe81-b12d-44a7-a67a-c0bc8498e76f (type: ports) to 5
2026-06-26 11:47:47.555 10 INFO neutron.plugins.ml2.drivers.ovn.mech_driver.mech_driver [None req-fd9721f4-af32-4575-beb7-8fc63908fd75 - - - - - -] OVN reports status up for port: b6c80f2e-699e-46c9-bc19-f600d1cdecdb
2026-06-26 11:47:47.581 10 INFO neutron.plugins.ml2.plugin [None req-fd9721f4-af32-4575-beb7-8fc63908fd75 - - - - - -] Attempt 1 to provision port b6c80f2e-699e-46c9-bc19-f600d1cdecdb
2026-06-26 11:47:47.671 10 WARNING neutron.scheduler.dhcp_agent_scheduler [None req-a8954aa3-bcbd-4850-a05f-bc8c2600128c df8495ed640840688305c2e7be167d6a 1ac5f51cc12349ee86486f512b35bb2a - - - -] No more DHCP agents
2026-06-26 11:47:47.681 10 WARNING neutron.api.rpc.agentnotifiers.dhcp_rpc_agent_api [None req-a8954aa3-bcbd-4850-a05f-bc8c2600128c df8495ed640840688305c2e7be167d6a 1ac5f51cc12349ee86486f512b35bb2a - - - -] Unable to schedule network 18fc17c8-7e18-460b-808e-f0972ad00f78: no agents available; will retry on subsequent port and subnet creation events.
2026-06-26 11:47:47.758 10 INFO neutron.db.ovn_revision_numbers_db [None req-a8954aa3-bcbd-4850-a05f-bc8c2600128c df8495ed640840688305c2e7be167d6a 1ac5f51cc12349ee86486f512b35bb2a - - - -] Successfully bumped revision number for resource d605da0a-e12d-422e-b97d-56654e25d96d (type: ports) to 1
2026-06-26 11:47:47.782 10 INFO neutron.wsgi [None req-a8954aa3-bcbd-4850-a05f-bc8c2600128c df8495ed640840688305c2e7be167d6a 1ac5f51cc12349ee86486f512b35bb2a - - - -] 10.0.0.244 "POST /v2.0/networks HTTP/1.1" status: 201 len: 943 time: 1.0904026
2026-06-26 11:47:47.801 9 INFO neutron.wsgi [None req-a92e495c-2a14-46b8-86f5-15dfbdd60eac e0b165b0f1ff4bfaaf5503d53e120218 151dc3956b9b45dabf3020ea06c7d782 - - - -] 10.0.0.244 "DELETE /v2.0/trunks/e9761ce7-554a-42fa-8a9f-e3ac66c7154c HTTP/1.1" status: 204 len: 168 time: 0.4508340 /var/lib/openstack/lib/python3.10/site-packages/pycadf/identifier.py:71: UserWarning: Invalid uuid: neutron. To ensure interoperability, identifiers should be a valid uuid. warnings.warn(('Invalid uuid: %s. To ensure interoperability, '
2026-06-26 11:47:47.827 10 INFO neutron.wsgi [None req-d104f999-b2f7-4931-9b34-4a2ceb059051 e0b165b0f1ff4bfaaf5503d53e120218 151dc3956b9b45dabf3020ea06c7d782 - - default default] 10.0.0.244 "GET /v2.0/trunks/0ea6e356-937e-4218-b461-23d9987bb535 HTTP/1.1" status: 200 len: 625 time: 0.0193372
2026-06-26 11:47:47.918 10 INFO neutron.db.ovn_revision_numbers_db [None req-fd9721f4-af32-4575-beb7-8fc63908fd75 - - - - - -] Successfully bumped revision number for resource b6c80f2e-699e-46c9-bc19-f600d1cdecdb (type: ports) to 3
2026-06-26 11:47:47.923 10 INFO neutron.wsgi [None req-852bfb5b-28ec-4a4b-b5dc-4103708d9bdd e0b165b0f1ff4bfaaf5503d53e120218 151dc3956b9b45dabf3020ea06c7d782 - - default default] 10.0.0.244 "GET /v2.0/ports/f4a1b609-9346-4453-93c3-63cfa88bd9d1 HTTP/1.1" status: 200 len: 1020 time: 0.0908210
2026-06-26 11:47:48.124 9 WARNING neutron.scheduler.dhcp_agent_scheduler [None req-47a2a8e0-1c23-431d-9533-973d5b5fdf14 df8495ed640840688305c2e7be167d6a 1ac5f51cc12349ee86486f512b35bb2a - - - -] No more DHCP agents
2026-06-26 11:47:48.141 9 WARNING neutron.api.rpc.agentnotifiers.dhcp_rpc_agent_api [None req-47a2a8e0-1c23-431d-9533-973d5b5fdf14 df8495ed640840688305c2e7be167d6a 1ac5f51cc12349ee86486f512b35bb2a - - - -] Unable to schedule network 18fc17c8-7e18-460b-808e-f0972ad00f78: no agents available; will retry on subsequent port and subnet creation events.
2026-06-26 11:47:48.220 9 INFO neutron.db.l3_db [None req-589fb63f-f1a5-4057-84fd-7db84283caca 812cc96d6d80415b86a67f80674d5cd5 336fd326b0fb4deb820530a003a46c1b - - - -] Floating IP 6ab08d46-4479-454c-a721-1f9054f7e7d2 disassociated. External IP: 10.96.250.218, port: b02dfe81-b12d-44a7-a67a-c0bc8498e76f.
2026-06-26 11:47:48.249 9 INFO neutron.wsgi [req-85959c81-f3fd-47d6-8ebf-7a1aef012acd req-f403d101-52e5-4aac-9b96-9a2c4fcffb09 812cc96d6d80415b86a67f80674d5cd5 336fd326b0fb4deb820530a003a46c1b - - default default] 10.0.0.217 "GET /v2.0/ports?device_id=80923691-7d0d-4edf-93e7-fc8fa3fc23ed HTTP/1.1" status: 200 len: 1212 time: 0.0711517
2026-06-26 11:47:48.318 10 INFO neutron.wsgi [None req-db9abc14-5ce4-4453-b7eb-9fb0eea2ab50 df8495ed640840688305c2e7be167d6a 1ac5f51cc12349ee86486f512b35bb2a - - default default] 10.0.0.204 "GET /v2.0/floatingips HTTP/1.1" status: 200 len: 1034 time: 0.3660769
2026-06-26 11:47:48.330 9 INFO neutron.db.ovn_revision_numbers_db [None req-036c9d8f-e461-4331-ad1a-09e03e15c792 897b8d9a44544069b3424c2526498885 0806b88e2d104be687f06df814730813 - - - -] Successfully bumped revision number for resource b6c80f2e-699e-46c9-bc19-f600d1cdecdb (type: router_ports) to 2
2026-06-26 11:47:48.332 9 INFO neutron.wsgi [None req-036c9d8f-e461-4331-ad1a-09e03e15c792 897b8d9a44544069b3424c2526498885 0806b88e2d104be687f06df814730813 - - - -] 10.0.0.244 "PUT /v2.0/routers/0112310f-0395-4efd-97e0-cd3a977cc3e2/add_router_interface HTTP/1.1" status: 200 len: 503 time: 2.8402083
2026-06-26 11:47:48.336 10 INFO neutron.wsgi [None req-7f5d5aed-19d7-4063-a38e-d53697781d6f e0b165b0f1ff4bfaaf5503d53e120218 151dc3956b9b45dabf3020ea06c7d782 - - - -] 10.0.0.244 "DELETE /v2.0/trunks/0ea6e356-937e-4218-b461-23d9987bb535 HTTP/1.1" status: 204 len: 168 time: 0.4082770
2026-06-26 11:47:48.359 10 INFO neutron.db.ovn_revision_numbers_db [None req-fd9721f4-af32-4575-beb7-8fc63908fd75 - - - - - -] Successfully bumped revision number for resource b6c80f2e-699e-46c9-bc19-f600d1cdecdb (type: router_ports) to 3
2026-06-26 11:47:48.370 9 INFO neutron.wsgi [req-85959c81-f3fd-47d6-8ebf-7a1aef012acd req-f65585c2-b912-4a50-a107-e619029b7360 812cc96d6d80415b86a67f80674d5cd5 336fd326b0fb4deb820530a003a46c1b - - default default] 10.0.0.217 "GET /v2.0/security-groups?id=24336654-fdbd-49e1-8bfc-5307dd43fece&id=819ea9ac-70a9-4545-ab84-52c8c611adb6&fields=id&fields=name HTTP/1.1" status: 200 len: 404 time: 0.1083827
2026-06-26 11:47:48.412 10 INFO neutron.wsgi [None req-6fc96a82-fe11-46c7-bc7e-1369e57184b1 e0b165b0f1ff4bfaaf5503d53e120218 151dc3956b9b45dabf3020ea06c7d782 - - default default] 10.0.0.244 "GET /v2.0/trunks/1f5238a8-b501-4ab3-9eea-8e30888f7882 HTTP/1.1" status: 200 len: 610 time: 0.0613124
2026-06-26 11:47:48.477 10 INFO neutron.wsgi [None req-b9a602bb-6838-4b62-89ea-c9685e94d193 df8495ed640840688305c2e7be167d6a 1ac5f51cc12349ee86486f512b35bb2a - - default default] 10.0.0.204 "GET /v2.0/networks HTTP/1.1" status: 200 len: 8899 time: 0.1574302
2026-06-26 11:47:48.496 10 INFO neutron.wsgi [None req-54fcc539-1940-40fc-9162-a0df1de75371 ccc724eb94f34e00baed54521244d1a1 014b41abadff44afb69b78d7b8cbd2b1 - - default default] 10.0.0.244 "GET /v2.0/networks HTTP/1.1" status: 200 len: 8918 time: 0.1581602
2026-06-26 11:47:48.603 9 INFO neutron.wsgi [None req-90e9b790-aaa4-4d6c-99ee-a6e11e2b42a0 ccc724eb94f34e00baed54521244d1a1 014b41abadff44afb69b78d7b8cbd2b1 - - default default] 10.0.0.244 "GET /v2.0/subnets HTTP/1.1" status: 200 len: 4058 time: 0.0976467
2026-06-26 11:47:48.609 10 INFO neutron.wsgi [None req-077bd39b-a4ee-4b2e-aae9-a78adcfa2ab5 df8495ed640840688305c2e7be167d6a 1ac5f51cc12349ee86486f512b35bb2a - - default default] 10.0.0.204 "GET /v2.0/security-groups HTTP/1.1" status: 200 len: 38536 time: 0.1208043
2026-06-26 11:47:48.615 9 INFO neutron.wsgi [None req-7fccb61c-6315-48c1-b306-7bb8b6f758da e0b165b0f1ff4bfaaf5503d53e120218 151dc3956b9b45dabf3020ea06c7d782 - - default default] 10.0.0.244 "GET /v2.0/ports/aff2bb88-c782-4c6a-85f0-10de89a0029d HTTP/1.1" status: 200 len: 1020 time: 0.1958578
2026-06-26 11:47:48.746 10 INFO neutron.wsgi [None req-64463af7-9f69-4ff2-a930-f1b90bf61d8e df8495ed640840688305c2e7be167d6a 1ac5f51cc12349ee86486f512b35bb2a - - default default] 10.0.0.204 "GET /v2.0/ports HTTP/1.1" status: 200 len: 25478 time: 0.1196749
2026-06-26 11:47:48.782 10 INFO neutron.wsgi [None req-e2a69438-002f-415f-ac19-8087e8f09057 ccc724eb94f34e00baed54521244d1a1 014b41abadff44afb69b78d7b8cbd2b1 - - default default] 10.0.0.244 "GET /v2.0/routers HTTP/1.1" status: 200 len: 2220 time: 0.1714518
2026-06-26 11:47:48.790 10 INFO neutron.wsgi [None req-5bc819e9-f1dc-46db-805e-9f5b56d23462 df8495ed640840688305c2e7be167d6a 1ac5f51cc12349ee86486f512b35bb2a - - default default] 10.0.0.204 "GET /v2.0/network-ip-availabilities HTTP/1.1" status: 200 len: 4478 time: 0.0270391
2026-06-26 11:47:48.851 10 INFO neutron.wsgi [None req-386c6d59-cf30-49bb-9430-724cd50366c3 df8495ed640840688305c2e7be167d6a 1ac5f51cc12349ee86486f512b35bb2a - - default default] 10.0.0.204 "GET /v2.0/subnets HTTP/1.1" status: 200 len: 4039 time: 0.0598555
2026-06-26 11:47:48.854 10 INFO neutron.wsgi [None req-812137b9-0b09-4699-9a7e-cf37283e7483 e0b165b0f1ff4bfaaf5503d53e120218 151dc3956b9b45dabf3020ea06c7d782 - - - -] 10.0.0.244 "DELETE /v2.0/trunks/1f5238a8-b501-4ab3-9eea-8e30888f7882 HTTP/1.1" status: 204 len: 168 time: 0.2275982
2026-06-26 11:47:48.860 9 INFO neutron.wsgi [None req-589fb63f-f1a5-4057-84fd-7db84283caca 812cc96d6d80415b86a67f80674d5cd5 336fd326b0fb4deb820530a003a46c1b - - - -] 199.204.45.23 "DELETE /v2.0/ports/b02dfe81-b12d-44a7-a67a-c0bc8498e76f HTTP/1.1" status: 204 len: 173 time: 1.5059407
2026-06-26 11:47:48.875 10 INFO neutron.wsgi [None req-f2db8794-619c-45c9-8e4a-335de289a1ae df8495ed640840688305c2e7be167d6a 1ac5f51cc12349ee86486f512b35bb2a - - default default] 10.0.0.204 "GET /v2.0/agents HTTP/1.1" status: 200 len: 997 time: 0.0183454
2026-06-26 11:47:48.885 10 INFO neutron.wsgi [None req-3fe38c17-651e-426d-a9d2-cf171f67277b e0b165b0f1ff4bfaaf5503d53e120218 151dc3956b9b45dabf3020ea06c7d782 - - default default] 10.0.0.244 "GET /v2.0/trunks/e6e88dc5-ed91-47ec-8d6c-3d7271605667 HTTP/1.1" status: 200 len: 603 time: 0.0230308
2026-06-26 11:47:48.895 9 INFO neutron.notifiers.nova [-] Nova event matching ['req-6a2c79e3-b0b8-4260-97b7-07d1e6f6eca5'] response: {'server_uuid': '80923691-7d0d-4edf-93e7-fc8fa3fc23ed', 'name': 'network-vif-deleted', 'tag': 'b02dfe81-b12d-44a7-a67a-c0bc8498e76f', 'status': 'completed', 'code': 200}
2026-06-26 11:47:48.926 10 INFO neutron.wsgi [None req-832588b6-9f3d-42e5-be91-5d2be32f2c55 df8495ed640840688305c2e7be167d6a 1ac5f51cc12349ee86486f512b35bb2a - - default default] 10.0.0.204 "GET /v2.0/subnets HTTP/1.1" status: 200 len: 4039 time: 0.0484767
2026-06-26 11:47:48.958 10 INFO neutron.wsgi [None req-79ee59f0-7214-41cc-b9fe-03294e356872 df8495ed640840688305c2e7be167d6a 1ac5f51cc12349ee86486f512b35bb2a - - default default] 10.0.0.204 "GET /v2.0/subnetpools HTTP/1.1" status: 200 len: 193 time: 0.0293050
2026-06-26 11:47:49.034 10 INFO neutron.wsgi [None req-36eb3027-f27f-431e-979c-221084f77816 e0b165b0f1ff4bfaaf5503d53e120218 151dc3956b9b45dabf3020ea06c7d782 - - default default] 10.0.0.244 "GET /v2.0/ports/b6f3803c-a04e-4e0a-9aea-ddcebbeb6196 HTTP/1.1" status: 200 len: 1020 time: 0.1400383
2026-06-26 11:47:49.054 10 INFO neutron.db.ovn_revision_numbers_db [None req-5d900fb3-27da-4f3a-9009-a561e012e2c1 897b8d9a44544069b3424c2526498885 0806b88e2d104be687f06df814730813 - - - -] Successfully bumped revision number for resource 52d3e7a0-3112-4caa-91f0-f68352561157 (type: security_groups) to 1
2026-06-26 11:47:49.057 10 INFO neutron.wsgi [None req-69a3a93e-adfe-446a-a8a8-6f3d2bbca2e7 df8495ed640840688305c2e7be167d6a 1ac5f51cc12349ee86486f512b35bb2a - - default default] 10.0.0.204 "GET /v2.0/routers HTTP/1.1" status: 200 len: 2201 time: 0.0963793
2026-06-26 11:47:49.077 10 INFO neutron.wsgi [None req-5cf6d161-b564-40dd-9ec7-c41af56f193a df8495ed640840688305c2e7be167d6a 1ac5f51cc12349ee86486f512b35bb2a - - default default] 10.0.0.204 "GET /v2.0/agents?binary=ovn-controller HTTP/1.1" status: 200 len: 591 time: 0.0178878
2026-06-26 11:47:49.081 10 INFO neutron.wsgi [None req-5d900fb3-27da-4f3a-9009-a561e012e2c1 897b8d9a44544069b3424c2526498885 0806b88e2d104be687f06df814730813 - - - -] 10.0.0.244 "POST /v2.0/security-groups HTTP/1.1" status: 201 len: 1811 time: 0.2390878
2026-06-26 11:47:49.129 9 INFO neutron.db.ovn_revision_numbers_db [None req-47a2a8e0-1c23-431d-9533-973d5b5fdf14 df8495ed640840688305c2e7be167d6a 1ac5f51cc12349ee86486f512b35bb2a - - - -] Successfully bumped revision number for resource d605da0a-e12d-422e-b97d-56654e25d96d (type: ports) to 2
2026-06-26 11:47:49.151 9 INFO neutron.db.ovn_revision_numbers_db [None req-47a2a8e0-1c23-431d-9533-973d5b5fdf14 df8495ed640840688305c2e7be167d6a 1ac5f51cc12349ee86486f512b35bb2a - - - -] Successfully bumped revision number for resource 2c262440-3580-497d-8f6e-b03aad40f3bd (type: subnets) to 0
2026-06-26 11:47:49.157 9 INFO neutron.wsgi [None req-1438112a-c173-48c7-9938-730eeea34a0c e0b165b0f1ff4bfaaf5503d53e120218 151dc3956b9b45dabf3020ea06c7d782 - - - -] 10.0.0.244 "DELETE /v2.0/trunks/e6e88dc5-ed91-47ec-8d6c-3d7271605667 HTTP/1.1" status: 204 len: 168 time: 0.1192229
2026-06-26 11:47:49.186 10 INFO neutron.db.ovn_revision_numbers_db [None req-3b19d7d7-ea99-4a64-8312-68e678d3998e 897b8d9a44544069b3424c2526498885 0806b88e2d104be687f06df814730813 - - - -] Successfully bumped revision number for resource 3f9f649b-8a4c-451c-8753-0be4c6fa122b (type: security_group_rules) to 0
2026-06-26 11:47:49.186 9 INFO neutron.wsgi [None req-47a2a8e0-1c23-431d-9533-973d5b5fdf14 df8495ed640840688305c2e7be167d6a 1ac5f51cc12349ee86486f512b35bb2a - - - -] 10.0.0.244 "POST /v2.0/subnets HTTP/1.1" status: 201 len: 863 time: 1.3943915
2026-06-26 11:47:49.215 10 INFO neutron.wsgi [None req-3b19d7d7-ea99-4a64-8312-68e678d3998e 897b8d9a44544069b3424c2526498885 0806b88e2d104be687f06df814730813 - - - -] 10.0.0.244 "POST /v2.0/security-group-rules HTTP/1.1" status: 201 len: 764 time: 0.1289930
