2026-06-26 11:46:38.804 10 INFO neutron.wsgi [None req-5d726841-aad4-4c2a-af6e-d5f90aa17bcb cfb97088342b4b4a825f60c906a3f4ce f3c3b273e99a4b78ae734e62da05087b - - default default] 10.0.0.244 "GET /v2.0/extensions/external-net HTTP/1.1" status: 200 len: 394 time: 0.0043142
2026-06-26 11:46:38.814 10 INFO neutron.wsgi [None req-386ffb71-244c-4ef1-b8d6-12dd14c6a680 cfb97088342b4b4a825f60c906a3f4ce f3c3b273e99a4b78ae734e62da05087b - - default default] 10.0.0.244 "GET /v2.0/extensions/extra_dhcp_opt HTTP/1.1" status: 200 len: 498 time: 0.0046680
2026-06-26 11:46:38.823 10 INFO neutron.wsgi [None req-7866cd62-3e27-47ed-9851-7d94f3b0388f cfb97088342b4b4a825f60c906a3f4ce f3c3b273e99a4b78ae734e62da05087b - - default default] 10.0.0.244 "GET /v2.0/extensions/extraroute HTTP/1.1" status: 200 len: 375 time: 0.0047991
2026-06-26 11:46:38.830 10 INFO neutron.wsgi [None req-c12bee03-ab90-4f39-889b-1391b34979a2 cfb97088342b4b4a825f60c906a3f4ce f3c3b273e99a4b78ae734e62da05087b - - default default] 10.0.0.244 "GET /v2.0/extensions/filter-validation HTTP/1.1" status: 200 len: 392 time: 0.0042727
2026-06-26 11:46:38.838 10 INFO neutron.wsgi [None req-cb08fbc0-85c0-4b0c-9b0a-0278506bfcd2 cfb97088342b4b4a825f60c906a3f4ce f3c3b273e99a4b78ae734e62da05087b - - default default] 10.0.0.244 "GET /v2.0/extensions/floating-ip-port-forwarding-detail HTTP/1.1" status: 200 len: 465 time: 0.0041001
2026-06-26 11:46:38.848 10 INFO neutron.wsgi [None req-662ffd44-7e47-4df0-aae2-562ae39c4134 cfb97088342b4b4a825f60c906a3f4ce f3c3b273e99a4b78ae734e62da05087b - - default default] 10.0.0.244 "GET /v2.0/extensions/fip-port-details HTTP/1.1" status: 200 len: 406 time: 0.0045304
2026-06-26 11:46:38.857 10 INFO neutron.wsgi [None req-3ea32fd7-b17a-4a18-b59e-dea59c0d4640 cfb97088342b4b4a825f60c906a3f4ce f3c3b273e99a4b78ae734e62da05087b - - default default] 10.0.0.244 "GET /v2.0/extensions/flavors HTTP/1.1" status: 200 len: 387 time: 0.0052283
2026-06-26 11:46:38.866 10 INFO neutron.wsgi [None req-255ad4dd-17b7-4986-99a9-7a56391b01a7 cfb97088342b4b4a825f60c906a3f4ce f3c3b273e99a4b78ae734e62da05087b - - default default] 10.0.0.244 "GET /v2.0/extensions/floatingip-pools HTTP/1.1" status: 200 len: 382 time: 0.0044494
2026-06-26 11:46:38.889 10 INFO neutron.wsgi [None req-3090210e-ed8e-4919-b6e2-437f4fa640d1 cfb97088342b4b4a825f60c906a3f4ce f3c3b273e99a4b78ae734e62da05087b - - default default] 10.0.0.244 "GET /v2.0/extensions/ip_allocation HTTP/1.1" status: 200 len: 356 time: 0.0075016
2026-06-26 11:46:38.898 10 INFO neutron.wsgi [None req-b66f3d2f-82b6-4ef9-9b81-f0d424132e2f cfb97088342b4b4a825f60c906a3f4ce f3c3b273e99a4b78ae734e62da05087b - - default default] 10.0.0.244 "GET /v2.0/extensions/l2_adjacency HTTP/1.1" status: 200 len: 372 time: 0.0033510
2026-06-26 11:46:38.909 9 INFO neutron.wsgi [None req-10542c5c-9ce6-4aff-b102-bd2ca2d2832d cfb97088342b4b4a825f60c906a3f4ce f3c3b273e99a4b78ae734e62da05087b - - default default] 10.0.0.244 "GET /v2.0/extensions/router HTTP/1.1" status: 200 len: 450 time: 0.0064123
2026-06-26 11:46:38.919 9 INFO neutron.wsgi [None req-8614e389-5548-401a-a02f-bf21f17e5b03 cfb97088342b4b4a825f60c906a3f4ce f3c3b273e99a4b78ae734e62da05087b - - default default] 10.0.0.244 "GET /v2.0/extensions/ext-gw-mode HTTP/1.1" status: 200 len: 462 time: 0.0040643
2026-06-26 11:46:38.931 9 INFO neutron.wsgi [None req-2b278f74-6422-47dd-a05c-213f5b35ba8a cfb97088342b4b4a825f60c906a3f4ce f3c3b273e99a4b78ae734e62da05087b - - default default] 10.0.0.244 "GET /v2.0/extensions/logging HTTP/1.1" status: 200 len: 407 time: 0.0046871
2026-06-26 11:46:38.940 9 INFO neutron.wsgi [None req-3761ef99-f366-4de0-b399-75f62cbc35f0 cfb97088342b4b4a825f60c906a3f4ce f3c3b273e99a4b78ae734e62da05087b - - default default] 10.0.0.244 "GET /v2.0/extensions/multi-provider HTTP/1.1" status: 200 len: 406 time: 0.0051854
2026-06-26 11:46:38.948 9 INFO neutron.wsgi [None req-9b4ace4c-e62c-4ba2-95de-a5aaeda599fc cfb97088342b4b4a825f60c906a3f4ce f3c3b273e99a4b78ae734e62da05087b - - default default] 10.0.0.244 "GET /v2.0/extensions/net-mtu HTTP/1.1" status: 200 len: 370 time: 0.0046461
2026-06-26 11:46:38.956 9 INFO neutron.wsgi [None req-0a3a7fcc-7b18-4b2d-8e88-15a9e8158bc8 cfb97088342b4b4a825f60c906a3f4ce f3c3b273e99a4b78ae734e62da05087b - - default default] 10.0.0.244 "GET /v2.0/extensions/net-mtu-writable HTTP/1.1" status: 200 len: 401 time: 0.0040715
2026-06-26 11:46:38.966 9 INFO neutron.wsgi [None req-d5c3ca4a-0b7a-49a9-b1eb-c672f5d93ad0 cfb97088342b4b4a825f60c906a3f4ce f3c3b273e99a4b78ae734e62da05087b - - default default] 10.0.0.244 "GET /v2.0/extensions/network_availability_zone HTTP/1.1" status: 200 len: 394 time: 0.0055950
2026-06-26 11:46:38.975 9 INFO neutron.wsgi [None req-5bbfbae0-598e-4a91-a8bc-860285fdea9c cfb97088342b4b4a825f60c906a3f4ce f3c3b273e99a4b78ae734e62da05087b - - default default] 10.0.0.244 "GET /v2.0/extensions/network-ip-availability HTTP/1.1" status: 200 len: 410 time: 0.0048761
2026-06-26 11:46:38.983 9 INFO neutron.wsgi [None req-5dfc4bee-1f96-4a44-8a82-82bb1d48ae46 cfb97088342b4b4a825f60c906a3f4ce f3c3b273e99a4b78ae734e62da05087b - - default default] 10.0.0.244 "GET /v2.0/extensions/pagination HTTP/1.1" status: 200 len: 386 time: 0.0048826
2026-06-26 11:46:38.991 9 INFO neutron.wsgi [None req-286fe741-985e-4cd9-8e9b-590573441b36 cfb97088342b4b4a825f60c906a3f4ce f3c3b273e99a4b78ae734e62da05087b - - default default] 10.0.0.244 "GET /v2.0/extensions/port-device-profile HTTP/1.1" status: 200 len: 383 time: 0.0046716
2026-06-26 11:46:39.001 9 INFO neutron.wsgi [None req-1e4ba277-4b09-496d-913b-3791b20d81ef cfb97088342b4b4a825f60c906a3f4ce f3c3b273e99a4b78ae734e62da05087b - - default default] 10.0.0.244 "GET /v2.0/extensions/port-mac-address-regenerate HTTP/1.1" status: 200 len: 403 time: 0.0054615
2026-06-26 11:46:39.010 9 INFO neutron.wsgi [None req-9c7d8064-4eaf-426c-9945-24fa045f94d1 cfb97088342b4b4a825f60c906a3f4ce f3c3b273e99a4b78ae734e62da05087b - - default default] 10.0.0.244 "GET /v2.0/extensions/port-numa-affinity-policy HTTP/1.1" status: 200 len: 392 time: 0.0048957
2026-06-26 11:46:39.019 9 INFO neutron.wsgi [None req-e10d853c-5aaf-4931-9049-cf07789d9ce0 cfb97088342b4b4a825f60c906a3f4ce f3c3b273e99a4b78ae734e62da05087b - - default default] 10.0.0.244 "GET /v2.0/extensions/port-resource-request HTTP/1.1" status: 200 len: 379 time: 0.0047960
2026-06-26 11:46:39.027 9 INFO neutron.wsgi [None req-a9584c9a-5a97-4e19-b0f3-1a93b28cd7c2 cfb97088342b4b4a825f60c906a3f4ce f3c3b273e99a4b78ae734e62da05087b - - default default] 10.0.0.244 "GET /v2.0/extensions/port-resource-request-groups HTTP/1.1" status: 200 len: 465 time: 0.0042310
2026-06-26 11:46:39.034 9 INFO neutron.wsgi [None req-9499dc0f-8d1b-46c4-828b-771ff12b9cf4 cfb97088342b4b4a825f60c906a3f4ce f3c3b273e99a4b78ae734e62da05087b - - default default] 10.0.0.244 "GET /v2.0/extensions/binding HTTP/1.1" status: 200 len: 387 time: 0.0041142
2026-06-26 11:46:39.042 9 INFO neutron.wsgi [None req-c3410eac-d31e-4826-b69c-e2a2574ba6c3 cfb97088342b4b4a825f60c906a3f4ce f3c3b273e99a4b78ae734e62da05087b - - default default] 10.0.0.244 "GET /v2.0/extensions/binding-extended HTTP/1.1" status: 200 len: 406 time: 0.0042543
2026-06-26 11:46:39.054 9 INFO neutron.wsgi [None req-44c4a183-eb43-4282-8a5b-f1a5c6b67265 cfb97088342b4b4a825f60c906a3f4ce f3c3b273e99a4b78ae734e62da05087b - - default default] 10.0.0.244 "GET /v2.0/extensions/port-security HTTP/1.1" status: 200 len: 354 time: 0.0071385
2026-06-26 11:46:39.065 10 INFO neutron.wsgi [None req-82557ad2-f8fa-460b-8109-f719080a967d cfb97088342b4b4a825f60c906a3f4ce f3c3b273e99a4b78ae734e62da05087b - - default default] 10.0.0.244 "GET /v2.0/extensions/project-id HTTP/1.1" status: 200 len: 398 time: 0.0056787
2026-06-26 11:46:39.072 10 INFO neutron.wsgi [None req-f25a5f55-4910-4949-b561-19d60d72dc56 cfb97088342b4b4a825f60c906a3f4ce f3c3b273e99a4b78ae734e62da05087b - - default default] 10.0.0.244 "GET /v2.0/extensions/provider HTTP/1.1" status: 200 len: 385 time: 0.0041690
2026-06-26 11:46:39.080 10 INFO neutron.wsgi [None req-9b75d94d-7a30-44a8-a174-3415c645baab cfb97088342b4b4a825f60c906a3f4ce f3c3b273e99a4b78ae734e62da05087b - - default default] 10.0.0.244 "GET /v2.0/extensions/qos HTTP/1.1" status: 200 len: 360 time: 0.0043979
2026-06-26 11:46:39.087 10 INFO neutron.wsgi [None req-3597f820-dcb7-4a7a-8cd8-62b9c9404024 cfb97088342b4b4a825f60c906a3f4ce f3c3b273e99a4b78ae734e62da05087b - - default default] 10.0.0.244 "GET /v2.0/extensions/qos-bw-limit-direction HTTP/1.1" status: 200 len: 452 time: 0.0034080
2026-06-26 11:46:39.096 10 INFO neutron.wsgi [None req-13b4686b-a22f-45c0-853e-b816c429d2d9 cfb97088342b4b4a825f60c906a3f4ce f3c3b273e99a4b78ae734e62da05087b - - default default] 10.0.0.244 "GET /v2.0/extensions/qos-bw-minimum-ingress HTTP/1.1" status: 200 len: 445 time: 0.0043464
2026-06-26 11:46:39.105 10 INFO neutron.wsgi [None req-b2a51d09-d6eb-4c1f-b89b-0a70758fc5c3 cfb97088342b4b4a825f60c906a3f4ce f3c3b273e99a4b78ae734e62da05087b - - default default] 10.0.0.244 "GET /v2.0/extensions/qos-default HTTP/1.1" status: 200 len: 377 time: 0.0048876
2026-06-26 11:46:39.114 9 INFO neutron.wsgi [None req-6c189f93-f986-4195-82e4-d6044ffe9f7f cfb97088342b4b4a825f60c906a3f4ce f3c3b273e99a4b78ae734e62da05087b - - default default] 10.0.0.244 "GET /v2.0/extensions/qos-fip HTTP/1.1" status: 200 len: 372 time: 0.0061152
2026-06-26 11:46:39.125 10 INFO neutron.wsgi [None req-6d8eed32-df2d-4176-955d-896c9fb7865d cfb97088342b4b4a825f60c906a3f4ce f3c3b273e99a4b78ae734e62da05087b - - default default] 10.0.0.244 "GET /v2.0/extensions/qos-gateway-ip HTTP/1.1" status: 200 len: 391 time: 0.0069394
2026-06-26 11:46:39.133 10 INFO neutron.wsgi [None req-d0ba6448-9c7b-48f6-b285-9fc7383b659f cfb97088342b4b4a825f60c906a3f4ce f3c3b273e99a4b78ae734e62da05087b - - default default] 10.0.0.244 "GET /v2.0/extensions/qos-port-network-policy HTTP/1.1" status: 200 len: 403 time: 0.0046153
2026-06-26 11:46:39.143 10 INFO neutron.wsgi [None req-330c21b3-e352-4cc0-8580-81852f07dcfa cfb97088342b4b4a825f60c906a3f4ce f3c3b273e99a4b78ae734e62da05087b - - default default] 10.0.0.244 "GET /v2.0/extensions/qos-pps-minimum HTTP/1.1" status: 200 len: 397 time: 0.0069616
2026-06-26 11:46:39.152 9 INFO neutron.wsgi [None req-083f9a71-18b7-4349-8067-ed651be073b0 cfb97088342b4b4a825f60c906a3f4ce f3c3b273e99a4b78ae734e62da05087b - - default default] 10.0.0.244 "GET /v2.0/extensions/qos-pps-minimum-rule-alias HTTP/1.1" status: 200 len: 471 time: 0.0068750
2026-06-26 11:46:39.165 9 INFO neutron.wsgi [None req-65e723a0-58a1-4524-a514-df2c24bab283 cfb97088342b4b4a825f60c906a3f4ce f3c3b273e99a4b78ae734e62da05087b - - default default] 10.0.0.244 "GET /v2.0/extensions/qos-pps HTTP/1.1" status: 200 len: 389 time: 0.0054631
2026-06-26 11:46:39.175 9 INFO neutron.wsgi [None req-178df2a7-c950-4a57-9082-f34e72f38e23 cfb97088342b4b4a825f60c906a3f4ce f3c3b273e99a4b78ae734e62da05087b - - default default] 10.0.0.244 "GET /v2.0/extensions/qos-rule-type-details HTTP/1.1" status: 200 len: 423 time: 0.0046408
2026-06-26 11:46:39.183 9 INFO neutron.wsgi [None req-14a35424-c784-48b4-8df7-44c111f35a10 cfb97088342b4b4a825f60c906a3f4ce f3c3b273e99a4b78ae734e62da05087b - - default default] 10.0.0.244 "GET /v2.0/extensions/qos-rule-type-filter HTTP/1.1" status: 200 len: 567 time: 0.0048449
2026-06-26 11:46:39.191 9 INFO neutron.wsgi [None req-2c9faafb-7bfe-4e79-aae3-60506b1b0ca7 cfb97088342b4b4a825f60c906a3f4ce f3c3b273e99a4b78ae734e62da05087b - - default default] 10.0.0.244 "GET /v2.0/extensions/qos-rules-alias HTTP/1.1" status: 200 len: 448 time: 0.0042698
2026-06-26 11:46:39.200 9 INFO neutron.wsgi [None req-73d3fdec-d564-4dd8-b16a-be5f625e720c cfb97088342b4b4a825f60c906a3f4ce f3c3b273e99a4b78ae734e62da05087b - - default default] 10.0.0.244 "GET /v2.0/extensions/quota-check-limit HTTP/1.1" status: 200 len: 420 time: 0.0044279
2026-06-26 11:46:39.207 9 INFO neutron.wsgi [None req-244b0a42-4019-4381-9bf1-176cce588651 cfb97088342b4b4a825f60c906a3f4ce f3c3b273e99a4b78ae734e62da05087b - - default default] 10.0.0.244 "GET /v2.0/extensions/quotas HTTP/1.1" status: 200 len: 386 time: 0.0041485
2026-06-26 11:46:39.215 9 INFO neutron.wsgi [None req-df8ebc57-269f-40f9-b528-c7da2d2cb91c cfb97088342b4b4a825f60c906a3f4ce f3c3b273e99a4b78ae734e62da05087b - - default default] 10.0.0.244 "GET /v2.0/extensions/quota_details HTTP/1.1" status: 200 len: 407 time: 0.0043185
2026-06-26 11:46:39.222 9 INFO neutron.wsgi [None req-f7595cae-4e2a-41e5-bc3d-2621b2b3874a cfb97088342b4b4a825f60c906a3f4ce f3c3b273e99a4b78ae734e62da05087b - - default default] 10.0.0.244 "GET /v2.0/extensions/rbac-policies HTTP/1.1" status: 200 len: 417 time: 0.0042500
2026-06-26 11:46:39.230 9 INFO neutron.wsgi [None req-0064b5cd-0faf-4dd4-a018-8e473fde9534 cfb97088342b4b4a825f60c906a3f4ce f3c3b273e99a4b78ae734e62da05087b - - default default] 10.0.0.244 "GET /v2.0/extensions/rbac-address-scope HTTP/1.1" status: 200 len: 384 time: 0.0044472
2026-06-26 11:46:39.239 9 INFO neutron.wsgi [None req-ad9f127c-6f7e-4b0f-bcc2-f789fd663b52 cfb97088342b4b4a825f60c906a3f4ce f3c3b273e99a4b78ae734e62da05087b - - default default] 10.0.0.244 "GET /v2.0/extensions/rbac-security-groups HTTP/1.1" status: 200 len: 404 time: 0.0045722
2026-06-26 11:46:39.249 9 INFO neutron.wsgi [None req-74a1b5e9-f742-4687-97e8-79e1cbdcac26 cfb97088342b4b4a825f60c906a3f4ce f3c3b273e99a4b78ae734e62da05087b - - default default] 10.0.0.244 "GET /v2.0/extensions/revision-if-match HTTP/1.1" status: 200 len: 441 time: 0.0049741
2026-06-26 11:46:39.258 9 INFO neutron.wsgi [None req-5bd3e787-2693-4c93-a8bc-54bded79c923 cfb97088342b4b4a825f60c906a3f4ce f3c3b273e99a4b78ae734e62da05087b - - default default] 10.0.0.244 "GET /v2.0/extensions/standard-attr-revisions HTTP/1.1" status: 200 len: 423 time: 0.0058138
2026-06-26 11:46:39.266 9 INFO neutron.wsgi [None req-8287456d-ff91-459b-bb01-eb9d0155f101 cfb97088342b4b4a825f60c906a3f4ce f3c3b273e99a4b78ae734e62da05087b - - default default] 10.0.0.244 "GET /v2.0/extensions/router_availability_zone HTTP/1.1" status: 200 len: 391 time: 0.0038905
2026-06-26 11:46:39.276 9 INFO neutron.wsgi [None req-54fe56f9-0a65-4874-987f-581a3b9c06fc cfb97088342b4b4a825f60c906a3f4ce f3c3b273e99a4b78ae734e62da05087b - - default default] 10.0.0.244 "GET /v2.0/extensions/security-groups-normalized-cidr HTTP/1.1" status: 200 len: 445 time: 0.0051444
2026-06-26 11:46:39.287 10 INFO neutron.wsgi [None req-b6ff8e26-c10a-4275-a8c3-7a34a11a0979 cfb97088342b4b4a825f60c906a3f4ce f3c3b273e99a4b78ae734e62da05087b - - default default] 10.0.0.244 "GET /v2.0/extensions/security-groups-remote-address-group HTTP/1.1" status: 200 len: 448 time: 0.0074160
2026-06-26 11:46:39.293 10 INFO neutron.wsgi [None req-3897746d-df3f-4493-aaa8-14b17af8de8a cfb97088342b4b4a825f60c906a3f4ce f3c3b273e99a4b78ae734e62da05087b - - default default] 10.0.0.244 "GET /v2.0/extensions/security-groups-shared-filtering HTTP/1.1" status: 200 len: 435 time: 0.0034266
2026-06-26 11:46:39.304 10 INFO neutron.wsgi [None req-adac4938-b3ce-4a3c-90ae-6da2f94cfcdf cfb97088342b4b4a825f60c906a3f4ce f3c3b273e99a4b78ae734e62da05087b - - default default] 10.0.0.244 "GET /v2.0/extensions/security-group HTTP/1.1" status: 200 len: 364 time: 0.0058541
2026-06-26 11:46:39.315 9 INFO neutron.wsgi [None req-6c8b58db-82af-4df7-87dd-33f73d3052f6 cfb97088342b4b4a825f60c906a3f4ce f3c3b273e99a4b78ae734e62da05087b - - default default] 10.0.0.244 "GET /v2.0/extensions/segment HTTP/1.1" status: 200 len: 339 time: 0.0084436
2026-06-26 11:46:39.328 10 INFO neutron.wsgi [None req-98c83768-1acb-4a94-92a1-b8664e061822 cfb97088342b4b4a825f60c906a3f4ce f3c3b273e99a4b78ae734e62da05087b - - default default] 10.0.0.244 "GET /v2.0/extensions/segments-peer-subnet-host-routes HTTP/1.1" status: 200 len: 427 time: 0.0082097
2026-06-26 11:46:39.336 10 INFO neutron.wsgi [None req-95895638-870d-4f1f-b348-a5bb9bf63d6c cfb97088342b4b4a825f60c906a3f4ce f3c3b273e99a4b78ae734e62da05087b - - default default] 10.0.0.244 "GET /v2.0/extensions/service-type HTTP/1.1" status: 200 len: 415 time: 0.0043387
2026-06-26 11:46:39.351 9 INFO neutron.wsgi [None req-7390f7d0-7f10-4f45-a020-9d06276acaef cfb97088342b4b4a825f60c906a3f4ce f3c3b273e99a4b78ae734e62da05087b - - default default] 10.0.0.244 "GET /v2.0/extensions/sorting HTTP/1.1" status: 200 len: 377 time: 0.0113497
2026-06-26 11:46:39.360 9 INFO neutron.wsgi [None req-fed6b1a8-32af-4859-905f-9003657b6987 cfb97088342b4b4a825f60c906a3f4ce f3c3b273e99a4b78ae734e62da05087b - - default default] 10.0.0.244 "GET /v2.0/extensions/standard-attr-segment HTTP/1.1" status: 200 len: 406 time: 0.0045407
2026-06-26 11:46:39.376 9 INFO neutron.wsgi [None req-cb0934c3-1611-4703-9599-891e73d60f6c cfb97088342b4b4a825f60c906a3f4ce f3c3b273e99a4b78ae734e62da05087b - - default default] 10.0.0.244 "GET /v2.0/extensions/standard-attr-description HTTP/1.1" status: 200 len: 408 time: 0.0061336
2026-06-26 11:46:39.387 9 INFO neutron.wsgi [None req-ce91cf63-5a1b-4641-8669-8e6a2cdcd7f4 cfb97088342b4b4a825f60c906a3f4ce f3c3b273e99a4b78ae734e62da05087b - - default default] 10.0.0.244 "GET /v2.0/extensions/stateful-security-group HTTP/1.1" status: 200 len: 402 time: 0.0040321
2026-06-26 11:46:39.395 9 INFO neutron.wsgi [None req-359a5115-4c98-4b00-896f-a7ba74b3edd5 cfb97088342b4b4a825f60c906a3f4ce f3c3b273e99a4b78ae734e62da05087b - - default default] 10.0.0.244 "GET /v2.0/extensions/subnet-dns-publish-fixed-ip HTTP/1.1" status: 200 len: 421 time: 0.0043445
2026-06-26 11:46:39.407 10 INFO neutron.wsgi [None req-8ba2c169-1ef4-45e9-a224-9ea7beb7fbe8 cfb97088342b4b4a825f60c906a3f4ce f3c3b273e99a4b78ae734e62da05087b - - default default] 10.0.0.244 "GET /v2.0/extensions/subnet-segmentid-writable HTTP/1.1" status: 200 len: 421 time: 0.0088122
2026-06-26 11:46:39.420 9 INFO neutron.wsgi [None req-40d37c79-a1c8-4257-9879-2b6973ac1454 cfb97088342b4b4a825f60c906a3f4ce f3c3b273e99a4b78ae734e62da05087b - - default default] 10.0.0.244 "GET /v2.0/extensions/subnet-service-types HTTP/1.1" status: 200 len: 400 time: 0.0095458
2026-06-26 11:46:39.429 9 INFO neutron.wsgi [None req-96f4c38a-08fd-4dd6-bc78-994381d29178 cfb97088342b4b4a825f60c906a3f4ce f3c3b273e99a4b78ae734e62da05087b - - default default] 10.0.0.244 "GET /v2.0/extensions/subnet_allocation HTTP/1.1" status: 200 len: 388 time: 0.0041654
2026-06-26 11:46:39.436 9 INFO neutron.wsgi [None req-4dcb5927-9df3-44b6-abc5-4073f7f349ec cfb97088342b4b4a825f60c906a3f4ce f3c3b273e99a4b78ae734e62da05087b - - default default] 10.0.0.244 "GET /v2.0/extensions/subnetpool-prefix-ops HTTP/1.1" status: 200 len: 418 time: 0.0040345
2026-06-26 11:46:39.443 9 INFO neutron.wsgi [None req-b58b124d-198a-4c02-97a4-85ca25c033f3 cfb97088342b4b4a825f60c906a3f4ce f3c3b273e99a4b78ae734e62da05087b - - default default] 10.0.0.244 "GET /v2.0/extensions/standard-attr-tag HTTP/1.1" status: 200 len: 537 time: 0.0036039
2026-06-26 11:46:39.448 9 INFO neutron.wsgi [None req-549f0d77-676b-4a64-993f-3e7951f7d590 cfb97088342b4b4a825f60c906a3f4ce f3c3b273e99a4b78ae734e62da05087b - - default default] 10.0.0.244 "GET /v2.0/extensions/standard-attr-timestamp HTTP/1.1" status: 200 len: 449 time: 0.0030220
2026-06-26 11:46:39.455 9 INFO neutron.wsgi [None req-b9dd8d3c-5778-437e-8a56-b90481b91ae5 cfb97088342b4b4a825f60c906a3f4ce f3c3b273e99a4b78ae734e62da05087b - - default default] 10.0.0.244 "GET /v2.0/extensions/trunk HTTP/1.1" status: 200 len: 358 time: 0.0034807
2026-06-26 11:46:39.461 9 INFO neutron.wsgi [None req-9bc0be3e-1a98-4c62-b581-bb3be75c3073 cfb97088342b4b4a825f60c906a3f4ce f3c3b273e99a4b78ae734e62da05087b - - default default] 10.0.0.244 "GET /v2.0/extensions/trunk-details HTTP/1.1" status: 200 len: 362 time: 0.0037658
2026-06-26 11:46:39.542 10 INFO neutron.db.ovn_revision_numbers_db [None req-6f66559e-89ea-4151-9aae-84d9d68deb9b 47373abbc8c14da2902bd60b65ee6414 2ce29b23975846f39c1d24635ed2c2d5 - - - -] Successfully bumped revision number for resource 7c98b805-868f-41a1-8029-03cedb9da2a9 (type: security_groups) to 1
2026-06-26 11:46:39.612 10 INFO neutron.db.segments_db [None req-6f66559e-89ea-4151-9aae-84d9d68deb9b 47373abbc8c14da2902bd60b65ee6414 2ce29b23975846f39c1d24635ed2c2d5 - - - -] Added segment 0dea7349-81aa-486b-b781-2f316ab820c4 of type geneve for network fbf4a400-de69-4adb-bab5-09194badbe03
2026-06-26 11:46:39.814 10 INFO neutron.db.ovn_revision_numbers_db [None req-6f66559e-89ea-4151-9aae-84d9d68deb9b 47373abbc8c14da2902bd60b65ee6414 2ce29b23975846f39c1d24635ed2c2d5 - - - -] Successfully bumped revision number for resource fbf4a400-de69-4adb-bab5-09194badbe03 (type: networks) to 1
2026-06-26 11:46:39.998 10 WARNING neutron.scheduler.dhcp_agent_scheduler [None req-6f66559e-89ea-4151-9aae-84d9d68deb9b 47373abbc8c14da2902bd60b65ee6414 2ce29b23975846f39c1d24635ed2c2d5 - - - -] No more DHCP agents
2026-06-26 11:46:40.001 10 WARNING neutron.api.rpc.agentnotifiers.dhcp_rpc_agent_api [None req-6f66559e-89ea-4151-9aae-84d9d68deb9b 47373abbc8c14da2902bd60b65ee6414 2ce29b23975846f39c1d24635ed2c2d5 - - - -] Unable to schedule network fbf4a400-de69-4adb-bab5-09194badbe03: no agents available; will retry on subsequent port and subnet creation events.
2026-06-26 11:46:40.070 10 INFO neutron.db.ovn_revision_numbers_db [None req-6f66559e-89ea-4151-9aae-84d9d68deb9b 47373abbc8c14da2902bd60b65ee6414 2ce29b23975846f39c1d24635ed2c2d5 - - - -] Successfully bumped revision number for resource d1962e34-ef18-4cb6-a17b-5e14e51e7634 (type: ports) to 1
2026-06-26 11:46:40.096 10 INFO neutron.wsgi [None req-6f66559e-89ea-4151-9aae-84d9d68deb9b 47373abbc8c14da2902bd60b65ee6414 2ce29b23975846f39c1d24635ed2c2d5 - - - -] 10.0.0.244 "POST /v2.0/networks HTTP/1.1" status: 201 len: 833 time: 0.8908997
2026-06-26 11:46:40.207 10 INFO neutron.db.segments_db [None req-a767d5e4-07e9-4154-941b-d7b43bc99ae6 47373abbc8c14da2902bd60b65ee6414 2ce29b23975846f39c1d24635ed2c2d5 - - - -] Added segment 65ada97c-080a-4c29-81a2-dd05e1b4232c of type geneve for network ed3e022c-2a32-4ece-84e3-c2a4fe4d8837
2026-06-26 11:46:40.237 10 INFO neutron.db.ovn_revision_numbers_db [None req-16930e55-a0e1-4bcf-abe0-cf5f404c4fc3 df8495ed640840688305c2e7be167d6a 1ac5f51cc12349ee86486f512b35bb2a - - default default] Successfully bumped revision number for resource 8e2c8639-51eb-49b2-b966-d7598a908f57 (type: security_groups) to 1
2026-06-26 11:46:40.271 10 INFO neutron.wsgi [None req-16930e55-a0e1-4bcf-abe0-cf5f404c4fc3 df8495ed640840688305c2e7be167d6a 1ac5f51cc12349ee86486f512b35bb2a - - default default] 10.0.0.244 "GET /v2.0/security-groups?tenant_id=f3c3b273e99a4b78ae734e62da05087b&name=default HTTP/1.1" status: 200 len: 2996 time: 0.3092330
2026-06-26 11:46:40.390 10 INFO neutron.db.ovn_revision_numbers_db [None req-a767d5e4-07e9-4154-941b-d7b43bc99ae6 47373abbc8c14da2902bd60b65ee6414 2ce29b23975846f39c1d24635ed2c2d5 - - - -] Successfully bumped revision number for resource ed3e022c-2a32-4ece-84e3-c2a4fe4d8837 (type: networks) to 1
2026-06-26 11:46:40.477 9 INFO neutron.wsgi [None req-16bf866b-ed61-43aa-8ceb-217a4a6a8f21 df8495ed640840688305c2e7be167d6a 1ac5f51cc12349ee86486f512b35bb2a - - - -] 10.0.0.244 "DELETE /v2.0/security-groups/8e2c8639-51eb-49b2-b966-d7598a908f57 HTTP/1.1" status: 204 len: 168 time: 0.1993949
2026-06-26 11:46:40.586 10 WARNING neutron.scheduler.dhcp_agent_scheduler [None req-a767d5e4-07e9-4154-941b-d7b43bc99ae6 47373abbc8c14da2902bd60b65ee6414 2ce29b23975846f39c1d24635ed2c2d5 - - - -] No more DHCP agents
2026-06-26 11:46:40.588 10 WARNING neutron.api.rpc.agentnotifiers.dhcp_rpc_agent_api [None req-a767d5e4-07e9-4154-941b-d7b43bc99ae6 47373abbc8c14da2902bd60b65ee6414 2ce29b23975846f39c1d24635ed2c2d5 - - - -] Unable to schedule network ed3e022c-2a32-4ece-84e3-c2a4fe4d8837: no agents available; will retry on subsequent port and subnet creation events.
2026-06-26 11:46:40.648 10 INFO neutron.db.ovn_revision_numbers_db [None req-a767d5e4-07e9-4154-941b-d7b43bc99ae6 47373abbc8c14da2902bd60b65ee6414 2ce29b23975846f39c1d24635ed2c2d5 - - - -] Successfully bumped revision number for resource a9106f36-ac82-4393-b437-236f5137ebb6 (type: ports) to 1
2026-06-26 11:46:40.669 10 INFO neutron.wsgi [None req-a767d5e4-07e9-4154-941b-d7b43bc99ae6 47373abbc8c14da2902bd60b65ee6414 2ce29b23975846f39c1d24635ed2c2d5 - - - -] 10.0.0.244 "POST /v2.0/networks HTTP/1.1" status: 201 len: 832 time: 0.5685127
2026-06-26 11:46:40.927 10 WARNING neutron.scheduler.dhcp_agent_scheduler [None req-f7f163a6-0106-4c60-b4cf-dc811c3f9199 47373abbc8c14da2902bd60b65ee6414 2ce29b23975846f39c1d24635ed2c2d5 - - - -] No more DHCP agents
2026-06-26 11:46:40.929 10 WARNING neutron.api.rpc.agentnotifiers.dhcp_rpc_agent_api [None req-f7f163a6-0106-4c60-b4cf-dc811c3f9199 47373abbc8c14da2902bd60b65ee6414 2ce29b23975846f39c1d24635ed2c2d5 - - - -] Unable to schedule network fbf4a400-de69-4adb-bab5-09194badbe03: no agents available; will retry on subsequent port and subnet creation events.
2026-06-26 11:46:40.943 10 INFO neutron.db.ovn_revision_numbers_db [None req-f7f163a6-0106-4c60-b4cf-dc811c3f9199 47373abbc8c14da2902bd60b65ee6414 2ce29b23975846f39c1d24635ed2c2d5 - - - -] Successfully bumped revision number for resource 930361b0-6bdf-47c0-86e1-c2c47cfcb60b (type: subnets) to 0
2026-06-26 11:46:40.958 10 INFO neutron.wsgi [None req-f7f163a6-0106-4c60-b4cf-dc811c3f9199 47373abbc8c14da2902bd60b65ee6414 2ce29b23975846f39c1d24635ed2c2d5 - - - -] 10.0.0.244 "POST /v2.0/subnets HTTP/1.1" status: 201 len: 821 time: 0.2834644
2026-06-26 11:46:41.207 10 WARNING neutron.scheduler.dhcp_agent_scheduler [None req-a4edc472-c992-4a84-a97e-46d210ad355d 47373abbc8c14da2902bd60b65ee6414 2ce29b23975846f39c1d24635ed2c2d5 - - - -] No more DHCP agents
2026-06-26 11:46:41.209 10 WARNING neutron.api.rpc.agentnotifiers.dhcp_rpc_agent_api [None req-a4edc472-c992-4a84-a97e-46d210ad355d 47373abbc8c14da2902bd60b65ee6414 2ce29b23975846f39c1d24635ed2c2d5 - - - -] Unable to schedule network ed3e022c-2a32-4ece-84e3-c2a4fe4d8837: no agents available; will retry on subsequent port and subnet creation events.
2026-06-26 11:46:41.221 10 INFO neutron.db.ovn_revision_numbers_db [None req-a4edc472-c992-4a84-a97e-46d210ad355d 47373abbc8c14da2902bd60b65ee6414 2ce29b23975846f39c1d24635ed2c2d5 - - - -] Successfully bumped revision number for resource 2a8d9cdf-8079-44e5-9807-3a42023b21ce (type: subnets) to 0
2026-06-26 11:46:41.237 10 INFO neutron.wsgi [None req-a4edc472-c992-4a84-a97e-46d210ad355d 47373abbc8c14da2902bd60b65ee6414 2ce29b23975846f39c1d24635ed2c2d5 - - - -] 10.0.0.244 "POST /v2.0/subnets HTTP/1.1" status: 201 len: 830 time: 0.2748234
2026-06-26 11:46:41.434 10 INFO neutron.db.ovn_revision_numbers_db [None req-cbd52884-25a8-42c0-96bb-6e4c3f7c79b7 47373abbc8c14da2902bd60b65ee6414 2ce29b23975846f39c1d24635ed2c2d5 - - - -] Successfully bumped revision number for resource 4979f1ff-fe7d-4c9b-965d-955913ba3d3d (type: routers) to 1
2026-06-26 11:46:41.448 10 INFO neutron.wsgi [None req-cbd52884-25a8-42c0-96bb-6e4c3f7c79b7 47373abbc8c14da2902bd60b65ee6414 2ce29b23975846f39c1d24635ed2c2d5 - - - -] 10.0.0.244 "POST /v2.0/routers HTTP/1.1" status: 201 len: 690 time: 0.2078273
2026-06-26 11:46:41.883 10 WARNING neutron.scheduler.dhcp_agent_scheduler [None req-e6ca295e-5937-4611-a210-d5400e8c92cd 47373abbc8c14da2902bd60b65ee6414 2ce29b23975846f39c1d24635ed2c2d5 - - default default] No more DHCP agents
2026-06-26 11:46:41.885 10 WARNING neutron.api.rpc.agentnotifiers.dhcp_rpc_agent_api [None req-e6ca295e-5937-4611-a210-d5400e8c92cd 47373abbc8c14da2902bd60b65ee6414 2ce29b23975846f39c1d24635ed2c2d5 - - default default] Unable to schedule network fbf4a400-de69-4adb-bab5-09194badbe03: no agents available; will retry on subsequent port and subnet creation events.
2026-06-26 11:46:41.975 10 INFO neutron.db.ovn_revision_numbers_db [None req-e6ca295e-5937-4611-a210-d5400e8c92cd 47373abbc8c14da2902bd60b65ee6414 2ce29b23975846f39c1d24635ed2c2d5 - - default default] Successfully bumped revision number for resource d44ad1a0-9e88-4658-ab25-0deefa6ae043 (type: ports) to 1
2026-06-26 11:46:42.402 9 INFO neutron.db.ovn_revision_numbers_db [None req-a59ef3c2-faf1-4bba-aac6-8a73a0c415ad 7da7bcadf8864dcfadd21fcb5033a525 bc817ba64d874775907a90c4425ee11a - - - -] Successfully bumped revision number for resource 3b3b524b-3c9a-4060-b008-a1c9d18e5836 (type: security_groups) to 1
2026-06-26 11:46:42.465 9 INFO neutron.db.segments_db [None req-a59ef3c2-faf1-4bba-aac6-8a73a0c415ad 7da7bcadf8864dcfadd21fcb5033a525 bc817ba64d874775907a90c4425ee11a - - - -] Added segment 63372fae-d92a-4722-b1ba-8920f8dee9d0 of type geneve for network 607dd4fb-7fb6-4a92-a3d2-71c00529b5c5
2026-06-26 11:46:42.474 9 INFO neutron.db.ovn_revision_numbers_db [None req-71632f69-ee2e-47a4-9723-f8bb4c399131 eb67b496170f4ce2b8d32a7f6d49728d e32a023e3ab242c49cfc2364438efa46 - - - -] Successfully bumped revision number for resource 0cc0b848-c4f9-4a3a-8a00-431d96673da8 (type: security_groups) to 1
2026-06-26 11:46:42.533 9 INFO neutron.db.segments_db [None req-71632f69-ee2e-47a4-9723-f8bb4c399131 eb67b496170f4ce2b8d32a7f6d49728d e32a023e3ab242c49cfc2364438efa46 - - - -] Added segment 41124a20-5ece-4434-843d-ac10f2b690c4 of type geneve for network f4eedcef-8cd5-4045-b213-b30ae6bcac42
2026-06-26 11:46:42.644 10 INFO neutron.plugins.ml2.drivers.ovn.mech_driver.mech_driver [None req-fd9721f4-af32-4575-beb7-8fc63908fd75 - - - - - -] OVN reports status up for port: d44ad1a0-9e88-4658-ab25-0deefa6ae043
2026-06-26 11:46:42.654 10 INFO neutron.plugins.ml2.plugin [None req-fd9721f4-af32-4575-beb7-8fc63908fd75 - - - - - -] Attempt 1 to provision port d44ad1a0-9e88-4658-ab25-0deefa6ae043
2026-06-26 11:46:42.693 10 INFO neutron.db.ovn_revision_numbers_db [None req-e6ca295e-5937-4611-a210-d5400e8c92cd 47373abbc8c14da2902bd60b65ee6414 2ce29b23975846f39c1d24635ed2c2d5 - - default default] Successfully bumped revision number for resource d44ad1a0-9e88-4658-ab25-0deefa6ae043 (type: router_ports) to 2
2026-06-26 11:46:42.700 9 INFO neutron.db.ovn_revision_numbers_db [None req-a59ef3c2-faf1-4bba-aac6-8a73a0c415ad 7da7bcadf8864dcfadd21fcb5033a525 bc817ba64d874775907a90c4425ee11a - - - -] Successfully bumped revision number for resource 607dd4fb-7fb6-4a92-a3d2-71c00529b5c5 (type: networks) to 1
2026-06-26 11:46:42.724 9 INFO neutron.db.ovn_revision_numbers_db [None req-71632f69-ee2e-47a4-9723-f8bb4c399131 eb67b496170f4ce2b8d32a7f6d49728d e32a023e3ab242c49cfc2364438efa46 - - - -] Successfully bumped revision number for resource f4eedcef-8cd5-4045-b213-b30ae6bcac42 (type: networks) to 1
2026-06-26 11:46:42.824 10 INFO neutron.db.ovn_revision_numbers_db [None req-e6ca295e-5937-4611-a210-d5400e8c92cd 47373abbc8c14da2902bd60b65ee6414 2ce29b23975846f39c1d24635ed2c2d5 - - default default] Successfully bumped revision number for resource d44ad1a0-9e88-4658-ab25-0deefa6ae043 (type: ports) to 2
2026-06-26 11:46:42.926 10 WARNING neutron.scheduler.dhcp_agent_scheduler [None req-e6ca295e-5937-4611-a210-d5400e8c92cd 47373abbc8c14da2902bd60b65ee6414 2ce29b23975846f39c1d24635ed2c2d5 - - default default] No more DHCP agents
2026-06-26 11:46:42.929 10 WARNING neutron.api.rpc.agentnotifiers.dhcp_rpc_agent_api [None req-e6ca295e-5937-4611-a210-d5400e8c92cd 47373abbc8c14da2902bd60b65ee6414 2ce29b23975846f39c1d24635ed2c2d5 - - default default] Unable to schedule network fbf4a400-de69-4adb-bab5-09194badbe03: no agents available; will retry on subsequent port and subnet creation events.
2026-06-26 11:46:42.940 9 WARNING neutron.scheduler.dhcp_agent_scheduler [None req-71632f69-ee2e-47a4-9723-f8bb4c399131 eb67b496170f4ce2b8d32a7f6d49728d e32a023e3ab242c49cfc2364438efa46 - - - -] No more DHCP agents
2026-06-26 11:46:42.943 9 WARNING neutron.api.rpc.agentnotifiers.dhcp_rpc_agent_api [None req-71632f69-ee2e-47a4-9723-f8bb4c399131 eb67b496170f4ce2b8d32a7f6d49728d e32a023e3ab242c49cfc2364438efa46 - - - -] Unable to schedule network f4eedcef-8cd5-4045-b213-b30ae6bcac42: no agents available; will retry on subsequent port and subnet creation events.
2026-06-26 11:46:42.955 9 WARNING neutron.scheduler.dhcp_agent_scheduler [None req-a59ef3c2-faf1-4bba-aac6-8a73a0c415ad 7da7bcadf8864dcfadd21fcb5033a525 bc817ba64d874775907a90c4425ee11a - - - -] No more DHCP agents
2026-06-26 11:46:42.961 9 WARNING neutron.api.rpc.agentnotifiers.dhcp_rpc_agent_api [None req-a59ef3c2-faf1-4bba-aac6-8a73a0c415ad 7da7bcadf8864dcfadd21fcb5033a525 bc817ba64d874775907a90c4425ee11a - - - -] Unable to schedule network 607dd4fb-7fb6-4a92-a3d2-71c00529b5c5: no agents available; will retry on subsequent port and subnet creation events.
2026-06-26 11:46:43.047 10 INFO neutron.db.ovn_revision_numbers_db [None req-fd9721f4-af32-4575-beb7-8fc63908fd75 - - - - - -] Successfully bumped revision number for resource d44ad1a0-9e88-4658-ab25-0deefa6ae043 (type: ports) to 3
2026-06-26 11:46:43.191 10 INFO neutron.db.ovn_revision_numbers_db [None req-e6ca295e-5937-4611-a210-d5400e8c92cd 47373abbc8c14da2902bd60b65ee6414 2ce29b23975846f39c1d24635ed2c2d5 - - - -] Successfully bumped revision number for resource d44ad1a0-9e88-4658-ab25-0deefa6ae043 (type: router_ports) to 3
2026-06-26 11:46:43.193 10 INFO neutron.wsgi [None req-e6ca295e-5937-4611-a210-d5400e8c92cd 47373abbc8c14da2902bd60b65ee6414 2ce29b23975846f39c1d24635ed2c2d5 - - - -] 10.0.0.244 "PUT /v2.0/routers/4979f1ff-fe7d-4c9b-965d-955913ba3d3d/add_router_interface HTTP/1.1" status: 200 len: 503 time: 1.7388580
2026-06-26 11:46:43.207 10 INFO neutron.db.ovn_revision_numbers_db [None req-e5080326-118d-4d4f-84a6-b2bcf1490385 df8495ed640840688305c2e7be167d6a 1ac5f51cc12349ee86486f512b35bb2a - - default default] Successfully bumped revision number for resource f29c9347-9a48-4af3-9853-46a2ac0e75b4 (type: security_groups) to 1
2026-06-26 11:46:43.226 10 INFO neutron.wsgi [None req-e5080326-118d-4d4f-84a6-b2bcf1490385 df8495ed640840688305c2e7be167d6a 1ac5f51cc12349ee86486f512b35bb2a - - default default] 10.0.0.244 "GET /v2.0/security-groups?tenant_id=b5a9876e79c6411fbbeaf5c6947c387a&name=default HTTP/1.1" status: 200 len: 2996 time: 0.3341882
2026-06-26 11:46:43.303 9 INFO neutron.db.ovn_revision_numbers_db [None req-71632f69-ee2e-47a4-9723-f8bb4c399131 eb67b496170f4ce2b8d32a7f6d49728d e32a023e3ab242c49cfc2364438efa46 - - - -] Successfully bumped revision number for resource 58552922-1a43-423b-b1e5-56e3693ce0b5 (type: ports) to 1
2026-06-26 11:46:43.313 9 INFO neutron.db.ovn_revision_numbers_db [None req-a59ef3c2-faf1-4bba-aac6-8a73a0c415ad 7da7bcadf8864dcfadd21fcb5033a525 bc817ba64d874775907a90c4425ee11a - - - -] Successfully bumped revision number for resource 86825028-5def-4611-a63f-d8d4acd517a6 (type: ports) to 1
2026-06-26 11:46:43.337 9 INFO neutron.wsgi [None req-538f6d49-2239-4c14-a617-54f9c537512a 47373abbc8c14da2902bd60b65ee6414 2ce29b23975846f39c1d24635ed2c2d5 - - default default] 10.0.0.244 "GET /v2.0/ports/d44ad1a0-9e88-4658-ab25-0deefa6ae043 HTTP/1.1" status: 200 len: 1141 time: 0.1348715
2026-06-26 11:46:43.354 9 INFO neutron.wsgi [None req-71632f69-ee2e-47a4-9723-f8bb4c399131 eb67b496170f4ce2b8d32a7f6d49728d e32a023e3ab242c49cfc2364438efa46 - - - -] 10.0.0.244 "POST /v2.0/networks HTTP/1.1" status: 201 len: 928 time: 1.0975733
2026-06-26 11:46:43.357 9 INFO neutron.wsgi [None req-a59ef3c2-faf1-4bba-aac6-8a73a0c415ad 7da7bcadf8864dcfadd21fcb5033a525 bc817ba64d874775907a90c4425ee11a - - - -] 10.0.0.244 "POST /v2.0/networks HTTP/1.1" status: 201 len: 847 time: 1.2135744
2026-06-26 11:46:43.482 10 INFO neutron.wsgi [None req-da3e3698-ca47-4f4a-a37a-ebe2fc882f0d df8495ed640840688305c2e7be167d6a 1ac5f51cc12349ee86486f512b35bb2a - - - -] 10.0.0.244 "DELETE /v2.0/security-groups/f29c9347-9a48-4af3-9853-46a2ac0e75b4 HTTP/1.1" status: 204 len: 168 time: 0.2516668
2026-06-26 11:46:43.607 10 WARNING neutron.scheduler.dhcp_agent_scheduler [None req-7e0161f3-52e0-4fed-bf86-465fe69a0f26 eb67b496170f4ce2b8d32a7f6d49728d e32a023e3ab242c49cfc2364438efa46 - - - -] No more DHCP agents
2026-06-26 11:46:43.618 10 WARNING neutron.api.rpc.agentnotifiers.dhcp_rpc_agent_api [None req-7e0161f3-52e0-4fed-bf86-465fe69a0f26 eb67b496170f4ce2b8d32a7f6d49728d e32a023e3ab242c49cfc2364438efa46 - - - -] Unable to schedule network f4eedcef-8cd5-4045-b213-b30ae6bcac42: no agents available; will retry on subsequent port and subnet creation events.
2026-06-26 11:46:43.680 10 WARNING neutron.scheduler.dhcp_agent_scheduler [None req-b0d758ea-9043-43c2-8d5c-d596bbb432fc 7da7bcadf8864dcfadd21fcb5033a525 bc817ba64d874775907a90c4425ee11a - - - -] No more DHCP agents
2026-06-26 11:46:43.683 10 WARNING neutron.api.rpc.agentnotifiers.dhcp_rpc_agent_api [None req-b0d758ea-9043-43c2-8d5c-d596bbb432fc 7da7bcadf8864dcfadd21fcb5033a525 bc817ba64d874775907a90c4425ee11a - - - -] Unable to schedule network 607dd4fb-7fb6-4a92-a3d2-71c00529b5c5: no agents available; will retry on subsequent port and subnet creation events.
2026-06-26 11:46:43.784 10 INFO neutron.db.ovn_revision_numbers_db [None req-b0d758ea-9043-43c2-8d5c-d596bbb432fc 7da7bcadf8864dcfadd21fcb5033a525 bc817ba64d874775907a90c4425ee11a - - - -] Successfully bumped revision number for resource 5a1685c3-826f-4c77-9332-a7b6cac25883 (type: ports) to 1
2026-06-26 11:46:43.820 10 INFO neutron.wsgi [None req-b0d758ea-9043-43c2-8d5c-d596bbb432fc 7da7bcadf8864dcfadd21fcb5033a525 bc817ba64d874775907a90c4425ee11a - - - -] 10.0.0.244 "POST /v2.0/ports HTTP/1.1" status: 201 len: 978 time: 0.4571738
2026-06-26 11:46:43.867 9 WARNING neutron.scheduler.dhcp_agent_scheduler [None req-674dd42f-4054-41b3-9f51-d930fc9554af 47373abbc8c14da2902bd60b65ee6414 2ce29b23975846f39c1d24635ed2c2d5 - - default default] No more DHCP agents
2026-06-26 11:46:43.872 9 WARNING neutron.api.rpc.agentnotifiers.dhcp_rpc_agent_api [None req-674dd42f-4054-41b3-9f51-d930fc9554af 47373abbc8c14da2902bd60b65ee6414 2ce29b23975846f39c1d24635ed2c2d5 - - default default] Unable to schedule network ed3e022c-2a32-4ece-84e3-c2a4fe4d8837: no agents available; will retry on subsequent port and subnet creation events.
2026-06-26 11:46:43.945 9 INFO neutron.db.segments_db [None req-d548cc22-2e95-4c40-bb7f-c77a4d744748 7da7bcadf8864dcfadd21fcb5033a525 bc817ba64d874775907a90c4425ee11a - - - -] Added segment fa62e45f-83b3-4abc-8202-10bbb4335450 of type geneve for network 67e3f853-8cc8-4816-9cb1-2b0747b0c261
2026-06-26 11:46:43.978 9 INFO neutron.db.ovn_revision_numbers_db [None req-674dd42f-4054-41b3-9f51-d930fc9554af 47373abbc8c14da2902bd60b65ee6414 2ce29b23975846f39c1d24635ed2c2d5 - - default default] Successfully bumped revision number for resource 99c1f9b0-54b8-440c-b164-807b1ed568b2 (type: ports) to 1
2026-06-26 11:46:44.109 9 INFO neutron.db.ovn_revision_numbers_db [None req-d548cc22-2e95-4c40-bb7f-c77a4d744748 7da7bcadf8864dcfadd21fcb5033a525 bc817ba64d874775907a90c4425ee11a - - - -] Successfully bumped revision number for resource 67e3f853-8cc8-4816-9cb1-2b0747b0c261 (type: networks) to 1
2026-06-26 11:46:44.124 10 INFO neutron.db.ovn_revision_numbers_db [None req-7e0161f3-52e0-4fed-bf86-465fe69a0f26 eb67b496170f4ce2b8d32a7f6d49728d e32a023e3ab242c49cfc2364438efa46 - - - -] Successfully bumped revision number for resource 58552922-1a43-423b-b1e5-56e3693ce0b5 (type: ports) to 2
2026-06-26 11:46:44.139 10 INFO neutron.db.ovn_revision_numbers_db [None req-7e0161f3-52e0-4fed-bf86-465fe69a0f26 eb67b496170f4ce2b8d32a7f6d49728d e32a023e3ab242c49cfc2364438efa46 - - - -] Successfully bumped revision number for resource b1c0304a-f28a-4ed2-b70f-0a1334aa9fbc (type: subnets) to 0
2026-06-26 11:46:44.156 10 INFO neutron.wsgi [None req-7e0161f3-52e0-4fed-bf86-465fe69a0f26 eb67b496170f4ce2b8d32a7f6d49728d e32a023e3ab242c49cfc2364438efa46 - - - -] 10.0.0.244 "POST /v2.0/subnets HTTP/1.1" status: 201 len: 819 time: 0.7935362 /var/lib/openstack/lib/python3.10/site-packages/pycadf/identifier.py:71: UserWarning: Invalid uuid: neutron. To ensure interoperability, identifiers should be a valid uuid. warnings.warn(('Invalid uuid: %s. To ensure interoperability, '
2026-06-26 11:46:44.169 10 WARNING neutron.api.v2.base [None req-d3a12870-5e05-42c2-b0bc-05d4ba9a2923 eb67b496170f4ce2b8d32a7f6d49728d e32a023e3ab242c49cfc2364438efa46 - - - -] An exception happened while processing the request body. The exception message is [Invalid input for target_tenant. Reason: 'None' is not a valid string.].: webob.exc.HTTPBadRequest: Invalid input for target_tenant. Reason: 'None' is not a valid string.
2026-06-26 11:46:44.170 10 INFO neutron.api.v2.resource [None req-d3a12870-5e05-42c2-b0bc-05d4ba9a2923 eb67b496170f4ce2b8d32a7f6d49728d e32a023e3ab242c49cfc2364438efa46 - - - -] create failed (client error): Invalid input for target_tenant. Reason: 'None' is not a valid string.
2026-06-26 11:46:44.171 10 INFO neutron.wsgi [None req-d3a12870-5e05-42c2-b0bc-05d4ba9a2923 eb67b496170f4ce2b8d32a7f6d49728d e32a023e3ab242c49cfc2364438efa46 - - - -] 10.0.0.244 "POST /v2.0/rbac-policies HTTP/1.1" status: 400 len: 346 time: 0.0068178
2026-06-26 11:46:44.379 9 WARNING neutron.scheduler.dhcp_agent_scheduler [None req-d548cc22-2e95-4c40-bb7f-c77a4d744748 7da7bcadf8864dcfadd21fcb5033a525 bc817ba64d874775907a90c4425ee11a - - - -] No more DHCP agents
2026-06-26 11:46:44.385 9 WARNING neutron.api.rpc.agentnotifiers.dhcp_rpc_agent_api [None req-d548cc22-2e95-4c40-bb7f-c77a4d744748 7da7bcadf8864dcfadd21fcb5033a525 bc817ba64d874775907a90c4425ee11a - - - -] Unable to schedule network 67e3f853-8cc8-4816-9cb1-2b0747b0c261: no agents available; will retry on subsequent port and subnet creation events.
2026-06-26 11:46:44.478 9 INFO neutron.db.ovn_revision_numbers_db [None req-d548cc22-2e95-4c40-bb7f-c77a4d744748 7da7bcadf8864dcfadd21fcb5033a525 bc817ba64d874775907a90c4425ee11a - - - -] Successfully bumped revision number for resource b7e3d7cf-5a83-48b6-81af-c45b511ae84f (type: ports) to 1
2026-06-26 11:46:44.484 10 INFO neutron.wsgi [-] 10.0.0.184 "GET / HTTP/1.1" status: 200 len: 247 time: 0.0012746
2026-06-26 11:46:44.485 10 INFO neutron.wsgi [-] 10.0.0.184 "GET / HTTP/1.1" status: 200 len: 247 time: 0.0012441
2026-06-26 11:46:44.508 9 INFO neutron.wsgi [None req-d548cc22-2e95-4c40-bb7f-c77a4d744748 7da7bcadf8864dcfadd21fcb5033a525 bc817ba64d874775907a90c4425ee11a - - - -] 10.0.0.244 "POST /v2.0/networks HTTP/1.1" status: 201 len: 834 time: 0.6815050
2026-06-26 11:46:44.609 9 INFO neutron.db.ovn_revision_numbers_db [None req-674dd42f-4054-41b3-9f51-d930fc9554af 47373abbc8c14da2902bd60b65ee6414 2ce29b23975846f39c1d24635ed2c2d5 - - default default] Successfully bumped revision number for resource 99c1f9b0-54b8-440c-b164-807b1ed568b2 (type: router_ports) to 2
2026-06-26 11:46:44.702 9 INFO neutron.db.ovn_revision_numbers_db [None req-674dd42f-4054-41b3-9f51-d930fc9554af 47373abbc8c14da2902bd60b65ee6414 2ce29b23975846f39c1d24635ed2c2d5 - - default default] Successfully bumped revision number for resource 99c1f9b0-54b8-440c-b164-807b1ed568b2 (type: ports) to 2
2026-06-26 11:46:44.787 9 WARNING neutron.scheduler.dhcp_agent_scheduler [None req-674dd42f-4054-41b3-9f51-d930fc9554af 47373abbc8c14da2902bd60b65ee6414 2ce29b23975846f39c1d24635ed2c2d5 - - default default] No more DHCP agents
2026-06-26 11:46:44.788 9 WARNING neutron.api.rpc.agentnotifiers.dhcp_rpc_agent_api [None req-674dd42f-4054-41b3-9f51-d930fc9554af 47373abbc8c14da2902bd60b65ee6414 2ce29b23975846f39c1d24635ed2c2d5 - - default default] Unable to schedule network ed3e022c-2a32-4ece-84e3-c2a4fe4d8837: no agents available; will retry on subsequent port and subnet creation events.
2026-06-26 11:46:44.814 10 INFO neutron.services.segments.plugin [-] Segment 41124a20-5ece-4434-843d-ac10f2b690c4 resource provider aggregate not found
2026-06-26 11:46:44.819 10 INFO neutron.services.segments.plugin [-] Segment 41124a20-5ece-4434-843d-ac10f2b690c4 resource provider aggregate not found
2026-06-26 11:46:44.835 10 INFO neutron.services.segments.plugin [-] Segment 41124a20-5ece-4434-843d-ac10f2b690c4 resource provider not found; error: Placement Client Error (4xx): {"errors": [{"status": 404, "title": "Not Found", "detail": "The resource could not be found.\n\n No resource provider with uuid 41124a20-5ece-4434-843d-ac10f2b690c4 found for delete ", "request_id": "req-a4f6e257-695e-40fb-b7a8-ffc3495efbe7"}]}
2026-06-26 11:46:44.848 10 INFO neutron.services.segments.plugin [-] Segment 41124a20-5ece-4434-843d-ac10f2b690c4 resource provider not found; error: Placement Client Error (4xx): {"errors": [{"status": 404, "title": "Not Found", "detail": "The resource could not be found.\n\n No resource provider with uuid 41124a20-5ece-4434-843d-ac10f2b690c4 found for delete ", "request_id": "req-626139fb-4ec3-46ee-841e-b51ab92d127d"}]}
2026-06-26 11:46:44.856 10 WARNING neutron.scheduler.dhcp_agent_scheduler [None req-2a427569-dc15-42f6-902e-2f4b8fa980b6 7da7bcadf8864dcfadd21fcb5033a525 bc817ba64d874775907a90c4425ee11a - - - -] No more DHCP agents
2026-06-26 11:46:44.860 10 WARNING neutron.api.rpc.agentnotifiers.dhcp_rpc_agent_api [None req-2a427569-dc15-42f6-902e-2f4b8fa980b6 7da7bcadf8864dcfadd21fcb5033a525 bc817ba64d874775907a90c4425ee11a - - - -] Unable to schedule network 67e3f853-8cc8-4816-9cb1-2b0747b0c261: no agents available; will retry on subsequent port and subnet creation events.
2026-06-26 11:46:44.865 10 INFO neutron.wsgi [None req-ba1a2c24-cd0a-4d56-87e4-234dce7d7ea0 eb67b496170f4ce2b8d32a7f6d49728d e32a023e3ab242c49cfc2364438efa46 - - - -] 10.0.0.244 "DELETE /v2.0/networks/f4eedcef-8cd5-4045-b213-b30ae6bcac42 HTTP/1.1" status: 204 len: 168 time: 0.6904666
2026-06-26 11:46:44.885 10 INFO neutron.db.ovn_revision_numbers_db [None req-2a427569-dc15-42f6-902e-2f4b8fa980b6 7da7bcadf8864dcfadd21fcb5033a525 bc817ba64d874775907a90c4425ee11a - - - -] Successfully bumped revision number for resource 4a53be37-7cd3-43cb-81a6-eb778262906f (type: subnets) to 0
2026-06-26 11:46:44.903 10 INFO neutron.wsgi [None req-2a427569-dc15-42f6-902e-2f4b8fa980b6 7da7bcadf8864dcfadd21fcb5033a525 bc817ba64d874775907a90c4425ee11a - - - -] 10.0.0.244 "POST /v2.0/subnets HTTP/1.1" status: 201 len: 821 time: 0.3760540
2026-06-26 11:46:44.970 10 INFO neutron.db.segments_db [None req-0c53cab8-a6a1-4dd5-bfd1-3a68a543e5b2 eb67b496170f4ce2b8d32a7f6d49728d e32a023e3ab242c49cfc2364438efa46 - - - -] Added segment c36b165e-73c0-481d-8a18-f1085ec00d6d of type geneve for network e30b0b72-6d09-4079-b2cb-f7fb94cbe367
2026-06-26 11:46:44.993 9 INFO neutron.db.ovn_revision_numbers_db [None req-674dd42f-4054-41b3-9f51-d930fc9554af 47373abbc8c14da2902bd60b65ee6414 2ce29b23975846f39c1d24635ed2c2d5 - - - -] Successfully bumped revision number for resource 99c1f9b0-54b8-440c-b164-807b1ed568b2 (type: router_ports) to 2
2026-06-26 11:46:44.996 9 INFO neutron.wsgi [None req-674dd42f-4054-41b3-9f51-d930fc9554af 47373abbc8c14da2902bd60b65ee6414 2ce29b23975846f39c1d24635ed2c2d5 - - - -] 10.0.0.244 "PUT /v2.0/routers/4979f1ff-fe7d-4c9b-965d-955913ba3d3d/add_router_interface HTTP/1.1" status: 200 len: 503 time: 1.6496115
2026-06-26 11:46:45.037 10 INFO neutron.wsgi [None req-30c5ee43-21ca-46a9-b74c-0996965a76a1 47373abbc8c14da2902bd60b65ee6414 2ce29b23975846f39c1d24635ed2c2d5 - - default default] 10.0.0.244 "GET /v2.0/ports/99c1f9b0-54b8-440c-b164-807b1ed568b2 HTTP/1.1" status: 200 len: 1147 time: 0.0367262
2026-06-26 11:46:45.121 10 INFO neutron.db.ovn_revision_numbers_db [None req-0c53cab8-a6a1-4dd5-bfd1-3a68a543e5b2 eb67b496170f4ce2b8d32a7f6d49728d e32a023e3ab242c49cfc2364438efa46 - - - -] Successfully bumped revision number for resource e30b0b72-6d09-4079-b2cb-f7fb94cbe367 (type: networks) to 1
2026-06-26 11:46:45.181 9 INFO neutron.wsgi [None req-d55d5a35-82f6-4b09-bb8b-04a0708ff4d7 47373abbc8c14da2902bd60b65ee6414 2ce29b23975846f39c1d24635ed2c2d5 - - default default] 10.0.0.244 "GET /v2.0/ports/99c1f9b0-54b8-440c-b164-807b1ed568b2 HTTP/1.1" status: 200 len: 1147 time: 0.1386228
2026-06-26 11:46:45.283 10 WARNING neutron.scheduler.dhcp_agent_scheduler [None req-0c53cab8-a6a1-4dd5-bfd1-3a68a543e5b2 eb67b496170f4ce2b8d32a7f6d49728d e32a023e3ab242c49cfc2364438efa46 - - - -] No more DHCP agents
2026-06-26 11:46:45.285 10 WARNING neutron.api.rpc.agentnotifiers.dhcp_rpc_agent_api [None req-0c53cab8-a6a1-4dd5-bfd1-3a68a543e5b2 eb67b496170f4ce2b8d32a7f6d49728d e32a023e3ab242c49cfc2364438efa46 - - - -] Unable to schedule network e30b0b72-6d09-4079-b2cb-f7fb94cbe367: no agents available; will retry on subsequent port and subnet creation events. /var/lib/openstack/lib/python3.10/site-packages/pycadf/identifier.py:71: UserWarning: Invalid uuid: neutron. To ensure interoperability, identifiers should be a valid uuid. warnings.warn(('Invalid uuid: %s. To ensure interoperability, '
2026-06-26 11:46:45.346 10 INFO neutron.db.ovn_revision_numbers_db [None req-0c53cab8-a6a1-4dd5-bfd1-3a68a543e5b2 eb67b496170f4ce2b8d32a7f6d49728d e32a023e3ab242c49cfc2364438efa46 - - - -] Successfully bumped revision number for resource 1bb69930-aa27-4679-8195-398c3efebc27 (type: ports) to 1
2026-06-26 11:46:45.354 9 WARNING neutron.scheduler.dhcp_agent_scheduler [None req-e71db2d2-71ca-4a22-93e1-243cbaf96e7f 7da7bcadf8864dcfadd21fcb5033a525 bc817ba64d874775907a90c4425ee11a - - - -] No more DHCP agents
2026-06-26 11:46:45.358 9 WARNING neutron.api.rpc.agentnotifiers.dhcp_rpc_agent_api [None req-e71db2d2-71ca-4a22-93e1-243cbaf96e7f 7da7bcadf8864dcfadd21fcb5033a525 bc817ba64d874775907a90c4425ee11a - - - -] Unable to schedule network 67e3f853-8cc8-4816-9cb1-2b0747b0c261: no agents available; will retry on subsequent port and subnet creation events.
2026-06-26 11:46:45.367 10 INFO neutron.wsgi [None req-0c53cab8-a6a1-4dd5-bfd1-3a68a543e5b2 eb67b496170f4ce2b8d32a7f6d49728d e32a023e3ab242c49cfc2364438efa46 - - - -] 10.0.0.244 "POST /v2.0/networks HTTP/1.1" status: 201 len: 929 time: 0.4930704
2026-06-26 11:46:45.471 9 INFO neutron.db.ovn_revision_numbers_db [None req-e71db2d2-71ca-4a22-93e1-243cbaf96e7f 7da7bcadf8864dcfadd21fcb5033a525 bc817ba64d874775907a90c4425ee11a - - - -] Successfully bumped revision number for resource 5bbbe9eb-a91e-4b17-b087-8be037a574d6 (type: ports) to 1
