+ COMMAND=start + start + for KEYSTONE_WSGI_SCRIPT in keystone-wsgi-public ++ type -p keystone-wsgi-public + cp -a /var/lib/openstack/bin/keystone-wsgi-public /var/www/cgi-bin/keystone/ + '[' -f /etc/apache2/envvars ']' + source /etc/apache2/envvars ++ unset HOME ++ '[' '' '!=' '' ']' ++ SUFFIX= ++ export APACHE_RUN_USER=www-data ++ APACHE_RUN_USER=www-data ++ export APACHE_RUN_GROUP=www-data ++ APACHE_RUN_GROUP=www-data ++ export APACHE_PID_FILE=/var/run/apache2/apache2.pid ++ APACHE_PID_FILE=/var/run/apache2/apache2.pid ++ export APACHE_RUN_DIR=/var/run/apache2 ++ APACHE_RUN_DIR=/var/run/apache2 ++ export APACHE_LOCK_DIR=/var/lock/apache2 ++ APACHE_LOCK_DIR=/var/lock/apache2 ++ export APACHE_LOG_DIR=/var/log/apache2 ++ APACHE_LOG_DIR=/var/log/apache2 ++ export LANG=C ++ LANG=C ++ export LANG + '[' -f /var/run/apache2/apache2.pid ']' + exec apache2 -DFOREGROUND AH00558: apache2: Could not reliably determine the server's fully qualified domain name, using 10.0.0.59. Set the 'ServerName' directive globally to suppress this message AH00558: apache2: Could not reliably determine the server's fully qualified domain name, using 10.0.0.59. Set the 'ServerName' directive globally to suppress this message
[Mon Aug 17 10:28:11.223391 2026] [mpm_event:notice] [pid 1:tid 140436380678016] AH00489: Apache/2.4.58 (Ubuntu) mod_wsgi/5.0.0 Python/3.12 configured -- resuming normal operations
[Mon Aug 17 10:28:11.223745 2026] [core:notice] [pid 1:tid 140436380678016] AH00094: Command line: 'apache2 -D FOREGROUND'
[Mon Aug 17 10:29:10.830390 2026] [wsgi:error] [pid 11:tid 140435743905472] /var/lib/openstack/lib/python3.12/site-packages/oslo_utils/importutils.py:77: EventletDeprecationWarning:
[Mon Aug 17 10:29:10.830437 2026] [wsgi:error] [pid 11:tid 140435743905472] Eventlet is deprecated. It is currently being maintained in bugfix mode, and
[Mon Aug 17 10:29:10.830440 2026] [wsgi:error] [pid 11:tid 140435743905472] we strongly recommend against using it for new projects.
[Mon Aug 17 10:29:10.830441 2026] [wsgi:error] [pid 11:tid 140435743905472]
[Mon Aug 17 10:29:10.830442 2026] [wsgi:error] [pid 11:tid 140435743905472] If you are already using Eventlet, we recommend migrating to a different
[Mon Aug 17 10:29:10.830444 2026] [wsgi:error] [pid 11:tid 140435743905472] framework. For more detail see
[Mon Aug 17 10:29:10.830445 2026] [wsgi:error] [pid 11:tid 140435743905472] https://eventlet.readthedocs.io/en/latest/asyncio/migration.html
[Mon Aug 17 10:29:10.830447 2026] [wsgi:error] [pid 11:tid 140435743905472]
[Mon Aug 17 10:29:10.830448 2026] [wsgi:error] [pid 11:tid 140435743905472] __import__(import_str)
[Mon Aug 17 10:29:10.866895 2026] [wsgi:error] [pid 12:tid 140435743905472] /var/lib/openstack/lib/python3.12/site-packages/oslo_utils/importutils.py:77: EventletDeprecationWarning:
[Mon Aug 17 10:29:10.866956 2026] [wsgi:error] [pid 12:tid 140435743905472] Eventlet is deprecated. It is currently being maintained in bugfix mode, and
[Mon Aug 17 10:29:10.866959 2026] [wsgi:error] [pid 12:tid 140435743905472] we strongly recommend against using it for new projects.
[Mon Aug 17 10:29:10.866960 2026] [wsgi:error] [pid 12:tid 140435743905472]
[Mon Aug 17 10:29:10.866961 2026] [wsgi:error] [pid 12:tid 140435743905472] If you are already using Eventlet, we recommend migrating to a different
[Mon Aug 17 10:29:10.866962 2026] [wsgi:error] [pid 12:tid 140435743905472] framework. For more detail see
[Mon Aug 17 10:29:10.866963 2026] [wsgi:error] [pid 12:tid 140435743905472] https://eventlet.readthedocs.io/en/latest/asyncio/migration.html
[Mon Aug 17 10:29:10.866965 2026] [wsgi:error] [pid 12:tid 140435743905472]
[Mon Aug 17 10:29:10.866966 2026] [wsgi:error] [pid 12:tid 140435743905472] __import__(import_str) 10.0.0.36 - - [17/Aug/2026:10:29:09 +0000] "GET /v3/ HTTP/1.1" 200 249 10.0.0.36 - - [17/Aug/2026:10:29:09 +0000] "GET /v3/ HTTP/1.1" 200 249
[Mon Aug 17 10:29:24.376452 2026] [wsgi:error] [pid 9:tid 140435743905472] /var/lib/openstack/lib/python3.12/site-packages/oslo_utils/importutils.py:77: EventletDeprecationWarning:
[Mon Aug 17 10:29:24.376532 2026] [wsgi:error] [pid 9:tid 140435743905472] Eventlet is deprecated. It is currently being maintained in bugfix mode, and
[Mon Aug 17 10:29:24.376534 2026] [wsgi:error] [pid 9:tid 140435743905472] we strongly recommend against using it for new projects.
[Mon Aug 17 10:29:24.376536 2026] [wsgi:error] [pid 9:tid 140435743905472]
[Mon Aug 17 10:29:24.376537 2026] [wsgi:error] [pid 9:tid 140435743905472] If you are already using Eventlet, we recommend migrating to a different
[Mon Aug 17 10:29:24.376538 2026] [wsgi:error] [pid 9:tid 140435743905472] framework. For more detail see
[Mon Aug 17 10:29:24.376539 2026] [wsgi:error] [pid 9:tid 140435743905472] https://eventlet.readthedocs.io/en/latest/asyncio/migration.html
[Mon Aug 17 10:29:24.376540 2026] [wsgi:error] [pid 9:tid 140435743905472]
[Mon Aug 17 10:29:24.376541 2026] [wsgi:error] [pid 9:tid 140435743905472] __import__(import_str) 10.0.0.184 - - [17/Aug/2026:10:29:23 +0000] "GET / HTTP/1.1" 300 295
[Mon Aug 17 10:29:29.994775 2026] [wsgi:error] [pid 10:tid 140435743905472] /var/lib/openstack/lib/python3.12/site-packages/oslo_utils/importutils.py:77: EventletDeprecationWarning:
[Mon Aug 17 10:29:29.994808 2026] [wsgi:error] [pid 10:tid 140435743905472] Eventlet is deprecated. It is currently being maintained in bugfix mode, and
[Mon Aug 17 10:29:29.994809 2026] [wsgi:error] [pid 10:tid 140435743905472] we strongly recommend against using it for new projects.
[Mon Aug 17 10:29:29.994811 2026] [wsgi:error] [pid 10:tid 140435743905472]
[Mon Aug 17 10:29:29.994812 2026] [wsgi:error] [pid 10:tid 140435743905472] If you are already using Eventlet, we recommend migrating to a different
[Mon Aug 17 10:29:29.994813 2026] [wsgi:error] [pid 10:tid 140435743905472] framework. For more detail see
[Mon Aug 17 10:29:29.994814 2026] [wsgi:error] [pid 10:tid 140435743905472] https://eventlet.readthedocs.io/en/latest/asyncio/migration.html
[Mon Aug 17 10:29:29.994815 2026] [wsgi:error] [pid 10:tid 140435743905472]
[Mon Aug 17 10:29:29.994816 2026] [wsgi:error] [pid 10:tid 140435743905472] __import__(import_str)
[Mon Aug 17 10:29:34.885798 2026] [wsgi:error] [pid 10:tid 140435743905472] [remote 10.0.0.184:55438] 2026-08-17 10:29:34.882 10 WARNING keystone.identity.core [None req-a71ba3ef-720b-49aa-8f77-f290169e0a46 - - - - - -] Invalid domain name (atmosphere) found in config file name: keystone.exception.DomainNotFound: Could not find domain: atmosphere.
[Mon Aug 17 10:29:34.944516 2026] [wsgi:error] [pid 10:tid 140435743905472] [remote 10.0.0.184:55438] 2026-08-17 10:29:34.944 10 WARNING keystone.common.password_hashing [None req-a71ba3ef-720b-49aa-8f77-f290169e0a46 - - - - - -] Truncating password to algorithm specific maximum length 72 characters.
[Mon Aug 17 10:29:35.237454 2026] [wsgi:error] [pid 10:tid 140435743905472] [remote 10.0.0.184:55438] 2026-08-17 10:29:35.237 10 WARNING keystone.common.fernet_utils [None req-a71ba3ef-720b-49aa-8f77-f290169e0a46 - - - - - -] key_repository is world readable: /etc/keystone/fernet-keys/ 10.0.0.184 - - [17/Aug/2026:10:29:29 +0000] "POST /v3/auth/tokens HTTP/1.1" 201 1360
[Mon Aug 17 10:29:35.617199 2026] [wsgi:error] [pid 12:tid 140435743905472] [remote 10.0.0.184:55438] 2026-08-17 10:29:35.612 12 WARNING keystone.identity.core [None req-ccdc5e4b-f939-4ce6-8e8a-f7ed7635203d - - - - - -] Invalid domain name (atmosphere) found in config file name: keystone.exception.DomainNotFound: Could not find domain: atmosphere. 10.0.0.184 - - [17/Aug/2026:10:29:35 +0000] "POST /v3/domains HTTP/1.1" 201 261 10.0.0.114 - - [17/Aug/2026:10:29:47 +0000] "GET / HTTP/1.1" 300 295
[Mon Aug 17 10:29:48.289863 2026] [wsgi:error] [pid 9:tid 140435743905472] [remote 10.0.0.114:34908] 2026-08-17 10:29:48.289 9 WARNING keystone.common.password_hashing [None req-6771b74a-5f28-4ded-b4e8-a4c22ec9130a - - - - - -] Truncating password to algorithm specific maximum length 72 characters.
[Mon Aug 17 10:29:48.562675 2026] [wsgi:error] [pid 9:tid 140435743905472] [remote 10.0.0.114:34908] 2026-08-17 10:29:48.562 9 WARNING keystone.common.fernet_utils [None req-6771b74a-5f28-4ded-b4e8-a4c22ec9130a - - - - - -] key_repository is world readable: /etc/keystone/fernet-keys/ 10.0.0.114 - - [17/Aug/2026:10:29:47 +0000] "POST /v3/auth/tokens HTTP/1.1" 201 1360 10.0.0.114 - - [17/Aug/2026:10:29:48 +0000] "GET /v3/roles/admin HTTP/1.1" 404 83
[Mon Aug 17 10:29:48.869838 2026] [wsgi:error] [pid 12:tid 140435743905472] [remote 10.0.0.114:34908] 2026-08-17 10:29:48.869 12 WARNING keystone.common.rbac_enforcer.enforcer [None req-66a60bcc-7be7-47c8-9af4-97f0456edfe7 94a87eb54c1a49a88a25bad99311c359 169a95b24116413dab85078b6804f0d4 - - default default] Deprecated policy rules found. Use oslopolicy-policy-generator and oslopolicy-policy-upgrade to detect and resolve deprecated policies in your configuration. 10.0.0.114 - - [17/Aug/2026:10:29:48 +0000] "GET /v3/roles?name=admin HTTP/1.1" 200 389
[Mon Aug 17 10:29:49.406320 2026] [wsgi:error] [pid 11:tid 140435743905472] [remote 10.0.0.114:34908] 2026-08-17 10:29:49.406 11 WARNING keystone.common.rbac_enforcer.enforcer [None req-3d4dae57-18db-4974-ad3c-a48146bcae33 94a87eb54c1a49a88a25bad99311c359 169a95b24116413dab85078b6804f0d4 - - default default] Deprecated policy rules found. Use oslopolicy-policy-generator and oslopolicy-policy-upgrade to detect and resolve deprecated policies in your configuration. 10.0.0.114 - - [17/Aug/2026:10:29:49 +0000] "GET /v3/users/admin-RegionOne HTTP/1.1" 404 93
[Mon Aug 17 10:29:49.644049 2026] [wsgi:error] [pid 9:tid 140435743905472] [remote 10.0.0.114:34908] 2026-08-17 10:29:49.643 9 WARNING keystone.common.rbac_enforcer.enforcer [None req-a40a806b-474d-4d23-ab9c-19bf02ac81eb 94a87eb54c1a49a88a25bad99311c359 169a95b24116413dab85078b6804f0d4 - - default default] Deprecated policy rules found. Use oslopolicy-policy-generator and oslopolicy-policy-upgrade to detect and resolve deprecated policies in your configuration. 10.0.0.114 - - [17/Aug/2026:10:29:49 +0000] "GET /v3/users?name=admin-RegionOne HTTP/1.1" 200 422
[Mon Aug 17 10:29:49.814835 2026] [wsgi:error] [pid 10:tid 140435743905472] [remote 10.0.0.114:34908] 2026-08-17 10:29:49.814 10 WARNING keystone.common.rbac_enforcer.enforcer [None req-4929433d-dd0d-4228-a075-b080c02872c1 94a87eb54c1a49a88a25bad99311c359 169a95b24116413dab85078b6804f0d4 - - default default] Deprecated policy rules found. Use oslopolicy-policy-generator and oslopolicy-policy-upgrade to detect and resolve deprecated policies in your configuration. 10.0.0.114 - - [17/Aug/2026:10:29:49 +0000] "GET /v3/domains/default HTTP/1.1" 200 224 10.0.0.114 - - [17/Aug/2026:10:29:49 +0000] "PUT /v3/domains/default/users/94a87eb54c1a49a88a25bad99311c359/roles/e353c0b039d7494f884c179651b731a1 HTTP/1.1" 204 - 10.0.0.36 - - [17/Aug/2026:10:29:59 +0000] "GET / HTTP/1.1" 300 281 10.0.0.36 - - [17/Aug/2026:10:30:01 +0000] "GET /v3 HTTP/1.1" 200 266
[Mon Aug 17 10:30:01.245933 2026] [wsgi:error] [pid 10:tid 140435743905472] [remote 10.0.0.36:37506] 2026-08-17 10:30:01.245 10 WARNING keystone.common.password_hashing [None req-ff59a3bf-5710-4d14-a818-93842a7ab587 - - - - - -] Truncating password to algorithm specific maximum length 72 characters.
[Mon Aug 17 10:30:01.523472 2026] [wsgi:error] [pid 10:tid 140435743905472] [remote 10.0.0.36:37506] 2026-08-17 10:30:01.523 10 WARNING keystone.common.fernet_utils [None req-ff59a3bf-5710-4d14-a818-93842a7ab587 - - - - - -] key_repository is world readable: /etc/keystone/fernet-keys/ 10.0.0.36 - - [17/Aug/2026:10:30:01 +0000] "POST /v3/auth/tokens HTTP/1.1" 201 1360 10.0.0.36 - - [17/Aug/2026:10:30:01 +0000] "GET / HTTP/1.1" 300 281 10.0.0.36 - - [17/Aug/2026:10:30:01 +0000] "GET /v3/domains/atmosphere HTTP/1.1" 404 90 10.0.0.36 - - [17/Aug/2026:10:30:01 +0000] "GET /v3/domains?name=atmosphere HTTP/1.1" 200 370 10.0.0.36 - - [17/Aug/2026:10:30:01 +0000] "GET /v3/domains/316195a10389492cbaf389e11aadfbc3 HTTP/1.1" 200 247 10.0.0.36 - - [17/Aug/2026:10:30:02 +0000] "GET /v3 HTTP/1.1" 200 266
[Mon Aug 17 10:30:02.729312 2026] [wsgi:error] [pid 11:tid 140435743905472] [remote 10.0.0.36:37506] 2026-08-17 10:30:02.728 11 WARNING keystone.common.password_hashing [None req-011cb41f-3208-4720-9cbc-1fb8ce4136ee - - - - - -] Truncating password to algorithm specific maximum length 72 characters.
[Mon Aug 17 10:30:03.020380 2026] [wsgi:error] [pid 11:tid 140435743905472] [remote 10.0.0.36:37506] 2026-08-17 10:30:03.020 11 WARNING keystone.common.fernet_utils [None req-011cb41f-3208-4720-9cbc-1fb8ce4136ee - - - - - -] key_repository is world readable: /etc/keystone/fernet-keys/ 10.0.0.36 - - [17/Aug/2026:10:30:02 +0000] "POST /v3/auth/tokens HTTP/1.1" 201 1360 10.0.0.36 - - [17/Aug/2026:10:30:03 +0000] "GET / HTTP/1.1" 300 281 10.0.0.36 - - [17/Aug/2026:10:30:03 +0000] "GET /v3/OS-FEDERATION/identity_providers/atmosphere HTTP/1.1" 404 101 10.0.0.36 - - [17/Aug/2026:10:30:03 +0000] "GET /v3/OS-FEDERATION/identity_providers HTTP/1.1" 200 156 10.0.0.36 - - [17/Aug/2026:10:30:03 +0000] "PUT /v3/OS-FEDERATION/identity_providers/atmosphere HTTP/1.1" 201 342 10.0.0.36 - - [17/Aug/2026:10:30:03 +0000] "GET /v3 HTTP/1.1" 200 266
[Mon Aug 17 10:30:03.790362 2026] [wsgi:error] [pid 10:tid 140435743905472] [remote 10.0.0.36:37506] 2026-08-17 10:30:03.790 10 WARNING keystone.common.password_hashing [None req-ca693678-de82-46b1-8c07-163b1e6860f1 - - - - - -] Truncating password to algorithm specific maximum length 72 characters.
[Mon Aug 17 10:30:04.068790 2026] [wsgi:error] [pid 10:tid 140435743905472] [remote 10.0.0.36:37506] 2026-08-17 10:30:04.068 10 WARNING keystone.common.fernet_utils [None req-ca693678-de82-46b1-8c07-163b1e6860f1 - - - - - -] key_repository is world readable: /etc/keystone/fernet-keys/ 10.0.0.36 - - [17/Aug/2026:10:30:03 +0000] "POST /v3/auth/tokens HTTP/1.1" 201 1360 10.0.0.36 - - [17/Aug/2026:10:30:04 +0000] "GET / HTTP/1.1" 300 281 10.0.0.36 - - [17/Aug/2026:10:30:04 +0000] "GET /v3/OS-FEDERATION/mappings/atmosphere-openid HTTP/1.1" 404 98 10.0.0.36 - - [17/Aug/2026:10:30:04 +0000] "GET /v3/OS-FEDERATION/mappings HTTP/1.1" 200 136 10.0.0.36 - - [17/Aug/2026:10:30:04 +0000] "PUT /v3/OS-FEDERATION/mappings/atmosphere-openid HTTP/1.1" 201 357 10.0.0.36 - - [17/Aug/2026:10:30:04 +0000] "GET /v3 HTTP/1.1" 200 266
[Mon Aug 17 10:30:04.830423 2026] [wsgi:error] [pid 11:tid 140435743905472] [remote 10.0.0.36:37506] 2026-08-17 10:30:04.830 11 WARNING keystone.common.password_hashing [None req-c6f25921-a65b-4db0-a69b-112b51110033 - - - - - -] Truncating password to algorithm specific maximum length 72 characters.
[Mon Aug 17 10:30:05.110017 2026] [wsgi:error] [pid 11:tid 140435743905472] [remote 10.0.0.36:37506] 2026-08-17 10:30:05.109 11 WARNING keystone.common.fernet_utils [None req-c6f25921-a65b-4db0-a69b-112b51110033 - - - - - -] key_repository is world readable: /etc/keystone/fernet-keys/ 10.0.0.36 - - [17/Aug/2026:10:30:04 +0000] "POST /v3/auth/tokens HTTP/1.1" 201 1360 10.0.0.36 - - [17/Aug/2026:10:30:05 +0000] "GET / HTTP/1.1" 300 281 10.0.0.36 - - [17/Aug/2026:10:30:05 +0000] "GET /v3/OS-FEDERATION/identity_providers/atmosphere/protocols/openid?idp_id=atmosphere HTTP/1.1" 404 131 10.0.0.36 - - [17/Aug/2026:10:30:05 +0000] "GET /v3/OS-FEDERATION/identity_providers/atmosphere/protocols HTTP/1.1" 200 168 10.0.0.36 - - [17/Aug/2026:10:30:05 +0000] "PUT /v3/OS-FEDERATION/identity_providers/atmosphere/protocols/openid HTTP/1.1" 201 224 10.0.0.36 - - [17/Aug/2026:10:30:09 +0000] "GET /v3/ HTTP/1.1" 200 249 10.0.0.36 - - [17/Aug/2026:10:30:09 +0000] "GET /v3/ HTTP/1.1" 200 249 10.0.0.36 - - [17/Aug/2026:10:31:09 +0000] "GET /v3/ HTTP/1.1" 200 249 10.0.0.36 - - [17/Aug/2026:10:31:09 +0000] "GET /v3/ HTTP/1.1" 200 249 10.0.0.93 - - [17/Aug/2026:10:31:28 +0000] "GET / HTTP/1.1" 300 295
[Mon Aug 17 10:31:28.700837 2026] [wsgi:error] [pid 10:tid 140435743905472] [remote 10.0.0.93:34824] 2026-08-17 10:31:28.700 10 WARNING keystone.common.password_hashing [None req-672f116c-d0a0-4008-919a-f3708846d89d - - - - - -] Truncating password to algorithm specific maximum length 72 characters.
[Mon Aug 17 10:31:28.979367 2026] [wsgi:error] [pid 10:tid 140435743905472] [remote 10.0.0.93:34824] 2026-08-17 10:31:28.979 10 WARNING keystone.common.fernet_utils [None req-672f116c-d0a0-4008-919a-f3708846d89d - - - - - -] key_repository is world readable: /etc/keystone/fernet-keys/ 10.0.0.93 - - [17/Aug/2026:10:31:28 +0000] "POST /v3/auth/tokens HTTP/1.1" 201 1360 10.0.0.93 - - [17/Aug/2026:10:31:29 +0000] "GET /v3/services HTTP/1.1" 200 355 10.0.0.93 - - [17/Aug/2026:10:31:32 +0000] "GET / HTTP/1.1" 300 295
[Mon Aug 17 10:31:32.730858 2026] [wsgi:error] [pid 9:tid 140435743905472] [remote 10.0.0.93:33730] 2026-08-17 10:31:32.730 9 WARNING keystone.common.password_hashing [None req-a534748a-6259-43bf-819f-48a2b1f054fa - - - - - -] Truncating password to algorithm specific maximum length 72 characters.
[Mon Aug 17 10:31:33.011163 2026] [wsgi:error] [pid 9:tid 140435743905472] [remote 10.0.0.93:33730] 2026-08-17 10:31:33.010 9 WARNING keystone.common.fernet_utils [None req-a534748a-6259-43bf-819f-48a2b1f054fa - - - - - -] key_repository is world readable: /etc/keystone/fernet-keys/ 10.0.0.93 - - [17/Aug/2026:10:31:32 +0000] "POST /v3/auth/tokens HTTP/1.1" 201 1360 10.0.0.93 - - [17/Aug/2026:10:31:33 +0000] "GET /v3/services HTTP/1.1" 200 355 10.0.0.93 - - [17/Aug/2026:10:31:36 +0000] "GET / HTTP/1.1" 300 295
[Mon Aug 17 10:31:36.720139 2026] [wsgi:error] [pid 12:tid 140435743905472] [remote 10.0.0.93:33746] 2026-08-17 10:31:36.719 12 WARNING keystone.common.password_hashing [None req-36222fad-7b59-4509-af85-17d3b4c595fd - - - - - -] Truncating password to algorithm specific maximum length 72 characters.
[Mon Aug 17 10:31:36.993170 2026] [wsgi:error] [pid 12:tid 140435743905472] [remote 10.0.0.93:33746] 2026-08-17 10:31:36.993 12 WARNING keystone.common.fernet_utils [None req-36222fad-7b59-4509-af85-17d3b4c595fd - - - - - -] key_repository is world readable: /etc/keystone/fernet-keys/ 10.0.0.93 - - [17/Aug/2026:10:31:36 +0000] "POST /v3/auth/tokens HTTP/1.1" 201 1360 10.0.0.93 - - [17/Aug/2026:10:31:37 +0000] "GET /v3/services HTTP/1.1" 200 355 10.0.0.93 - - [17/Aug/2026:10:31:40 +0000] "GET / HTTP/1.1" 300 295
[Mon Aug 17 10:31:40.634178 2026] [wsgi:error] [pid 11:tid 140435743905472] [remote 10.0.0.93:33748] 2026-08-17 10:31:40.633 11 WARNING keystone.common.password_hashing [None req-fb3fe38f-30bb-4644-bb7f-6140ba93624a - - - - - -] Truncating password to algorithm specific maximum length 72 characters.
[Mon Aug 17 10:31:40.921068 2026] [wsgi:error] [pid 11:tid 140435743905472] [remote 10.0.0.93:33748] 2026-08-17 10:31:40.920 11 WARNING keystone.common.fernet_utils [None req-fb3fe38f-30bb-4644-bb7f-6140ba93624a - - - - - -] key_repository is world readable: /etc/keystone/fernet-keys/ 10.0.0.93 - - [17/Aug/2026:10:31:40 +0000] "POST /v3/auth/tokens HTTP/1.1" 201 1360 10.0.0.93 - - [17/Aug/2026:10:31:41 +0000] "POST /v3/services HTTP/1.1" 201 296 10.0.0.178 - - [17/Aug/2026:10:31:51 +0000] "GET / HTTP/1.1" 300 295
[Mon Aug 17 10:31:51.996059 2026] [wsgi:error] [pid 10:tid 140435743905472] [remote 10.0.0.178:54178] 2026-08-17 10:31:51.995 10 WARNING keystone.common.password_hashing [None req-a2bbbfd3-8e23-4748-96ac-72027f299a14 - - - - - -] Truncating password to algorithm specific maximum length 72 characters. 10.0.0.178 - - [17/Aug/2026:10:31:52 +0000] "GET / HTTP/1.1" 300 295
[Mon Aug 17 10:31:52.094302 2026] [wsgi:error] [pid 12:tid 140435743905472] [remote 10.0.0.178:54194] 2026-08-17 10:31:52.093 12 WARNING keystone.common.password_hashing [None req-3ee729ef-fb1f-4a6c-aa2d-6fb4c365a6ee - - - - - -] Truncating password to algorithm specific maximum length 72 characters.
[Mon Aug 17 10:31:52.271570 2026] [wsgi:error] [pid 10:tid 140435743905472] [remote 10.0.0.178:54178] 2026-08-17 10:31:52.271 10 WARNING keystone.common.fernet_utils [None req-a2bbbfd3-8e23-4748-96ac-72027f299a14 - - - - - -] key_repository is world readable: /etc/keystone/fernet-keys/ 10.0.0.178 - - [17/Aug/2026:10:31:51 +0000] "POST /v3/auth/tokens HTTP/1.1" 201 1464
[Mon Aug 17 10:31:52.365426 2026] [wsgi:error] [pid 12:tid 140435743905472] [remote 10.0.0.178:54194] 2026-08-17 10:31:52.365 12 WARNING keystone.common.fernet_utils [None req-3ee729ef-fb1f-4a6c-aa2d-6fb4c365a6ee - - - - - -] key_repository is world readable: /etc/keystone/fernet-keys/ 10.0.0.178 - - [17/Aug/2026:10:31:52 +0000] "POST /v3/auth/tokens HTTP/1.1" 201 1464 10.0.0.178 - - [17/Aug/2026:10:31:52 +0000] "GET / HTTP/1.1" 300 295 10.0.0.178 - - [17/Aug/2026:10:31:52 +0000] "GET /v3/services HTTP/1.1" 200 639
[Mon Aug 17 10:31:52.416863 2026] [wsgi:error] [pid 10:tid 140435743905472] [remote 10.0.0.178:34898] 2026-08-17 10:31:52.416 10 WARNING keystone.common.password_hashing [None req-25d95c1d-48bd-4ff2-907a-7be4c827aad2 - - - - - -] Truncating password to algorithm specific maximum length 72 characters. 10.0.0.178 - - [17/Aug/2026:10:31:52 +0000] "GET /v3/services HTTP/1.1" 200 639
[Mon Aug 17 10:31:52.695900 2026] [wsgi:error] [pid 10:tid 140435743905472] [remote 10.0.0.178:34898] 2026-08-17 10:31:52.695 10 WARNING keystone.common.fernet_utils [None req-25d95c1d-48bd-4ff2-907a-7be4c827aad2 - - - - - -] key_repository is world readable: /etc/keystone/fernet-keys/ 10.0.0.178 - - [17/Aug/2026:10:31:52 +0000] "POST /v3/auth/tokens HTTP/1.1" 201 1464 10.0.0.178 - - [17/Aug/2026:10:31:52 +0000] "GET /v3/services HTTP/1.1" 200 639 10.0.0.178 - - [17/Aug/2026:10:31:53 +0000] "GET / HTTP/1.1" 300 295
[Mon Aug 17 10:31:54.016242 2026] [wsgi:error] [pid 12:tid 140435743905472] [remote 10.0.0.178:34906] 2026-08-17 10:31:54.016 12 WARNING keystone.common.password_hashing [None req-3d528db6-33b4-4f05-b6c6-f93ec76ca29c - - - - - -] Truncating password to algorithm specific maximum length 72 characters. 10.0.0.178 - - [17/Aug/2026:10:31:54 +0000] "GET / HTTP/1.1" 300 295
[Mon Aug 17 10:31:54.133217 2026] [wsgi:error] [pid 11:tid 140435743905472] [remote 10.0.0.178:34918] 2026-08-17 10:31:54.132 11 WARNING keystone.common.password_hashing [None req-48e8583a-fda1-417b-864a-7ae132402be1 - - - - - -] Truncating password to algorithm specific maximum length 72 characters.
[Mon Aug 17 10:31:54.304558 2026] [wsgi:error] [pid 12:tid 140435743905472] [remote 10.0.0.178:34906] 2026-08-17 10:31:54.304 12 WARNING keystone.common.fernet_utils [None req-3d528db6-33b4-4f05-b6c6-f93ec76ca29c - - - - - -] key_repository is world readable: /etc/keystone/fernet-keys/ 10.0.0.178 - - [17/Aug/2026:10:31:53 +0000] "POST /v3/auth/tokens HTTP/1.1" 201 1464
[Mon Aug 17 10:31:54.415348 2026] [wsgi:error] [pid 11:tid 140435743905472] [remote 10.0.0.178:34918] 2026-08-17 10:31:54.415 11 WARNING keystone.common.fernet_utils [None req-48e8583a-fda1-417b-864a-7ae132402be1 - - - - - -] key_repository is world readable: /etc/keystone/fernet-keys/ 10.0.0.178 - - [17/Aug/2026:10:31:54 +0000] "POST /v3/auth/tokens HTTP/1.1" 201 1464 10.0.0.178 - - [17/Aug/2026:10:31:54 +0000] "GET /v3/endpoints HTTP/1.1" 200 1227 10.0.0.178 - - [17/Aug/2026:10:31:54 +0000] "GET /v3/services/3dfd47f976b44dd7837fa6eecbf0214c HTTP/1.1" 200 233 10.0.0.178 - - [17/Aug/2026:10:31:54 +0000] "GET /v3/services/3dfd47f976b44dd7837fa6eecbf0214c HTTP/1.1" 200 233 10.0.0.178 - - [17/Aug/2026:10:31:54 +0000] "GET /v3/services/3dfd47f976b44dd7837fa6eecbf0214c HTTP/1.1" 200 233 10.0.0.178 - - [17/Aug/2026:10:31:54 +0000] "GET /v3/endpoints HTTP/1.1" 200 1227 10.0.0.178 - - [17/Aug/2026:10:31:54 +0000] "GET / HTTP/1.1" 300 295 10.0.0.178 - - [17/Aug/2026:10:31:54 +0000] "GET /v3/services/3dfd47f976b44dd7837fa6eecbf0214c HTTP/1.1" 200 233
[Mon Aug 17 10:31:54.599715 2026] [wsgi:error] [pid 11:tid 140435743905472] [remote 10.0.0.178:34920] 2026-08-17 10:31:54.599 11 WARNING keystone.common.password_hashing [None req-f03e6182-731f-4629-b04d-108d594f0883 - - - - - -] Truncating password to algorithm specific maximum length 72 characters. 10.0.0.178 - - [17/Aug/2026:10:31:54 +0000] "GET /v3/services/3dfd47f976b44dd7837fa6eecbf0214c HTTP/1.1" 200 233 10.0.0.178 - - [17/Aug/2026:10:31:54 +0000] "GET /v3/services/3dfd47f976b44dd7837fa6eecbf0214c HTTP/1.1" 200 233
[Mon Aug 17 10:31:54.904696 2026] [wsgi:error] [pid 11:tid 140435743905472] [remote 10.0.0.178:34920] 2026-08-17 10:31:54.904 11 WARNING keystone.common.fernet_utils [None req-f03e6182-731f-4629-b04d-108d594f0883 - - - - - -] key_repository is world readable: /etc/keystone/fernet-keys/ 10.0.0.178 - - [17/Aug/2026:10:31:54 +0000] "POST /v3/auth/tokens HTTP/1.1" 201 1464 10.0.0.178 - - [17/Aug/2026:10:31:55 +0000] "GET /v3/endpoints HTTP/1.1" 200 1227 10.0.0.178 - - [17/Aug/2026:10:31:55 +0000] "GET /v3/services/3dfd47f976b44dd7837fa6eecbf0214c HTTP/1.1" 200 233 10.0.0.178 - - [17/Aug/2026:10:31:55 +0000] "GET /v3/services/3dfd47f976b44dd7837fa6eecbf0214c HTTP/1.1" 200 233 10.0.0.178 - - [17/Aug/2026:10:31:55 +0000] "GET /v3/services/3dfd47f976b44dd7837fa6eecbf0214c HTTP/1.1" 200 233 10.0.0.178 - - [17/Aug/2026:10:31:56 +0000] "GET / HTTP/1.1" 300 295
[Mon Aug 17 10:31:56.110029 2026] [wsgi:error] [pid 9:tid 140435743905472] [remote 10.0.0.178:34930] 2026-08-17 10:31:56.109 9 WARNING keystone.common.password_hashing [None req-9ea204aa-85a6-4a91-8c2e-828fdbd3f9f6 - - - - - -] Truncating password to algorithm specific maximum length 72 characters. 10.0.0.178 - - [17/Aug/2026:10:31:56 +0000] "GET / HTTP/1.1" 300 295
[Mon Aug 17 10:31:56.185145 2026] [wsgi:error] [pid 11:tid 140435743905472] [remote 10.0.0.178:34946] 2026-08-17 10:31:56.184 11 WARNING keystone.common.password_hashing [None req-1b53a11d-c5a2-4e3f-b916-1be9721e70f5 - - - - - -] Truncating password to algorithm specific maximum length 72 characters.
[Mon Aug 17 10:31:56.393914 2026] [wsgi:error] [pid 9:tid 140435743905472] [remote 10.0.0.178:34930] 2026-08-17 10:31:56.393 9 WARNING keystone.common.fernet_utils [None req-9ea204aa-85a6-4a91-8c2e-828fdbd3f9f6 - - - - - -] key_repository is world readable: /etc/keystone/fernet-keys/ 10.0.0.178 - - [17/Aug/2026:10:31:56 +0000] "POST /v3/auth/tokens HTTP/1.1" 201 1464
[Mon Aug 17 10:31:56.473325 2026] [wsgi:error] [pid 11:tid 140435743905472] [remote 10.0.0.178:34946] 2026-08-17 10:31:56.473 11 WARNING keystone.common.fernet_utils [None req-1b53a11d-c5a2-4e3f-b916-1be9721e70f5 - - - - - -] key_repository is world readable: /etc/keystone/fernet-keys/ 10.0.0.178 - - [17/Aug/2026:10:31:56 +0000] "POST /v3/auth/tokens HTTP/1.1" 201 1464 10.0.0.178 - - [17/Aug/2026:10:31:56 +0000] "GET /v3/services/010c90ecfdcd495cbb468bf0a7144f31 HTTP/1.1" 200 296 10.0.0.178 - - [17/Aug/2026:10:31:56 +0000] "GET /v3/regions/RegionOne HTTP/1.1" 200 173 10.0.0.178 - - [17/Aug/2026:10:31:56 +0000] "GET / HTTP/1.1" 300 295 10.0.0.178 - - [17/Aug/2026:10:31:56 +0000] "GET /v3/services/010c90ecfdcd495cbb468bf0a7144f31 HTTP/1.1" 200 296
[Mon Aug 17 10:31:56.612266 2026] [wsgi:error] [pid 12:tid 140435743905472] [remote 10.0.0.178:34956] 2026-08-17 10:31:56.612 12 WARNING keystone.common.password_hashing [None req-8e626bb9-b57d-47ac-acc9-389f1399c6bc - - - - - -] Truncating password to algorithm specific maximum length 72 characters. 10.0.0.178 - - [17/Aug/2026:10:31:56 +0000] "GET /v3/regions/RegionOne HTTP/1.1" 200 173 10.0.0.178 - - [17/Aug/2026:10:31:56 +0000] "POST /v3/endpoints HTTP/1.1" 201 380 10.0.0.178 - - [17/Aug/2026:10:31:56 +0000] "POST /v3/endpoints HTTP/1.1" 201 383
[Mon Aug 17 10:31:56.885537 2026] [wsgi:error] [pid 12:tid 140435743905472] [remote 10.0.0.178:34956] 2026-08-17 10:31:56.885 12 WARNING keystone.common.fernet_utils [None req-8e626bb9-b57d-47ac-acc9-389f1399c6bc - - - - - -] key_repository is world readable: /etc/keystone/fernet-keys/ 10.0.0.178 - - [17/Aug/2026:10:31:56 +0000] "POST /v3/auth/tokens HTTP/1.1" 201 1823 10.0.0.178 - - [17/Aug/2026:10:31:57 +0000] "GET /v3/services/010c90ecfdcd495cbb468bf0a7144f31 HTTP/1.1" 200 296 10.0.0.178 - - [17/Aug/2026:10:31:57 +0000] "GET /v3/regions/RegionOne HTTP/1.1" 200 173 10.0.0.178 - - [17/Aug/2026:10:31:57 +0000] "POST /v3/endpoints HTTP/1.1" 201 370 10.0.0.178 - - [17/Aug/2026:10:31:58 +0000] "GET / HTTP/1.1" 300 295
[Mon Aug 17 10:31:58.320739 2026] [wsgi:error] [pid 10:tid 140435743905472] [remote 10.0.0.178:34960] 2026-08-17 10:31:58.320 10 WARNING keystone.common.password_hashing [None req-25268c9b-e328-4890-a042-f15a57b909cc - - - - - -] Truncating password to algorithm specific maximum length 72 characters. 10.0.0.178 - - [17/Aug/2026:10:31:58 +0000] "GET / HTTP/1.1" 300 295
[Mon Aug 17 10:31:58.487192 2026] [wsgi:error] [pid 11:tid 140435743905472] [remote 10.0.0.178:34966] 2026-08-17 10:31:58.486 11 WARNING keystone.common.password_hashing [None req-1afb14f3-25cc-4255-bc6f-05472280a3d6 - - - - - -] Truncating password to algorithm specific maximum length 72 characters.
[Mon Aug 17 10:31:58.630036 2026] [wsgi:error] [pid 10:tid 140435743905472] [remote 10.0.0.178:34960] 2026-08-17 10:31:58.629 10 WARNING keystone.common.fernet_utils [None req-25268c9b-e328-4890-a042-f15a57b909cc - - - - - -] key_repository is world readable: /etc/keystone/fernet-keys/ 10.0.0.178 - - [17/Aug/2026:10:31:58 +0000] "POST /v3/auth/tokens HTTP/1.1" 201 1992 10.0.0.178 - - [17/Aug/2026:10:31:58 +0000] "GET / HTTP/1.1" 300 295
[Mon Aug 17 10:31:58.669530 2026] [wsgi:error] [pid 9:tid 140435743905472] [remote 10.0.0.178:34968] 2026-08-17 10:31:58.669 9 WARNING keystone.common.password_hashing [None req-c5e62431-778e-4364-b06b-f7be6c1d2cf2 - - - - - -] Truncating password to algorithm specific maximum length 72 characters. 10.0.0.178 - - [17/Aug/2026:10:31:58 +0000] "GET /v3/endpoints/c072f082bfb14edab7e32e18eda735da HTTP/1.1" 200 383
[Mon Aug 17 10:31:58.773267 2026] [wsgi:error] [pid 11:tid 140435743905472] [remote 10.0.0.178:34966] 2026-08-17 10:31:58.773 11 WARNING keystone.common.fernet_utils [None req-1afb14f3-25cc-4255-bc6f-05472280a3d6 - - - - - -] key_repository is world readable: /etc/keystone/fernet-keys/ 10.0.0.178 - - [17/Aug/2026:10:31:58 +0000] "POST /v3/auth/tokens HTTP/1.1" 201 1992 10.0.0.178 - - [17/Aug/2026:10:31:58 +0000] "GET /v3/services/010c90ecfdcd495cbb468bf0a7144f31 HTTP/1.1" 200 296 10.0.0.178 - - [17/Aug/2026:10:31:58 +0000] "GET /v3/endpoints/b0067dc2abfc4184832823377f19fed8 HTTP/1.1" 200 380 10.0.0.178 - - [17/Aug/2026:10:31:58 +0000] "GET /v3/services/010c90ecfdcd495cbb468bf0a7144f31 HTTP/1.1" 200 296
[Mon Aug 17 10:31:58.969385 2026] [wsgi:error] [pid 9:tid 140435743905472] [remote 10.0.0.178:34968] 2026-08-17 10:31:58.969 9 WARNING keystone.common.fernet_utils [None req-c5e62431-778e-4364-b06b-f7be6c1d2cf2 - - - - - -] key_repository is world readable: /etc/keystone/fernet-keys/ 10.0.0.178 - - [17/Aug/2026:10:31:58 +0000] "POST /v3/auth/tokens HTTP/1.1" 201 1992 10.0.0.178 - - [17/Aug/2026:10:31:59 +0000] "GET /v3/endpoints/68d9eadbfc1e45b29e85c7d2a976d22e HTTP/1.1" 200 370 10.0.0.178 - - [17/Aug/2026:10:31:59 +0000] "GET /v3/services/010c90ecfdcd495cbb468bf0a7144f31 HTTP/1.1" 200 296 10.0.0.36 - - [17/Aug/2026:10:32:09 +0000] "GET /v3/ HTTP/1.1" 200 249 10.0.0.36 - - [17/Aug/2026:10:32:09 +0000] "GET /v3/ HTTP/1.1" 200 249 10.0.0.196 - - [17/Aug/2026:10:32:11 +0000] "GET / HTTP/1.1" 300 295
[Mon Aug 17 10:32:11.083063 2026] [wsgi:error] [pid 10:tid 140435743905472] [remote 10.0.0.196:55484] 2026-08-17 10:32:11.082 10 WARNING keystone.common.password_hashing [None req-30bb8a59-7a2f-47be-b013-e6ea24e4c2a7 - - - - - -] Truncating password to algorithm specific maximum length 72 characters.
[Mon Aug 17 10:32:11.363922 2026] [wsgi:error] [pid 10:tid 140435743905472] [remote 10.0.0.196:55484] 2026-08-17 10:32:11.363 10 WARNING keystone.common.fernet_utils [None req-30bb8a59-7a2f-47be-b013-e6ea24e4c2a7 - - - - - -] key_repository is world readable: /etc/keystone/fernet-keys/ 10.0.0.196 - - [17/Aug/2026:10:32:11 +0000] "POST /v3/auth/tokens HTTP/1.1" 201 1992 10.0.0.196 - - [17/Aug/2026:10:32:11 +0000] "POST /v3/domains HTTP/1.1" 201 284 10.0.0.196 - - [17/Aug/2026:10:32:13 +0000] "GET / HTTP/1.1" 300 295
[Mon Aug 17 10:32:13.070341 2026] [wsgi:error] [pid 12:tid 140435743905472] [remote 10.0.0.196:46392] 2026-08-17 10:32:13.070 12 WARNING keystone.common.password_hashing [None req-6bf1e64c-ad7c-4381-b474-5d394a471118 - - - - - -] Truncating password to algorithm specific maximum length 72 characters.
[Mon Aug 17 10:32:13.350938 2026] [wsgi:error] [pid 12:tid 140435743905472] [remote 10.0.0.196:46392] 2026-08-17 10:32:13.350 12 WARNING keystone.common.fernet_utils [None req-6bf1e64c-ad7c-4381-b474-5d394a471118 - - - - - -] key_repository is world readable: /etc/keystone/fernet-keys/ 10.0.0.196 - - [17/Aug/2026:10:32:13 +0000] "POST /v3/auth/tokens HTTP/1.1" 201 1992
[Mon Aug 17 10:32:13.550632 2026] [wsgi:error] [pid 10:tid 140435743905472] [remote 10.0.0.196:46392] 2026-08-17 10:32:13.535 10 ERROR keystone.server.flask.application [None req-f3451306-c8b9-428d-8213-79cb654198f9 94a87eb54c1a49a88a25bad99311c359 169a95b24116413dab85078b6804f0d4 - - default default] Conflict occurred attempting to store project - it is not permitted to have two projects acting as domains with the same name: service.: keystone.exception.Conflict: Conflict occurred attempting to store project - it is not permitted to have two projects acting as domains with the same name: service.
[Mon Aug 17 10:32:13.550659 2026] [wsgi:error] [pid 10:tid 140435743905472] [remote 10.0.0.196:46392] 2026-08-17 10:32:13.535 10 ERROR keystone.server.flask.application
Traceback (most recent call last):
[Mon Aug 17 10:32:13.550661 2026] [wsgi:error] [pid 10:tid 140435743905472] [remote 10.0.0.196:46392] 2026-08-17 10:32:13.535 10 ERROR keystone.server.flask.application
File "/var/lib/openstack/lib/python3.12/site-packages/sqlalchemy/engine/base.py", line 1969, in _exec_single_context
[Mon Aug 17 10:32:13.550663 2026] [wsgi:error] [pid 10:tid 140435743905472] [remote 10.0.0.196:46392] 2026-08-17 10:32:13.535 10 ERROR keystone.server.flask.application self.dialect.do_execute(
[Mon Aug 17 10:32:13.550665 2026] [wsgi:error] [pid 10:tid 140435743905472] [remote 10.0.0.196:46392] 2026-08-17 10:32:13.535 10 ERROR keystone.server.flask.application
File "/var/lib/openstack/lib/python3.12/site-packages/sqlalchemy/engine/default.py", line 952, in do_execute
[Mon Aug 17 10:32:13.550666 2026] [wsgi:error] [pid 10:tid 140435743905472] [remote 10.0.0.196:46392] 2026-08-17 10:32:13.535 10 ERROR keystone.server.flask.application cursor.execute(statement, parameters)
[Mon Aug 17 10:32:13.550668 2026] [wsgi:error] [pid 10:tid 140435743905472] [remote 10.0.0.196:46392] 2026-08-17 10:32:13.535 10 ERROR keystone.server.flask.application
File "/var/lib/openstack/lib/python3.12/site-packages/pymysql/cursors.py", line 159, in execute
[Mon Aug 17 10:32:13.550669 2026] [wsgi:error] [pid 10:tid 140435743905472] [remote 10.0.0.196:46392] 2026-08-17 10:32:13.535 10 ERROR keystone.server.flask.application result = self._query(query)
[Mon Aug 17 10:32:13.550671 2026] [wsgi:error] [pid 10:tid 140435743905472] [remote 10.0.0.196:46392] 2026-08-17 10:32:13.535 10 ERROR keystone.server.flask.application ^^^^^^^^^^^^^^^^^^
[Mon Aug 17 10:32:13.550673 2026] [wsgi:error] [pid 10:tid 140435743905472] [remote 10.0.0.196:46392] 2026-08-17 10:32:13.535 10 ERROR keystone.server.flask.application
File "/var/lib/openstack/lib/python3.12/site-packages/pymysql/cursors.py", line 330, in _query
[Mon Aug 17 10:32:13.550674 2026] [wsgi:error] [pid 10:tid 140435743905472] [remote 10.0.0.196:46392] 2026-08-17 10:32:13.535 10 ERROR keystone.server.flask.application conn.query(q)
[Mon Aug 17 10:32:13.550676 2026] [wsgi:error] [pid 10:tid 140435743905472] [remote 10.0.0.196:46392] 2026-08-17 10:32:13.535 10 ERROR keystone.server.flask.application
File "/var/lib/openstack/lib/python3.12/site-packages/pymysql/connections.py", line 582, in query
[Mon Aug 17 10:32:13.550678 2026] [wsgi:error] [pid 10:tid 140435743905472] [remote 10.0.0.196:46392] 2026-08-17 10:32:13.535 10 ERROR keystone.server.flask.application self._affected_rows = self._read_query_result(unbuffered=unbuffered)
[Mon Aug 17 10:32:13.550679 2026] [wsgi:error] [pid 10:tid 140435743905472] [remote 10.0.0.196:46392] 2026-08-17 10:32:13.535 10 ERROR keystone.server.flask.application ^^^^^^^^^^^^^^^^^^^^^^^^^^^^^^^^^^^^^^^^^^^^^^
[Mon Aug 17 10:32:13.550681 2026] [wsgi:error] [pid 10:tid 140435743905472] [remote 10.0.0.196:46392] 2026-08-17 10:32:13.535 10 ERROR keystone.server.flask.application
File "/var/lib/openstack/lib/python3.12/site-packages/pymysql/connections.py", line 847, in _read_query_result
[Mon Aug 17 10:32:13.550682 2026] [wsgi:error] [pid 10:tid 140435743905472] [remote 10.0.0.196:46392] 2026-08-17 10:32:13.535 10 ERROR keystone.server.flask.application result.read()
[Mon Aug 17 10:32:13.550685 2026] [wsgi:error] [pid 10:tid 140435743905472] [remote 10.0.0.196:46392] 2026-08-17 10:32:13.535 10 ERROR keystone.server.flask.application
File "/var/lib/openstack/lib/python3.12/site-packages/pymysql/connections.py", line 1245, in read
[Mon Aug 17 10:32:13.550687 2026] [wsgi:error] [pid 10:tid 140435743905472] [remote 10.0.0.196:46392] 2026-08-17 10:32:13.535 10 ERROR keystone.server.flask.application first_packet = self.connection._read_packet()
[Mon Aug 17 10:32:13.550688 2026] [wsgi:error] [pid 10:tid 140435743905472] [remote 10.0.0.196:46392] 2026-08-17 10:32:13.535 10 ERROR keystone.server.flask.application ^^^^^^^^^^^^^^^^^^^^^^^^^^^^^^
[Mon Aug 17 10:32:13.550689 2026] [wsgi:error] [pid 10:tid 140435743905472] [remote 10.0.0.196:46392] 2026-08-17 10:32:13.535 10 ERROR keystone.server.flask.application
File "/var/lib/openstack/lib/python3.12/site-packages/pymysql/connections.py", line 803, in _read_packet
[Mon Aug 17 10:32:13.550691 2026] [wsgi:error] [pid 10:tid 140435743905472] [remote 10.0.0.196:46392] 2026-08-17 10:32:13.535 10 ERROR keystone.server.flask.application packet.raise_for_error()
[Mon Aug 17 10:32:13.550692 2026] [wsgi:error] [pid 10:tid 140435743905472] [remote 10.0.0.196:46392] 2026-08-17 10:32:13.535 10 ERROR keystone.server.flask.application
File "/var/lib/openstack/lib/python3.12/site-packages/pymysql/protocol.py", line 219, in raise_for_error
[Mon Aug 17 10:32:13.550694 2026] [wsgi:error] [pid 10:tid 140435743905472] [remote 10.0.0.196:46392] 2026-08-17 10:32:13.535 10 ERROR keystone.server.flask.application err.raise_mysql_exception(self._data)
[Mon Aug 17 10:32:13.550695 2026] [wsgi:error] [pid 10:tid 140435743905472] [remote 10.0.0.196:46392] 2026-08-17 10:32:13.535 10 ERROR keystone.server.flask.application
File "/var/lib/openstack/lib/python3.12/site-packages/pymysql/err.py", line 154, in raise_mysql_exception
[Mon Aug 17 10:32:13.550696 2026] [wsgi:error] [pid 10:tid 140435743905472] [remote 10.0.0.196:46392] 2026-08-17 10:32:13.535 10 ERROR keystone.server.flask.application raise errorclass(errno, errval, sqlstate=sqlstate)
[Mon Aug 17 10:32:13.550698 2026] [wsgi:error] [pid 10:tid 140435743905472] [remote 10.0.0.196:46392] 2026-08-17 10:32:13.535 10 ERROR keystone.server.flask.application pymysql.err.IntegrityError: (1062, "Duplicate entry '<>-service' for key 'project.ixu_project_name_domain_id'")
[Mon Aug 17 10:32:13.550699 2026] [wsgi:error] [pid 10:tid 140435743905472] [remote 10.0.0.196:46392] 2026-08-17 10:32:13.535 10 ERROR keystone.server.flask.application
[Mon Aug 17 10:32:13.550701 2026] [wsgi:error] [pid 10:tid 140435743905472] [remote 10.0.0.196:46392] 2026-08-17 10:32:13.535 10 ERROR keystone.server.flask.application The above exception was the direct cause of the following exception:
[Mon Aug 17 10:32:13.550702 2026] [wsgi:error] [pid 10:tid 140435743905472] [remote 10.0.0.196:46392] 2026-08-17 10:32:13.535 10 ERROR keystone.server.flask.application
[Mon Aug 17 10:32:13.550703 2026] [wsgi:error] [pid 10:tid 140435743905472] [remote 10.0.0.196:46392] 2026-08-17 10:32:13.535 10 ERROR keystone.server.flask.application
Traceback (most recent call last):
[Mon Aug 17 10:32:13.550705 2026] [wsgi:error] [pid 10:tid 140435743905472] [remote 10.0.0.196:46392] 2026-08-17 10:32:13.535 10 ERROR keystone.server.flask.application
File "/var/lib/openstack/lib/python3.12/site-packages/keystone/common/sql/core.py", line 575, in wrapper
[Mon Aug 17 10:32:13.550706 2026] [wsgi:error] [pid 10:tid 140435743905472] [remote 10.0.0.196:46392] 2026-08-17 10:32:13.535 10 ERROR keystone.server.flask.application return method(*args, **kwargs)
[Mon Aug 17 10:32:13.550707 2026] [wsgi:error] [pid 10:tid 140435743905472] [remote 10.0.0.196:46392] 2026-08-17 10:32:13.535 10 ERROR keystone.server.flask.application ^^^^^^^^^^^^^^^^^^^^^^^
[Mon Aug 17 10:32:13.550710 2026] [wsgi:error] [pid 10:tid 140435743905472] [remote 10.0.0.196:46392] 2026-08-17 10:32:13.535 10 ERROR keystone.server.flask.application
File "/var/lib/openstack/lib/python3.12/site-packages/keystone/resource/backends/sql.py", line 278, in create_project
[Mon Aug 17 10:32:13.550711 2026] [wsgi:error] [pid 10:tid 140435743905472] [remote 10.0.0.196:46392] 2026-08-17 10:32:13.535 10 ERROR keystone.server.flask.application with sql.session_for_write() as session:
[Mon Aug 17 10:32:13.550712 2026] [wsgi:error] [pid 10:tid 140435743905472] [remote 10.0.0.196:46392] 2026-08-17 10:32:13.535 10 ERROR keystone.server.flask.application
File "/usr/lib/python3.12/contextlib.py", line 144, in __exit__
[Mon Aug 17 10:32:13.550723 2026] [wsgi:error] [pid 10:tid 140435743905472] [remote 10.0.0.196:46392] 2026-08-17 10:32:13.535 10 ERROR keystone.server.flask.application next(self.gen)
[Mon Aug 17 10:32:13.550724 2026] [wsgi:error] [pid 10:tid 140435743905472] [remote 10.0.0.196:46392] 2026-08-17 10:32:13.535 10 ERROR keystone.server.flask.application
File "/var/lib/openstack/lib/python3.12/site-packages/oslo_db/sqlalchemy/enginefacade.py", line 1175, in _transaction_scope
[Mon Aug 17 10:32:13.550726 2026] [wsgi:error] [pid 10:tid 140435743905472] [remote 10.0.0.196:46392] 2026-08-17 10:32:13.535 10 ERROR keystone.server.flask.application with current._produce_block(
[Mon Aug 17 10:32:13.550727 2026] [wsgi:error] [pid 10:tid 140435743905472] [remote 10.0.0.196:46392] 2026-08-17 10:32:13.535 10 ERROR keystone.server.flask.application
File "/usr/lib/python3.12/contextlib.py", line 144, in __exit__
[Mon Aug 17 10:32:13.550729 2026] [wsgi:error] [pid 10:tid 140435743905472] [remote 10.0.0.196:46392] 2026-08-17 10:32:13.535 10 ERROR keystone.server.flask.application next(self.gen)
[Mon Aug 17 10:32:13.550731 2026] [wsgi:error] [pid 10:tid 140435743905472] [remote 10.0.0.196:46392] 2026-08-17 10:32:13.535 10 ERROR keystone.server.flask.application
File "/var/lib/openstack/lib/python3.12/site-packages/oslo_db/sqlalchemy/enginefacade.py", line 837, in _session
[Mon Aug 17 10:32:13.550732 2026] [wsgi:error] [pid 10:tid 140435743905472] [remote 10.0.0.196:46392] 2026-08-17 10:32:13.535 10 ERROR keystone.server.flask.application with excutils.save_and_reraise_exception():
[Mon Aug 17 10:32:13.550734 2026] [wsgi:error] [pid 10:tid 140435743905472] [remote 10.0.0.196:46392] 2026-08-17 10:32:13.535 10 ERROR keystone.server.flask.application
File "/var/lib/openstack/lib/python3.12/site-packages/oslo_utils/excutils.py", line 266, in __exit__
[Mon Aug 17 10:32:13.550736 2026] [wsgi:error] [pid 10:tid 140435743905472] [remote 10.0.0.196:46392] 2026-08-17 10:32:13.535 10 ERROR keystone.server.flask.application self.force_reraise()
[Mon Aug 17 10:32:13.550737 2026] [wsgi:error] [pid 10:tid 140435743905472] [remote 10.0.0.196:46392] 2026-08-17 10:32:13.535 10 ERROR keystone.server.flask.application
File "/var/lib/openstack/lib/python3.12/site-packages/oslo_utils/excutils.py", line 232, in force_reraise
[Mon Aug 17 10:32:13.550739 2026] [wsgi:error] [pid 10:tid 140435743905472] [remote 10.0.0.196:46392] 2026-08-17 10:32:13.535 10 ERROR keystone.server.flask.application raise self.value
[Mon Aug 17 10:32:13.550740 2026] [wsgi:error] [pid 10:tid 140435743905472] [remote 10.0.0.196:46392] 2026-08-17 10:32:13.535 10 ERROR keystone.server.flask.application
File "/var/lib/openstack/lib/python3.12/site-packages/oslo_db/sqlalchemy/enginefacade.py", line 835, in _session
[Mon Aug 17 10:32:13.550742 2026] [wsgi:error] [pid 10:tid 140435743905472] [remote 10.0.0.196:46392] 2026-08-17 10:32:13.535 10 ERROR keystone.server.flask.application self._end_session_transaction(self.session)
[Mon Aug 17 10:32:13.550744 2026] [wsgi:error] [pid 10:tid 140435743905472] [remote 10.0.0.196:46392] 2026-08-17 10:32:13.535 10 ERROR keystone.server.flask.application
File "/var/lib/openstack/lib/python3.12/site-packages/oslo_db/sqlalchemy/enginefacade.py", line 748, in _end_session_transaction
[Mon Aug 17 10:32:13.550745 2026] [wsgi:error] [pid 10:tid 140435743905472] [remote 10.0.0.196:46392] 2026-08-17 10:32:13.535 10 ERROR keystone.server.flask.application session.commit()
[Mon Aug 17 10:32:13.550747 2026] [wsgi:error] [pid 10:tid 140435743905472] [remote 10.0.0.196:46392] 2026-08-17 10:32:13.535 10 ERROR keystone.server.flask.application
File "/var/lib/openstack/lib/python3.12/site-packages/sqlalchemy/orm/session.py", line 2034, in commit
[Mon Aug 17 10:32:13.550749 2026] [wsgi:error] [pid 10:tid 140435743905472] [remote 10.0.0.196:46392] 2026-08-17 10:32:13.535 10 ERROR keystone.server.flask.application trans.commit(_to_root=True)
[Mon Aug 17 10:32:13.550752 2026] [wsgi:error] [pid 10:tid 140435743905472] [remote 10.0.0.196:46392] 2026-08-17 10:32:13.535 10 ERROR keystone.server.flask.application File "", line 2, in commit
[Mon Aug 17 10:32:13.550767 2026] [wsgi:error] [pid 10:tid 140435743905472] [remote 10.0.0.196:46392] 2026-08-17 10:32:13.535 10 ERROR keystone.server.flask.application
File "/var/lib/openstack/lib/python3.12/site-packages/sqlalchemy/orm/state_changes.py", line 137, in _go
[Mon Aug 17 10:32:13.550768 2026] [wsgi:error] [pid 10:tid 140435743905472] [remote 10.0.0.196:46392] 2026-08-17 10:32:13.535 10 ERROR keystone.server.flask.application ret_value = fn(self, *arg, **kw)
[Mon Aug 17 10:32:13.550770 2026] [wsgi:error] [pid 10:tid 140435743905472] [remote 10.0.0.196:46392] 2026-08-17 10:32:13.535 10 ERROR keystone.server.flask.application ^^^^^^^^^^^^^^^^^^^^
[Mon Aug 17 10:32:13.550772 2026] [wsgi:error] [pid 10:tid 140435743905472] [remote 10.0.0.196:46392] 2026-08-17 10:32:13.535 10 ERROR keystone.server.flask.application
File "/var/lib/openstack/lib/python3.12/site-packages/sqlalchemy/orm/session.py", line 1315, in commit
[Mon Aug 17 10:32:13.550774 2026] [wsgi:error] [pid 10:tid 140435743905472] [remote 10.0.0.196:46392] 2026-08-17 10:32:13.535 10 ERROR keystone.server.flask.application self._prepare_impl()
[Mon Aug 17 10:32:13.550776 2026] [wsgi:error] [pid 10:tid 140435743905472] [remote 10.0.0.196:46392] 2026-08-17 10:32:13.535 10 ERROR keystone.server.flask.application File "", line 2, in _prepare_impl
[Mon Aug 17 10:32:13.550778 2026] [wsgi:error] [pid 10:tid 140435743905472] [remote 10.0.0.196:46392] 2026-08-17 10:32:13.535 10 ERROR keystone.server.flask.application
File "/var/lib/openstack/lib/python3.12/site-packages/sqlalchemy/orm/state_changes.py", line 137, in _go
[Mon Aug 17 10:32:13.550780 2026] [wsgi:error] [pid 10:tid 140435743905472] [remote 10.0.0.196:46392] 2026-08-17 10:32:13.535 10 ERROR keystone.server.flask.application ret_value = fn(self, *arg, **kw)
[Mon Aug 17 10:32:13.550782 2026] [wsgi:error] [pid 10:tid 140435743905472] [remote 10.0.0.196:46392] 2026-08-17 10:32:13.535 10 ERROR keystone.server.flask.application ^^^^^^^^^^^^^^^^^^^^
[Mon Aug 17 10:32:13.550784 2026] [wsgi:error] [pid 10:tid 140435743905472] [remote 10.0.0.196:46392] 2026-08-17 10:32:13.535 10 ERROR keystone.server.flask.application
File "/var/lib/openstack/lib/python3.12/site-packages/sqlalchemy/orm/session.py", line 1290, in _prepare_impl
[Mon Aug 17 10:32:13.550787 2026] [wsgi:error] [pid 10:tid 140435743905472] [remote 10.0.0.196:46392] 2026-08-17 10:32:13.535 10 ERROR keystone.server.flask.application self.session.flush()
[Mon Aug 17 10:32:13.550789 2026] [wsgi:error] [pid 10:tid 140435743905472] [remote 10.0.0.196:46392] 2026-08-17 10:32:13.535 10 ERROR keystone.server.flask.application
File "/var/lib/openstack/lib/python3.12/site-packages/sqlalchemy/orm/session.py", line 4352, in flush
[Mon Aug 17 10:32:13.550791 2026] [wsgi:error] [pid 10:tid 140435743905472] [remote 10.0.0.196:46392] 2026-08-17 10:32:13.535 10 ERROR keystone.server.flask.application self._flush(objects)
[Mon Aug 17 10:32:13.550792 2026] [wsgi:error] [pid 10:tid 140435743905472] [remote 10.0.0.196:46392] 2026-08-17 10:32:13.535 10 ERROR keystone.server.flask.application
File "/var/lib/openstack/lib/python3.12/site-packages/sqlalchemy/orm/session.py", line 4487, in _flush
[Mon Aug 17 10:32:13.550794 2026] [wsgi:error] [pid 10:tid 140435743905472] [remote 10.0.0.196:46392] 2026-08-17 10:32:13.535 10 ERROR keystone.server.flask.application with util.safe_reraise():
[Mon Aug 17 10:32:13.550796 2026] [wsgi:error] [pid 10:tid 140435743905472] [remote 10.0.0.196:46392] 2026-08-17 10:32:13.535 10 ERROR keystone.server.flask.application
File "/var/lib/openstack/lib/python3.12/site-packages/sqlalchemy/util/langhelpers.py", line 122, in __exit__
[Mon Aug 17 10:32:13.550798 2026] [wsgi:error] [pid 10:tid 140435743905472] [remote 10.0.0.196:46392] 2026-08-17 10:32:13.535 10 ERROR keystone.server.flask.application raise exc_value.with_traceback(exc_tb)
[Mon Aug 17 10:32:13.550800 2026] [wsgi:error] [pid 10:tid 140435743905472] [remote 10.0.0.196:46392] 2026-08-17 10:32:13.535 10 ERROR keystone.server.flask.application
File "/var/lib/openstack/lib/python3.12/site-packages/sqlalchemy/orm/session.py", line 4448, in _flush
[Mon Aug 17 10:32:13.550803 2026] [wsgi:error] [pid 10:tid 140435743905472] [remote 10.0.0.196:46392] 2026-08-17 10:32:13.535 10 ERROR keystone.server.flask.application flush_context.execute()
