May 14 10:26:07.272576 np0000174112 devstack@n-api.service[99853]: [pid: 99853|app: 0|req: 14/57] 199.204.45.35 () {72 vars in 1422 bytes} [Thu May 14 10:26:07 2026] POST /compute/v2.1/flavors => generated 428 bytes in 23 msecs (HTTP/1.1 200) 9 headers in 359 bytes (1 switches on core 0)
May 14 10:26:11.024730 np0000174112 devstack@n-api.service[99856]: DEBUG dbcounter [-] [99856] Writing DB stats nova_api:SELECT=12,nova_api:SAVEPOINT=6,nova_api:RELEASE=6,nova_api:INSERT=4 {{(pid=99856) stat_writer /opt/stack/data/venv/lib/python3.12/site-packages/dbcounter.py:115}}
May 14 10:26:11.097243 np0000174112 devstack@n-api.service[99854]: DEBUG dbcounter [-] [99854] Writing DB stats nova_api:SELECT=14,nova_api:SAVEPOINT=9,nova_api:RELEASE=9,nova_api:INSERT=6 {{(pid=99854) stat_writer /opt/stack/data/venv/lib/python3.12/site-packages/dbcounter.py:115}}
May 14 10:26:17.013284 np0000174112 devstack@n-api.service[99855]: DEBUG dbcounter [-] [99855] Writing DB stats nova_api:SELECT=14,nova_api:SAVEPOINT=9,nova_api:RELEASE=9,nova_api:INSERT=6 {{(pid=99855) stat_writer /opt/stack/data/venv/lib/python3.12/site-packages/dbcounter.py:115}}
May 14 10:26:17.265898 np0000174112 devstack@n-api.service[99853]: DEBUG dbcounter [-] [99853] Writing DB stats nova_api:SELECT=13,nova_api:SAVEPOINT=6,nova_api:RELEASE=6,nova_api:INSERT=5 {{(pid=99853) stat_writer /opt/stack/data/venv/lib/python3.12/site-packages/dbcounter.py:115}}
May 14 10:31:49.196763 np0000174112 devstack@n-api.service[99856]: DEBUG nova.api.openstack.wsgi [None req-1c118ee1-cd9f-402a-a97b-2356e2d1258d admin admin] Calling method '>' {{(pid=99856) _process_stack /opt/stack/nova/nova/api/openstack/wsgi.py:551}}
May 14 10:31:49.200204 np0000174112 devstack@n-api.service[99856]: WARNING oslo_db.sqlalchemy.utils [None req-1c118ee1-cd9f-402a-a97b-2356e2d1258d admin admin] Unique keys not in sort_keys. The sorting order may be unstable.
May 14 10:31:49.210334 np0000174112 devstack@n-api.service[99856]: INFO nova.api.openstack.requestlog [None req-1c118ee1-cd9f-402a-a97b-2356e2d1258d admin admin] 199.204.45.35 "GET /compute/v2.1/os-keypairs" status: 200 len: 16 microversion: 2.10 time: 0.125710
May 14 10:31:49.210691 np0000174112 devstack@n-api.service[99856]: [pid: 99856|app: 0|req: 15/58] 199.204.45.35 () {68 vars in 1393 bytes} [Thu May 14 10:31:49 2026] GET /compute/v2.1/os-keypairs => generated 16 bytes in 128 msecs (HTTP/1.1 200) 9 headers in 358 bytes (1 switches on core 0)
May 14 10:31:49.449583 np0000174112 devstack@n-api.service[99854]: DEBUG nova.api.openstack.wsgi [None req-954d4957-b451-44fa-941a-961797b4f229 admin admin] Action: 'create', calling method: >, body: {"keypair": {"public_key": "ecdsa-sha2-nistp256 AAAAE2VjZHNhLXNoYTItbmlzdHAyNTYAAAAIbmlzdHAyNTYAAABBBKtOweC84PSmZcMLw2g1v50TYtnvXyvt7kEWBHgOhTCACXjIAvuhsljJrYjES/mLWrVt8Ncw+dAC31qUvhHBzBs= stack@np0000174112\n", "name": "manila-service"}} {{(pid=99854) _process_stack /opt/stack/nova/nova/api/openstack/wsgi.py:549}}
May 14 10:31:49.471384 np0000174112 devstack@n-api.service[99854]: DEBUG nova.quota [None req-954d4957-b451-44fa-941a-961797b4f229 admin admin] Getting quotas for project 73dc990cf8694034bfef6f6cfedc55a2. Resources: {'key_pairs'} {{(pid=99854) _get_quotas /opt/stack/nova/nova/quota.py:392}}
May 14 10:31:49.475570 np0000174112 devstack@n-api.service[99854]: DEBUG nova.quota [None req-954d4957-b451-44fa-941a-961797b4f229 admin admin] Getting quotas for user e1aaf0118b844b179d86fd1d75b06ea9 and project 73dc990cf8694034bfef6f6cfedc55a2. Resources: {'key_pairs'} {{(pid=99854) _get_quotas /opt/stack/nova/nova/quota.py:382}}
May 14 10:31:49.623091 np0000174112 devstack@n-api.service[99854]: INFO nova.api.openstack.requestlog [None req-954d4957-b451-44fa-941a-961797b4f229 admin admin] 199.204.45.35 "POST /compute/v2.1/os-keypairs" status: 201 len: 366 microversion: 2.10 time: 0.180570
May 14 10:31:49.623943 np0000174112 devstack@n-api.service[99854]: [pid: 99854|app: 0|req: 16/59] 199.204.45.35 () {72 vars in 1434 bytes} [Thu May 14 10:31:49 2026] POST /compute/v2.1/os-keypairs => generated 366 bytes in 183 msecs (HTTP/1.1 201) 9 headers in 364 bytes (1 switches on core 0)
May 14 10:31:59.206745 np0000174112 devstack@n-api.service[99856]: DEBUG dbcounter [-] [99856] Writing DB stats nova_api:SELECT=1 {{(pid=99856) stat_writer /opt/stack/data/venv/lib/python3.12/site-packages/dbcounter.py:115}}
May 14 10:31:59.482424 np0000174112 devstack@n-api.service[99854]: DEBUG dbcounter [-] [99854] Writing DB stats nova_cell0:SELECT=2 {{(pid=99854) stat_writer /opt/stack/data/venv/lib/python3.12/site-packages/dbcounter.py:115}}
May 14 10:31:59.526474 np0000174112 devstack@n-api.service[99854]: DEBUG dbcounter [-] [99854] Writing DB stats nova_api:SELECT=5,nova_api:INSERT=1 {{(pid=99854) stat_writer /opt/stack/data/venv/lib/python3.12/site-packages/dbcounter.py:115}}
May 14 10:32:26.622373 np0000174112 devstack@n-api.service[99855]: DEBUG nova.api.openstack.wsgi [None req-f6a8d9e3-e0ef-45a6-b950-055a4eca90ce admin admin] Calling method '>' {{(pid=99855) _process_stack /opt/stack/nova/nova/api/openstack/wsgi.py:551}}
May 14 10:32:26.624039 np0000174112 devstack@n-api.service[99855]: DEBUG oslo_concurrency.lockutils [None req-f6a8d9e3-e0ef-45a6-b950-055a4eca90ce admin admin] Acquiring lock "00000000-0000-0000-0000-000000000000" by "nova.context.set_target_cell..get_or_set_cached_cell_and_set_connections" {{(pid=99855) inner /opt/stack/data/venv/lib/python3.12/site-packages/oslo_concurrency/lockutils.py:506}}
May 14 10:32:26.624421 np0000174112 devstack@n-api.service[99855]: DEBUG oslo_concurrency.lockutils [None req-f6a8d9e3-e0ef-45a6-b950-055a4eca90ce admin admin] Lock "00000000-0000-0000-0000-000000000000" acquired by "nova.context.set_target_cell..get_or_set_cached_cell_and_set_connections" :: waited 0.000s {{(pid=99855) inner /opt/stack/data/venv/lib/python3.12/site-packages/oslo_concurrency/lockutils.py:519}}
May 14 10:32:26.624714 np0000174112 devstack@n-api.service[99855]: DEBUG oslo_concurrency.lockutils [None req-f6a8d9e3-e0ef-45a6-b950-055a4eca90ce admin admin] Lock "00000000-0000-0000-0000-000000000000" "released" by "nova.context.set_target_cell..get_or_set_cached_cell_and_set_connections" :: held 0.000s {{(pid=99855) inner /opt/stack/data/venv/lib/python3.12/site-packages/oslo_concurrency/lockutils.py:538}}
May 14 10:32:26.625836 np0000174112 devstack@n-api.service[99855]: DEBUG oslo_concurrency.lockutils [None req-f6a8d9e3-e0ef-45a6-b950-055a4eca90ce admin admin] Acquiring lock "625e5641-af54-46b0-bf20-f264079d6c36" by "nova.context.set_target_cell..get_or_set_cached_cell_and_set_connections" {{(pid=99855) inner /opt/stack/data/venv/lib/python3.12/site-packages/oslo_concurrency/lockutils.py:506}}
May 14 10:32:26.627510 np0000174112 devstack@n-api.service[99855]: DEBUG oslo_concurrency.lockutils [None req-f6a8d9e3-e0ef-45a6-b950-055a4eca90ce admin admin] Lock "625e5641-af54-46b0-bf20-f264079d6c36" acquired by "nova.context.set_target_cell..get_or_set_cached_cell_and_set_connections" :: waited 0.002s {{(pid=99855) inner /opt/stack/data/venv/lib/python3.12/site-packages/oslo_concurrency/lockutils.py:519}}
May 14 10:32:26.633014 np0000174112 devstack@n-api.service[99855]: DEBUG oslo_concurrency.lockutils [None req-f6a8d9e3-e0ef-45a6-b950-055a4eca90ce admin admin] Lock "625e5641-af54-46b0-bf20-f264079d6c36" "released" by "nova.context.set_target_cell..get_or_set_cached_cell_and_set_connections" :: held 0.006s {{(pid=99855) inner /opt/stack/data/venv/lib/python3.12/site-packages/oslo_concurrency/lockutils.py:538}}
May 14 10:32:26.674257 np0000174112 devstack@n-api.service[99855]: INFO nova.api.openstack.requestlog [None req-f6a8d9e3-e0ef-45a6-b950-055a4eca90ce admin admin] 199.204.45.35 "GET /compute/v2.1/os-services?binary=nova-compute&host=np0000174112" status: 200 len: 255 microversion: 2.69 time: 0.058005
May 14 10:32:26.676691 np0000174112 devstack@n-api.service[99855]: [pid: 99855|app: 0|req: 15/60] 199.204.45.35 () {68 vars in 1468 bytes} [Thu May 14 10:32:26 2026] GET /compute/v2.1/os-services?binary=nova-compute&host=np0000174112 => generated 255 bytes in 63 msecs (HTTP/1.1 200) 9 headers in 359 bytes (1 switches on core 0)
May 14 10:32:36.635692 np0000174112 devstack@n-api.service[99855]: DEBUG dbcounter [-] [99855] Writing DB stats nova_cell0:SELECT=1 {{(pid=99855) stat_writer /opt/stack/data/venv/lib/python3.12/site-packages/dbcounter.py:115}}
May 14 10:32:36.643025 np0000174112 devstack@n-api.service[99855]: DEBUG dbcounter [-] [99855] Writing DB stats nova_cell1:SELECT=1 {{(pid=99855) stat_writer /opt/stack/data/venv/lib/python3.12/site-packages/dbcounter.py:115}}
May 14 10:32:36.659742 np0000174112 devstack@n-api.service[99855]: DEBUG dbcounter [-] [99855] Writing DB stats nova_api:SELECT=2 {{(pid=99855) stat_writer /opt/stack/data/venv/lib/python3.12/site-packages/dbcounter.py:115}}
May 14 10:33:03.683067 np0000174112 devstack@n-api.service[99853]: DEBUG nova.api.openstack.wsgi [None req-d413a18f-74be-49e4-afc6-8ba5d5d9b72e admin admin] Calling method '>' {{(pid=99853) _process_stack /opt/stack/nova/nova/api/openstack/wsgi.py:551}}
May 14 10:33:03.688947 np0000174112 devstack@n-api.service[99853]: INFO nova.api.openstack.requestlog [None req-d413a18f-74be-49e4-afc6-8ba5d5d9b72e admin admin] 199.204.45.35 "GET /compute/v2.1" status: 200 len: 392 microversion: 2.1 time: 0.006359
May 14 10:33:03.689358 np0000174112 devstack@n-api.service[99853]: [pid: 99853|app: 0|req: 15/61] 199.204.45.35 () {62 vars in 1056 bytes} [Thu May 14 10:33:03 2026] GET /compute/v2.1 => generated 392 bytes in 7 msecs (HTTP/1.1 200) 9 headers in 357 bytes (1 switches on core 0)
May 14 10:33:03.699893 np0000174112 devstack@n-api.service[99856]: DEBUG nova.api.openstack.wsgi [None req-1c118ee1-cd9f-402a-a97b-2356e2d1258d admin admin] Calling method '>' {{(pid=99856) _process_stack /opt/stack/nova/nova/api/openstack/wsgi.py:551}}
May 14 10:33:03.706995 np0000174112 devstack@n-api.service[99856]: INFO nova.api.openstack.requestlog [None req-1c118ee1-cd9f-402a-a97b-2356e2d1258d admin admin] 199.204.45.35 "GET /compute/v2.1/" status: 200 len: 392 microversion: 2.1 time: 0.007547
May 14 10:33:03.707491 np0000174112 devstack@n-api.service[99856]: [pid: 99856|app: 0|req: 16/62] 199.204.45.35 () {62 vars in 1059 bytes} [Thu May 14 10:33:03 2026] GET /compute/v2.1/ => generated 392 bytes in 8 msecs (HTTP/1.1 200) 9 headers in 357 bytes (1 switches on core 0)
May 14 10:33:03.722919 np0000174112 devstack@n-api.service[99854]: DEBUG nova.api.openstack.wsgi [None req-9d1bc6bb-9f3f-4a6c-acdf-6697dfbae838 demo demo] Calling method '>' {{(pid=99854) _process_stack /opt/stack/nova/nova/api/openstack/wsgi.py:551}}
May 14 10:33:03.747647 np0000174112 devstack@n-api.service[99854]: INFO nova.api.openstack.requestlog [None req-9d1bc6bb-9f3f-4a6c-acdf-6697dfbae838 demo demo] 199.204.45.35 "GET /compute/v2.1/flavors/detail?is_public=None" status: 200 len: 5240 microversion: 2.61 time: 0.027543
May 14 10:33:03.748133 np0000174112 devstack@n-api.service[99854]: [pid: 99854|app: 0|req: 17/63] 199.204.45.35 () {68 vars in 1417 bytes} [Thu May 14 10:33:03 2026] GET /compute/v2.1/flavors/detail?is_public=None => generated 5240 bytes in 29 msecs (HTTP/1.1 200) 9 headers in 360 bytes (1 switches on core 0)
May 14 10:33:03.780808 np0000174112 devstack@n-api.service[99855]: DEBUG nova.api.openstack.wsgi [None req-5f9c23a9-1a53-433d-89a0-18b1cd40b522 demo demo] Calling method '>' {{(pid=99855) _process_stack /opt/stack/nova/nova/api/openstack/wsgi.py:551}}
May 14 10:33:03.811132 np0000174112 devstack@n-api.service[99855]: INFO nova.api.openstack.requestlog [None req-5f9c23a9-1a53-433d-89a0-18b1cd40b522 demo demo] 199.204.45.35 "GET /compute/v2.1/flavors/detail?is_public=None" status: 200 len: 5240 microversion: 2.61 time: 0.034581
May 14 10:33:03.811518 np0000174112 devstack@n-api.service[99855]: [pid: 99855|app: 0|req: 16/64] 199.204.45.35 () {68 vars in 1417 bytes} [Thu May 14 10:33:03 2026] GET /compute/v2.1/flavors/detail?is_public=None => generated 5240 bytes in 36 msecs (HTTP/1.1 200) 9 headers in 360 bytes (1 switches on core 0)
May 14 10:33:03.988292 np0000174112 devstack@n-api.service[99853]: DEBUG nova.api.openstack.wsgi [None req-d413a18f-74be-49e4-afc6-8ba5d5d9b72e admin admin] Calling method '>' {{(pid=99853) _process_stack /opt/stack/nova/nova/api/openstack/wsgi.py:551}}
May 14 10:33:03.993964 np0000174112 devstack@n-api.service[99853]: INFO nova.api.openstack.requestlog [None req-d413a18f-74be-49e4-afc6-8ba5d5d9b72e admin admin] 199.204.45.35 "GET /compute/v2.1" status: 200 len: 392 microversion: 2.1 time: 0.006477
May 14 10:33:03.994187 np0000174112 devstack@n-api.service[99853]: [pid: 99853|app: 0|req: 16/65] 199.204.45.35 () {62 vars in 1056 bytes} [Thu May 14 10:33:03 2026] GET /compute/v2.1 => generated 392 bytes in 7 msecs (HTTP/1.1 200) 9 headers in 357 bytes (1 switches on core 0)
May 14 10:33:04.005940 np0000174112 devstack@n-api.service[99856]: DEBUG nova.api.openstack.wsgi [None req-1c118ee1-cd9f-402a-a97b-2356e2d1258d admin admin] Calling method '>' {{(pid=99856) _process_stack /opt/stack/nova/nova/api/openstack/wsgi.py:551}}
May 14 10:33:04.012659 np0000174112 devstack@n-api.service[99856]: INFO nova.api.openstack.requestlog [None req-1c118ee1-cd9f-402a-a97b-2356e2d1258d admin admin] 199.204.45.35 "GET /compute/v2.1/" status: 200 len: 392 microversion: 2.1 time: 0.007339
May 14 10:33:04.013001 np0000174112 devstack@n-api.service[99856]: [pid: 99856|app: 0|req: 17/66] 199.204.45.35 () {62 vars in 1059 bytes} [Thu May 14 10:33:04 2026] GET /compute/v2.1/ => generated 392 bytes in 8 msecs (HTTP/1.1 200) 9 headers in 357 bytes (1 switches on core 0)
May 14 10:33:04.032549 np0000174112 devstack@n-api.service[99854]: DEBUG nova.api.openstack.wsgi [None req-f52ac6af-3136-45c3-ada8-e9faa45704fd demo demo] Calling method '>' {{(pid=99854) _process_stack /opt/stack/nova/nova/api/openstack/wsgi.py:551}}
May 14 10:33:04.056798 np0000174112 devstack@n-api.service[99854]: INFO nova.api.openstack.requestlog [None req-f52ac6af-3136-45c3-ada8-e9faa45704fd demo demo] 199.204.45.35 "GET /compute/v2.1/flavors/detail?is_public=None" status: 200 len: 5240 microversion: 2.61 time: 0.028988
May 14 10:33:04.057226 np0000174112 devstack@n-api.service[99854]: [pid: 99854|app: 0|req: 18/67] 199.204.45.35 () {68 vars in 1417 bytes} [Thu May 14 10:33:04 2026] GET /compute/v2.1/flavors/detail?is_public=None => generated 5240 bytes in 30 msecs (HTTP/1.1 200) 9 headers in 360 bytes (1 switches on core 0)
May 14 10:33:04.090524 np0000174112 devstack@n-api.service[99855]: DEBUG nova.api.openstack.wsgi [None req-5148647f-959c-47c5-810e-cf90e7afd0fe demo demo] Calling method '>' {{(pid=99855) _process_stack /opt/stack/nova/nova/api/openstack/wsgi.py:551}}
May 14 10:33:04.114282 np0000174112 devstack@n-api.service[99855]: INFO nova.api.openstack.requestlog [None req-5148647f-959c-47c5-810e-cf90e7afd0fe demo demo] 199.204.45.35 "GET /compute/v2.1/flavors/detail?is_public=None" status: 200 len: 5240 microversion: 2.61 time: 0.027690
May 14 10:33:04.114824 np0000174112 devstack@n-api.service[99855]: [pid: 99855|app: 0|req: 17/68] 199.204.45.35 () {68 vars in 1417 bytes} [Thu May 14 10:33:04 2026] GET /compute/v2.1/flavors/detail?is_public=None => generated 5240 bytes in 29 msecs (HTTP/1.1 200) 9 headers in 360 bytes (1 switches on core 0)
May 14 10:33:08.286011 np0000174112 devstack@n-api.service[99853]: DEBUG nova.api.openstack.wsgi [None req-d413a18f-74be-49e4-afc6-8ba5d5d9b72e admin admin] Calling method '>' {{(pid=99853) _process_stack /opt/stack/nova/nova/api/openstack/wsgi.py:551}}
May 14 10:33:08.290626 np0000174112 devstack@n-api.service[99853]: INFO nova.api.openstack.requestlog [None req-d413a18f-74be-49e4-afc6-8ba5d5d9b72e admin admin] 199.204.45.35 "GET /compute/v2.1" status: 200 len: 392 microversion: 2.1 time: 0.005335
May 14 10:33:08.291214 np0000174112 devstack@n-api.service[99853]: [pid: 99853|app: 0|req: 17/69] 199.204.45.35 () {62 vars in 1056 bytes} [Thu May 14 10:33:08 2026] GET /compute/v2.1 => generated 392 bytes in 6 msecs (HTTP/1.1 200) 9 headers in 357 bytes (1 switches on core 0)
May 14 10:33:08.305092 np0000174112 devstack@n-api.service[99856]: DEBUG nova.api.openstack.wsgi [None req-1c118ee1-cd9f-402a-a97b-2356e2d1258d admin admin] Calling method '>' {{(pid=99856) _process_stack /opt/stack/nova/nova/api/openstack/wsgi.py:551}}
May 14 10:33:08.310404 np0000174112 devstack@n-api.service[99856]: INFO nova.api.openstack.requestlog [None req-1c118ee1-cd9f-402a-a97b-2356e2d1258d admin admin] 199.204.45.35 "GET /compute/v2.1/" status: 200 len: 392 microversion: 2.1 time: 0.005863
May 14 10:33:08.310661 np0000174112 devstack@n-api.service[99856]: [pid: 99856|app: 0|req: 18/70] 199.204.45.35 () {62 vars in 1059 bytes} [Thu May 14 10:33:08 2026] GET /compute/v2.1/ => generated 392 bytes in 7 msecs (HTTP/1.1 200) 9 headers in 357 bytes (1 switches on core 0)
May 14 10:33:08.325193 np0000174112 devstack@n-api.service[99854]: DEBUG nova.api.openstack.wsgi [None req-f346e3be-b1a3-4a07-bbf8-2ff02ec45475 demo demo] Calling method '>' {{(pid=99854) _process_stack /opt/stack/nova/nova/api/openstack/wsgi.py:551}}
May 14 10:33:08.346370 np0000174112 devstack@n-api.service[99854]: INFO nova.api.openstack.requestlog [None req-f346e3be-b1a3-4a07-bbf8-2ff02ec45475 demo demo] 199.204.45.35 "GET /compute/v2.1/flavors/detail?is_public=None" status: 200 len: 5240 microversion: 2.61 time: 0.024973
May 14 10:33:08.346639 np0000174112 devstack@n-api.service[99854]: [pid: 99854|app: 0|req: 19/71] 199.204.45.35 () {68 vars in 1417 bytes} [Thu May 14 10:33:08 2026] GET /compute/v2.1/flavors/detail?is_public=None => generated 5240 bytes in 26 msecs (HTTP/1.1 200) 9 headers in 360 bytes (1 switches on core 0)
May 14 10:33:08.379844 np0000174112 devstack@n-api.service[99855]: DEBUG nova.api.openstack.wsgi [None req-2fd14780-b79b-4e39-a4ec-e8cd68739be4 demo demo] Calling method '>' {{(pid=99855) _process_stack /opt/stack/nova/nova/api/openstack/wsgi.py:551}}
May 14 10:33:08.404272 np0000174112 devstack@n-api.service[99855]: INFO nova.api.openstack.requestlog [None req-2fd14780-b79b-4e39-a4ec-e8cd68739be4 demo demo] 199.204.45.35 "GET /compute/v2.1/flavors/detail?is_public=None" status: 200 len: 5240 microversion: 2.61 time: 0.028978
May 14 10:33:08.404604 np0000174112 devstack@n-api.service[99855]: [pid: 99855|app: 0|req: 18/72] 199.204.45.35 () {68 vars in 1417 bytes} [Thu May 14 10:33:08 2026] GET /compute/v2.1/flavors/detail?is_public=None => generated 5240 bytes in 30 msecs (HTTP/1.1 200) 9 headers in 360 bytes (1 switches on core 0)
May 14 10:33:08.487819 np0000174112 devstack@n-api.service[99853]: DEBUG nova.api.openstack.wsgi [None req-d413a18f-74be-49e4-afc6-8ba5d5d9b72e admin admin] Calling method '>' {{(pid=99853) _process_stack /opt/stack/nova/nova/api/openstack/wsgi.py:551}}
May 14 10:33:08.492852 np0000174112 devstack@n-api.service[99853]: INFO nova.api.openstack.requestlog [None req-d413a18f-74be-49e4-afc6-8ba5d5d9b72e admin admin] 199.204.45.35 "GET /compute/v2.1" status: 200 len: 392 microversion: 2.1 time: 0.005754
May 14 10:33:08.493114 np0000174112 devstack@n-api.service[99853]: [pid: 99853|app: 0|req: 18/73] 199.204.45.35 () {62 vars in 1056 bytes} [Thu May 14 10:33:08 2026] GET /compute/v2.1 => generated 392 bytes in 7 msecs (HTTP/1.1 200) 9 headers in 357 bytes (1 switches on core 0)
May 14 10:33:08.506462 np0000174112 devstack@n-api.service[99856]: DEBUG nova.api.openstack.wsgi [None req-1c118ee1-cd9f-402a-a97b-2356e2d1258d admin admin] Calling method '>' {{(pid=99856) _process_stack /opt/stack/nova/nova/api/openstack/wsgi.py:551}}
May 14 10:33:08.512130 np0000174112 devstack@n-api.service[99856]: INFO nova.api.openstack.requestlog [None req-1c118ee1-cd9f-402a-a97b-2356e2d1258d admin admin] 199.204.45.35 "GET /compute/v2.1/" status: 200 len: 392 microversion: 2.1 time: 0.006304
May 14 10:33:08.512460 np0000174112 devstack@n-api.service[99856]: [pid: 99856|app: 0|req: 19/74] 199.204.45.35 () {62 vars in 1059 bytes} [Thu May 14 10:33:08 2026] GET /compute/v2.1/ => generated 392 bytes in 7 msecs (HTTP/1.1 200) 9 headers in 357 bytes (1 switches on core 0)
May 14 10:33:08.528669 np0000174112 devstack@n-api.service[99854]: DEBUG nova.api.openstack.wsgi [None req-e0a4de56-35a7-452f-b304-48c84121ced6 demo demo] Calling method '>' {{(pid=99854) _process_stack /opt/stack/nova/nova/api/openstack/wsgi.py:551}}
May 14 10:33:08.549040 np0000174112 devstack@n-api.service[99854]: INFO nova.api.openstack.requestlog [None req-e0a4de56-35a7-452f-b304-48c84121ced6 demo demo] 199.204.45.35 "GET /compute/v2.1/flavors/detail?is_public=None" status: 200 len: 5240 microversion: 2.61 time: 0.023735
May 14 10:33:08.549290 np0000174112 devstack@n-api.service[99854]: [pid: 99854|app: 0|req: 20/75] 199.204.45.35 () {68 vars in 1417 bytes} [Thu May 14 10:33:08 2026] GET /compute/v2.1/flavors/detail?is_public=None => generated 5240 bytes in 24 msecs (HTTP/1.1 200) 9 headers in 360 bytes (1 switches on core 0)
May 14 10:33:08.579087 np0000174112 devstack@n-api.service[99855]: DEBUG nova.api.openstack.wsgi [None req-6bfe67d5-4d1d-4640-ab92-c52f59b426d1 demo demo] Calling method '>' {{(pid=99855) _process_stack /opt/stack/nova/nova/api/openstack/wsgi.py:551}}
May 14 10:33:08.598901 np0000174112 devstack@n-api.service[99855]: INFO nova.api.openstack.requestlog [None req-6bfe67d5-4d1d-4640-ab92-c52f59b426d1 demo demo] 199.204.45.35 "GET /compute/v2.1/flavors/detail?is_public=None" status: 200 len: 5240 microversion: 2.61 time: 0.023868
May 14 10:33:08.599190 np0000174112 devstack@n-api.service[99855]: [pid: 99855|app: 0|req: 19/76] 199.204.45.35 () {68 vars in 1417 bytes} [Thu May 14 10:33:08 2026] GET /compute/v2.1/flavors/detail?is_public=None => generated 5240 bytes in 25 msecs (HTTP/1.1 200) 9 headers in 360 bytes (1 switches on core 0)
May 14 10:33:18.535481 np0000174112 devstack@n-api.service[99854]: DEBUG dbcounter [-] [99854] Writing DB stats nova_api:SELECT=4 {{(pid=99854) stat_writer /opt/stack/data/venv/lib/python3.12/site-packages/dbcounter.py:115}}
May 14 10:33:18.585868 np0000174112 devstack@n-api.service[99855]: DEBUG dbcounter [-] [99855] Writing DB stats nova_api:SELECT=4 {{(pid=99855) stat_writer /opt/stack/data/venv/lib/python3.12/site-packages/dbcounter.py:115}}