Aug 31 07:30:14.589956 np0000191555 devstack@neutron-api.service[101918]: DEBUG ovsdbapp.backend.ovs_idl.event [-] Matched UPDATE: ChassisOVNAgentWriteEvent(events=('create', 'update'), table='Chassis_Private', conditions=None, old_conditions=None), priority=20 to row=Chassis_Private(uuid=8462a2e5-1b9f-4a12-8e65-5d790792ffc3, chassis=f5a5a24a-2389-4047-8848-98086a9552e6, external_ids={'neutron:ovn-bridge': 'br-int', 'neutron:ovn-neutron-agent-id': 'baedc915-0fd1-5618-96ac-ae0db215ae5c', 'neutron:ovn-neutron-agent-sb-cfg': '1'}, name='418fab8c-43c6-4265-9499-2649723e584a', nb_cfg=1, nb_cfg_timestamp=1788161414573) old=Chassis_Private(uuid=8462a2e5-1b9f-4a12-8e65-5d790792ffc3, external_ids={'neutron:ovn-bridge': 'br-int', 'neutron:ovn-neutron-agent-id': 'baedc915-0fd1-5618-96ac-ae0db215ae5c', 'neutron:ovn-neutron-agent-sb-cfg': '0'}) {{(pid=101918) matches /opt/stack/data/venv/lib/python3.12/site-packages/ovsdbapp/backend/ovs_idl/event.py:55}}
Aug 31 07:30:14.590253 np0000191555 devstack@neutron-api.service[101919]: DEBUG ovsdbapp.backend.ovs_idl.event [-] Matched UPDATE: ChassisOVNAgentWriteEvent(events=('create', 'update'), table='Chassis_Private', conditions=None, old_conditions=None), priority=20 to row=Chassis_Private(uuid=8462a2e5-1b9f-4a12-8e65-5d790792ffc3, chassis=f5a5a24a-2389-4047-8848-98086a9552e6, external_ids={'neutron:ovn-bridge': 'br-int', 'neutron:ovn-neutron-agent-id': 'baedc915-0fd1-5618-96ac-ae0db215ae5c', 'neutron:ovn-neutron-agent-sb-cfg': '1'}, name='418fab8c-43c6-4265-9499-2649723e584a', nb_cfg=1, nb_cfg_timestamp=1788161414573) old=Chassis_Private(uuid=8462a2e5-1b9f-4a12-8e65-5d790792ffc3, external_ids={'neutron:ovn-bridge': 'br-int', 'neutron:ovn-neutron-agent-id': 'baedc915-0fd1-5618-96ac-ae0db215ae5c', 'neutron:ovn-neutron-agent-sb-cfg': '0'}) {{(pid=101919) matches /opt/stack/data/venv/lib/python3.12/site-packages/ovsdbapp/backend/ovs_idl/event.py:55}}
Aug 31 07:30:14.592890 np0000191555 devstack@neutron-api.service[101920]: DEBUG ovsdbapp.backend.ovs_idl.event [-] Matched UPDATE: ChassisOVNAgentWriteEvent(events=('create', 'update'), table='Chassis_Private', conditions=None, old_conditions=None), priority=20 to row=Chassis_Private(uuid=8462a2e5-1b9f-4a12-8e65-5d790792ffc3, chassis=f5a5a24a-2389-4047-8848-98086a9552e6, external_ids={'neutron:ovn-bridge': 'br-int', 'neutron:ovn-neutron-agent-id': 'baedc915-0fd1-5618-96ac-ae0db215ae5c', 'neutron:ovn-neutron-agent-sb-cfg': '1'}, name='418fab8c-43c6-4265-9499-2649723e584a', nb_cfg=1, nb_cfg_timestamp=1788161414573) old=Chassis_Private(uuid=8462a2e5-1b9f-4a12-8e65-5d790792ffc3, external_ids={'neutron:ovn-bridge': 'br-int', 'neutron:ovn-neutron-agent-id': 'baedc915-0fd1-5618-96ac-ae0db215ae5c', 'neutron:ovn-neutron-agent-sb-cfg': '0'}) {{(pid=101920) matches /opt/stack/data/venv/lib/python3.12/site-packages/ovsdbapp/backend/ovs_idl/event.py:55}}
Aug 31 07:30:14.593309 np0000191555 devstack@neutron-api.service[101917]: DEBUG neutron.common.ovn.hash_ring_manager [-] Allow caching, nodes 4>=4 {{(pid=101917) _wait_startup_before_caching /opt/stack/neutron/neutron/common/ovn/hash_ring_manager.py:71}}
Aug 31 07:30:14.593503 np0000191555 devstack@neutron-api.service[101920]: DEBUG neutron.plugins.ml2.drivers.ovn.mech_driver.ovsdb.ovsdb_monitor [-] Hash Ring: Node 9a141e481a2c5ab484e8e02181f2e554 (host: np0000191555) handling event "update" for row 8462a2e5-1b9f-4a12-8e65-5d790792ffc3 (table: Chassis_Private) {{(pid=101920) notify /opt/stack/neutron/neutron/plugins/ml2/drivers/ovn/mech_driver/ovsdb/ovsdb_monitor.py:1099}}
Aug 31 07:30:14.593866 np0000191555 devstack@neutron-api.service[101917]: DEBUG neutron.plugins.ml2.drivers.ovn.mech_driver.ovsdb.ovsdb_monitor [-] Hash Ring: Node b83b623e2b90506fa2af657a0f330d54 (host: np0000191555) handling event "update" for row 8462a2e5-1b9f-4a12-8e65-5d790792ffc3 (table: Chassis_Private) {{(pid=101917) notify /opt/stack/neutron/neutron/plugins/ml2/drivers/ovn/mech_driver/ovsdb/ovsdb_monitor.py:1099}}
Aug 31 07:30:14.596033 np0000191555 devstack@neutron-api.service[101917]: DEBUG ovsdbapp.backend.ovs_idl.event [-] Matched UPDATE: ChassisOVNAgentWriteEvent(events=('create', 'update'), table='Chassis_Private', conditions=None, old_conditions=None), priority=20 to row=Chassis_Private(uuid=8462a2e5-1b9f-4a12-8e65-5d790792ffc3, chassis=f5a5a24a-2389-4047-8848-98086a9552e6, external_ids={'neutron:ovn-bridge': 'br-int', 'neutron:ovn-neutron-agent-id': 'baedc915-0fd1-5618-96ac-ae0db215ae5c', 'neutron:ovn-neutron-agent-sb-cfg': '1'}, name='418fab8c-43c6-4265-9499-2649723e584a', nb_cfg=1, nb_cfg_timestamp=1788161414573) old=Chassis_Private(uuid=8462a2e5-1b9f-4a12-8e65-5d790792ffc3, external_ids={'neutron:ovn-bridge': 'br-int', 'neutron:ovn-neutron-agent-id': 'baedc915-0fd1-5618-96ac-ae0db215ae5c', 'neutron:ovn-neutron-agent-sb-cfg': '0'}) {{(pid=101917) matches /opt/stack/data/venv/lib/python3.12/site-packages/ovsdbapp/backend/ovs_idl/event.py:55}}
Aug 31 07:30:14.596578 np0000191555 devstack@neutron-api.service[101917]: DEBUG neutron.plugins.ml2.drivers.ovn.mech_driver.ovsdb.ovsdb_monitor [-] Hash Ring: Node b83b623e2b90506fa2af657a0f330d54 (host: np0000191555) handling event "update" for row 8462a2e5-1b9f-4a12-8e65-5d790792ffc3 (table: Chassis_Private) {{(pid=101917) notify /opt/stack/neutron/neutron/plugins/ml2/drivers/ovn/mech_driver/ovsdb/ovsdb_monitor.py:1099}}
Aug 31 07:30:14.678567 np0000191555 devstack@neutron-api.service[101920]: DEBUG neutron.plugins.ml2.drivers.helpers [None req-95181a9b-a574-4b0b-92ca-bd7d4f5b4e36 admin admin] geneve segment allocate from pool success with {'geneve_vni': 15964} {{(pid=101920) allocate_partially_specified_segment /opt/stack/neutron/neutron/plugins/ml2/drivers/helpers.py:142}}
Aug 31 07:30:14.692875 np0000191555 devstack@neutron-api.service[101920]: DEBUG neutron_lib.callbacks.manager [None req-95181a9b-a574-4b0b-92ca-bd7d4f5b4e36 admin admin] Publish callbacks ['neutron.services.segments.db._add_segment_host_mapping_for_segment-7916111128476', 'neutron.plugins.ml2.plugin.Ml2Plugin._handle_segment_change-32419441'] for segment (cfccbb14-75ae-4780-849f-ce35b6400571), precommit_create {{(pid=101920) _notify_loop /opt/stack/data/venv/lib/python3.12/site-packages/neutron_lib/callbacks/manager.py:184}}
Aug 31 07:30:14.693112 np0000191555 devstack@neutron-api.service[101920]: INFO neutron.db.segments_db [None req-95181a9b-a574-4b0b-92ca-bd7d4f5b4e36 admin admin] Added segment cfccbb14-75ae-4780-849f-ce35b6400571 of type geneve for network 7aa312ce-0695-4b98-b2d8-b2a6f6e53756
Aug 31 07:30:14.743563 np0000191555 devstack@neutron-api.service[101920]: DEBUG neutron_lib.callbacks.manager [None req-95181a9b-a574-4b0b-92ca-bd7d4f5b4e36 admin admin] Publish callbacks ['neutron.services.auto_allocate.db._ensure_external_network_default_value_callback-7916109118164'] for network (7aa312ce-0695-4b98-b2d8-b2a6f6e53756), precommit_create {{(pid=101920) _notify_loop /opt/stack/data/venv/lib/python3.12/site-packages/neutron_lib/callbacks/manager.py:184}}
Aug 31 07:30:14.762583 np0000191555 devstack@neutron-api.service[101920]: DEBUG neutron.plugins.ml2.drivers.ovn.mech_driver.mech_driver [None req-95181a9b-a574-4b0b-92ca-bd7d4f5b4e36 admin admin] Validating network segment with type geneve, segmentation ID 15964, physical network None {{(pid=101920) _validate_network_segments /opt/stack/neutron/neutron/plugins/ml2/drivers/ovn/mech_driver/mech_driver.py:624}}
Aug 31 07:30:14.762829 np0000191555 devstack@neutron-api.service[101920]: DEBUG neutron.db.ovn_revision_numbers_db [None req-95181a9b-a574-4b0b-92ca-bd7d4f5b4e36 admin admin] create_initial_revision uuid=7aa312ce-0695-4b98-b2d8-b2a6f6e53756, type=networks, rev=-1 {{(pid=101920) create_initial_revision /opt/stack/neutron/neutron/db/ovn_revision_numbers_db.py:98}}
Aug 31 07:30:14.783083 np0000191555 devstack@neutron-api.service[101920]: DEBUG neutron_lib.callbacks.manager [None req-95181a9b-a574-4b0b-92ca-bd7d4f5b4e36 admin admin] Publish callbacks ['neutron.plugins.ml2.ovo_rpc._ObjectChangeHandler.handle_event-2253250'] for network (7aa312ce-0695-4b98-b2d8-b2a6f6e53756), after_create {{(pid=101920) _notify_loop /opt/stack/data/venv/lib/python3.12/site-packages/neutron_lib/callbacks/manager.py:184}}
Aug 31 07:30:14.836019 np0000191555 devstack@neutron-api.service[101920]: DEBUG neutron.api.rpc.handlers.resources_rpc [None req-95181a9b-a574-4b0b-92ca-bd7d4f5b4e36 admin admin] Pushing event updated for resources: {'Network': ['ID=7aa312ce-0695-4b98-b2d8-b2a6f6e53756,revision_number=1']} {{(pid=101920) push /opt/stack/neutron/neutron/api/rpc/handlers/resources_rpc.py:237}}
Aug 31 07:30:14.845655 np0000191555 devstack@neutron-api.service[101920]: DEBUG ovsdbapp.backend.ovs_idl.transaction [-] Running txn 23bb0748 n=1 command(idx=0): AddNetworkCommand(_result=None, network_uuid=7aa312ce-0695-4b98-b2d8-b2a6f6e53756, may_exist=True, columns={'external_ids': {'neutron:network_name': 'private', 'neutron:mtu': '1372', 'neutron:revision_number': '1', 'neutron:availability_zone_hints': '', 'neutron:provnet-network-type': 'geneve'}, 'other_config': {'mcast_snoop': 'false', 'mcast_flood_unregistered': 'false', 'vlan-passthru': 'false'}}) {{(pid=101920) do_commit /opt/stack/data/venv/lib/python3.12/site-packages/ovsdbapp/backend/ovs_idl/transaction.py:91}}
Aug 31 07:30:14.846073 np0000191555 devstack@neutron-api.service[101920]: DEBUG neutron.common.ovn.utils [-] OVS persist_uuid supported=True {{(pid=101920) ovs_persist_uuid_supported /opt/stack/neutron/neutron/common/ovn/utils.py:1565}}
Aug 31 07:30:14.849118 np0000191555 devstack@neutron-api.service[101920]: DEBUG ovsdbapp.backend.ovs_idl.transaction [-] txn 23bb0748 succeeded {{(pid=101920) do_commit /opt/stack/data/venv/lib/python3.12/site-packages/ovsdbapp/backend/ovs_idl/transaction.py:137}}
Aug 31 07:30:14.850089 np0000191555 devstack@neutron-api.service[101917]: DEBUG neutron.plugins.ml2.drivers.ovn.mech_driver.ovsdb.ovsdb_monitor [-] Hash Ring: Node b83b623e2b90506fa2af657a0f330d54 (host: np0000191555) handling event "create" for row 7aa312ce-0695-4b98-b2d8-b2a6f6e53756 (table: Logical_Switch) {{(pid=101917) notify /opt/stack/neutron/neutron/plugins/ml2/drivers/ovn/mech_driver/ovsdb/ovsdb_monitor.py:1099}}
Aug 31 07:30:14.852283 np0000191555 devstack@neutron-api.service[101918]: DEBUG neutron.plugins.ml2.drivers.ovn.mech_driver.ovsdb.ovsdb_monitor [-] Hash Ring: Node 5f1153b65a495e1f88a98fd2dc5e2b00 (host: np0000191555) handling event "create" for row 7aa312ce-0695-4b98-b2d8-b2a6f6e53756 (table: Logical_Switch) {{(pid=101918) notify /opt/stack/neutron/neutron/plugins/ml2/drivers/ovn/mech_driver/ovsdb/ovsdb_monitor.py:1099}}
Aug 31 07:30:14.860436 np0000191555 devstack@neutron-api.service[101917]: DEBUG neutron.plugins.ml2.drivers.ovn.mech_driver.ovsdb.ovsdb_monitor [-] Hash Ring: Node b83b623e2b90506fa2af657a0f330d54 (host: np0000191555) handling event "create" for row 52137a29-e88f-4bf3-966b-1687234992c9 (table: Datapath_Binding) {{(pid=101917) notify /opt/stack/neutron/neutron/plugins/ml2/drivers/ovn/mech_driver/ovsdb/ovsdb_monitor.py:1099}}
Aug 31 07:30:14.887633 np0000191555 devstack@neutron-api.service[101920]: INFO neutron.db.ovn_revision_numbers_db [None req-95181a9b-a574-4b0b-92ca-bd7d4f5b4e36 admin admin] Successfully bumped revision number for resource 7aa312ce-0695-4b98-b2d8-b2a6f6e53756 (type: networks) to 1
Aug 31 07:30:14.961987 np0000191555 devstack@neutron-api.service[101920]: DEBUG neutron_lib.callbacks.manager [None req-95181a9b-a574-4b0b-92ca-bd7d4f5b4e36 admin admin] Publish callbacks ['neutron.plugins.ml2.plugin.SecurityGroupDbMixin._ensure_default_security_group_handler-32171767'] for port (None), before_create {{(pid=101920) _notify_loop /opt/stack/data/venv/lib/python3.12/site-packages/neutron_lib/callbacks/manager.py:184}}
Aug 31 07:30:15.317707 np0000191555 devstack@neutron-api.service[101920]: DEBUG neutron_lib.callbacks.manager [None req-95181a9b-a574-4b0b-92ca-bd7d4f5b4e36 admin admin] Publish callbacks ['neutron.plugins.ml2.drivers.ovn.mech_driver.mech_driver.OVNMechanismDriver._validate_allowed_address_pairs-914204'] for allowed_address_pair (64ec9e60-f33e-4fb4-95a4-fce447845ba4), before_create {{(pid=101920) _notify_loop /opt/stack/data/venv/lib/python3.12/site-packages/neutron_lib/callbacks/manager.py:184}}
Aug 31 07:30:15.318310 np0000191555 devstack@neutron-api.service[101920]: DEBUG neutron_lib.callbacks.manager [None req-95181a9b-a574-4b0b-92ca-bd7d4f5b4e36 admin admin] Publish callbacks [] for port (64ec9e60-f33e-4fb4-95a4-fce447845ba4), precommit_create {{(pid=101920) _notify_loop /opt/stack/data/venv/lib/python3.12/site-packages/neutron_lib/callbacks/manager.py:184}}
Aug 31 07:30:15.318540 np0000191555 devstack@neutron-api.service[101920]: DEBUG neutron.plugins.ml2.drivers.ovn.mech_driver.mech_driver [None req-95181a9b-a574-4b0b-92ca-bd7d4f5b4e36 admin admin] No provisioning block for port 64ec9e60-f33e-4fb4-95a4-fce447845ba4 since it does not have a host {{(pid=101920) _is_port_provisioning_required /opt/stack/neutron/neutron/plugins/ml2/drivers/ovn/mech_driver/mech_driver.py:877}}
Aug 31 07:30:15.318697 np0000191555 devstack@neutron-api.service[101920]: DEBUG neutron.db.ovn_revision_numbers_db [None req-95181a9b-a574-4b0b-92ca-bd7d4f5b4e36 admin admin] create_initial_revision uuid=64ec9e60-f33e-4fb4-95a4-fce447845ba4, type=ports, rev=-1 {{(pid=101920) create_initial_revision /opt/stack/neutron/neutron/db/ovn_revision_numbers_db.py:98}}
Aug 31 07:30:15.391742 np0000191555 devstack@neutron-api.service[101920]: DEBUG neutron_lib.callbacks.manager [None req-95181a9b-a574-4b0b-92ca-bd7d4f5b4e36 admin admin] Publish callbacks ['neutron.plugins.ml2.ovo_rpc._ObjectChangeHandler.handle_event-2252842'] for port (64ec9e60-f33e-4fb4-95a4-fce447845ba4), after_create {{(pid=101920) _notify_loop /opt/stack/data/venv/lib/python3.12/site-packages/neutron_lib/callbacks/manager.py:184}}
Aug 31 07:30:15.454057 np0000191555 devstack@neutron-api.service[101920]: DEBUG neutron.api.rpc.handlers.resources_rpc [None req-95181a9b-a574-4b0b-92ca-bd7d4f5b4e36 admin admin] Pushing event updated for resources: {'Port': ['ID=64ec9e60-f33e-4fb4-95a4-fce447845ba4,revision_number=1']} {{(pid=101920) push /opt/stack/neutron/neutron/api/rpc/handlers/resources_rpc.py:237}}
Aug 31 07:30:15.498780 np0000191555 devstack@neutron-api.service[101920]: DEBUG neutron.plugins.ml2.drivers.ovn.mech_driver.ovsdb.commands [None req-95181a9b-a574-4b0b-92ca-bd7d4f5b4e36 admin admin] Converting tag [] to a tag_request {{(pid=101920) _tag_column_to_tag_request /opt/stack/neutron/neutron/plugins/ml2/drivers/ovn/mech_driver/ovsdb/commands.py:227}}
Aug 31 07:30:15.499310 np0000191555 devstack@neutron-api.service[101920]: DEBUG ovsdbapp.backend.ovs_idl.transaction [-] Running txn 53a78f41 n=1 command(idx=0): AddLSwitchPortCommand(_result=None, lport=64ec9e60-f33e-4fb4-95a4-fce447845ba4, lswitch=neutron-7aa312ce-0695-4b98-b2d8-b2a6f6e53756, may_exist=True, network_uuid=7aa312ce-0695-4b98-b2d8-b2a6f6e53756, columns={'addresses': ['fa:16:3e:24:ab:7a'], 'external_ids': {'neutron:port_name': '', 'neutron:device_id': 'ovnmeta-7aa312ce-0695-4b98-b2d8-b2a6f6e53756', 'neutron:project_id': 'c22a108b37ea469eb21237d978fc6d33', 'neutron:cidrs': '', 'neutron:device_owner': 'network:distributed', 'neutron:subnet_pool_addr_scope4': '', 'neutron:subnet_pool_addr_scope6': '', 'neutron:network_name': 'neutron-7aa312ce-0695-4b98-b2d8-b2a6f6e53756', 'neutron:security_group_ids': '', 'neutron:revision_number': '1', 'neutron:vnic_type': 'normal', 'neutron:port_capabilities': '', 'neutron:mtu': '1372'}, 'parent_name': [], 'enabled': True, 'options': {}, 'type': 'localport', 'port_security': [], 'dhcpv4_options': [], 'dhcpv6_options': [], 'tag_request': []}) {{(pid=101920) do_commit /opt/stack/data/venv/lib/python3.12/site-packages/ovsdbapp/backend/ovs_idl/transaction.py:91}}
Aug 31 07:30:15.499686 np0000191555 devstack@neutron-api.service[101920]: DEBUG ovsdbapp.backend.ovs_idl.transaction [-] Running txn 53a78f41 n=1 command(idx=1): QoSDelCommand(_result=None, switch=neutron-7aa312ce-0695-4b98-b2d8-b2a6f6e53756, conditions=[('direction', '=', 'to-lport'), ('priority', '=', 2002), ('match', '=', 'outport == "64ec9e60-f33e-4fb4-95a4-fce447845ba4"')], if_exists=True) {{(pid=101920) do_commit /opt/stack/data/venv/lib/python3.12/site-packages/ovsdbapp/backend/ovs_idl/transaction.py:91}}
Aug 31 07:30:15.499859 np0000191555 devstack@neutron-api.service[101920]: DEBUG ovsdbapp.backend.ovs_idl.transaction [-] Running txn 53a78f41 n=1 command(idx=2): QoSDelCommand(_result=None, switch=neutron-7aa312ce-0695-4b98-b2d8-b2a6f6e53756, conditions=[('direction', '=', 'from-lport'), ('priority', '=', 2002), ('match', '=', 'inport == "64ec9e60-f33e-4fb4-95a4-fce447845ba4"')], if_exists=True) {{(pid=101920) do_commit /opt/stack/data/venv/lib/python3.12/site-packages/ovsdbapp/backend/ovs_idl/transaction.py:91}}
Aug 31 07:30:15.503616 np0000191555 devstack@neutron-api.service[101920]: DEBUG neutron.plugins.ml2.drivers.ovn.mech_driver.ovsdb.ovsdb_monitor [-] Hash Ring: Node 9a141e481a2c5ab484e8e02181f2e554 (host: np0000191555) handling event "create" for row dffe4ea5-43b1-4a3d-86cc-dc7c576136a5 (table: Logical_Switch_Port) {{(pid=101920) notify /opt/stack/neutron/neutron/plugins/ml2/drivers/ovn/mech_driver/ovsdb/ovsdb_monitor.py:1099}}
Aug 31 07:30:15.503616 np0000191555 devstack@neutron-api.service[101920]: DEBUG ovsdbapp.backend.ovs_idl.event [-] Matched CREATE: LogicalSwitchPortCreateEvent(events=('create',), table='Logical_Switch_Port', conditions=[], old_conditions=None), priority=20 to row=Logical_Switch_Port(uuid=dffe4ea5-43b1-4a3d-86cc-dc7c576136a5, addresses=['fa:16:3e:24:ab:7a'], dhcpv4_options=[], dhcpv6_options=[], dynamic_addresses=[], enabled=True, external_ids={'neutron:cidrs': '', 'neutron:device_id': 'ovnmeta-7aa312ce-0695-4b98-b2d8-b2a6f6e53756', 'neutron:device_owner': 'network:distributed', 'neutron:mtu': '1372', 'neutron:network_name': 'neutron-7aa312ce-0695-4b98-b2d8-b2a6f6e53756', 'neutron:port_capabilities': '', 'neutron:port_name': '', 'neutron:project_id': 'c22a108b37ea469eb21237d978fc6d33', 'neutron:revision_number': '1', 'neutron:security_group_ids': '', 'neutron:subnet_pool_addr_scope4': '', 'neutron:subnet_pool_addr_scope6': '', 'neutron:vnic_type': 'normal'}, ha_chassis_group=[], mirror_rules=[], name='64ec9e60-f33e-4fb4-95a4-fce447845ba4', options={}, parent_name=[], port_security=[], tag=[], tag_request=[], type='localport', up=[]) old= {{(pid=101920) matches /opt/stack/data/venv/lib/python3.12/site-packages/ovsdbapp/backend/ovs_idl/event.py:55}}
Aug 31 07:30:15.504286 np0000191555 devstack@neutron-api.service[101920]: INFO neutron.plugins.ml2.drivers.ovn.mech_driver.mech_driver [-] OVN reports status down for port: 64ec9e60-f33e-4fb4-95a4-fce447845ba4
Aug 31 07:30:15.505416 np0000191555 devstack@neutron-api.service[101920]: DEBUG neutron.plugins.ml2.drivers.ovn.mech_driver.ovsdb.ovsdb_monitor [-] Hash Ring: Node 9a141e481a2c5ab484e8e02181f2e554 (host: np0000191555) handling event "update" for row dffe4ea5-43b1-4a3d-86cc-dc7c576136a5 (table: Logical_Switch_Port) {{(pid=101920) notify /opt/stack/neutron/neutron/plugins/ml2/drivers/ovn/mech_driver/ovsdb/ovsdb_monitor.py:1099}}
Aug 31 07:30:15.506110 np0000191555 devstack@neutron-api.service[101920]: DEBUG ovsdbapp.backend.ovs_idl.transaction [-] txn 53a78f41 succeeded {{(pid=101920) do_commit /opt/stack/data/venv/lib/python3.12/site-packages/ovsdbapp/backend/ovs_idl/transaction.py:137}}
Aug 31 07:30:15.508192 np0000191555 devstack@neutron-api.service[101917]: DEBUG neutron.plugins.ml2.drivers.ovn.mech_driver.ovsdb.ovsdb_monitor [-] Hash Ring: Node b83b623e2b90506fa2af657a0f330d54 (host: np0000191555) handling event "update" for row 7aa312ce-0695-4b98-b2d8-b2a6f6e53756 (table: Logical_Switch) {{(pid=101917) notify /opt/stack/neutron/neutron/plugins/ml2/drivers/ovn/mech_driver/ovsdb/ovsdb_monitor.py:1099}}
Aug 31 07:30:15.509052 np0000191555 devstack@neutron-api.service[101917]: DEBUG neutron.plugins.ml2.drivers.ovn.mech_driver.ovsdb.ovsdb_monitor [-] Hash Ring: Node b83b623e2b90506fa2af657a0f330d54 (host: np0000191555) handling event "create" for row dffe4ea5-43b1-4a3d-86cc-dc7c576136a5 (table: Logical_Switch_Port) {{(pid=101917) notify /opt/stack/neutron/neutron/plugins/ml2/drivers/ovn/mech_driver/ovsdb/ovsdb_monitor.py:1099}}
Aug 31 07:30:15.512141 np0000191555 devstack@neutron-api.service[101919]: DEBUG neutron.plugins.ml2.drivers.ovn.mech_driver.ovsdb.ovsdb_monitor [-] Hash Ring: Node 9bbaaf68411f547faea198045e279f0c (host: np0000191555) handling event "create" for row b661e356-4786-4f79-ab2f-2b2b40ca8029 (table: Port_Binding) {{(pid=101919) notify /opt/stack/neutron/neutron/plugins/ml2/drivers/ovn/mech_driver/ovsdb/ovsdb_monitor.py:1099}}
Aug 31 07:30:15.512934 np0000191555 devstack@neutron-api.service[101917]: DEBUG ovsdbapp.backend.ovs_idl.event [-] Matched CREATE: LogicalSwitchPortCreateEvent(events=('create',), table='Logical_Switch_Port', conditions=[], old_conditions=None), priority=20 to row=Logical_Switch_Port(uuid=dffe4ea5-43b1-4a3d-86cc-dc7c576136a5, addresses=['fa:16:3e:24:ab:7a'], dhcpv4_options=[], dhcpv6_options=[], dynamic_addresses=[], enabled=True, external_ids={'neutron:cidrs': '', 'neutron:device_id': 'ovnmeta-7aa312ce-0695-4b98-b2d8-b2a6f6e53756', 'neutron:device_owner': 'network:distributed', 'neutron:mtu': '1372', 'neutron:network_name': 'neutron-7aa312ce-0695-4b98-b2d8-b2a6f6e53756', 'neutron:port_capabilities': '', 'neutron:port_name': '', 'neutron:project_id': 'c22a108b37ea469eb21237d978fc6d33', 'neutron:revision_number': '1', 'neutron:security_group_ids': '', 'neutron:subnet_pool_addr_scope4': '', 'neutron:subnet_pool_addr_scope6': '', 'neutron:vnic_type': 'normal'}, ha_chassis_group=[], mirror_rules=[], name='64ec9e60-f33e-4fb4-95a4-fce447845ba4', options={}, parent_name=[], port_security=[], tag=[], tag_request=[], type='localport', up=[]) old= {{(pid=101917) matches /opt/stack/data/venv/lib/python3.12/site-packages/ovsdbapp/backend/ovs_idl/event.py:55}}
Aug 31 07:30:15.514181 np0000191555 devstack@neutron-api.service[101918]: DEBUG neutron.plugins.ml2.drivers.ovn.mech_driver.ovsdb.ovsdb_monitor [-] Hash Ring: Node 5f1153b65a495e1f88a98fd2dc5e2b00 (host: np0000191555) handling event "update" for row 7aa312ce-0695-4b98-b2d8-b2a6f6e53756 (table: Logical_Switch) {{(pid=101918) notify /opt/stack/neutron/neutron/plugins/ml2/drivers/ovn/mech_driver/ovsdb/ovsdb_monitor.py:1099}}
Aug 31 07:30:15.514894 np0000191555 devstack@neutron-api.service[101917]: INFO neutron.plugins.ml2.drivers.ovn.mech_driver.mech_driver [-] OVN reports status down for port: 64ec9e60-f33e-4fb4-95a4-fce447845ba4
Aug 31 07:30:15.516372 np0000191555 devstack@neutron-api.service[101917]: DEBUG neutron.plugins.ml2.drivers.ovn.mech_driver.ovsdb.ovsdb_monitor [-] Hash Ring: Node b83b623e2b90506fa2af657a0f330d54 (host: np0000191555) handling event "update" for row dffe4ea5-43b1-4a3d-86cc-dc7c576136a5 (table: Logical_Switch_Port) {{(pid=101917) notify /opt/stack/neutron/neutron/plugins/ml2/drivers/ovn/mech_driver/ovsdb/ovsdb_monitor.py:1099}}
Aug 31 07:30:15.519459 np0000191555 devstack@neutron-api.service[101917]: DEBUG neutron.plugins.ml2.drivers.ovn.mech_driver.ovsdb.ovsdb_monitor [-] Hash Ring: Node b83b623e2b90506fa2af657a0f330d54 (host: np0000191555) handling event "create" for row b661e356-4786-4f79-ab2f-2b2b40ca8029 (table: Port_Binding) {{(pid=101917) notify /opt/stack/neutron/neutron/plugins/ml2/drivers/ovn/mech_driver/ovsdb/ovsdb_monitor.py:1099}}
Aug 31 07:30:15.564254 np0000191555 devstack@neutron-api.service[101920]: INFO neutron.db.ovn_revision_numbers_db [None req-95181a9b-a574-4b0b-92ca-bd7d4f5b4e36 admin admin] Successfully bumped revision number for resource 64ec9e60-f33e-4fb4-95a4-fce447845ba4 (type: ports) to 1
Aug 31 07:30:15.572676 np0000191555 devstack@neutron-api.service[101920]: DEBUG neutron.pecan_wsgi.hooks.policy_enforcement [None req-95181a9b-a574-4b0b-92ca-bd7d4f5b4e36 admin admin] Attributes excluded by policy engine: ['standard_attr_id'] {{(pid=101920) _exclude_attributes_by_policy /opt/stack/neutron/neutron/pecan_wsgi/hooks/policy_enforcement.py:259}}
Aug 31 07:30:15.572880 np0000191555 devstack@neutron-api.service[101920]: DEBUG neutron_lib.callbacks.manager [None req-95181a9b-a574-4b0b-92ca-bd7d4f5b4e36 admin admin] Publish callbacks [] for network (None), before_response {{(pid=101920) _notify_loop /opt/stack/data/venv/lib/python3.12/site-packages/neutron_lib/callbacks/manager.py:184}}
Aug 31 07:30:15.598799 np0000191555 devstack@neutron-api.service[101917]: DEBUG neutron.db.provisioning_blocks [None req-e3b0d40c-147e-4fbd-bf4f-38af611f6f00 None None] Transition to ACTIVE for port object 64ec9e60-f33e-4fb4-95a4-fce447845ba4 will not be triggered until provisioned by entity L2. {{(pid=101917) add_provisioning_component /opt/stack/neutron/neutron/db/provisioning_blocks.py:74}}
Aug 31 07:30:15.599686 np0000191555 devstack@neutron-api.service[101920]: [pid: 101920|app: 0|req: 1/5] 162.253.55.121 () {68 vars in 1357 bytes} [Mon Aug 31 07:30:13 2026] POST /networking/v2.0/networks => generated 681 bytes in 1822 msecs (HTTP/1.1 201) 4 headers in 162 bytes (1 switches on core 0)
Aug 31 07:30:15.637147 np0000191555 devstack@neutron-api.service[101920]: DEBUG neutron.db.provisioning_blocks [None req-d22fa004-779c-42d7-be5f-ffa321f2e468 None None] Ignored duplicate provisioning block setup for port 64ec9e60-f33e-4fb4-95a4-fce447845ba4 by entity L2. {{(pid=101920) add_provisioning_component /opt/stack/neutron/neutron/db/provisioning_blocks.py:69}}
Aug 31 07:30:15.646590 np0000191555 devstack@neutron-api.service[101917]: DEBUG neutron.plugins.ml2.plugin [None req-e3b0d40c-147e-4fbd-bf4f-38af611f6f00 None None] Current status of the port 64ec9e60-f33e-4fb4-95a4-fce447845ba4 is: DOWN; New status is: DOWN {{(pid=101917) _update_individual_port_db_status /opt/stack/neutron/neutron/plugins/ml2/plugin.py:2473}}
Aug 31 07:30:15.649564 np0000191555 devstack@neutron-api.service[101917]: DEBUG ovsdbapp.backend.ovs_idl.transaction [-] Running txn 9f18d39e n=1 command(idx=0): DbRemoveCommand(_result=None, table=Logical_Switch_Port, record=64ec9e60-f33e-4fb4-95a4-fce447845ba4, column=external_ids, values=('neutron:host_id',), keyvalues={}, if_exists=True) {{(pid=101917) do_commit /opt/stack/data/venv/lib/python3.12/site-packages/ovsdbapp/backend/ovs_idl/transaction.py:91}}
Aug 31 07:30:15.652186 np0000191555 devstack@neutron-api.service[101917]: DEBUG ovsdbapp.backend.ovs_idl.transaction [-] txn 9f18d39e succeeded {{(pid=101917) do_commit /opt/stack/data/venv/lib/python3.12/site-packages/ovsdbapp/backend/ovs_idl/transaction.py:137}}
Aug 31 07:30:15.682951 np0000191555 devstack@neutron-api.service[101920]: DEBUG neutron.plugins.ml2.plugin [None req-d22fa004-779c-42d7-be5f-ffa321f2e468 None None] Current status of the port 64ec9e60-f33e-4fb4-95a4-fce447845ba4 is: DOWN; New status is: DOWN {{(pid=101920) _update_individual_port_db_status /opt/stack/neutron/neutron/plugins/ml2/plugin.py:2473}}
Aug 31 07:30:15.684826 np0000191555 devstack@neutron-api.service[101920]: DEBUG ovsdbapp.backend.ovs_idl.transaction [-] Running txn b833b9b1 n=1 command(idx=0): DbRemoveCommand(_result=None, table=Logical_Switch_Port, record=64ec9e60-f33e-4fb4-95a4-fce447845ba4, column=external_ids, values=('neutron:host_id',), keyvalues={}, if_exists=True) {{(pid=101920) do_commit /opt/stack/data/venv/lib/python3.12/site-packages/ovsdbapp/backend/ovs_idl/transaction.py:91}}
Aug 31 07:30:15.686367 np0000191555 devstack@neutron-api.service[101920]: DEBUG ovsdbapp.backend.ovs_idl.transaction [-] txn b833b9b1 succeeded {{(pid=101920) do_commit /opt/stack/data/venv/lib/python3.12/site-packages/ovsdbapp/backend/ovs_idl/transaction.py:137}}
Aug 31 07:30:16.326142 np0000191555 devstack@neutron-api.service[101917]: DEBUG neutron.policy [None req-46616742-5024-401c-8d31-58d2a3bbb69d admin admin] Loaded default policies from ['neutron'] under neutron.policies entry points {{(pid=101917) register_rules /opt/stack/neutron/neutron/policy.py:65}}
Aug 31 07:30:16.442864 np0000191555 devstack@neutron-api.service[101917]: DEBUG neutron.pecan_wsgi.hooks.policy_enforcement [None req-46616742-5024-401c-8d31-58d2a3bbb69d admin admin] Attributes excluded by policy engine: ['standard_attr_id'] {{(pid=101917) _exclude_attributes_by_policy /opt/stack/neutron/neutron/pecan_wsgi/hooks/policy_enforcement.py:259}}
Aug 31 07:30:16.444311 np0000191555 devstack@neutron-api.service[101917]: [pid: 101917|app: 0|req: 3/6] 162.253.55.121 () {64 vars in 1415 bytes} [Mon Aug 31 07:30:16 2026] GET /networking/v2.0/networks/7aa312ce-0695-4b98-b2d8-b2a6f6e53756 => generated 662 bytes in 373 msecs (HTTP/1.1 200) 4 headers in 157 bytes (1 switches on core 0)
Aug 31 07:30:16.466175 np0000191555 devstack@neutron-api.service[101918]: DEBUG neutron.api.wsgi [None req-14310927-c1f6-42f9-b6ed-1591b5ca2459 admin admin] Missing Content-Type {{(pid=101918) get_content_type /opt/stack/neutron/neutron/api/wsgi.py:80}}
Aug 31 07:30:16.480292 np0000191555 devstack@neutron-api.service[101918]: [pid: 101918|app: 0|req: 2/7] 162.253.55.121 () {64 vars in 1424 bytes} [Mon Aug 31 07:30:16 2026] GET /networking/v2.0/subnetpools/87e32108-adc7-4ba9-b7c6-9b0c4b3f2044 => generated 533 bytes in 18 msecs (HTTP/1.1 200) 4 headers in 157 bytes (1 switches on core 0)
Aug 31 07:30:16.502799 np0000191555 devstack@neutron-api.service[101919]: DEBUG neutron.api.v2.base [None req-09286e8d-cceb-47ac-b366-2d5aab8d9e14 admin admin] Request body: {'subnet': {'name': 'private-subnet', 'network_id': '7aa312ce-0695-4b98-b2d8-b2a6f6e53756', 'gateway_ip': '10.1.0.1', 'subnetpool_id': '87e32108-adc7-4ba9-b7c6-9b0c4b3f2044', 'ip_version': 4}} {{(pid=101919) prepare_request_body /opt/stack/neutron/neutron/api/v2/base.py:727}}
Aug 31 07:30:16.531858 np0000191555 devstack@neutron-api.service[101919]: DEBUG neutron.pecan_wsgi.hooks.quota_enforcement [None req-09286e8d-cceb-47ac-b366-2d5aab8d9e14 admin admin] Made reservation on behalf of c22a108b37ea469eb21237d978fc6d33 for: {'subnet': 1} {{(pid=101919) before /opt/stack/neutron/neutron/pecan_wsgi/hooks/quota_enforcement.py:66}}
Aug 31 07:30:16.535596 np0000191555 devstack@neutron-api.service[101919]: DEBUG neutron_lib.callbacks.manager [None req-09286e8d-cceb-47ac-b366-2d5aab8d9e14 admin admin] Publish callbacks [] for subnet (None), before_create {{(pid=101919) _notify_loop /opt/stack/data/venv/lib/python3.12/site-packages/neutron_lib/callbacks/manager.py:184}}
Aug 31 07:30:16.725204 np0000191555 devstack@neutron-api.service[101919]: DEBUG neutron.db.ovn_revision_numbers_db [None req-09286e8d-cceb-47ac-b366-2d5aab8d9e14 admin admin] create_initial_revision uuid=3c5d7123-e389-423e-a842-6f0d29928712, type=subnets, rev=-1 {{(pid=101919) create_initial_revision /opt/stack/neutron/neutron/db/ovn_revision_numbers_db.py:98}}
Aug 31 07:30:16.735012 np0000191555 devstack@neutron-api.service[101919]: DEBUG neutron_lib.callbacks.manager [None req-09286e8d-cceb-47ac-b366-2d5aab8d9e14 admin admin] Publish callbacks ['neutron.plugins.ml2.ovo_rpc._ObjectChangeHandler.handle_event-2249835'] for subnet (3c5d7123-e389-423e-a842-6f0d29928712), after_create {{(pid=101919) _notify_loop /opt/stack/data/venv/lib/python3.12/site-packages/neutron_lib/callbacks/manager.py:184}}
Aug 31 07:30:16.751202 np0000191555 devstack@neutron-api.service[101919]: DEBUG neutron.api.rpc.handlers.resources_rpc [None req-09286e8d-cceb-47ac-b366-2d5aab8d9e14 admin admin] Pushing event updated for resources: {'Subnet': ['ID=3c5d7123-e389-423e-a842-6f0d29928712,revision_number=0']} {{(pid=101919) push /opt/stack/neutron/neutron/api/rpc/handlers/resources_rpc.py:237}}
Aug 31 07:30:16.757990 np0000191555 devstack@neutron-api.service[101919]: DEBUG neutron.api.rpc.callbacks.version_manager [None req-09286e8d-cceb-47ac-b366-2d5aab8d9e14 admin admin] Tracked resource versions report:
Aug 31 07:30:16.757990 np0000191555 devstack@neutron-api.service[101919]: pushed versions:
Aug 31 07:30:16.757990 np0000191555 devstack@neutron-api.service[101919]: { 'AddressGroup': {'1.2'},
Aug 31 07:30:16.757990 np0000191555 devstack@neutron-api.service[101919]: 'Agent': {'1.1'},
Aug 31 07:30:16.757990 np0000191555 devstack@neutron-api.service[101919]: 'ConntrackHelper': {'1.0'},
Aug 31 07:30:16.757990 np0000191555 devstack@neutron-api.service[101919]: 'LocalIPAssociation': {'1.0'},
Aug 31 07:30:16.757990 np0000191555 devstack@neutron-api.service[101919]: 'Log': {'1.0'},
Aug 31 07:30:16.757990 np0000191555 devstack@neutron-api.service[101919]: 'NDPProxy': {'1.0'},
Aug 31 07:30:16.757990 np0000191555 devstack@neutron-api.service[101919]: 'Network': {'1.3'},
Aug 31 07:30:16.757990 np0000191555 devstack@neutron-api.service[101919]: 'Port': {'1.11'},
Aug 31 07:30:16.757990 np0000191555 devstack@neutron-api.service[101919]: 'PortForwarding': {'1.3'},
Aug 31 07:30:16.757990 np0000191555 devstack@neutron-api.service[101919]: 'QosPolicy': {'1.10'},
Aug 31 07:30:16.757990 np0000191555 devstack@neutron-api.service[101919]: 'SecurityGroup': {'1.6'},
Aug 31 07:30:16.757990 np0000191555 devstack@neutron-api.service[101919]: 'SecurityGroupRule': {'1.3'},
Aug 31 07:30:16.757990 np0000191555 devstack@neutron-api.service[101919]: 'SubPort': {'1.0'},
Aug 31 07:30:16.757990 np0000191555 devstack@neutron-api.service[101919]: 'Subnet': {'1.2'},
Aug 31 07:30:16.757990 np0000191555 devstack@neutron-api.service[101919]: 'Trunk': {'1.1'}}
Aug 31 07:30:16.757990 np0000191555 devstack@neutron-api.service[101919]: consumer versions:
Aug 31 07:30:16.757990 np0000191555 devstack@neutron-api.service[101919]: { OVN Controller Gateway agent@np0000191555: {},
Aug 31 07:30:16.757990 np0000191555 devstack@neutron-api.service[101919]: OVN Neutron agent@np0000191555: {}}
Aug 31 07:30:16.757990 np0000191555 devstack@neutron-api.service[101919]: {{(pid=101919) report /opt/stack/neutron/neutron/api/rpc/callbacks/version_manager.py:183}}
Aug 31 07:30:16.774901 np0000191555 devstack@neutron-api.service[101919]: INFO neutron.plugins.ml2.drivers.ovn.mech_driver.ovsdb.extensions.qos [None req-09286e8d-cceb-47ac-b366-2d5aab8d9e14 admin admin] Starting OVNClientQosExtension
Aug 31 07:30:16.775086 np0000191555 devstack@neutron-api.service[101919]: INFO neutron.plugins.ml2.drivers.ovn.mech_driver.ovsdb.extensions.placement [None req-09286e8d-cceb-47ac-b366-2d5aab8d9e14 admin admin] Starting OVNClientPlacementExtension
Aug 31 07:30:16.891718 np0000191555 devstack@neutron-api.service[101919]: DEBUG neutron_lib.callbacks.manager [None req-09286e8d-cceb-47ac-b366-2d5aab8d9e14 admin admin] Publish callbacks ['neutron.plugins.ml2.plugin.SecurityGroupDbMixin._ensure_default_security_group_handler-373218', 'neutron.services.ovn_l3.plugin.OVNL3RouterPlugin._port_update-7916109111420', 'neutron.db.l3_db.L3_NAT_dbonly_mixin._prevent_internal_ip_change_for_fip-7916110977918'] for port (64ec9e60-f33e-4fb4-95a4-fce447845ba4), before_update {{(pid=101919) _notify_loop /opt/stack/data/venv/lib/python3.12/site-packages/neutron_lib/callbacks/manager.py:184}}
Aug 31 07:30:17.371791 np0000191555 devstack@neutron-api.service[101919]: DEBUG neutron.db.db_base_plugin_common [None req-09286e8d-cceb-47ac-b366-2d5aab8d9e14 admin admin] Allocated IP 10.1.0.2 (7aa312ce-0695-4b98-b2d8-b2a6f6e53756/3c5d7123-e389-423e-a842-6f0d29928712/64ec9e60-f33e-4fb4-95a4-fce447845ba4) {{(pid=101919) _store_ip_allocation /opt/stack/neutron/neutron/db/db_base_plugin_common.py:131}}
Aug 31 07:30:17.509218 np0000191555 devstack@neutron-api.service[101919]: DEBUG neutron_lib.callbacks.manager [None req-09286e8d-cceb-47ac-b366-2d5aab8d9e14 admin admin] Publish callbacks [] for port (64ec9e60-f33e-4fb4-95a4-fce447845ba4), precommit_update {{(pid=101919) _notify_loop /opt/stack/data/venv/lib/python3.12/site-packages/neutron_lib/callbacks/manager.py:184}}
Aug 31 07:30:17.509627 np0000191555 devstack@neutron-api.service[101919]: DEBUG neutron.plugins.ml2.drivers.ovn.mech_driver.mech_driver [None req-09286e8d-cceb-47ac-b366-2d5aab8d9e14 admin admin] No provisioning block for port 64ec9e60-f33e-4fb4-95a4-fce447845ba4 since it does not have a host {{(pid=101919) _is_port_provisioning_required /opt/stack/neutron/neutron/plugins/ml2/drivers/ovn/mech_driver/mech_driver.py:877}}
Aug 31 07:30:17.531344 np0000191555 devstack@neutron-api.service[101919]: DEBUG neutron_lib.callbacks.manager [None req-09286e8d-cceb-47ac-b366-2d5aab8d9e14 admin admin] Publish callbacks ['neutron.plugins.ml2.ovo_rpc._ObjectChangeHandler.handle_event-2250135', 'neutron.services.ovn_l3.plugin.OVNL3RouterPlugin._port_update-7916109111420'] for port (64ec9e60-f33e-4fb4-95a4-fce447845ba4), after_update {{(pid=101919) _notify_loop /opt/stack/data/venv/lib/python3.12/site-packages/neutron_lib/callbacks/manager.py:184}}
Aug 31 07:30:17.592785 np0000191555 devstack@neutron-api.service[101919]: DEBUG neutron.api.rpc.handlers.resources_rpc [None req-09286e8d-cceb-47ac-b366-2d5aab8d9e14 admin admin] Pushing event updated for resources: {'Port': ['ID=64ec9e60-f33e-4fb4-95a4-fce447845ba4,revision_number=2']} {{(pid=101919) push /opt/stack/neutron/neutron/api/rpc/handlers/resources_rpc.py:237}}
Aug 31 07:30:17.787280 np0000191555 devstack@neutron-api.service[101919]: DEBUG neutron.plugins.ml2.drivers.ovn.mech_driver.ovsdb.commands [None req-09286e8d-cceb-47ac-b366-2d5aab8d9e14 admin admin] Converting tag [] to a tag_request {{(pid=101919) _tag_column_to_tag_request /opt/stack/neutron/neutron/plugins/ml2/drivers/ovn/mech_driver/ovsdb/commands.py:227}}
Aug 31 07:30:17.789237 np0000191555 devstack@neutron-api.service[101919]: DEBUG ovsdbapp.backend.ovs_idl.transaction [-] Running txn 64f6fd71 n=1 command(idx=0): CheckRevisionNumberCommand(_result=None, name=64ec9e60-f33e-4fb4-95a4-fce447845ba4, resource={'id': '64ec9e60-f33e-4fb4-95a4-fce447845ba4', 'name': '', 'network_id': '7aa312ce-0695-4b98-b2d8-b2a6f6e53756', 'project_id': 'c22a108b37ea469eb21237d978fc6d33', 'mac_address': 'fa:16:3e:24:ab:7a', 'admin_state_up': True, 'status': 'DOWN', 'device_id': 'ovnmeta-7aa312ce-0695-4b98-b2d8-b2a6f6e53756', 'device_owner': 'network:distributed', 'standard_attr_id': 14, 'fixed_ips': [{'subnet_id': '3c5d7123-e389-423e-a842-6f0d29928712', 'ip_address': '10.1.0.2'}], 'allowed_address_pairs': [], 'extra_dhcp_opts': [], 'security_groups': [], 'description': '', 'binding:vnic_type': 'normal', 'binding:profile': {}, 'binding:host_id': '', 'binding:vif_type': 'unbound', 'binding:vif_details': {}, 'port_security_enabled': False, 'tags': [], 'created_at': '2026-08-31T07:30:15Z', 'updated_at': '2026-08-31T07:30:17Z', 'revision_number': 2, 'tenant_id': 'c22a108b37ea469eb21237d978fc6d33', 'network': {'id': '7aa312ce-0695-4b98-b2d8-b2a6f6e53756', 'name': 'private', 'tenant_id': 'c22a108b37ea469eb21237d978fc6d33', 'project_id': 'c22a108b37ea469eb21237d978fc6d33', 'admin_state_up': True, 'mtu': 1372, 'status': 'ACTIVE', 'subnets': ['3c5d7123-e389-423e-a842-6f0d29928712'], 'standard_attr_id': 12, 'shared': False, 'availability_zone_hints': [], 'availability_zones': [], 'ipv4_address_scope': None, 'ipv6_address_scope': None, 'router:external': False, 'qinq': False, 'vlan_transparent': False, 'description': '', 'port_security_enabled': True, 'tags': [], 'created_at': '2026-08-31T07:30:14Z', 'updated_at': '2026-08-31T07:30:16Z', 'revision_number': 2, 'provider:network_type': 'geneve', 'provider:physical_network': None, 'provider:segmentation_id': 15964}}, resource_type=ports, if_exists=True) {{(pid=101919) do_commit /opt/stack/data/venv/lib/python3.12/site-packages/ovsdbapp/backend/ovs_idl/transaction.py:91}}
Aug 31 07:30:17.790176 np0000191555 devstack@neutron-api.service[101919]: DEBUG ovsdbapp.backend.ovs_idl.transaction [-] Running txn 64f6fd71 n=1 command(idx=1): AddDHCPOptionsCommand(_result=None, columns={'cidr': '10.1.0.0/26', 'options': {'server_id': '10.1.0.1', 'lease_time': '43200', 'mtu': '1372', 'router': '10.1.0.1', 'server_mac': 'fa:16:3e:18:fc:57', 'dns_server': '{127.0.0.53}', 'classless_static_route': '{169.254.169.254/32,10.1.0.2, 0.0.0.0/0,10.1.0.1}'}, 'external_ids': {'subnet_id': '3c5d7123-e389-423e-a842-6f0d29928712', 'neutron:network_id': '7aa312ce-0695-4b98-b2d8-b2a6f6e53756', 'neutron:revision_number': '0'}}, may_exist=True, subnet_id=3c5d7123-e389-423e-a842-6f0d29928712, port_id=None, new_insert=False) {{(pid=101919) do_commit /opt/stack/data/venv/lib/python3.12/site-packages/ovsdbapp/backend/ovs_idl/transaction.py:91}}
Aug 31 07:30:17.790929 np0000191555 devstack@neutron-api.service[101919]: DEBUG ovsdbapp.backend.ovs_idl.transaction [-] Running txn 64f6fd71 n=1 command(idx=2): SetLSwitchPortCommand(_result=None, lport=64ec9e60-f33e-4fb4-95a4-fce447845ba4, external_ids_update=None, columns={'external_ids': {'neutron:port_name': '', 'neutron:device_id': 'ovnmeta-7aa312ce-0695-4b98-b2d8-b2a6f6e53756', 'neutron:project_id': 'c22a108b37ea469eb21237d978fc6d33', 'neutron:cidrs': '10.1.0.2/26', 'neutron:device_owner': 'network:distributed', 'neutron:subnet_pool_addr_scope4': '', 'neutron:subnet_pool_addr_scope6': '', 'neutron:network_name': 'neutron-7aa312ce-0695-4b98-b2d8-b2a6f6e53756', 'neutron:security_group_ids': '', 'neutron:revision_number': '2', 'neutron:vnic_type': 'normal', 'neutron:port_capabilities': '', 'neutron:mtu': '1372'}, 'parent_name': [], 'options': {}, 'enabled': True, 'port_security': [], 'dhcpv4_options': [], 'dhcpv6_options': [], 'type': 'localport', 'addresses': ['fa:16:3e:24:ab:7a 10.1.0.2'], 'ha_chassis_group': [], 'tag_request': []}, if_exists=False) {{(pid=101919) do_commit /opt/stack/data/venv/lib/python3.12/site-packages/ovsdbapp/backend/ovs_idl/transaction.py:91}}
Aug 31 07:30:17.792712 np0000191555 devstack@neutron-api.service[101919]: DEBUG ovsdbapp.backend.ovs_idl.transaction [-] Running txn 64f6fd71 n=1 command(idx=3): PgDelPortCommand(_result=None, port_group=neutron_pg_drop, lsp=['64ec9e60-f33e-4fb4-95a4-fce447845ba4'], if_exists=False) {{(pid=101919) do_commit /opt/stack/data/venv/lib/python3.12/site-packages/ovsdbapp/backend/ovs_idl/transaction.py:91}}
Aug 31 07:30:17.800043 np0000191555 devstack@neutron-api.service[101917]: DEBUG neutron.plugins.ml2.drivers.ovn.mech_driver.ovsdb.ovsdb_monitor [-] Hash Ring: Node b83b623e2b90506fa2af657a0f330d54 (host: np0000191555) handling event "create" for row 3d0cdad2-f53a-4458-9062-36cd857a253b (table: DHCP_Options) {{(pid=101917) notify /opt/stack/neutron/neutron/plugins/ml2/drivers/ovn/mech_driver/ovsdb/ovsdb_monitor.py:1099}}
Aug 31 07:30:17.800726 np0000191555 devstack@neutron-api.service[101917]: DEBUG neutron.plugins.ml2.drivers.ovn.mech_driver.ovsdb.ovsdb_monitor [-] Hash Ring: Node b83b623e2b90506fa2af657a0f330d54 (host: np0000191555) handling event "update" for row dffe4ea5-43b1-4a3d-86cc-dc7c576136a5 (table: Logical_Switch_Port) {{(pid=101917) notify /opt/stack/neutron/neutron/plugins/ml2/drivers/ovn/mech_driver/ovsdb/ovsdb_monitor.py:1099}}
Aug 31 07:30:17.801571 np0000191555 devstack@neutron-api.service[101919]: DEBUG ovsdbapp.backend.ovs_idl.transaction [-] txn 64f6fd71 succeeded {{(pid=101919) do_commit /opt/stack/data/venv/lib/python3.12/site-packages/ovsdbapp/backend/ovs_idl/transaction.py:137}}
Aug 31 07:30:17.802496 np0000191555 devstack@neutron-api.service[101918]: DEBUG neutron.plugins.ml2.drivers.ovn.mech_driver.ovsdb.ovsdb_monitor [-] Hash Ring: Node 5f1153b65a495e1f88a98fd2dc5e2b00 (host: np0000191555) handling event "create" for row 3d0cdad2-f53a-4458-9062-36cd857a253b (table: DHCP_Options) {{(pid=101918) notify /opt/stack/neutron/neutron/plugins/ml2/drivers/ovn/mech_driver/ovsdb/ovsdb_monitor.py:1099}}
Aug 31 07:30:17.803013 np0000191555 devstack@neutron-api.service[101920]: DEBUG neutron.plugins.ml2.drivers.ovn.mech_driver.ovsdb.ovsdb_monitor [-] Hash Ring: Node 9a141e481a2c5ab484e8e02181f2e554 (host: np0000191555) handling event "update" for row dffe4ea5-43b1-4a3d-86cc-dc7c576136a5 (table: Logical_Switch_Port) {{(pid=101920) notify /opt/stack/neutron/neutron/plugins/ml2/drivers/ovn/mech_driver/ovsdb/ovsdb_monitor.py:1099}}
Aug 31 07:30:17.803547 np0000191555 devstack@neutron-api.service[101919]: DEBUG neutron.plugins.ml2.drivers.ovn.mech_driver.ovsdb.ovsdb_monitor [-] Hash Ring: Node 9bbaaf68411f547faea198045e279f0c (host: np0000191555) handling event "update" for row b661e356-4786-4f79-ab2f-2b2b40ca8029 (table: Port_Binding) {{(pid=101919) notify /opt/stack/neutron/neutron/plugins/ml2/drivers/ovn/mech_driver/ovsdb/ovsdb_monitor.py:1099}}
Aug 31 07:30:17.805243 np0000191555 devstack@neutron-api.service[101917]: DEBUG neutron.plugins.ml2.drivers.ovn.mech_driver.ovsdb.ovsdb_monitor [-] Hash Ring: Node b83b623e2b90506fa2af657a0f330d54 (host: np0000191555) handling event "update" for row b661e356-4786-4f79-ab2f-2b2b40ca8029 (table: Port_Binding) {{(pid=101917) notify /opt/stack/neutron/neutron/plugins/ml2/drivers/ovn/mech_driver/ovsdb/ovsdb_monitor.py:1099}}
Aug 31 07:30:17.857885 np0000191555 devstack@neutron-api.service[101919]: INFO neutron.db.ovn_revision_numbers_db [None req-09286e8d-cceb-47ac-b366-2d5aab8d9e14 admin admin] Successfully bumped revision number for resource 64ec9e60-f33e-4fb4-95a4-fce447845ba4 (type: ports) to 2
Aug 31 07:30:17.873103 np0000191555 devstack@neutron-api.service[101919]: DEBUG neutron.plugins.ml2.plugin [None req-09286e8d-cceb-47ac-b366-2d5aab8d9e14 admin admin] In _notify_port_updated(), no bound segment for port 64ec9e60-f33e-4fb4-95a4-fce447845ba4 on network 7aa312ce-0695-4b98-b2d8-b2a6f6e53756 {{(pid=101919) _notify_port_updated /opt/stack/neutron/neutron/plugins/ml2/plugin.py:1041}}
Aug 31 07:30:17.924317 np0000191555 devstack@neutron-api.service[101919]: INFO neutron.db.ovn_revision_numbers_db [None req-09286e8d-cceb-47ac-b366-2d5aab8d9e14 admin admin] Successfully bumped revision number for resource 3c5d7123-e389-423e-a842-6f0d29928712 (type: subnets) to 0
Aug 31 07:30:17.926098 np0000191555 devstack@neutron-api.service[101919]: DEBUG neutron.pecan_wsgi.hooks.policy_enforcement [None req-09286e8d-cceb-47ac-b366-2d5aab8d9e14 admin admin] Attributes excluded by policy engine: ['standard_attr_id', 'shared', 'network'] {{(pid=101919) _exclude_attributes_by_policy /opt/stack/neutron/neutron/pecan_wsgi/hooks/policy_enforcement.py:259}}
Aug 31 07:30:17.926480 np0000191555 devstack@neutron-api.service[101919]: DEBUG neutron_lib.callbacks.manager [None req-09286e8d-cceb-47ac-b366-2d5aab8d9e14 admin admin] Publish callbacks [] for subnet (None), before_response {{(pid=101919) _notify_loop /opt/stack/data/venv/lib/python3.12/site-packages/neutron_lib/callbacks/manager.py:184}}
Aug 31 07:30:17.942164 np0000191555 devstack@neutron-api.service[101919]: [pid: 101919|app: 0|req: 2/8] 162.253.55.121 () {68 vars in 1355 bytes} [Mon Aug 31 07:30:16 2026] POST /networking/v2.0/subnets => generated 666 bytes in 1445 msecs (HTTP/1.1 201) 4 headers in 162 bytes (1 switches on core 0)
Aug 31 07:30:18.359256 np0000191555 devstack@neutron-api.service[101917]: DEBUG futurist.periodics [-] Submitting periodic callback 'neutron.plugins.ml2.drivers.ovn.mech_driver.ovsdb.maintenance.HashRingHealthCheckPeriodics.touch_hash_ring_node' {{(pid=101917) _process_scheduled /opt/stack/data/venv/lib/python3.12/site-packages/futurist/periodics.py:784}}
Aug 31 07:30:18.362368 np0000191555 devstack@neutron-api.service[101917]: DEBUG neutron.plugins.ml2.drivers.ovn.mech_driver.ovsdb.maintenance [-] Touching Hash Ring node "b83b623e2b90506fa2af657a0f330d54" from periodic health check thread {{(pid=101917) touch_hash_ring_node /opt/stack/neutron/neutron/plugins/ml2/drivers/ovn/mech_driver/ovsdb/maintenance.py:1532}}
Aug 31 07:30:18.590374 np0000191555 devstack@neutron-api.service[101920]: DEBUG neutron.pecan_wsgi.hooks.policy_enforcement [None req-c267b4ed-b251-4dfa-86a7-aec52b54280d admin admin] Attributes excluded by policy engine: ['standard_attr_id'] {{(pid=101920) _exclude_attributes_by_policy /opt/stack/neutron/neutron/pecan_wsgi/hooks/policy_enforcement.py:259}}
Aug 31 07:30:18.592502 np0000191555 devstack@neutron-api.service[101920]: [pid: 101920|app: 0|req: 2/9] 162.253.55.121 () {64 vars in 1415 bytes} [Mon Aug 31 07:30:18 2026] GET /networking/v2.0/networks/7aa312ce-0695-4b98-b2d8-b2a6f6e53756 => generated 700 bytes in 89 msecs (HTTP/1.1 200) 4 headers in 157 bytes (1 switches on core 0)
Aug 31 07:30:18.613190 np0000191555 devstack@neutron-api.service[101917]: DEBUG neutron.api.wsgi [None req-39c970ec-28ff-4601-b927-661dccb7bd81 admin admin] Missing Content-Type {{(pid=101917) get_content_type /opt/stack/neutron/neutron/api/wsgi.py:80}}
Aug 31 07:30:18.639077 np0000191555 devstack@neutron-api.service[101917]: [pid: 101917|app: 0|req: 4/10] 162.253.55.121 () {64 vars in 1424 bytes} [Mon Aug 31 07:30:18 2026] GET /networking/v2.0/subnetpools/c609d1ed-be96-4e36-8366-770cb47b4115 => generated 543 bytes in 31 msecs (HTTP/1.1 200) 4 headers in 157 bytes (1 switches on core 0)
Aug 31 07:30:18.670937 np0000191555 devstack@neutron-api.service[101918]: DEBUG neutron.api.v2.base [None req-c186a3cb-88b4-4f91-8b01-fe6999806bde admin admin] Request body: {'subnet': {'ipv6_ra_mode': 'slaac', 'name': 'ipv6-private-subnet', 'network_id': '7aa312ce-0695-4b98-b2d8-b2a6f6e53756', 'ipv6_address_mode': 'slaac', 'subnetpool_id': 'c609d1ed-be96-4e36-8366-770cb47b4115', 'ip_version': 6}} {{(pid=101918) prepare_request_body /opt/stack/neutron/neutron/api/v2/base.py:727}}
Aug 31 07:30:18.700719 np0000191555 devstack@neutron-api.service[101918]: DEBUG neutron.pecan_wsgi.hooks.quota_enforcement [None req-c186a3cb-88b4-4f91-8b01-fe6999806bde admin admin] Made reservation on behalf of c22a108b37ea469eb21237d978fc6d33 for: {'subnet': 1} {{(pid=101918) before /opt/stack/neutron/neutron/pecan_wsgi/hooks/quota_enforcement.py:66}}
