Jun 30 22:32:51.196454 np0000183646 nova-conductor[109360]: DEBUG cotyledon.oslo_config_glue [-] vnc.server_listen = 127.0.0.1 {{(pid=109360) log_opt_values /opt/stack/data/venv/lib/python3.12/site-packages/oslo_config/cfg.py:3253}}
Jun 30 22:32:51.196454 np0000183646 nova-conductor[109360]: DEBUG cotyledon.oslo_config_glue [-] vnc.server_proxyclient_address = 127.0.0.1 {{(pid=109360) log_opt_values /opt/stack/data/venv/lib/python3.12/site-packages/oslo_config/cfg.py:3253}}
Jun 30 22:32:51.196454 np0000183646 nova-conductor[109360]: DEBUG cotyledon.oslo_config_glue [-] vnc.vencrypt_ca_certs = None {{(pid=109360) log_opt_values /opt/stack/data/venv/lib/python3.12/site-packages/oslo_config/cfg.py:3253}}
Jun 30 22:32:51.196454 np0000183646 nova-conductor[109360]: DEBUG cotyledon.oslo_config_glue [-] vnc.vencrypt_client_cert = None {{(pid=109360) log_opt_values /opt/stack/data/venv/lib/python3.12/site-packages/oslo_config/cfg.py:3253}}
Jun 30 22:32:51.196454 np0000183646 nova-conductor[109360]: DEBUG cotyledon.oslo_config_glue [-] vnc.vencrypt_client_key = None {{(pid=109360) log_opt_values /opt/stack/data/venv/lib/python3.12/site-packages/oslo_config/cfg.py:3253}}
Jun 30 22:32:51.196677 np0000183646 nova-conductor[109360]: DEBUG cotyledon.oslo_config_glue [-] workarounds.disable_compute_service_check_for_ffu = False {{(pid=109360) log_opt_values /opt/stack/data/venv/lib/python3.12/site-packages/oslo_config/cfg.py:3253}}
Jun 30 22:32:51.196677 np0000183646 nova-conductor[109360]: DEBUG cotyledon.oslo_config_glue [-] workarounds.disable_deep_image_inspection = False {{(pid=109360) log_opt_values /opt/stack/data/venv/lib/python3.12/site-packages/oslo_config/cfg.py:3253}}
Jun 30 22:32:51.196677 np0000183646 nova-conductor[109360]: DEBUG cotyledon.oslo_config_glue [-] workarounds.disable_fallback_pcpu_query = False {{(pid=109360) log_opt_values /opt/stack/data/venv/lib/python3.12/site-packages/oslo_config/cfg.py:3253}}
Jun 30 22:32:51.196677 np0000183646 nova-conductor[109360]: DEBUG cotyledon.oslo_config_glue [-] workarounds.disable_group_policy_check_upcall = False {{(pid=109360) log_opt_values /opt/stack/data/venv/lib/python3.12/site-packages/oslo_config/cfg.py:3253}}
Jun 30 22:32:51.196677 np0000183646 nova-conductor[109360]: DEBUG cotyledon.oslo_config_glue [-] workarounds.disable_libvirt_livesnapshot = False {{(pid=109360) log_opt_values /opt/stack/data/venv/lib/python3.12/site-packages/oslo_config/cfg.py:3253}}
Jun 30 22:32:51.196677 np0000183646 nova-conductor[109360]: DEBUG cotyledon.oslo_config_glue [-] workarounds.disable_rootwrap = False {{(pid=109360) log_opt_values /opt/stack/data/venv/lib/python3.12/site-packages/oslo_config/cfg.py:3253}}
Jun 30 22:32:51.196677 np0000183646 nova-conductor[109360]: DEBUG cotyledon.oslo_config_glue [-] workarounds.enable_numa_live_migration = False {{(pid=109360) log_opt_values /opt/stack/data/venv/lib/python3.12/site-packages/oslo_config/cfg.py:3253}}
Jun 30 22:32:51.196677 np0000183646 nova-conductor[109360]: DEBUG cotyledon.oslo_config_glue [-] workarounds.enable_qemu_monitor_announce_self = False {{(pid=109360) log_opt_values /opt/stack/data/venv/lib/python3.12/site-packages/oslo_config/cfg.py:3253}}
Jun 30 22:32:51.196677 np0000183646 nova-conductor[109360]: DEBUG cotyledon.oslo_config_glue [-] workarounds.ensure_libvirt_rbd_instance_dir_cleanup = False {{(pid=109360) log_opt_values /opt/stack/data/venv/lib/python3.12/site-packages/oslo_config/cfg.py:3253}}
Jun 30 22:32:51.196920 np0000183646 nova-conductor[109360]: DEBUG cotyledon.oslo_config_glue [-] workarounds.handle_virt_lifecycle_events = True {{(pid=109360) log_opt_values /opt/stack/data/venv/lib/python3.12/site-packages/oslo_config/cfg.py:3253}}
Jun 30 22:32:51.196920 np0000183646 nova-conductor[109360]: DEBUG cotyledon.oslo_config_glue [-] workarounds.libvirt_disable_apic = False {{(pid=109360) log_opt_values /opt/stack/data/venv/lib/python3.12/site-packages/oslo_config/cfg.py:3253}}
Jun 30 22:32:51.196920 np0000183646 nova-conductor[109360]: DEBUG cotyledon.oslo_config_glue [-] workarounds.never_download_image_if_on_rbd = False {{(pid=109360) log_opt_values /opt/stack/data/venv/lib/python3.12/site-packages/oslo_config/cfg.py:3253}}
Jun 30 22:32:51.196920 np0000183646 nova-conductor[109360]: DEBUG cotyledon.oslo_config_glue [-] workarounds.qemu_monitor_announce_self_count = 3 {{(pid=109360) log_opt_values /opt/stack/data/venv/lib/python3.12/site-packages/oslo_config/cfg.py:3253}}
Jun 30 22:32:51.196920 np0000183646 nova-conductor[109360]: DEBUG cotyledon.oslo_config_glue [-] workarounds.qemu_monitor_announce_self_interval = 1 {{(pid=109360) log_opt_values /opt/stack/data/venv/lib/python3.12/site-packages/oslo_config/cfg.py:3253}}
Jun 30 22:32:51.196920 np0000183646 nova-conductor[109360]: DEBUG cotyledon.oslo_config_glue [-] workarounds.reserve_disk_resource_for_image_cache = False {{(pid=109360) log_opt_values /opt/stack/data/venv/lib/python3.12/site-packages/oslo_config/cfg.py:3253}}
Jun 30 22:32:51.196920 np0000183646 nova-conductor[109360]: DEBUG cotyledon.oslo_config_glue [-] workarounds.skip_cpu_compare_at_startup = False {{(pid=109360) log_opt_values /opt/stack/data/venv/lib/python3.12/site-packages/oslo_config/cfg.py:3253}}
Jun 30 22:32:51.196920 np0000183646 nova-conductor[109360]: DEBUG cotyledon.oslo_config_glue [-] workarounds.skip_cpu_compare_on_dest = False {{(pid=109360) log_opt_values /opt/stack/data/venv/lib/python3.12/site-packages/oslo_config/cfg.py:3253}}
Jun 30 22:32:51.196920 np0000183646 nova-conductor[109360]: DEBUG cotyledon.oslo_config_glue [-] workarounds.skip_hypervisor_version_check_on_lm = False {{(pid=109360) log_opt_values /opt/stack/data/venv/lib/python3.12/site-packages/oslo_config/cfg.py:3253}}
Jun 30 22:32:51.197148 np0000183646 nova-conductor[109360]: DEBUG cotyledon.oslo_config_glue [-] workarounds.skip_reserve_in_use_ironic_nodes = False {{(pid=109360) log_opt_values /opt/stack/data/venv/lib/python3.12/site-packages/oslo_config/cfg.py:3253}}
Jun 30 22:32:51.197148 np0000183646 nova-conductor[109360]: DEBUG cotyledon.oslo_config_glue [-] workarounds.unified_limits_count_pcpu_as_vcpu = False {{(pid=109360) log_opt_values /opt/stack/data/venv/lib/python3.12/site-packages/oslo_config/cfg.py:3253}}
Jun 30 22:32:51.197148 np0000183646 nova-conductor[109360]: DEBUG cotyledon.oslo_config_glue [-] workarounds.wait_for_vif_plugged_event_during_hard_reboot = [] {{(pid=109360) log_opt_values /opt/stack/data/venv/lib/python3.12/site-packages/oslo_config/cfg.py:3253}}
Jun 30 22:32:51.197148 np0000183646 nova-conductor[109360]: DEBUG cotyledon.oslo_config_glue [-] wsgi.api_paste_config = /etc/nova/api-paste.ini {{(pid=109360) log_opt_values /opt/stack/data/venv/lib/python3.12/site-packages/oslo_config/cfg.py:3253}}
Jun 30 22:32:51.197148 np0000183646 nova-conductor[109360]: DEBUG cotyledon.oslo_config_glue [-] wsgi.secure_proxy_ssl_header = None {{(pid=109360) log_opt_values /opt/stack/data/venv/lib/python3.12/site-packages/oslo_config/cfg.py:3253}}
Jun 30 22:32:51.197148 np0000183646 nova-conductor[109360]: DEBUG cotyledon.oslo_config_glue [-] zvm.ca_file = None {{(pid=109360) log_opt_values /opt/stack/data/venv/lib/python3.12/site-packages/oslo_config/cfg.py:3253}}
Jun 30 22:32:51.197148 np0000183646 nova-conductor[109360]: DEBUG cotyledon.oslo_config_glue [-] zvm.cloud_connector_url = None {{(pid=109360) log_opt_values /opt/stack/data/venv/lib/python3.12/site-packages/oslo_config/cfg.py:3253}}
Jun 30 22:32:51.197148 np0000183646 nova-conductor[109360]: DEBUG cotyledon.oslo_config_glue [-] zvm.image_tmp_path = /opt/stack/data/nova/images {{(pid=109360) log_opt_values /opt/stack/data/venv/lib/python3.12/site-packages/oslo_config/cfg.py:3253}}
Jun 30 22:32:51.197148 np0000183646 nova-conductor[109360]: DEBUG cotyledon.oslo_config_glue [-] zvm.reachable_timeout = 300 {{(pid=109360) log_opt_values /opt/stack/data/venv/lib/python3.12/site-packages/oslo_config/cfg.py:3253}}
Jun 30 22:32:51.197368 np0000183646 nova-conductor[109360]: DEBUG cotyledon.oslo_config_glue [-] oslo_versionedobjects.fatal_exception_format_errors = False {{(pid=109360) log_opt_values /opt/stack/data/venv/lib/python3.12/site-packages/oslo_config/cfg.py:3253}}
Jun 30 22:32:51.197368 np0000183646 nova-conductor[109360]: DEBUG cotyledon.oslo_config_glue [-] oslo_middleware.http_basic_auth_user_file = /etc/htpasswd {{(pid=109360) log_opt_values /opt/stack/data/venv/lib/python3.12/site-packages/oslo_config/cfg.py:3253}}
Jun 30 22:32:51.197368 np0000183646 nova-conductor[109360]: DEBUG cotyledon.oslo_config_glue [-] profiler.connection_string = messaging:// {{(pid=109360) log_opt_values /opt/stack/data/venv/lib/python3.12/site-packages/oslo_config/cfg.py:3253}}
Jun 30 22:32:51.197368 np0000183646 nova-conductor[109360]: DEBUG cotyledon.oslo_config_glue [-] profiler.enabled = False {{(pid=109360) log_opt_values /opt/stack/data/venv/lib/python3.12/site-packages/oslo_config/cfg.py:3253}}
Jun 30 22:32:51.197368 np0000183646 nova-conductor[109360]: DEBUG cotyledon.oslo_config_glue [-] profiler.es_doc_type = notification {{(pid=109360) log_opt_values /opt/stack/data/venv/lib/python3.12/site-packages/oslo_config/cfg.py:3253}}
Jun 30 22:32:51.197368 np0000183646 nova-conductor[109360]: DEBUG cotyledon.oslo_config_glue [-] profiler.es_scroll_size = 10000 {{(pid=109360) log_opt_values /opt/stack/data/venv/lib/python3.12/site-packages/oslo_config/cfg.py:3253}}
Jun 30 22:32:51.197368 np0000183646 nova-conductor[109360]: DEBUG cotyledon.oslo_config_glue [-] profiler.es_scroll_time = 2m {{(pid=109360) log_opt_values /opt/stack/data/venv/lib/python3.12/site-packages/oslo_config/cfg.py:3253}}
Jun 30 22:32:51.197368 np0000183646 nova-conductor[109360]: DEBUG cotyledon.oslo_config_glue [-] profiler.filter_error_trace = False {{(pid=109360) log_opt_values /opt/stack/data/venv/lib/python3.12/site-packages/oslo_config/cfg.py:3253}}
Jun 30 22:32:51.197368 np0000183646 nova-conductor[109360]: DEBUG cotyledon.oslo_config_glue [-] profiler.hmac_keys = **** {{(pid=109360) log_opt_values /opt/stack/data/venv/lib/python3.12/site-packages/oslo_config/cfg.py:3253}}
Jun 30 22:32:51.197612 np0000183646 nova-conductor[109360]: DEBUG cotyledon.oslo_config_glue [-] profiler.sentinel_service_name = mymaster {{(pid=109360) log_opt_values /opt/stack/data/venv/lib/python3.12/site-packages/oslo_config/cfg.py:3253}}
Jun 30 22:32:51.197612 np0000183646 nova-conductor[109360]: DEBUG cotyledon.oslo_config_glue [-] profiler.socket_timeout = 0.1 {{(pid=109360) log_opt_values /opt/stack/data/venv/lib/python3.12/site-packages/oslo_config/cfg.py:3253}}
Jun 30 22:32:51.197612 np0000183646 nova-conductor[109360]: DEBUG cotyledon.oslo_config_glue [-] profiler.trace_requests = False {{(pid=109360) log_opt_values /opt/stack/data/venv/lib/python3.12/site-packages/oslo_config/cfg.py:3253}}
Jun 30 22:32:51.197612 np0000183646 nova-conductor[109360]: DEBUG cotyledon.oslo_config_glue [-] profiler.trace_sqlalchemy = False {{(pid=109360) log_opt_values /opt/stack/data/venv/lib/python3.12/site-packages/oslo_config/cfg.py:3253}}
Jun 30 22:32:51.197612 np0000183646 nova-conductor[109360]: DEBUG cotyledon.oslo_config_glue [-] profiler_jaeger.process_tags = {} {{(pid=109360) log_opt_values /opt/stack/data/venv/lib/python3.12/site-packages/oslo_config/cfg.py:3253}}
Jun 30 22:32:51.197612 np0000183646 nova-conductor[109360]: DEBUG cotyledon.oslo_config_glue [-] profiler_jaeger.service_name_prefix = None {{(pid=109360) log_opt_values /opt/stack/data/venv/lib/python3.12/site-packages/oslo_config/cfg.py:3253}}
Jun 30 22:32:51.197612 np0000183646 nova-conductor[109360]: DEBUG cotyledon.oslo_config_glue [-] profiler_otlp.service_name_prefix = None {{(pid=109360) log_opt_values /opt/stack/data/venv/lib/python3.12/site-packages/oslo_config/cfg.py:3253}}
Jun 30 22:32:51.197612 np0000183646 nova-conductor[109360]: DEBUG cotyledon.oslo_config_glue [-] oslo_messaging_rabbit.amqp_auto_delete = False {{(pid=109360) log_opt_values /opt/stack/data/venv/lib/python3.12/site-packages/oslo_config/cfg.py:3253}}
Jun 30 22:32:51.197612 np0000183646 nova-conductor[109360]: DEBUG cotyledon.oslo_config_glue [-] oslo_messaging_rabbit.amqp_durable_queues = False {{(pid=109360) log_opt_values /opt/stack/data/venv/lib/python3.12/site-packages/oslo_config/cfg.py:3253}}
Jun 30 22:32:51.197821 np0000183646 nova-conductor[109360]: DEBUG cotyledon.oslo_config_glue [-] oslo_messaging_rabbit.conn_pool_min_size = 2 {{(pid=109360) log_opt_values /opt/stack/data/venv/lib/python3.12/site-packages/oslo_config/cfg.py:3253}}
Jun 30 22:32:51.197821 np0000183646 nova-conductor[109360]: DEBUG cotyledon.oslo_config_glue [-] oslo_messaging_rabbit.conn_pool_ttl = 1200 {{(pid=109360) log_opt_values /opt/stack/data/venv/lib/python3.12/site-packages/oslo_config/cfg.py:3253}}
Jun 30 22:32:51.197821 np0000183646 nova-conductor[109360]: DEBUG cotyledon.oslo_config_glue [-] oslo_messaging_rabbit.direct_mandatory_flag = True {{(pid=109360) log_opt_values /opt/stack/data/venv/lib/python3.12/site-packages/oslo_config/cfg.py:3253}}
Jun 30 22:32:51.197821 np0000183646 nova-conductor[109360]: DEBUG cotyledon.oslo_config_glue [-] oslo_messaging_rabbit.enable_cancel_on_failover = False {{(pid=109360) log_opt_values /opt/stack/data/venv/lib/python3.12/site-packages/oslo_config/cfg.py:3253}}
Jun 30 22:32:51.197821 np0000183646 nova-conductor[109360]: DEBUG cotyledon.oslo_config_glue [-] oslo_messaging_rabbit.heartbeat_rate = 3 {{(pid=109360) log_opt_values /opt/stack/data/venv/lib/python3.12/site-packages/oslo_config/cfg.py:3253}}
Jun 30 22:32:51.197821 np0000183646 nova-conductor[109360]: DEBUG cotyledon.oslo_config_glue [-] oslo_messaging_rabbit.heartbeat_timeout_threshold = 60 {{(pid=109360) log_opt_values /opt/stack/data/venv/lib/python3.12/site-packages/oslo_config/cfg.py:3253}}
Jun 30 22:32:51.197821 np0000183646 nova-conductor[109360]: DEBUG cotyledon.oslo_config_glue [-] oslo_messaging_rabbit.hostname = np0000183646 {{(pid=109360) log_opt_values /opt/stack/data/venv/lib/python3.12/site-packages/oslo_config/cfg.py:3253}}
Jun 30 22:32:51.197821 np0000183646 nova-conductor[109360]: DEBUG cotyledon.oslo_config_glue [-] oslo_messaging_rabbit.kombu_compression = None {{(pid=109360) log_opt_values /opt/stack/data/venv/lib/python3.12/site-packages/oslo_config/cfg.py:3253}}
Jun 30 22:32:51.197821 np0000183646 nova-conductor[109360]: DEBUG cotyledon.oslo_config_glue [-] oslo_messaging_rabbit.kombu_failover_strategy = round-robin {{(pid=109360) log_opt_values /opt/stack/data/venv/lib/python3.12/site-packages/oslo_config/cfg.py:3253}}
Jun 30 22:32:51.198032 np0000183646 nova-conductor[109360]: DEBUG cotyledon.oslo_config_glue [-] oslo_messaging_rabbit.kombu_missing_consumer_retry_timeout = 60 {{(pid=109360) log_opt_values /opt/stack/data/venv/lib/python3.12/site-packages/oslo_config/cfg.py:3253}}
Jun 30 22:32:51.198032 np0000183646 nova-conductor[109360]: DEBUG cotyledon.oslo_config_glue [-] oslo_messaging_rabbit.kombu_reconnect_delay = 1.0 {{(pid=109360) log_opt_values /opt/stack/data/venv/lib/python3.12/site-packages/oslo_config/cfg.py:3253}}
Jun 30 22:32:51.198032 np0000183646 nova-conductor[109360]: DEBUG cotyledon.oslo_config_glue [-] oslo_messaging_rabbit.kombu_reconnect_splay = 0.0 {{(pid=109360) log_opt_values /opt/stack/data/venv/lib/python3.12/site-packages/oslo_config/cfg.py:3253}}
Jun 30 22:32:51.198032 np0000183646 nova-conductor[109360]: DEBUG cotyledon.oslo_config_glue [-] oslo_messaging_rabbit.processname = nova-conductor {{(pid=109360) log_opt_values /opt/stack/data/venv/lib/python3.12/site-packages/oslo_config/cfg.py:3253}}
Jun 30 22:32:51.198032 np0000183646 nova-conductor[109360]: DEBUG cotyledon.oslo_config_glue [-] oslo_messaging_rabbit.rabbit_ha_queues = False {{(pid=109360) log_opt_values /opt/stack/data/venv/lib/python3.12/site-packages/oslo_config/cfg.py:3253}}
Jun 30 22:32:51.198032 np0000183646 nova-conductor[109360]: DEBUG cotyledon.oslo_config_glue [-] oslo_messaging_rabbit.rabbit_interval_max = 30 {{(pid=109360) log_opt_values /opt/stack/data/venv/lib/python3.12/site-packages/oslo_config/cfg.py:3253}}
Jun 30 22:32:51.198032 np0000183646 nova-conductor[109360]: DEBUG cotyledon.oslo_config_glue [-] oslo_messaging_rabbit.rabbit_login_method = AMQPLAIN {{(pid=109360) log_opt_values /opt/stack/data/venv/lib/python3.12/site-packages/oslo_config/cfg.py:3253}}
Jun 30 22:32:51.198032 np0000183646 nova-conductor[109360]: DEBUG cotyledon.oslo_config_glue [-] oslo_messaging_rabbit.rabbit_qos_prefetch_count = 0 {{(pid=109360) log_opt_values /opt/stack/data/venv/lib/python3.12/site-packages/oslo_config/cfg.py:3253}}
Jun 30 22:32:51.198219 np0000183646 nova-conductor[109360]: DEBUG cotyledon.oslo_config_glue [-] oslo_messaging_rabbit.rabbit_quorum_delivery_limit = 0 {{(pid=109360) log_opt_values /opt/stack/data/venv/lib/python3.12/site-packages/oslo_config/cfg.py:3253}}
Jun 30 22:32:51.198219 np0000183646 nova-conductor[109360]: DEBUG cotyledon.oslo_config_glue [-] oslo_messaging_rabbit.rabbit_quorum_max_memory_bytes = 0 {{(pid=109360) log_opt_values /opt/stack/data/venv/lib/python3.12/site-packages/oslo_config/cfg.py:3253}}
Jun 30 22:32:51.198219 np0000183646 nova-conductor[109360]: DEBUG cotyledon.oslo_config_glue [-] oslo_messaging_rabbit.rabbit_quorum_max_memory_length = 0 {{(pid=109360) log_opt_values /opt/stack/data/venv/lib/python3.12/site-packages/oslo_config/cfg.py:3253}}
Jun 30 22:32:51.198219 np0000183646 nova-conductor[109360]: DEBUG cotyledon.oslo_config_glue [-] oslo_messaging_rabbit.rabbit_quorum_queue = False {{(pid=109360) log_opt_values /opt/stack/data/venv/lib/python3.12/site-packages/oslo_config/cfg.py:3253}}
Jun 30 22:32:51.198219 np0000183646 nova-conductor[109360]: DEBUG cotyledon.oslo_config_glue [-] oslo_messaging_rabbit.rabbit_retry_backoff = 2 {{(pid=109360) log_opt_values /opt/stack/data/venv/lib/python3.12/site-packages/oslo_config/cfg.py:3253}}
Jun 30 22:32:51.198219 np0000183646 nova-conductor[109360]: DEBUG cotyledon.oslo_config_glue [-] oslo_messaging_rabbit.rabbit_retry_interval = 1 {{(pid=109360) log_opt_values /opt/stack/data/venv/lib/python3.12/site-packages/oslo_config/cfg.py:3253}}
Jun 30 22:32:51.198219 np0000183646 nova-conductor[109360]: DEBUG cotyledon.oslo_config_glue [-] oslo_messaging_rabbit.rabbit_stream_fanout = False {{(pid=109360) log_opt_values /opt/stack/data/venv/lib/python3.12/site-packages/oslo_config/cfg.py:3253}}
Jun 30 22:32:51.198219 np0000183646 nova-conductor[109360]: DEBUG cotyledon.oslo_config_glue [-] oslo_messaging_rabbit.rabbit_transient_queues_ttl = 1800 {{(pid=109360) log_opt_values /opt/stack/data/venv/lib/python3.12/site-packages/oslo_config/cfg.py:3253}}
Jun 30 22:32:51.198413 np0000183646 nova-conductor[109360]: DEBUG cotyledon.oslo_config_glue [-] oslo_messaging_rabbit.rabbit_transient_quorum_queue = False {{(pid=109360) log_opt_values /opt/stack/data/venv/lib/python3.12/site-packages/oslo_config/cfg.py:3253}}
Jun 30 22:32:51.198413 np0000183646 nova-conductor[109360]: DEBUG cotyledon.oslo_config_glue [-] oslo_messaging_rabbit.rpc_conn_pool_size = 30 {{(pid=109360) log_opt_values /opt/stack/data/venv/lib/python3.12/site-packages/oslo_config/cfg.py:3253}}
Jun 30 22:32:51.198413 np0000183646 nova-conductor[109360]: DEBUG cotyledon.oslo_config_glue [-] oslo_messaging_rabbit.ssl = False {{(pid=109360) log_opt_values /opt/stack/data/venv/lib/python3.12/site-packages/oslo_config/cfg.py:3253}}
Jun 30 22:32:51.198413 np0000183646 nova-conductor[109360]: DEBUG cotyledon.oslo_config_glue [-] oslo_messaging_rabbit.ssl_ca_file = {{(pid=109360) log_opt_values /opt/stack/data/venv/lib/python3.12/site-packages/oslo_config/cfg.py:3253}}
Jun 30 22:32:51.198413 np0000183646 nova-conductor[109360]: DEBUG cotyledon.oslo_config_glue [-] oslo_messaging_rabbit.ssl_cert_file = {{(pid=109360) log_opt_values /opt/stack/data/venv/lib/python3.12/site-packages/oslo_config/cfg.py:3253}}
Jun 30 22:32:51.198555 np0000183646 nova-conductor[109360]: DEBUG cotyledon.oslo_config_glue [-] oslo_messaging_rabbit.ssl_enforce_fips_mode = False {{(pid=109360) log_opt_values /opt/stack/data/venv/lib/python3.12/site-packages/oslo_config/cfg.py:3253}}
Jun 30 22:32:51.198555 np0000183646 nova-conductor[109360]: DEBUG cotyledon.oslo_config_glue [-] oslo_messaging_rabbit.ssl_enforce_hostname_verification = True {{(pid=109360) log_opt_values /opt/stack/data/venv/lib/python3.12/site-packages/oslo_config/cfg.py:3253}}
Jun 30 22:32:51.198611 np0000183646 nova-conductor[109360]: DEBUG cotyledon.oslo_config_glue [-] oslo_messaging_rabbit.ssl_key_file = {{(pid=109360) log_opt_values /opt/stack/data/venv/lib/python3.12/site-packages/oslo_config/cfg.py:3253}}
Jun 30 22:32:51.198639 np0000183646 nova-conductor[109360]: DEBUG cotyledon.oslo_config_glue [-] oslo_messaging_rabbit.ssl_version = {{(pid=109360) log_opt_values /opt/stack/data/venv/lib/python3.12/site-packages/oslo_config/cfg.py:3253}}
Jun 30 22:32:51.198707 np0000183646 nova-conductor[109360]: DEBUG cotyledon.oslo_config_glue [-] oslo_messaging_rabbit.use_queue_manager = False {{(pid=109360) log_opt_values /opt/stack/data/venv/lib/python3.12/site-packages/oslo_config/cfg.py:3253}}
Jun 30 22:32:51.198794 np0000183646 nova-conductor[109360]: DEBUG cotyledon.oslo_config_glue [-] oslo_messaging_notifications.driver = ['messagingv2'] {{(pid=109360) log_opt_values /opt/stack/data/venv/lib/python3.12/site-packages/oslo_config/cfg.py:3253}}
Jun 30 22:32:51.198852 np0000183646 nova-conductor[109360]: DEBUG cotyledon.oslo_config_glue [-] oslo_messaging_notifications.retry = -1 {{(pid=109360) log_opt_values /opt/stack/data/venv/lib/python3.12/site-packages/oslo_config/cfg.py:3253}}
Jun 30 22:32:51.198906 np0000183646 nova-conductor[109360]: DEBUG cotyledon.oslo_config_glue [-] oslo_messaging_notifications.topics = ['notifications'] {{(pid=109360) log_opt_values /opt/stack/data/venv/lib/python3.12/site-packages/oslo_config/cfg.py:3253}}
Jun 30 22:32:51.199107 np0000183646 nova-conductor[109360]: DEBUG cotyledon.oslo_config_glue [-] oslo_messaging_notifications.transport_url = **** {{(pid=109360) log_opt_values /opt/stack/data/venv/lib/python3.12/site-packages/oslo_config/cfg.py:3253}}
Jun 30 22:32:51.199253 np0000183646 nova-conductor[109360]: DEBUG cotyledon.oslo_config_glue [-] oslo_limit.auth_section = None {{(pid=109360) log_opt_values /opt/stack/data/venv/lib/python3.12/site-packages/oslo_config/cfg.py:3253}}
Jun 30 22:32:51.199355 np0000183646 nova-conductor[109360]: DEBUG cotyledon.oslo_config_glue [-] oslo_limit.auth_type = None {{(pid=109360) log_opt_values /opt/stack/data/venv/lib/python3.12/site-packages/oslo_config/cfg.py:3253}}
Jun 30 22:32:51.199443 np0000183646 nova-conductor[109360]: DEBUG cotyledon.oslo_config_glue [-] oslo_limit.cafile = None {{(pid=109360) log_opt_values /opt/stack/data/venv/lib/python3.12/site-packages/oslo_config/cfg.py:3253}}
Jun 30 22:32:51.199569 np0000183646 nova-conductor[109360]: DEBUG cotyledon.oslo_config_glue [-] oslo_limit.certfile = None {{(pid=109360) log_opt_values /opt/stack/data/venv/lib/python3.12/site-packages/oslo_config/cfg.py:3253}}
Jun 30 22:32:51.199668 np0000183646 nova-conductor[109360]: DEBUG cotyledon.oslo_config_glue [-] oslo_limit.collect_timing = False {{(pid=109360) log_opt_values /opt/stack/data/venv/lib/python3.12/site-packages/oslo_config/cfg.py:3253}}
Jun 30 22:32:51.199761 np0000183646 nova-conductor[109360]: DEBUG cotyledon.oslo_config_glue [-] oslo_limit.connect_retries = None {{(pid=109360) log_opt_values /opt/stack/data/venv/lib/python3.12/site-packages/oslo_config/cfg.py:3253}}
Jun 30 22:32:51.199855 np0000183646 nova-conductor[109360]: DEBUG cotyledon.oslo_config_glue [-] oslo_limit.connect_retry_delay = None {{(pid=109360) log_opt_values /opt/stack/data/venv/lib/python3.12/site-packages/oslo_config/cfg.py:3253}}
Jun 30 22:32:51.199956 np0000183646 nova-conductor[109360]: DEBUG cotyledon.oslo_config_glue [-] oslo_limit.endpoint_id = None {{(pid=109360) log_opt_values /opt/stack/data/venv/lib/python3.12/site-packages/oslo_config/cfg.py:3253}}
Jun 30 22:32:51.200017 np0000183646 nova-conductor[109360]: DEBUG cotyledon.oslo_config_glue [-] oslo_limit.endpoint_interface = public {{(pid=109360) log_opt_values /opt/stack/data/venv/lib/python3.12/site-packages/oslo_config/cfg.py:3253}}
Jun 30 22:32:51.200063 np0000183646 nova-conductor[109360]: DEBUG cotyledon.oslo_config_glue [-] oslo_limit.endpoint_override = None {{(pid=109360) log_opt_values /opt/stack/data/venv/lib/python3.12/site-packages/oslo_config/cfg.py:3253}}
Jun 30 22:32:51.200122 np0000183646 nova-conductor[109360]: DEBUG cotyledon.oslo_config_glue [-] oslo_limit.endpoint_region_name = None {{(pid=109360) log_opt_values /opt/stack/data/venv/lib/python3.12/site-packages/oslo_config/cfg.py:3253}}
Jun 30 22:32:51.200166 np0000183646 nova-conductor[109360]: DEBUG cotyledon.oslo_config_glue [-] oslo_limit.endpoint_service_name = None {{(pid=109360) log_opt_values /opt/stack/data/venv/lib/python3.12/site-packages/oslo_config/cfg.py:3253}}
Jun 30 22:32:51.200229 np0000183646 nova-conductor[109360]: DEBUG cotyledon.oslo_config_glue [-] oslo_limit.endpoint_service_type = None {{(pid=109360) log_opt_values /opt/stack/data/venv/lib/python3.12/site-packages/oslo_config/cfg.py:3253}}
Jun 30 22:32:51.200275 np0000183646 nova-conductor[109360]: DEBUG cotyledon.oslo_config_glue [-] oslo_limit.insecure = False {{(pid=109360) log_opt_values /opt/stack/data/venv/lib/python3.12/site-packages/oslo_config/cfg.py:3253}}
Jun 30 22:32:51.200331 np0000183646 nova-conductor[109360]: DEBUG cotyledon.oslo_config_glue [-] oslo_limit.keyfile = None {{(pid=109360) log_opt_values /opt/stack/data/venv/lib/python3.12/site-packages/oslo_config/cfg.py:3253}}
Jun 30 22:32:51.200386 np0000183646 nova-conductor[109360]: DEBUG cotyledon.oslo_config_glue [-] oslo_limit.max_version = None {{(pid=109360) log_opt_values /opt/stack/data/venv/lib/python3.12/site-packages/oslo_config/cfg.py:3253}}
Jun 30 22:32:51.200439 np0000183646 nova-conductor[109360]: DEBUG cotyledon.oslo_config_glue [-] oslo_limit.min_version = None {{(pid=109360) log_opt_values /opt/stack/data/venv/lib/python3.12/site-packages/oslo_config/cfg.py:3253}}
Jun 30 22:32:51.200504 np0000183646 nova-conductor[109360]: DEBUG cotyledon.oslo_config_glue [-] oslo_limit.region_name = None {{(pid=109360) log_opt_values /opt/stack/data/venv/lib/python3.12/site-packages/oslo_config/cfg.py:3253}}
Jun 30 22:32:51.200581 np0000183646 nova-conductor[109360]: DEBUG cotyledon.oslo_config_glue [-] oslo_limit.retriable_status_codes = None {{(pid=109360) log_opt_values /opt/stack/data/venv/lib/python3.12/site-packages/oslo_config/cfg.py:3253}}
Jun 30 22:32:51.200651 np0000183646 nova-conductor[109360]: DEBUG cotyledon.oslo_config_glue [-] oslo_limit.service_name = None {{(pid=109360) log_opt_values /opt/stack/data/venv/lib/python3.12/site-packages/oslo_config/cfg.py:3253}}
Jun 30 22:32:51.200712 np0000183646 nova-conductor[109360]: DEBUG cotyledon.oslo_config_glue [-] oslo_limit.service_type = None {{(pid=109360) log_opt_values /opt/stack/data/venv/lib/python3.12/site-packages/oslo_config/cfg.py:3253}}
Jun 30 22:32:51.200823 np0000183646 nova-conductor[109360]: DEBUG cotyledon.oslo_config_glue [-] oslo_limit.split_loggers = False {{(pid=109360) log_opt_values /opt/stack/data/venv/lib/python3.12/site-packages/oslo_config/cfg.py:3253}}
Jun 30 22:32:51.200882 np0000183646 nova-conductor[109360]: DEBUG cotyledon.oslo_config_glue [-] oslo_limit.status_code_retries = None {{(pid=109360) log_opt_values /opt/stack/data/venv/lib/python3.12/site-packages/oslo_config/cfg.py:3253}}
Jun 30 22:32:51.200936 np0000183646 nova-conductor[109360]: DEBUG cotyledon.oslo_config_glue [-] oslo_limit.status_code_retry_delay = None {{(pid=109360) log_opt_values /opt/stack/data/venv/lib/python3.12/site-packages/oslo_config/cfg.py:3253}}
Jun 30 22:32:51.200986 np0000183646 nova-conductor[109360]: DEBUG cotyledon.oslo_config_glue [-] oslo_limit.timeout = None {{(pid=109360) log_opt_values /opt/stack/data/venv/lib/python3.12/site-packages/oslo_config/cfg.py:3253}}
Jun 30 22:32:51.201038 np0000183646 nova-conductor[109360]: DEBUG cotyledon.oslo_config_glue [-] oslo_limit.valid_interfaces = None {{(pid=109360) log_opt_values /opt/stack/data/venv/lib/python3.12/site-packages/oslo_config/cfg.py:3253}}
Jun 30 22:32:51.201090 np0000183646 nova-conductor[109360]: DEBUG cotyledon.oslo_config_glue [-] oslo_limit.version = None {{(pid=109360) log_opt_values /opt/stack/data/venv/lib/python3.12/site-packages/oslo_config/cfg.py:3253}}
Jun 30 22:32:51.201179 np0000183646 nova-conductor[109360]: DEBUG cotyledon.oslo_config_glue [-] oslo_reports.file_event_handler = None {{(pid=109360) log_opt_values /opt/stack/data/venv/lib/python3.12/site-packages/oslo_config/cfg.py:3253}}
Jun 30 22:32:51.201240 np0000183646 nova-conductor[109360]: DEBUG cotyledon.oslo_config_glue [-] oslo_reports.file_event_handler_interval = 1 {{(pid=109360) log_opt_values /opt/stack/data/venv/lib/python3.12/site-packages/oslo_config/cfg.py:3253}}
Jun 30 22:32:51.201304 np0000183646 nova-conductor[109360]: DEBUG cotyledon.oslo_config_glue [-] oslo_reports.log_dir = None {{(pid=109360) log_opt_values /opt/stack/data/venv/lib/python3.12/site-packages/oslo_config/cfg.py:3253}}
Jun 30 22:32:51.201362 np0000183646 nova-conductor[109360]: DEBUG cotyledon.oslo_config_glue [-] ******************************************************************************** {{(pid=109360) log_opt_values /opt/stack/data/venv/lib/python3.12/site-packages/oslo_config/cfg.py:3260}}
Jun 30 22:32:51.201583 np0000183646 nova-conductor[109360]: DEBUG cotyledon._service_worker [-] Run service ServiceWrapper(3) [109360] {{(pid=109360) wait_forever /opt/stack/data/venv/lib/python3.12/site-packages/cotyledon/_service_worker.py:218}}
Jun 30 22:32:51.203107 np0000183646 nova-conductor[109340]: DEBUG dbcounter [-] [109340] Writer thread running {{(pid=109340) stat_writer /opt/stack/data/venv/lib/python3.12/site-packages/dbcounter.py:102}}
Jun 30 22:32:51.203642 np0000183646 nova-conductor[109360]: INFO nova.service [-] Starting conductor node (version 33.1.0)
Jun 30 22:32:51.210380 np0000183646 nova-conductor[109349]: DEBUG oslo_db.sqlalchemy.engines [None req-0dcfc7a2-9fb0-45da-b3dd-c7fea8b0f81e None None] MySQL server mode set to STRICT_TRANS_TABLES,STRICT_ALL_TABLES,NO_ZERO_IN_DATE,NO_ZERO_DATE,ERROR_FOR_DIVISION_BY_ZERO,TRADITIONAL,NO_ENGINE_SUBSTITUTION {{(pid=109349) _check_effective_sql_mode /opt/stack/data/venv/lib/python3.12/site-packages/oslo_db/sqlalchemy/engines.py:325}}
Jun 30 22:32:51.211789 np0000183646 nova-conductor[109360]: INFO dbcounter [None req-2bb85540-e614-4a00-b4ff-56af34676fd2 None None] Registered counter for database nova_cell0
Jun 30 22:32:51.220348 np0000183646 nova-conductor[109354]: DEBUG oslo_db.sqlalchemy.engines [None req-64fe9fc6-1fec-4540-acc0-592c82096ad0 None None] MySQL server mode set to STRICT_TRANS_TABLES,STRICT_ALL_TABLES,NO_ZERO_IN_DATE,NO_ZERO_DATE,ERROR_FOR_DIVISION_BY_ZERO,TRADITIONAL,NO_ENGINE_SUBSTITUTION {{(pid=109354) _check_effective_sql_mode /opt/stack/data/venv/lib/python3.12/site-packages/oslo_db/sqlalchemy/engines.py:325}}
Jun 30 22:32:51.223791 np0000183646 nova-conductor[109349]: DEBUG dbcounter [-] [109349] Writer thread running {{(pid=109349) stat_writer /opt/stack/data/venv/lib/python3.12/site-packages/dbcounter.py:102}}
Jun 30 22:32:51.225204 np0000183646 nova-conductor[109340]: DEBUG nova.service [None req-68998391-9b62-4079-93b3-ff1304fc0151 None None] Creating RPC server for service: nova-conductor on topic: conductor {{(pid=109340) start /opt/stack/nova/nova/service.py:196}}
Jun 30 22:32:51.228875 np0000183646 nova-conductor[109349]: DEBUG nova.service [None req-0dcfc7a2-9fb0-45da-b3dd-c7fea8b0f81e None None] Creating RPC server for service: nova-conductor on topic: conductor {{(pid=109349) start /opt/stack/nova/nova/service.py:196}}
Jun 30 22:32:51.236327 np0000183646 nova-conductor[109354]: DEBUG dbcounter [-] [109354] Writer thread running {{(pid=109354) stat_writer /opt/stack/data/venv/lib/python3.12/site-packages/dbcounter.py:102}}
Jun 30 22:32:51.240177 np0000183646 nova-conductor[109354]: DEBUG nova.service [None req-64fe9fc6-1fec-4540-acc0-592c82096ad0 None None] Creating RPC server for service: nova-conductor on topic: conductor {{(pid=109354) start /opt/stack/nova/nova/service.py:196}}
Jun 30 22:32:51.257961 np0000183646 nova-conductor[109360]: DEBUG oslo_db.sqlalchemy.engines [None req-2bb85540-e614-4a00-b4ff-56af34676fd2 None None] MySQL server mode set to STRICT_TRANS_TABLES,STRICT_ALL_TABLES,NO_ZERO_IN_DATE,NO_ZERO_DATE,ERROR_FOR_DIVISION_BY_ZERO,TRADITIONAL,NO_ENGINE_SUBSTITUTION {{(pid=109360) _check_effective_sql_mode /opt/stack/data/venv/lib/python3.12/site-packages/oslo_db/sqlalchemy/engines.py:325}}
Jun 30 22:32:51.260905 np0000183646 nova-conductor[109340]: DEBUG nova.service [None req-68998391-9b62-4079-93b3-ff1304fc0151 None None] Join ServiceGroup membership for this service conductor {{(pid=109340) start /opt/stack/nova/nova/service.py:222}}
Jun 30 22:32:51.261321 np0000183646 nova-conductor[109340]: DEBUG nova.servicegroup.drivers.db [None req-68998391-9b62-4079-93b3-ff1304fc0151 None None] DB_Driver: join new ServiceGroup member np0000183646 to the conductor group, service = {{(pid=109340) join /opt/stack/nova/nova/servicegroup/drivers/db.py:44}}
Jun 30 22:32:51.262214 np0000183646 nova-conductor[109354]: DEBUG nova.service [None req-64fe9fc6-1fec-4540-acc0-592c82096ad0 None None] Join ServiceGroup membership for this service conductor {{(pid=109354) start /opt/stack/nova/nova/service.py:222}}
Jun 30 22:32:51.262445 np0000183646 nova-conductor[109354]: DEBUG nova.servicegroup.drivers.db [None req-64fe9fc6-1fec-4540-acc0-592c82096ad0 None None] DB_Driver: join new ServiceGroup member np0000183646 to the conductor group, service = {{(pid=109354) join /opt/stack/nova/nova/servicegroup/drivers/db.py:44}}
Jun 30 22:32:51.266190 np0000183646 nova-conductor[109349]: DEBUG nova.service [None req-0dcfc7a2-9fb0-45da-b3dd-c7fea8b0f81e None None] Join ServiceGroup membership for this service conductor {{(pid=109349) start /opt/stack/nova/nova/service.py:222}}
Jun 30 22:32:51.266190 np0000183646 nova-conductor[109349]: DEBUG nova.servicegroup.drivers.db [None req-0dcfc7a2-9fb0-45da-b3dd-c7fea8b0f81e None None] DB_Driver: join new ServiceGroup member np0000183646 to the conductor group, service = {{(pid=109349) join /opt/stack/nova/nova/servicegroup/drivers/db.py:44}}
Jun 30 22:32:51.273186 np0000183646 nova-conductor[109360]: DEBUG dbcounter [-] [109360] Writer thread running {{(pid=109360) stat_writer /opt/stack/data/venv/lib/python3.12/site-packages/dbcounter.py:102}}
Jun 30 22:32:51.278265 np0000183646 nova-conductor[109360]: DEBUG nova.service [None req-2bb85540-e614-4a00-b4ff-56af34676fd2 None None] Creating RPC server for service: nova-conductor on topic: conductor {{(pid=109360) start /opt/stack/nova/nova/service.py:196}}
Jun 30 22:32:51.298602 np0000183646 nova-conductor[109360]: DEBUG nova.service [None req-2bb85540-e614-4a00-b4ff-56af34676fd2 None None] Join ServiceGroup membership for this service conductor {{(pid=109360) start /opt/stack/nova/nova/service.py:222}}
Jun 30 22:32:51.298783 np0000183646 nova-conductor[109360]: DEBUG nova.servicegroup.drivers.db [None req-2bb85540-e614-4a00-b4ff-56af34676fd2 None None] DB_Driver: join new ServiceGroup member np0000183646 to the conductor group, service = {{(pid=109360) join /opt/stack/nova/nova/servicegroup/drivers/db.py:44}}
Jun 30 22:32:56.282607 np0000183646 nova-conductor[109340]: DEBUG oslo.service.backend._threading.loopingcall [-] Fixed interval looping call 'nova.servicegroup.drivers.db.DbDriver._report_state' sleeping for 119.98 seconds {{(pid=109340) _run_loop /opt/stack/data/venv/lib/python3.12/site-packages/oslo_service/backend/_threading/loopingcall.py:125}}
Jun 30 22:32:56.283290 np0000183646 nova-conductor[109354]: DEBUG oslo.service.backend._threading.loopingcall [-] Fixed interval looping call 'nova.servicegroup.drivers.db.DbDriver._report_state' sleeping for 119.98 seconds {{(pid=109354) _run_loop /opt/stack/data/venv/lib/python3.12/site-packages/oslo_service/backend/_threading/loopingcall.py:125}}
Jun 30 22:32:56.289579 np0000183646 nova-conductor[109349]: DEBUG oslo.service.backend._threading.loopingcall [-] Fixed interval looping call 'nova.servicegroup.drivers.db.DbDriver._report_state' sleeping for 119.98 seconds {{(pid=109349) _run_loop /opt/stack/data/venv/lib/python3.12/site-packages/oslo_service/backend/_threading/loopingcall.py:125}}
Jun 30 22:32:56.312774 np0000183646 nova-conductor[109360]: DEBUG oslo.service.backend._threading.loopingcall [-] Fixed interval looping call 'nova.servicegroup.drivers.db.DbDriver._report_state' sleeping for 119.99 seconds {{(pid=109360) _run_loop /opt/stack/data/venv/lib/python3.12/site-packages/oslo_service/backend/_threading/loopingcall.py:125}}
Jun 30 22:32:59.779255 np0000183646 nova-conductor[108595]: DEBUG dbcounter [-] [108595] Writing DB stats nova_api:SELECT=1 {{(pid=108595) stat_writer /opt/stack/data/venv/lib/python3.12/site-packages/dbcounter.py:115}}
Jun 30 22:32:59.932828 np0000183646 nova-conductor[108595]: DEBUG dbcounter [-] [108595] Writing DB stats nova_cell0:SELECT=1 {{(pid=108595) stat_writer /opt/stack/data/venv/lib/python3.12/site-packages/dbcounter.py:115}}
Jun 30 22:32:59.939559 np0000183646 nova-conductor[108595]: DEBUG dbcounter [-] [108595] Writing DB stats nova_cell1:SELECT=1 {{(pid=108595) stat_writer /opt/stack/data/venv/lib/python3.12/site-packages/dbcounter.py:115}}
Jun 30 22:33:02.265758 np0000183646 nova-conductor[109340]: DEBUG oslo.service.backend._threading.loopingcall [None req-c25961ad-701d-4203-a408-fb18cc698216 None None] Dynamic interval looping call 'nova.service.Service.periodic_tasks' sleeping for 60.00 seconds {{(pid=109340) _run_loop /opt/stack/data/venv/lib/python3.12/site-packages/oslo_service/backend/_threading/loopingcall.py:125}}
Jun 30 22:33:06.276233 np0000183646 nova-conductor[109340]: DEBUG dbcounter [-] [109340] Writing DB stats nova_cell0:SELECT=4,nova_cell0:INSERT=1,nova_cell0:UPDATE=1 {{(pid=109340) stat_writer /opt/stack/data/venv/lib/python3.12/site-packages/dbcounter.py:115}}
Jun 30 22:33:06.277925 np0000183646 nova-conductor[109354]: DEBUG dbcounter [-] [109354] Writing DB stats nova_cell0:SELECT=3,nova_cell0:UPDATE=1 {{(pid=109354) stat_writer /opt/stack/data/venv/lib/python3.12/site-packages/dbcounter.py:115}}
Jun 30 22:33:06.283434 np0000183646 nova-conductor[109349]: DEBUG dbcounter [-] [109349] Writing DB stats nova_cell0:SELECT=3 {{(pid=109349) stat_writer /opt/stack/data/venv/lib/python3.12/site-packages/dbcounter.py:115}}
Jun 30 22:33:06.310761 np0000183646 nova-conductor[109360]: DEBUG dbcounter [-] [109360] Writing DB stats nova_cell0:SELECT=3 {{(pid=109360) stat_writer /opt/stack/data/venv/lib/python3.12/site-packages/dbcounter.py:115}}
Jun 30 22:33:13.301628 np0000183646 nova-conductor[109360]: DEBUG oslo.service.backend._threading.loopingcall [None req-1df7b5df-47f1-4688-8192-1f0514af16e3 None None] Dynamic interval looping call 'nova.service.Service.periodic_tasks' sleeping for 60.00 seconds {{(pid=109360) _run_loop /opt/stack/data/venv/lib/python3.12/site-packages/oslo_service/backend/_threading/loopingcall.py:125}}
Jun 30 22:33:19.272670 np0000183646 nova-conductor[109349]: DEBUG oslo.service.backend._threading.loopingcall [None req-7e283f1d-cc41-4dda-bba2-728d8b1041fa None None] Dynamic interval looping call 'nova.service.Service.periodic_tasks' sleeping for 60.00 seconds {{(pid=109349) _run_loop /opt/stack/data/venv/lib/python3.12/site-packages/oslo_service/backend/_threading/loopingcall.py:125}}
Jun 30 22:33:36.391195 np0000183646 nova-conductor[109354]: DEBUG oslo.service.backend._threading.loopingcall [None req-c4f85db6-c97c-4bc6-b133-9589336ac3c1 None None] Dynamic interval looping call 'nova.service.Service.periodic_tasks' sleeping for 60.00 seconds {{(pid=109354) _run_loop /opt/stack/data/venv/lib/python3.12/site-packages/oslo_service/backend/_threading/loopingcall.py:125}}
Jun 30 22:34:02.266797 np0000183646 nova-conductor[109340]: DEBUG oslo.service.backend._threading.loopingcall [None req-c25961ad-701d-4203-a408-fb18cc698216 None None] Dynamic interval looping call 'nova.service.Service.periodic_tasks' sleeping for 60.00 seconds {{(pid=109340) _run_loop /opt/stack/data/venv/lib/python3.12/site-packages/oslo_service/backend/_threading/loopingcall.py:125}}
Jun 30 22:34:13.302442 np0000183646 nova-conductor[109360]: DEBUG oslo.service.backend._threading.loopingcall [None req-1df7b5df-47f1-4688-8192-1f0514af16e3 None None] Dynamic interval looping call 'nova.service.Service.periodic_tasks' sleeping for 60.00 seconds {{(pid=109360) _run_loop /opt/stack/data/venv/lib/python3.12/site-packages/oslo_service/backend/_threading/loopingcall.py:125}}
Jun 30 22:34:19.275095 np0000183646 nova-conductor[109349]: DEBUG oslo.service.backend._threading.loopingcall [None req-7e283f1d-cc41-4dda-bba2-728d8b1041fa None None] Dynamic interval looping call 'nova.service.Service.periodic_tasks' sleeping for 60.00 seconds {{(pid=109349) _run_loop /opt/stack/data/venv/lib/python3.12/site-packages/oslo_service/backend/_threading/loopingcall.py:125}}
Jun 30 22:34:36.265948 np0000183646 nova-conductor[109354]: DEBUG oslo.service.backend._threading.loopingcall [None req-c4f85db6-c97c-4bc6-b133-9589336ac3c1 None None] Dynamic interval looping call 'nova.service.Service.periodic_tasks' sleeping for 60.00 seconds {{(pid=109354) _run_loop /opt/stack/data/venv/lib/python3.12/site-packages/oslo_service/backend/_threading/loopingcall.py:125}}
Jun 30 22:34:56.274452 np0000183646 nova-conductor[109340]: DEBUG oslo.service.backend._threading.loopingcall [-] Fixed interval looping call 'nova.servicegroup.drivers.db.DbDriver._report_state' sleeping for 119.99 seconds {{(pid=109340) _run_loop /opt/stack/data/venv/lib/python3.12/site-packages/oslo_service/backend/_threading/loopingcall.py:125}}
Jun 30 22:34:56.275213 np0000183646 nova-conductor[109354]: DEBUG oslo.service.backend._threading.loopingcall [-] Fixed interval looping call 'nova.servicegroup.drivers.db.DbDriver._report_state' sleeping for 119.99 seconds {{(pid=109354) _run_loop /opt/stack/data/venv/lib/python3.12/site-packages/oslo_service/backend/_threading/loopingcall.py:125}}
Jun 30 22:34:56.282442 np0000183646 nova-conductor[109349]: DEBUG oslo.service.backend._threading.loopingcall [-] Fixed interval looping call 'nova.servicegroup.drivers.db.DbDriver._report_state' sleeping for 119.99 seconds {{(pid=109349) _run_loop /opt/stack/data/venv/lib/python3.12/site-packages/oslo_service/backend/_threading/loopingcall.py:125}}
Jun 30 22:34:56.309089 np0000183646 nova-conductor[109360]: DEBUG oslo.service.backend._threading.loopingcall [-] Fixed interval looping call 'nova.servicegroup.drivers.db.DbDriver._report_state' sleeping for 119.99 seconds {{(pid=109360) _run_loop /opt/stack/data/venv/lib/python3.12/site-packages/oslo_service/backend/_threading/loopingcall.py:125}}
Jun 30 22:35:02.267645 np0000183646 nova-conductor[109340]: DEBUG oslo.service.backend._threading.loopingcall [None req-c25961ad-701d-4203-a408-fb18cc698216 None None] Dynamic interval looping call 'nova.service.Service.periodic_tasks' sleeping for 60.00 seconds {{(pid=109340) _run_loop /opt/stack/data/venv/lib/python3.12/site-packages/oslo_service/backend/_threading/loopingcall.py:125}}
Jun 30 22:35:06.268477 np0000183646 nova-conductor[109340]: DEBUG dbcounter [-] [109340] Writing DB stats nova_cell0:SELECT=1,nova_cell0:UPDATE=1 {{(pid=109340) stat_writer /opt/stack/data/venv/lib/python3.12/site-packages/dbcounter.py:115}}
Jun 30 22:35:06.269322 np0000183646 nova-conductor[109354]: DEBUG dbcounter [-] [109354] Writing DB stats nova_cell0:SELECT=1,nova_cell0:UPDATE=1 {{(pid=109354) stat_writer /opt/stack/data/venv/lib/python3.12/site-packages/dbcounter.py:115}}
Jun 30 22:35:06.281751 np0000183646 nova-conductor[109349]: DEBUG dbcounter [-] [109349] Writing DB stats nova_cell0:SELECT=1,nova_cell0:UPDATE=1 {{(pid=109349) stat_writer /opt/stack/data/venv/lib/python3.12/site-packages/dbcounter.py:115}}
Jun 30 22:35:06.305958 np0000183646 nova-conductor[109360]: DEBUG dbcounter [-] [109360] Writing DB stats nova_cell0:SELECT=1 {{(pid=109360) stat_writer /opt/stack/data/venv/lib/python3.12/site-packages/dbcounter.py:115}}
Jun 30 22:35:13.303605 np0000183646 nova-conductor[109360]: DEBUG oslo.service.backend._threading.loopingcall [None req-1df7b5df-47f1-4688-8192-1f0514af16e3 None None] Dynamic interval looping call 'nova.service.Service.periodic_tasks' sleeping for 60.00 seconds {{(pid=109360) _run_loop /opt/stack/data/venv/lib/python3.12/site-packages/oslo_service/backend/_threading/loopingcall.py:125}}
Jun 30 22:35:19.276268 np0000183646 nova-conductor[109349]: DEBUG oslo.service.backend._threading.loopingcall [None req-7e283f1d-cc41-4dda-bba2-728d8b1041fa None None] Dynamic interval looping call 'nova.service.Service.periodic_tasks' sleeping for 60.00 seconds {{(pid=109349) _run_loop /opt/stack/data/venv/lib/python3.12/site-packages/oslo_service/backend/_threading/loopingcall.py:125}}
Jun 30 22:35:36.267021 np0000183646 nova-conductor[109354]: DEBUG oslo.service.backend._threading.loopingcall [None req-c4f85db6-c97c-4bc6-b133-9589336ac3c1 None None] Dynamic interval looping call 'nova.service.Service.periodic_tasks' sleeping for 60.00 seconds {{(pid=109354) _run_loop /opt/stack/data/venv/lib/python3.12/site-packages/oslo_service/backend/_threading/loopingcall.py:125}}
Jun 30 22:36:02.268825 np0000183646 nova-conductor[109340]: DEBUG oslo.service.backend._threading.loopingcall [None req-c25961ad-701d-4203-a408-fb18cc698216 None None] Dynamic interval looping call 'nova.service.Service.periodic_tasks' sleeping for 60.00 seconds {{(pid=109340) _run_loop /opt/stack/data/venv/lib/python3.12/site-packages/oslo_service/backend/_threading/loopingcall.py:125}}
Jun 30 22:36:13.305460 np0000183646 nova-conductor[109360]: DEBUG oslo.service.backend._threading.loopingcall [None req-1df7b5df-47f1-4688-8192-1f0514af16e3 None None] Dynamic interval looping call 'nova.service.Service.periodic_tasks' sleeping for 60.00 seconds {{(pid=109360) _run_loop /opt/stack/data/venv/lib/python3.12/site-packages/oslo_service/backend/_threading/loopingcall.py:125}}
Jun 30 22:36:19.277346 np0000183646 nova-conductor[109349]: DEBUG oslo.service.backend._threading.loopingcall [None req-7e283f1d-cc41-4dda-bba2-728d8b1041fa None None] Dynamic interval looping call 'nova.service.Service.periodic_tasks' sleeping for 60.00 seconds {{(pid=109349) _run_loop /opt/stack/data/venv/lib/python3.12/site-packages/oslo_service/backend/_threading/loopingcall.py:125}}
Jun 30 22:36:36.268127 np0000183646 nova-conductor[109354]: DEBUG oslo.service.backend._threading.loopingcall [None req-c4f85db6-c97c-4bc6-b133-9589336ac3c1 None None] Dynamic interval looping call 'nova.service.Service.periodic_tasks' sleeping for 60.00 seconds {{(pid=109354) _run_loop /opt/stack/data/venv/lib/python3.12/site-packages/oslo_service/backend/_threading/loopingcall.py:125}}
Jun 30 22:36:56.679349 np0000183646 nova-conductor[109354]: DEBUG oslo.service.backend._threading.loopingcall [-] Fixed interval looping call 'nova.servicegroup.drivers.db.DbDriver._report_state' sleeping for 119.59 seconds {{(pid=109354) _run_loop /opt/stack/data/venv/lib/python3.12/site-packages/oslo_service/backend/_threading/loopingcall.py:125}}
Jun 30 22:36:56.680269 np0000183646 nova-conductor[109340]: DEBUG oslo.service.backend._threading.loopingcall [-] Fixed interval looping call 'nova.servicegroup.drivers.db.DbDriver._report_state' sleeping for 119.59 seconds {{(pid=109340) _run_loop /opt/stack/data/venv/lib/python3.12/site-packages/oslo_service/backend/_threading/loopingcall.py:125}}
Jun 30 22:36:56.680898 np0000183646 nova-conductor[109349]: DEBUG oslo.service.backend._threading.loopingcall [-] Fixed interval looping call 'nova.servicegroup.drivers.db.DbDriver._report_state' sleeping for 119.59 seconds {{(pid=109349) _run_loop /opt/stack/data/venv/lib/python3.12/site-packages/oslo_service/backend/_threading/loopingcall.py:125}}
Jun 30 22:36:56.681799 np0000183646 nova-conductor[109360]: DEBUG oslo.service.backend._threading.loopingcall [-] Fixed interval looping call 'nova.servicegroup.drivers.db.DbDriver._report_state' sleeping for 119.62 seconds {{(pid=109360) _run_loop /opt/stack/data/venv/lib/python3.12/site-packages/oslo_service/backend/_threading/loopingcall.py:125}}
Jun 30 22:37:02.269725 np0000183646 nova-conductor[109340]: DEBUG oslo.service.backend._threading.loopingcall [None req-c25961ad-701d-4203-a408-fb18cc698216 None None] Dynamic interval looping call 'nova.service.Service.periodic_tasks' sleeping for 60.00 seconds {{(pid=109340) _run_loop /opt/stack/data/venv/lib/python3.12/site-packages/oslo_service/backend/_threading/loopingcall.py:125}}
Jun 30 22:37:06.270173 np0000183646 nova-conductor[109340]: DEBUG dbcounter [-] [109340] Writing DB stats nova_cell0:SELECT=1,nova_cell0:UPDATE=1 {{(pid=109340) stat_writer /opt/stack/data/venv/lib/python3.12/site-packages/dbcounter.py:115}}
Jun 30 22:37:06.271331 np0000183646 nova-conductor[109354]: DEBUG dbcounter [-] [109354] Writing DB stats nova_cell0:SELECT=1,nova_cell0:UPDATE=1 {{(pid=109354) stat_writer /opt/stack/data/venv/lib/python3.12/site-packages/dbcounter.py:115}}
Jun 30 22:37:06.279841 np0000183646 nova-conductor[109349]: DEBUG dbcounter [-] [109349] Writing DB stats nova_cell0:SELECT=1,nova_cell0:UPDATE=1 {{(pid=109349) stat_writer /opt/stack/data/venv/lib/python3.12/site-packages/dbcounter.py:115}}
Jun 30 22:37:06.304979 np0000183646 nova-conductor[109360]: DEBUG dbcounter [-] [109360] Writing DB stats nova_cell0:SELECT=1,nova_cell0:UPDATE=1 {{(pid=109360) stat_writer /opt/stack/data/venv/lib/python3.12/site-packages/dbcounter.py:115}}
