Jun 30 22:33:16.365714 np0000183646 devstack@g-api.service[113971]: INFO glance.image_cache [None req-cbc7c184-3bda-47ec-a4b4-107cabd76d9e None None] Image cache loaded driver 'centralized_db'.
Jun 30 22:33:16.371550 np0000183646 devstack@g-api.service[113968]: DEBUG glance.image_cache.drivers.centralized_db [None req-de07294c-e94b-41ec-9763-57b4b6e1c3a0 None None] Node reference is already recorded, ignoring it {{(pid=113968) configure /opt/stack/glance/glance/image_cache/drivers/centralized_db.py:71}}
Jun 30 22:33:16.372744 np0000183646 devstack@g-api.service[113969]: DEBUG dbcounter [-] [113969] Writer thread running {{(pid=113969) stat_writer /opt/stack/data/venv/lib/python3.12/site-packages/dbcounter.py:102}}
Jun 30 22:33:16.377045 np0000183646 devstack@g-api.service[113971]: DEBUG glance.image_cache.drivers.centralized_db [None req-cbc7c184-3bda-47ec-a4b4-107cabd76d9e None None] Node reference is already recorded, ignoring it {{(pid=113971) configure /opt/stack/glance/glance/image_cache/drivers/centralized_db.py:71}}
Jun 30 22:33:16.377366 np0000183646 devstack@g-api.service[113968]: INFO glance.api.middleware.cache_manage [None req-de07294c-e94b-41ec-9763-57b4b6e1c3a0 None None] Initialized image cache management middleware
Jun 30 22:33:16.377605 np0000183646 devstack@g-api.service[113968]: INFO glance.image_cache [None req-de07294c-e94b-41ec-9763-57b4b6e1c3a0 None None] Image cache loaded driver 'centralized_db'.
Jun 30 22:33:16.377684 np0000183646 devstack@g-api.service[113969]: DEBUG glance.image_cache.drivers.centralized_db [None req-ac66bd06-a835-4fc5-a756-b1e6887965ee None None] Node reference is already recorded, ignoring it {{(pid=113969) configure /opt/stack/glance/glance/image_cache/drivers/centralized_db.py:71}}
Jun 30 22:33:16.384873 np0000183646 devstack@g-api.service[113971]: DEBUG glance.api.v2.cached_images [None req-cbc7c184-3bda-47ec-a4b4-107cabd76d9e None None] Started cache worker thread {{(pid=113971) __init__ /opt/stack/glance/glance/api/v2/cached_images.py:69}}
Jun 30 22:33:16.385436 np0000183646 devstack@g-api.service[113971]: INFO glance.image_cache [None req-cbc7c184-3bda-47ec-a4b4-107cabd76d9e None None] Image cache loaded driver 'centralized_db'.
Jun 30 22:33:16.385822 np0000183646 devstack@g-api.service[113969]: INFO glance.image_cache [None req-ac66bd06-a835-4fc5-a756-b1e6887965ee None None] Image cache loaded driver 'centralized_db'.
Jun 30 22:33:16.385992 np0000183646 devstack@g-api.service[113970]: DEBUG dbcounter [-] [113970] Writer thread running {{(pid=113970) stat_writer /opt/stack/data/venv/lib/python3.12/site-packages/dbcounter.py:102}}
Jun 30 22:33:16.390994 np0000183646 devstack@g-api.service[113970]: DEBUG glance.image_cache.drivers.centralized_db [None req-bdbfc77c-ed1e-4887-aedb-83258c03d89f None None] Node reference is already recorded, ignoring it {{(pid=113970) configure /opt/stack/glance/glance/image_cache/drivers/centralized_db.py:71}}
Jun 30 22:33:16.391674 np0000183646 devstack@g-api.service[113968]: DEBUG glance.image_cache.drivers.centralized_db [None req-de07294c-e94b-41ec-9763-57b4b6e1c3a0 None None] Node reference is already recorded, ignoring it {{(pid=113968) configure /opt/stack/glance/glance/image_cache/drivers/centralized_db.py:71}}
Jun 30 22:33:16.394930 np0000183646 devstack@g-api.service[113971]: DEBUG glance.image_cache.drivers.centralized_db [None req-cbc7c184-3bda-47ec-a4b4-107cabd76d9e None None] Node reference is already recorded, ignoring it {{(pid=113971) configure /opt/stack/glance/glance/image_cache/drivers/centralized_db.py:71}}
Jun 30 22:33:16.397129 np0000183646 devstack@g-api.service[113969]: DEBUG glance.image_cache.drivers.centralized_db [None req-ac66bd06-a835-4fc5-a756-b1e6887965ee None None] Node reference is already recorded, ignoring it {{(pid=113969) configure /opt/stack/glance/glance/image_cache/drivers/centralized_db.py:71}}
Jun 30 22:33:16.398993 np0000183646 devstack@g-api.service[113968]: INFO glance.api.middleware.cache [None req-de07294c-e94b-41ec-9763-57b4b6e1c3a0 None None] Initialized image cache middleware
Jun 30 22:33:16.399056 np0000183646 devstack@g-api.service[113970]: INFO glance.image_cache [None req-bdbfc77c-ed1e-4887-aedb-83258c03d89f None None] Image cache loaded driver 'centralized_db'.
Jun 30 22:33:16.403786 np0000183646 devstack@g-api.service[113969]: DEBUG glance.api.v2.cached_images [None req-ac66bd06-a835-4fc5-a756-b1e6887965ee None None] Started cache worker thread {{(pid=113969) __init__ /opt/stack/glance/glance/api/v2/cached_images.py:69}}
Jun 30 22:33:16.404610 np0000183646 devstack@g-api.service[113969]: INFO glance.image_cache [None req-ac66bd06-a835-4fc5-a756-b1e6887965ee None None] Image cache loaded driver 'centralized_db'.
Jun 30 22:33:16.406966 np0000183646 devstack@g-api.service[113971]: INFO glance.api.middleware.cache_manage [None req-cbc7c184-3bda-47ec-a4b4-107cabd76d9e None None] Initialized image cache management middleware
Jun 30 22:33:16.407170 np0000183646 devstack@g-api.service[113971]: INFO glance.image_cache [None req-cbc7c184-3bda-47ec-a4b4-107cabd76d9e None None] Image cache loaded driver 'centralized_db'.
Jun 30 22:33:16.409168 np0000183646 devstack@g-api.service[113970]: DEBUG glance.image_cache.drivers.centralized_db [None req-bdbfc77c-ed1e-4887-aedb-83258c03d89f None None] Node reference is already recorded, ignoring it {{(pid=113970) configure /opt/stack/glance/glance/image_cache/drivers/centralized_db.py:71}}
Jun 30 22:33:16.412503 np0000183646 devstack@g-api.service[113968]: DEBUG glance.common.config [None req-de07294c-e94b-41ec-9763-57b4b6e1c3a0 None None] ******************************************************************************** {{(pid=113968) log_opt_values /opt/stack/data/venv/lib/python3.12/site-packages/oslo_config/cfg.py:3226}}
Jun 30 22:33:16.412503 np0000183646 devstack@g-api.service[113968]: DEBUG glance.common.config [None req-de07294c-e94b-41ec-9763-57b4b6e1c3a0 None None] Configuration options gathered from: {{(pid=113968) log_opt_values /opt/stack/data/venv/lib/python3.12/site-packages/oslo_config/cfg.py:3227}}
Jun 30 22:33:16.412865 np0000183646 devstack@g-api.service[113968]: DEBUG glance.common.config [None req-de07294c-e94b-41ec-9763-57b4b6e1c3a0 None None] command line args: [] {{(pid=113968) log_opt_values /opt/stack/data/venv/lib/python3.12/site-packages/oslo_config/cfg.py:3228}}
Jun 30 22:33:16.412943 np0000183646 devstack@g-api.service[113968]: DEBUG glance.common.config [None req-de07294c-e94b-41ec-9763-57b4b6e1c3a0 None None] config files: ['/etc/glance/glance-image-import.conf', '/etc/glance/glance-api.conf'] {{(pid=113968) log_opt_values /opt/stack/data/venv/lib/python3.12/site-packages/oslo_config/cfg.py:3229}}
Jun 30 22:33:16.413111 np0000183646 devstack@g-api.service[113968]: DEBUG glance.common.config [None req-de07294c-e94b-41ec-9763-57b4b6e1c3a0 None None] ================================================================================ {{(pid=113968) log_opt_values /opt/stack/data/venv/lib/python3.12/site-packages/oslo_config/cfg.py:3234}}
Jun 30 22:33:16.413111 np0000183646 devstack@g-api.service[113968]: DEBUG glance.common.config [None req-de07294c-e94b-41ec-9763-57b4b6e1c3a0 None None] allow_anonymous_access = False {{(pid=113968) log_opt_values /opt/stack/data/venv/lib/python3.12/site-packages/oslo_config/cfg.py:3242}}
Jun 30 22:33:16.413610 np0000183646 devstack@g-api.service[113968]: DEBUG glance.common.config [None req-de07294c-e94b-41ec-9763-57b4b6e1c3a0 None None] api_limit_max = 1000 {{(pid=113968) log_opt_values /opt/stack/data/venv/lib/python3.12/site-packages/oslo_config/cfg.py:3242}}
Jun 30 22:33:16.413610 np0000183646 devstack@g-api.service[113968]: DEBUG glance.common.config [None req-de07294c-e94b-41ec-9763-57b4b6e1c3a0 None None] backlog = 4096 {{(pid=113968) log_opt_values /opt/stack/data/venv/lib/python3.12/site-packages/oslo_config/cfg.py:3242}}
Jun 30 22:33:16.413610 np0000183646 devstack@g-api.service[113968]: DEBUG glance.common.config [None req-de07294c-e94b-41ec-9763-57b4b6e1c3a0 None None] bind_host = 0.0.0.0 {{(pid=113968) log_opt_values /opt/stack/data/venv/lib/python3.12/site-packages/oslo_config/cfg.py:3242}}
Jun 30 22:33:16.413610 np0000183646 devstack@g-api.service[113968]: DEBUG glance.common.config [None req-de07294c-e94b-41ec-9763-57b4b6e1c3a0 None None] bind_port = 19292 {{(pid=113968) log_opt_values /opt/stack/data/venv/lib/python3.12/site-packages/oslo_config/cfg.py:3242}}
Jun 30 22:33:16.414024 np0000183646 devstack@g-api.service[113968]: DEBUG glance.common.config [None req-de07294c-e94b-41ec-9763-57b4b6e1c3a0 None None] client_socket_timeout = 900 {{(pid=113968) log_opt_values /opt/stack/data/venv/lib/python3.12/site-packages/oslo_config/cfg.py:3242}}
Jun 30 22:33:16.414024 np0000183646 devstack@g-api.service[113968]: DEBUG glance.common.config [None req-de07294c-e94b-41ec-9763-57b4b6e1c3a0 None None] config_dir = [] {{(pid=113968) log_opt_values /opt/stack/data/venv/lib/python3.12/site-packages/oslo_config/cfg.py:3242}}
Jun 30 22:33:16.414024 np0000183646 devstack@g-api.service[113968]: DEBUG glance.common.config [None req-de07294c-e94b-41ec-9763-57b4b6e1c3a0 None None] config_file = ['/etc/glance/glance-image-import.conf', '/etc/glance/glance-api.conf'] {{(pid=113968) log_opt_values /opt/stack/data/venv/lib/python3.12/site-packages/oslo_config/cfg.py:3242}}
Jun 30 22:33:16.414024 np0000183646 devstack@g-api.service[113968]: DEBUG glance.common.config [None req-de07294c-e94b-41ec-9763-57b4b6e1c3a0 None None] config_source = [] {{(pid=113968) log_opt_values /opt/stack/data/venv/lib/python3.12/site-packages/oslo_config/cfg.py:3242}}
Jun 30 22:33:16.414024 np0000183646 devstack@g-api.service[113968]: DEBUG glance.common.config [None req-de07294c-e94b-41ec-9763-57b4b6e1c3a0 None None] control_exchange = glance {{(pid=113968) log_opt_values /opt/stack/data/venv/lib/python3.12/site-packages/oslo_config/cfg.py:3242}}
Jun 30 22:33:16.414322 np0000183646 devstack@g-api.service[113968]: DEBUG glance.common.config [None req-de07294c-e94b-41ec-9763-57b4b6e1c3a0 None None] debug = True {{(pid=113968) log_opt_values /opt/stack/data/venv/lib/python3.12/site-packages/oslo_config/cfg.py:3242}}
Jun 30 22:33:16.414322 np0000183646 devstack@g-api.service[113968]: DEBUG glance.common.config [None req-de07294c-e94b-41ec-9763-57b4b6e1c3a0 None None] default_log_levels = ['amqp=WARN', 'boto=WARN', 'sqlalchemy=WARN', 'suds=INFO', 'oslo.messaging=INFO', 'oslo_messaging=INFO', 'iso8601=WARN', 'requests.packages.urllib3.connectionpool=WARN', 'urllib3.connectionpool=WARN', 'websocket=WARN', 'requests.packages.urllib3.util.retry=WARN', 'urllib3.util.retry=WARN', 'keystonemiddleware=WARN', 'routes.middleware=WARN', 'stevedore=WARN', 'taskflow=WARN', 'keystoneauth=WARN', 'oslo.cache=INFO', 'oslo_policy=INFO', 'dogpile.core.dogpile=INFO'] {{(pid=113968) log_opt_values /opt/stack/data/venv/lib/python3.12/site-packages/oslo_config/cfg.py:3242}}
Jun 30 22:33:16.414322 np0000183646 devstack@g-api.service[113968]: DEBUG glance.common.config [None req-de07294c-e94b-41ec-9763-57b4b6e1c3a0 None None] default_publisher_id = image.localhost {{(pid=113968) log_opt_values /opt/stack/data/venv/lib/python3.12/site-packages/oslo_config/cfg.py:3242}}
Jun 30 22:33:16.414627 np0000183646 devstack@g-api.service[113968]: DEBUG glance.common.config [None req-de07294c-e94b-41ec-9763-57b4b6e1c3a0 None None] delayed_delete = False {{(pid=113968) log_opt_values /opt/stack/data/venv/lib/python3.12/site-packages/oslo_config/cfg.py:3242}}
Jun 30 22:33:16.414714 np0000183646 devstack@g-api.service[113969]: DEBUG glance.image_cache.drivers.centralized_db [None req-ac66bd06-a835-4fc5-a756-b1e6887965ee None None] Node reference is already recorded, ignoring it {{(pid=113969) configure /opt/stack/glance/glance/image_cache/drivers/centralized_db.py:71}}
Jun 30 22:33:16.414804 np0000183646 devstack@g-api.service[113968]: DEBUG glance.common.config [None req-de07294c-e94b-41ec-9763-57b4b6e1c3a0 None None] digest_algorithm = sha256 {{(pid=113968) log_opt_values /opt/stack/data/venv/lib/python3.12/site-packages/oslo_config/cfg.py:3242}}
Jun 30 22:33:16.414804 np0000183646 devstack@g-api.service[113968]: DEBUG glance.common.config [None req-de07294c-e94b-41ec-9763-57b4b6e1c3a0 None None] disabled_notifications = [] {{(pid=113968) log_opt_values /opt/stack/data/venv/lib/python3.12/site-packages/oslo_config/cfg.py:3242}}
Jun 30 22:33:16.414804 np0000183646 devstack@g-api.service[113968]: DEBUG glance.common.config [None req-de07294c-e94b-41ec-9763-57b4b6e1c3a0 None None] do_secure_hash = True {{(pid=113968) log_opt_values /opt/stack/data/venv/lib/python3.12/site-packages/oslo_config/cfg.py:3242}}
Jun 30 22:33:16.415072 np0000183646 devstack@g-api.service[113968]: DEBUG glance.common.config [None req-de07294c-e94b-41ec-9763-57b4b6e1c3a0 None None] enabled_backends = None {{(pid=113968) log_opt_values /opt/stack/data/venv/lib/python3.12/site-packages/oslo_config/cfg.py:3242}}
Jun 30 22:33:16.415072 np0000183646 devstack@g-api.service[113968]: DEBUG glance.common.config [None req-de07294c-e94b-41ec-9763-57b4b6e1c3a0 None None] enabled_import_methods = ['glance-direct', 'web-download', 'copy-image'] {{(pid=113968) log_opt_values /opt/stack/data/venv/lib/python3.12/site-packages/oslo_config/cfg.py:3242}}
Jun 30 22:33:16.415072 np0000183646 devstack@g-api.service[113968]: DEBUG glance.common.config [None req-de07294c-e94b-41ec-9763-57b4b6e1c3a0 None None] hashing_algorithm = sha512 {{(pid=113968) log_opt_values /opt/stack/data/venv/lib/python3.12/site-packages/oslo_config/cfg.py:3242}}
Jun 30 22:33:16.415406 np0000183646 devstack@g-api.service[113968]: DEBUG glance.common.config [None req-de07294c-e94b-41ec-9763-57b4b6e1c3a0 None None] http_keepalive = True {{(pid=113968) log_opt_values /opt/stack/data/venv/lib/python3.12/site-packages/oslo_config/cfg.py:3242}}
Jun 30 22:33:16.415406 np0000183646 devstack@g-api.service[113968]: DEBUG glance.common.config [None req-de07294c-e94b-41ec-9763-57b4b6e1c3a0 None None] http_retries = 3 {{(pid=113968) log_opt_values /opt/stack/data/venv/lib/python3.12/site-packages/oslo_config/cfg.py:3242}}
Jun 30 22:33:16.415406 np0000183646 devstack@g-api.service[113968]: DEBUG glance.common.config [None req-de07294c-e94b-41ec-9763-57b4b6e1c3a0 None None] image_cache_dir = /opt/stack/data/glance/cache/ {{(pid=113968) log_opt_values /opt/stack/data/venv/lib/python3.12/site-packages/oslo_config/cfg.py:3242}}
Jun 30 22:33:16.415627 np0000183646 devstack@g-api.service[113968]: DEBUG glance.common.config [None req-de07294c-e94b-41ec-9763-57b4b6e1c3a0 None None] image_cache_driver = centralized_db {{(pid=113968) log_opt_values /opt/stack/data/venv/lib/python3.12/site-packages/oslo_config/cfg.py:3242}}
Jun 30 22:33:16.415627 np0000183646 devstack@g-api.service[113968]: DEBUG glance.common.config [None req-de07294c-e94b-41ec-9763-57b4b6e1c3a0 None None] image_cache_max_size = 10737418240 {{(pid=113968) log_opt_values /opt/stack/data/venv/lib/python3.12/site-packages/oslo_config/cfg.py:3242}}
Jun 30 22:33:16.415746 np0000183646 devstack@g-api.service[113968]: DEBUG glance.common.config [None req-de07294c-e94b-41ec-9763-57b4b6e1c3a0 None None] image_cache_sqlite_db = cache.db {{(pid=113968) log_opt_values /opt/stack/data/venv/lib/python3.12/site-packages/oslo_config/cfg.py:3242}}
Jun 30 22:33:16.415811 np0000183646 devstack@g-api.service[113968]: DEBUG glance.common.config [None req-de07294c-e94b-41ec-9763-57b4b6e1c3a0 None None] image_cache_stall_time = 86400 {{(pid=113968) log_opt_values /opt/stack/data/venv/lib/python3.12/site-packages/oslo_config/cfg.py:3242}}
Jun 30 22:33:16.415901 np0000183646 devstack@g-api.service[113968]: DEBUG glance.common.config [None req-de07294c-e94b-41ec-9763-57b4b6e1c3a0 None None] image_location_quota = 10 {{(pid=113968) log_opt_values /opt/stack/data/venv/lib/python3.12/site-packages/oslo_config/cfg.py:3242}}
Jun 30 22:33:16.416077 np0000183646 devstack@g-api.service[113968]: DEBUG glance.common.config [None req-de07294c-e94b-41ec-9763-57b4b6e1c3a0 None None] image_member_quota = 128 {{(pid=113968) log_opt_values /opt/stack/data/venv/lib/python3.12/site-packages/oslo_config/cfg.py:3242}}
Jun 30 22:33:16.416077 np0000183646 devstack@g-api.service[113968]: DEBUG glance.common.config [None req-de07294c-e94b-41ec-9763-57b4b6e1c3a0 None None] image_property_quota = 128 {{(pid=113968) log_opt_values /opt/stack/data/venv/lib/python3.12/site-packages/oslo_config/cfg.py:3242}}
Jun 30 22:33:16.416267 np0000183646 devstack@g-api.service[113968]: DEBUG glance.common.config [None req-de07294c-e94b-41ec-9763-57b4b6e1c3a0 None None] image_size_cap = 1099511627776 {{(pid=113968) log_opt_values /opt/stack/data/venv/lib/python3.12/site-packages/oslo_config/cfg.py:3242}}
Jun 30 22:33:16.416267 np0000183646 devstack@g-api.service[113968]: DEBUG glance.common.config [None req-de07294c-e94b-41ec-9763-57b4b6e1c3a0 None None] image_tag_quota = 128 {{(pid=113968) log_opt_values /opt/stack/data/venv/lib/python3.12/site-packages/oslo_config/cfg.py:3242}}
Jun 30 22:33:16.416389 np0000183646 devstack@g-api.service[113968]: DEBUG glance.common.config [None req-de07294c-e94b-41ec-9763-57b4b6e1c3a0 None None] instance_format = [instance: %(uuid)s] {{(pid=113968) log_opt_values /opt/stack/data/venv/lib/python3.12/site-packages/oslo_config/cfg.py:3242}}
Jun 30 22:33:16.416639 np0000183646 devstack@g-api.service[113968]: DEBUG glance.common.config [None req-de07294c-e94b-41ec-9763-57b4b6e1c3a0 None None] instance_uuid_format = [instance: %(uuid)s] {{(pid=113968) log_opt_values /opt/stack/data/venv/lib/python3.12/site-packages/oslo_config/cfg.py:3242}}
Jun 30 22:33:16.416639 np0000183646 devstack@g-api.service[113968]: DEBUG glance.common.config [None req-de07294c-e94b-41ec-9763-57b4b6e1c3a0 None None] limit_param_default = 25 {{(pid=113968) log_opt_values /opt/stack/data/venv/lib/python3.12/site-packages/oslo_config/cfg.py:3242}}
Jun 30 22:33:16.416849 np0000183646 devstack@g-api.service[113968]: DEBUG glance.common.config [None req-de07294c-e94b-41ec-9763-57b4b6e1c3a0 None None] log_color = False {{(pid=113968) log_opt_values /opt/stack/data/venv/lib/python3.12/site-packages/oslo_config/cfg.py:3242}}
Jun 30 22:33:16.416924 np0000183646 devstack@g-api.service[113970]: DEBUG glance.api.v2.cached_images [None req-bdbfc77c-ed1e-4887-aedb-83258c03d89f None None] Started cache worker thread {{(pid=113970) __init__ /opt/stack/glance/glance/api/v2/cached_images.py:69}}
Jun 30 22:33:16.416984 np0000183646 devstack@g-api.service[113968]: DEBUG glance.common.config [None req-de07294c-e94b-41ec-9763-57b4b6e1c3a0 None None] log_config_append = None {{(pid=113968) log_opt_values /opt/stack/data/venv/lib/python3.12/site-packages/oslo_config/cfg.py:3242}}
Jun 30 22:33:16.416984 np0000183646 devstack@g-api.service[113968]: DEBUG glance.common.config [None req-de07294c-e94b-41ec-9763-57b4b6e1c3a0 None None] log_date_format = %Y-%m-%d %H:%M:%S {{(pid=113968) log_opt_values /opt/stack/data/venv/lib/python3.12/site-packages/oslo_config/cfg.py:3242}}
Jun 30 22:33:16.416984 np0000183646 devstack@g-api.service[113968]: DEBUG glance.common.config [None req-de07294c-e94b-41ec-9763-57b4b6e1c3a0 None None] log_dir = None {{(pid=113968) log_opt_values /opt/stack/data/venv/lib/python3.12/site-packages/oslo_config/cfg.py:3242}}
Jun 30 22:33:16.417283 np0000183646 devstack@g-api.service[113968]: DEBUG glance.common.config [None req-de07294c-e94b-41ec-9763-57b4b6e1c3a0 None None] log_file = None {{(pid=113968) log_opt_values /opt/stack/data/venv/lib/python3.12/site-packages/oslo_config/cfg.py:3242}}
Jun 30 22:33:16.417283 np0000183646 devstack@g-api.service[113968]: DEBUG glance.common.config [None req-de07294c-e94b-41ec-9763-57b4b6e1c3a0 None None] log_rotate_interval = 1 {{(pid=113968) log_opt_values /opt/stack/data/venv/lib/python3.12/site-packages/oslo_config/cfg.py:3242}}
Jun 30 22:33:16.417283 np0000183646 devstack@g-api.service[113968]: DEBUG glance.common.config [None req-de07294c-e94b-41ec-9763-57b4b6e1c3a0 None None] log_rotate_interval_type = days {{(pid=113968) log_opt_values /opt/stack/data/venv/lib/python3.12/site-packages/oslo_config/cfg.py:3242}}
Jun 30 22:33:16.417560 np0000183646 devstack@g-api.service[113970]: INFO glance.image_cache [None req-bdbfc77c-ed1e-4887-aedb-83258c03d89f None None] Image cache loaded driver 'centralized_db'.
Jun 30 22:33:16.418718 np0000183646 devstack@g-api.service[113968]: DEBUG glance.common.config [None req-de07294c-e94b-41ec-9763-57b4b6e1c3a0 None None] log_rotation_type = none {{(pid=113968) log_opt_values /opt/stack/data/venv/lib/python3.12/site-packages/oslo_config/cfg.py:3242}}
Jun 30 22:33:16.418718 np0000183646 devstack@g-api.service[113968]: DEBUG glance.common.config [None req-de07294c-e94b-41ec-9763-57b4b6e1c3a0 None None] logging_context_format_string = %(color)s%(levelname)s %(name)s [%(global_request_id)s %(request_id)s %(project_name)s %(user_name)s%(color)s] %(instance)s%(color)s%(message)s {{(pid=113968) log_opt_values /opt/stack/data/venv/lib/python3.12/site-packages/oslo_config/cfg.py:3242}}
Jun 30 22:33:16.418718 np0000183646 devstack@g-api.service[113968]: DEBUG glance.common.config [None req-de07294c-e94b-41ec-9763-57b4b6e1c3a0 None None] logging_debug_format_suffix = {{(pid=%(process)d) %(funcName)s %(pathname)s:%(lineno)d}} {{(pid=113968) log_opt_values /opt/stack/data/venv/lib/python3.12/site-packages/oslo_config/cfg.py:3242}}
Jun 30 22:33:16.418718 np0000183646 devstack@g-api.service[113968]: DEBUG glance.common.config [None req-de07294c-e94b-41ec-9763-57b4b6e1c3a0 None None] logging_default_format_string = %(color)s%(levelname)s %(name)s [-%(color)s] %(instance)s%(color)s%(message)s {{(pid=113968) log_opt_values /opt/stack/data/venv/lib/python3.12/site-packages/oslo_config/cfg.py:3242}}
Jun 30 22:33:16.418718 np0000183646 devstack@g-api.service[113968]: DEBUG glance.common.config [None req-de07294c-e94b-41ec-9763-57b4b6e1c3a0 None None] logging_exception_prefix = ERROR %(name)s %(instance)s {{(pid=113968) log_opt_values /opt/stack/data/venv/lib/python3.12/site-packages/oslo_config/cfg.py:3242}}
Jun 30 22:33:16.419654 np0000183646 devstack@g-api.service[113968]: DEBUG glance.common.config [None req-de07294c-e94b-41ec-9763-57b4b6e1c3a0 None None] logging_user_identity_format = %(user)s %(project)s %(domain)s %(system_scope)s %(user_domain)s %(project_domain)s {{(pid=113968) log_opt_values /opt/stack/data/venv/lib/python3.12/site-packages/oslo_config/cfg.py:3242}}
Jun 30 22:33:16.419654 np0000183646 devstack@g-api.service[113968]: DEBUG glance.common.config [None req-de07294c-e94b-41ec-9763-57b4b6e1c3a0 None None] max_header_line = 16384 {{(pid=113968) log_opt_values /opt/stack/data/venv/lib/python3.12/site-packages/oslo_config/cfg.py:3242}}
Jun 30 22:33:16.419654 np0000183646 devstack@g-api.service[113968]: DEBUG glance.common.config [None req-de07294c-e94b-41ec-9763-57b4b6e1c3a0 None None] max_logfile_count = 30 {{(pid=113968) log_opt_values /opt/stack/data/venv/lib/python3.12/site-packages/oslo_config/cfg.py:3242}}
Jun 30 22:33:16.419654 np0000183646 devstack@g-api.service[113968]: DEBUG glance.common.config [None req-de07294c-e94b-41ec-9763-57b4b6e1c3a0 None None] max_logfile_size_mb = 200 {{(pid=113968) log_opt_values /opt/stack/data/venv/lib/python3.12/site-packages/oslo_config/cfg.py:3242}}
Jun 30 22:33:16.419940 np0000183646 devstack@g-api.service[113971]: DEBUG glance.image_cache.drivers.centralized_db [None req-cbc7c184-3bda-47ec-a4b4-107cabd76d9e None None] Node reference is already recorded, ignoring it {{(pid=113971) configure /opt/stack/glance/glance/image_cache/drivers/centralized_db.py:71}}
Jun 30 22:33:16.420008 np0000183646 devstack@g-api.service[113968]: DEBUG glance.common.config [None req-de07294c-e94b-41ec-9763-57b4b6e1c3a0 None None] max_request_id_length = 64 {{(pid=113968) log_opt_values /opt/stack/data/venv/lib/python3.12/site-packages/oslo_config/cfg.py:3242}}
Jun 30 22:33:16.420008 np0000183646 devstack@g-api.service[113968]: DEBUG glance.common.config [None req-de07294c-e94b-41ec-9763-57b4b6e1c3a0 None None] metadata_encryption_key = **** {{(pid=113968) log_opt_values /opt/stack/data/venv/lib/python3.12/site-packages/oslo_config/cfg.py:3242}}
Jun 30 22:33:16.420008 np0000183646 devstack@g-api.service[113968]: DEBUG glance.common.config [None req-de07294c-e94b-41ec-9763-57b4b6e1c3a0 None None] node_staging_uri = file:///tmp/staging/ {{(pid=113968) log_opt_values /opt/stack/data/venv/lib/python3.12/site-packages/oslo_config/cfg.py:3242}}
Jun 30 22:33:16.420008 np0000183646 devstack@g-api.service[113968]: DEBUG glance.common.config [None req-de07294c-e94b-41ec-9763-57b4b6e1c3a0 None None] property_protection_file = None {{(pid=113968) log_opt_values /opt/stack/data/venv/lib/python3.12/site-packages/oslo_config/cfg.py:3242}}
Jun 30 22:33:16.420008 np0000183646 devstack@g-api.service[113968]: DEBUG glance.common.config [None req-de07294c-e94b-41ec-9763-57b4b6e1c3a0 None None] property_protection_rule_format = roles {{(pid=113968) log_opt_values /opt/stack/data/venv/lib/python3.12/site-packages/oslo_config/cfg.py:3242}}
Jun 30 22:33:16.420008 np0000183646 devstack@g-api.service[113968]: DEBUG glance.common.config [None req-de07294c-e94b-41ec-9763-57b4b6e1c3a0 None None] public_endpoint = https://199.204.45.74/image {{(pid=113968) log_opt_values /opt/stack/data/venv/lib/python3.12/site-packages/oslo_config/cfg.py:3242}}
Jun 30 22:33:16.420008 np0000183646 devstack@g-api.service[113968]: DEBUG glance.common.config [None req-de07294c-e94b-41ec-9763-57b4b6e1c3a0 None None] publish_errors = False {{(pid=113968) log_opt_values /opt/stack/data/venv/lib/python3.12/site-packages/oslo_config/cfg.py:3242}}
Jun 30 22:33:16.420486 np0000183646 devstack@g-api.service[113968]: DEBUG glance.common.config [None req-de07294c-e94b-41ec-9763-57b4b6e1c3a0 None None] pydev_worker_debug_host = None {{(pid=113968) log_opt_values /opt/stack/data/venv/lib/python3.12/site-packages/oslo_config/cfg.py:3242}}
Jun 30 22:33:16.420486 np0000183646 devstack@g-api.service[113968]: DEBUG glance.common.config [None req-de07294c-e94b-41ec-9763-57b4b6e1c3a0 None None] pydev_worker_debug_port = 5678 {{(pid=113968) log_opt_values /opt/stack/data/venv/lib/python3.12/site-packages/oslo_config/cfg.py:3242}}
Jun 30 22:33:16.420486 np0000183646 devstack@g-api.service[113968]: DEBUG glance.common.config [None req-de07294c-e94b-41ec-9763-57b4b6e1c3a0 None None] rate_limit_burst = 0 {{(pid=113968) log_opt_values /opt/stack/data/venv/lib/python3.12/site-packages/oslo_config/cfg.py:3242}}
Jun 30 22:33:16.420486 np0000183646 devstack@g-api.service[113968]: DEBUG glance.common.config [None req-de07294c-e94b-41ec-9763-57b4b6e1c3a0 None None] rate_limit_except_level = CRITICAL {{(pid=113968) log_opt_values /opt/stack/data/venv/lib/python3.12/site-packages/oslo_config/cfg.py:3242}}
Jun 30 22:33:16.420486 np0000183646 devstack@g-api.service[113968]: DEBUG glance.common.config [None req-de07294c-e94b-41ec-9763-57b4b6e1c3a0 None None] rate_limit_interval = 0 {{(pid=113968) log_opt_values /opt/stack/data/venv/lib/python3.12/site-packages/oslo_config/cfg.py:3242}}
Jun 30 22:33:16.420486 np0000183646 devstack@g-api.service[113968]: DEBUG glance.common.config [None req-de07294c-e94b-41ec-9763-57b4b6e1c3a0 None None] scrub_pool_size = 1 {{(pid=113968) log_opt_values /opt/stack/data/venv/lib/python3.12/site-packages/oslo_config/cfg.py:3242}}
Jun 30 22:33:16.420486 np0000183646 devstack@g-api.service[113968]: DEBUG glance.common.config [None req-de07294c-e94b-41ec-9763-57b4b6e1c3a0 None None] scrub_time = 0 {{(pid=113968) log_opt_values /opt/stack/data/venv/lib/python3.12/site-packages/oslo_config/cfg.py:3242}}
Jun 30 22:33:16.420935 np0000183646 devstack@g-api.service[113968]: DEBUG glance.common.config [None req-de07294c-e94b-41ec-9763-57b4b6e1c3a0 None None] shell_completion = None {{(pid=113968) log_opt_values /opt/stack/data/venv/lib/python3.12/site-packages/oslo_config/cfg.py:3242}}
Jun 30 22:33:16.420935 np0000183646 devstack@g-api.service[113968]: DEBUG glance.common.config [None req-de07294c-e94b-41ec-9763-57b4b6e1c3a0 None None] show_image_direct_url = False {{(pid=113968) log_opt_values /opt/stack/data/venv/lib/python3.12/site-packages/oslo_config/cfg.py:3242}}
Jun 30 22:33:16.420935 np0000183646 devstack@g-api.service[113968]: WARNING oslo_config.cfg [None req-de07294c-e94b-41ec-9763-57b4b6e1c3a0 None None] Deprecated: Option "show_multiple_locations" from group "DEFAULT" is deprecated for removal (Use of this option, deprecated since Newton, is a security risk and will be removed once we figure out a way to satisfy those use cases that currently require it. An earlier announcement that the same functionality can be achieved with greater granularity by using policies is incorrect. You cannot work around this option via policy configuration at the present time, though that is the direction we believe the fix will take. Please keep an eye on the Glance release notes to stay up to date on progress in addressing this issue.). Its value may be silently ignored in the future.
Jun 30 22:33:16.420935 np0000183646 devstack@g-api.service[113968]: DEBUG glance.common.config [None req-de07294c-e94b-41ec-9763-57b4b6e1c3a0 None None] show_multiple_locations = False {{(pid=113968) log_opt_values /opt/stack/data/venv/lib/python3.12/site-packages/oslo_config/cfg.py:3242}}
Jun 30 22:33:16.420935 np0000183646 devstack@g-api.service[113968]: DEBUG glance.common.config [None req-de07294c-e94b-41ec-9763-57b4b6e1c3a0 None None] syslog_log_facility = LOG_USER {{(pid=113968) log_opt_values /opt/stack/data/venv/lib/python3.12/site-packages/oslo_config/cfg.py:3242}}
Jun 30 22:33:16.421375 np0000183646 devstack@g-api.service[113968]: DEBUG glance.common.config [None req-de07294c-e94b-41ec-9763-57b4b6e1c3a0 None None] tcp_keepidle = 600 {{(pid=113968) log_opt_values /opt/stack/data/venv/lib/python3.12/site-packages/oslo_config/cfg.py:3242}}
Jun 30 22:33:16.421375 np0000183646 devstack@g-api.service[113968]: DEBUG glance.common.config [None req-de07294c-e94b-41ec-9763-57b4b6e1c3a0 None None] transport_url = **** {{(pid=113968) log_opt_values /opt/stack/data/venv/lib/python3.12/site-packages/oslo_config/cfg.py:3242}}
Jun 30 22:33:16.421375 np0000183646 devstack@g-api.service[113968]: DEBUG glance.common.config [None req-de07294c-e94b-41ec-9763-57b4b6e1c3a0 None None] use_journal = False {{(pid=113968) log_opt_values /opt/stack/data/venv/lib/python3.12/site-packages/oslo_config/cfg.py:3242}}
Jun 30 22:33:16.421375 np0000183646 devstack@g-api.service[113968]: DEBUG glance.common.config [None req-de07294c-e94b-41ec-9763-57b4b6e1c3a0 None None] use_json = False {{(pid=113968) log_opt_values /opt/stack/data/venv/lib/python3.12/site-packages/oslo_config/cfg.py:3242}}
Jun 30 22:33:16.421375 np0000183646 devstack@g-api.service[113968]: DEBUG glance.common.config [None req-de07294c-e94b-41ec-9763-57b4b6e1c3a0 None None] use_keystone_limits = True {{(pid=113968) log_opt_values /opt/stack/data/venv/lib/python3.12/site-packages/oslo_config/cfg.py:3242}}
Jun 30 22:33:16.421375 np0000183646 devstack@g-api.service[113968]: DEBUG glance.common.config [None req-de07294c-e94b-41ec-9763-57b4b6e1c3a0 None None] use_stderr = False {{(pid=113968) log_opt_values /opt/stack/data/venv/lib/python3.12/site-packages/oslo_config/cfg.py:3242}}
Jun 30 22:33:16.421375 np0000183646 devstack@g-api.service[113968]: DEBUG glance.common.config [None req-de07294c-e94b-41ec-9763-57b4b6e1c3a0 None None] use_syslog = False {{(pid=113968) log_opt_values /opt/stack/data/venv/lib/python3.12/site-packages/oslo_config/cfg.py:3242}}
Jun 30 22:33:16.422133 np0000183646 devstack@g-api.service[113968]: DEBUG glance.common.config [None req-de07294c-e94b-41ec-9763-57b4b6e1c3a0 None None] user_storage_quota = 0 {{(pid=113968) log_opt_values /opt/stack/data/venv/lib/python3.12/site-packages/oslo_config/cfg.py:3242}}
Jun 30 22:33:16.422133 np0000183646 devstack@g-api.service[113968]: DEBUG glance.common.config [None req-de07294c-e94b-41ec-9763-57b4b6e1c3a0 None None] worker_self_reference_url = http://127.0.0.1:60999 {{(pid=113968) log_opt_values /opt/stack/data/venv/lib/python3.12/site-packages/oslo_config/cfg.py:3242}}
Jun 30 22:33:16.422133 np0000183646 devstack@g-api.service[113968]: DEBUG glance.common.config [None req-de07294c-e94b-41ec-9763-57b4b6e1c3a0 None None] workers = None {{(pid=113968) log_opt_values /opt/stack/data/venv/lib/python3.12/site-packages/oslo_config/cfg.py:3242}}
Jun 30 22:33:16.422133 np0000183646 devstack@g-api.service[113968]: DEBUG glance.common.config [None req-de07294c-e94b-41ec-9763-57b4b6e1c3a0 None None] oslo_concurrency.disable_process_locking = False {{(pid=113968) log_opt_values /opt/stack/data/venv/lib/python3.12/site-packages/oslo_config/cfg.py:3253}}
Jun 30 22:33:16.422133 np0000183646 devstack@g-api.service[113968]: DEBUG glance.common.config [None req-de07294c-e94b-41ec-9763-57b4b6e1c3a0 None None] oslo_concurrency.lock_path = /opt/stack/data/glance/locks {{(pid=113968) log_opt_values /opt/stack/data/venv/lib/python3.12/site-packages/oslo_config/cfg.py:3253}}
Jun 30 22:33:16.422133 np0000183646 devstack@g-api.service[113968]: DEBUG glance.common.config [None req-de07294c-e94b-41ec-9763-57b4b6e1c3a0 None None] oslo_middleware.enable_proxy_headers_parsing = False {{(pid=113968) log_opt_values /opt/stack/data/venv/lib/python3.12/site-packages/oslo_config/cfg.py:3253}}
Jun 30 22:33:16.422133 np0000183646 devstack@g-api.service[113968]: DEBUG glance.common.config [None req-de07294c-e94b-41ec-9763-57b4b6e1c3a0 None None] oslo_middleware.http_basic_auth_user_file = /etc/htpasswd {{(pid=113968) log_opt_values /opt/stack/data/venv/lib/python3.12/site-packages/oslo_config/cfg.py:3253}}
Jun 30 22:33:16.422600 np0000183646 devstack@g-api.service[113969]: INFO glance.api.middleware.cache_manage [None req-ac66bd06-a835-4fc5-a756-b1e6887965ee None None] Initialized image cache management middleware
Jun 30 22:33:16.422674 np0000183646 devstack@g-api.service[113968]: DEBUG glance.common.config [None req-de07294c-e94b-41ec-9763-57b4b6e1c3a0 None None] paste_deploy.config_file = None {{(pid=113968) log_opt_values /opt/stack/data/venv/lib/python3.12/site-packages/oslo_config/cfg.py:3253}}
Jun 30 22:33:16.422674 np0000183646 devstack@g-api.service[113968]: DEBUG glance.common.config [None req-de07294c-e94b-41ec-9763-57b4b6e1c3a0 None None] paste_deploy.flavor = keystone+cachemanagement {{(pid=113968) log_opt_values /opt/stack/data/venv/lib/python3.12/site-packages/oslo_config/cfg.py:3253}}
Jun 30 22:33:16.422816 np0000183646 devstack@g-api.service[113969]: INFO glance.image_cache [None req-ac66bd06-a835-4fc5-a756-b1e6887965ee None None] Image cache loaded driver 'centralized_db'.
Jun 30 22:33:16.422876 np0000183646 devstack@g-api.service[113968]: DEBUG glance.common.config [None req-de07294c-e94b-41ec-9763-57b4b6e1c3a0 None None] image_format.container_formats = ['ami', 'ari', 'aki', 'bare', 'ovf', 'ova', 'docker', 'compressed'] {{(pid=113968) log_opt_values /opt/stack/data/venv/lib/python3.12/site-packages/oslo_config/cfg.py:3253}}
Jun 30 22:33:16.422876 np0000183646 devstack@g-api.service[113968]: DEBUG glance.common.config [None req-de07294c-e94b-41ec-9763-57b4b6e1c3a0 None None] image_format.disk_formats = ['ami', 'ari', 'aki', 'vhd', 'vhdx', 'vmdk', 'raw', 'qcow2', 'vdi', 'iso', 'ploop'] {{(pid=113968) log_opt_values /opt/stack/data/venv/lib/python3.12/site-packages/oslo_config/cfg.py:3253}}
Jun 30 22:33:16.422876 np0000183646 devstack@g-api.service[113968]: DEBUG glance.common.config [None req-de07294c-e94b-41ec-9763-57b4b6e1c3a0 None None] image_format.gpt_safety_checks_nonfatal = [] {{(pid=113968) log_opt_values /opt/stack/data/venv/lib/python3.12/site-packages/oslo_config/cfg.py:3253}}
Jun 30 22:33:16.422876 np0000183646 devstack@g-api.service[113968]: DEBUG glance.common.config [None req-de07294c-e94b-41ec-9763-57b4b6e1c3a0 None None] image_format.require_image_format_match = True {{(pid=113968) log_opt_values /opt/stack/data/venv/lib/python3.12/site-packages/oslo_config/cfg.py:3253}}
Jun 30 22:33:16.422876 np0000183646 devstack@g-api.service[113968]: DEBUG glance.common.config [None req-de07294c-e94b-41ec-9763-57b4b6e1c3a0 None None] image_format.vmdk_allowed_types = ['streamOptimized', 'monolithicSparse'] {{(pid=113968) log_opt_values /opt/stack/data/venv/lib/python3.12/site-packages/oslo_config/cfg.py:3253}}
Jun 30 22:33:16.423327 np0000183646 devstack@g-api.service[113971]: INFO glance.api.middleware.cache [None req-cbc7c184-3bda-47ec-a4b4-107cabd76d9e None None] Initialized image cache middleware
Jun 30 22:33:16.423422 np0000183646 devstack@g-api.service[113968]: DEBUG glance.common.config [None req-de07294c-e94b-41ec-9763-57b4b6e1c3a0 None None] task.task_executor = taskflow {{(pid=113968) log_opt_values /opt/stack/data/venv/lib/python3.12/site-packages/oslo_config/cfg.py:3253}}
Jun 30 22:33:16.423422 np0000183646 devstack@g-api.service[113968]: DEBUG glance.common.config [None req-de07294c-e94b-41ec-9763-57b4b6e1c3a0 None None] task.task_time_to_live = 48 {{(pid=113968) log_opt_values /opt/stack/data/venv/lib/python3.12/site-packages/oslo_config/cfg.py:3253}}
Jun 30 22:33:16.423422 np0000183646 devstack@g-api.service[113968]: DEBUG glance.common.config [None req-de07294c-e94b-41ec-9763-57b4b6e1c3a0 None None] task.work_dir = None {{(pid=113968) log_opt_values /opt/stack/data/venv/lib/python3.12/site-packages/oslo_config/cfg.py:3253}}
Jun 30 22:33:16.423422 np0000183646 devstack@g-api.service[113968]: DEBUG glance.common.config [None req-de07294c-e94b-41ec-9763-57b4b6e1c3a0 None None] wsgi.python_interpreter = /opt/stack/data/venv/bin/python3 {{(pid=113968) log_opt_values /opt/stack/data/venv/lib/python3.12/site-packages/oslo_config/cfg.py:3253}}
Jun 30 22:33:16.423422 np0000183646 devstack@g-api.service[113968]: DEBUG glance.common.config [None req-de07294c-e94b-41ec-9763-57b4b6e1c3a0 None None] wsgi.task_pool_threads = 16 {{(pid=113968) log_opt_values /opt/stack/data/venv/lib/python3.12/site-packages/oslo_config/cfg.py:3253}}
Jun 30 22:33:16.423422 np0000183646 devstack@g-api.service[113968]: DEBUG glance.common.config [None req-de07294c-e94b-41ec-9763-57b4b6e1c3a0 None None] import_filtering_opts.allowed_hosts = [] {{(pid=113968) log_opt_values /opt/stack/data/venv/lib/python3.12/site-packages/oslo_config/cfg.py:3253}}
Jun 30 22:33:16.423422 np0000183646 devstack@g-api.service[113968]: DEBUG glance.common.config [None req-de07294c-e94b-41ec-9763-57b4b6e1c3a0 None None] import_filtering_opts.allowed_ports = [80, 443] {{(pid=113968) log_opt_values /opt/stack/data/venv/lib/python3.12/site-packages/oslo_config/cfg.py:3253}}
Jun 30 22:33:16.424077 np0000183646 devstack@g-api.service[113968]: DEBUG glance.common.config [None req-de07294c-e94b-41ec-9763-57b4b6e1c3a0 None None] import_filtering_opts.allowed_schemes = ['http', 'https'] {{(pid=113968) log_opt_values /opt/stack/data/venv/lib/python3.12/site-packages/oslo_config/cfg.py:3253}}
Jun 30 22:33:16.424077 np0000183646 devstack@g-api.service[113968]: DEBUG glance.common.config [None req-de07294c-e94b-41ec-9763-57b4b6e1c3a0 None None] import_filtering_opts.disallowed_hosts = [] {{(pid=113968) log_opt_values /opt/stack/data/venv/lib/python3.12/site-packages/oslo_config/cfg.py:3253}}
Jun 30 22:33:16.424077 np0000183646 devstack@g-api.service[113968]: DEBUG glance.common.config [None req-de07294c-e94b-41ec-9763-57b4b6e1c3a0 None None] import_filtering_opts.disallowed_ports = [] {{(pid=113968) log_opt_values /opt/stack/data/venv/lib/python3.12/site-packages/oslo_config/cfg.py:3253}}
Jun 30 22:33:16.424077 np0000183646 devstack@g-api.service[113968]: DEBUG glance.common.config [None req-de07294c-e94b-41ec-9763-57b4b6e1c3a0 None None] import_filtering_opts.disallowed_schemes = [] {{(pid=113968) log_opt_values /opt/stack/data/venv/lib/python3.12/site-packages/oslo_config/cfg.py:3253}}
Jun 30 22:33:16.424077 np0000183646 devstack@g-api.service[113968]: DEBUG glance.common.config [None req-de07294c-e94b-41ec-9763-57b4b6e1c3a0 None None] oslo_messaging_metrics.metrics_buffer_size = 1000 {{(pid=113968) log_opt_values /opt/stack/data/venv/lib/python3.12/site-packages/oslo_config/cfg.py:3253}}
Jun 30 22:33:16.424077 np0000183646 devstack@g-api.service[113968]: DEBUG glance.common.config [None req-de07294c-e94b-41ec-9763-57b4b6e1c3a0 None None] oslo_messaging_metrics.metrics_enabled = False {{(pid=113968) log_opt_values /opt/stack/data/venv/lib/python3.12/site-packages/oslo_config/cfg.py:3253}}
Jun 30 22:33:16.424077 np0000183646 devstack@g-api.service[113968]: DEBUG glance.common.config [None req-de07294c-e94b-41ec-9763-57b4b6e1c3a0 None None] oslo_messaging_metrics.metrics_process_name = {{(pid=113968) log_opt_values /opt/stack/data/venv/lib/python3.12/site-packages/oslo_config/cfg.py:3253}}
Jun 30 22:33:16.424598 np0000183646 devstack@g-api.service[113968]: DEBUG glance.common.config [None req-de07294c-e94b-41ec-9763-57b4b6e1c3a0 None None] oslo_messaging_metrics.metrics_socket_file = /var/tmp/metrics_collector.sock {{(pid=113968) log_opt_values /opt/stack/data/venv/lib/python3.12/site-packages/oslo_config/cfg.py:3253}}
Jun 30 22:33:16.424598 np0000183646 devstack@g-api.service[113968]: DEBUG glance.common.config [None req-de07294c-e94b-41ec-9763-57b4b6e1c3a0 None None] oslo_messaging_metrics.metrics_thread_stop_timeout = 10 {{(pid=113968) log_opt_values /opt/stack/data/venv/lib/python3.12/site-packages/oslo_config/cfg.py:3253}}
Jun 30 22:33:16.424598 np0000183646 devstack@g-api.service[113968]: DEBUG glance.common.config [None req-de07294c-e94b-41ec-9763-57b4b6e1c3a0 None None] profiler.connection_string = messaging:// {{(pid=113968) log_opt_values /opt/stack/data/venv/lib/python3.12/site-packages/oslo_config/cfg.py:3253}}
Jun 30 22:33:16.424598 np0000183646 devstack@g-api.service[113968]: DEBUG glance.common.config [None req-de07294c-e94b-41ec-9763-57b4b6e1c3a0 None None] profiler.enabled = False {{(pid=113968) log_opt_values /opt/stack/data/venv/lib/python3.12/site-packages/oslo_config/cfg.py:3253}}
Jun 30 22:33:16.424598 np0000183646 devstack@g-api.service[113968]: DEBUG glance.common.config [None req-de07294c-e94b-41ec-9763-57b4b6e1c3a0 None None] profiler.es_doc_type = notification {{(pid=113968) log_opt_values /opt/stack/data/venv/lib/python3.12/site-packages/oslo_config/cfg.py:3253}}
Jun 30 22:33:16.424598 np0000183646 devstack@g-api.service[113968]: DEBUG glance.common.config [None req-de07294c-e94b-41ec-9763-57b4b6e1c3a0 None None] profiler.es_scroll_size = 10000 {{(pid=113968) log_opt_values /opt/stack/data/venv/lib/python3.12/site-packages/oslo_config/cfg.py:3253}}
Jun 30 22:33:16.424598 np0000183646 devstack@g-api.service[113968]: DEBUG glance.common.config [None req-de07294c-e94b-41ec-9763-57b4b6e1c3a0 None None] profiler.es_scroll_time = 2m {{(pid=113968) log_opt_values /opt/stack/data/venv/lib/python3.12/site-packages/oslo_config/cfg.py:3253}}
Jun 30 22:33:16.425121 np0000183646 devstack@g-api.service[113968]: DEBUG glance.common.config [None req-de07294c-e94b-41ec-9763-57b4b6e1c3a0 None None] profiler.filter_error_trace = False {{(pid=113968) log_opt_values /opt/stack/data/venv/lib/python3.12/site-packages/oslo_config/cfg.py:3253}}
Jun 30 22:33:16.425121 np0000183646 devstack@g-api.service[113968]: DEBUG glance.common.config [None req-de07294c-e94b-41ec-9763-57b4b6e1c3a0 None None] profiler.hmac_keys = **** {{(pid=113968) log_opt_values /opt/stack/data/venv/lib/python3.12/site-packages/oslo_config/cfg.py:3253}}
Jun 30 22:33:16.425121 np0000183646 devstack@g-api.service[113968]: DEBUG glance.common.config [None req-de07294c-e94b-41ec-9763-57b4b6e1c3a0 None None] profiler.sentinel_service_name = mymaster {{(pid=113968) log_opt_values /opt/stack/data/venv/lib/python3.12/site-packages/oslo_config/cfg.py:3253}}
Jun 30 22:33:16.425121 np0000183646 devstack@g-api.service[113968]: DEBUG glance.common.config [None req-de07294c-e94b-41ec-9763-57b4b6e1c3a0 None None] profiler.socket_timeout = 0.1 {{(pid=113968) log_opt_values /opt/stack/data/venv/lib/python3.12/site-packages/oslo_config/cfg.py:3253}}
Jun 30 22:33:16.425121 np0000183646 devstack@g-api.service[113968]: DEBUG glance.common.config [None req-de07294c-e94b-41ec-9763-57b4b6e1c3a0 None None] profiler.trace_requests = False {{(pid=113968) log_opt_values /opt/stack/data/venv/lib/python3.12/site-packages/oslo_config/cfg.py:3253}}
Jun 30 22:33:16.425121 np0000183646 devstack@g-api.service[113968]: DEBUG glance.common.config [None req-de07294c-e94b-41ec-9763-57b4b6e1c3a0 None None] profiler.trace_sqlalchemy = False {{(pid=113968) log_opt_values /opt/stack/data/venv/lib/python3.12/site-packages/oslo_config/cfg.py:3253}}
Jun 30 22:33:16.425121 np0000183646 devstack@g-api.service[113968]: DEBUG glance.common.config [None req-de07294c-e94b-41ec-9763-57b4b6e1c3a0 None None] profiler_jaeger.process_tags = {} {{(pid=113968) log_opt_values /opt/stack/data/venv/lib/python3.12/site-packages/oslo_config/cfg.py:3253}}
Jun 30 22:33:16.425669 np0000183646 devstack@g-api.service[113968]: DEBUG glance.common.config [None req-de07294c-e94b-41ec-9763-57b4b6e1c3a0 None None] profiler_jaeger.service_name_prefix = None {{(pid=113968) log_opt_values /opt/stack/data/venv/lib/python3.12/site-packages/oslo_config/cfg.py:3253}}
Jun 30 22:33:16.425669 np0000183646 devstack@g-api.service[113968]: DEBUG glance.common.config [None req-de07294c-e94b-41ec-9763-57b4b6e1c3a0 None None] profiler_otlp.service_name_prefix = None {{(pid=113968) log_opt_values /opt/stack/data/venv/lib/python3.12/site-packages/oslo_config/cfg.py:3253}}
Jun 30 22:33:16.425669 np0000183646 devstack@g-api.service[113968]: DEBUG glance.common.config [None req-de07294c-e94b-41ec-9763-57b4b6e1c3a0 None None] os_brick.lightos_discovery_client_address = localhost {{(pid=113968) log_opt_values /opt/stack/data/venv/lib/python3.12/site-packages/oslo_config/cfg.py:3253}}
Jun 30 22:33:16.425669 np0000183646 devstack@g-api.service[113968]: DEBUG glance.common.config [None req-de07294c-e94b-41ec-9763-57b4b6e1c3a0 None None] os_brick.lightos_discovery_client_dir_path = /etc/discovery-client/discovery.d/ {{(pid=113968) log_opt_values /opt/stack/data/venv/lib/python3.12/site-packages/oslo_config/cfg.py:3253}}
Jun 30 22:33:16.425669 np0000183646 devstack@g-api.service[113968]: DEBUG glance.common.config [None req-de07294c-e94b-41ec-9763-57b4b6e1c3a0 None None] os_brick.lightos_discovery_client_port = 6060 {{(pid=113968) log_opt_values /opt/stack/data/venv/lib/python3.12/site-packages/oslo_config/cfg.py:3253}}
Jun 30 22:33:16.425938 np0000183646 devstack@g-api.service[113968]: DEBUG glance.common.config [None req-de07294c-e94b-41ec-9763-57b4b6e1c3a0 None None] os_brick.lock_path = /opt/stack/data/os_brick {{(pid=113968) log_opt_values /opt/stack/data/venv/lib/python3.12/site-packages/oslo_config/cfg.py:3253}}
Jun 30 22:33:16.425938 np0000183646 devstack@g-api.service[113968]: DEBUG glance.common.config [None req-de07294c-e94b-41ec-9763-57b4b6e1c3a0 None None] os_brick.wait_mpath_device_attempts = 4 {{(pid=113968) log_opt_values /opt/stack/data/venv/lib/python3.12/site-packages/oslo_config/cfg.py:3253}}
Jun 30 22:33:16.425938 np0000183646 devstack@g-api.service[113968]: DEBUG glance.common.config [None req-de07294c-e94b-41ec-9763-57b4b6e1c3a0 None None] os_brick.wait_mpath_device_interval = 1 {{(pid=113968) log_opt_values /opt/stack/data/venv/lib/python3.12/site-packages/oslo_config/cfg.py:3253}}
Jun 30 22:33:16.426116 np0000183646 devstack@g-api.service[113968]: DEBUG glance.common.config [None req-de07294c-e94b-41ec-9763-57b4b6e1c3a0 None None] privsep_osbrick.capabilities = [21, 2] {{(pid=113968) log_opt_values /opt/stack/data/venv/lib/python3.12/site-packages/oslo_config/cfg.py:3253}}
Jun 30 22:33:16.426116 np0000183646 devstack@g-api.service[113968]: DEBUG glance.common.config [None req-de07294c-e94b-41ec-9763-57b4b6e1c3a0 None None] privsep_osbrick.group = None {{(pid=113968) log_opt_values /opt/stack/data/venv/lib/python3.12/site-packages/oslo_config/cfg.py:3253}}
Jun 30 22:33:16.426228 np0000183646 devstack@g-api.service[113970]: DEBUG glance.image_cache.drivers.centralized_db [None req-bdbfc77c-ed1e-4887-aedb-83258c03d89f None None] Node reference is already recorded, ignoring it {{(pid=113970) configure /opt/stack/glance/glance/image_cache/drivers/centralized_db.py:71}}
Jun 30 22:33:16.426297 np0000183646 devstack@g-api.service[113968]: DEBUG glance.common.config [None req-de07294c-e94b-41ec-9763-57b4b6e1c3a0 None None] privsep_osbrick.helper_command = None {{(pid=113968) log_opt_values /opt/stack/data/venv/lib/python3.12/site-packages/oslo_config/cfg.py:3253}}
Jun 30 22:33:16.426297 np0000183646 devstack@g-api.service[113968]: DEBUG glance.common.config [None req-de07294c-e94b-41ec-9763-57b4b6e1c3a0 None None] privsep_osbrick.log_daemon_traceback = False {{(pid=113968) log_opt_values /opt/stack/data/venv/lib/python3.12/site-packages/oslo_config/cfg.py:3253}}
Jun 30 22:33:16.426414 np0000183646 devstack@g-api.service[113968]: DEBUG glance.common.config [None req-de07294c-e94b-41ec-9763-57b4b6e1c3a0 None None] privsep_osbrick.logger_name = brick_privsep_hide_output {{(pid=113968) log_opt_values /opt/stack/data/venv/lib/python3.12/site-packages/oslo_config/cfg.py:3253}}
Jun 30 22:33:16.426495 np0000183646 devstack@g-api.service[113968]: DEBUG glance.common.config [None req-de07294c-e94b-41ec-9763-57b4b6e1c3a0 None None] privsep_osbrick.thread_pool_size = 16 {{(pid=113968) log_opt_values /opt/stack/data/venv/lib/python3.12/site-packages/oslo_config/cfg.py:3253}}
Jun 30 22:33:16.426617 np0000183646 devstack@g-api.service[113968]: DEBUG glance.common.config [None req-de07294c-e94b-41ec-9763-57b4b6e1c3a0 None None] privsep_osbrick.user = None {{(pid=113968) log_opt_values /opt/stack/data/venv/lib/python3.12/site-packages/oslo_config/cfg.py:3253}}
