Jun 19 00:34:24.850992 np0000182246 devstack@neutron-api.service[103272]: DEBUG neutron_lib.callbacks.manager [None req-83b4a64e-0cfa-448f-b89a-0718396a52e7 None None] Subscribe: > port precommit_delete 55550000, False {{(pid=103272) subscribe /opt/stack/data/venv/lib/python3.12/site-packages/neutron_lib/callbacks/manager.py:52}}
Jun 19 00:34:24.851137 np0000182246 devstack@neutron-api.service[103272]: DEBUG neutron_lib.callbacks.manager [None req-83b4a64e-0cfa-448f-b89a-0718396a52e7 None None] Subscribe: port before_update 55550000, False {{(pid=103272) subscribe /opt/stack/data/venv/lib/python3.12/site-packages/neutron_lib/callbacks/manager.py:52}}
Jun 19 00:34:24.851295 np0000182246 devstack@neutron-api.service[103272]: DEBUG neutron_lib.callbacks.manager [None req-83b4a64e-0cfa-448f-b89a-0718396a52e7 None None] Subscribe: port before_delete 55550000, False {{(pid=103272) subscribe /opt/stack/data/venv/lib/python3.12/site-packages/neutron_lib/callbacks/manager.py:52}}
Jun 19 00:34:24.851379 np0000182246 devstack@neutron-api.service[103272]: DEBUG neutron_lib.callbacks.manager [None req-83b4a64e-0cfa-448f-b89a-0718396a52e7 None None] Subscribe: > router precommit_create 55550000, False {{(pid=103272) subscribe /opt/stack/data/venv/lib/python3.12/site-packages/neutron_lib/callbacks/manager.py:52}}
Jun 19 00:34:24.851420 np0000182246 devstack@neutron-api.service[103273]: DEBUG neutron.plugins.ml2.plugin [None req-c6f5d070-3213-40f4-a7f1-e1e425defee8 None None] neutron.plugins.ml2.plugin.Ml2Plugin method _start_rpc_notifiers called with arguments () {} {{(pid=103273) wrapper /opt/stack/data/venv/lib/python3.12/site-packages/oslo_log/helpers.py:77}}
Jun 19 00:34:24.851518 np0000182246 devstack@neutron-api.service[103272]: DEBUG neutron_lib.callbacks.manager [None req-83b4a64e-0cfa-448f-b89a-0718396a52e7 None None] Subscribe: > router precommit_create 55550000, False {{(pid=103272) subscribe /opt/stack/data/venv/lib/python3.12/site-packages/neutron_lib/callbacks/manager.py:52}}
Jun 19 00:34:24.851639 np0000182246 devstack@neutron-api.service[103272]: DEBUG neutron_lib.callbacks.manager [None req-83b4a64e-0cfa-448f-b89a-0718396a52e7 None None] Subscribe: > router precommit_update 55550000, False {{(pid=103272) subscribe /opt/stack/data/venv/lib/python3.12/site-packages/neutron_lib/callbacks/manager.py:52}}
Jun 19 00:34:24.851677 np0000182246 devstack@neutron-api.service[103273]: DEBUG neutron_lib.callbacks.manager [None req-c6f5d070-3213-40f4-a7f1-e1e425defee8 None None] Subscribe: > port after_create 55550000, False {{(pid=103273) subscribe /opt/stack/data/venv/lib/python3.12/site-packages/neutron_lib/callbacks/manager.py:52}}
Jun 19 00:34:24.851785 np0000182246 devstack@neutron-api.service[103272]: DEBUG neutron_lib.callbacks.manager [None req-83b4a64e-0cfa-448f-b89a-0718396a52e7 None None] Subscribe: subnet after_update 55550000, False {{(pid=103272) subscribe /opt/stack/data/venv/lib/python3.12/site-packages/neutron_lib/callbacks/manager.py:52}}
Jun 19 00:34:24.851825 np0000182246 devstack@neutron-api.service[103273]: DEBUG neutron_lib.callbacks.manager [None req-c6f5d070-3213-40f4-a7f1-e1e425defee8 None None] Subscribe: > port after_update 55550000, False {{(pid=103273) subscribe /opt/stack/data/venv/lib/python3.12/site-packages/neutron_lib/callbacks/manager.py:52}}
Jun 19 00:34:24.851958 np0000182246 devstack@neutron-api.service[103273]: DEBUG neutron_lib.callbacks.manager [None req-c6f5d070-3213-40f4-a7f1-e1e425defee8 None None] Subscribe: > port after_delete 55550000, False {{(pid=103273) subscribe /opt/stack/data/venv/lib/python3.12/site-packages/neutron_lib/callbacks/manager.py:52}}
Jun 19 00:34:24.851999 np0000182246 devstack@neutron-api.service[103272]: DEBUG neutron.quota.resource_registry [None req-83b4a64e-0cfa-448f-b89a-0718396a52e7 None None] Tracking information for resource: router configured {{(pid=103272) set_tracked_resource /opt/stack/neutron/neutron/quota/resource_registry.py:203}}
Jun 19 00:34:24.852073 np0000182246 devstack@neutron-api.service[103272]: DEBUG neutron.quota.resource_registry [None req-83b4a64e-0cfa-448f-b89a-0718396a52e7 None None] Tracking information for resource: floatingip configured {{(pid=103272) set_tracked_resource /opt/stack/neutron/neutron/quota/resource_registry.py:203}}
Jun 19 00:34:24.852125 np0000182246 devstack@neutron-api.service[103273]: DEBUG neutron_lib.callbacks.manager [None req-c6f5d070-3213-40f4-a7f1-e1e425defee8 None None] Subscribe: > subnet after_create 55550000, False {{(pid=103273) subscribe /opt/stack/data/venv/lib/python3.12/site-packages/neutron_lib/callbacks/manager.py:52}}
Jun 19 00:34:24.852234 np0000182246 devstack@neutron-api.service[103272]: INFO neutron.services.ovn_l3.plugin [None req-83b4a64e-0cfa-448f-b89a-0718396a52e7 None None] Starting OVNL3RouterPlugin
Jun 19 00:34:24.852290 np0000182246 devstack@neutron-api.service[103273]: DEBUG neutron_lib.callbacks.manager [None req-c6f5d070-3213-40f4-a7f1-e1e425defee8 None None] Subscribe: > subnet after_update 55550000, False {{(pid=103273) subscribe /opt/stack/data/venv/lib/python3.12/site-packages/neutron_lib/callbacks/manager.py:52}}
Jun 19 00:34:24.852388 np0000182246 devstack@neutron-api.service[103273]: DEBUG neutron_lib.callbacks.manager [None req-c6f5d070-3213-40f4-a7f1-e1e425defee8 None None] Subscribe: > subnet after_delete 55550000, False {{(pid=103273) subscribe /opt/stack/data/venv/lib/python3.12/site-packages/neutron_lib/callbacks/manager.py:52}}
Jun 19 00:34:24.852594 np0000182246 devstack@neutron-api.service[103273]: DEBUG neutron_lib.callbacks.manager [None req-c6f5d070-3213-40f4-a7f1-e1e425defee8 None None] Subscribe: > network after_create 55550000, False {{(pid=103273) subscribe /opt/stack/data/venv/lib/python3.12/site-packages/neutron_lib/callbacks/manager.py:52}}
Jun 19 00:34:24.852635 np0000182246 devstack@neutron-api.service[103272]: DEBUG neutron_lib.callbacks.manager [None req-83b4a64e-0cfa-448f-b89a-0718396a52e7 None None] Subscribe: > port_forwarding_plugin after_init 55550000, False {{(pid=103272) subscribe /opt/stack/data/venv/lib/python3.12/site-packages/neutron_lib/callbacks/manager.py:52}}
Jun 19 00:34:24.852674 np0000182246 devstack@neutron-api.service[103273]: DEBUG neutron_lib.callbacks.manager [None req-c6f5d070-3213-40f4-a7f1-e1e425defee8 None None] Subscribe: > network after_update 55550000, False {{(pid=103273) subscribe /opt/stack/data/venv/lib/python3.12/site-packages/neutron_lib/callbacks/manager.py:52}}
Jun 19 00:34:24.852712 np0000182246 devstack@neutron-api.service[103272]: DEBUG neutron_lib.callbacks.manager [None req-83b4a64e-0cfa-448f-b89a-0718396a52e7 None None] Subscribe: > router before_create 55550100, False {{(pid=103272) subscribe /opt/stack/data/venv/lib/python3.12/site-packages/neutron_lib/callbacks/manager.py:52}}
Jun 19 00:34:24.852752 np0000182246 devstack@neutron-api.service[103273]: DEBUG neutron_lib.callbacks.manager [None req-c6f5d070-3213-40f4-a7f1-e1e425defee8 None None] Subscribe: > network after_delete 55550000, False {{(pid=103273) subscribe /opt/stack/data/venv/lib/python3.12/site-packages/neutron_lib/callbacks/manager.py:52}}
Jun 19 00:34:24.852838 np0000182246 devstack@neutron-api.service[103272]: DEBUG neutron_lib.callbacks.manager [None req-83b4a64e-0cfa-448f-b89a-0718396a52e7 None None] Subscribe: > router precommit_delete 55550100, False {{(pid=103272) subscribe /opt/stack/data/venv/lib/python3.12/site-packages/neutron_lib/callbacks/manager.py:52}}
Jun 19 00:34:24.852877 np0000182246 devstack@neutron-api.service[103273]: DEBUG neutron_lib.callbacks.manager [None req-c6f5d070-3213-40f4-a7f1-e1e425defee8 None None] Subscribe: > security_group after_create 55550000, False {{(pid=103273) subscribe /opt/stack/data/venv/lib/python3.12/site-packages/neutron_lib/callbacks/manager.py:52}}
Jun 19 00:34:24.852990 np0000182246 devstack@neutron-api.service[103272]: DEBUG neutron_lib.callbacks.manager [None req-83b4a64e-0cfa-448f-b89a-0718396a52e7 None None] Subscribe: > router precommit_create 55550100, False {{(pid=103272) subscribe /opt/stack/data/venv/lib/python3.12/site-packages/neutron_lib/callbacks/manager.py:52}}
Jun 19 00:34:24.853036 np0000182246 devstack@neutron-api.service[103273]: DEBUG neutron_lib.callbacks.manager [None req-c6f5d070-3213-40f4-a7f1-e1e425defee8 None None] Subscribe: > security_group after_update 55550000, False {{(pid=103273) subscribe /opt/stack/data/venv/lib/python3.12/site-packages/neutron_lib/callbacks/manager.py:52}}
Jun 19 00:34:24.853083 np0000182246 devstack@neutron-api.service[103272]: DEBUG neutron_lib.callbacks.manager [None req-83b4a64e-0cfa-448f-b89a-0718396a52e7 None None] Subscribe: > router precommit_update 55550100, False {{(pid=103272) subscribe /opt/stack/data/venv/lib/python3.12/site-packages/neutron_lib/callbacks/manager.py:52}}
Jun 19 00:34:24.853135 np0000182246 devstack@neutron-api.service[103273]: DEBUG neutron_lib.callbacks.manager [None req-c6f5d070-3213-40f4-a7f1-e1e425defee8 None None] Subscribe: > security_group after_delete 55550000, False {{(pid=103273) subscribe /opt/stack/data/venv/lib/python3.12/site-packages/neutron_lib/callbacks/manager.py:52}}
Jun 19 00:34:24.853249 np0000182246 devstack@neutron-api.service[103273]: DEBUG neutron_lib.callbacks.manager [None req-c6f5d070-3213-40f4-a7f1-e1e425defee8 None None] Subscribe: > security_group_rule after_create 55550000, False {{(pid=103273) subscribe /opt/stack/data/venv/lib/python3.12/site-packages/neutron_lib/callbacks/manager.py:52}}
Jun 19 00:34:24.853363 np0000182246 devstack@neutron-api.service[103273]: DEBUG neutron_lib.callbacks.manager [None req-c6f5d070-3213-40f4-a7f1-e1e425defee8 None None] Subscribe: > security_group_rule after_update 55550000, False {{(pid=103273) subscribe /opt/stack/data/venv/lib/python3.12/site-packages/neutron_lib/callbacks/manager.py:52}}
Jun 19 00:34:24.853486 np0000182246 devstack@neutron-api.service[103273]: DEBUG neutron_lib.callbacks.manager [None req-c6f5d070-3213-40f4-a7f1-e1e425defee8 None None] Subscribe: > security_group_rule after_delete 55550000, False {{(pid=103273) subscribe /opt/stack/data/venv/lib/python3.12/site-packages/neutron_lib/callbacks/manager.py:52}}
Jun 19 00:34:24.853588 np0000182246 devstack@neutron-api.service[103273]: DEBUG neutron_lib.callbacks.manager [None req-c6f5d070-3213-40f4-a7f1-e1e425defee8 None None] Subscribe: > address_group after_create 55550000, False {{(pid=103273) subscribe /opt/stack/data/venv/lib/python3.12/site-packages/neutron_lib/callbacks/manager.py:52}}
Jun 19 00:34:24.853706 np0000182246 devstack@neutron-api.service[103273]: DEBUG neutron_lib.callbacks.manager [None req-c6f5d070-3213-40f4-a7f1-e1e425defee8 None None] Subscribe: > address_group after_update 55550000, False {{(pid=103273) subscribe /opt/stack/data/venv/lib/python3.12/site-packages/neutron_lib/callbacks/manager.py:52}}
Jun 19 00:34:24.853779 np0000182246 devstack@neutron-api.service[103273]: DEBUG neutron_lib.callbacks.manager [None req-c6f5d070-3213-40f4-a7f1-e1e425defee8 None None] Subscribe: > address_group after_delete 55550000, False {{(pid=103273) subscribe /opt/stack/data/venv/lib/python3.12/site-packages/neutron_lib/callbacks/manager.py:52}}
Jun 19 00:34:24.853882 np0000182246 devstack@neutron-api.service[103273]: DEBUG neutron.plugins.ml2.ovo_rpc [None req-c6f5d070-3213-40f4-a7f1-e1e425defee8 None None] ML2 OVO RPC backend initialized. {{(pid=103273) __init__ /opt/stack/neutron/neutron/plugins/ml2/ovo_rpc.py:117}}
Jun 19 00:34:24.854732 np0000182246 devstack@neutron-api.service[103273]: INFO neutron.quota [None req-c6f5d070-3213-40f4-a7f1-e1e425defee8 None None] Loaded quota_driver: .
Jun 19 00:34:24.854848 np0000182246 devstack@neutron-api.service[103273]: INFO neutron.plugins.ml2.plugin [None req-c6f5d070-3213-40f4-a7f1-e1e425defee8 None None] Modular L2 Plugin initialization complete
Jun 19 00:34:24.854984 np0000182246 devstack@neutron-api.service[103273]: DEBUG neutron.manager [None req-c6f5d070-3213-40f4-a7f1-e1e425defee8 None None] Loading services supported by the core plugin {{(pid=103273) _load_services_from_core_plugin /opt/stack/neutron/neutron/manager.py:170}}
Jun 19 00:34:24.855151 np0000182246 devstack@neutron-api.service[103273]: INFO neutron.plugins.ml2.managers [None req-c6f5d070-3213-40f4-a7f1-e1e425defee8 None None] Got port-security extension from driver 'port_security'
Jun 19 00:34:24.855489 np0000182246 devstack@neutron-api.service[103273]: DEBUG neutron.manager [None req-c6f5d070-3213-40f4-a7f1-e1e425defee8 None None] Loading service plugins: ['ovn-router', 'auto_allocate', 'tag', 'timestamp', 'network_ip_availability', 'flavors', 'revisions'] {{(pid=103273) _load_service_plugins /opt/stack/neutron/neutron/manager.py:195}}
Jun 19 00:34:24.855605 np0000182246 devstack@neutron-api.service[103273]: INFO neutron.manager [None req-c6f5d070-3213-40f4-a7f1-e1e425defee8 None None] Loading Plugin: ovn-router
Jun 19 00:34:24.857144 np0000182246 devstack@neutron-api.service[103272]: DEBUG neutron.services.provider_configuration [None req-83b4a64e-0cfa-448f-b89a-0718396a52e7 None None] Service providers = [] {{(pid=103272) parse_service_provider_opt /opt/stack/neutron/neutron/services/provider_configuration.py:170}}
Jun 19 00:34:24.857265 np0000182246 devstack@neutron-api.service[103272]: DEBUG neutron.db.servicetype_db [None req-83b4a64e-0cfa-448f-b89a-0718396a52e7 None None] Adding provider configuration for service L3_ROUTER_NAT {{(pid=103272) add_provider_configuration /opt/stack/neutron/neutron/db/servicetype_db.py:45}}
Jun 19 00:34:24.858432 np0000182246 devstack@neutron-api.service[103272]: DEBUG neutron_lib.callbacks.manager [None req-83b4a64e-0cfa-448f-b89a-0718396a52e7 None None] Subscribe: > router precommit_create 55549900, False {{(pid=103272) subscribe /opt/stack/data/venv/lib/python3.12/site-packages/neutron_lib/callbacks/manager.py:52}}
Jun 19 00:34:24.858550 np0000182246 devstack@neutron-api.service[103272]: DEBUG neutron_lib.callbacks.manager [None req-83b4a64e-0cfa-448f-b89a-0718396a52e7 None None] Subscribe: > router_interface after_create 55550000, False {{(pid=103272) subscribe /opt/stack/data/venv/lib/python3.12/site-packages/neutron_lib/callbacks/manager.py:52}}
Jun 19 00:34:24.858656 np0000182246 devstack@neutron-api.service[103272]: DEBUG neutron_lib.callbacks.manager [None req-83b4a64e-0cfa-448f-b89a-0718396a52e7 None None] Subscribe: > floatingip after_create 55550000, False {{(pid=103272) subscribe /opt/stack/data/venv/lib/python3.12/site-packages/neutron_lib/callbacks/manager.py:52}}
Jun 19 00:34:24.858784 np0000182246 devstack@neutron-api.service[103272]: DEBUG neutron_lib.callbacks.manager [None req-83b4a64e-0cfa-448f-b89a-0718396a52e7 None None] Subscribe: > floatingip precommit_create 55550000, False {{(pid=103272) subscribe /opt/stack/data/venv/lib/python3.12/site-packages/neutron_lib/callbacks/manager.py:52}}
Jun 19 00:34:24.858911 np0000182246 devstack@neutron-api.service[103272]: DEBUG neutron_lib.callbacks.manager [None req-83b4a64e-0cfa-448f-b89a-0718396a52e7 None None] Subscribe: > floatingip precommit_update 55550000, False {{(pid=103272) subscribe /opt/stack/data/venv/lib/python3.12/site-packages/neutron_lib/callbacks/manager.py:52}}
Jun 19 00:34:24.859019 np0000182246 devstack@neutron-api.service[103272]: DEBUG neutron_lib.callbacks.manager [None req-83b4a64e-0cfa-448f-b89a-0718396a52e7 None None] Subscribe: > floatingip after_delete 55550000, False {{(pid=103272) subscribe /opt/stack/data/venv/lib/python3.12/site-packages/neutron_lib/callbacks/manager.py:52}}
Jun 19 00:34:24.859058 np0000182246 devstack@neutron-api.service[103272]: DEBUG neutron_lib.callbacks.manager [None req-83b4a64e-0cfa-448f-b89a-0718396a52e7 None None] Subscribe: > floatingip after_status_update 55550000, False {{(pid=103272) subscribe /opt/stack/data/venv/lib/python3.12/site-packages/neutron_lib/callbacks/manager.py:52}}
Jun 19 00:34:24.859221 np0000182246 devstack@neutron-api.service[103272]: DEBUG neutron_lib.callbacks.manager [None req-83b4a64e-0cfa-448f-b89a-0718396a52e7 None None] Subscribe: > floatingip after_update 55550000, False {{(pid=103272) subscribe /opt/stack/data/venv/lib/python3.12/site-packages/neutron_lib/callbacks/manager.py:52}}
Jun 19 00:34:24.859349 np0000182246 devstack@neutron-api.service[103272]: DEBUG neutron_lib.callbacks.manager [None req-83b4a64e-0cfa-448f-b89a-0718396a52e7 None None] Subscribe: > port_forwarding after_create 55550000, False {{(pid=103272) subscribe /opt/stack/data/venv/lib/python3.12/site-packages/neutron_lib/callbacks/manager.py:52}}
Jun 19 00:34:24.859431 np0000182246 devstack@neutron-api.service[103272]: DEBUG neutron_lib.callbacks.manager [None req-83b4a64e-0cfa-448f-b89a-0718396a52e7 None None] Subscribe: > router_interface after_delete 55550000, False {{(pid=103272) subscribe /opt/stack/data/venv/lib/python3.12/site-packages/neutron_lib/callbacks/manager.py:52}}
Jun 19 00:34:24.859534 np0000182246 devstack@neutron-api.service[103272]: DEBUG neutron_lib.callbacks.manager [None req-83b4a64e-0cfa-448f-b89a-0718396a52e7 None None] Subscribe: > router after_create 55550000, False {{(pid=103272) subscribe /opt/stack/data/venv/lib/python3.12/site-packages/neutron_lib/callbacks/manager.py:52}}
Jun 19 00:34:24.859636 np0000182246 devstack@neutron-api.service[103272]: DEBUG neutron_lib.callbacks.manager [None req-83b4a64e-0cfa-448f-b89a-0718396a52e7 None None] Subscribe: > router precommit_create 55550000, False {{(pid=103272) subscribe /opt/stack/data/venv/lib/python3.12/site-packages/neutron_lib/callbacks/manager.py:52}}
Jun 19 00:34:24.859724 np0000182246 devstack@neutron-api.service[103272]: DEBUG neutron_lib.callbacks.manager [None req-83b4a64e-0cfa-448f-b89a-0718396a52e7 None None] Subscribe: > router after_delete 55550000, False {{(pid=103272) subscribe /opt/stack/data/venv/lib/python3.12/site-packages/neutron_lib/callbacks/manager.py:52}}
Jun 19 00:34:24.859828 np0000182246 devstack@neutron-api.service[103272]: DEBUG neutron_lib.callbacks.manager [None req-83b4a64e-0cfa-448f-b89a-0718396a52e7 None None] Subscribe: > router after_update 55550000, False {{(pid=103272) subscribe /opt/stack/data/venv/lib/python3.12/site-packages/neutron_lib/callbacks/manager.py:52}}
Jun 19 00:34:24.859940 np0000182246 devstack@neutron-api.service[103272]: DEBUG neutron.services.service_base [None req-83b4a64e-0cfa-448f-b89a-0718396a52e7 None None] Loaded 'neutron.services.ovn_l3.service_providers.ovn.OvnDriver' provider for service L3_ROUTER_NAT {{(pid=103272) load_drivers /opt/stack/neutron/neutron/services/service_base.py:49}}
Jun 19 00:34:24.860081 np0000182246 devstack@neutron-api.service[103272]: DEBUG neutron_lib.callbacks.manager [None req-83b4a64e-0cfa-448f-b89a-0718396a52e7 None None] Subscribe: > process after_init 55550001, True {{(pid=103272) subscribe /opt/stack/data/venv/lib/python3.12/site-packages/neutron_lib/callbacks/manager.py:52}}
Jun 19 00:34:24.860201 np0000182246 devstack@neutron-api.service[103272]: DEBUG neutron.manager [None req-83b4a64e-0cfa-448f-b89a-0718396a52e7 None None] Successfully loaded L3_ROUTER_NAT plugin. Description: L3 Router Service Plugin for basic L3 forwarding using OVN {{(pid=103272) _create_and_add_service_plugin /opt/stack/neutron/neutron/manager.py:239}}
Jun 19 00:34:24.860281 np0000182246 devstack@neutron-api.service[103272]: INFO neutron.manager [None req-83b4a64e-0cfa-448f-b89a-0718396a52e7 None None] Loading Plugin: auto_allocate
Jun 19 00:34:24.861199 np0000182246 devstack@neutron-api.service[103272]: DEBUG neutron_lib.callbacks.manager [None req-83b4a64e-0cfa-448f-b89a-0718396a52e7 None None] Subscribe: network precommit_update 55550000, False {{(pid=103272) subscribe /opt/stack/data/venv/lib/python3.12/site-packages/neutron_lib/callbacks/manager.py:52}}
Jun 19 00:34:24.861315 np0000182246 devstack@neutron-api.service[103272]: DEBUG neutron_lib.callbacks.manager [None req-83b4a64e-0cfa-448f-b89a-0718396a52e7 None None] Subscribe: network precommit_create 55550000, False {{(pid=103272) subscribe /opt/stack/data/venv/lib/python3.12/site-packages/neutron_lib/callbacks/manager.py:52}}
Jun 19 00:34:24.861528 np0000182246 devstack@neutron-api.service[103272]: DEBUG neutron.manager [None req-83b4a64e-0cfa-448f-b89a-0718396a52e7 None None] Successfully loaded auto-allocated-topology plugin. Description: Auto Allocated Topology - aka get me a network. {{(pid=103272) _create_and_add_service_plugin /opt/stack/neutron/neutron/manager.py:239}}
Jun 19 00:34:24.861622 np0000182246 devstack@neutron-api.service[103272]: INFO neutron.manager [None req-83b4a64e-0cfa-448f-b89a-0718396a52e7 None None] Loading Plugin: tag
Jun 19 00:34:24.864449 np0000182246 devstack@neutron-api.service[103272]: DEBUG neutron.manager [None req-83b4a64e-0cfa-448f-b89a-0718396a52e7 None None] Successfully loaded TAG plugin. Description: Tag support {{(pid=103272) _create_and_add_service_plugin /opt/stack/neutron/neutron/manager.py:239}}
Jun 19 00:34:24.864547 np0000182246 devstack@neutron-api.service[103272]: INFO neutron.manager [None req-83b4a64e-0cfa-448f-b89a-0718396a52e7 None None] Loading Plugin: timestamp
Jun 19 00:34:24.865848 np0000182246 devstack@neutron-api.service[103272]: DEBUG neutron.manager [None req-83b4a64e-0cfa-448f-b89a-0718396a52e7 None None] Successfully loaded timestamp plugin. Description: Adds timestamps to Neutron resources with standard attributes {{(pid=103272) _create_and_add_service_plugin /opt/stack/neutron/neutron/manager.py:239}}
Jun 19 00:34:24.865945 np0000182246 devstack@neutron-api.service[103272]: INFO neutron.manager [None req-83b4a64e-0cfa-448f-b89a-0718396a52e7 None None] Loading Plugin: network_ip_availability
Jun 19 00:34:24.867277 np0000182246 devstack@neutron-api.service[103273]: DEBUG neutron_lib.callbacks.manager [None req-c6f5d070-3213-40f4-a7f1-e1e425defee8 None None] Subscribe: > router before_delete 55550000, False {{(pid=103273) subscribe /opt/stack/data/venv/lib/python3.12/site-packages/neutron_lib/callbacks/manager.py:52}}
Jun 19 00:34:24.867496 np0000182246 devstack@neutron-api.service[103273]: DEBUG neutron_lib.callbacks.manager [None req-c6f5d070-3213-40f4-a7f1-e1e425defee8 None None] Subscribe: port before_update 55550000, False {{(pid=103273) subscribe /opt/stack/data/venv/lib/python3.12/site-packages/neutron_lib/callbacks/manager.py:52}}
Jun 19 00:34:24.867636 np0000182246 devstack@neutron-api.service[103273]: DEBUG neutron_lib.callbacks.manager [None req-c6f5d070-3213-40f4-a7f1-e1e425defee8 None None] Subscribe: port after_update 55550000, False {{(pid=103273) subscribe /opt/stack/data/venv/lib/python3.12/site-packages/neutron_lib/callbacks/manager.py:52}}
Jun 19 00:34:24.867787 np0000182246 devstack@neutron-api.service[103273]: DEBUG neutron_lib.callbacks.manager [None req-c6f5d070-3213-40f4-a7f1-e1e425defee8 None None] Subscribe: > port precommit_delete 55550000, False {{(pid=103273) subscribe /opt/stack/data/venv/lib/python3.12/site-packages/neutron_lib/callbacks/manager.py:52}}
Jun 19 00:34:24.867923 np0000182246 devstack@neutron-api.service[103273]: DEBUG neutron_lib.callbacks.manager [None req-c6f5d070-3213-40f4-a7f1-e1e425defee8 None None] Subscribe: port before_update 55550000, False {{(pid=103273) subscribe /opt/stack/data/venv/lib/python3.12/site-packages/neutron_lib/callbacks/manager.py:52}}
Jun 19 00:34:24.868017 np0000182246 devstack@neutron-api.service[103272]: DEBUG neutron.manager [None req-83b4a64e-0cfa-448f-b89a-0718396a52e7 None None] Successfully loaded network-ip-availability plugin. Description: Provides IP availability data for each network and subnet. {{(pid=103272) _create_and_add_service_plugin /opt/stack/neutron/neutron/manager.py:239}}
Jun 19 00:34:24.868113 np0000182246 devstack@neutron-api.service[103273]: DEBUG neutron_lib.callbacks.manager [None req-c6f5d070-3213-40f4-a7f1-e1e425defee8 None None] Subscribe: port before_delete 55550000, False {{(pid=103273) subscribe /opt/stack/data/venv/lib/python3.12/site-packages/neutron_lib/callbacks/manager.py:52}}
Jun 19 00:34:24.868156 np0000182246 devstack@neutron-api.service[103272]: INFO neutron.manager [None req-83b4a64e-0cfa-448f-b89a-0718396a52e7 None None] Loading Plugin: flavors
Jun 19 00:34:24.868267 np0000182246 devstack@neutron-api.service[103273]: DEBUG neutron_lib.callbacks.manager [None req-c6f5d070-3213-40f4-a7f1-e1e425defee8 None None] Subscribe: > router precommit_create 55550000, False {{(pid=103273) subscribe /opt/stack/data/venv/lib/python3.12/site-packages/neutron_lib/callbacks/manager.py:52}}
Jun 19 00:34:24.868373 np0000182246 devstack@neutron-api.service[103273]: DEBUG neutron_lib.callbacks.manager [None req-c6f5d070-3213-40f4-a7f1-e1e425defee8 None None] Subscribe: > router precommit_create 55550000, False {{(pid=103273) subscribe /opt/stack/data/venv/lib/python3.12/site-packages/neutron_lib/callbacks/manager.py:52}}
Jun 19 00:34:24.868519 np0000182246 devstack@neutron-api.service[103273]: DEBUG neutron_lib.callbacks.manager [None req-c6f5d070-3213-40f4-a7f1-e1e425defee8 None None] Subscribe: > router precommit_update 55550000, False {{(pid=103273) subscribe /opt/stack/data/venv/lib/python3.12/site-packages/neutron_lib/callbacks/manager.py:52}}
Jun 19 00:34:24.868676 np0000182246 devstack@neutron-api.service[103273]: DEBUG neutron_lib.callbacks.manager [None req-c6f5d070-3213-40f4-a7f1-e1e425defee8 None None] Subscribe: subnet after_update 55550000, False {{(pid=103273) subscribe /opt/stack/data/venv/lib/python3.12/site-packages/neutron_lib/callbacks/manager.py:52}}
Jun 19 00:34:24.868973 np0000182246 devstack@neutron-api.service[103273]: DEBUG neutron.quota.resource_registry [None req-c6f5d070-3213-40f4-a7f1-e1e425defee8 None None] Tracking information for resource: router configured {{(pid=103273) set_tracked_resource /opt/stack/neutron/neutron/quota/resource_registry.py:203}}
Jun 19 00:34:24.869062 np0000182246 devstack@neutron-api.service[103272]: DEBUG neutron.manager [None req-83b4a64e-0cfa-448f-b89a-0718396a52e7 None None] Successfully loaded FLAVORS plugin. Description: Neutron Flavors and Service Profiles manager plugin {{(pid=103272) _create_and_add_service_plugin /opt/stack/neutron/neutron/manager.py:239}}
Jun 19 00:34:24.869120 np0000182246 devstack@neutron-api.service[103273]: DEBUG neutron.quota.resource_registry [None req-c6f5d070-3213-40f4-a7f1-e1e425defee8 None None] Tracking information for resource: floatingip configured {{(pid=103273) set_tracked_resource /opt/stack/neutron/neutron/quota/resource_registry.py:203}}
Jun 19 00:34:24.869212 np0000182246 devstack@neutron-api.service[103272]: INFO neutron.manager [None req-83b4a64e-0cfa-448f-b89a-0718396a52e7 None None] Loading Plugin: revisions
Jun 19 00:34:24.869249 np0000182246 devstack@neutron-api.service[103273]: INFO neutron.services.ovn_l3.plugin [None req-c6f5d070-3213-40f4-a7f1-e1e425defee8 None None] Starting OVNL3RouterPlugin
Jun 19 00:34:24.869561 np0000182246 devstack@neutron-api.service[103273]: DEBUG neutron_lib.callbacks.manager [None req-c6f5d070-3213-40f4-a7f1-e1e425defee8 None None] Subscribe: > port_forwarding_plugin after_init 55550000, False {{(pid=103273) subscribe /opt/stack/data/venv/lib/python3.12/site-packages/neutron_lib/callbacks/manager.py:52}}
Jun 19 00:34:24.869826 np0000182246 devstack@neutron-api.service[103273]: DEBUG neutron_lib.callbacks.manager [None req-c6f5d070-3213-40f4-a7f1-e1e425defee8 None None] Subscribe: > router before_create 55550100, False {{(pid=103273) subscribe /opt/stack/data/venv/lib/python3.12/site-packages/neutron_lib/callbacks/manager.py:52}}
Jun 19 00:34:24.869979 np0000182246 devstack@neutron-api.service[103273]: DEBUG neutron_lib.callbacks.manager [None req-c6f5d070-3213-40f4-a7f1-e1e425defee8 None None] Subscribe: > router precommit_delete 55550100, False {{(pid=103273) subscribe /opt/stack/data/venv/lib/python3.12/site-packages/neutron_lib/callbacks/manager.py:52}}
Jun 19 00:34:24.870192 np0000182246 devstack@neutron-api.service[103273]: DEBUG neutron_lib.callbacks.manager [None req-c6f5d070-3213-40f4-a7f1-e1e425defee8 None None] Subscribe: > router precommit_create 55550100, False {{(pid=103273) subscribe /opt/stack/data/venv/lib/python3.12/site-packages/neutron_lib/callbacks/manager.py:52}}
Jun 19 00:34:24.870298 np0000182246 devstack@neutron-api.service[103273]: DEBUG neutron_lib.callbacks.manager [None req-c6f5d070-3213-40f4-a7f1-e1e425defee8 None None] Subscribe: > router precommit_update 55550100, False {{(pid=103273) subscribe /opt/stack/data/venv/lib/python3.12/site-packages/neutron_lib/callbacks/manager.py:52}}
Jun 19 00:34:24.870341 np0000182246 devstack@neutron-api.service[103272]: DEBUG neutron.manager [None req-83b4a64e-0cfa-448f-b89a-0718396a52e7 None None] Successfully loaded revision_plugin plugin. Description: Adds revision numbers to resources. {{(pid=103272) _create_and_add_service_plugin /opt/stack/neutron/neutron/manager.py:239}}
Jun 19 00:34:24.870460 np0000182246 devstack@neutron-api.service[103272]: DEBUG oslo_concurrency.lockutils [None req-83b4a64e-0cfa-448f-b89a-0718396a52e7 None None] Lock "manager" "released" by "neutron.manager.NeutronManager._create_instance" :: held 4.852s {{(pid=103272) inner /opt/stack/data/venv/lib/python3.12/site-packages/oslo_concurrency/lockutils.py:543}}
Jun 19 00:34:24.870649 np0000182246 devstack@neutron-api.service[103272]: DEBUG neutron.api.extensions [None req-83b4a64e-0cfa-448f-b89a-0718396a52e7 None None] get_extension_paths = OrderedDict({'/opt/stack/neutron/neutron/extensions': 1}) {{(pid=103272) get_extensions_path /opt/stack/neutron/neutron/api/extensions.py:640}}
Jun 19 00:34:24.870742 np0000182246 devstack@neutron-api.service[103272]: INFO neutron.api.extensions [None req-83b4a64e-0cfa-448f-b89a-0718396a52e7 None None] Initializing extension manager.
Jun 19 00:34:24.871056 np0000182246 devstack@neutron-api.service[103272]: DEBUG neutron.api.extensions [None req-83b4a64e-0cfa-448f-b89a-0718396a52e7 None None] Loading extension file: __init__.py {{(pid=103272) _load_all_extensions_from_path /opt/stack/neutron/neutron/api/extensions.py:449}}
Jun 19 00:34:24.871129 np0000182246 devstack@neutron-api.service[103272]: DEBUG neutron.api.extensions [None req-83b4a64e-0cfa-448f-b89a-0718396a52e7 None None] Loading extension file: __pycache__ {{(pid=103272) _load_all_extensions_from_path /opt/stack/neutron/neutron/api/extensions.py:449}}
Jun 19 00:34:24.871268 np0000182246 devstack@neutron-api.service[103272]: DEBUG neutron.api.extensions [None req-83b4a64e-0cfa-448f-b89a-0718396a52e7 None None] Loading extension file: aap_reject_multicast.py {{(pid=103272) _load_all_extensions_from_path /opt/stack/neutron/neutron/api/extensions.py:449}}
Jun 19 00:34:24.871500 np0000182246 devstack@neutron-api.service[103272]: DEBUG neutron.api.extensions [None req-83b4a64e-0cfa-448f-b89a-0718396a52e7 None None] Ext name="Allowed address pairs reject multicast extension" alias="aap-reject-multicast" description="Reject multicast addresses in Allowed Address Pairs" updated="2026-04-01T00:00:00-00:00" {{(pid=103272) _check_extension /opt/stack/neutron/neutron/api/extensions.py:415}}
Jun 19 00:34:24.871775 np0000182246 devstack@neutron-api.service[103272]: INFO neutron.api.extensions [None req-83b4a64e-0cfa-448f-b89a-0718396a52e7 None None] Extension aap-reject-multicast not supported by any of loaded plugins
Jun 19 00:34:24.871848 np0000182246 devstack@neutron-api.service[103272]: DEBUG neutron.api.extensions [None req-83b4a64e-0cfa-448f-b89a-0718396a52e7 None None] Loading extension file: address_group.py {{(pid=103272) _load_all_extensions_from_path /opt/stack/neutron/neutron/api/extensions.py:449}}
Jun 19 00:34:24.872168 np0000182246 devstack@neutron-api.service[103272]: DEBUG neutron.api.extensions [None req-83b4a64e-0cfa-448f-b89a-0718396a52e7 None None] Ext name="Address group" alias="address-group" description="Support address group" updated="2020-07-15T10:00:00-00:00" {{(pid=103272) _check_extension /opt/stack/neutron/neutron/api/extensions.py:415}}
Jun 19 00:34:24.872353 np0000182246 devstack@neutron-api.service[103272]: INFO neutron.api.extensions [None req-83b4a64e-0cfa-448f-b89a-0718396a52e7 None None] Loaded extension: address-group
Jun 19 00:34:24.872440 np0000182246 devstack@neutron-api.service[103272]: DEBUG neutron.api.extensions [None req-83b4a64e-0cfa-448f-b89a-0718396a52e7 None None] Loading extension file: address_scope.py {{(pid=103272) _load_all_extensions_from_path /opt/stack/neutron/neutron/api/extensions.py:449}}
Jun 19 00:34:24.872734 np0000182246 devstack@neutron-api.service[103272]: DEBUG neutron.api.extensions [None req-83b4a64e-0cfa-448f-b89a-0718396a52e7 None None] Ext name="Address scope" alias="address-scope" description="Address scopes extension." updated="2015-07-26T10:00:00-00:00" {{(pid=103272) _check_extension /opt/stack/neutron/neutron/api/extensions.py:415}}
Jun 19 00:34:24.872926 np0000182246 devstack@neutron-api.service[103272]: INFO neutron.api.extensions [None req-83b4a64e-0cfa-448f-b89a-0718396a52e7 None None] Loaded extension: address-scope
Jun 19 00:34:24.873048 np0000182246 devstack@neutron-api.service[103272]: DEBUG neutron.api.extensions [None req-83b4a64e-0cfa-448f-b89a-0718396a52e7 None None] Loading extension file: admin_state_down_before_update.py {{(pid=103272) _load_all_extensions_from_path /opt/stack/neutron/neutron/api/extensions.py:449}}
Jun 19 00:34:24.873274 np0000182246 devstack@neutron-api.service[103272]: DEBUG neutron.api.extensions [None req-83b4a64e-0cfa-448f-b89a-0718396a52e7 None None] Ext name="Enforce Router's Admin State Down Before Update Extension" alias="router-admin-state-down-before-update" description="Ensure that the admin state of a router is DOWN (admin_state_up=False) before updating the distributed attribute" updated="2019-07-02T15:56:00" {{(pid=103272) _check_extension /opt/stack/neutron/neutron/api/extensions.py:415}}
Jun 19 00:34:24.873472 np0000182246 devstack@neutron-api.service[103272]: INFO neutron.api.extensions [None req-83b4a64e-0cfa-448f-b89a-0718396a52e7 None None] Extension router-admin-state-down-before-update not supported by any of loaded plugins
Jun 19 00:34:24.873566 np0000182246 devstack@neutron-api.service[103272]: DEBUG neutron.api.extensions [None req-83b4a64e-0cfa-448f-b89a-0718396a52e7 None None] Loading extension file: agent.py {{(pid=103272) _load_all_extensions_from_path /opt/stack/neutron/neutron/api/extensions.py:449}}
Jun 19 00:34:24.873872 np0000182246 devstack@neutron-api.service[103272]: DEBUG neutron.api.extensions [None req-83b4a64e-0cfa-448f-b89a-0718396a52e7 None None] Ext name="agent" alias="agent" description="The agent management extension." updated="2013-02-03T10:00:00-00:00" {{(pid=103272) _check_extension /opt/stack/neutron/neutron/api/extensions.py:415}}
Jun 19 00:34:24.874029 np0000182246 devstack@neutron-api.service[103272]: INFO neutron.api.extensions [None req-83b4a64e-0cfa-448f-b89a-0718396a52e7 None None] Loaded extension: agent
Jun 19 00:34:24.874142 np0000182246 devstack@neutron-api.service[103272]: DEBUG neutron.api.extensions [None req-83b4a64e-0cfa-448f-b89a-0718396a52e7 None None] Loading extension file: agent_resources_synced.py {{(pid=103272) _load_all_extensions_from_path /opt/stack/neutron/neutron/api/extensions.py:449}}
Jun 19 00:34:24.874398 np0000182246 devstack@neutron-api.service[103272]: DEBUG neutron.api.extensions [None req-83b4a64e-0cfa-448f-b89a-0718396a52e7 None None] Ext name="Agent's Resource View Synced to Placement" alias="agent-resources-synced" description="Stores success/failure of last sync to Placement" updated="2018-12-19T00:00:00-00:00" {{(pid=103272) _check_extension /opt/stack/neutron/neutron/api/extensions.py:415}}
Jun 19 00:34:24.874576 np0000182246 devstack@neutron-api.service[103272]: INFO neutron.api.extensions [None req-83b4a64e-0cfa-448f-b89a-0718396a52e7 None None] Extension agent-resources-synced not supported by any of loaded plugins
Jun 19 00:34:24.874667 np0000182246 devstack@neutron-api.service[103272]: DEBUG neutron.api.extensions [None req-83b4a64e-0cfa-448f-b89a-0718396a52e7 None None] Loading extension file: agent_sort_key.py {{(pid=103272) _load_all_extensions_from_path /opt/stack/neutron/neutron/api/extensions.py:449}}
Jun 19 00:34:24.874899 np0000182246 devstack@neutron-api.service[103272]: DEBUG neutron.api.extensions [None req-83b4a64e-0cfa-448f-b89a-0718396a52e7 None None] Ext name="Agents Sort Key" alias="agent_sort_key" description="Enabling the keyword sort_key for sorting in agents." updated="2013-02-03T10:00:00-00:00" {{(pid=103272) _check_extension /opt/stack/neutron/neutron/api/extensions.py:415}}
Jun 19 00:34:24.875072 np0000182246 devstack@neutron-api.service[103272]: INFO neutron.api.extensions [None req-83b4a64e-0cfa-448f-b89a-0718396a52e7 None None] Extension agent_sort_key not supported by any of loaded plugins
Jun 19 00:34:24.875226 np0000182246 devstack@neutron-api.service[103272]: DEBUG neutron.api.extensions [None req-83b4a64e-0cfa-448f-b89a-0718396a52e7 None None] Loading extension file: allowedaddresspairs.py {{(pid=103272) _load_all_extensions_from_path /opt/stack/neutron/neutron/api/extensions.py:449}}
Jun 19 00:34:24.875263 np0000182246 devstack@neutron-api.service[103273]: DEBUG neutron.services.provider_configuration [None req-c6f5d070-3213-40f4-a7f1-e1e425defee8 None None] Service providers = [] {{(pid=103273) parse_service_provider_opt /opt/stack/neutron/neutron/services/provider_configuration.py:170}}
Jun 19 00:34:24.875360 np0000182246 devstack@neutron-api.service[103273]: DEBUG neutron.db.servicetype_db [None req-c6f5d070-3213-40f4-a7f1-e1e425defee8 None None] Adding provider configuration for service L3_ROUTER_NAT {{(pid=103273) add_provider_configuration /opt/stack/neutron/neutron/db/servicetype_db.py:45}}
Jun 19 00:34:24.875899 np0000182246 devstack@neutron-api.service[103272]: DEBUG neutron.api.extensions [None req-83b4a64e-0cfa-448f-b89a-0718396a52e7 None None] Ext name="Allowed Address Pairs" alias="allowed-address-pairs" description="Provides allowed address pairs" updated="2013-07-23T10:00:00-00:00" {{(pid=103272) _check_extension /opt/stack/neutron/neutron/api/extensions.py:415}}
Jun 19 00:34:24.876132 np0000182246 devstack@neutron-api.service[103272]: INFO neutron.api.extensions [None req-83b4a64e-0cfa-448f-b89a-0718396a52e7 None None] Loaded extension: allowed-address-pairs
Jun 19 00:34:24.876247 np0000182246 devstack@neutron-api.service[103272]: DEBUG neutron.api.extensions [None req-83b4a64e-0cfa-448f-b89a-0718396a52e7 None None] Loading extension file: auto_allocated_topology.py {{(pid=103272) _load_all_extensions_from_path /opt/stack/neutron/neutron/api/extensions.py:449}}
Jun 19 00:34:24.876588 np0000182246 devstack@neutron-api.service[103272]: DEBUG neutron.api.extensions [None req-83b4a64e-0cfa-448f-b89a-0718396a52e7 None None] Ext name="Auto Allocated Topology Services" alias="auto-allocated-topology" description="Auto Allocated Topology Services." updated="2016-01-01T00:00:00-00:00" {{(pid=103272) _check_extension /opt/stack/neutron/neutron/api/extensions.py:415}}
Jun 19 00:34:24.876772 np0000182246 devstack@neutron-api.service[103272]: INFO neutron.api.extensions [None req-83b4a64e-0cfa-448f-b89a-0718396a52e7 None None] Loaded extension: auto-allocated-topology
Jun 19 00:34:24.876832 np0000182246 devstack@neutron-api.service[103272]: DEBUG neutron.api.extensions [None req-83b4a64e-0cfa-448f-b89a-0718396a52e7 None None] Loading extension file: availability_zone.py {{(pid=103272) _load_all_extensions_from_path /opt/stack/neutron/neutron/api/extensions.py:449}}
Jun 19 00:34:24.876879 np0000182246 devstack@neutron-api.service[103273]: DEBUG neutron_lib.callbacks.manager [None req-c6f5d070-3213-40f4-a7f1-e1e425defee8 None None] Subscribe: > router precommit_create 55549900, False {{(pid=103273) subscribe /opt/stack/data/venv/lib/python3.12/site-packages/neutron_lib/callbacks/manager.py:52}}
Jun 19 00:34:24.877036 np0000182246 devstack@neutron-api.service[103273]: DEBUG neutron_lib.callbacks.manager [None req-c6f5d070-3213-40f4-a7f1-e1e425defee8 None None] Subscribe: > router_interface after_create 55550000, False {{(pid=103273) subscribe /opt/stack/data/venv/lib/python3.12/site-packages/neutron_lib/callbacks/manager.py:52}}
Jun 19 00:34:24.877179 np0000182246 devstack@neutron-api.service[103272]: DEBUG neutron.api.extensions [None req-83b4a64e-0cfa-448f-b89a-0718396a52e7 None None] Ext name="Availability Zone" alias="availability_zone" description="The availability zone extension." updated="2015-01-01T10:00:00-00:00" {{(pid=103272) _check_extension /opt/stack/neutron/neutron/api/extensions.py:415}}
Jun 19 00:34:24.877221 np0000182246 devstack@neutron-api.service[103273]: DEBUG neutron_lib.callbacks.manager [None req-c6f5d070-3213-40f4-a7f1-e1e425defee8 None None] Subscribe: > floatingip after_create 55550000, False {{(pid=103273) subscribe /opt/stack/data/venv/lib/python3.12/site-packages/neutron_lib/callbacks/manager.py:52}}
Jun 19 00:34:24.877377 np0000182246 devstack@neutron-api.service[103273]: DEBUG neutron_lib.callbacks.manager [None req-c6f5d070-3213-40f4-a7f1-e1e425defee8 None None] Subscribe: > floatingip precommit_create 55550000, False {{(pid=103273) subscribe /opt/stack/data/venv/lib/python3.12/site-packages/neutron_lib/callbacks/manager.py:52}}
Jun 19 00:34:24.877453 np0000182246 devstack@neutron-api.service[103272]: INFO neutron.api.extensions [None req-83b4a64e-0cfa-448f-b89a-0718396a52e7 None None] Loaded extension: availability_zone
Jun 19 00:34:24.877514 np0000182246 devstack@neutron-api.service[103273]: DEBUG neutron_lib.callbacks.manager [None req-c6f5d070-3213-40f4-a7f1-e1e425defee8 None None] Subscribe: > floatingip precommit_update 55550000, False {{(pid=103273) subscribe /opt/stack/data/venv/lib/python3.12/site-packages/neutron_lib/callbacks/manager.py:52}}
Jun 19 00:34:24.877565 np0000182246 devstack@neutron-api.service[103272]: DEBUG neutron.api.extensions [None req-83b4a64e-0cfa-448f-b89a-0718396a52e7 None None] Loading extension file: availability_zone_filter.py {{(pid=103272) _load_all_extensions_from_path /opt/stack/neutron/neutron/api/extensions.py:449}}
Jun 19 00:34:24.877649 np0000182246 devstack@neutron-api.service[103273]: DEBUG neutron_lib.callbacks.manager [None req-c6f5d070-3213-40f4-a7f1-e1e425defee8 None None] Subscribe: > floatingip after_delete 55550000, False {{(pid=103273) subscribe /opt/stack/data/venv/lib/python3.12/site-packages/neutron_lib/callbacks/manager.py:52}}
Jun 19 00:34:24.877810 np0000182246 devstack@neutron-api.service[103273]: DEBUG neutron_lib.callbacks.manager [None req-c6f5d070-3213-40f4-a7f1-e1e425defee8 None None] Subscribe: > floatingip after_status_update 55550000, False {{(pid=103273) subscribe /opt/stack/data/venv/lib/python3.12/site-packages/neutron_lib/callbacks/manager.py:52}}
Jun 19 00:34:24.877851 np0000182246 devstack@neutron-api.service[103272]: DEBUG neutron.api.extensions [None req-83b4a64e-0cfa-448f-b89a-0718396a52e7 None None] Ext name="Availability Zone Filter Extension" alias="availability_zone_filter" description="Add filter parameters to AvailabilityZone resource" updated="2018-06-22T10:00:00-00:00" {{(pid=103272) _check_extension /opt/stack/neutron/neutron/api/extensions.py:415}}
Jun 19 00:34:24.877938 np0000182246 devstack@neutron-api.service[103273]: DEBUG neutron_lib.callbacks.manager [None req-c6f5d070-3213-40f4-a7f1-e1e425defee8 None None] Subscribe: > floatingip after_update 55550000, False {{(pid=103273) subscribe /opt/stack/data/venv/lib/python3.12/site-packages/neutron_lib/callbacks/manager.py:52}}
Jun 19 00:34:24.878017 np0000182246 devstack@neutron-api.service[103272]: INFO neutron.api.extensions [None req-83b4a64e-0cfa-448f-b89a-0718396a52e7 None None] Extension availability_zone_filter not supported by any of loaded plugins
Jun 19 00:34:24.878093 np0000182246 devstack@neutron-api.service[103273]: DEBUG neutron_lib.callbacks.manager [None req-c6f5d070-3213-40f4-a7f1-e1e425defee8 None None] Subscribe: > port_forwarding after_create 55550000, False {{(pid=103273) subscribe /opt/stack/data/venv/lib/python3.12/site-packages/neutron_lib/callbacks/manager.py:52}}
Jun 19 00:34:24.878149 np0000182246 devstack@neutron-api.service[103272]: DEBUG neutron.api.extensions [None req-83b4a64e-0cfa-448f-b89a-0718396a52e7 None None] Loading extension file: data_plane_status.py {{(pid=103272) _load_all_extensions_from_path /opt/stack/neutron/neutron/api/extensions.py:449}}
Jun 19 00:34:24.878268 np0000182246 devstack@neutron-api.service[103273]: DEBUG neutron_lib.callbacks.manager [None req-c6f5d070-3213-40f4-a7f1-e1e425defee8 None None] Subscribe: > router_interface after_delete 55550000, False {{(pid=103273) subscribe /opt/stack/data/venv/lib/python3.12/site-packages/neutron_lib/callbacks/manager.py:52}}
Jun 19 00:34:24.878390 np0000182246 devstack@neutron-api.service[103272]: DEBUG neutron.api.extensions [None req-83b4a64e-0cfa-448f-b89a-0718396a52e7 None None] Ext name="Port data plane status extension" alias="data-plane-status" description="Expose status of underlying data plane" updated="2017-01-24T10:00:00-00:00" {{(pid=103272) _check_extension /opt/stack/neutron/neutron/api/extensions.py:415}}
Jun 19 00:34:24.878469 np0000182246 devstack@neutron-api.service[103273]: DEBUG neutron_lib.callbacks.manager [None req-c6f5d070-3213-40f4-a7f1-e1e425defee8 None None] Subscribe: > router after_create 55550000, False {{(pid=103273) subscribe /opt/stack/data/venv/lib/python3.12/site-packages/neutron_lib/callbacks/manager.py:52}}
Jun 19 00:34:24.878552 np0000182246 devstack@neutron-api.service[103273]: DEBUG neutron_lib.callbacks.manager [None req-c6f5d070-3213-40f4-a7f1-e1e425defee8 None None] Subscribe: > router precommit_create 55550000, False {{(pid=103273) subscribe /opt/stack/data/venv/lib/python3.12/site-packages/neutron_lib/callbacks/manager.py:52}}
Jun 19 00:34:24.878591 np0000182246 devstack@neutron-api.service[103272]: INFO neutron.api.extensions [None req-83b4a64e-0cfa-448f-b89a-0718396a52e7 None None] Extension data-plane-status not supported by any of loaded plugins
Jun 19 00:34:24.878666 np0000182246 devstack@neutron-api.service[103272]: DEBUG neutron.api.extensions [None req-83b4a64e-0cfa-448f-b89a-0718396a52e7 None None] Loading extension file: default_subnetpools.py {{(pid=103272) _load_all_extensions_from_path /opt/stack/neutron/neutron/api/extensions.py:449}}
Jun 19 00:34:24.878704 np0000182246 devstack@neutron-api.service[103273]: DEBUG neutron_lib.callbacks.manager [None req-c6f5d070-3213-40f4-a7f1-e1e425defee8 None None] Subscribe: > router after_delete 55550000, False {{(pid=103273) subscribe /opt/stack/data/venv/lib/python3.12/site-packages/neutron_lib/callbacks/manager.py:52}}
Jun 19 00:34:24.878805 np0000182246 devstack@neutron-api.service[103273]: DEBUG neutron_lib.callbacks.manager [None req-c6f5d070-3213-40f4-a7f1-e1e425defee8 None None] Subscribe: > router after_update 55550000, False {{(pid=103273) subscribe /opt/stack/data/venv/lib/python3.12/site-packages/neutron_lib/callbacks/manager.py:52}}
Jun 19 00:34:24.878923 np0000182246 devstack@neutron-api.service[103272]: DEBUG neutron.api.extensions [None req-83b4a64e-0cfa-448f-b89a-0718396a52e7 None None] Ext name="Default Subnetpools" alias="default-subnetpools" description="Provides ability to mark and use a subnetpool as the default." updated="2016-02-18T18:00:00-00:00" {{(pid=103272) _check_extension /opt/stack/neutron/neutron/api/extensions.py:415}}
Jun 19 00:34:24.879002 np0000182246 devstack@neutron-api.service[103273]: DEBUG neutron.services.service_base [None req-c6f5d070-3213-40f4-a7f1-e1e425defee8 None None] Loaded 'neutron.services.ovn_l3.service_providers.ovn.OvnDriver' provider for service L3_ROUTER_NAT {{(pid=103273) load_drivers /opt/stack/neutron/neutron/services/service_base.py:49}}
Jun 19 00:34:24.879040 np0000182246 devstack@neutron-api.service[103272]: INFO neutron.api.extensions [None req-83b4a64e-0cfa-448f-b89a-0718396a52e7 None None] Loaded extension: default-subnetpools
Jun 19 00:34:24.879166 np0000182246 devstack@neutron-api.service[103273]: DEBUG neutron_lib.callbacks.manager [None req-c6f5d070-3213-40f4-a7f1-e1e425defee8 None None] Subscribe: > process after_init 55550001, True {{(pid=103273) subscribe /opt/stack/data/venv/lib/python3.12/site-packages/neutron_lib/callbacks/manager.py:52}}
Jun 19 00:34:24.879219 np0000182246 devstack@neutron-api.service[103272]: DEBUG neutron.api.extensions [None req-83b4a64e-0cfa-448f-b89a-0718396a52e7 None None] Loading extension file: dhcpagentscheduler.py {{(pid=103272) _load_all_extensions_from_path /opt/stack/neutron/neutron/api/extensions.py:449}}
Jun 19 00:34:24.879316 np0000182246 devstack@neutron-api.service[103273]: DEBUG neutron.manager [None req-c6f5d070-3213-40f4-a7f1-e1e425defee8 None None] Successfully loaded L3_ROUTER_NAT plugin. Description: L3 Router Service Plugin for basic L3 forwarding using OVN {{(pid=103273) _create_and_add_service_plugin /opt/stack/neutron/neutron/manager.py:239}}
Jun 19 00:34:24.879441 np0000182246 devstack@neutron-api.service[103273]: INFO neutron.manager [None req-c6f5d070-3213-40f4-a7f1-e1e425defee8 None None] Loading Plugin: auto_allocate
Jun 19 00:34:24.880911 np0000182246 devstack@neutron-api.service[103273]: DEBUG neutron_lib.callbacks.manager [None req-c6f5d070-3213-40f4-a7f1-e1e425defee8 None None] Subscribe: network precommit_update 55550000, False {{(pid=103273) subscribe /opt/stack/data/venv/lib/python3.12/site-packages/neutron_lib/callbacks/manager.py:52}}
Jun 19 00:34:24.881092 np0000182246 devstack@neutron-api.service[103273]: DEBUG neutron_lib.callbacks.manager [None req-c6f5d070-3213-40f4-a7f1-e1e425defee8 None None] Subscribe: network precommit_create 55550000, False {{(pid=103273) subscribe /opt/stack/data/venv/lib/python3.12/site-packages/neutron_lib/callbacks/manager.py:52}}
