2026-07-02 16:38:38.438 7 INFO placement.requestlog [None req-3e77dbfd-7f45-4c54-aefe-09b16c4c981a 4ccbbbeb5bc246678eca9f765415508f dd3f114da0334be9b7a3f6279a413384 - - e683040273774db2a5227e61eaa32810 e683040273774db2a5227e61eaa32810] 10.0.0.59 "DELETE /resource_providers/537fd9c6-995b-46a4-b278-ecf3e685b26c" status: 404 len: 246 microversion: 1.1 [pid: 7|app: 0|req: 559/1115] 10.0.0.59 () {34 vars in 813 bytes} [Thu Jul 2 16:38:38 2026] DELETE /resource_providers/537fd9c6-995b-46a4-b278-ecf3e685b26c => generated 246 bytes in 8 msecs (HTTP/1.1 404) 6 headers in 231 bytes (1 switches on core 0)
2026-07-02 16:38:38.449 8 INFO placement.requestlog [None req-72726095-58fc-4d9b-9647-1b22a7107a17 4ccbbbeb5bc246678eca9f765415508f dd3f114da0334be9b7a3f6279a413384 - - e683040273774db2a5227e61eaa32810 e683040273774db2a5227e61eaa32810] 10.0.0.59 "DELETE /resource_providers/537fd9c6-995b-46a4-b278-ecf3e685b26c" status: 404 len: 246 microversion: 1.1 [pid: 8|app: 0|req: 557/1116] 10.0.0.59 () {34 vars in 813 bytes} [Thu Jul 2 16:38:38 2026] DELETE /resource_providers/537fd9c6-995b-46a4-b278-ecf3e685b26c => generated 246 bytes in 10 msecs (HTTP/1.1 404) 6 headers in 231 bytes (1 switches on core 0)
2026-07-02 16:38:42.579 8 INFO placement.requestlog [None req-1b0348c6-6495-4e1e-b15e-e978ec77cb52 4ccbbbeb5bc246678eca9f765415508f dd3f114da0334be9b7a3f6279a413384 - - e683040273774db2a5227e61eaa32810 e683040273774db2a5227e61eaa32810] 10.0.0.59 "GET /resource_providers/28ce095e-b65c-420b-9393-3cb3581a128c/aggregates" status: 404 len: 235 microversion: 1.1 [pid: 8|app: 0|req: 558/1117] 10.0.0.59 () {32 vars in 813 bytes} [Thu Jul 2 16:38:42 2026] GET /resource_providers/28ce095e-b65c-420b-9393-3cb3581a128c/aggregates => generated 235 bytes in 9 msecs (HTTP/1.1 404) 5 headers in 202 bytes (1 switches on core 0)
2026-07-02 16:38:42.582 7 INFO placement.requestlog [None req-5ee102eb-dcd4-4537-9a57-d00218c67bdb 4ccbbbeb5bc246678eca9f765415508f dd3f114da0334be9b7a3f6279a413384 - - e683040273774db2a5227e61eaa32810 e683040273774db2a5227e61eaa32810] 10.0.0.59 "GET /resource_providers/28ce095e-b65c-420b-9393-3cb3581a128c/aggregates" status: 404 len: 235 microversion: 1.1 [pid: 7|app: 0|req: 560/1118] 10.0.0.59 () {32 vars in 813 bytes} [Thu Jul 2 16:38:42 2026] GET /resource_providers/28ce095e-b65c-420b-9393-3cb3581a128c/aggregates => generated 235 bytes in 12 msecs (HTTP/1.1 404) 5 headers in 202 bytes (1 switches on core 0)
2026-07-02 16:38:42.601 7 INFO placement.requestlog [None req-eeb089ae-6373-4f16-b430-0f9917daf8da 4ccbbbeb5bc246678eca9f765415508f dd3f114da0334be9b7a3f6279a413384 - - e683040273774db2a5227e61eaa32810 e683040273774db2a5227e61eaa32810] 10.0.0.59 "DELETE /resource_providers/28ce095e-b65c-420b-9393-3cb3581a128c" status: 404 len: 246 microversion: 1.1 [pid: 7|app: 0|req: 561/1119] 10.0.0.59 () {34 vars in 813 bytes} [Thu Jul 2 16:38:42 2026] DELETE /resource_providers/28ce095e-b65c-420b-9393-3cb3581a128c => generated 246 bytes in 10 msecs (HTTP/1.1 404) 6 headers in 231 bytes (1 switches on core 0)
2026-07-02 16:38:42.602 8 INFO placement.requestlog [None req-de384437-8f9d-4168-b395-1dbcc2216a64 4ccbbbeb5bc246678eca9f765415508f dd3f114da0334be9b7a3f6279a413384 - - e683040273774db2a5227e61eaa32810 e683040273774db2a5227e61eaa32810] 10.0.0.59 "DELETE /resource_providers/28ce095e-b65c-420b-9393-3cb3581a128c" status: 404 len: 246 microversion: 1.1 [pid: 8|app: 0|req: 559/1120] 10.0.0.59 () {34 vars in 813 bytes} [Thu Jul 2 16:38:42 2026] DELETE /resource_providers/28ce095e-b65c-420b-9393-3cb3581a128c => generated 246 bytes in 11 msecs (HTTP/1.1 404) 6 headers in 231 bytes (1 switches on core 0)
2026-07-02 16:38:46.388 8 INFO placement.requestlog [None req-ac9cae81-6d2b-4494-aef3-5e9080ed079e - - - - - -] 10.0.0.75 "GET /" status: 200 len: 136 microversion: 1.0
2026-07-02 16:38:46.388 7 INFO placement.requestlog [None req-143dbfbf-d7cf-4b1c-8e2c-be2b36fc5755 - - - - - -] 10.0.0.75 "GET /" status: 200 len: 136 microversion: 1.0
2026-07-02 16:38:48.765 8 INFO placement.requestlog [None req-b6a29ec4-5ecd-4290-97b0-088f8d80b6da 4ccbbbeb5bc246678eca9f765415508f dd3f114da0334be9b7a3f6279a413384 - - e683040273774db2a5227e61eaa32810 e683040273774db2a5227e61eaa32810] 10.0.0.59 "GET /resource_providers/16933516-3e84-472b-89d5-f7672b007062/aggregates" status: 404 len: 235 microversion: 1.1 [pid: 8|app: 0|req: 561/1123] 10.0.0.59 () {32 vars in 813 bytes} [Thu Jul 2 16:38:48 2026] GET /resource_providers/16933516-3e84-472b-89d5-f7672b007062/aggregates => generated 235 bytes in 14 msecs (HTTP/1.1 404) 5 headers in 202 bytes (1 switches on core 0)
2026-07-02 16:38:48.767 7 INFO placement.requestlog [None req-663a84ba-7a95-40c1-a214-c78a559ba467 4ccbbbeb5bc246678eca9f765415508f dd3f114da0334be9b7a3f6279a413384 - - e683040273774db2a5227e61eaa32810 e683040273774db2a5227e61eaa32810] 10.0.0.59 "GET /resource_providers/16933516-3e84-472b-89d5-f7672b007062/aggregates" status: 404 len: 235 microversion: 1.1 [pid: 7|app: 0|req: 563/1124] 10.0.0.59 () {32 vars in 813 bytes} [Thu Jul 2 16:38:48 2026] GET /resource_providers/16933516-3e84-472b-89d5-f7672b007062/aggregates => generated 235 bytes in 14 msecs (HTTP/1.1 404) 5 headers in 202 bytes (1 switches on core 0)
2026-07-02 16:38:48.779 8 INFO placement.requestlog [None req-afeb4a22-b3a9-479c-b683-97b6641db741 4ccbbbeb5bc246678eca9f765415508f dd3f114da0334be9b7a3f6279a413384 - - e683040273774db2a5227e61eaa32810 e683040273774db2a5227e61eaa32810] 10.0.0.59 "DELETE /resource_providers/16933516-3e84-472b-89d5-f7672b007062" status: 404 len: 246 microversion: 1.1 [pid: 8|app: 0|req: 562/1125] 10.0.0.59 () {34 vars in 813 bytes} [Thu Jul 2 16:38:48 2026] DELETE /resource_providers/16933516-3e84-472b-89d5-f7672b007062 => generated 246 bytes in 9 msecs (HTTP/1.1 404) 6 headers in 231 bytes (1 switches on core 0)
2026-07-02 16:38:48.782 7 INFO placement.requestlog [None req-4485a45d-9468-4971-9bdc-9d5cb2ffa3cd 4ccbbbeb5bc246678eca9f765415508f dd3f114da0334be9b7a3f6279a413384 - - e683040273774db2a5227e61eaa32810 e683040273774db2a5227e61eaa32810] 10.0.0.59 "DELETE /resource_providers/16933516-3e84-472b-89d5-f7672b007062" status: 404 len: 246 microversion: 1.1 [pid: 7|app: 0|req: 564/1126] 10.0.0.59 () {34 vars in 813 bytes} [Thu Jul 2 16:38:48 2026] DELETE /resource_providers/16933516-3e84-472b-89d5-f7672b007062 => generated 246 bytes in 8 msecs (HTTP/1.1 404) 6 headers in 231 bytes (1 switches on core 0)
2026-07-02 16:38:48.970 8 INFO placement.requestlog [None req-94d73978-0fff-47c1-ab66-d1380eab58d1 4ccbbbeb5bc246678eca9f765415508f dd3f114da0334be9b7a3f6279a413384 - - e683040273774db2a5227e61eaa32810 e683040273774db2a5227e61eaa32810] 10.0.0.59 "GET /resource_providers/226a31ed-bed2-41d1-ba60-9b337ffc14f0/aggregates" status: 404 len: 235 microversion: 1.1 [pid: 8|app: 0|req: 563/1127] 10.0.0.59 () {32 vars in 813 bytes} [Thu Jul 2 16:38:48 2026] GET /resource_providers/226a31ed-bed2-41d1-ba60-9b337ffc14f0/aggregates => generated 235 bytes in 7 msecs (HTTP/1.1 404) 5 headers in 202 bytes (1 switches on core 0)
2026-07-02 16:38:48.975 7 INFO placement.requestlog [None req-4de61fa7-74dc-4f31-a0f7-358949415027 4ccbbbeb5bc246678eca9f765415508f dd3f114da0334be9b7a3f6279a413384 - - e683040273774db2a5227e61eaa32810 e683040273774db2a5227e61eaa32810] 10.0.0.59 "GET /resource_providers/226a31ed-bed2-41d1-ba60-9b337ffc14f0/aggregates" status: 404 len: 235 microversion: 1.1 [pid: 7|app: 0|req: 565/1128] 10.0.0.59 () {32 vars in 813 bytes} [Thu Jul 2 16:38:48 2026] GET /resource_providers/226a31ed-bed2-41d1-ba60-9b337ffc14f0/aggregates => generated 235 bytes in 12 msecs (HTTP/1.1 404) 5 headers in 202 bytes (1 switches on core 0)
2026-07-02 16:38:48.990 7 INFO placement.requestlog [None req-0157f549-6e08-4b58-88c7-59ffa1a8e8cc 4ccbbbeb5bc246678eca9f765415508f dd3f114da0334be9b7a3f6279a413384 - - e683040273774db2a5227e61eaa32810 e683040273774db2a5227e61eaa32810] 10.0.0.59 "DELETE /resource_providers/226a31ed-bed2-41d1-ba60-9b337ffc14f0" status: 404 len: 246 microversion: 1.1 [pid: 7|app: 0|req: 566/1129] 10.0.0.59 () {34 vars in 813 bytes} [Thu Jul 2 16:38:48 2026] DELETE /resource_providers/226a31ed-bed2-41d1-ba60-9b337ffc14f0 => generated 246 bytes in 9 msecs (HTTP/1.1 404) 6 headers in 231 bytes (1 switches on core 0)
2026-07-02 16:38:48.990 8 INFO placement.requestlog [None req-20fc5cff-b16b-4ee2-b593-c77153e9dc8f 4ccbbbeb5bc246678eca9f765415508f dd3f114da0334be9b7a3f6279a413384 - - e683040273774db2a5227e61eaa32810 e683040273774db2a5227e61eaa32810] 10.0.0.59 "DELETE /resource_providers/226a31ed-bed2-41d1-ba60-9b337ffc14f0" status: 404 len: 246 microversion: 1.1 [pid: 8|app: 0|req: 564/1130] 10.0.0.59 () {34 vars in 813 bytes} [Thu Jul 2 16:38:48 2026] DELETE /resource_providers/226a31ed-bed2-41d1-ba60-9b337ffc14f0 => generated 246 bytes in 9 msecs (HTTP/1.1 404) 6 headers in 231 bytes (1 switches on core 0)
2026-07-02 16:38:50.749 7 INFO placement.requestlog [req-13f51236-7f51-4b7b-bf9b-045d5f9cc547 req-0985a950-62d4-4344-ada1-f32fab78b288 732b23f6321b4444a41f0682a10da702 dd3f114da0334be9b7a3f6279a413384 - - e683040273774db2a5227e61eaa32810 e683040273774db2a5227e61eaa32810] 199.19.213.102 "GET /resource_providers/be033491-45ba-49cb-956d-1f04ccc8c4a9/allocations" status: 200 len: 55 microversion: 1.0 [pid: 7|app: 0|req: 567/1131] 199.19.213.102 () {32 vars in 855 bytes} [Thu Jul 2 16:38:50 2026] GET /resource_providers/be033491-45ba-49cb-956d-1f04ccc8c4a9/allocations => generated 55 bytes in 175 msecs (HTTP/1.1 200) 6 headers in 223 bytes (1 switches on core 0)
2026-07-02 16:38:50.775 8 INFO placement.requestlog [req-13f51236-7f51-4b7b-bf9b-045d5f9cc547 req-c1299607-70f0-4b1f-aade-a274db08b580 732b23f6321b4444a41f0682a10da702 dd3f114da0334be9b7a3f6279a413384 - - e683040273774db2a5227e61eaa32810 e683040273774db2a5227e61eaa32810] 199.19.213.102 "GET /resource_providers?in_tree=be033491-45ba-49cb-956d-1f04ccc8c4a9" status: 200 len: 798 microversion: 1.14 [pid: 8|app: 0|req: 565/1132] 199.19.213.102 () {34 vars in 890 bytes} [Thu Jul 2 16:38:50 2026] GET /resource_providers?in_tree=be033491-45ba-49cb-956d-1f04ccc8c4a9 => generated 798 bytes in 16 msecs (HTTP/1.1 200) 6 headers in 225 bytes (1 switches on core 0)
2026-07-02 16:38:50.797 7 INFO placement.requestlog [req-13f51236-7f51-4b7b-bf9b-045d5f9cc547 req-a969c530-35ad-4ddf-b822-cec5c0cb0b30 732b23f6321b4444a41f0682a10da702 dd3f114da0334be9b7a3f6279a413384 - - e683040273774db2a5227e61eaa32810 e683040273774db2a5227e61eaa32810] 199.19.213.102 "GET /resource_providers/be033491-45ba-49cb-956d-1f04ccc8c4a9/inventories" status: 200 len: 401 microversion: 1.0 [pid: 7|app: 0|req: 568/1133] 199.19.213.102 () {32 vars in 855 bytes} [Thu Jul 2 16:38:50 2026] GET /resource_providers/be033491-45ba-49cb-956d-1f04ccc8c4a9/inventories => generated 401 bytes in 15 msecs (HTTP/1.1 200) 6 headers in 224 bytes (1 switches on core 0)
2026-07-02 16:38:50.815 8 INFO placement.requestlog [req-13f51236-7f51-4b7b-bf9b-045d5f9cc547 req-92eb681f-8ef2-4aa6-bd80-256e32bb47c5 732b23f6321b4444a41f0682a10da702 dd3f114da0334be9b7a3f6279a413384 - - e683040273774db2a5227e61eaa32810 e683040273774db2a5227e61eaa32810] 199.19.213.102 "GET /resource_providers/be033491-45ba-49cb-956d-1f04ccc8c4a9/aggregates" status: 200 len: 54 microversion: 1.19 [pid: 8|app: 0|req: 566/1134] 199.19.213.102 () {34 vars in 897 bytes} [Thu Jul 2 16:38:50 2026] GET /resource_providers/be033491-45ba-49cb-956d-1f04ccc8c4a9/aggregates => generated 54 bytes in 12 msecs (HTTP/1.1 200) 8 headers in 295 bytes (1 switches on core 0)
2026-07-02 16:38:50.840 7 INFO placement.requestlog [req-13f51236-7f51-4b7b-bf9b-045d5f9cc547 req-d86e3587-c36e-4031-b664-8a9c23e094be 732b23f6321b4444a41f0682a10da702 dd3f114da0334be9b7a3f6279a413384 - - e683040273774db2a5227e61eaa32810 e683040273774db2a5227e61eaa32810] 199.19.213.102 "GET /resource_providers/be033491-45ba-49cb-956d-1f04ccc8c4a9/traits" status: 200 len: 1920 microversion: 1.6 [pid: 7|app: 0|req: 569/1135] 199.19.213.102 () {34 vars in 888 bytes} [Thu Jul 2 16:38:50 2026] GET /resource_providers/be033491-45ba-49cb-956d-1f04ccc8c4a9/traits => generated 1920 bytes in 17 msecs (HTTP/1.1 200) 6 headers in 225 bytes (1 switches on core 0)
2026-07-02 16:38:50.858 8 INFO placement.requestlog [req-13f51236-7f51-4b7b-bf9b-045d5f9cc547 req-b50fd3f3-f998-4395-8378-96a5bb3710ef 732b23f6321b4444a41f0682a10da702 dd3f114da0334be9b7a3f6279a413384 - - e683040273774db2a5227e61eaa32810 e683040273774db2a5227e61eaa32810] 199.19.213.102 "GET /resource_providers/be033491-45ba-49cb-956d-1f04ccc8c4a9/allocations" status: 200 len: 55 microversion: 1.0 [pid: 8|app: 0|req: 567/1136] 199.19.213.102 () {32 vars in 855 bytes} [Thu Jul 2 16:38:50 2026] GET /resource_providers/be033491-45ba-49cb-956d-1f04ccc8c4a9/allocations => generated 55 bytes in 11 msecs (HTTP/1.1 200) 6 headers in 223 bytes (1 switches on core 0)
2026-07-02 16:38:51.009 8 INFO placement.requestlog [None req-2ae40a89-26c2-4fb3-bec3-0b24c4d53c0c 4ccbbbeb5bc246678eca9f765415508f dd3f114da0334be9b7a3f6279a413384 - - e683040273774db2a5227e61eaa32810 e683040273774db2a5227e61eaa32810] 10.0.0.59 "GET /resource_providers/1da444fb-d335-41ff-ab6b-3656ccc73dc8/aggregates" status: 404 len: 235 microversion: 1.1 [pid: 8|app: 0|req: 568/1137] 10.0.0.59 () {32 vars in 813 bytes} [Thu Jul 2 16:38:51 2026] GET /resource_providers/1da444fb-d335-41ff-ab6b-3656ccc73dc8/aggregates => generated 235 bytes in 9 msecs (HTTP/1.1 404) 5 headers in 202 bytes (1 switches on core 0)
2026-07-02 16:38:51.010 7 INFO placement.requestlog [None req-5c2ddb5d-2d1b-4035-8756-8566c62069bf 4ccbbbeb5bc246678eca9f765415508f dd3f114da0334be9b7a3f6279a413384 - - e683040273774db2a5227e61eaa32810 e683040273774db2a5227e61eaa32810] 10.0.0.59 "GET /resource_providers/1da444fb-d335-41ff-ab6b-3656ccc73dc8/aggregates" status: 404 len: 235 microversion: 1.1 [pid: 7|app: 0|req: 570/1138] 10.0.0.59 () {32 vars in 813 bytes} [Thu Jul 2 16:38:51 2026] GET /resource_providers/1da444fb-d335-41ff-ab6b-3656ccc73dc8/aggregates => generated 235 bytes in 10 msecs (HTTP/1.1 404) 5 headers in 202 bytes (1 switches on core 0)
2026-07-02 16:38:51.019 8 INFO placement.requestlog [None req-5c9e7b7b-115d-488d-873e-3e51384bebb3 4ccbbbeb5bc246678eca9f765415508f dd3f114da0334be9b7a3f6279a413384 - - e683040273774db2a5227e61eaa32810 e683040273774db2a5227e61eaa32810] 10.0.0.59 "GET /resource_providers/75ae6a1c-728b-457d-aa3d-a061f86a2239/aggregates" status: 404 len: 235 microversion: 1.1 [pid: 8|app: 0|req: 569/1139] 10.0.0.59 () {32 vars in 813 bytes} [Thu Jul 2 16:38:51 2026] GET /resource_providers/75ae6a1c-728b-457d-aa3d-a061f86a2239/aggregates => generated 235 bytes in 6 msecs (HTTP/1.1 404) 5 headers in 202 bytes (1 switches on core 0)
2026-07-02 16:38:51.021 7 INFO placement.requestlog [None req-6c30e760-bc5e-4e67-9669-85c2a813e7ae 4ccbbbeb5bc246678eca9f765415508f dd3f114da0334be9b7a3f6279a413384 - - e683040273774db2a5227e61eaa32810 e683040273774db2a5227e61eaa32810] 10.0.0.59 "GET /resource_providers/75ae6a1c-728b-457d-aa3d-a061f86a2239/aggregates" status: 404 len: 235 microversion: 1.1 [pid: 7|app: 0|req: 571/1140] 10.0.0.59 () {32 vars in 813 bytes} [Thu Jul 2 16:38:51 2026] GET /resource_providers/75ae6a1c-728b-457d-aa3d-a061f86a2239/aggregates => generated 235 bytes in 8 msecs (HTTP/1.1 404) 5 headers in 202 bytes (1 switches on core 0)
2026-07-02 16:38:51.024 8 INFO placement.requestlog [None req-cb1cc6fe-f970-4c0a-b3e9-dcc07fc28c99 4ccbbbeb5bc246678eca9f765415508f dd3f114da0334be9b7a3f6279a413384 - - e683040273774db2a5227e61eaa32810 e683040273774db2a5227e61eaa32810] 10.0.0.59 "DELETE /resource_providers/1da444fb-d335-41ff-ab6b-3656ccc73dc8" status: 404 len: 246 microversion: 1.1 [pid: 8|app: 0|req: 570/1141] 10.0.0.59 () {34 vars in 813 bytes} [Thu Jul 2 16:38:51 2026] DELETE /resource_providers/1da444fb-d335-41ff-ab6b-3656ccc73dc8 => generated 246 bytes in 5 msecs (HTTP/1.1 404) 6 headers in 231 bytes (1 switches on core 0)
2026-07-02 16:38:51.028 7 INFO placement.requestlog [None req-094893fd-198d-4775-b253-868cfaa88b3d 4ccbbbeb5bc246678eca9f765415508f dd3f114da0334be9b7a3f6279a413384 - - e683040273774db2a5227e61eaa32810 e683040273774db2a5227e61eaa32810] 10.0.0.59 "DELETE /resource_providers/1da444fb-d335-41ff-ab6b-3656ccc73dc8" status: 404 len: 246 microversion: 1.1 [pid: 7|app: 0|req: 572/1142] 10.0.0.59 () {34 vars in 813 bytes} [Thu Jul 2 16:38:51 2026] DELETE /resource_providers/1da444fb-d335-41ff-ab6b-3656ccc73dc8 => generated 246 bytes in 7 msecs (HTTP/1.1 404) 6 headers in 231 bytes (1 switches on core 0)
2026-07-02 16:38:51.029 8 INFO placement.requestlog [None req-dc00655f-c9ec-4c67-90a1-c19c96873d2c 4ccbbbeb5bc246678eca9f765415508f dd3f114da0334be9b7a3f6279a413384 - - e683040273774db2a5227e61eaa32810 e683040273774db2a5227e61eaa32810] 10.0.0.59 "DELETE /resource_providers/75ae6a1c-728b-457d-aa3d-a061f86a2239" status: 404 len: 246 microversion: 1.1 [pid: 8|app: 0|req: 571/1143] 10.0.0.59 () {34 vars in 813 bytes} [Thu Jul 2 16:38:51 2026] DELETE /resource_providers/75ae6a1c-728b-457d-aa3d-a061f86a2239 => generated 246 bytes in 4 msecs (HTTP/1.1 404) 6 headers in 231 bytes (1 switches on core 0)
2026-07-02 16:38:51.035 7 INFO placement.requestlog [None req-1169a7c5-1725-4192-944f-88b606215bef 4ccbbbeb5bc246678eca9f765415508f dd3f114da0334be9b7a3f6279a413384 - - e683040273774db2a5227e61eaa32810 e683040273774db2a5227e61eaa32810] 10.0.0.59 "DELETE /resource_providers/75ae6a1c-728b-457d-aa3d-a061f86a2239" status: 404 len: 246 microversion: 1.1 [pid: 7|app: 0|req: 573/1144] 10.0.0.59 () {34 vars in 813 bytes} [Thu Jul 2 16:38:51 2026] DELETE /resource_providers/75ae6a1c-728b-457d-aa3d-a061f86a2239 => generated 246 bytes in 6 msecs (HTTP/1.1 404) 6 headers in 231 bytes (1 switches on core 0)
2026-07-02 16:38:51.039 8 INFO placement.requestlog [None req-e49691a5-b410-428d-b5c1-90e2f9e37e9b 4ccbbbeb5bc246678eca9f765415508f dd3f114da0334be9b7a3f6279a413384 - - e683040273774db2a5227e61eaa32810 e683040273774db2a5227e61eaa32810] 10.0.0.59 "GET /resource_providers/6e6466a2-abac-4c8b-90a2-4a081f06ef77/aggregates" status: 404 len: 235 microversion: 1.1 [pid: 8|app: 0|req: 572/1145] 10.0.0.59 () {32 vars in 813 bytes} [Thu Jul 2 16:38:51 2026] GET /resource_providers/6e6466a2-abac-4c8b-90a2-4a081f06ef77/aggregates => generated 235 bytes in 6 msecs (HTTP/1.1 404) 5 headers in 202 bytes (1 switches on core 0)
2026-07-02 16:38:51.053 8 INFO placement.requestlog [None req-4fd900ba-263d-4bca-96a0-e9ad7830653d 4ccbbbeb5bc246678eca9f765415508f dd3f114da0334be9b7a3f6279a413384 - - e683040273774db2a5227e61eaa32810 e683040273774db2a5227e61eaa32810] 10.0.0.59 "DELETE /resource_providers/6e6466a2-abac-4c8b-90a2-4a081f06ef77" status: 404 len: 246 microversion: 1.1
2026-07-02 16:38:51.053 7 INFO placement.requestlog [None req-e646bf17-eaad-49fd-970c-ce7fa67b73eb 4ccbbbeb5bc246678eca9f765415508f dd3f114da0334be9b7a3f6279a413384 - - e683040273774db2a5227e61eaa32810 e683040273774db2a5227e61eaa32810] 10.0.0.59 "GET /resource_providers/6e6466a2-abac-4c8b-90a2-4a081f06ef77/aggregates" status: 404 len: 235 microversion: 1.1 [pid: 8|app: 0|req: 573/1146] 10.0.0.59 () {34 vars in 813 bytes} [Thu Jul 2 16:38:51 2026] DELETE /resource_providers/6e6466a2-abac-4c8b-90a2-4a081f06ef77 => generated 246 bytes in 8 msecs (HTTP/1.1 404) 6 headers in 231 bytes (1 switches on core 0) [pid: 7|app: 0|req: 574/1147] 10.0.0.59 () {32 vars in 813 bytes} [Thu Jul 2 16:38:51 2026] GET /resource_providers/6e6466a2-abac-4c8b-90a2-4a081f06ef77/aggregates => generated 235 bytes in 8 msecs (HTTP/1.1 404) 5 headers in 202 bytes (1 switches on core 0)
2026-07-02 16:38:51.067 8 INFO placement.requestlog [None req-f004e101-59ce-4879-a6fe-4499286301ad 4ccbbbeb5bc246678eca9f765415508f dd3f114da0334be9b7a3f6279a413384 - - e683040273774db2a5227e61eaa32810 e683040273774db2a5227e61eaa32810] 10.0.0.59 "DELETE /resource_providers/6e6466a2-abac-4c8b-90a2-4a081f06ef77" status: 404 len: 246 microversion: 1.1 [pid: 8|app: 0|req: 574/1148] 10.0.0.59 () {34 vars in 813 bytes} [Thu Jul 2 16:38:51 2026] DELETE /resource_providers/6e6466a2-abac-4c8b-90a2-4a081f06ef77 => generated 246 bytes in 7 msecs (HTTP/1.1 404) 6 headers in 231 bytes (1 switches on core 0)
2026-07-02 16:38:54.463 8 INFO placement.requestlog [None req-f5570b69-6529-4b23-9796-04319f933619 4ccbbbeb5bc246678eca9f765415508f dd3f114da0334be9b7a3f6279a413384 - - e683040273774db2a5227e61eaa32810 e683040273774db2a5227e61eaa32810] 10.0.0.59 "GET /resource_providers/9dcb9925-2266-4ae3-b890-0e6c4988b039/aggregates" status: 404 len: 235 microversion: 1.1 [pid: 8|app: 0|req: 575/1149] 10.0.0.59 () {32 vars in 813 bytes} [Thu Jul 2 16:38:54 2026] GET /resource_providers/9dcb9925-2266-4ae3-b890-0e6c4988b039/aggregates => generated 235 bytes in 11 msecs (HTTP/1.1 404) 5 headers in 202 bytes (1 switches on core 0)
2026-07-02 16:38:54.464 7 INFO placement.requestlog [None req-e435eae9-81f3-4780-b14f-0c1968e4b5fe 4ccbbbeb5bc246678eca9f765415508f dd3f114da0334be9b7a3f6279a413384 - - e683040273774db2a5227e61eaa32810 e683040273774db2a5227e61eaa32810] 10.0.0.59 "GET /resource_providers/9dcb9925-2266-4ae3-b890-0e6c4988b039/aggregates" status: 404 len: 235 microversion: 1.1 [pid: 7|app: 0|req: 575/1150] 10.0.0.59 () {32 vars in 813 bytes} [Thu Jul 2 16:38:54 2026] GET /resource_providers/9dcb9925-2266-4ae3-b890-0e6c4988b039/aggregates => generated 235 bytes in 16 msecs (HTTP/1.1 404) 5 headers in 202 bytes (1 switches on core 0)
2026-07-02 16:38:54.484 8 INFO placement.requestlog [None req-d3b803b6-6d5b-4dfa-be7f-6d40f81c7518 4ccbbbeb5bc246678eca9f765415508f dd3f114da0334be9b7a3f6279a413384 - - e683040273774db2a5227e61eaa32810 e683040273774db2a5227e61eaa32810] 10.0.0.59 "DELETE /resource_providers/9dcb9925-2266-4ae3-b890-0e6c4988b039" status: 404 len: 246 microversion: 1.1 [pid: 8|app: 0|req: 576/1151] 10.0.0.59 () {34 vars in 813 bytes} [Thu Jul 2 16:38:54 2026] DELETE /resource_providers/9dcb9925-2266-4ae3-b890-0e6c4988b039 => generated 246 bytes in 11 msecs (HTTP/1.1 404) 6 headers in 231 bytes (1 switches on core 0)
2026-07-02 16:38:54.490 7 INFO placement.requestlog [None req-2a0b7a89-25eb-478e-890e-52ab70d5333f 4ccbbbeb5bc246678eca9f765415508f dd3f114da0334be9b7a3f6279a413384 - - e683040273774db2a5227e61eaa32810 e683040273774db2a5227e61eaa32810] 10.0.0.59 "DELETE /resource_providers/9dcb9925-2266-4ae3-b890-0e6c4988b039" status: 404 len: 246 microversion: 1.1 [pid: 7|app: 0|req: 576/1152] 10.0.0.59 () {34 vars in 813 bytes} [Thu Jul 2 16:38:54 2026] DELETE /resource_providers/9dcb9925-2266-4ae3-b890-0e6c4988b039 => generated 246 bytes in 16 msecs (HTTP/1.1 404) 6 headers in 231 bytes (1 switches on core 0)
2026-07-02 16:38:56.388 7 INFO placement.requestlog [None req-f6371419-6cb1-46de-9dad-412fcbf47ba9 - - - - - -] 10.0.0.75 "GET /" status: 200 len: 136 microversion: 1.0
2026-07-02 16:38:56.388 8 INFO placement.requestlog [None req-c85a3858-c884-4c33-8c5e-dbcb7fa5d886 - - - - - -] 10.0.0.75 "GET /" status: 200 len: 136 microversion: 1.0
2026-07-02 16:38:56.711 7 INFO placement.requestlog [None req-eb189159-d685-4a75-8769-0faef702275c 4ccbbbeb5bc246678eca9f765415508f dd3f114da0334be9b7a3f6279a413384 - - e683040273774db2a5227e61eaa32810 e683040273774db2a5227e61eaa32810] 10.0.0.59 "GET /resource_providers/d0bfd539-86c8-419b-9a5b-5ad57e7cc439/aggregates" status: 404 len: 235 microversion: 1.1 [pid: 7|app: 0|req: 578/1155] 10.0.0.59 () {32 vars in 813 bytes} [Thu Jul 2 16:38:56 2026] GET /resource_providers/d0bfd539-86c8-419b-9a5b-5ad57e7cc439/aggregates => generated 235 bytes in 11 msecs (HTTP/1.1 404) 5 headers in 202 bytes (1 switches on core 0)
2026-07-02 16:38:56.716 8 INFO placement.requestlog [None req-07493e10-bfeb-4c95-a2f4-9ce6b703614f 4ccbbbeb5bc246678eca9f765415508f dd3f114da0334be9b7a3f6279a413384 - - e683040273774db2a5227e61eaa32810 e683040273774db2a5227e61eaa32810] 10.0.0.59 "GET /resource_providers/d0bfd539-86c8-419b-9a5b-5ad57e7cc439/aggregates" status: 404 len: 235 microversion: 1.1 [pid: 8|app: 0|req: 578/1156] 10.0.0.59 () {32 vars in 813 bytes} [Thu Jul 2 16:38:56 2026] GET /resource_providers/d0bfd539-86c8-419b-9a5b-5ad57e7cc439/aggregates => generated 235 bytes in 17 msecs (HTTP/1.1 404) 5 headers in 202 bytes (1 switches on core 0)
2026-07-02 16:38:56.727 7 INFO placement.requestlog [None req-9f8c53d4-790d-4692-ac67-eb61d458d6f5 4ccbbbeb5bc246678eca9f765415508f dd3f114da0334be9b7a3f6279a413384 - - e683040273774db2a5227e61eaa32810 e683040273774db2a5227e61eaa32810] 10.0.0.59 "DELETE /resource_providers/d0bfd539-86c8-419b-9a5b-5ad57e7cc439" status: 404 len: 246 microversion: 1.1 [pid: 7|app: 0|req: 579/1157] 10.0.0.59 () {34 vars in 813 bytes} [Thu Jul 2 16:38:56 2026] DELETE /resource_providers/d0bfd539-86c8-419b-9a5b-5ad57e7cc439 => generated 246 bytes in 10 msecs (HTTP/1.1 404) 6 headers in 231 bytes (1 switches on core 0)
2026-07-02 16:38:56.738 8 INFO placement.requestlog [None req-fc2684af-2b11-4369-bffd-05dc7f7d594d 4ccbbbeb5bc246678eca9f765415508f dd3f114da0334be9b7a3f6279a413384 - - e683040273774db2a5227e61eaa32810 e683040273774db2a5227e61eaa32810] 10.0.0.59 "DELETE /resource_providers/d0bfd539-86c8-419b-9a5b-5ad57e7cc439" status: 404 len: 246 microversion: 1.1 [pid: 8|app: 0|req: 579/1158] 10.0.0.59 () {34 vars in 813 bytes} [Thu Jul 2 16:38:56 2026] DELETE /resource_providers/d0bfd539-86c8-419b-9a5b-5ad57e7cc439 => generated 246 bytes in 15 msecs (HTTP/1.1 404) 6 headers in 231 bytes (1 switches on core 0)
2026-07-02 16:38:56.740 7 INFO placement.requestlog [None req-625a3d82-e5a3-4c44-9e25-aaf40b9ed3e0 4ccbbbeb5bc246678eca9f765415508f dd3f114da0334be9b7a3f6279a413384 - - e683040273774db2a5227e61eaa32810 e683040273774db2a5227e61eaa32810] 10.0.0.59 "GET /resource_providers/f420a43e-995f-45c7-a26e-ae405818a5c3/aggregates" status: 404 len: 235 microversion: 1.1 [pid: 7|app: 0|req: 580/1159] 10.0.0.59 () {32 vars in 813 bytes} [Thu Jul 2 16:38:56 2026] GET /resource_providers/f420a43e-995f-45c7-a26e-ae405818a5c3/aggregates => generated 235 bytes in 8 msecs (HTTP/1.1 404) 5 headers in 202 bytes (1 switches on core 0)
2026-07-02 16:38:56.762 8 INFO placement.requestlog [None req-2b48fb87-7ad0-4a6f-9683-c5b3eec94c58 4ccbbbeb5bc246678eca9f765415508f dd3f114da0334be9b7a3f6279a413384 - - e683040273774db2a5227e61eaa32810 e683040273774db2a5227e61eaa32810] 10.0.0.59 "GET /resource_providers/f420a43e-995f-45c7-a26e-ae405818a5c3/aggregates" status: 404 len: 235 microversion: 1.1 [pid: 8|app: 0|req: 580/1160] 10.0.0.59 () {32 vars in 813 bytes} [Thu Jul 2 16:38:56 2026] GET /resource_providers/f420a43e-995f-45c7-a26e-ae405818a5c3/aggregates => generated 235 bytes in 15 msecs (HTTP/1.1 404) 5 headers in 202 bytes (1 switches on core 0)
2026-07-02 16:38:56.772 7 INFO placement.requestlog [None req-06a3219a-e601-4f9a-bdfe-50bf14d93583 4ccbbbeb5bc246678eca9f765415508f dd3f114da0334be9b7a3f6279a413384 - - e683040273774db2a5227e61eaa32810 e683040273774db2a5227e61eaa32810] 10.0.0.59 "DELETE /resource_providers/f420a43e-995f-45c7-a26e-ae405818a5c3" status: 404 len: 246 microversion: 1.1 [pid: 7|app: 0|req: 581/1161] 10.0.0.59 () {34 vars in 813 bytes} [Thu Jul 2 16:38:56 2026] DELETE /resource_providers/f420a43e-995f-45c7-a26e-ae405818a5c3 => generated 246 bytes in 20 msecs (HTTP/1.1 404) 6 headers in 231 bytes (1 switches on core 0)
2026-07-02 16:38:56.776 8 INFO placement.requestlog [None req-34234682-d939-4e42-8a03-52fd39d319ea 4ccbbbeb5bc246678eca9f765415508f dd3f114da0334be9b7a3f6279a413384 - - e683040273774db2a5227e61eaa32810 e683040273774db2a5227e61eaa32810] 10.0.0.59 "DELETE /resource_providers/f420a43e-995f-45c7-a26e-ae405818a5c3" status: 404 len: 246 microversion: 1.1 [pid: 8|app: 0|req: 581/1162] 10.0.0.59 () {34 vars in 813 bytes} [Thu Jul 2 16:38:56 2026] DELETE /resource_providers/f420a43e-995f-45c7-a26e-ae405818a5c3 => generated 246 bytes in 9 msecs (HTTP/1.1 404) 6 headers in 231 bytes (1 switches on core 0)
2026-07-02 16:38:56.784 7 INFO placement.requestlog [None req-98c438b9-ce69-43ea-8e05-dde4488e9829 4ccbbbeb5bc246678eca9f765415508f dd3f114da0334be9b7a3f6279a413384 - - e683040273774db2a5227e61eaa32810 e683040273774db2a5227e61eaa32810] 10.0.0.59 "GET /resource_providers/878dda38-9022-497a-9a49-33876da9a928/aggregates" status: 404 len: 235 microversion: 1.1 [pid: 7|app: 0|req: 582/1163] 10.0.0.59 () {32 vars in 813 bytes} [Thu Jul 2 16:38:56 2026] GET /resource_providers/878dda38-9022-497a-9a49-33876da9a928/aggregates => generated 235 bytes in 8 msecs (HTTP/1.1 404) 5 headers in 202 bytes (1 switches on core 0)
2026-07-02 16:38:56.788 8 INFO placement.requestlog [None req-1bab3351-5351-4be3-8d3f-fbe85295e3b6 4ccbbbeb5bc246678eca9f765415508f dd3f114da0334be9b7a3f6279a413384 - - e683040273774db2a5227e61eaa32810 e683040273774db2a5227e61eaa32810] 10.0.0.59 "GET /resource_providers/878dda38-9022-497a-9a49-33876da9a928/aggregates" status: 404 len: 235 microversion: 1.1 [pid: 8|app: 0|req: 582/1164] 10.0.0.59 () {32 vars in 813 bytes} [Thu Jul 2 16:38:56 2026] GET /resource_providers/878dda38-9022-497a-9a49-33876da9a928/aggregates => generated 235 bytes in 9 msecs (HTTP/1.1 404) 5 headers in 202 bytes (1 switches on core 0)
2026-07-02 16:38:56.798 8 INFO placement.requestlog [None req-a4ede4b0-09f7-4feb-a110-1a513fe80180 4ccbbbeb5bc246678eca9f765415508f dd3f114da0334be9b7a3f6279a413384 - - e683040273774db2a5227e61eaa32810 e683040273774db2a5227e61eaa32810] 10.0.0.59 "DELETE /resource_providers/878dda38-9022-497a-9a49-33876da9a928" status: 404 len: 246 microversion: 1.1 [pid: 8|app: 0|req: 583/1165] 10.0.0.59 () {34 vars in 813 bytes} [Thu Jul 2 16:38:56 2026] DELETE /resource_providers/878dda38-9022-497a-9a49-33876da9a928 => generated 246 bytes in 6 msecs (HTTP/1.1 404) 6 headers in 231 bytes (1 switches on core 0)
2026-07-02 16:38:56.807 7 INFO placement.requestlog [None req-bcb2e804-757a-4b77-9e09-44b8ab5af05a 4ccbbbeb5bc246678eca9f765415508f dd3f114da0334be9b7a3f6279a413384 - - e683040273774db2a5227e61eaa32810 e683040273774db2a5227e61eaa32810] 10.0.0.59 "DELETE /resource_providers/878dda38-9022-497a-9a49-33876da9a928" status: 404 len: 246 microversion: 1.1 [pid: 7|app: 0|req: 583/1166] 10.0.0.59 () {34 vars in 813 bytes} [Thu Jul 2 16:38:56 2026] DELETE /resource_providers/878dda38-9022-497a-9a49-33876da9a928 => generated 246 bytes in 18 msecs (HTTP/1.1 404) 6 headers in 231 bytes (1 switches on core 0)
2026-07-02 16:38:56.810 8 INFO placement.requestlog [None req-220eafe5-a72c-48ac-acd8-7e8d30c23e68 4ccbbbeb5bc246678eca9f765415508f dd3f114da0334be9b7a3f6279a413384 - - e683040273774db2a5227e61eaa32810 e683040273774db2a5227e61eaa32810] 10.0.0.59 "GET /resource_providers/08702d54-02ff-402a-9252-5c550c486a36/aggregates" status: 404 len: 235 microversion: 1.1 [pid: 8|app: 0|req: 584/1167] 10.0.0.59 () {32 vars in 813 bytes} [Thu Jul 2 16:38:56 2026] GET /resource_providers/08702d54-02ff-402a-9252-5c550c486a36/aggregates => generated 235 bytes in 9 msecs (HTTP/1.1 404) 5 headers in 202 bytes (1 switches on core 0)
2026-07-02 16:38:56.819 7 INFO placement.requestlog [None req-a3c9846f-5a19-4a80-a30e-79601403311a 4ccbbbeb5bc246678eca9f765415508f dd3f114da0334be9b7a3f6279a413384 - - e683040273774db2a5227e61eaa32810 e683040273774db2a5227e61eaa32810] 10.0.0.59 "GET /resource_providers/08702d54-02ff-402a-9252-5c550c486a36/aggregates" status: 404 len: 235 microversion: 1.1 [pid: 7|app: 0|req: 584/1168] 10.0.0.59 () {32 vars in 813 bytes} [Thu Jul 2 16:38:56 2026] GET /resource_providers/08702d54-02ff-402a-9252-5c550c486a36/aggregates => generated 235 bytes in 8 msecs (HTTP/1.1 404) 5 headers in 202 bytes (1 switches on core 0)
2026-07-02 16:38:56.826 8 INFO placement.requestlog [None req-9616be4c-62f9-4c57-bfa6-7993c66fe7cf 4ccbbbeb5bc246678eca9f765415508f dd3f114da0334be9b7a3f6279a413384 - - e683040273774db2a5227e61eaa32810 e683040273774db2a5227e61eaa32810] 10.0.0.59 "DELETE /resource_providers/08702d54-02ff-402a-9252-5c550c486a36" status: 404 len: 246 microversion: 1.1 [pid: 8|app: 0|req: 585/1169] 10.0.0.59 () {34 vars in 813 bytes} [Thu Jul 2 16:38:56 2026] DELETE /resource_providers/08702d54-02ff-402a-9252-5c550c486a36 => generated 246 bytes in 8 msecs (HTTP/1.1 404) 6 headers in 231 bytes (1 switches on core 0)
2026-07-02 16:38:56.842 7 INFO placement.requestlog [None req-a0dbb30d-998b-4cdf-9acd-3e93df5442c5 4ccbbbeb5bc246678eca9f765415508f dd3f114da0334be9b7a3f6279a413384 - - e683040273774db2a5227e61eaa32810 e683040273774db2a5227e61eaa32810] 10.0.0.59 "DELETE /resource_providers/08702d54-02ff-402a-9252-5c550c486a36" status: 404 len: 246 microversion: 1.1 [pid: 7|app: 0|req: 585/1170] 10.0.0.59 () {34 vars in 813 bytes} [Thu Jul 2 16:38:56 2026] DELETE /resource_providers/08702d54-02ff-402a-9252-5c550c486a36 => generated 246 bytes in 24 msecs (HTTP/1.1 404) 6 headers in 231 bytes (1 switches on core 0)
2026-07-02 16:38:56.852 8 INFO placement.requestlog [None req-8dcc55b4-abec-4e46-bb16-73dbee3a228c 4ccbbbeb5bc246678eca9f765415508f dd3f114da0334be9b7a3f6279a413384 - - e683040273774db2a5227e61eaa32810 e683040273774db2a5227e61eaa32810] 10.0.0.59 "GET /resource_providers/3370dfe3-7420-4bfd-8faf-443b37a94636/aggregates" status: 404 len: 235 microversion: 1.1 [pid: 8|app: 0|req: 586/1171] 10.0.0.59 () {32 vars in 813 bytes} [Thu Jul 2 16:38:56 2026] GET /resource_providers/3370dfe3-7420-4bfd-8faf-443b37a94636/aggregates => generated 235 bytes in 21 msecs (HTTP/1.1 404) 5 headers in 202 bytes (1 switches on core 0)
2026-07-02 16:38:57.037 7 INFO placement.requestlog [None req-1ba5e1b7-4f25-4e77-882b-48cc8d5b7eb2 4ccbbbeb5bc246678eca9f765415508f dd3f114da0334be9b7a3f6279a413384 - - e683040273774db2a5227e61eaa32810 e683040273774db2a5227e61eaa32810] 10.0.0.59 "GET /resource_providers/3370dfe3-7420-4bfd-8faf-443b37a94636/aggregates" status: 404 len: 235 microversion: 1.1 [pid: 7|app: 0|req: 586/1172] 10.0.0.59 () {32 vars in 813 bytes} [Thu Jul 2 16:38:57 2026] GET /resource_providers/3370dfe3-7420-4bfd-8faf-443b37a94636/aggregates => generated 235 bytes in 9 msecs (HTTP/1.1 404) 5 headers in 202 bytes (1 switches on core 0)
2026-07-02 16:38:57.043 8 INFO placement.requestlog [None req-ae37db80-bcb2-4bcb-900d-79cfa6ea695f 4ccbbbeb5bc246678eca9f765415508f dd3f114da0334be9b7a3f6279a413384 - - e683040273774db2a5227e61eaa32810 e683040273774db2a5227e61eaa32810] 10.0.0.59 "DELETE /resource_providers/3370dfe3-7420-4bfd-8faf-443b37a94636" status: 404 len: 246 microversion: 1.1 [pid: 8|app: 0|req: 587/1173] 10.0.0.59 () {34 vars in 813 bytes} [Thu Jul 2 16:38:57 2026] DELETE /resource_providers/3370dfe3-7420-4bfd-8faf-443b37a94636 => generated 246 bytes in 9 msecs (HTTP/1.1 404) 6 headers in 231 bytes (1 switches on core 0)
2026-07-02 16:38:57.051 7 INFO placement.requestlog [None req-8ef982cb-c4fd-437a-ab4f-d9853b5f2c42 4ccbbbeb5bc246678eca9f765415508f dd3f114da0334be9b7a3f6279a413384 - - e683040273774db2a5227e61eaa32810 e683040273774db2a5227e61eaa32810] 10.0.0.59 "DELETE /resource_providers/3370dfe3-7420-4bfd-8faf-443b37a94636" status: 404 len: 246 microversion: 1.1 [pid: 7|app: 0|req: 587/1174] 10.0.0.59 () {34 vars in 813 bytes} [Thu Jul 2 16:38:57 2026] DELETE /resource_providers/3370dfe3-7420-4bfd-8faf-443b37a94636 => generated 246 bytes in 7 msecs (HTTP/1.1 404) 6 headers in 231 bytes (1 switches on core 0)
2026-07-02 16:39:06.389 7 INFO placement.requestlog [None req-fb67363b-d84e-4e49-a141-142ce436558d - - - - - -] 10.0.0.75 "GET /" status: 200 len: 136 microversion: 1.0
2026-07-02 16:39:06.390 8 INFO placement.requestlog [None req-d70f4597-ff9a-4913-820f-55379e24d6d1 - - - - - -] 10.0.0.75 "GET /" status: 200 len: 136 microversion: 1.0
2026-07-02 16:39:16.389 8 INFO placement.requestlog [None req-8f9f3075-80a9-4075-b62f-45298a8631f7 - - - - - -] 10.0.0.75 "GET /" status: 200 len: 136 microversion: 1.0
2026-07-02 16:39:16.389 7 INFO placement.requestlog [None req-0711ee1a-8b51-4726-92ec-b76e85b0f06a - - - - - -] 10.0.0.75 "GET /" status: 200 len: 136 microversion: 1.0
2026-07-02 16:39:24.189 8 INFO placement.requestlog [req-08f55c15-b7b7-48f2-9cdd-42bc551f1700 req-d1f3f15b-0cde-4460-845e-a1b537a2099b 732b23f6321b4444a41f0682a10da702 dd3f114da0334be9b7a3f6279a413384 - - e683040273774db2a5227e61eaa32810 e683040273774db2a5227e61eaa32810] 10.0.0.158 "GET /allocation_candidates?limit=1000&resources=DISK_GB%3A1%2CMEMORY_MB%3A512%2CVCPU%3A1&root_required=%21COMPUTE_STATUS_DISABLED" status: 200 len: 2384 microversion: 1.36 [pid: 8|app: 0|req: 590/1179] 10.0.0.158 () {34 vars in 1010 bytes} [Thu Jul 2 16:39:24 2026] GET /allocation_candidates?limit=1000&resources=DISK_GB%3A1%2CMEMORY_MB%3A512%2CVCPU%3A1&root_required=%21COMPUTE_STATUS_DISABLED => generated 2384 bytes in 172 msecs (HTTP/1.1 200) 8 headers in 297 bytes (1 switches on core 0)
2026-07-02 16:39:24.223 7 INFO placement.requestlog [req-08f55c15-b7b7-48f2-9cdd-42bc551f1700 req-6232c74f-8bc3-4937-90ad-ae7b44b8147b 732b23f6321b4444a41f0682a10da702 dd3f114da0334be9b7a3f6279a413384 - - e683040273774db2a5227e61eaa32810 e683040273774db2a5227e61eaa32810] 10.0.0.158 "GET /allocations/b45edd9b-5910-4bca-826d-8cadcc602d8f" status: 200 len: 19 microversion: 1.28 [pid: 7|app: 0|req: 590/1180] 10.0.0.158 () {34 vars in 859 bytes} [Thu Jul 2 16:39:24 2026] GET /allocations/b45edd9b-5910-4bca-826d-8cadcc602d8f => generated 19 bytes in 12 msecs (HTTP/1.1 200) 8 headers in 295 bytes (1 switches on core 0)
2026-07-02 16:39:24.302 8 INFO placement.requestlog [req-08f55c15-b7b7-48f2-9cdd-42bc551f1700 req-714bccb3-7ff5-4500-96d6-9c126e60cf46 732b23f6321b4444a41f0682a10da702 dd3f114da0334be9b7a3f6279a413384 - - e683040273774db2a5227e61eaa32810 e683040273774db2a5227e61eaa32810] 10.0.0.158 "PUT /allocations/b45edd9b-5910-4bca-826d-8cadcc602d8f" status: 204 len: 0 microversion: 1.36 [pid: 8|app: 0|req: 591/1181] 10.0.0.158 () {38 vars in 912 bytes} [Thu Jul 2 16:39:24 2026] PUT /allocations/b45edd9b-5910-4bca-826d-8cadcc602d8f => generated 0 bytes in 70 msecs (HTTP/1.1 204) 5 headers in 199 bytes (1 switches on core 0)
2026-07-02 16:39:25.678 7 INFO placement.requestlog [req-08f55c15-b7b7-48f2-9cdd-42bc551f1700 req-80c363f4-d77e-439c-93fd-6387473f0685 732b23f6321b4444a41f0682a10da702 dd3f114da0334be9b7a3f6279a413384 - - e683040273774db2a5227e61eaa32810 e683040273774db2a5227e61eaa32810] 199.19.213.102 "GET /allocations/b45edd9b-5910-4bca-826d-8cadcc602d8f" status: 200 len: 258 microversion: 1.28 [pid: 7|app: 0|req: 591/1182] 199.19.213.102 () {34 vars in 861 bytes} [Thu Jul 2 16:39:25 2026] GET /allocations/b45edd9b-5910-4bca-826d-8cadcc602d8f => generated 258 bytes in 17 msecs (HTTP/1.1 200) 8 headers in 296 bytes (1 switches on core 0)
2026-07-02 16:39:26.388 8 INFO placement.requestlog [None req-c615283b-8c9f-4654-9705-5a7ebc466af4 - - - - - -] 10.0.0.75 "GET /" status: 200 len: 136 microversion: 1.0
2026-07-02 16:39:26.389 7 INFO placement.requestlog [None req-a13d5e37-64b8-4d90-a0ee-0350cee34a13 - - - - - -] 10.0.0.75 "GET /" status: 200 len: 136 microversion: 1.0
2026-07-02 16:39:26.720 8 INFO placement.requestlog [req-08f55c15-b7b7-48f2-9cdd-42bc551f1700 req-c9e9e775-1c1f-4ebe-a6d7-e5683ce7d1af 732b23f6321b4444a41f0682a10da702 dd3f114da0334be9b7a3f6279a413384 - - e683040273774db2a5227e61eaa32810 e683040273774db2a5227e61eaa32810] 199.19.213.102 "GET /resource_providers/be033491-45ba-49cb-956d-1f04ccc8c4a9/allocations" status: 200 len: 153 microversion: 1.0 [pid: 8|app: 0|req: 593/1185] 199.19.213.102 () {32 vars in 855 bytes} [Thu Jul 2 16:39:26 2026] GET /resource_providers/be033491-45ba-49cb-956d-1f04ccc8c4a9/allocations => generated 153 bytes in 16 msecs (HTTP/1.1 200) 6 headers in 224 bytes (1 switches on core 0)
2026-07-02 16:39:26.743 7 INFO placement.requestlog [req-08f55c15-b7b7-48f2-9cdd-42bc551f1700 req-0b159771-c494-4e63-9f38-f0b7d141e9a5 732b23f6321b4444a41f0682a10da702 dd3f114da0334be9b7a3f6279a413384 - - e683040273774db2a5227e61eaa32810 e683040273774db2a5227e61eaa32810] 199.19.213.102 "GET /allocations/b45edd9b-5910-4bca-826d-8cadcc602d8f" status: 200 len: 258 microversion: 1.28 [pid: 7|app: 0|req: 593/1186] 199.19.213.102 () {34 vars in 861 bytes} [Thu Jul 2 16:39:26 2026] GET /allocations/b45edd9b-5910-4bca-826d-8cadcc602d8f => generated 258 bytes in 16 msecs (HTTP/1.1 200) 8 headers in 296 bytes (1 switches on core 0)
2026-07-02 16:39:36.389 7 INFO placement.requestlog [None req-5b05e6d2-bc2e-4ef0-a735-43da2c971c7e - - - - - -] 10.0.0.75 "GET /" status: 200 len: 136 microversion: 1.0
2026-07-02 16:39:36.389 8 INFO placement.requestlog [None req-cfe3e43b-63ec-46ec-8c24-4691cbc5714c - - - - - -] 10.0.0.75 "GET /" status: 200 len: 136 microversion: 1.0
2026-07-02 16:39:41.629 7 INFO placement.requestlog [req-b9de1848-a88f-43ad-95f8-82120fdac7c4 req-ef6319c4-cd7b-465c-86d7-9b055a4a7eda 732b23f6321b4444a41f0682a10da702 dd3f114da0334be9b7a3f6279a413384 - - e683040273774db2a5227e61eaa32810 e683040273774db2a5227e61eaa32810] 10.0.0.158 "GET /allocation_candidates?limit=1000&resources=DISK_GB%3A1%2CMEMORY_MB%3A512%2CVCPU%3A1&root_required=%21COMPUTE_STATUS_DISABLED" status: 200 len: 2386 microversion: 1.36 [pid: 7|app: 0|req: 595/1189] 10.0.0.158 () {34 vars in 1010 bytes} [Thu Jul 2 16:39:41 2026] GET /allocation_candidates?limit=1000&resources=DISK_GB%3A1%2CMEMORY_MB%3A512%2CVCPU%3A1&root_required=%21COMPUTE_STATUS_DISABLED => generated 2386 bytes in 40 msecs (HTTP/1.1 200) 8 headers in 297 bytes (1 switches on core 0)
2026-07-02 16:39:41.653 8 INFO placement.requestlog [req-b9de1848-a88f-43ad-95f8-82120fdac7c4 req-7ddbdaf7-3b3e-4283-9a18-b59df552dd99 732b23f6321b4444a41f0682a10da702 dd3f114da0334be9b7a3f6279a413384 - - e683040273774db2a5227e61eaa32810 e683040273774db2a5227e61eaa32810] 10.0.0.158 "GET /allocations/664a59c7-c0ba-4346-8333-84a02f4cee6e" status: 200 len: 19 microversion: 1.28 [pid: 8|app: 0|req: 595/1190] 10.0.0.158 () {34 vars in 859 bytes} [Thu Jul 2 16:39:41 2026] GET /allocations/664a59c7-c0ba-4346-8333-84a02f4cee6e => generated 19 bytes in 8 msecs (HTTP/1.1 200) 8 headers in 295 bytes (1 switches on core 0)
2026-07-02 16:39:41.706 7 INFO placement.requestlog [req-b9de1848-a88f-43ad-95f8-82120fdac7c4 req-071d83e8-ac91-4ca1-a09f-4a3239e4304c 732b23f6321b4444a41f0682a10da702 dd3f114da0334be9b7a3f6279a413384 - - e683040273774db2a5227e61eaa32810 e683040273774db2a5227e61eaa32810] 10.0.0.158 "PUT /allocations/664a59c7-c0ba-4346-8333-84a02f4cee6e" status: 204 len: 0 microversion: 1.36 [pid: 7|app: 0|req: 596/1191] 10.0.0.158 () {38 vars in 912 bytes} [Thu Jul 2 16:39:41 2026] PUT /allocations/664a59c7-c0ba-4346-8333-84a02f4cee6e => generated 0 bytes in 48 msecs (HTTP/1.1 204) 5 headers in 199 bytes (1 switches on core 0)
2026-07-02 16:39:43.207 8 INFO placement.requestlog [req-b9de1848-a88f-43ad-95f8-82120fdac7c4 req-78cc523c-f1e2-478b-aee4-1c14648c74e4 732b23f6321b4444a41f0682a10da702 dd3f114da0334be9b7a3f6279a413384 - - e683040273774db2a5227e61eaa32810 e683040273774db2a5227e61eaa32810] 199.19.213.102 "GET /allocations/664a59c7-c0ba-4346-8333-84a02f4cee6e" status: 200 len: 258 microversion: 1.28 [pid: 8|app: 0|req: 596/1192] 199.19.213.102 () {34 vars in 861 bytes} [Thu Jul 2 16:39:43 2026] GET /allocations/664a59c7-c0ba-4346-8333-84a02f4cee6e => generated 258 bytes in 12 msecs (HTTP/1.1 200) 8 headers in 296 bytes (1 switches on core 0)
2026-07-02 16:39:44.250 7 INFO placement.requestlog [req-b9de1848-a88f-43ad-95f8-82120fdac7c4 req-064dc6bc-cee8-4b12-b7a6-c9cf555d6409 732b23f6321b4444a41f0682a10da702 dd3f114da0334be9b7a3f6279a413384 - - e683040273774db2a5227e61eaa32810 e683040273774db2a5227e61eaa32810] 199.19.213.102 "GET /resource_providers/be033491-45ba-49cb-956d-1f04ccc8c4a9/allocations" status: 200 len: 253 microversion: 1.0 [pid: 7|app: 0|req: 597/1193] 199.19.213.102 () {32 vars in 855 bytes} [Thu Jul 2 16:39:44 2026] GET /resource_providers/be033491-45ba-49cb-956d-1f04ccc8c4a9/allocations => generated 253 bytes in 16 msecs (HTTP/1.1 200) 6 headers in 224 bytes (1 switches on core 0)
2026-07-02 16:39:44.273 8 INFO placement.requestlog [req-b9de1848-a88f-43ad-95f8-82120fdac7c4 req-eeb19d36-208c-4ad1-b486-f0c76d6b5493 732b23f6321b4444a41f0682a10da702 dd3f114da0334be9b7a3f6279a413384 - - e683040273774db2a5227e61eaa32810 e683040273774db2a5227e61eaa32810] 199.19.213.102 "GET /allocations/b45edd9b-5910-4bca-826d-8cadcc602d8f" status: 200 len: 258 microversion: 1.28 [pid: 8|app: 0|req: 597/1194] 199.19.213.102 () {34 vars in 861 bytes} [Thu Jul 2 16:39:44 2026] GET /allocations/b45edd9b-5910-4bca-826d-8cadcc602d8f => generated 258 bytes in 18 msecs (HTTP/1.1 200) 8 headers in 296 bytes (1 switches on core 0)
2026-07-02 16:39:44.293 7 INFO placement.requestlog [req-b9de1848-a88f-43ad-95f8-82120fdac7c4 req-b76f84b8-ea2a-4d99-8aa6-9bf83e0b0674 732b23f6321b4444a41f0682a10da702 dd3f114da0334be9b7a3f6279a413384 - - e683040273774db2a5227e61eaa32810 e683040273774db2a5227e61eaa32810] 199.19.213.102 "GET /allocations/664a59c7-c0ba-4346-8333-84a02f4cee6e" status: 200 len: 258 microversion: 1.28 [pid: 7|app: 0|req: 598/1195] 199.19.213.102 () {34 vars in 861 bytes} [Thu Jul 2 16:39:44 2026] GET /allocations/664a59c7-c0ba-4346-8333-84a02f4cee6e => generated 258 bytes in 15 msecs (HTTP/1.1 200) 8 headers in 296 bytes (1 switches on core 0)
2026-07-02 16:39:46.388 8 INFO placement.requestlog [None req-8238e16a-a4bc-4371-be37-83efea7ade70 - - - - - -] 10.0.0.75 "GET /" status: 200 len: 136 microversion: 1.0
2026-07-02 16:39:46.388 7 INFO placement.requestlog [None req-6c13f9d0-1557-4877-a3de-480ba1d30924 - - - - - -] 10.0.0.75 "GET /" status: 200 len: 136 microversion: 1.0
2026-07-02 16:39:53.871 8 INFO placement.requestlog [req-ab61dd23-d0e9-4bae-94b4-7946216a5c0f req-94f5ae37-e78c-4343-9368-caa75fc8180b 732b23f6321b4444a41f0682a10da702 dd3f114da0334be9b7a3f6279a413384 - - e683040273774db2a5227e61eaa32810 e683040273774db2a5227e61eaa32810] 199.19.213.102 "GET /resource_providers/be033491-45ba-49cb-956d-1f04ccc8c4a9/allocations" status: 200 len: 253 microversion: 1.0 [pid: 8|app: 0|req: 599/1198] 199.19.213.102 () {32 vars in 855 bytes} [Thu Jul 2 16:39:53 2026] GET /resource_providers/be033491-45ba-49cb-956d-1f04ccc8c4a9/allocations => generated 253 bytes in 25 msecs (HTTP/1.1 200) 6 headers in 224 bytes (1 switches on core 0)
2026-07-02 16:39:53.910 7 INFO placement.requestlog [req-ab61dd23-d0e9-4bae-94b4-7946216a5c0f req-5d7b42e2-11a5-4e96-87e3-a2f71c75dfcb 732b23f6321b4444a41f0682a10da702 dd3f114da0334be9b7a3f6279a413384 - - e683040273774db2a5227e61eaa32810 e683040273774db2a5227e61eaa32810] 199.19.213.102 "GET /resource_providers/be033491-45ba-49cb-956d-1f04ccc8c4a9/allocations" status: 200 len: 253 microversion: 1.0 [pid: 7|app: 0|req: 600/1199] 199.19.213.102 () {32 vars in 855 bytes} [Thu Jul 2 16:39:53 2026] GET /resource_providers/be033491-45ba-49cb-956d-1f04ccc8c4a9/allocations => generated 253 bytes in 34 msecs (HTTP/1.1 200) 6 headers in 224 bytes (1 switches on core 0)
2026-07-02 16:39:53.933 8 INFO placement.requestlog [req-ab61dd23-d0e9-4bae-94b4-7946216a5c0f req-0c0a46a5-2068-430b-a453-bfa9a17e44c9 732b23f6321b4444a41f0682a10da702 dd3f114da0334be9b7a3f6279a413384 - - e683040273774db2a5227e61eaa32810 e683040273774db2a5227e61eaa32810] 199.19.213.102 "GET /allocations/b45edd9b-5910-4bca-826d-8cadcc602d8f" status: 200 len: 258 microversion: 1.28 [pid: 8|app: 0|req: 600/1200] 199.19.213.102 () {34 vars in 861 bytes} [Thu Jul 2 16:39:53 2026] GET /allocations/b45edd9b-5910-4bca-826d-8cadcc602d8f => generated 258 bytes in 18 msecs (HTTP/1.1 200) 8 headers in 296 bytes (1 switches on core 0)
2026-07-02 16:39:53.955 7 INFO placement.requestlog [req-ab61dd23-d0e9-4bae-94b4-7946216a5c0f req-13879d1b-26d3-438f-a71f-3549481ee089 732b23f6321b4444a41f0682a10da702 dd3f114da0334be9b7a3f6279a413384 - - e683040273774db2a5227e61eaa32810 e683040273774db2a5227e61eaa32810] 199.19.213.102 "GET /allocations/664a59c7-c0ba-4346-8333-84a02f4cee6e" status: 200 len: 258 microversion: 1.28 [pid: 7|app: 0|req: 601/1201] 199.19.213.102 () {34 vars in 861 bytes} [Thu Jul 2 16:39:53 2026] GET /allocations/664a59c7-c0ba-4346-8333-84a02f4cee6e => generated 258 bytes in 16 msecs (HTTP/1.1 200) 8 headers in 296 bytes (1 switches on core 0)
2026-07-02 16:39:56.388 8 INFO placement.requestlog [None req-bd999268-46ee-4c26-8dd3-8cff7185c938 - - - - - -] 10.0.0.75 "GET /" status: 200 len: 136 microversion: 1.0
2026-07-02 16:39:56.389 7 INFO placement.requestlog [None req-fb7f4e25-29cd-41e1-b889-f5594bcc3458 - - - - - -] 10.0.0.75 "GET /" status: 200 len: 136 microversion: 1.0
2026-07-02 16:40:06.388 7 INFO placement.requestlog [None req-1b69609f-aa06-4d84-9276-bf145c708730 - - - - - -] 10.0.0.75 "GET /" status: 200 len: 136 microversion: 1.0
2026-07-02 16:40:06.388 8 INFO placement.requestlog [None req-f03efbfb-22b6-45b3-a6c2-0898be872290 - - - - - -] 10.0.0.75 "GET /" status: 200 len: 136 microversion: 1.0
2026-07-02 16:40:16.388 7 INFO placement.requestlog [None req-14f419d3-3cb8-45b3-a98d-ed584029c365 - - - - - -] 10.0.0.75 "GET /" status: 200 len: 136 microversion: 1.0
2026-07-02 16:40:16.389 8 INFO placement.requestlog [None req-8ec8e55a-1f58-4c45-a8e6-5f0886518da3 - - - - - -] 10.0.0.75 "GET /" status: 200 len: 136 microversion: 1.0
2026-07-02 16:40:25.979 7 INFO placement.requestlog [req-62cd3585-6fef-4982-a87a-7be49a92eed0 req-7b43b494-6fe3-4ccf-b231-17cb7a8b3485 732b23f6321b4444a41f0682a10da702 dd3f114da0334be9b7a3f6279a413384 - - e683040273774db2a5227e61eaa32810 e683040273774db2a5227e61eaa32810] 10.0.0.158 "GET /allocation_candidates?limit=1000&resources=MEMORY_MB%3A2048%2CVCPU%3A2&root_required=%21COMPUTE_STATUS_DISABLED" status: 200 len: 2374 microversion: 1.36 [pid: 7|app: 0|req: 605/1208] 10.0.0.158 () {34 vars in 984 bytes} [Thu Jul 2 16:40:25 2026] GET /allocation_candidates?limit=1000&resources=MEMORY_MB%3A2048%2CVCPU%3A2&root_required=%21COMPUTE_STATUS_DISABLED => generated 2374 bytes in 45 msecs (HTTP/1.1 200) 8 headers in 297 bytes (1 switches on core 0)
