Jun 30 00:08:39.247561 np0000183504 neutron-rpc-server[104863]: DEBUG ovsdbapp.backend.ovs_idl [None req-79963fae-ec1a-459d-bc45-4104b84ffa77 None None] Created schema index Copp.name {{(pid=104863) autocreate_indices /opt/stack/data/venv/lib/python3.12/site-packages/ovsdbapp/backend/ovs_idl/__init__.py:106}}
Jun 30 00:08:39.247664 np0000183504 neutron-rpc-server[104872]: DEBUG cotyledon.oslo_config_glue [-] ovn.dns_servers = [] {{(pid=104872) log_opt_values /opt/stack/data/venv/lib/python3.12/site-packages/oslo_config/cfg.py:3253}}
Jun 30 00:08:39.247664 np0000183504 neutron-rpc-server[104872]: DEBUG cotyledon.oslo_config_glue [-] ovn.enable_distributed_floating_ip = False {{(pid=104872) log_opt_values /opt/stack/data/venv/lib/python3.12/site-packages/oslo_config/cfg.py:3253}}
Jun 30 00:08:39.247756 np0000183504 neutron-rpc-server[104863]: DEBUG ovsdbapp.backend.ovs_idl [None req-79963fae-ec1a-459d-bc45-4104b84ffa77 None None] Created schema index Meter.name {{(pid=104863) autocreate_indices /opt/stack/data/venv/lib/python3.12/site-packages/ovsdbapp/backend/ovs_idl/__init__.py:106}}
Jun 30 00:08:39.247822 np0000183504 neutron-rpc-server[104872]: DEBUG cotyledon.oslo_config_glue [-] ovn.fdb_age_threshold = 300 {{(pid=104872) log_opt_values /opt/stack/data/venv/lib/python3.12/site-packages/oslo_config/cfg.py:3253}}
Jun 30 00:08:39.247898 np0000183504 neutron-rpc-server[104860]: DEBUG ovsdbapp.backend.ovs_idl [None req-f6a47850-5183-46bc-9c47-891bd93a58f5 None None] Created lookup_table index Logical_Switch.name {{(pid=104860) autocreate_indices /opt/stack/data/venv/lib/python3.12/site-packages/ovsdbapp/backend/ovs_idl/__init__.py:87}}
Jun 30 00:08:39.248003 np0000183504 neutron-rpc-server[104872]: DEBUG cotyledon.oslo_config_glue [-] ovn.ha_failover_strategy = normal {{(pid=104872) log_opt_values /opt/stack/data/venv/lib/python3.12/site-packages/oslo_config/cfg.py:3253}}
Jun 30 00:08:39.248067 np0000183504 neutron-rpc-server[104863]: DEBUG ovsdbapp.backend.ovs_idl [None req-79963fae-ec1a-459d-bc45-4104b84ffa77 None None] Created schema index Load_Balancer_Group.name {{(pid=104863) autocreate_indices /opt/stack/data/venv/lib/python3.12/site-packages/ovsdbapp/backend/ovs_idl/__init__.py:106}}
Jun 30 00:08:39.248163 np0000183504 neutron-rpc-server[104872]: DEBUG cotyledon.oslo_config_glue [-] ovn.live_migration_activation_strategy = rarp {{(pid=104872) log_opt_values /opt/stack/data/venv/lib/python3.12/site-packages/oslo_config/cfg.py:3253}}
Jun 30 00:08:39.248163 np0000183504 neutron-rpc-server[104872]: DEBUG cotyledon.oslo_config_glue [-] ovn.localnet_learn_fdb = False {{(pid=104872) log_opt_values /opt/stack/data/venv/lib/python3.12/site-packages/oslo_config/cfg.py:3253}}
Jun 30 00:08:39.248163 np0000183504 neutron-rpc-server[104872]: DEBUG cotyledon.oslo_config_glue [-] ovn.mac_binding_age_threshold = 300 {{(pid=104872) log_opt_values /opt/stack/data/venv/lib/python3.12/site-packages/oslo_config/cfg.py:3253}}
Jun 30 00:08:39.248340 np0000183504 neutron-rpc-server[104860]: DEBUG ovsdbapp.backend.ovs_idl [None req-f6a47850-5183-46bc-9c47-891bd93a58f5 None None] Created lookup_table index Logical_Router.name {{(pid=104860) autocreate_indices /opt/stack/data/venv/lib/python3.12/site-packages/ovsdbapp/backend/ovs_idl/__init__.py:87}}
Jun 30 00:08:39.248403 np0000183504 neutron-rpc-server[104863]: DEBUG ovsdbapp.backend.ovs_idl [None req-79963fae-ec1a-459d-bc45-4104b84ffa77 None None] Created schema index HA_Chassis_Group.name {{(pid=104863) autocreate_indices /opt/stack/data/venv/lib/python3.12/site-packages/ovsdbapp/backend/ovs_idl/__init__.py:106}}
Jun 30 00:08:39.248531 np0000183504 neutron-rpc-server[104872]: DEBUG cotyledon.oslo_config_glue [-] ovn.neutron_sync_mode = log {{(pid=104872) log_opt_values /opt/stack/data/venv/lib/python3.12/site-packages/oslo_config/cfg.py:3253}}
Jun 30 00:08:39.248531 np0000183504 neutron-rpc-server[104872]: DEBUG cotyledon.oslo_config_glue [-] ovn.ovn_dhcp4_global_options = {} {{(pid=104872) log_opt_values /opt/stack/data/venv/lib/python3.12/site-packages/oslo_config/cfg.py:3253}}
Jun 30 00:08:39.248627 np0000183504 neutron-rpc-server[104863]: DEBUG ovsdbapp.backend.ovs_idl [None req-79963fae-ec1a-459d-bc45-4104b84ffa77 None None] Created schema index Address_Set.name {{(pid=104863) autocreate_indices /opt/stack/data/venv/lib/python3.12/site-packages/ovsdbapp/backend/ovs_idl/__init__.py:106}}
Jun 30 00:08:39.248723 np0000183504 neutron-rpc-server[104860]: DEBUG ovsdbapp.backend.ovs_idl [None req-f6a47850-5183-46bc-9c47-891bd93a58f5 None None] Created lookup_table index Load_Balancer.name {{(pid=104860) autocreate_indices /opt/stack/data/venv/lib/python3.12/site-packages/ovsdbapp/backend/ovs_idl/__init__.py:87}}
Jun 30 00:08:39.248886 np0000183504 neutron-rpc-server[104872]: DEBUG cotyledon.oslo_config_glue [-] ovn.ovn_dhcp6_global_options = {} {{(pid=104872) log_opt_values /opt/stack/data/venv/lib/python3.12/site-packages/oslo_config/cfg.py:3253}}
Jun 30 00:08:39.248886 np0000183504 neutron-rpc-server[104872]: DEBUG cotyledon.oslo_config_glue [-] ovn.ovn_l3_scheduler = leastloaded {{(pid=104872) log_opt_values /opt/stack/data/venv/lib/python3.12/site-packages/oslo_config/cfg.py:3253}}
Jun 30 00:08:39.249028 np0000183504 neutron-rpc-server[104863]: DEBUG ovsdbapp.backend.ovs_idl [None req-79963fae-ec1a-459d-bc45-4104b84ffa77 None None] Created schema index Connection.target {{(pid=104863) autocreate_indices /opt/stack/data/venv/lib/python3.12/site-packages/ovsdbapp/backend/ovs_idl/__init__.py:106}}
Jun 30 00:08:39.249095 np0000183504 neutron-rpc-server[104872]: DEBUG cotyledon.oslo_config_glue [-] ovn.ovn_metadata_enabled = True {{(pid=104872) log_opt_values /opt/stack/data/venv/lib/python3.12/site-packages/oslo_config/cfg.py:3253}}
Jun 30 00:08:39.249192 np0000183504 neutron-rpc-server[104860]: DEBUG ovsdbapp.backend.ovs_idl [None req-f6a47850-5183-46bc-9c47-891bd93a58f5 None None] Created schema index Copp.name {{(pid=104860) autocreate_indices /opt/stack/data/venv/lib/python3.12/site-packages/ovsdbapp/backend/ovs_idl/__init__.py:106}}
Jun 30 00:08:39.249307 np0000183504 neutron-rpc-server[104863]: DEBUG ovsdbapp.backend.ovs_idl [None req-79963fae-ec1a-459d-bc45-4104b84ffa77 None None] Created schema index Gateway_Chassis.name {{(pid=104863) autocreate_indices /opt/stack/data/venv/lib/python3.12/site-packages/ovsdbapp/backend/ovs_idl/__init__.py:106}}
Jun 30 00:08:39.249390 np0000183504 neutron-rpc-server[104872]: DEBUG cotyledon.oslo_config_glue [-] ovn.ovn_nb_ca_cert = /opt/stack/data/CA/int-ca/ca-chain.pem {{(pid=104872) log_opt_values /opt/stack/data/venv/lib/python3.12/site-packages/oslo_config/cfg.py:3253}}
Jun 30 00:08:39.249390 np0000183504 neutron-rpc-server[104872]: DEBUG cotyledon.oslo_config_glue [-] ovn.ovn_nb_certificate = /opt/stack/data/CA/int-ca/devstack-cert.crt {{(pid=104872) log_opt_values /opt/stack/data/venv/lib/python3.12/site-packages/oslo_config/cfg.py:3253}}
Jun 30 00:08:39.249513 np0000183504 neutron-rpc-server[104860]: DEBUG ovsdbapp.backend.ovs_idl [None req-f6a47850-5183-46bc-9c47-891bd93a58f5 None None] Created schema index Meter.name {{(pid=104860) autocreate_indices /opt/stack/data/venv/lib/python3.12/site-packages/ovsdbapp/backend/ovs_idl/__init__.py:106}}
Jun 30 00:08:39.249583 np0000183504 neutron-rpc-server[104863]: DEBUG ovsdbapp.backend.ovs_idl [None req-79963fae-ec1a-459d-bc45-4104b84ffa77 None None] Created schema index Mirror.name {{(pid=104863) autocreate_indices /opt/stack/data/venv/lib/python3.12/site-packages/ovsdbapp/backend/ovs_idl/__init__.py:106}}
Jun 30 00:08:39.249684 np0000183504 neutron-rpc-server[104872]: DEBUG cotyledon.oslo_config_glue [-] ovn.ovn_nb_connection = ['ssl:199.204.45.72:6641'] {{(pid=104872) log_opt_values /opt/stack/data/venv/lib/python3.12/site-packages/oslo_config/cfg.py:3253}}
Jun 30 00:08:39.249684 np0000183504 neutron-rpc-server[104872]: DEBUG cotyledon.oslo_config_glue [-] ovn.ovn_nb_private_key = /opt/stack/data/CA/int-ca/private/devstack-cert.key {{(pid=104872) log_opt_values /opt/stack/data/venv/lib/python3.12/site-packages/oslo_config/cfg.py:3253}}
Jun 30 00:08:39.249809 np0000183504 neutron-rpc-server[104860]: DEBUG ovsdbapp.backend.ovs_idl [None req-f6a47850-5183-46bc-9c47-891bd93a58f5 None None] Created schema index Load_Balancer_Group.name {{(pid=104860) autocreate_indices /opt/stack/data/venv/lib/python3.12/site-packages/ovsdbapp/backend/ovs_idl/__init__.py:106}}
Jun 30 00:08:39.249878 np0000183504 neutron-rpc-server[104863]: DEBUG ovsdbapp.backend.ovs_idl [None req-79963fae-ec1a-459d-bc45-4104b84ffa77 None None] Created schema index Chassis_Template_Var.chassis {{(pid=104863) autocreate_indices /opt/stack/data/venv/lib/python3.12/site-packages/ovsdbapp/backend/ovs_idl/__init__.py:106}}
Jun 30 00:08:39.249946 np0000183504 neutron-rpc-server[104872]: DEBUG cotyledon.oslo_config_glue [-] ovn.ovn_router_indirect_snat = True {{(pid=104872) log_opt_values /opt/stack/data/venv/lib/python3.12/site-packages/oslo_config/cfg.py:3253}}
Jun 30 00:08:39.249946 np0000183504 neutron-rpc-server[104872]: DEBUG cotyledon.oslo_config_glue [-] ovn.ovn_sb_ca_cert = /opt/stack/data/CA/int-ca/ca-chain.pem {{(pid=104872) log_opt_values /opt/stack/data/venv/lib/python3.12/site-packages/oslo_config/cfg.py:3253}}
Jun 30 00:08:39.250071 np0000183504 neutron-rpc-server[104860]: DEBUG ovsdbapp.backend.ovs_idl [None req-f6a47850-5183-46bc-9c47-891bd93a58f5 None None] Created schema index HA_Chassis_Group.name {{(pid=104860) autocreate_indices /opt/stack/data/venv/lib/python3.12/site-packages/ovsdbapp/backend/ovs_idl/__init__.py:106}}
Jun 30 00:08:39.250134 np0000183504 neutron-rpc-server[104863]: DEBUG ovsdbapp.backend.ovs_idl [None req-79963fae-ec1a-459d-bc45-4104b84ffa77 None None] Created schema index Logical_Router_Port.name {{(pid=104863) autocreate_indices /opt/stack/data/venv/lib/python3.12/site-packages/ovsdbapp/backend/ovs_idl/__init__.py:106}}
Jun 30 00:08:39.250229 np0000183504 neutron-rpc-server[104872]: DEBUG cotyledon.oslo_config_glue [-] ovn.ovn_sb_certificate = /opt/stack/data/CA/int-ca/devstack-cert.crt {{(pid=104872) log_opt_values /opt/stack/data/venv/lib/python3.12/site-packages/oslo_config/cfg.py:3253}}
Jun 30 00:08:39.250366 np0000183504 neutron-rpc-server[104860]: DEBUG ovsdbapp.backend.ovs_idl [None req-f6a47850-5183-46bc-9c47-891bd93a58f5 None None] Created schema index Address_Set.name {{(pid=104860) autocreate_indices /opt/stack/data/venv/lib/python3.12/site-packages/ovsdbapp/backend/ovs_idl/__init__.py:106}}
Jun 30 00:08:39.250432 np0000183504 neutron-rpc-server[104863]: DEBUG ovsdbapp.backend.ovs_idl [None req-79963fae-ec1a-459d-bc45-4104b84ffa77 None None] Created schema index Port_Group.name {{(pid=104863) autocreate_indices /opt/stack/data/venv/lib/python3.12/site-packages/ovsdbapp/backend/ovs_idl/__init__.py:106}}
Jun 30 00:08:39.250547 np0000183504 neutron-rpc-server[104872]: DEBUG cotyledon.oslo_config_glue [-] ovn.ovn_sb_connection = ['ssl:199.204.45.72:6642'] {{(pid=104872) log_opt_values /opt/stack/data/venv/lib/python3.12/site-packages/oslo_config/cfg.py:3253}}
Jun 30 00:08:39.250547 np0000183504 neutron-rpc-server[104872]: DEBUG cotyledon.oslo_config_glue [-] ovn.ovn_sb_private_key = /opt/stack/data/CA/int-ca/private/devstack-cert.key {{(pid=104872) log_opt_values /opt/stack/data/venv/lib/python3.12/site-packages/oslo_config/cfg.py:3253}}
Jun 30 00:08:39.250671 np0000183504 neutron-rpc-server[104863]: DEBUG ovsdbapp.backend.ovs_idl [None req-79963fae-ec1a-459d-bc45-4104b84ffa77 None None] Created schema index Logical_Switch_Port.name {{(pid=104863) autocreate_indices /opt/stack/data/venv/lib/python3.12/site-packages/ovsdbapp/backend/ovs_idl/__init__.py:106}}
Jun 30 00:08:39.250774 np0000183504 neutron-rpc-server[104860]: DEBUG ovsdbapp.backend.ovs_idl [None req-f6a47850-5183-46bc-9c47-891bd93a58f5 None None] Created schema index Connection.target {{(pid=104860) autocreate_indices /opt/stack/data/venv/lib/python3.12/site-packages/ovsdbapp/backend/ovs_idl/__init__.py:106}}
Jun 30 00:08:39.250840 np0000183504 neutron-rpc-server[104872]: DEBUG cotyledon.oslo_config_glue [-] ovn.ovs_create_tap = False {{(pid=104872) log_opt_values /opt/stack/data/venv/lib/python3.12/site-packages/oslo_config/cfg.py:3253}}
Jun 30 00:08:39.250840 np0000183504 neutron-rpc-server[104872]: DEBUG cotyledon.oslo_config_glue [-] ovn.ovsdb_connection_timeout = 180 {{(pid=104872) log_opt_values /opt/stack/data/venv/lib/python3.12/site-packages/oslo_config/cfg.py:3253}}
Jun 30 00:08:39.250972 np0000183504 neutron-rpc-server[104860]: DEBUG ovsdbapp.backend.ovs_idl [None req-f6a47850-5183-46bc-9c47-891bd93a58f5 None None] Created schema index Gateway_Chassis.name {{(pid=104860) autocreate_indices /opt/stack/data/venv/lib/python3.12/site-packages/ovsdbapp/backend/ovs_idl/__init__.py:106}}
Jun 30 00:08:39.251205 np0000183504 neutron-rpc-server[104872]: DEBUG cotyledon.oslo_config_glue [-] ovn.ovsdb_log_level = INFO {{(pid=104872) log_opt_values /opt/stack/data/venv/lib/python3.12/site-packages/oslo_config/cfg.py:3253}}
Jun 30 00:08:39.251205 np0000183504 neutron-rpc-server[104872]: DEBUG cotyledon.oslo_config_glue [-] ovn.ovsdb_probe_interval = 60000 {{(pid=104872) log_opt_values /opt/stack/data/venv/lib/python3.12/site-packages/oslo_config/cfg.py:3253}}
Jun 30 00:08:39.251311 np0000183504 neutron-rpc-server[104860]: DEBUG ovsdbapp.backend.ovs_idl [None req-f6a47850-5183-46bc-9c47-891bd93a58f5 None None] Created schema index Mirror.name {{(pid=104860) autocreate_indices /opt/stack/data/venv/lib/python3.12/site-packages/ovsdbapp/backend/ovs_idl/__init__.py:106}}
Jun 30 00:08:39.251421 np0000183504 neutron-rpc-server[104872]: DEBUG cotyledon.oslo_config_glue [-] ovn.ovsdb_retry_max_interval = 180 {{(pid=104872) log_opt_values /opt/stack/data/venv/lib/python3.12/site-packages/oslo_config/cfg.py:3253}}
Jun 30 00:08:39.251421 np0000183504 neutron-rpc-server[104872]: DEBUG cotyledon.oslo_config_glue [-] ovn.stateless_nat_enabled = False {{(pid=104872) log_opt_values /opt/stack/data/venv/lib/python3.12/site-packages/oslo_config/cfg.py:3253}}
Jun 30 00:08:39.251552 np0000183504 neutron-rpc-server[104860]: DEBUG ovsdbapp.backend.ovs_idl [None req-f6a47850-5183-46bc-9c47-891bd93a58f5 None None] Created schema index Chassis_Template_Var.chassis {{(pid=104860) autocreate_indices /opt/stack/data/venv/lib/python3.12/site-packages/ovsdbapp/backend/ovs_idl/__init__.py:106}}
Jun 30 00:08:39.251618 np0000183504 neutron-rpc-server[104872]: DEBUG cotyledon.oslo_config_glue [-] ovn.vhost_sock_dir = /var/run/openvswitch {{(pid=104872) log_opt_values /opt/stack/data/venv/lib/python3.12/site-packages/oslo_config/cfg.py:3253}}
Jun 30 00:08:39.251716 np0000183504 neutron-rpc-server[104860]: DEBUG ovsdbapp.backend.ovs_idl [None req-f6a47850-5183-46bc-9c47-891bd93a58f5 None None] Created schema index Logical_Router_Port.name {{(pid=104860) autocreate_indices /opt/stack/data/venv/lib/python3.12/site-packages/ovsdbapp/backend/ovs_idl/__init__.py:106}}
Jun 30 00:08:39.251790 np0000183504 neutron-rpc-server[104872]: DEBUG cotyledon.oslo_config_glue [-] OVS.bridge_mac_table_size = 50000 {{(pid=104872) log_opt_values /opt/stack/data/venv/lib/python3.12/site-packages/oslo_config/cfg.py:3253}}
Jun 30 00:08:39.251790 np0000183504 neutron-rpc-server[104872]: DEBUG cotyledon.oslo_config_glue [-] OVS.igmp_flood = False {{(pid=104872) log_opt_values /opt/stack/data/venv/lib/python3.12/site-packages/oslo_config/cfg.py:3253}}
Jun 30 00:08:39.252015 np0000183504 neutron-rpc-server[104860]: DEBUG ovsdbapp.backend.ovs_idl [None req-f6a47850-5183-46bc-9c47-891bd93a58f5 None None] Created schema index Port_Group.name {{(pid=104860) autocreate_indices /opt/stack/data/venv/lib/python3.12/site-packages/ovsdbapp/backend/ovs_idl/__init__.py:106}}
Jun 30 00:08:39.252082 np0000183504 neutron-rpc-server[104872]: DEBUG cotyledon.oslo_config_glue [-] OVS.igmp_flood_reports = True {{(pid=104872) log_opt_values /opt/stack/data/venv/lib/python3.12/site-packages/oslo_config/cfg.py:3253}}
Jun 30 00:08:39.252082 np0000183504 neutron-rpc-server[104872]: DEBUG cotyledon.oslo_config_glue [-] OVS.igmp_flood_unregistered = False {{(pid=104872) log_opt_values /opt/stack/data/venv/lib/python3.12/site-packages/oslo_config/cfg.py:3253}}
Jun 30 00:08:39.252225 np0000183504 neutron-rpc-server[104860]: DEBUG ovsdbapp.backend.ovs_idl [None req-f6a47850-5183-46bc-9c47-891bd93a58f5 None None] Created schema index Logical_Switch_Port.name {{(pid=104860) autocreate_indices /opt/stack/data/venv/lib/python3.12/site-packages/ovsdbapp/backend/ovs_idl/__init__.py:106}}
Jun 30 00:08:39.252303 np0000183504 neutron-rpc-server[104872]: DEBUG cotyledon.oslo_config_glue [-] OVS.igmp_snooping_enable = False {{(pid=104872) log_opt_values /opt/stack/data/venv/lib/python3.12/site-packages/oslo_config/cfg.py:3253}}
Jun 30 00:08:39.252303 np0000183504 neutron-rpc-server[104872]: DEBUG cotyledon.oslo_config_glue [-] OVS.ovsdb_timeout = 10 {{(pid=104872) log_opt_values /opt/stack/data/venv/lib/python3.12/site-packages/oslo_config/cfg.py:3253}}
Jun 30 00:08:39.252303 np0000183504 neutron-rpc-server[104872]: DEBUG cotyledon.oslo_config_glue [-] ovn_nb_global.fdb_removal_limit = 0 {{(pid=104872) log_opt_values /opt/stack/data/venv/lib/python3.12/site-packages/oslo_config/cfg.py:3253}}
Jun 30 00:08:39.252303 np0000183504 neutron-rpc-server[104872]: DEBUG cotyledon.oslo_config_glue [-] ovn_nb_global.ignore_lsp_down = False {{(pid=104872) log_opt_values /opt/stack/data/venv/lib/python3.12/site-packages/oslo_config/cfg.py:3253}}
Jun 30 00:08:39.252303 np0000183504 neutron-rpc-server[104872]: DEBUG cotyledon.oslo_config_glue [-] ovn_nb_global.mac_binding_removal_limit = 0 {{(pid=104872) log_opt_values /opt/stack/data/venv/lib/python3.12/site-packages/oslo_config/cfg.py:3253}}
Jun 30 00:08:39.252303 np0000183504 neutron-rpc-server[104872]: DEBUG cotyledon.oslo_config_glue [-] ******************************************************************************** {{(pid=104872) log_opt_values /opt/stack/data/venv/lib/python3.12/site-packages/oslo_config/cfg.py:3260}}
Jun 30 00:08:39.252303 np0000183504 neutron-rpc-server[104872]: DEBUG cotyledon._service_worker [-] Run service ServiceWrapper(5) [104872] {{(pid=104872) wait_forever /opt/stack/data/venv/lib/python3.12/site-packages/cotyledon/_service_worker.py:218}}
Jun 30 00:08:39.252635 np0000183504 neutron-rpc-server[104858]: INFO ovsdbapp.backend.ovs_idl.vlog [None req-d8b7c350-805d-4784-bfbf-1682f27952d3 None None] ssl:199.204.45.72:6641: connecting...
Jun 30 00:08:39.252739 np0000183504 neutron-rpc-server[104860]: INFO ovsdbapp.backend.ovs_idl.vlog [None req-f6a47850-5183-46bc-9c47-891bd93a58f5 None None] ssl:199.204.45.72:6641: connecting...
Jun 30 00:08:39.252811 np0000183504 neutron-rpc-server[104883]: DEBUG cotyledon.oslo_config_glue [-] Full set of CONF: {{(pid=104883) _load_service_options /opt/stack/data/venv/lib/python3.12/site-packages/cotyledon/oslo_config_glue.py:65}}
Jun 30 00:08:39.253200 np0000183504 neutron-rpc-server[104863]: INFO ovsdbapp.backend.ovs_idl.vlog [None req-79963fae-ec1a-459d-bc45-4104b84ffa77 None None] ssl:199.204.45.72:6641: connecting...
Jun 30 00:08:39.253297 np0000183504 neutron-rpc-server[104883]: DEBUG cotyledon.oslo_config_glue [-] ******************************************************************************** {{(pid=104883) log_opt_values /opt/stack/data/venv/lib/python3.12/site-packages/oslo_config/cfg.py:3226}}
Jun 30 00:08:39.253297 np0000183504 neutron-rpc-server[104883]: DEBUG cotyledon.oslo_config_glue [-] Configuration options gathered from: {{(pid=104883) log_opt_values /opt/stack/data/venv/lib/python3.12/site-packages/oslo_config/cfg.py:3227}}
Jun 30 00:08:39.253297 np0000183504 neutron-rpc-server[104883]: DEBUG cotyledon.oslo_config_glue [-] command line args: ['--config-file', '/etc/neutron/neutron.conf', '--config-file', '/etc/neutron/plugins/ml2/ml2_conf.ini'] {{(pid=104883) log_opt_values /opt/stack/data/venv/lib/python3.12/site-packages/oslo_config/cfg.py:3228}}
Jun 30 00:08:39.253297 np0000183504 neutron-rpc-server[104883]: DEBUG cotyledon.oslo_config_glue [-] config files: ['/etc/neutron/neutron.conf', '/etc/neutron/plugins/ml2/ml2_conf.ini'] {{(pid=104883) log_opt_values /opt/stack/data/venv/lib/python3.12/site-packages/oslo_config/cfg.py:3229}}
Jun 30 00:08:39.253297 np0000183504 neutron-rpc-server[104883]: DEBUG cotyledon.oslo_config_glue [-] ================================================================================ {{(pid=104883) log_opt_values /opt/stack/data/venv/lib/python3.12/site-packages/oslo_config/cfg.py:3234}}
Jun 30 00:08:39.253297 np0000183504 neutron-rpc-server[104883]: DEBUG cotyledon.oslo_config_glue [-] agent_down_time = 75 {{(pid=104883) log_opt_values /opt/stack/data/venv/lib/python3.12/site-packages/oslo_config/cfg.py:3242}}
Jun 30 00:08:39.253297 np0000183504 neutron-rpc-server[104883]: DEBUG cotyledon.oslo_config_glue [-] allow_automatic_dhcp_failover = True {{(pid=104883) log_opt_values /opt/stack/data/venv/lib/python3.12/site-packages/oslo_config/cfg.py:3242}}
Jun 30 00:08:39.253297 np0000183504 neutron-rpc-server[104883]: DEBUG cotyledon.oslo_config_glue [-] allow_bulk = True {{(pid=104883) log_opt_values /opt/stack/data/venv/lib/python3.12/site-packages/oslo_config/cfg.py:3242}}
Jun 30 00:08:39.253614 np0000183504 neutron-rpc-server[104883]: DEBUG cotyledon.oslo_config_glue [-] allowed_conntrack_helpers = [{'amanda': 'tcp'}, {'ftp': 'tcp'}, {'h323': 'udp'}, {'h323': 'tcp'}, {'irc': 'tcp'}, {'netbios-ns': 'udp'}, {'pptp': 'tcp'}, {'sane': 'tcp'}, {'sip': 'udp'}, {'sip': 'tcp'}, {'snmp': 'udp'}, {'tftp': 'udp'}] {{(pid=104883) log_opt_values /opt/stack/data/venv/lib/python3.12/site-packages/oslo_config/cfg.py:3242}}
Jun 30 00:08:39.253732 np0000183504 neutron-rpc-server[104872]: DEBUG neutron.service [-] RpcWorker start called, description: rpc worker {{(pid=104872) wrapper /opt/stack/neutron/neutron/common/utils.py:197}}
Jun 30 00:08:39.253732 np0000183504 neutron-rpc-server[104872]: DEBUG neutron_lib.callbacks.manager [-] Publish callbacks ['neutron.plugins.ml2.drivers.ovn.mech_driver.mech_driver.OVNMechanismDriver.post_fork_initialize-512085', 'neutron.services.pvlan.drivers.ovn.driver._initialize_pvlan_pg_drop-8277297145950', 'neutron.services.ovn_l3.plugin.OVNL3RouterPlugin._post_fork_initialize-10404'] for process (None), after_init {{(pid=104872) _notify_loop /opt/stack/data/venv/lib/python3.12/site-packages/neutron_lib/callbacks/manager.py:184}}
Jun 30 00:08:39.253732 np0000183504 neutron-rpc-server[104872]: INFO neutron.plugins.ml2.drivers.ovn.mech_driver.ovsdb.impl_idl_ovn [-] Getting OvsdbNbOvnIdl for RpcWorker with retry
Jun 30 00:08:39.253934 np0000183504 neutron-rpc-server[104883]: DEBUG cotyledon.oslo_config_glue [-] api_extensions_path = {{(pid=104883) log_opt_values /opt/stack/data/venv/lib/python3.12/site-packages/oslo_config/cfg.py:3242}}
Jun 30 00:08:39.253934 np0000183504 neutron-rpc-server[104883]: DEBUG cotyledon.oslo_config_glue [-] api_paste_config = api-paste.ini {{(pid=104883) log_opt_values /opt/stack/data/venv/lib/python3.12/site-packages/oslo_config/cfg.py:3242}}
Jun 30 00:08:39.253934 np0000183504 neutron-rpc-server[104883]: DEBUG cotyledon.oslo_config_glue [-] auth_strategy = keystone {{(pid=104883) log_opt_values /opt/stack/data/venv/lib/python3.12/site-packages/oslo_config/cfg.py:3242}}
Jun 30 00:08:39.253934 np0000183504 neutron-rpc-server[104883]: DEBUG cotyledon.oslo_config_glue [-] base_mac = fa:16:3e:00:00:00 {{(pid=104883) log_opt_values /opt/stack/data/venv/lib/python3.12/site-packages/oslo_config/cfg.py:3242}}
Jun 30 00:08:39.253934 np0000183504 neutron-rpc-server[104883]: DEBUG cotyledon.oslo_config_glue [-] client_socket_timeout = 900 {{(pid=104883) log_opt_values /opt/stack/data/venv/lib/python3.12/site-packages/oslo_config/cfg.py:3242}}
Jun 30 00:08:39.253934 np0000183504 neutron-rpc-server[104883]: DEBUG cotyledon.oslo_config_glue [-] config_dir = [] {{(pid=104883) log_opt_values /opt/stack/data/venv/lib/python3.12/site-packages/oslo_config/cfg.py:3242}}
Jun 30 00:08:39.253934 np0000183504 neutron-rpc-server[104883]: DEBUG cotyledon.oslo_config_glue [-] config_file = ['/etc/neutron/neutron.conf', '/etc/neutron/plugins/ml2/ml2_conf.ini'] {{(pid=104883) log_opt_values /opt/stack/data/venv/lib/python3.12/site-packages/oslo_config/cfg.py:3242}}
Jun 30 00:08:39.253934 np0000183504 neutron-rpc-server[104883]: DEBUG cotyledon.oslo_config_glue [-] config_source = [] {{(pid=104883) log_opt_values /opt/stack/data/venv/lib/python3.12/site-packages/oslo_config/cfg.py:3242}}
Jun 30 00:08:39.253934 np0000183504 neutron-rpc-server[104883]: DEBUG cotyledon.oslo_config_glue [-] control_exchange = neutron {{(pid=104883) log_opt_values /opt/stack/data/venv/lib/python3.12/site-packages/oslo_config/cfg.py:3242}}
Jun 30 00:08:39.254328 np0000183504 neutron-rpc-server[104883]: DEBUG cotyledon.oslo_config_glue [-] core_plugin = ml2 {{(pid=104883) log_opt_values /opt/stack/data/venv/lib/python3.12/site-packages/oslo_config/cfg.py:3242}}
Jun 30 00:08:39.254328 np0000183504 neutron-rpc-server[104883]: DEBUG cotyledon.oslo_config_glue [-] debug = True {{(pid=104883) log_opt_values /opt/stack/data/venv/lib/python3.12/site-packages/oslo_config/cfg.py:3242}}
Jun 30 00:08:39.254328 np0000183504 neutron-rpc-server[104883]: DEBUG cotyledon.oslo_config_glue [-] default_availability_zones = [] {{(pid=104883) log_opt_values /opt/stack/data/venv/lib/python3.12/site-packages/oslo_config/cfg.py:3242}}
Jun 30 00:08:39.254328 np0000183504 neutron-rpc-server[104883]: DEBUG cotyledon.oslo_config_glue [-] default_log_levels = ['amqp=WARN', 'boto=WARN', 'sqlalchemy=WARN', 'suds=INFO', 'oslo.messaging=INFO', 'oslo_messaging=INFO', 'iso8601=WARN', 'requests.packages.urllib3.connectionpool=WARN', 'urllib3.connectionpool=WARN', 'websocket=WARN', 'requests.packages.urllib3.util.retry=WARN', 'urllib3.util.retry=WARN', 'keystonemiddleware=WARN', 'routes.middleware=WARN', 'stevedore=WARN', 'taskflow=WARN', 'keystoneauth=WARN', 'oslo.cache=INFO', 'oslo_policy=INFO', 'dogpile.core.dogpile=INFO', 'OFPHandler=INFO', 'OfctlService=INFO', 'os_ken.base.app_manager=INFO', 'os_ken.controller.controller=INFO'] {{(pid=104883) log_opt_values /opt/stack/data/venv/lib/python3.12/site-packages/oslo_config/cfg.py:3242}}
Jun 30 00:08:39.254328 np0000183504 neutron-rpc-server[104883]: DEBUG cotyledon.oslo_config_glue [-] dhcp_agent_notification = False {{(pid=104883) log_opt_values /opt/stack/data/venv/lib/python3.12/site-packages/oslo_config/cfg.py:3242}}
Jun 30 00:08:39.254328 np0000183504 neutron-rpc-server[104883]: DEBUG cotyledon.oslo_config_glue [-] dhcp_agents_per_network = 1 {{(pid=104883) log_opt_values /opt/stack/data/venv/lib/python3.12/site-packages/oslo_config/cfg.py:3242}}
Jun 30 00:08:39.254623 np0000183504 neutron-rpc-server[104883]: DEBUG cotyledon.oslo_config_glue [-] dhcp_lease_duration = 86400 {{(pid=104883) log_opt_values /opt/stack/data/venv/lib/python3.12/site-packages/oslo_config/cfg.py:3242}}
Jun 30 00:08:39.254623 np0000183504 neutron-rpc-server[104883]: DEBUG cotyledon.oslo_config_glue [-] dhcp_load_type = networks {{(pid=104883) log_opt_values /opt/stack/data/venv/lib/python3.12/site-packages/oslo_config/cfg.py:3242}}
Jun 30 00:08:39.254623 np0000183504 neutron-rpc-server[104883]: DEBUG cotyledon.oslo_config_glue [-] dns_domain = openstacklocal {{(pid=104883) log_opt_values /opt/stack/data/venv/lib/python3.12/site-packages/oslo_config/cfg.py:3242}}
Jun 30 00:08:39.254623 np0000183504 neutron-rpc-server[104883]: DEBUG cotyledon.oslo_config_glue [-] dvr_base_mac = fa:16:3f:00:00:00 {{(pid=104883) log_opt_values /opt/stack/data/venv/lib/python3.12/site-packages/oslo_config/cfg.py:3242}}
Jun 30 00:08:39.254623 np0000183504 neutron-rpc-server[104883]: DEBUG cotyledon.oslo_config_glue [-] enable_default_route_bfd = False {{(pid=104883) log_opt_values /opt/stack/data/venv/lib/python3.12/site-packages/oslo_config/cfg.py:3242}}
Jun 30 00:08:39.254623 np0000183504 neutron-rpc-server[104883]: DEBUG cotyledon.oslo_config_glue [-] enable_default_route_ecmp = False {{(pid=104883) log_opt_values /opt/stack/data/venv/lib/python3.12/site-packages/oslo_config/cfg.py:3242}}
Jun 30 00:08:39.254623 np0000183504 neutron-rpc-server[104883]: DEBUG cotyledon.oslo_config_glue [-] enable_dvr = True {{(pid=104883) log_opt_values /opt/stack/data/venv/lib/python3.12/site-packages/oslo_config/cfg.py:3242}}
Jun 30 00:08:39.254623 np0000183504 neutron-rpc-server[104883]: DEBUG cotyledon.oslo_config_glue [-] enable_new_agents = True {{(pid=104883) log_opt_values /opt/stack/data/venv/lib/python3.12/site-packages/oslo_config/cfg.py:3242}}
Jun 30 00:08:39.254623 np0000183504 neutron-rpc-server[104883]: DEBUG cotyledon.oslo_config_glue [-] enable_services_on_agents_with_admin_state_down = False {{(pid=104883) log_opt_values /opt/stack/data/venv/lib/python3.12/site-packages/oslo_config/cfg.py:3242}}
Jun 30 00:08:39.255011 np0000183504 neutron-rpc-server[104883]: DEBUG cotyledon.oslo_config_glue [-] enable_snat_by_default = True {{(pid=104883) log_opt_values /opt/stack/data/venv/lib/python3.12/site-packages/oslo_config/cfg.py:3242}}
Jun 30 00:08:39.255011 np0000183504 neutron-rpc-server[104883]: DEBUG cotyledon.oslo_config_glue [-] enable_traditional_dhcp = True {{(pid=104883) log_opt_values /opt/stack/data/venv/lib/python3.12/site-packages/oslo_config/cfg.py:3242}}
Jun 30 00:08:39.255011 np0000183504 neutron-rpc-server[104883]: DEBUG cotyledon.oslo_config_glue [-] external_dns_driver = None {{(pid=104883) log_opt_values /opt/stack/data/venv/lib/python3.12/site-packages/oslo_config/cfg.py:3242}}
Jun 30 00:08:39.255011 np0000183504 neutron-rpc-server[104883]: DEBUG cotyledon.oslo_config_glue [-] fatal_deprecations = False {{(pid=104883) log_opt_values /opt/stack/data/venv/lib/python3.12/site-packages/oslo_config/cfg.py:3242}}
Jun 30 00:08:39.255011 np0000183504 neutron-rpc-server[104883]: DEBUG cotyledon.oslo_config_glue [-] filter_validation = True {{(pid=104883) log_opt_values /opt/stack/data/venv/lib/python3.12/site-packages/oslo_config/cfg.py:3242}}
Jun 30 00:08:39.255011 np0000183504 neutron-rpc-server[104883]: DEBUG cotyledon.oslo_config_glue [-] global_physnet_mtu = 1430 {{(pid=104883) log_opt_values /opt/stack/data/venv/lib/python3.12/site-packages/oslo_config/cfg.py:3242}}
Jun 30 00:08:39.255011 np0000183504 neutron-rpc-server[104883]: DEBUG cotyledon.oslo_config_glue [-] graceful_shutdown_timeout = 60 {{(pid=104883) log_opt_values /opt/stack/data/venv/lib/python3.12/site-packages/oslo_config/cfg.py:3242}}
Jun 30 00:08:39.255316 np0000183504 neutron-rpc-server[104858]: INFO ovsdbapp.backend.ovs_idl.vlog [None req-d8b7c350-805d-4784-bfbf-1682f27952d3 None None] ssl:199.204.45.72:6641: connected
Jun 30 00:08:39.255424 np0000183504 neutron-rpc-server[104883]: DEBUG cotyledon.oslo_config_glue [-] host = np0000183504 {{(pid=104883) log_opt_values /opt/stack/data/venv/lib/python3.12/site-packages/oslo_config/cfg.py:3242}}
Jun 30 00:08:39.255424 np0000183504 neutron-rpc-server[104883]: DEBUG cotyledon.oslo_config_glue [-] host_dvr_for_dhcp = True {{(pid=104883) log_opt_values /opt/stack/data/venv/lib/python3.12/site-packages/oslo_config/cfg.py:3242}}
Jun 30 00:08:39.255424 np0000183504 neutron-rpc-server[104883]: DEBUG cotyledon.oslo_config_glue [-] http_retries = 3 {{(pid=104883) log_opt_values /opt/stack/data/venv/lib/python3.12/site-packages/oslo_config/cfg.py:3242}}
Jun 30 00:08:39.255424 np0000183504 neutron-rpc-server[104883]: DEBUG cotyledon.oslo_config_glue [-] instance_format = [instance: %(uuid)s] {{(pid=104883) log_opt_values /opt/stack/data/venv/lib/python3.12/site-packages/oslo_config/cfg.py:3242}}
Jun 30 00:08:39.255608 np0000183504 neutron-rpc-server[104860]: INFO ovsdbapp.backend.ovs_idl.vlog [None req-f6a47850-5183-46bc-9c47-891bd93a58f5 None None] ssl:199.204.45.72:6641: connected
Jun 30 00:08:39.255669 np0000183504 neutron-rpc-server[104883]: DEBUG cotyledon.oslo_config_glue [-] instance_uuid_format = [instance: %(uuid)s] {{(pid=104883) log_opt_values /opt/stack/data/venv/lib/python3.12/site-packages/oslo_config/cfg.py:3242}}
Jun 30 00:08:39.255669 np0000183504 neutron-rpc-server[104883]: DEBUG cotyledon.oslo_config_glue [-] ipam_driver = internal {{(pid=104883) log_opt_values /opt/stack/data/venv/lib/python3.12/site-packages/oslo_config/cfg.py:3242}}
Jun 30 00:08:39.255669 np0000183504 neutron-rpc-server[104883]: DEBUG cotyledon.oslo_config_glue [-] ipv6_pd_enabled = False {{(pid=104883) log_opt_values /opt/stack/data/venv/lib/python3.12/site-packages/oslo_config/cfg.py:3242}}
Jun 30 00:08:39.255669 np0000183504 neutron-rpc-server[104883]: DEBUG cotyledon.oslo_config_glue [-] l3_ha = False {{(pid=104883) log_opt_values /opt/stack/data/venv/lib/python3.12/site-packages/oslo_config/cfg.py:3242}}
Jun 30 00:08:39.255669 np0000183504 neutron-rpc-server[104883]: DEBUG cotyledon.oslo_config_glue [-] l3_ha_net_cidr = 169.254.192.0/18 {{(pid=104883) log_opt_values /opt/stack/data/venv/lib/python3.12/site-packages/oslo_config/cfg.py:3242}}
Jun 30 00:08:39.255669 np0000183504 neutron-rpc-server[104883]: DEBUG cotyledon.oslo_config_glue [-] l3_ha_network_physical_name = {{(pid=104883) log_opt_values /opt/stack/data/venv/lib/python3.12/site-packages/oslo_config/cfg.py:3242}}
Jun 30 00:08:39.255669 np0000183504 neutron-rpc-server[104883]: DEBUG cotyledon.oslo_config_glue [-] l3_ha_network_type = {{(pid=104883) log_opt_values /opt/stack/data/venv/lib/python3.12/site-packages/oslo_config/cfg.py:3242}}
Jun 30 00:08:39.255669 np0000183504 neutron-rpc-server[104883]: DEBUG cotyledon.oslo_config_glue [-] log_color = False {{(pid=104883) log_opt_values /opt/stack/data/venv/lib/python3.12/site-packages/oslo_config/cfg.py:3242}}
Jun 30 00:08:39.255669 np0000183504 neutron-rpc-server[104883]: DEBUG cotyledon.oslo_config_glue [-] log_config_append = None {{(pid=104883) log_opt_values /opt/stack/data/venv/lib/python3.12/site-packages/oslo_config/cfg.py:3242}}
Jun 30 00:08:39.256074 np0000183504 neutron-rpc-server[104883]: DEBUG cotyledon.oslo_config_glue [-] log_date_format = %Y-%m-%d %H:%M:%S {{(pid=104883) log_opt_values /opt/stack/data/venv/lib/python3.12/site-packages/oslo_config/cfg.py:3242}}
Jun 30 00:08:39.256146 np0000183504 neutron-rpc-server[104863]: INFO ovsdbapp.backend.ovs_idl.vlog [None req-79963fae-ec1a-459d-bc45-4104b84ffa77 None None] ssl:199.204.45.72:6641: connected
Jun 30 00:08:39.256244 np0000183504 neutron-rpc-server[104883]: DEBUG cotyledon.oslo_config_glue [-] log_dir = None {{(pid=104883) log_opt_values /opt/stack/data/venv/lib/python3.12/site-packages/oslo_config/cfg.py:3242}}
Jun 30 00:08:39.256244 np0000183504 neutron-rpc-server[104883]: DEBUG cotyledon.oslo_config_glue [-] log_file = None {{(pid=104883) log_opt_values /opt/stack/data/venv/lib/python3.12/site-packages/oslo_config/cfg.py:3242}}
Jun 30 00:08:39.256244 np0000183504 neutron-rpc-server[104883]: DEBUG cotyledon.oslo_config_glue [-] log_options = True {{(pid=104883) log_opt_values /opt/stack/data/venv/lib/python3.12/site-packages/oslo_config/cfg.py:3242}}
Jun 30 00:08:39.256244 np0000183504 neutron-rpc-server[104883]: DEBUG cotyledon.oslo_config_glue [-] log_rotate_interval = 1 {{(pid=104883) log_opt_values /opt/stack/data/venv/lib/python3.12/site-packages/oslo_config/cfg.py:3242}}
Jun 30 00:08:39.256244 np0000183504 neutron-rpc-server[104883]: DEBUG cotyledon.oslo_config_glue [-] log_rotate_interval_type = days {{(pid=104883) log_opt_values /opt/stack/data/venv/lib/python3.12/site-packages/oslo_config/cfg.py:3242}}
Jun 30 00:08:39.256244 np0000183504 neutron-rpc-server[104883]: DEBUG cotyledon.oslo_config_glue [-] log_rotation_type = none {{(pid=104883) log_opt_values /opt/stack/data/venv/lib/python3.12/site-packages/oslo_config/cfg.py:3242}}
Jun 30 00:08:39.256244 np0000183504 neutron-rpc-server[104883]: DEBUG cotyledon.oslo_config_glue [-] logging_context_format_string = %(color)s%(levelname)s %(name)s [%(global_request_id)s %(request_id)s %(project_name)s %(user_name)s%(color)s] %(instance)s%(color)s%(message)s {{(pid=104883) log_opt_values /opt/stack/data/venv/lib/python3.12/site-packages/oslo_config/cfg.py:3242}}
Jun 30 00:08:39.256244 np0000183504 neutron-rpc-server[104883]: DEBUG cotyledon.oslo_config_glue [-] logging_debug_format_suffix = {{(pid=%(process)d) %(funcName)s %(pathname)s:%(lineno)d}} {{(pid=104883) log_opt_values /opt/stack/data/venv/lib/python3.12/site-packages/oslo_config/cfg.py:3242}}
Jun 30 00:08:39.256588 np0000183504 neutron-rpc-server[104883]: DEBUG cotyledon.oslo_config_glue [-] logging_default_format_string = %(color)s%(levelname)s %(name)s [-%(color)s] %(instance)s%(color)s%(message)s {{(pid=104883) log_opt_values /opt/stack/data/venv/lib/python3.12/site-packages/oslo_config/cfg.py:3242}}
Jun 30 00:08:39.256588 np0000183504 neutron-rpc-server[104883]: DEBUG cotyledon.oslo_config_glue [-] logging_exception_prefix = ERROR %(name)s %(instance)s {{(pid=104883) log_opt_values /opt/stack/data/venv/lib/python3.12/site-packages/oslo_config/cfg.py:3242}}
Jun 30 00:08:39.256588 np0000183504 neutron-rpc-server[104883]: DEBUG cotyledon.oslo_config_glue [-] logging_user_identity_format = %(user)s %(project)s %(domain)s %(system_scope)s %(user_domain)s %(project_domain)s {{(pid=104883) log_opt_values /opt/stack/data/venv/lib/python3.12/site-packages/oslo_config/cfg.py:3242}}
Jun 30 00:08:39.256588 np0000183504 neutron-rpc-server[104883]: DEBUG cotyledon.oslo_config_glue [-] max_allowed_address_pair = 10 {{(pid=104883) log_opt_values /opt/stack/data/venv/lib/python3.12/site-packages/oslo_config/cfg.py:3242}}
Jun 30 00:08:39.256588 np0000183504 neutron-rpc-server[104883]: DEBUG cotyledon.oslo_config_glue [-] max_dns_nameservers = 5 {{(pid=104883) log_opt_values /opt/stack/data/venv/lib/python3.12/site-packages/oslo_config/cfg.py:3242}}
Jun 30 00:08:39.256588 np0000183504 neutron-rpc-server[104883]: DEBUG cotyledon.oslo_config_glue [-] max_header_line = 16384 {{(pid=104883) log_opt_values /opt/stack/data/venv/lib/python3.12/site-packages/oslo_config/cfg.py:3242}}
Jun 30 00:08:39.256588 np0000183504 neutron-rpc-server[104883]: DEBUG cotyledon.oslo_config_glue [-] max_l3_agents_per_router = 3 {{(pid=104883) log_opt_values /opt/stack/data/venv/lib/python3.12/site-packages/oslo_config/cfg.py:3242}}
Jun 30 00:08:39.256588 np0000183504 neutron-rpc-server[104883]: DEBUG cotyledon.oslo_config_glue [-] max_logfile_count = 30 {{(pid=104883) log_opt_values /opt/stack/data/venv/lib/python3.12/site-packages/oslo_config/cfg.py:3242}}
Jun 30 00:08:39.256893 np0000183504 neutron-rpc-server[104883]: DEBUG cotyledon.oslo_config_glue [-] max_logfile_size_mb = 200 {{(pid=104883) log_opt_values /opt/stack/data/venv/lib/python3.12/site-packages/oslo_config/cfg.py:3242}}
Jun 30 00:08:39.256893 np0000183504 neutron-rpc-server[104883]: DEBUG cotyledon.oslo_config_glue [-] max_subnet_host_routes = 20 {{(pid=104883) log_opt_values /opt/stack/data/venv/lib/python3.12/site-packages/oslo_config/cfg.py:3242}}
Jun 30 00:08:39.256893 np0000183504 neutron-rpc-server[104883]: DEBUG cotyledon.oslo_config_glue [-] my_ip = 199.204.45.72 {{(pid=104883) log_opt_values /opt/stack/data/venv/lib/python3.12/site-packages/oslo_config/cfg.py:3242}}
Jun 30 00:08:39.256893 np0000183504 neutron-rpc-server[104883]: DEBUG cotyledon.oslo_config_glue [-] my_ipv6 = 2604:e100:1:0:f816:3eff:fe31:69ce {{(pid=104883) log_opt_values /opt/stack/data/venv/lib/python3.12/site-packages/oslo_config/cfg.py:3242}}
Jun 30 00:08:39.256893 np0000183504 neutron-rpc-server[104883]: DEBUG cotyledon.oslo_config_glue [-] network_auto_schedule = True {{(pid=104883) log_opt_values /opt/stack/data/venv/lib/python3.12/site-packages/oslo_config/cfg.py:3242}}
Jun 30 00:08:39.256893 np0000183504 neutron-rpc-server[104883]: DEBUG cotyledon.oslo_config_glue [-] network_link_prefix = None {{(pid=104883) log_opt_values /opt/stack/data/venv/lib/python3.12/site-packages/oslo_config/cfg.py:3242}}
Jun 30 00:08:39.256893 np0000183504 neutron-rpc-server[104883]: DEBUG cotyledon.oslo_config_glue [-] network_scheduler_driver = neutron.scheduler.dhcp_agent_scheduler.WeightScheduler {{(pid=104883) log_opt_values /opt/stack/data/venv/lib/python3.12/site-packages/oslo_config/cfg.py:3242}}
Jun 30 00:08:39.256893 np0000183504 neutron-rpc-server[104883]: DEBUG cotyledon.oslo_config_glue [-] notify_nova_on_port_data_changes = True {{(pid=104883) log_opt_values /opt/stack/data/venv/lib/python3.12/site-packages/oslo_config/cfg.py:3242}}
Jun 30 00:08:39.256893 np0000183504 neutron-rpc-server[104883]: DEBUG cotyledon.oslo_config_glue [-] notify_nova_on_port_status_changes = True {{(pid=104883) log_opt_values /opt/stack/data/venv/lib/python3.12/site-packages/oslo_config/cfg.py:3242}}
Jun 30 00:08:39.257223 np0000183504 neutron-rpc-server[104883]: DEBUG cotyledon.oslo_config_glue [-] pagination_max_limit = -1 {{(pid=104883) log_opt_values /opt/stack/data/venv/lib/python3.12/site-packages/oslo_config/cfg.py:3242}}
Jun 30 00:08:39.257223 np0000183504 neutron-rpc-server[104883]: DEBUG cotyledon.oslo_config_glue [-] periodic_fuzzy_delay = 5 {{(pid=104883) log_opt_values /opt/stack/data/venv/lib/python3.12/site-packages/oslo_config/cfg.py:3242}}
Jun 30 00:08:39.257223 np0000183504 neutron-rpc-server[104883]: DEBUG cotyledon.oslo_config_glue [-] periodic_interval = 40 {{(pid=104883) log_opt_values /opt/stack/data/venv/lib/python3.12/site-packages/oslo_config/cfg.py:3242}}
Jun 30 00:08:39.257223 np0000183504 neutron-rpc-server[104883]: DEBUG cotyledon.oslo_config_glue [-] publish_errors = False {{(pid=104883) log_opt_values /opt/stack/data/venv/lib/python3.12/site-packages/oslo_config/cfg.py:3242}}
Jun 30 00:08:39.257223 np0000183504 neutron-rpc-server[104883]: DEBUG cotyledon.oslo_config_glue [-] rate_limit_burst = 0 {{(pid=104883) log_opt_values /opt/stack/data/venv/lib/python3.12/site-packages/oslo_config/cfg.py:3242}}
Jun 30 00:08:39.257223 np0000183504 neutron-rpc-server[104883]: DEBUG cotyledon.oslo_config_glue [-] rate_limit_except_level = CRITICAL {{(pid=104883) log_opt_values /opt/stack/data/venv/lib/python3.12/site-packages/oslo_config/cfg.py:3242}}
Jun 30 00:08:39.257223 np0000183504 neutron-rpc-server[104883]: DEBUG cotyledon.oslo_config_glue [-] rate_limit_interval = 0 {{(pid=104883) log_opt_values /opt/stack/data/venv/lib/python3.12/site-packages/oslo_config/cfg.py:3242}}
Jun 30 00:08:39.257223 np0000183504 neutron-rpc-server[104883]: DEBUG cotyledon.oslo_config_glue [-] router_distributed = False {{(pid=104883) log_opt_values /opt/stack/data/venv/lib/python3.12/site-packages/oslo_config/cfg.py:3242}}
Jun 30 00:08:39.257223 np0000183504 neutron-rpc-server[104883]: DEBUG cotyledon.oslo_config_glue [-] rpc_resources_processing_step = 20 {{(pid=104883) log_opt_values /opt/stack/data/venv/lib/python3.12/site-packages/oslo_config/cfg.py:3242}}
Jun 30 00:08:39.257638 np0000183504 neutron-rpc-server[104883]: DEBUG cotyledon.oslo_config_glue [-] rpc_response_max_timeout = 600 {{(pid=104883) log_opt_values /opt/stack/data/venv/lib/python3.12/site-packages/oslo_config/cfg.py:3242}}
Jun 30 00:08:39.257638 np0000183504 neutron-rpc-server[104883]: DEBUG cotyledon.oslo_config_glue [-] rpc_response_timeout = 60 {{(pid=104883) log_opt_values /opt/stack/data/venv/lib/python3.12/site-packages/oslo_config/cfg.py:3242}}
Jun 30 00:08:39.257638 np0000183504 neutron-rpc-server[104883]: DEBUG cotyledon.oslo_config_glue [-] rpc_state_report_workers = 0 {{(pid=104883) log_opt_values /opt/stack/data/venv/lib/python3.12/site-packages/oslo_config/cfg.py:3242}}
Jun 30 00:08:39.257638 np0000183504 neutron-rpc-server[104883]: DEBUG cotyledon.oslo_config_glue [-] rpc_workers = None {{(pid=104883) log_opt_values /opt/stack/data/venv/lib/python3.12/site-packages/oslo_config/cfg.py:3242}}
Jun 30 00:08:39.257840 np0000183504 neutron-rpc-server[104883]: DEBUG cotyledon.oslo_config_glue [-] send_events_interval = 2 {{(pid=104883) log_opt_values /opt/stack/data/venv/lib/python3.12/site-packages/oslo_config/cfg.py:3242}}
Jun 30 00:08:39.257840 np0000183504 neutron-rpc-server[104883]: DEBUG cotyledon.oslo_config_glue [-] service_plugins = ['ovn-router'] {{(pid=104883) log_opt_values /opt/stack/data/venv/lib/python3.12/site-packages/oslo_config/cfg.py:3242}}
Jun 30 00:08:39.257931 np0000183504 neutron-rpc-server[104883]: DEBUG cotyledon.oslo_config_glue [-] setproctitle = on {{(pid=104883) log_opt_values /opt/stack/data/venv/lib/python3.12/site-packages/oslo_config/cfg.py:3242}}
Jun 30 00:08:39.257931 np0000183504 neutron-rpc-server[104883]: DEBUG cotyledon.oslo_config_glue [-] shell_completion = None {{(pid=104883) log_opt_values /opt/stack/data/venv/lib/python3.12/site-packages/oslo_config/cfg.py:3242}}
Jun 30 00:08:39.258032 np0000183504 neutron-rpc-server[104883]: DEBUG cotyledon.oslo_config_glue [-] state_path = /opt/stack/data/neutron {{(pid=104883) log_opt_values /opt/stack/data/venv/lib/python3.12/site-packages/oslo_config/cfg.py:3242}}
Jun 30 00:08:39.258129 np0000183504 neutron-rpc-server[104883]: DEBUG cotyledon.oslo_config_glue [-] syslog_log_facility = LOG_USER {{(pid=104883) log_opt_values /opt/stack/data/venv/lib/python3.12/site-packages/oslo_config/cfg.py:3242}}
Jun 30 00:08:39.258129 np0000183504 neutron-rpc-server[104883]: DEBUG cotyledon.oslo_config_glue [-] tcp_keepidle = 600 {{(pid=104883) log_opt_values /opt/stack/data/venv/lib/python3.12/site-packages/oslo_config/cfg.py:3242}}
Jun 30 00:08:39.258305 np0000183504 neutron-rpc-server[104883]: DEBUG cotyledon.oslo_config_glue [-] transport_url = **** {{(pid=104883) log_opt_values /opt/stack/data/venv/lib/python3.12/site-packages/oslo_config/cfg.py:3242}}
Jun 30 00:08:39.258305 np0000183504 neutron-rpc-server[104883]: DEBUG cotyledon.oslo_config_glue [-] use_journal = False {{(pid=104883) log_opt_values /opt/stack/data/venv/lib/python3.12/site-packages/oslo_config/cfg.py:3242}}
Jun 30 00:08:39.258449 np0000183504 neutron-rpc-server[104883]: DEBUG cotyledon.oslo_config_glue [-] use_json = False {{(pid=104883) log_opt_values /opt/stack/data/venv/lib/python3.12/site-packages/oslo_config/cfg.py:3242}}
Jun 30 00:08:39.258449 np0000183504 neutron-rpc-server[104883]: DEBUG cotyledon.oslo_config_glue [-] use_stderr = False {{(pid=104883) log_opt_values /opt/stack/data/venv/lib/python3.12/site-packages/oslo_config/cfg.py:3242}}
Jun 30 00:08:39.258449 np0000183504 neutron-rpc-server[104883]: DEBUG cotyledon.oslo_config_glue [-] use_syslog = False {{(pid=104883) log_opt_values /opt/stack/data/venv/lib/python3.12/site-packages/oslo_config/cfg.py:3242}}
Jun 30 00:08:39.258567 np0000183504 neutron-rpc-server[104883]: DEBUG cotyledon.oslo_config_glue [-] vlan_qinq = None {{(pid=104883) log_opt_values /opt/stack/data/venv/lib/python3.12/site-packages/oslo_config/cfg.py:3242}}
Jun 30 00:08:39.258567 np0000183504 neutron-rpc-server[104883]: DEBUG cotyledon.oslo_config_glue [-] vlan_transparent = None {{(pid=104883) log_opt_values /opt/stack/data/venv/lib/python3.12/site-packages/oslo_config/cfg.py:3242}}
Jun 30 00:08:39.258700 np0000183504 neutron-rpc-server[104883]: DEBUG cotyledon.oslo_config_glue [-] wsgi_default_pool_size = 100 {{(pid=104883) log_opt_values /opt/stack/data/venv/lib/python3.12/site-packages/oslo_config/cfg.py:3242}}
Jun 30 00:08:39.258700 np0000183504 neutron-rpc-server[104883]: DEBUG cotyledon.oslo_config_glue [-] wsgi_keep_alive = True {{(pid=104883) log_opt_values /opt/stack/data/venv/lib/python3.12/site-packages/oslo_config/cfg.py:3242}}
Jun 30 00:08:39.258835 np0000183504 neutron-rpc-server[104883]: DEBUG cotyledon.oslo_config_glue [-] wsgi_log_format = %(client_ip)s "%(request_line)s" status: %(status_code)s len: %(body_length)s time: %(wall_seconds).7f {{(pid=104883) log_opt_values /opt/stack/data/venv/lib/python3.12/site-packages/oslo_config/cfg.py:3242}}
Jun 30 00:08:39.258835 np0000183504 neutron-rpc-server[104883]: DEBUG cotyledon.oslo_config_glue [-] wsgi_server_debug = False {{(pid=104883) log_opt_values /opt/stack/data/venv/lib/python3.12/site-packages/oslo_config/cfg.py:3242}}
Jun 30 00:08:39.258963 np0000183504 neutron-rpc-server[104883]: DEBUG cotyledon.oslo_config_glue [-] oslo_concurrency.disable_process_locking = False {{(pid=104883) log_opt_values /opt/stack/data/venv/lib/python3.12/site-packages/oslo_config/cfg.py:3253}}
Jun 30 00:08:39.259126 np0000183504 neutron-rpc-server[104883]: DEBUG cotyledon.oslo_config_glue [-] oslo_concurrency.lock_path = /opt/stack/data/neutron/lock {{(pid=104883) log_opt_values /opt/stack/data/venv/lib/python3.12/site-packages/oslo_config/cfg.py:3253}}
Jun 30 00:08:39.259232 np0000183504 neutron-rpc-server[104883]: DEBUG cotyledon.oslo_config_glue [-] profiler.connection_string = messaging:// {{(pid=104883) log_opt_values /opt/stack/data/venv/lib/python3.12/site-packages/oslo_config/cfg.py:3253}}
Jun 30 00:08:39.259347 np0000183504 neutron-rpc-server[104883]: DEBUG cotyledon.oslo_config_glue [-] profiler.enabled = False {{(pid=104883) log_opt_values /opt/stack/data/venv/lib/python3.12/site-packages/oslo_config/cfg.py:3253}}
Jun 30 00:08:39.259347 np0000183504 neutron-rpc-server[104883]: DEBUG cotyledon.oslo_config_glue [-] profiler.es_doc_type = notification {{(pid=104883) log_opt_values /opt/stack/data/venv/lib/python3.12/site-packages/oslo_config/cfg.py:3253}}
Jun 30 00:08:39.259476 np0000183504 neutron-rpc-server[104883]: DEBUG cotyledon.oslo_config_glue [-] profiler.es_scroll_size = 10000 {{(pid=104883) log_opt_values /opt/stack/data/venv/lib/python3.12/site-packages/oslo_config/cfg.py:3253}}
Jun 30 00:08:39.259542 np0000183504 neutron-rpc-server[104883]: DEBUG cotyledon.oslo_config_glue [-] profiler.es_scroll_time = 2m {{(pid=104883) log_opt_values /opt/stack/data/venv/lib/python3.12/site-packages/oslo_config/cfg.py:3253}}
Jun 30 00:08:39.259542 np0000183504 neutron-rpc-server[104883]: DEBUG cotyledon.oslo_config_glue [-] profiler.filter_error_trace = False {{(pid=104883) log_opt_values /opt/stack/data/venv/lib/python3.12/site-packages/oslo_config/cfg.py:3253}}
