2026-04-27 22:10:04.785 10 INFO neutron.db.ovn_revision_numbers_db [None req-0b35c606-b762-4fe2-a6b2-d6a27a5a4e36 - - - - - -] Successfully bumped revision number for resource 2e33d3fe-1a51-46fb-b54b-8ff914a6e791 (type: router_ports) to 2
2026-04-27 22:10:04.935 9 INFO neutron.plugins.ml2.drivers.ovn.mech_driver.ovsdb.commands [None req-5a70e762-b189-4ddd-9dc6-7b8d745a3621 - - - - - -] Schedule LRP lrp-0945954f-42e5-46ec-8be7-885ab5b31fe7 on gateway 72ddc81f-6fdd-4288-b2d1-df8cbc6a2d67 with priority 1
2026-04-27 22:10:04.942 9 INFO neutron.plugins.ml2.drivers.ovn.mech_driver.mech_driver [None req-2221c7ce-d9d9-45ba-98c4-3d6667e51455 - - - - - -] OVN reports status up for port: 0945954f-42e5-46ec-8be7-885ab5b31fe7
2026-04-27 22:10:04.959 9 INFO neutron.plugins.ml2.plugin [None req-2221c7ce-d9d9-45ba-98c4-3d6667e51455 - - - - - -] Attempt 1 to provision port 0945954f-42e5-46ec-8be7-885ab5b31fe7
2026-04-27 22:10:04.985 9 INFO neutron.db.ovn_revision_numbers_db [None req-2d3724d0-4051-4814-9d79-e8d774aceab8 5eda95fa0c67444e8c5c75eb0ee24fcf bdce58bea17e49e39d54d0e80275505e - - default default] Successfully bumped revision number for resource 0945954f-42e5-46ec-8be7-885ab5b31fe7 (type: router_ports) to 1
2026-04-27 22:10:05.033 10 INFO neutron.api.wsgi [req-b66982c8-4e9d-414e-a98a-64076e23980e req-c0993c33-0bb7-48c6-89e2-ea524dba44c0 7417fff81bb04a87b0eb4bce1cb6fa30 55440a9976b04e058badbec4f0048fc6 - - default default] 10.0.0.152 "GET /v2.0/ports?device_id=d359dddd-20e4-44e8-b455-e69298b5f1db HTTP/1.1" status: 200 len: 1172 time: 0.0317452
2026-04-27 22:10:05.064 9 INFO neutron.db.ovn_revision_numbers_db [None req-2d3724d0-4051-4814-9d79-e8d774aceab8 5eda95fa0c67444e8c5c75eb0ee24fcf bdce58bea17e49e39d54d0e80275505e - - default default] Successfully bumped revision number for resource 23b1c7ff-145c-446b-91fa-9b7ce2a9cfa4 (type: routers) to 2
2026-04-27 22:10:05.079 10 INFO neutron.api.wsgi [req-b66982c8-4e9d-414e-a98a-64076e23980e req-8cfea11f-f26f-422d-aa42-eff1a9e3f09e 7417fff81bb04a87b0eb4bce1cb6fa30 55440a9976b04e058badbec4f0048fc6 - - default default] 10.0.0.152 "GET /v2.0/security-groups?id=13a28b5f-e315-4b32-8b28-781c08e20d89&fields=id&fields=name HTTP/1.1" status: 200 len: 313 time: 0.0396361
2026-04-27 22:10:05.092 9 INFO neutron.api.wsgi [None req-2d3724d0-4051-4814-9d79-e8d774aceab8 5eda95fa0c67444e8c5c75eb0ee24fcf bdce58bea17e49e39d54d0e80275505e - - default default] 10.0.0.231 "POST /v2.0/routers HTTP/1.1" status: 201 len: 1135 time: 1.9004464
2026-04-27 22:10:05.619 9 WARNING neutron.scheduler.dhcp_agent_scheduler [None req-9612380d-c0cd-4490-b6c8-7f6e35de43e6 5eda95fa0c67444e8c5c75eb0ee24fcf bdce58bea17e49e39d54d0e80275505e - - default default] No more DHCP agents
2026-04-27 22:10:05.621 9 WARNING neutron.api.rpc.agentnotifiers.dhcp_rpc_agent_api [None req-9612380d-c0cd-4490-b6c8-7f6e35de43e6 5eda95fa0c67444e8c5c75eb0ee24fcf bdce58bea17e49e39d54d0e80275505e - - default default] Unable to schedule network 81a87dbd-3b42-41dd-a946-dc67c15c99b0: no agents available; will retry on subsequent port and subnet creation events.
2026-04-27 22:10:05.737 9 INFO neutron.db.ovn_revision_numbers_db [None req-9612380d-c0cd-4490-b6c8-7f6e35de43e6 5eda95fa0c67444e8c5c75eb0ee24fcf bdce58bea17e49e39d54d0e80275505e - - default default] Successfully bumped revision number for resource c9757f2e-d459-480c-8692-f3f53ba270d4 (type: ports) to 1
2026-04-27 22:10:06.023 10 INFO neutron.plugins.ml2.drivers.ovn.mech_driver.mech_driver [None req-0b35c606-b762-4fe2-a6b2-d6a27a5a4e36 - - - - - -] OVN reports status up for port: 047bbfd4-b232-43b8-9c67-2eb468056fc7
2026-04-27 22:10:06.045 10 INFO neutron.plugins.ml2.plugin [None req-0b35c606-b762-4fe2-a6b2-d6a27a5a4e36 - - - - - -] Attempt 1 to provision port 047bbfd4-b232-43b8-9c67-2eb468056fc7
2026-04-27 22:10:06.176 9 INFO neutron.api.wsgi [req-a4ee7aa1-6650-4481-b445-7362e32bb127 req-ea9ed67d-d564-4032-8cee-884545b60b00 7417fff81bb04a87b0eb4bce1cb6fa30 55440a9976b04e058badbec4f0048fc6 - - default default] 10.0.0.152 "GET /v2.0/ports?device_id=d359dddd-20e4-44e8-b455-e69298b5f1db HTTP/1.1" status: 200 len: 1172 time: 0.0389123
2026-04-27 22:10:06.221 9 INFO neutron.api.wsgi [req-a4ee7aa1-6650-4481-b445-7362e32bb127 req-e0183dfd-85e3-4556-85b3-1da98c3302ee 7417fff81bb04a87b0eb4bce1cb6fa30 55440a9976b04e058badbec4f0048fc6 - - default default] 10.0.0.152 "GET /v2.0/security-groups?id=13a28b5f-e315-4b32-8b28-781c08e20d89&fields=id&fields=name HTTP/1.1" status: 200 len: 313 time: 0.0368817
2026-04-27 22:10:06.274 10 INFO neutron.db.ovn_revision_numbers_db [None req-0b35c606-b762-4fe2-a6b2-d6a27a5a4e36 - - - - - -] Successfully bumped revision number for resource 047bbfd4-b232-43b8-9c67-2eb468056fc7 (type: ports) to 4
2026-04-27 22:10:06.375 9 INFO neutron.db.ovn_revision_numbers_db [None req-9612380d-c0cd-4490-b6c8-7f6e35de43e6 5eda95fa0c67444e8c5c75eb0ee24fcf bdce58bea17e49e39d54d0e80275505e - - default default] Successfully bumped revision number for resource c9757f2e-d459-480c-8692-f3f53ba270d4 (type: ports) to 1
2026-04-27 22:10:06.421 9 WARNING neutron.scheduler.dhcp_agent_scheduler [None req-9612380d-c0cd-4490-b6c8-7f6e35de43e6 5eda95fa0c67444e8c5c75eb0ee24fcf bdce58bea17e49e39d54d0e80275505e - - default default] No more DHCP agents
2026-04-27 22:10:06.422 9 WARNING neutron.api.rpc.agentnotifiers.dhcp_rpc_agent_api [None req-9612380d-c0cd-4490-b6c8-7f6e35de43e6 5eda95fa0c67444e8c5c75eb0ee24fcf bdce58bea17e49e39d54d0e80275505e - - default default] Unable to schedule network 81a87dbd-3b42-41dd-a946-dc67c15c99b0: no agents available; will retry on subsequent port and subnet creation events.
2026-04-27 22:10:06.852 9 INFO neutron.db.ovn_revision_numbers_db [None req-9612380d-c0cd-4490-b6c8-7f6e35de43e6 5eda95fa0c67444e8c5c75eb0ee24fcf bdce58bea17e49e39d54d0e80275505e - - default default] Successfully bumped revision number for resource c9757f2e-d459-480c-8692-f3f53ba270d4 (type: router_ports) to 1
2026-04-27 22:10:06.857 9 INFO neutron.api.wsgi [None req-9612380d-c0cd-4490-b6c8-7f6e35de43e6 5eda95fa0c67444e8c5c75eb0ee24fcf bdce58bea17e49e39d54d0e80275505e - - default default] 10.0.0.231 "PUT /v2.0/routers/23b1c7ff-145c-446b-91fa-9b7ce2a9cfa4/add_router_interface HTTP/1.1" status: 200 len: 503 time: 1.7591822
2026-04-27 22:10:06.892 10 INFO neutron.plugins.ml2.drivers.ovn.mech_driver.mech_driver [None req-6681f480-dc68-4646-918e-dfaa6ad95abb - - - - - -] OVN reports status up for port: daad55a8-8f0b-4b14-96f9-f7063c98b04c
2026-04-27 22:10:06.903 10 INFO neutron.plugins.ml2.plugin [None req-6681f480-dc68-4646-918e-dfaa6ad95abb - - - - - -] Attempt 1 to provision port daad55a8-8f0b-4b14-96f9-f7063c98b04c
2026-04-27 22:10:07.094 10 INFO neutron.db.ovn_revision_numbers_db [None req-6681f480-dc68-4646-918e-dfaa6ad95abb - - - - - -] Successfully bumped revision number for resource daad55a8-8f0b-4b14-96f9-f7063c98b04c (type: ports) to 4
2026-04-27 22:10:07.333 10 INFO neutron.api.wsgi [req-745e53b0-27db-4c97-9a0f-06b42666ff1e req-3ccc8641-9503-48a2-9ca4-58d231ed105a 7417fff81bb04a87b0eb4bce1cb6fa30 55440a9976b04e058badbec4f0048fc6 - - default default] 10.0.0.152 "GET /v2.0/ports?device_id=d359dddd-20e4-44e8-b455-e69298b5f1db HTTP/1.1" status: 200 len: 1172 time: 0.0389602
2026-04-27 22:10:07.370 9 WARNING neutron.scheduler.dhcp_agent_scheduler [None req-2ec978e1-2463-4e8e-a41f-ff7d51eff5b1 - - - - - -] No more DHCP agents
2026-04-27 22:10:07.371 9 WARNING neutron.api.rpc.agentnotifiers.dhcp_rpc_agent_api [None req-2ec978e1-2463-4e8e-a41f-ff7d51eff5b1 - - - - - -] Unable to schedule network c94ce325-93c7-43f1-ad99-bbb4f0ff9636: no agents available; will retry on subsequent port and subnet creation events.
2026-04-27 22:10:07.374 10 INFO neutron.api.wsgi [req-745e53b0-27db-4c97-9a0f-06b42666ff1e req-48d141b1-6e29-43d5-8765-97d47efc0238 7417fff81bb04a87b0eb4bce1cb6fa30 55440a9976b04e058badbec4f0048fc6 - - default default] 10.0.0.152 "GET /v2.0/security-groups?id=13a28b5f-e315-4b32-8b28-781c08e20d89&fields=id&fields=name HTTP/1.1" status: 200 len: 313 time: 0.0352774
2026-04-27 22:10:07.512 9 INFO neutron.db.ovn_revision_numbers_db [None req-2ec978e1-2463-4e8e-a41f-ff7d51eff5b1 - - - - - -] Successfully bumped revision number for resource ee154780-907b-4caf-93de-5e1844e55536 (type: ports) to 1
2026-04-27 22:10:07.762 9 INFO neutron.db.ovn_revision_numbers_db [None req-2ec978e1-2463-4e8e-a41f-ff7d51eff5b1 - - - - - -] Successfully bumped revision number for resource ee154780-907b-4caf-93de-5e1844e55536 (type: ports) to 3
2026-04-27 22:10:07.825 9 INFO neutron.db.segments_db [None req-2ec978e1-2463-4e8e-a41f-ff7d51eff5b1 - - - - - -] Added segment 7c9b447b-d372-4ead-93d0-270da6b44f18 of type geneve for network e50ae46c-fbe6-4be0-9b27-f5dfe304a16a
2026-04-27 22:10:07.955 9 INFO neutron.db.ovn_revision_numbers_db [None req-445a57d5-e550-4e56-a401-87d51e4ebe06 - - - - - -] Successfully bumped revision number for resource e50ae46c-fbe6-4be0-9b27-f5dfe304a16a (type: networks) to 1
2026-04-27 22:10:08.172 9 WARNING neutron.scheduler.dhcp_agent_scheduler [None req-445a57d5-e550-4e56-a401-87d51e4ebe06 - - - - - -] No more DHCP agents
2026-04-27 22:10:08.174 9 WARNING neutron.api.rpc.agentnotifiers.dhcp_rpc_agent_api [None req-445a57d5-e550-4e56-a401-87d51e4ebe06 - - - - - -] Unable to schedule network e50ae46c-fbe6-4be0-9b27-f5dfe304a16a: no agents available; will retry on subsequent port and subnet creation events.
2026-04-27 22:10:08.254 9 INFO neutron.db.ovn_revision_numbers_db [None req-445a57d5-e550-4e56-a401-87d51e4ebe06 - - - - - -] Successfully bumped revision number for resource cffc2178-e16e-4aea-b6df-f417cce91d4d (type: ports) to 1
2026-04-27 22:10:08.371 9 WARNING neutron.scheduler.dhcp_agent_scheduler [None req-445a57d5-e550-4e56-a401-87d51e4ebe06 - - - - - -] No more DHCP agents
2026-04-27 22:10:08.372 9 WARNING neutron.api.rpc.agentnotifiers.dhcp_rpc_agent_api [None req-445a57d5-e550-4e56-a401-87d51e4ebe06 - - - - - -] Unable to schedule network e50ae46c-fbe6-4be0-9b27-f5dfe304a16a: no agents available; will retry on subsequent port and subnet creation events.
2026-04-27 22:10:08.401 9 INFO neutron.db.ovn_revision_numbers_db [None req-445a57d5-e550-4e56-a401-87d51e4ebe06 - - - - - -] Successfully bumped revision number for resource 62ceb15e-a1f5-41ef-a62d-60dc6b74162a (type: subnets) to 0
2026-04-27 22:10:08.488 9 INFO neutron.api.wsgi [req-01cdc5f3-232a-4005-b895-33404a7a684b req-07d56eda-e13c-4dd1-8544-96a86ef7a5ca 7417fff81bb04a87b0eb4bce1cb6fa30 55440a9976b04e058badbec4f0048fc6 - - default default] 10.0.0.152 "GET /v2.0/ports?device_id=d359dddd-20e4-44e8-b455-e69298b5f1db HTTP/1.1" status: 200 len: 1172 time: 0.0350437
2026-04-27 22:10:08.532 9 INFO neutron.api.wsgi [req-01cdc5f3-232a-4005-b895-33404a7a684b req-a88adc1e-b75c-479a-9b04-8d6bd82f0d15 7417fff81bb04a87b0eb4bce1cb6fa30 55440a9976b04e058badbec4f0048fc6 - - default default] 10.0.0.152 "GET /v2.0/security-groups?id=13a28b5f-e315-4b32-8b28-781c08e20d89&fields=id&fields=name HTTP/1.1" status: 200 len: 313 time: 0.0384011
2026-04-27 22:10:08.569 10 INFO neutron.api.wsgi [-] 10.0.0.204 "GET / HTTP/1.1" status: 200 len: 247 time: 0.0026913
2026-04-27 22:10:08.570 9 INFO neutron.api.wsgi [-] 10.0.0.204 "GET / HTTP/1.1" status: 200 len: 247 time: 0.0020103
2026-04-27 22:10:08.782 9 WARNING neutron.scheduler.dhcp_agent_scheduler [None req-445a57d5-e550-4e56-a401-87d51e4ebe06 - - - - - -] No more DHCP agents
2026-04-27 22:10:08.783 9 WARNING neutron.api.rpc.agentnotifiers.dhcp_rpc_agent_api [None req-445a57d5-e550-4e56-a401-87d51e4ebe06 - - - - - -] Unable to schedule network e50ae46c-fbe6-4be0-9b27-f5dfe304a16a: no agents available; will retry on subsequent port and subnet creation events.
2026-04-27 22:10:08.891 9 INFO neutron.db.ovn_revision_numbers_db [None req-445a57d5-e550-4e56-a401-87d51e4ebe06 - - - - - -] Successfully bumped revision number for resource c825fdc1-4629-43ad-8dea-96f36d8a061e (type: ports) to 1
2026-04-27 22:10:09.404 10 INFO neutron.plugins.ml2.drivers.ovn.mech_driver.mech_driver [None req-3c450026-e222-47ad-8579-2421cebdb93e - - - - - -] OVN reports status up for port: c825fdc1-4629-43ad-8dea-96f36d8a061e
2026-04-27 22:10:09.417 10 INFO neutron.plugins.ml2.plugin [None req-3c450026-e222-47ad-8579-2421cebdb93e - - - - - -] Attempt 1 to provision port c825fdc1-4629-43ad-8dea-96f36d8a061e
2026-04-27 22:10:09.422 9 INFO neutron.db.ovn_revision_numbers_db [None req-445a57d5-e550-4e56-a401-87d51e4ebe06 - - - - - -] Successfully bumped revision number for resource c825fdc1-4629-43ad-8dea-96f36d8a061e (type: ports) to 1
2026-04-27 22:10:09.492 9 WARNING neutron.scheduler.dhcp_agent_scheduler [None req-445a57d5-e550-4e56-a401-87d51e4ebe06 - - - - - -] No more DHCP agents
2026-04-27 22:10:09.494 9 WARNING neutron.api.rpc.agentnotifiers.dhcp_rpc_agent_api [None req-445a57d5-e550-4e56-a401-87d51e4ebe06 - - - - - -] Unable to schedule network e50ae46c-fbe6-4be0-9b27-f5dfe304a16a: no agents available; will retry on subsequent port and subnet creation events.
2026-04-27 22:10:09.698 10 INFO neutron.api.wsgi [req-05de60a7-d1b9-4d04-9d5a-d8409d1d816e req-ecb88695-bdcb-4309-af24-819f5486f57a 7417fff81bb04a87b0eb4bce1cb6fa30 55440a9976b04e058badbec4f0048fc6 - - default default] 10.0.0.152 "GET /v2.0/ports?device_id=d359dddd-20e4-44e8-b455-e69298b5f1db HTTP/1.1" status: 200 len: 1172 time: 0.0751855
2026-04-27 22:10:09.740 10 INFO neutron.api.wsgi [req-05de60a7-d1b9-4d04-9d5a-d8409d1d816e req-3c9d6059-c9bd-43b7-96b2-20b2e5787c2d 7417fff81bb04a87b0eb4bce1cb6fa30 55440a9976b04e058badbec4f0048fc6 - - default default] 10.0.0.152 "GET /v2.0/security-groups?id=13a28b5f-e315-4b32-8b28-781c08e20d89&fields=id&fields=name HTTP/1.1" status: 200 len: 313 time: 0.0374322
2026-04-27 22:10:09.740 10 INFO neutron.db.ovn_revision_numbers_db [None req-3c450026-e222-47ad-8579-2421cebdb93e - - - - - -] Successfully bumped revision number for resource c825fdc1-4629-43ad-8dea-96f36d8a061e (type: ports) to 2
2026-04-27 22:10:09.885 9 WARNING neutron.plugins.ml2.drivers.ovn.mech_driver.ovsdb.ovn_client [None req-2221c7ce-d9d9-45ba-98c4-3d6667e51455 - - - - - -] No hosting information found for port 0945954f-42e5-46ec-8be7-885ab5b31fe7: RuntimeError: No hosting information found for port 0945954f-42e5-46ec-8be7-885ab5b31fe7
2026-04-27 22:10:09.886 9 INFO neutron.plugins.ml2.drivers.ovn.mech_driver.mech_driver [None req-2221c7ce-d9d9-45ba-98c4-3d6667e51455 - - - - - -] OVN reports status up for port: c9757f2e-d459-480c-8692-f3f53ba270d4
2026-04-27 22:10:09.893 9 INFO neutron.plugins.ml2.plugin [None req-2221c7ce-d9d9-45ba-98c4-3d6667e51455 - - - - - -] Attempt 1 to provision port c9757f2e-d459-480c-8692-f3f53ba270d4
2026-04-27 22:10:10.197 9 INFO neutron.db.ovn_revision_numbers_db [None req-445a57d5-e550-4e56-a401-87d51e4ebe06 - - - - - -] Successfully bumped revision number for resource c825fdc1-4629-43ad-8dea-96f36d8a061e (type: router_ports) to 1
2026-04-27 22:10:10.366 9 INFO neutron.db.ovn_revision_numbers_db [None req-2221c7ce-d9d9-45ba-98c4-3d6667e51455 - - - - - -] Successfully bumped revision number for resource c9757f2e-d459-480c-8692-f3f53ba270d4 (type: ports) to 2
2026-04-27 22:10:10.907 9 INFO neutron.api.wsgi [req-e42c963b-26bd-481a-8296-a7d867cba340 req-be18da11-b09c-43e0-ae20-c47ee0b37193 7417fff81bb04a87b0eb4bce1cb6fa30 55440a9976b04e058badbec4f0048fc6 - - default default] 10.0.0.152 "GET /v2.0/ports?device_id=d359dddd-20e4-44e8-b455-e69298b5f1db HTTP/1.1" status: 200 len: 1172 time: 0.0915041
2026-04-27 22:10:10.915 9 WARNING neutron.scheduler.dhcp_agent_scheduler [None req-445a57d5-e550-4e56-a401-87d51e4ebe06 - - - - - -] No more DHCP agents
2026-04-27 22:10:10.920 9 WARNING neutron.api.rpc.agentnotifiers.dhcp_rpc_agent_api [None req-445a57d5-e550-4e56-a401-87d51e4ebe06 - - - - - -] Unable to schedule network e50ae46c-fbe6-4be0-9b27-f5dfe304a16a: no agents available; will retry on subsequent port and subnet creation events.
2026-04-27 22:10:10.954 9 INFO neutron.api.wsgi [req-e42c963b-26bd-481a-8296-a7d867cba340 req-abc2e137-cfbf-475c-aaa2-9d9c8356e3ca 7417fff81bb04a87b0eb4bce1cb6fa30 55440a9976b04e058badbec4f0048fc6 - - default default] 10.0.0.152 "GET /v2.0/security-groups?id=13a28b5f-e315-4b32-8b28-781c08e20d89&fields=id&fields=name HTTP/1.1" status: 200 len: 313 time: 0.0419509
2026-04-27 22:10:11.057 9 INFO neutron.db.ovn_revision_numbers_db [None req-445a57d5-e550-4e56-a401-87d51e4ebe06 - - - - - -] Successfully bumped revision number for resource d977849f-3512-4672-bde4-b12bca8a51fa (type: ports) to 1
2026-04-27 22:10:11.256 9 INFO neutron.db.ovn_revision_numbers_db [None req-445a57d5-e550-4e56-a401-87d51e4ebe06 - - - - - -] Successfully bumped revision number for resource d977849f-3512-4672-bde4-b12bca8a51fa (type: ports) to 3
2026-04-27 22:10:11.436 9 INFO neutron.api.wsgi [None req-d25a0f6e-4496-4d81-805a-5df39f7bdcc6 771b168641454dc69f73a794fe3a2f01 5408a46d82f5435dbb1a65db9419a3cc - - default default] 10.0.0.231 "POST /v2.0/vpn/vpnservices HTTP/1.1" status: 201 len: 656 time: 4.5722475
2026-04-27 22:10:11.453 9 INFO neutron.api.wsgi [None req-0d2c60cd-1338-4512-969f-cd06de0b3242 5eda95fa0c67444e8c5c75eb0ee24fcf bdce58bea17e49e39d54d0e80275505e - - default default] 10.0.0.231 "GET /v2.0/vpn/vpnservices HTTP/1.1" status: 200 len: 1507 time: 0.0116389
2026-04-27 22:10:12.063 10 INFO neutron.api.wsgi [req-67a0660b-d0a2-447b-875e-ee3232c0c359 req-997ec1b9-51ef-4108-9dbe-4d53957551c1 7417fff81bb04a87b0eb4bce1cb6fa30 55440a9976b04e058badbec4f0048fc6 - - default default] 10.0.0.152 "GET /v2.0/ports?device_id=d359dddd-20e4-44e8-b455-e69298b5f1db HTTP/1.1" status: 200 len: 1172 time: 0.0489321
2026-04-27 22:10:12.111 10 INFO neutron.api.wsgi [req-67a0660b-d0a2-447b-875e-ee3232c0c359 req-6cdde826-fbab-40f8-aa18-6e69c363fa42 7417fff81bb04a87b0eb4bce1cb6fa30 55440a9976b04e058badbec4f0048fc6 - - default default] 10.0.0.152 "GET /v2.0/security-groups?id=13a28b5f-e315-4b32-8b28-781c08e20d89&fields=id&fields=name HTTP/1.1" status: 200 len: 313 time: 0.0417917
2026-04-27 22:10:13.224 9 INFO neutron.api.wsgi [req-1ec31c8d-a957-49e0-ba01-cd82ad197fa1 req-0a925a49-69f0-49ff-9bab-411ba49336b0 7417fff81bb04a87b0eb4bce1cb6fa30 55440a9976b04e058badbec4f0048fc6 - - default default] 10.0.0.152 "GET /v2.0/ports?device_id=d359dddd-20e4-44e8-b455-e69298b5f1db HTTP/1.1" status: 200 len: 1172 time: 0.0559685
2026-04-27 22:10:13.279 9 INFO neutron.api.wsgi [req-1ec31c8d-a957-49e0-ba01-cd82ad197fa1 req-59c3cd83-358f-48ff-ab16-8b957af40628 7417fff81bb04a87b0eb4bce1cb6fa30 55440a9976b04e058badbec4f0048fc6 - - default default] 10.0.0.152 "GET /v2.0/security-groups?id=13a28b5f-e315-4b32-8b28-781c08e20d89&fields=id&fields=name HTTP/1.1" status: 200 len: 313 time: 0.0476208
2026-04-27 22:10:13.607 10 INFO neutron.services.segments.plugin [-] Segment 7c9b447b-d372-4ead-93d0-270da6b44f18 resource provider aggregate not found
2026-04-27 22:10:13.613 10 INFO neutron.services.segments.plugin [-] Segment 7c9b447b-d372-4ead-93d0-270da6b44f18 resource provider aggregate not found
2026-04-27 22:10:13.620 10 INFO neutron.services.segments.plugin [-] Segment 7c9b447b-d372-4ead-93d0-270da6b44f18 resource provider not found; error: Placement Client Error (4xx): {"errors": [{"status": 404, "title": "Not Found", "detail": "The resource could not be found.\n\n No resource provider with uuid 7c9b447b-d372-4ead-93d0-270da6b44f18 found for delete ", "request_id": "req-b834d02d-c2c5-4632-91c3-6bf27f4200dd"}]}
2026-04-27 22:10:13.631 10 INFO neutron.services.segments.plugin [-] Segment 7c9b447b-d372-4ead-93d0-270da6b44f18 resource provider not found; error: Placement Client Error (4xx): {"errors": [{"status": 404, "title": "Not Found", "detail": "The resource could not be found.\n\n No resource provider with uuid 7c9b447b-d372-4ead-93d0-270da6b44f18 found for delete ", "request_id": "req-283559f2-3fe9-4799-a9c0-63e677bdb3a5"}]}
2026-04-27 22:10:13.672 10 INFO neutron.api.wsgi [None req-9f77f41f-3a54-4704-811f-2971eb1bf22d 771b168641454dc69f73a794fe3a2f01 5408a46d82f5435dbb1a65db9419a3cc - - default default] 10.0.0.231 "DELETE /v2.0/vpn/vpnservices/df7ab1a7-12b9-4a33-babf-e46aff21fe23 HTTP/1.1" status: 204 len: 168 time: 2.2124922 /var/lib/openstack/lib/python3.12/site-packages/pycadf/identifier.py:71: UserWarning: Invalid uuid: neutron. To ensure interoperability, identifiers should be a valid uuid. warnings.warn(('Invalid uuid: %s. To ensure interoperability, '
2026-04-27 22:10:13.683 10 WARNING neutron_lib.context [None req-efad1953-188e-4058-93cc-c58dea455345 5eda95fa0c67444e8c5c75eb0ee24fcf bdce58bea17e49e39d54d0e80275505e - - default default] Method 'is_advsvc' is deprecated since 2023.2 release (neutron-lib 3.8.0) and will be removed once support for the old RBAC API policies will be removed from Neutron. Please use method 'is_service_role' instead.
2026-04-27 22:10:13.737 10 INFO neutron.api.wsgi [None req-efad1953-188e-4058-93cc-c58dea455345 5eda95fa0c67444e8c5c75eb0ee24fcf bdce58bea17e49e39d54d0e80275505e - - default default] 10.0.0.231 "POST /v2.0/vpn/endpoint-groups HTTP/1.1" status: 201 len: 499 time: 0.0586233
2026-04-27 22:10:13.749 10 WARNING neutron_lib.context [None req-a5020794-9ed8-45a6-8d96-51bb1ae5601c 5eda95fa0c67444e8c5c75eb0ee24fcf bdce58bea17e49e39d54d0e80275505e - - default default] Method 'is_advsvc' is deprecated since 2023.2 release (neutron-lib 3.8.0) and will be removed once support for the old RBAC API policies will be removed from Neutron. Please use method 'is_service_role' instead.
2026-04-27 22:10:13.812 10 INFO neutron.api.wsgi [None req-a5020794-9ed8-45a6-8d96-51bb1ae5601c 5eda95fa0c67444e8c5c75eb0ee24fcf bdce58bea17e49e39d54d0e80275505e - - default default] 10.0.0.231 "POST /v2.0/vpn/endpoint-groups HTTP/1.1" status: 201 len: 493 time: 0.0672212
2026-04-27 22:10:13.821 10 WARNING neutron.api.v2.base [None req-e7b21838-3adc-42b2-9406-4ff167748e57 5eda95fa0c67444e8c5c75eb0ee24fcf bdce58bea17e49e39d54d0e80275505e - - default default] An exception happened while processing the request body. The exception message is [Unrecognized attribute(s) 'peer_cidr'].: webob.exc.HTTPBadRequest: Unrecognized attribute(s) 'peer_cidr'
2026-04-27 22:10:13.822 10 INFO neutron.api.v2.resource [None req-e7b21838-3adc-42b2-9406-4ff167748e57 5eda95fa0c67444e8c5c75eb0ee24fcf bdce58bea17e49e39d54d0e80275505e - - default default] create failed (client error): Unrecognized attribute(s) 'peer_cidr'
2026-04-27 22:10:13.823 10 INFO neutron.api.wsgi [None req-e7b21838-3adc-42b2-9406-4ff167748e57 5eda95fa0c67444e8c5c75eb0ee24fcf bdce58bea17e49e39d54d0e80275505e - - default default] 10.0.0.231 "POST /v2.0/vpn/ipsec-site-connections HTTP/1.1" status: 400 len: 313 time: 0.0060742
2026-04-27 22:10:13.838 10 INFO neutron.api.wsgi [None req-fe55077f-b591-4e21-8c4b-fc668810b450 5eda95fa0c67444e8c5c75eb0ee24fcf bdce58bea17e49e39d54d0e80275505e - - default default] 10.0.0.231 "GET /v2.0/vpn/endpoint-groups HTTP/1.1" status: 200 len: 1387 time: 0.0109377
2026-04-27 22:10:13.886 10 INFO neutron.api.wsgi [None req-115a29c3-27b4-4c52-9d56-790e0a96fcb5 5eda95fa0c67444e8c5c75eb0ee24fcf bdce58bea17e49e39d54d0e80275505e - - default default] 10.0.0.231 "DELETE /v2.0/vpn/endpoint-groups/109868e1-8a93-46ff-8b6d-e6d3c0a1610e HTTP/1.1" status: 204 len: 168 time: 0.0429349
2026-04-27 22:10:13.899 10 INFO neutron.api.wsgi [None req-6c066e1f-4ba4-4a53-9a15-efd247a814ae 5eda95fa0c67444e8c5c75eb0ee24fcf bdce58bea17e49e39d54d0e80275505e - - default default] 10.0.0.231 "GET /v2.0/vpn/endpoint-groups HTTP/1.1" status: 200 len: 1110 time: 0.0097179
2026-04-27 22:10:13.912 10 INFO neutron.api.wsgi [None req-7618a351-f05d-4a7e-980f-651c43cd6f32 5eda95fa0c67444e8c5c75eb0ee24fcf bdce58bea17e49e39d54d0e80275505e - - default default] 10.0.0.231 "GET /v2.0/vpn/endpoint-groups HTTP/1.1" status: 200 len: 1110 time: 0.0085151
2026-04-27 22:10:13.934 10 INFO neutron.api.wsgi [None req-edd27895-b72f-48ed-b016-b43d3c09614e 5eda95fa0c67444e8c5c75eb0ee24fcf bdce58bea17e49e39d54d0e80275505e - - default default] 10.0.0.231 "DELETE /v2.0/vpn/endpoint-groups/9467dee7-d8a8-4eb0-af02-b7af7bd29593 HTTP/1.1" status: 204 len: 168 time: 0.0178649
2026-04-27 22:10:13.969 10 INFO neutron.api.wsgi [None req-a2c5ebdc-592c-4341-8d0e-a9066423b6e9 5eda95fa0c67444e8c5c75eb0ee24fcf bdce58bea17e49e39d54d0e80275505e - - default default] 10.0.0.231 "GET /v2.0/vpn/endpoint-groups HTTP/1.1" status: 200 len: 828 time: 0.0302215
2026-04-27 22:10:14.018 10 WARNING neutron_lib.context [None req-ac8eca05-0ea7-4164-9fb9-ad2fa0ac701e 5eda95fa0c67444e8c5c75eb0ee24fcf bdce58bea17e49e39d54d0e80275505e - - default default] Method 'is_advsvc' is deprecated since 2023.2 release (neutron-lib 3.8.0) and will be removed once support for the old RBAC API policies will be removed from Neutron. Please use method 'is_service_role' instead.
2026-04-27 22:10:14.090 10 INFO neutron.api.wsgi [None req-ac8eca05-0ea7-4164-9fb9-ad2fa0ac701e 5eda95fa0c67444e8c5c75eb0ee24fcf bdce58bea17e49e39d54d0e80275505e - - default default] 10.0.0.231 "POST /v2.0/vpn/endpoint-groups HTTP/1.1" status: 201 len: 501 time: 0.1024959
2026-04-27 22:10:14.099 10 WARNING neutron_lib.context [None req-accd17b5-859f-4f32-b001-b60407feac93 5eda95fa0c67444e8c5c75eb0ee24fcf bdce58bea17e49e39d54d0e80275505e - - default default] Method 'is_advsvc' is deprecated since 2023.2 release (neutron-lib 3.8.0) and will be removed once support for the old RBAC API policies will be removed from Neutron. Please use method 'is_service_role' instead.
2026-04-27 22:10:14.140 10 INFO neutron.api.wsgi [None req-accd17b5-859f-4f32-b001-b60407feac93 5eda95fa0c67444e8c5c75eb0ee24fcf bdce58bea17e49e39d54d0e80275505e - - default default] 10.0.0.231 "POST /v2.0/vpn/endpoint-groups HTTP/1.1" status: 201 len: 493 time: 0.0456746
2026-04-27 22:10:14.165 10 WARNING neutron_lib.context [None req-f24b6b0c-86fc-4608-952a-737bbc9a8d0e 5eda95fa0c67444e8c5c75eb0ee24fcf bdce58bea17e49e39d54d0e80275505e - - default default] Method 'is_advsvc' is deprecated since 2023.2 release (neutron-lib 3.8.0) and will be removed once support for the old RBAC API policies will be removed from Neutron. Please use method 'is_service_role' instead.
2026-04-27 22:10:14.258 10 INFO neutron.api.v2.resource [None req-f24b6b0c-86fc-4608-952a-737bbc9a8d0e 5eda95fa0c67444e8c5c75eb0ee24fcf bdce58bea17e49e39d54d0e80275505e - - default default] create failed (client error): The server could not comply with the request since it is either malformed or otherwise incorrect.
2026-04-27 22:10:14.261 10 INFO neutron.api.wsgi [None req-f24b6b0c-86fc-4608-952a-737bbc9a8d0e 5eda95fa0c67444e8c5c75eb0ee24fcf bdce58bea17e49e39d54d0e80275505e - - default default] 10.0.0.231 "POST /v2.0/vpn/ipsec-site-connections HTTP/1.1" status: 400 len: 373 time: 0.1029615
2026-04-27 22:10:14.280 10 INFO neutron.api.wsgi [None req-59a97415-6de4-4a2b-bff3-4be28cdb2687 5eda95fa0c67444e8c5c75eb0ee24fcf bdce58bea17e49e39d54d0e80275505e - - default default] 10.0.0.231 "GET /v2.0/vpn/endpoint-groups HTTP/1.1" status: 200 len: 1389 time: 0.0145977
2026-04-27 22:10:14.303 10 INFO neutron.api.wsgi [None req-297865d0-7039-4404-8864-3878a8a5dd21 5eda95fa0c67444e8c5c75eb0ee24fcf bdce58bea17e49e39d54d0e80275505e - - default default] 10.0.0.231 "DELETE /v2.0/vpn/endpoint-groups/a962dda2-ec69-457e-9bc7-bd4b48075c38 HTTP/1.1" status: 204 len: 168 time: 0.0197086
2026-04-27 22:10:14.334 10 INFO neutron.api.wsgi [None req-ac97f34f-a47e-49a5-88da-e0522fa38f1a 5eda95fa0c67444e8c5c75eb0ee24fcf bdce58bea17e49e39d54d0e80275505e - - default default] 10.0.0.231 "GET /v2.0/vpn/endpoint-groups HTTP/1.1" status: 200 len: 1112 time: 0.0258594
2026-04-27 22:10:14.351 9 INFO neutron.api.wsgi [None req-b880560a-2c56-4ab2-b9ad-3b18ddb59877 5eda95fa0c67444e8c5c75eb0ee24fcf bdce58bea17e49e39d54d0e80275505e - - default default] 10.0.0.231 "GET /v2.0/vpn/endpoint-groups HTTP/1.1" status: 200 len: 1112 time: 0.0126727
2026-04-27 22:10:14.369 10 INFO neutron.api.wsgi [req-6eca2795-7f6d-47e0-b84a-71c6abcaf103 req-4f5960a9-8990-40af-a651-56dd222ce193 7417fff81bb04a87b0eb4bce1cb6fa30 55440a9976b04e058badbec4f0048fc6 - - default default] 10.0.0.152 "GET /v2.0/ports?device_id=d359dddd-20e4-44e8-b455-e69298b5f1db HTTP/1.1" status: 200 len: 1172 time: 0.0294542
2026-04-27 22:10:14.389 9 INFO neutron.api.wsgi [None req-29623446-90b3-419b-83bf-8a4dd477e031 5eda95fa0c67444e8c5c75eb0ee24fcf bdce58bea17e49e39d54d0e80275505e - - default default] 10.0.0.231 "DELETE /v2.0/vpn/endpoint-groups/d0788b48-09c6-4fba-9c77-48503aa79cbc HTTP/1.1" status: 204 len: 168 time: 0.0320580
2026-04-27 22:10:14.402 10 INFO neutron.api.wsgi [None req-466a01bb-e74d-4a8d-a1f3-64409342c9a2 5eda95fa0c67444e8c5c75eb0ee24fcf bdce58bea17e49e39d54d0e80275505e - - default default] 10.0.0.231 "GET /v2.0/vpn/endpoint-groups HTTP/1.1" status: 200 len: 828 time: 0.0098779
2026-04-27 22:10:14.414 10 INFO neutron.api.wsgi [req-6eca2795-7f6d-47e0-b84a-71c6abcaf103 req-2a50cd0b-06c3-4a9b-98b3-6080d8e74b68 7417fff81bb04a87b0eb4bce1cb6fa30 55440a9976b04e058badbec4f0048fc6 - - default default] 10.0.0.152 "GET /v2.0/security-groups?id=13a28b5f-e315-4b32-8b28-781c08e20d89&fields=id&fields=name HTTP/1.1" status: 200 len: 313 time: 0.0396934
2026-04-27 22:10:14.418 10 WARNING neutron_lib.context [None req-24ed0fcf-8d7f-4120-af2e-6e1ceddc97a6 5eda95fa0c67444e8c5c75eb0ee24fcf bdce58bea17e49e39d54d0e80275505e - - default default] Method 'is_advsvc' is deprecated since 2023.2 release (neutron-lib 3.8.0) and will be removed once support for the old RBAC API policies will be removed from Neutron. Please use method 'is_service_role' instead.
2026-04-27 22:10:14.494 10 INFO neutron.api.wsgi [None req-24ed0fcf-8d7f-4120-af2e-6e1ceddc97a6 5eda95fa0c67444e8c5c75eb0ee24fcf bdce58bea17e49e39d54d0e80275505e - - default default] 10.0.0.231 "POST /v2.0/vpn/endpoint-groups HTTP/1.1" status: 201 len: 501 time: 0.0847158
2026-04-27 22:10:14.503 10 WARNING neutron.api.v2.base [None req-6aa53123-b1d0-4cb9-9fa8-fe81d347a677 5eda95fa0c67444e8c5c75eb0ee24fcf bdce58bea17e49e39d54d0e80275505e - - default default] An exception happened while processing the request body. The exception message is [Failed to parse request. Required attribute 'peer_id' not specified].: webob.exc.HTTPBadRequest: Failed to parse request. Required attribute 'peer_id' not specified
2026-04-27 22:10:14.504 10 INFO neutron.api.v2.resource [None req-6aa53123-b1d0-4cb9-9fa8-fe81d347a677 5eda95fa0c67444e8c5c75eb0ee24fcf bdce58bea17e49e39d54d0e80275505e - - default default] create failed (client error): Failed to parse request. Required attribute 'peer_id' not specified
2026-04-27 22:10:14.505 10 INFO neutron.api.wsgi [None req-6aa53123-b1d0-4cb9-9fa8-fe81d347a677 5eda95fa0c67444e8c5c75eb0ee24fcf bdce58bea17e49e39d54d0e80275505e - - default default] 10.0.0.231 "POST /v2.0/vpn/ipsec-site-connections HTTP/1.1" status: 400 len: 343 time: 0.0057576
2026-04-27 22:10:14.521 10 INFO neutron.api.wsgi [None req-642d3810-fa8d-4fff-9382-d928af8d603c 5eda95fa0c67444e8c5c75eb0ee24fcf bdce58bea17e49e39d54d0e80275505e - - default default] 10.0.0.231 "GET /v2.0/vpn/endpoint-groups HTTP/1.1" status: 200 len: 1112 time: 0.0125129
2026-04-27 22:10:14.555 9 INFO neutron.api.wsgi [None req-432bfba5-5ae5-4d8a-ba3e-acf10ff2546c 5eda95fa0c67444e8c5c75eb0ee24fcf bdce58bea17e49e39d54d0e80275505e - - default default] 10.0.0.231 "DELETE /v2.0/vpn/endpoint-groups/97d3bec9-c4fd-4e1e-8e42-42d785249ac2 HTTP/1.1" status: 204 len: 168 time: 0.0291116
2026-04-27 22:10:14.570 9 INFO neutron.api.wsgi [None req-fef60d18-2c8a-4186-b72c-5543c4fa342c 5eda95fa0c67444e8c5c75eb0ee24fcf bdce58bea17e49e39d54d0e80275505e - - default default] 10.0.0.231 "GET /v2.0/vpn/endpoint-groups HTTP/1.1" status: 200 len: 828 time: 0.0091300
2026-04-27 22:10:14.576 9 WARNING neutron_lib.context [None req-6dad06c0-1e76-4a1e-acb6-292d44f722ea 5eda95fa0c67444e8c5c75eb0ee24fcf bdce58bea17e49e39d54d0e80275505e - - default default] Method 'is_advsvc' is deprecated since 2023.2 release (neutron-lib 3.8.0) and will be removed once support for the old RBAC API policies will be removed from Neutron. Please use method 'is_service_role' instead.
2026-04-27 22:10:14.616 10 WARNING neutron.plugins.ml2.drivers.ovn.mech_driver.ovsdb.ovn_client [None req-d68a7f96-ba7e-4386-aa55-61c3a1097451 - - - - - -] No port found with ID c825fdc1-4629-43ad-8dea-96f36d8a061e: RuntimeError: No port found with ID c825fdc1-4629-43ad-8dea-96f36d8a061e
2026-04-27 22:10:14.624 9 INFO neutron.api.wsgi [None req-6dad06c0-1e76-4a1e-acb6-292d44f722ea 5eda95fa0c67444e8c5c75eb0ee24fcf bdce58bea17e49e39d54d0e80275505e - - default default] 10.0.0.231 "POST /v2.0/vpn/endpoint-groups HTTP/1.1" status: 201 len: 493 time: 0.0502667
2026-04-27 22:10:14.634 10 WARNING neutron.api.v2.base [None req-464f4be4-580e-471a-94bb-c245601aca5c 5eda95fa0c67444e8c5c75eb0ee24fcf bdce58bea17e49e39d54d0e80275505e - - default default] An exception happened while processing the request body. The exception message is [Failed to parse request. Required attribute 'peer_id' not specified].: webob.exc.HTTPBadRequest: Failed to parse request. Required attribute 'peer_id' not specified
2026-04-27 22:10:14.635 10 INFO neutron.api.v2.resource [None req-464f4be4-580e-471a-94bb-c245601aca5c 5eda95fa0c67444e8c5c75eb0ee24fcf bdce58bea17e49e39d54d0e80275505e - - default default] create failed (client error): Failed to parse request. Required attribute 'peer_id' not specified
2026-04-27 22:10:14.636 10 INFO neutron.api.wsgi [None req-464f4be4-580e-471a-94bb-c245601aca5c 5eda95fa0c67444e8c5c75eb0ee24fcf bdce58bea17e49e39d54d0e80275505e - - default default] 10.0.0.231 "POST /v2.0/vpn/ipsec-site-connections HTTP/1.1" status: 400 len: 343 time: 0.0066495
2026-04-27 22:10:14.649 10 INFO neutron.api.wsgi [None req-92f3c300-de39-40e9-be94-dddd45a2bec6 5eda95fa0c67444e8c5c75eb0ee24fcf bdce58bea17e49e39d54d0e80275505e - - default default] 10.0.0.231 "GET /v2.0/vpn/endpoint-groups HTTP/1.1" status: 200 len: 1104 time: 0.0090954
2026-04-27 22:10:14.673 10 INFO neutron.api.wsgi [None req-b39459c1-1379-45e5-b011-b52a110b1c54 5eda95fa0c67444e8c5c75eb0ee24fcf bdce58bea17e49e39d54d0e80275505e - - default default] 10.0.0.231 "DELETE /v2.0/vpn/endpoint-groups/b450f76c-c055-4efd-8b73-920e0c0d98f9 HTTP/1.1" status: 204 len: 168 time: 0.0208898
2026-04-27 22:10:14.686 10 INFO neutron.api.wsgi [None req-4acc1554-a0cd-4043-b88f-03f8dddcbb7d 5eda95fa0c67444e8c5c75eb0ee24fcf bdce58bea17e49e39d54d0e80275505e - - default default] 10.0.0.231 "GET /v2.0/vpn/endpoint-groups HTTP/1.1" status: 200 len: 828 time: 0.0081551
2026-04-27 22:10:14.694 10 WARNING neutron_lib.context [None req-ce02c609-1b01-4979-9657-d89f238564bf 5eda95fa0c67444e8c5c75eb0ee24fcf bdce58bea17e49e39d54d0e80275505e - - default default] Method 'is_advsvc' is deprecated since 2023.2 release (neutron-lib 3.8.0) and will be removed once support for the old RBAC API policies will be removed from Neutron. Please use method 'is_service_role' instead.
2026-04-27 22:10:14.725 10 INFO neutron.api.wsgi [None req-ce02c609-1b01-4979-9657-d89f238564bf 5eda95fa0c67444e8c5c75eb0ee24fcf bdce58bea17e49e39d54d0e80275505e - - default default] 10.0.0.231 "POST /v2.0/vpn/endpoint-groups HTTP/1.1" status: 201 len: 488 time: 0.0346935
2026-04-27 22:10:14.734 10 WARNING neutron_lib.context [None req-7ca34a19-4fd8-43f2-95c0-a8115f7809cd 5eda95fa0c67444e8c5c75eb0ee24fcf bdce58bea17e49e39d54d0e80275505e - - default default] Method 'is_advsvc' is deprecated since 2023.2 release (neutron-lib 3.8.0) and will be removed once support for the old RBAC API policies will be removed from Neutron. Please use method 'is_service_role' instead.
2026-04-27 22:10:14.776 10 INFO neutron.api.wsgi [None req-7ca34a19-4fd8-43f2-95c0-a8115f7809cd 5eda95fa0c67444e8c5c75eb0ee24fcf bdce58bea17e49e39d54d0e80275505e - - default default] 10.0.0.231 "POST /v2.0/vpn/endpoint-groups HTTP/1.1" status: 201 len: 500 time: 0.0453203
2026-04-27 22:10:14.783 10 WARNING neutron_lib.context [None req-4b290973-aecb-4bb2-9341-5227044038a6 5eda95fa0c67444e8c5c75eb0ee24fcf bdce58bea17e49e39d54d0e80275505e - - default default] Method 'is_advsvc' is deprecated since 2023.2 release (neutron-lib 3.8.0) and will be removed once support for the old RBAC API policies will be removed from Neutron. Please use method 'is_service_role' instead.
2026-04-27 22:10:15.382 10 INFO neutron.db.ovn_revision_numbers_db [None req-4b290973-aecb-4bb2-9341-5227044038a6 5eda95fa0c67444e8c5c75eb0ee24fcf bdce58bea17e49e39d54d0e80275505e - - default default] Successfully bumped revision number for resource 0709186f-54e3-48da-9b0a-5bfabf60737e (type: routers) to 6
2026-04-27 22:10:15.408 10 INFO neutron.api.wsgi [None req-4b290973-aecb-4bb2-9341-5227044038a6 5eda95fa0c67444e8c5c75eb0ee24fcf bdce58bea17e49e39d54d0e80275505e - - default default] 10.0.0.231 "POST /v2.0/vpn/ipsec-site-connections HTTP/1.1" status: 201 len: 1044 time: 0.6285620
2026-04-27 22:10:15.510 9 INFO neutron.api.wsgi [req-534d921b-67fc-4ab3-abd4-35e906a9bbf7 req-d42e692f-dfd9-48bc-9d3c-a347abcc6b06 7417fff81bb04a87b0eb4bce1cb6fa30 55440a9976b04e058badbec4f0048fc6 - - default default] 10.0.0.152 "GET /v2.0/ports?device_id=d359dddd-20e4-44e8-b455-e69298b5f1db HTTP/1.1" status: 200 len: 1172 time: 0.0354233
2026-04-27 22:10:15.549 9 INFO neutron.api.wsgi [req-534d921b-67fc-4ab3-abd4-35e906a9bbf7 req-bdaab116-d45e-403c-b34d-a0979abeb871 7417fff81bb04a87b0eb4bce1cb6fa30 55440a9976b04e058badbec4f0048fc6 - - default default] 10.0.0.152 "GET /v2.0/security-groups?id=13a28b5f-e315-4b32-8b28-781c08e20d89&fields=id&fields=name HTTP/1.1" status: 200 len: 313 time: 0.0329714
2026-04-27 22:10:16.272 9 WARNING neutron.plugins.ml2.drivers.ovn.mech_driver.ovsdb.ovn_client [None req-d28f19bb-3ee5-407f-ac6f-2c858136302e - - - - - -] No hosting information found for port c9757f2e-d459-480c-8692-f3f53ba270d4: RuntimeError: No hosting information found for port c9757f2e-d459-480c-8692-f3f53ba270d4
2026-04-27 22:10:16.273 9 INFO neutron.plugins.ml2.drivers.ovn.mech_driver.mech_driver [None req-d28f19bb-3ee5-407f-ac6f-2c858136302e - - - - - -] OVN reports status up for port: a6376901-5563-49fc-9315-d0d546bb6513
2026-04-27 22:10:16.282 9 INFO neutron.plugins.ml2.plugin [None req-d28f19bb-3ee5-407f-ac6f-2c858136302e - - - - - -] Attempt 1 to provision port a6376901-5563-49fc-9315-d0d546bb6513
2026-04-27 22:10:16.289 10 INFO neutron.db.ovn_revision_numbers_db [None req-d887a4fd-e940-46c0-b0f0-811963fb1cfe 5eda95fa0c67444e8c5c75eb0ee24fcf bdce58bea17e49e39d54d0e80275505e - - default default] Successfully bumped revision number for resource 0709186f-54e3-48da-9b0a-5bfabf60737e (type: routers) to 7
2026-04-27 22:10:16.306 10 INFO neutron.api.wsgi [None req-d887a4fd-e940-46c0-b0f0-811963fb1cfe 5eda95fa0c67444e8c5c75eb0ee24fcf bdce58bea17e49e39d54d0e80275505e - - default default] 10.0.0.231 "DELETE /v2.0/vpn/ipsec-site-connections/66c448bc-ece8-4c95-ac32-d8aca497806f HTTP/1.1" status: 204 len: 168 time: 0.8921921
2026-04-27 22:10:16.334 10 INFO neutron.api.wsgi [None req-6d65ebc6-03d2-4252-9e5a-af28f533811f 5eda95fa0c67444e8c5c75eb0ee24fcf bdce58bea17e49e39d54d0e80275505e - - default default] 10.0.0.231 "GET /v2.0/vpn/ipsec-site-connections HTTP/1.1" status: 200 len: 990 time: 0.0196862
2026-04-27 22:10:16.352 10 INFO neutron.api.v2.resource [None req-7966f007-b37d-4f8d-b5f2-c70e5d412040 5eda95fa0c67444e8c5c75eb0ee24fcf bdce58bea17e49e39d54d0e80275505e - - default default] delete failed (client error): The resource could not be found.
2026-04-27 22:10:16.352 10 INFO neutron.api.wsgi [None req-7966f007-b37d-4f8d-b5f2-c70e5d412040 5eda95fa0c67444e8c5c75eb0ee24fcf bdce58bea17e49e39d54d0e80275505e - - default default] 10.0.0.231 "DELETE /v2.0/vpn/ipsec-site-connections/66c448bc-ece8-4c95-ac32-d8aca497806f HTTP/1.1" status: 404 len: 355 time: 0.0092814
2026-04-27 22:10:16.364 10 INFO neutron.api.wsgi [None req-ed98c274-4e43-47fb-b836-ef0eb5afd37f 5eda95fa0c67444e8c5c75eb0ee24fcf bdce58bea17e49e39d54d0e80275505e - - default default] 10.0.0.231 "GET /v2.0/vpn/endpoint-groups HTTP/1.1" status: 200 len: 1383 time: 0.0075362
2026-04-27 22:10:16.391 10 INFO neutron.api.wsgi [None req-f92bc45e-90f1-4bd0-97ab-6d59898e41f2 5eda95fa0c67444e8c5c75eb0ee24fcf bdce58bea17e49e39d54d0e80275505e - - default default] 10.0.0.231 "DELETE /v2.0/vpn/endpoint-groups/922d74a2-c7c0-4cba-ab32-dc6d206911f5 HTTP/1.1" status: 204 len: 168 time: 0.0246797
2026-04-27 22:10:16.408 10 INFO neutron.api.wsgi [None req-cb0bfe8c-1af4-41d2-9cab-148005bb13c9 5eda95fa0c67444e8c5c75eb0ee24fcf bdce58bea17e49e39d54d0e80275505e - - default default] 10.0.0.231 "GET /v2.0/vpn/endpoint-groups HTTP/1.1" status: 200 len: 1099 time: 0.0089238
2026-04-27 22:10:16.423 10 INFO neutron.api.wsgi [None req-24f18828-4767-434f-913d-2d02b54bcd5c 5eda95fa0c67444e8c5c75eb0ee24fcf bdce58bea17e49e39d54d0e80275505e - - default default] 10.0.0.231 "GET /v2.0/vpn/endpoint-groups HTTP/1.1" status: 200 len: 1099 time: 0.0079477
2026-04-27 22:10:16.431 9 INFO neutron.notifiers.nova [-] Nova event matching ['req-928bffe0-18df-4541-bac2-c16701a6c448'] response: {'server_uuid': 'd359dddd-20e4-44e8-b455-e69298b5f1db', 'name': 'network-vif-plugged', 'status': 'completed', 'tag': 'a6376901-5563-49fc-9315-d0d546bb6513', 'code': 200}
2026-04-27 22:10:16.462 9 INFO neutron.api.wsgi [None req-3b980bf7-0670-4b6a-b7d8-c0ed980bdbe4 5eda95fa0c67444e8c5c75eb0ee24fcf bdce58bea17e49e39d54d0e80275505e - - default default] 10.0.0.231 "DELETE /v2.0/vpn/endpoint-groups/69c0a2ab-3de5-42fe-bf47-db5f45e8e87d HTTP/1.1" status: 204 len: 168 time: 0.0303528
2026-04-27 22:10:16.502 10 INFO neutron.api.wsgi [None req-4128e264-6c87-42ef-87ed-a5643fe6d1aa 5eda95fa0c67444e8c5c75eb0ee24fcf bdce58bea17e49e39d54d0e80275505e - - default default] 10.0.0.231 "GET /v2.0/vpn/endpoint-groups HTTP/1.1" status: 200 len: 828 time: 0.0296993
2026-04-27 22:10:16.511 10 WARNING neutron_lib.context [None req-076dc810-a8da-40b0-81b4-19b1251749a0 5eda95fa0c67444e8c5c75eb0ee24fcf bdce58bea17e49e39d54d0e80275505e - - default default] Method 'is_advsvc' is deprecated since 2023.2 release (neutron-lib 3.8.0) and will be removed once support for the old RBAC API policies will be removed from Neutron. Please use method 'is_service_role' instead.
2026-04-27 22:10:16.586 9 INFO neutron.db.ovn_revision_numbers_db [None req-d28f19bb-3ee5-407f-ac6f-2c858136302e - - - - - -] Successfully bumped revision number for resource a6376901-5563-49fc-9315-d0d546bb6513 (type: ports) to 5 /var/lib/openstack/lib/python3.12/site-packages/pycadf/identifier.py:71: UserWarning: Invalid uuid: neutron. To ensure interoperability, identifiers should be a valid uuid. warnings.warn(('Invalid uuid: %s. To ensure interoperability, '
2026-04-27 22:10:16.736 9 INFO neutron.api.wsgi [req-a9466236-f8a6-4693-9da1-2ac8027ee5f7 req-60e1d9b4-01d6-48cd-aa98-d2c17243a1f1 7417fff81bb04a87b0eb4bce1cb6fa30 55440a9976b04e058badbec4f0048fc6 - - default default] 10.0.0.152 "GET /v2.0/ports?device_id=d359dddd-20e4-44e8-b455-e69298b5f1db HTTP/1.1" status: 200 len: 1174 time: 0.1158760
2026-04-27 22:10:16.775 9 INFO neutron.db.ovn_revision_numbers_db [None req-c9cdb8ae-80a6-4738-b0d9-9b383c168129 - - - - - -] Successfully bumped revision number for resource c9757f2e-d459-480c-8692-f3f53ba270d4 (type: router_ports) to 2
2026-04-27 22:10:16.790 9 INFO neutron.api.wsgi [req-a9466236-f8a6-4693-9da1-2ac8027ee5f7 req-2d13ffb4-bafc-42ba-a0be-5ac92082343f 7417fff81bb04a87b0eb4bce1cb6fa30 55440a9976b04e058badbec4f0048fc6 - - default default] 10.0.0.152 "GET /v2.0/security-groups?id=13a28b5f-e315-4b32-8b28-781c08e20d89&fields=id&fields=name HTTP/1.1" status: 200 len: 313 time: 0.0434291
2026-04-27 22:10:17.098 10 INFO neutron.db.ovn_revision_numbers_db [None req-076dc810-a8da-40b0-81b4-19b1251749a0 5eda95fa0c67444e8c5c75eb0ee24fcf bdce58bea17e49e39d54d0e80275505e - - default default] Successfully bumped revision number for resource 0709186f-54e3-48da-9b0a-5bfabf60737e (type: routers) to 8
2026-04-27 22:10:17.124 10 INFO neutron.api.wsgi [None req-076dc810-a8da-40b0-81b4-19b1251749a0 5eda95fa0c67444e8c5c75eb0ee24fcf bdce58bea17e49e39d54d0e80275505e - - default default] 10.0.0.231 "POST /v2.0/vpn/ipsec-site-connections HTTP/1.1" status: 201 len: 1004 time: 0.6178703
2026-04-27 22:10:17.563 10 INFO neutron.db.ovn_revision_numbers_db [None req-de8f87a8-d330-448e-931d-e238320c8ea2 5eda95fa0c67444e8c5c75eb0ee24fcf bdce58bea17e49e39d54d0e80275505e - - default default] Successfully bumped revision number for resource 0709186f-54e3-48da-9b0a-5bfabf60737e (type: routers) to 9
2026-04-27 22:10:17.587 10 INFO neutron.api.wsgi [None req-de8f87a8-d330-448e-931d-e238320c8ea2 5eda95fa0c67444e8c5c75eb0ee24fcf bdce58bea17e49e39d54d0e80275505e - - default default] 10.0.0.231 "DELETE /v2.0/vpn/ipsec-site-connections/04c9b0cc-a0cd-4026-92d1-e159d961a836 HTTP/1.1" status: 204 len: 168 time: 0.4551795
2026-04-27 22:10:17.603 10 INFO neutron.api.wsgi [None req-02e03ab2-1045-4556-8b13-9d823a03b7ab 5eda95fa0c67444e8c5c75eb0ee24fcf bdce58bea17e49e39d54d0e80275505e - - default default] 10.0.0.231 "GET /v2.0/vpn/ipsec-site-connections HTTP/1.1" status: 200 len: 990 time: 0.0105755
2026-04-27 22:10:17.613 10 INFO neutron.api.v2.resource [None req-71392463-7e72-445f-9840-bdea6cc0c89f 5eda95fa0c67444e8c5c75eb0ee24fcf bdce58bea17e49e39d54d0e80275505e - - default default] delete failed (client error): The resource could not be found.
2026-04-27 22:10:17.614 10 INFO neutron.api.wsgi [None req-71392463-7e72-445f-9840-bdea6cc0c89f 5eda95fa0c67444e8c5c75eb0ee24fcf bdce58bea17e49e39d54d0e80275505e - - default default] 10.0.0.231 "DELETE /v2.0/vpn/ipsec-site-connections/04c9b0cc-a0cd-4026-92d1-e159d961a836 HTTP/1.1" status: 404 len: 355 time: 0.0074275
2026-04-27 22:10:17.625 10 WARNING neutron_lib.context [None req-6dc4b12a-cc89-426f-b97d-a360942e2624 5eda95fa0c67444e8c5c75eb0ee24fcf bdce58bea17e49e39d54d0e80275505e - - default default] Method 'is_advsvc' is deprecated since 2023.2 release (neutron-lib 3.8.0) and will be removed once support for the old RBAC API policies will be removed from Neutron. Please use method 'is_service_role' instead.
2026-04-27 22:10:17.656 10 INFO neutron.api.wsgi [None req-6dc4b12a-cc89-426f-b97d-a360942e2624 5eda95fa0c67444e8c5c75eb0ee24fcf bdce58bea17e49e39d54d0e80275505e - - default default] 10.0.0.231 "POST /v2.0/vpn/endpoint-groups HTTP/1.1" status: 201 len: 489 time: 0.0347943
2026-04-27 22:10:17.678 10 INFO neutron.api.wsgi [None req-e564979e-8cc2-4325-8d60-7b552e6ce7c0 5eda95fa0c67444e8c5c75eb0ee24fcf bdce58bea17e49e39d54d0e80275505e - - default default] 10.0.0.231 "PUT /v2.0/vpn/endpoint-groups/2275184d-b144-45f4-b008-1f05a78e3814 HTTP/1.1" status: 200 len: 484 time: 0.0161011
2026-04-27 22:10:17.690 10 INFO neutron.api.wsgi [None req-1768187c-3abc-4434-bc53-17ad5cc3c433 5eda95fa0c67444e8c5c75eb0ee24fcf bdce58bea17e49e39d54d0e80275505e - - default default] 10.0.0.231 "GET /v2.0/vpn/endpoint-groups/2275184d-b144-45f4-b008-1f05a78e3814 HTTP/1.1" status: 200 len: 484 time: 0.0081625
2026-04-27 22:10:17.726 10 INFO neutron.api.wsgi [None req-1e421adf-ffee-4275-ab2e-37f1b67f7ec3 5eda95fa0c67444e8c5c75eb0ee24fcf bdce58bea17e49e39d54d0e80275505e - - default default] 10.0.0.231 "DELETE /v2.0/vpn/endpoint-groups/2275184d-b144-45f4-b008-1f05a78e3814 HTTP/1.1" status: 204 len: 168 time: 0.0227380
2026-04-27 22:10:17.740 10 INFO neutron.api.wsgi [None req-49304c9e-9ab2-4816-b605-43b99cb16231 5eda95fa0c67444e8c5c75eb0ee24fcf bdce58bea17e49e39d54d0e80275505e - - default default] 10.0.0.231 "GET /v2.0/vpn/endpoint-groups HTTP/1.1" status: 200 len: 828 time: 0.0098674
2026-04-27 22:10:17.751 10 INFO neutron.api.wsgi [None req-3beafbd2-567c-409e-8f57-e303be1aaff3 5eda95fa0c67444e8c5c75eb0ee24fcf bdce58bea17e49e39d54d0e80275505e - - default default] 10.0.0.231 "GET /v2.0/vpn/endpoint-groups HTTP/1.1" status: 200 len: 828 time: 0.0082505
2026-04-27 22:10:17.761 10 WARNING neutron_lib.context [None req-36cf9bec-d76d-410d-8000-3881c570586d 5eda95fa0c67444e8c5c75eb0ee24fcf bdce58bea17e49e39d54d0e80275505e - - default default] Method 'is_advsvc' is deprecated since 2023.2 release (neutron-lib 3.8.0) and will be removed once support for the old RBAC API policies will be removed from Neutron. Please use method 'is_service_role' instead.
2026-04-27 22:10:17.792 10 INFO neutron.api.wsgi [None req-36cf9bec-d76d-410d-8000-3881c570586d 5eda95fa0c67444e8c5c75eb0ee24fcf bdce58bea17e49e39d54d0e80275505e - - default default] 10.0.0.231 "POST /v2.0/vpn/ikepolicies HTTP/1.1" status: 201 len: 602 time: 0.0341842
2026-04-27 22:10:17.819 10 INFO neutron.api.wsgi [None req-ef9936d7-edb8-41c9-b185-698374992cdb 5eda95fa0c67444e8c5c75eb0ee24fcf bdce58bea17e49e39d54d0e80275505e - - default default] 10.0.0.231 "PUT /v2.0/vpn/ikepolicies/638619a0-76d2-43db-aa05-962ed260f04f HTTP/1.1" status: 200 len: 613 time: 0.0217540
2026-04-27 22:10:17.831 10 INFO neutron.api.wsgi [None req-6b9c0476-dc71-4137-9f16-3dbdf6d14678 5eda95fa0c67444e8c5c75eb0ee24fcf bdce58bea17e49e39d54d0e80275505e - - default default] 10.0.0.231 "GET /v2.0/vpn/ikepolicies/638619a0-76d2-43db-aa05-962ed260f04f HTTP/1.1" status: 200 len: 613 time: 0.0076866
2026-04-27 22:10:17.858 10 INFO neutron.api.wsgi [None req-66d2ab6c-56bc-4eb0-b7e8-5c3c9229d940 5eda95fa0c67444e8c5c75eb0ee24fcf bdce58bea17e49e39d54d0e80275505e - - default default] 10.0.0.231 "DELETE /v2.0/vpn/ikepolicies/638619a0-76d2-43db-aa05-962ed260f04f HTTP/1.1" status: 204 len: 168 time: 0.0246029
2026-04-27 22:10:17.872 10 INFO neutron.api.wsgi [None req-2e9fdb34-03db-45d7-bc8c-91679f7292f5 5eda95fa0c67444e8c5c75eb0ee24fcf bdce58bea17e49e39d54d0e80275505e - - default default] 10.0.0.231 "GET /v2.0/vpn/ikepolicies HTTP/1.1" status: 200 len: 601 time: 0.0079627
2026-04-27 22:10:17.888 10 INFO neutron.api.wsgi [None req-b3e7134b-f344-4cd2-8b9a-b579a92a98c2 5eda95fa0c67444e8c5c75eb0ee24fcf bdce58bea17e49e39d54d0e80275505e - - default default] 10.0.0.231 "GET /v2.0/vpn/ikepolicies HTTP/1.1" status: 200 len: 601 time: 0.0096822
