2026-04-27 21:57:38.570 9 INFO neutron.api.wsgi [-] 10.0.0.204 "GET / HTTP/1.1" status: 200 len: 247 time: 0.0027034
2026-04-27 21:57:38.570 10 INFO neutron.api.wsgi [-] 10.0.0.204 "GET / HTTP/1.1" status: 200 len: 247 time: 0.0026889
2026-04-27 21:57:53.570 9 INFO neutron.api.wsgi [-] 10.0.0.204 "GET / HTTP/1.1" status: 200 len: 247 time: 0.0023904
2026-04-27 21:57:53.571 10 INFO neutron.api.wsgi [-] 10.0.0.204 "GET / HTTP/1.1" status: 200 len: 247 time: 0.0033648
2026-04-27 21:58:08.568 9 INFO neutron.api.wsgi [-] 10.0.0.204 "GET / HTTP/1.1" status: 200 len: 247 time: 0.0017717
2026-04-27 21:58:08.570 10 INFO neutron.api.wsgi [-] 10.0.0.204 "GET / HTTP/1.1" status: 200 len: 247 time: 0.0036616
2026-04-27 21:58:23.570 9 INFO neutron.api.wsgi [-] 10.0.0.204 "GET / HTTP/1.1" status: 200 len: 247 time: 0.0032182
2026-04-27 21:58:23.573 9 INFO neutron.api.wsgi [-] 10.0.0.204 "GET / HTTP/1.1" status: 200 len: 247 time: 0.0020971
2026-04-27 21:58:35.243 10 INFO neutron.api.wsgi [None req-9a48a23c-5682-4482-aba3-8a7185f3e1dd 0e82c857992b4ddbbaa44f82f57fcdc2 badff1a3a23c4e018c4d54c3adf2dcc1 - - default default] 10.0.0.122 "GET /v2.0/floatingips HTTP/1.1" status: 200 len: 193 time: 0.0614195
2026-04-27 21:58:35.272 10 INFO neutron.api.wsgi [None req-fdf320f4-44fc-44f9-be5f-9c894ce7a1f2 0e82c857992b4ddbbaa44f82f57fcdc2 badff1a3a23c4e018c4d54c3adf2dcc1 - - default default] 10.0.0.122 "GET /v2.0/subnets HTTP/1.1" status: 200 len: 1484 time: 0.0277884
2026-04-27 21:58:35.298 10 INFO neutron.api.wsgi [None req-ce11cb24-e3c1-45c1-a969-bc73b52686d4 0e82c857992b4ddbbaa44f82f57fcdc2 badff1a3a23c4e018c4d54c3adf2dcc1 - - default default] 10.0.0.122 "GET /v2.0/subnets HTTP/1.1" status: 200 len: 1484 time: 0.0241616
2026-04-27 21:58:35.306 10 INFO neutron.api.wsgi [None req-1c9543b5-4cec-490f-b3fc-17425f59c4f0 0e82c857992b4ddbbaa44f82f57fcdc2 badff1a3a23c4e018c4d54c3adf2dcc1 - - default default] 10.0.0.122 "GET /v2.0/subnetpools HTTP/1.1" status: 200 len: 193 time: 0.0071962
2026-04-27 21:58:35.346 10 INFO neutron.api.wsgi [None req-7030cb93-39f4-4b37-b17a-571aa551f05c 0e82c857992b4ddbbaa44f82f57fcdc2 badff1a3a23c4e018c4d54c3adf2dcc1 - - default default] 10.0.0.122 "GET /v2.0/ports HTTP/1.1" status: 200 len: 5351 time: 0.0393915
2026-04-27 21:58:35.372 10 INFO neutron.api.wsgi [None req-e41a0e7c-a070-4669-8dc2-6499adafb0de 0e82c857992b4ddbbaa44f82f57fcdc2 badff1a3a23c4e018c4d54c3adf2dcc1 - - default default] 10.0.0.122 "GET /v2.0/agents HTTP/1.1" status: 200 len: 1390 time: 0.0223439
2026-04-27 21:58:35.405 10 INFO neutron.api.wsgi [None req-382a9a9f-e602-4399-aeb0-ac93f2e45072 0e82c857992b4ddbbaa44f82f57fcdc2 badff1a3a23c4e018c4d54c3adf2dcc1 - - default default] 10.0.0.122 "GET /v2.0/security-groups HTTP/1.1" status: 200 len: 17578 time: 0.0311587
2026-04-27 21:58:35.422 10 INFO neutron.api.wsgi [None req-bd90090e-e51e-4153-a714-ee9f466de9bc 0e82c857992b4ddbbaa44f82f57fcdc2 badff1a3a23c4e018c4d54c3adf2dcc1 - - default default] 10.0.0.122 "GET /v2.0/routers HTTP/1.1" status: 200 len: 189 time: 0.0123806
2026-04-27 21:58:35.430 10 INFO neutron.api.wsgi [None req-24990b30-0342-49c5-95d2-4965d72154cb 0e82c857992b4ddbbaa44f82f57fcdc2 badff1a3a23c4e018c4d54c3adf2dcc1 - - default default] 10.0.0.122 "GET /v2.0/agents?binary=ovn-controller HTTP/1.1" status: 200 len: 591 time: 0.0074441
2026-04-27 21:58:35.439 10 INFO neutron.api.wsgi [None req-2168f8f1-af26-426d-ae24-b8a73b43da63 0e82c857992b4ddbbaa44f82f57fcdc2 badff1a3a23c4e018c4d54c3adf2dcc1 - - default default] 10.0.0.122 "GET /v2.0/network-ip-availabilities HTTP/1.1" status: 200 len: 1280 time: 0.0080314
2026-04-27 21:58:35.488 10 INFO neutron.api.wsgi [None req-d26ea61c-cc59-4c28-98c4-bed8d7c5911e 0e82c857992b4ddbbaa44f82f57fcdc2 badff1a3a23c4e018c4d54c3adf2dcc1 - - default default] 10.0.0.122 "GET /v2.0/networks HTTP/1.1" status: 200 len: 2350 time: 0.0479748
2026-04-27 21:58:38.570 9 INFO neutron.api.wsgi [-] 10.0.0.204 "GET / HTTP/1.1" status: 200 len: 247 time: 0.0019150
2026-04-27 21:58:38.570 10 INFO neutron.api.wsgi [-] 10.0.0.204 "GET / HTTP/1.1" status: 200 len: 247 time: 0.0027668
2026-04-27 21:58:53.569 10 INFO neutron.api.wsgi [-] 10.0.0.204 "GET / HTTP/1.1" status: 200 len: 247 time: 0.0027587
2026-04-27 21:58:53.571 9 INFO neutron.api.wsgi [-] 10.0.0.204 "GET / HTTP/1.1" status: 200 len: 247 time: 0.0035946
2026-04-27 21:59:08.574 10 INFO neutron.api.wsgi [-] 10.0.0.204 "GET / HTTP/1.1" status: 200 len: 247 time: 0.0062232
2026-04-27 21:59:08.577 10 INFO neutron.api.wsgi [-] 10.0.0.204 "GET / HTTP/1.1" status: 200 len: 247 time: 0.0016730
2026-04-27 21:59:23.570 9 INFO neutron.api.wsgi [-] 10.0.0.204 "GET / HTTP/1.1" status: 200 len: 247 time: 0.0027895
2026-04-27 21:59:23.571 10 INFO neutron.api.wsgi [-] 10.0.0.204 "GET / HTTP/1.1" status: 200 len: 247 time: 0.0038664
2026-04-27 21:59:35.268 10 INFO neutron.api.wsgi [None req-95adbcc0-c8f6-448c-9956-700e0cdbbeeb 0e82c857992b4ddbbaa44f82f57fcdc2 badff1a3a23c4e018c4d54c3adf2dcc1 - - default default] 10.0.0.122 "GET /v2.0/floatingips HTTP/1.1" status: 200 len: 193 time: 0.0646462
2026-04-27 21:59:35.324 10 INFO neutron.api.wsgi [None req-72bf3c4e-467c-488a-80e0-6dccdc022860 0e82c857992b4ddbbaa44f82f57fcdc2 badff1a3a23c4e018c4d54c3adf2dcc1 - - default default] 10.0.0.122 "GET /v2.0/networks HTTP/1.1" status: 200 len: 2350 time: 0.0549617
2026-04-27 21:59:35.353 10 INFO neutron.api.wsgi [None req-7ba4ddb2-2da8-46c8-9ba5-4765114f0822 0e82c857992b4ddbbaa44f82f57fcdc2 badff1a3a23c4e018c4d54c3adf2dcc1 - - default default] 10.0.0.122 "GET /v2.0/subnets HTTP/1.1" status: 200 len: 1484 time: 0.0265210
2026-04-27 21:59:35.377 10 INFO neutron.api.wsgi [None req-f0914aa7-a164-4bdb-85f3-0f79d8a31060 0e82c857992b4ddbbaa44f82f57fcdc2 badff1a3a23c4e018c4d54c3adf2dcc1 - - default default] 10.0.0.122 "GET /v2.0/subnets HTTP/1.1" status: 200 len: 1484 time: 0.0223539
2026-04-27 21:59:35.384 10 INFO neutron.api.wsgi [None req-a3210bdc-a847-4224-99c0-18cc27952ece 0e82c857992b4ddbbaa44f82f57fcdc2 badff1a3a23c4e018c4d54c3adf2dcc1 - - default default] 10.0.0.122 "GET /v2.0/subnetpools HTTP/1.1" status: 200 len: 193 time: 0.0060029
2026-04-27 21:59:35.419 10 INFO neutron.api.wsgi [None req-d75c36f7-bcfc-44d5-8f02-04de3aa995df 0e82c857992b4ddbbaa44f82f57fcdc2 badff1a3a23c4e018c4d54c3adf2dcc1 - - default default] 10.0.0.122 "GET /v2.0/security-groups HTTP/1.1" status: 200 len: 17578 time: 0.0338256
2026-04-27 21:59:35.470 10 INFO neutron.api.wsgi [None req-7238deae-0ece-42f7-aa24-c9b5207c089c 0e82c857992b4ddbbaa44f82f57fcdc2 badff1a3a23c4e018c4d54c3adf2dcc1 - - default default] 10.0.0.122 "GET /v2.0/ports HTTP/1.1" status: 200 len: 5351 time: 0.0433981
2026-04-27 21:59:35.495 10 INFO neutron.api.wsgi [None req-7c146ad4-424c-4045-9f0b-e3fee92a3162 0e82c857992b4ddbbaa44f82f57fcdc2 badff1a3a23c4e018c4d54c3adf2dcc1 - - default default] 10.0.0.122 "GET /v2.0/routers HTTP/1.1" status: 200 len: 189 time: 0.0181961
2026-04-27 21:59:35.530 10 INFO neutron.api.wsgi [None req-b49d44e9-a4b6-43f1-9bd2-61d7c76fccd8 0e82c857992b4ddbbaa44f82f57fcdc2 badff1a3a23c4e018c4d54c3adf2dcc1 - - default default] 10.0.0.122 "GET /v2.0/agents?binary=ovn-controller HTTP/1.1" status: 200 len: 591 time: 0.0338025
2026-04-27 21:59:35.540 10 INFO neutron.api.wsgi [None req-0b019110-6169-4c98-84d3-6cc254c13efe 0e82c857992b4ddbbaa44f82f57fcdc2 badff1a3a23c4e018c4d54c3adf2dcc1 - - default default] 10.0.0.122 "GET /v2.0/agents HTTP/1.1" status: 200 len: 1390 time: 0.0093338
2026-04-27 21:59:35.552 10 INFO neutron.api.wsgi [None req-0195b66f-3b4b-45f4-97fa-71a92da3f987 0e82c857992b4ddbbaa44f82f57fcdc2 badff1a3a23c4e018c4d54c3adf2dcc1 - - default default] 10.0.0.122 "GET /v2.0/network-ip-availabilities HTTP/1.1" status: 200 len: 1280 time: 0.0106344
2026-04-27 21:59:38.569 9 INFO neutron.api.wsgi [-] 10.0.0.204 "GET / HTTP/1.1" status: 200 len: 247 time: 0.0020683
2026-04-27 21:59:38.570 10 INFO neutron.api.wsgi [-] 10.0.0.204 "GET / HTTP/1.1" status: 200 len: 247 time: 0.0024533
2026-04-27 21:59:40.375 15 INFO neutron.plugins.ml2.drivers.ovn.mech_driver.ovsdb.maintenance [None req-dc3a34d6-33cd-47d6-8dec-e27bab638394 - - - - - -] OVN maintenance task check_for_inconsistencies finished in 0.020 seconds
2026-04-27 21:59:53.570 9 INFO neutron.api.wsgi [-] 10.0.0.204 "GET / HTTP/1.1" status: 200 len: 247 time: 0.0027976
2026-04-27 21:59:53.573 9 INFO neutron.api.wsgi [-] 10.0.0.204 "GET / HTTP/1.1" status: 200 len: 247 time: 0.0021160
2026-04-27 22:00:08.570 9 INFO neutron.api.wsgi [-] 10.0.0.204 "GET / HTTP/1.1" status: 200 len: 247 time: 0.0030947
2026-04-27 22:00:08.570 10 INFO neutron.api.wsgi [-] 10.0.0.204 "GET / HTTP/1.1" status: 200 len: 247 time: 0.0032089
2026-04-27 22:00:23.572 10 INFO neutron.api.wsgi [-] 10.0.0.204 "GET / HTTP/1.1" status: 200 len: 247 time: 0.0026751
2026-04-27 22:00:23.576 10 INFO neutron.api.wsgi [-] 10.0.0.204 "GET / HTTP/1.1" status: 200 len: 247 time: 0.0028124
2026-04-27 22:00:35.302 10 INFO neutron.api.wsgi [None req-f21f0286-adc1-4d18-8ecc-7805bb981a0b 0e82c857992b4ddbbaa44f82f57fcdc2 badff1a3a23c4e018c4d54c3adf2dcc1 - - default default] 10.0.0.122 "GET /v2.0/routers HTTP/1.1" status: 200 len: 189 time: 0.1060889
2026-04-27 22:00:35.325 10 INFO neutron.api.wsgi [None req-1a496224-71eb-43f7-b90c-e335b348fded 0e82c857992b4ddbbaa44f82f57fcdc2 badff1a3a23c4e018c4d54c3adf2dcc1 - - default default] 10.0.0.122 "GET /v2.0/agents?binary=ovn-controller HTTP/1.1" status: 200 len: 591 time: 0.0219836
2026-04-27 22:00:35.337 10 INFO neutron.api.wsgi [None req-aeebcb31-5fe6-4d3e-8555-62acd61f40c3 0e82c857992b4ddbbaa44f82f57fcdc2 badff1a3a23c4e018c4d54c3adf2dcc1 - - default default] 10.0.0.122 "GET /v2.0/agents HTTP/1.1" status: 200 len: 1390 time: 0.0107901
2026-04-27 22:00:35.361 10 INFO neutron.api.wsgi [None req-56a7a1fd-9ab1-4803-88f2-b79405dfe758 0e82c857992b4ddbbaa44f82f57fcdc2 badff1a3a23c4e018c4d54c3adf2dcc1 - - default default] 10.0.0.122 "GET /v2.0/subnets HTTP/1.1" status: 200 len: 1484 time: 0.0220082
2026-04-27 22:00:35.368 10 INFO neutron.api.wsgi [None req-a4d9af62-3e40-4c32-8bba-387162ee1b08 0e82c857992b4ddbbaa44f82f57fcdc2 badff1a3a23c4e018c4d54c3adf2dcc1 - - default default] 10.0.0.122 "GET /v2.0/subnetpools HTTP/1.1" status: 200 len: 193 time: 0.0056565
2026-04-27 22:00:35.414 10 INFO neutron.api.wsgi [None req-8a031679-b8f2-434b-8314-a8a43ab7fe14 0e82c857992b4ddbbaa44f82f57fcdc2 badff1a3a23c4e018c4d54c3adf2dcc1 - - default default] 10.0.0.122 "GET /v2.0/networks HTTP/1.1" status: 200 len: 2350 time: 0.0452871
2026-04-27 22:00:35.454 10 INFO neutron.api.wsgi [None req-77439561-4283-4ba3-8703-4d4989b26726 0e82c857992b4ddbbaa44f82f57fcdc2 badff1a3a23c4e018c4d54c3adf2dcc1 - - default default] 10.0.0.122 "GET /v2.0/security-groups HTTP/1.1" status: 200 len: 17578 time: 0.0382845
2026-04-27 22:00:35.484 10 INFO neutron.api.wsgi [None req-83de6436-0025-49e3-988d-0eb7c93adde9 0e82c857992b4ddbbaa44f82f57fcdc2 badff1a3a23c4e018c4d54c3adf2dcc1 - - default default] 10.0.0.122 "GET /v2.0/subnets HTTP/1.1" status: 200 len: 1484 time: 0.0231342
2026-04-27 22:00:35.497 10 INFO neutron.api.wsgi [None req-60b9251c-cdb2-4311-9ddf-cf6516df6ed5 0e82c857992b4ddbbaa44f82f57fcdc2 badff1a3a23c4e018c4d54c3adf2dcc1 - - default default] 10.0.0.122 "GET /v2.0/floatingips HTTP/1.1" status: 200 len: 193 time: 0.0113039
2026-04-27 22:00:35.534 10 INFO neutron.api.wsgi [None req-4c465872-5856-45ec-b75a-030128c2119f 0e82c857992b4ddbbaa44f82f57fcdc2 badff1a3a23c4e018c4d54c3adf2dcc1 - - default default] 10.0.0.122 "GET /v2.0/ports HTTP/1.1" status: 200 len: 5351 time: 0.0361531
2026-04-27 22:00:35.547 10 INFO neutron.api.wsgi [None req-410c60da-c170-4f3b-8e88-5dd57c67ba22 0e82c857992b4ddbbaa44f82f57fcdc2 badff1a3a23c4e018c4d54c3adf2dcc1 - - default default] 10.0.0.122 "GET /v2.0/network-ip-availabilities HTTP/1.1" status: 200 len: 1280 time: 0.0095785
2026-04-27 22:00:38.568 10 INFO neutron.api.wsgi [-] 10.0.0.204 "GET / HTTP/1.1" status: 200 len: 247 time: 0.0013576
2026-04-27 22:00:38.569 9 INFO neutron.api.wsgi [-] 10.0.0.204 "GET / HTTP/1.1" status: 200 len: 247 time: 0.0018227
2026-04-27 22:00:53.568 9 INFO neutron.api.wsgi [-] 10.0.0.204 "GET / HTTP/1.1" status: 200 len: 247 time: 0.0016513
2026-04-27 22:00:53.569 10 INFO neutron.api.wsgi [-] 10.0.0.204 "GET / HTTP/1.1" status: 200 len: 247 time: 0.0026073
2026-04-27 22:01:08.569 10 INFO neutron.api.wsgi [-] 10.0.0.204 "GET / HTTP/1.1" status: 200 len: 247 time: 0.0015666
2026-04-27 22:01:08.570 10 INFO neutron.api.wsgi [-] 10.0.0.204 "GET / HTTP/1.1" status: 200 len: 247 time: 0.0008852
2026-04-27 22:01:23.570 9 INFO neutron.api.wsgi [-] 10.0.0.204 "GET / HTTP/1.1" status: 200 len: 247 time: 0.0024111
2026-04-27 22:01:23.571 10 INFO neutron.api.wsgi [-] 10.0.0.204 "GET / HTTP/1.1" status: 200 len: 247 time: 0.0035985
2026-04-27 22:01:35.300 10 INFO neutron.api.wsgi [None req-4b8d866c-31cb-4e63-9dab-05fbeb1d4693 0e82c857992b4ddbbaa44f82f57fcdc2 badff1a3a23c4e018c4d54c3adf2dcc1 - - default default] 10.0.0.122 "GET /v2.0/agents HTTP/1.1" status: 200 len: 1390 time: 0.0914598
2026-04-27 22:01:35.327 10 INFO neutron.api.wsgi [None req-ec860dac-15e4-4411-9676-fa353254ecf3 0e82c857992b4ddbbaa44f82f57fcdc2 badff1a3a23c4e018c4d54c3adf2dcc1 - - default default] 10.0.0.122 "GET /v2.0/subnets HTTP/1.1" status: 200 len: 1484 time: 0.0252986
2026-04-27 22:01:35.335 10 INFO neutron.api.wsgi [None req-74d0ee8b-454c-4023-83de-2a2454f879db 0e82c857992b4ddbbaa44f82f57fcdc2 badff1a3a23c4e018c4d54c3adf2dcc1 - - default default] 10.0.0.122 "GET /v2.0/subnetpools HTTP/1.1" status: 200 len: 193 time: 0.0075305
2026-04-27 22:01:35.363 10 INFO neutron.api.wsgi [None req-d19fc39c-fb93-4963-bbee-4b43fc3490d8 0e82c857992b4ddbbaa44f82f57fcdc2 badff1a3a23c4e018c4d54c3adf2dcc1 - - default default] 10.0.0.122 "GET /v2.0/subnets HTTP/1.1" status: 200 len: 1484 time: 0.0271797
2026-04-27 22:01:35.379 10 INFO neutron.api.wsgi [None req-8e2e8487-f66b-420b-b534-5eb0cbde4926 0e82c857992b4ddbbaa44f82f57fcdc2 badff1a3a23c4e018c4d54c3adf2dcc1 - - default default] 10.0.0.122 "GET /v2.0/network-ip-availabilities HTTP/1.1" status: 200 len: 1280 time: 0.0143046
2026-04-27 22:01:35.398 10 INFO neutron.api.wsgi [None req-379d7184-4fed-4a08-b825-15fa3d3132f5 0e82c857992b4ddbbaa44f82f57fcdc2 badff1a3a23c4e018c4d54c3adf2dcc1 - - default default] 10.0.0.122 "GET /v2.0/floatingips HTTP/1.1" status: 200 len: 193 time: 0.0176256
2026-04-27 22:01:35.410 10 INFO neutron.api.wsgi [None req-903c336f-a5b6-49e1-8b92-5bd6d556693c 0e82c857992b4ddbbaa44f82f57fcdc2 badff1a3a23c4e018c4d54c3adf2dcc1 - - default default] 10.0.0.122 "GET /v2.0/routers HTTP/1.1" status: 200 len: 189 time: 0.0108433
2026-04-27 22:01:35.419 10 INFO neutron.api.wsgi [None req-85239e79-c00d-4847-9083-a04d5acc482e 0e82c857992b4ddbbaa44f82f57fcdc2 badff1a3a23c4e018c4d54c3adf2dcc1 - - default default] 10.0.0.122 "GET /v2.0/agents?binary=ovn-controller HTTP/1.1" status: 200 len: 591 time: 0.0088823
2026-04-27 22:01:35.466 10 INFO neutron.api.wsgi [None req-5026459c-e97e-48f4-8999-e42a4124c32c 0e82c857992b4ddbbaa44f82f57fcdc2 badff1a3a23c4e018c4d54c3adf2dcc1 - - default default] 10.0.0.122 "GET /v2.0/networks HTTP/1.1" status: 200 len: 2350 time: 0.0458059
2026-04-27 22:01:35.507 10 INFO neutron.api.wsgi [None req-d70b6f3d-8c25-4eb2-8a67-79f1ccaf4c2e 0e82c857992b4ddbbaa44f82f57fcdc2 badff1a3a23c4e018c4d54c3adf2dcc1 - - default default] 10.0.0.122 "GET /v2.0/security-groups HTTP/1.1" status: 200 len: 17578 time: 0.0364640
2026-04-27 22:01:35.553 10 INFO neutron.api.wsgi [None req-50533556-1a5d-480c-b559-c895a3e7c44a 0e82c857992b4ddbbaa44f82f57fcdc2 badff1a3a23c4e018c4d54c3adf2dcc1 - - default default] 10.0.0.122 "GET /v2.0/ports HTTP/1.1" status: 200 len: 5351 time: 0.0392723
2026-04-27 22:01:38.569 10 INFO neutron.api.wsgi [-] 10.0.0.204 "GET / HTTP/1.1" status: 200 len: 247 time: 0.0026703
2026-04-27 22:01:38.569 9 INFO neutron.api.wsgi [-] 10.0.0.204 "GET / HTTP/1.1" status: 200 len: 247 time: 0.0027604
2026-04-27 22:01:53.568 10 INFO neutron.api.wsgi [-] 10.0.0.204 "GET / HTTP/1.1" status: 200 len: 247 time: 0.0015025
2026-04-27 22:01:53.570 9 INFO neutron.api.wsgi [-] 10.0.0.204 "GET / HTTP/1.1" status: 200 len: 247 time: 0.0038879
2026-04-27 22:02:08.568 9 INFO neutron.api.wsgi [-] 10.0.0.204 "GET / HTTP/1.1" status: 200 len: 247 time: 0.0012665
2026-04-27 22:02:08.571 10 INFO neutron.api.wsgi [-] 10.0.0.204 "GET / HTTP/1.1" status: 200 len: 247 time: 0.0044661
2026-04-27 22:02:23.571 9 INFO neutron.api.wsgi [-] 10.0.0.204 "GET / HTTP/1.1" status: 200 len: 247 time: 0.0015020
2026-04-27 22:02:23.572 10 INFO neutron.api.wsgi [-] 10.0.0.204 "GET / HTTP/1.1" status: 200 len: 247 time: 0.0022521
2026-04-27 22:02:27.621 10 INFO neutron.pecan_wsgi.hooks.translation [None req-a663d348-383c-4ae6-8e9d-a62f97844826 0e82c857992b4ddbbaa44f82f57fcdc2 badff1a3a23c4e018c4d54c3adf2dcc1 - - default default] GET failed (client error): The resource could not be found.
2026-04-27 22:02:27.622 10 INFO neutron.api.wsgi [None req-a663d348-383c-4ae6-8e9d-a62f97844826 0e82c857992b4ddbbaa44f82f57fcdc2 badff1a3a23c4e018c4d54c3adf2dcc1 - - default default] 199.19.213.228,10.0.0.204 "GET /v2.0/networks/public HTTP/1.1" status: 404 len: 290 time: 0.0517497
2026-04-27 22:02:27.666 10 INFO neutron.api.wsgi [None req-4290819e-28d6-4d67-b37e-3729f25b3a13 0e82c857992b4ddbbaa44f82f57fcdc2 badff1a3a23c4e018c4d54c3adf2dcc1 - - default default] 199.19.213.228,10.0.0.204 "GET /v2.0/networks?name=public HTTP/1.1" status: 200 len: 928 time: 0.0413253
2026-04-27 22:02:28.831 10 INFO neutron.pecan_wsgi.hooks.translation [None req-14138076-59cc-4c42-9cf5-c4f54895a24a 0e82c857992b4ddbbaa44f82f57fcdc2 badff1a3a23c4e018c4d54c3adf2dcc1 - - default default] GET failed (client error): The resource could not be found.
2026-04-27 22:02:28.832 10 INFO neutron.api.wsgi [None req-14138076-59cc-4c42-9cf5-c4f54895a24a 0e82c857992b4ddbbaa44f82f57fcdc2 badff1a3a23c4e018c4d54c3adf2dcc1 - - default default] 199.19.213.228,10.0.0.204 "GET /v2.0/networks/public HTTP/1.1" status: 404 len: 290 time: 0.0406330
2026-04-27 22:02:28.870 10 INFO neutron.api.wsgi [None req-cdcb719d-9db4-4101-957f-0eb685f5e11b 0e82c857992b4ddbbaa44f82f57fcdc2 badff1a3a23c4e018c4d54c3adf2dcc1 - - default default] 199.19.213.228,10.0.0.204 "GET /v2.0/networks?name=public HTTP/1.1" status: 200 len: 928 time: 0.0341785
2026-04-27 22:02:28.891 10 INFO neutron.pecan_wsgi.hooks.translation [None req-a327826a-d603-4c0d-b2bc-95e586e1d787 0e82c857992b4ddbbaa44f82f57fcdc2 badff1a3a23c4e018c4d54c3adf2dcc1 - - default default] GET failed (client error): The resource could not be found.
2026-04-27 22:02:28.892 10 INFO neutron.api.wsgi [None req-a327826a-d603-4c0d-b2bc-95e586e1d787 0e82c857992b4ddbbaa44f82f57fcdc2 badff1a3a23c4e018c4d54c3adf2dcc1 - - default default] 199.19.213.228,10.0.0.204 "GET /v2.0/subnets/public-subnet?network_id=c94ce325-93c7-43f1-ad99-bbb4f0ff9636 HTTP/1.1" status: 404 len: 295 time: 0.0119064
2026-04-27 22:02:28.919 10 INFO neutron.api.wsgi [None req-9285468f-29f6-42c0-b98f-629595d59e0e 0e82c857992b4ddbbaa44f82f57fcdc2 badff1a3a23c4e018c4d54c3adf2dcc1 - - default default] 199.19.213.228,10.0.0.204 "GET /v2.0/subnets?name=public-subnet&network_id=c94ce325-93c7-43f1-ad99-bbb4f0ff9636 HTTP/1.1" status: 200 len: 842 time: 0.0234964
2026-04-27 22:02:35.252 10 INFO neutron.api.wsgi [None req-04a2e75a-2d73-492a-a887-bb1d8d1980e0 0e82c857992b4ddbbaa44f82f57fcdc2 badff1a3a23c4e018c4d54c3adf2dcc1 - - default default] 10.0.0.122 "GET /v2.0/security-groups HTTP/1.1" status: 200 len: 17578 time: 0.0738225
2026-04-27 22:02:35.284 10 INFO neutron.api.wsgi [None req-85af8366-8f24-480b-865b-72b825cb3193 0e82c857992b4ddbbaa44f82f57fcdc2 badff1a3a23c4e018c4d54c3adf2dcc1 - - default default] 10.0.0.122 "GET /v2.0/subnets HTTP/1.1" status: 200 len: 1484 time: 0.0271742
2026-04-27 22:02:35.330 10 INFO neutron.api.wsgi [None req-446f3d16-2f99-43b2-962e-1ad3f4c5e9f0 0e82c857992b4ddbbaa44f82f57fcdc2 badff1a3a23c4e018c4d54c3adf2dcc1 - - default default] 10.0.0.122 "GET /v2.0/ports HTTP/1.1" status: 200 len: 5351 time: 0.0444794
2026-04-27 22:02:35.386 10 INFO neutron.api.wsgi [None req-785c4a83-47dd-4e62-9da5-aaf642531eb9 0e82c857992b4ddbbaa44f82f57fcdc2 badff1a3a23c4e018c4d54c3adf2dcc1 - - default default] 10.0.0.122 "GET /v2.0/networks HTTP/1.1" status: 200 len: 2350 time: 0.0532928
2026-04-27 22:02:35.417 10 INFO neutron.api.wsgi [None req-ef98e4ca-f402-463f-9b73-dae0b3a779b8 0e82c857992b4ddbbaa44f82f57fcdc2 badff1a3a23c4e018c4d54c3adf2dcc1 - - default default] 10.0.0.122 "GET /v2.0/routers HTTP/1.1" status: 200 len: 189 time: 0.0286703
2026-04-27 22:02:35.450 10 INFO neutron.api.wsgi [None req-163fc593-4309-4d25-af37-42f40dbcec00 0e82c857992b4ddbbaa44f82f57fcdc2 badff1a3a23c4e018c4d54c3adf2dcc1 - - default default] 10.0.0.122 "GET /v2.0/agents?binary=ovn-controller HTTP/1.1" status: 200 len: 591 time: 0.0318165
2026-04-27 22:02:35.473 10 INFO neutron.api.wsgi [None req-982dfb84-b72c-488e-96d9-fbe1f12232ed 0e82c857992b4ddbbaa44f82f57fcdc2 badff1a3a23c4e018c4d54c3adf2dcc1 - - default default] 10.0.0.122 "GET /v2.0/subnets HTTP/1.1" status: 200 len: 1484 time: 0.0218487
2026-04-27 22:02:35.479 10 INFO neutron.api.wsgi [None req-68785d81-19a8-46f7-b5de-5e4dc38cc419 0e82c857992b4ddbbaa44f82f57fcdc2 badff1a3a23c4e018c4d54c3adf2dcc1 - - default default] 10.0.0.122 "GET /v2.0/subnetpools HTTP/1.1" status: 200 len: 193 time: 0.0051014
2026-04-27 22:02:35.488 10 INFO neutron.api.wsgi [None req-edcd9263-66d2-45d3-a932-f8b3242af99d 0e82c857992b4ddbbaa44f82f57fcdc2 badff1a3a23c4e018c4d54c3adf2dcc1 - - default default] 10.0.0.122 "GET /v2.0/agents HTTP/1.1" status: 200 len: 1390 time: 0.0088291
2026-04-27 22:02:35.504 10 INFO neutron.api.wsgi [None req-662bf929-9dfc-4f99-a7be-c1d5cb55a4cc 0e82c857992b4ddbbaa44f82f57fcdc2 badff1a3a23c4e018c4d54c3adf2dcc1 - - default default] 10.0.0.122 "GET /v2.0/network-ip-availabilities HTTP/1.1" status: 200 len: 1280 time: 0.0154033
2026-04-27 22:02:35.515 10 INFO neutron.api.wsgi [None req-487869ba-cc93-4f87-87b8-dfc1bbb4bc9a 0e82c857992b4ddbbaa44f82f57fcdc2 badff1a3a23c4e018c4d54c3adf2dcc1 - - default default] 10.0.0.122 "GET /v2.0/floatingips HTTP/1.1" status: 200 len: 193 time: 0.0101430
2026-04-27 22:02:38.570 10 INFO neutron.api.wsgi [-] 10.0.0.204 "GET / HTTP/1.1" status: 200 len: 247 time: 0.0025058
2026-04-27 22:02:38.573 10 INFO neutron.api.wsgi [-] 10.0.0.204 "GET / HTTP/1.1" status: 200 len: 247 time: 0.0019922
2026-04-27 22:02:53.570 9 INFO neutron.api.wsgi [-] 10.0.0.204 "GET / HTTP/1.1" status: 200 len: 247 time: 0.0023794
2026-04-27 22:02:53.570 10 INFO neutron.api.wsgi [-] 10.0.0.204 "GET / HTTP/1.1" status: 200 len: 247 time: 0.0023057
2026-04-27 22:02:55.664 10 INFO neutron.pecan_wsgi.hooks.translation [None req-baaab6c9-0bd4-4820-8255-1e5f80125e44 0e82c857992b4ddbbaa44f82f57fcdc2 badff1a3a23c4e018c4d54c3adf2dcc1 - - default default] GET failed (client error): The resource could not be found.
2026-04-27 22:02:55.665 10 INFO neutron.api.wsgi [None req-baaab6c9-0bd4-4820-8255-1e5f80125e44 0e82c857992b4ddbbaa44f82f57fcdc2 badff1a3a23c4e018c4d54c3adf2dcc1 - - default default] 199.19.213.228,10.0.0.204 "GET /v2.0/networks/lb-mgmt-net HTTP/1.1" status: 404 len: 295 time: 0.0489700
2026-04-27 22:02:55.712 10 INFO neutron.api.wsgi [None req-da8673b7-607a-4278-bc11-459d4a4a9e40 0e82c857992b4ddbbaa44f82f57fcdc2 badff1a3a23c4e018c4d54c3adf2dcc1 - - default default] 199.19.213.228,10.0.0.204 "GET /v2.0/networks?name=lb-mgmt-net HTTP/1.1" status: 200 len: 913 time: 0.0434980
2026-04-27 22:02:56.690 10 INFO neutron.pecan_wsgi.hooks.translation [None req-f05fba75-59d7-4480-b99c-419c66ccad26 0e82c857992b4ddbbaa44f82f57fcdc2 badff1a3a23c4e018c4d54c3adf2dcc1 - - default default] GET failed (client error): The resource could not be found.
2026-04-27 22:02:56.691 10 INFO neutron.api.wsgi [None req-f05fba75-59d7-4480-b99c-419c66ccad26 0e82c857992b4ddbbaa44f82f57fcdc2 badff1a3a23c4e018c4d54c3adf2dcc1 - - default default] 199.19.213.228,10.0.0.204 "GET /v2.0/networks/lb-mgmt-net HTTP/1.1" status: 404 len: 295 time: 0.0391188
2026-04-27 22:02:56.740 10 INFO neutron.api.wsgi [None req-c8c88086-c05e-45bf-baf3-961a6f93a725 0e82c857992b4ddbbaa44f82f57fcdc2 badff1a3a23c4e018c4d54c3adf2dcc1 - - default default] 199.19.213.228,10.0.0.204 "GET /v2.0/networks?name=lb-mgmt-net HTTP/1.1" status: 200 len: 913 time: 0.0451181
2026-04-27 22:02:56.757 10 INFO neutron.pecan_wsgi.hooks.translation [None req-d8bb2e6b-33ca-43b5-be24-fc45f7ea7f1b 0e82c857992b4ddbbaa44f82f57fcdc2 badff1a3a23c4e018c4d54c3adf2dcc1 - - default default] GET failed (client error): The resource could not be found.
2026-04-27 22:02:56.757 10 INFO neutron.api.wsgi [None req-d8bb2e6b-33ca-43b5-be24-fc45f7ea7f1b 0e82c857992b4ddbbaa44f82f57fcdc2 badff1a3a23c4e018c4d54c3adf2dcc1 - - default default] 199.19.213.228,10.0.0.204 "GET /v2.0/subnets/lb-mgmt-subnet?network_id=7a3d8b75-9131-49ea-8e2f-88664d18fd26 HTTP/1.1" status: 404 len: 296 time: 0.0104594
2026-04-27 22:02:56.780 10 INFO neutron.api.wsgi [None req-34155cc1-db66-4247-939f-b6ae0a94e58b 0e82c857992b4ddbbaa44f82f57fcdc2 badff1a3a23c4e018c4d54c3adf2dcc1 - - default default] 199.19.213.228,10.0.0.204 "GET /v2.0/subnets?name=lb-mgmt-subnet&network_id=7a3d8b75-9131-49ea-8e2f-88664d18fd26 HTTP/1.1" status: 200 len: 829 time: 0.0202208
2026-04-27 22:02:57.932 10 INFO neutron.api.v2.resource [None req-0935da77-3e2f-48d9-aaa7-e94f27678973 0e82c857992b4ddbbaa44f82f57fcdc2 badff1a3a23c4e018c4d54c3adf2dcc1 - - default default] show failed (client error): The resource could not be found.
2026-04-27 22:02:57.933 10 INFO neutron.api.wsgi [None req-0935da77-3e2f-48d9-aaa7-e94f27678973 0e82c857992b4ddbbaa44f82f57fcdc2 badff1a3a23c4e018c4d54c3adf2dcc1 - - default default] 199.19.213.228,10.0.0.204 "GET /v2.0/security-groups/lb-health-mgr-sec-grp HTTP/1.1" status: 404 len: 313 time: 0.0357797
2026-04-27 22:02:57.962 10 INFO neutron.api.wsgi [None req-f1932934-4240-4949-8956-a2cd245e91f3 0e82c857992b4ddbbaa44f82f57fcdc2 badff1a3a23c4e018c4d54c3adf2dcc1 - - default default] 199.19.213.228,10.0.0.204 "GET /v2.0/security-groups?name=lb-health-mgr-sec-grp HTTP/1.1" status: 200 len: 4866 time: 0.0265412
2026-04-27 22:02:59.036 10 INFO neutron.api.wsgi [None req-b614c136-05ab-47cc-bff7-0e55f9ebc84e 0e82c857992b4ddbbaa44f82f57fcdc2 badff1a3a23c4e018c4d54c3adf2dcc1 - - default default] 199.19.213.228,10.0.0.204 "GET /v2.0/security-groups/7e991397-04aa-4e12-9774-16e7855aa848 HTTP/1.1" status: 200 len: 4870 time: 0.0601027
2026-04-27 22:02:59.077 10 INFO neutron.api.wsgi [None req-3c32fd12-5a9e-4b4d-86c8-e3ba4bfd9f42 0e82c857992b4ddbbaa44f82f57fcdc2 badff1a3a23c4e018c4d54c3adf2dcc1 - - default default] 199.19.213.228,10.0.0.204 "GET /v2.0/security-groups/7e991397-04aa-4e12-9774-16e7855aa848 HTTP/1.1" status: 200 len: 4870 time: 0.0332842
2026-04-27 22:02:59.099 10 INFO neutron.api.wsgi [None req-9aa40880-6f4f-4672-be16-52ba730ee47c 0e82c857992b4ddbbaa44f82f57fcdc2 badff1a3a23c4e018c4d54c3adf2dcc1 - - default default] 199.19.213.228,10.0.0.204 "GET /v2.0/security-group-rules/9628ece1-319d-4c54-b07a-c23d1d1ebc3e HTTP/1.1" status: 200 len: 776 time: 0.0153618
2026-04-27 22:02:59.981 10 INFO neutron.api.wsgi [None req-6457c355-e44c-4fde-af80-1ccaa23dab8a 0e82c857992b4ddbbaa44f82f57fcdc2 badff1a3a23c4e018c4d54c3adf2dcc1 - - default default] 199.19.213.228,10.0.0.204 "GET /v2.0/security-groups/7e991397-04aa-4e12-9774-16e7855aa848 HTTP/1.1" status: 200 len: 4870 time: 0.0467415
2026-04-27 22:03:00.017 10 INFO neutron.api.wsgi [None req-acae281e-911c-47e4-90a4-7aae44617014 0e82c857992b4ddbbaa44f82f57fcdc2 badff1a3a23c4e018c4d54c3adf2dcc1 - - default default] 199.19.213.228,10.0.0.204 "GET /v2.0/security-groups/7e991397-04aa-4e12-9774-16e7855aa848 HTTP/1.1" status: 200 len: 4870 time: 0.0286767
2026-04-27 22:03:00.036 10 INFO neutron.api.wsgi [None req-42afa6ef-b6fc-4ebd-b35f-44febf69b44e 0e82c857992b4ddbbaa44f82f57fcdc2 badff1a3a23c4e018c4d54c3adf2dcc1 - - default default] 199.19.213.228,10.0.0.204 "GET /v2.0/security-group-rules/e08690a0-ce10-40d2-8997-81f7cd130331 HTTP/1.1" status: 200 len: 778 time: 0.0127213
2026-04-27 22:03:00.950 10 INFO neutron.api.wsgi [None req-3dd59016-5855-475f-a668-e7207e427f8f 0e82c857992b4ddbbaa44f82f57fcdc2 badff1a3a23c4e018c4d54c3adf2dcc1 - - default default] 199.19.213.228,10.0.0.204 "GET /v2.0/security-groups/7e991397-04aa-4e12-9774-16e7855aa848 HTTP/1.1" status: 200 len: 4870 time: 0.0830171
2026-04-27 22:03:00.988 10 INFO neutron.api.wsgi [None req-ac119425-a234-4425-9319-b94e888e4522 0e82c857992b4ddbbaa44f82f57fcdc2 badff1a3a23c4e018c4d54c3adf2dcc1 - - default default] 199.19.213.228,10.0.0.204 "GET /v2.0/security-groups/7e991397-04aa-4e12-9774-16e7855aa848 HTTP/1.1" status: 200 len: 4870 time: 0.0323939
2026-04-27 22:03:01.020 10 INFO neutron.api.wsgi [None req-01e90129-022d-4fec-91c7-de2576551e08 0e82c857992b4ddbbaa44f82f57fcdc2 badff1a3a23c4e018c4d54c3adf2dcc1 - - default default] 199.19.213.228,10.0.0.204 "GET /v2.0/security-group-rules/61a08d9b-ae26-48cf-86be-34fb8dd08996 HTTP/1.1" status: 200 len: 778 time: 0.0245485
2026-04-27 22:03:01.876 10 INFO neutron.api.wsgi [None req-3d59eed3-92bf-401e-91a1-698c78a0b164 0e82c857992b4ddbbaa44f82f57fcdc2 badff1a3a23c4e018c4d54c3adf2dcc1 - - default default] 199.19.213.228,10.0.0.204 "GET /v2.0/security-groups/7e991397-04aa-4e12-9774-16e7855aa848 HTTP/1.1" status: 200 len: 4870 time: 0.0637264
2026-04-27 22:03:01.917 10 INFO neutron.api.wsgi [None req-8c6169cf-2946-4a62-99c3-57cc8a86aa10 0e82c857992b4ddbbaa44f82f57fcdc2 badff1a3a23c4e018c4d54c3adf2dcc1 - - default default] 199.19.213.228,10.0.0.204 "GET /v2.0/security-groups/7e991397-04aa-4e12-9774-16e7855aa848 HTTP/1.1" status: 200 len: 4870 time: 0.0328691
2026-04-27 22:03:01.938 10 INFO neutron.api.wsgi [None req-5b12e078-c0a3-4e4e-839f-66105b77458a 0e82c857992b4ddbbaa44f82f57fcdc2 badff1a3a23c4e018c4d54c3adf2dcc1 - - default default] 199.19.213.228,10.0.0.204 "GET /v2.0/security-group-rules/f512cf41-1946-4505-afbd-88780390720a HTTP/1.1" status: 200 len: 778 time: 0.0127325
2026-04-27 22:03:02.812 10 INFO neutron.api.wsgi [None req-255f7ae0-0ca6-4708-bda1-6bbf2930422f 0e82c857992b4ddbbaa44f82f57fcdc2 badff1a3a23c4e018c4d54c3adf2dcc1 - - default default] 199.19.213.228,10.0.0.204 "GET /v2.0/security-groups/7e991397-04aa-4e12-9774-16e7855aa848 HTTP/1.1" status: 200 len: 4870 time: 0.0631671
2026-04-27 22:03:02.854 10 INFO neutron.api.wsgi [None req-87b5431a-2465-4b7a-a9a0-11572a38f1c5 0e82c857992b4ddbbaa44f82f57fcdc2 badff1a3a23c4e018c4d54c3adf2dcc1 - - default default] 199.19.213.228,10.0.0.204 "GET /v2.0/security-groups/7e991397-04aa-4e12-9774-16e7855aa848 HTTP/1.1" status: 200 len: 4870 time: 0.0333450
2026-04-27 22:03:02.882 10 INFO neutron.api.wsgi [None req-a9a489b8-f8ff-4bcf-9117-38eeb222d956 0e82c857992b4ddbbaa44f82f57fcdc2 badff1a3a23c4e018c4d54c3adf2dcc1 - - default default] 199.19.213.228,10.0.0.204 "GET /v2.0/security-group-rules/f5d7060a-0fc8-48a5-8006-9ce791bba592 HTTP/1.1" status: 200 len: 778 time: 0.0212686
2026-04-27 22:03:04.188 10 INFO neutron.api.wsgi [None req-783e9397-f0f0-4e00-a5ae-a582b75e7591 0e82c857992b4ddbbaa44f82f57fcdc2 badff1a3a23c4e018c4d54c3adf2dcc1 - - default default] 199.19.213.228,10.0.0.204 "GET /v2.0/networks/7a3d8b75-9131-49ea-8e2f-88664d18fd26 HTTP/1.1" status: 200 len: 910 time: 0.0756493
2026-04-27 22:03:04.211 10 INFO neutron.pecan_wsgi.hooks.translation [None req-00d0acf6-c061-4927-92c5-5e7b7d3717ec 0e82c857992b4ddbbaa44f82f57fcdc2 badff1a3a23c4e018c4d54c3adf2dcc1 - - default default] GET failed (client error): The resource could not be found.
2026-04-27 22:03:04.213 10 INFO neutron.api.wsgi [None req-00d0acf6-c061-4927-92c5-5e7b7d3717ec 0e82c857992b4ddbbaa44f82f57fcdc2 badff1a3a23c4e018c4d54c3adf2dcc1 - - default default] 199.19.213.228,10.0.0.204 "GET /v2.0/ports/octavia-health-manager-port-instance?network_id=7a3d8b75-9131-49ea-8e2f-88664d18fd26 HTTP/1.1" status: 404 len: 314 time: 0.0153310
2026-04-27 22:03:04.268 10 INFO neutron.api.wsgi [None req-fa825fe7-717a-4e8a-86cb-2acfaea50ffe 0e82c857992b4ddbbaa44f82f57fcdc2 badff1a3a23c4e018c4d54c3adf2dcc1 - - default default] 199.19.213.228,10.0.0.204 "GET /v2.0/ports?name=octavia-health-manager-port-instance&network_id=7a3d8b75-9131-49ea-8e2f-88664d18fd26 HTTP/1.1" status: 200 len: 1399 time: 0.0517843
2026-04-27 22:03:04.315 10 INFO neutron.api.wsgi [None req-db2f9116-1a04-4da0-82ee-071c478fff34 0e82c857992b4ddbbaa44f82f57fcdc2 badff1a3a23c4e018c4d54c3adf2dcc1 - - default default] 199.19.213.228,10.0.0.204 "GET /v2.0/security-groups/7e991397-04aa-4e12-9774-16e7855aa848 HTTP/1.1" status: 200 len: 4870 time: 0.0371084
2026-04-27 22:03:08.573 10 INFO neutron.api.wsgi [-] 10.0.0.204 "GET / HTTP/1.1" status: 200 len: 247 time: 0.0024676
2026-04-27 22:03:08.573 9 INFO neutron.api.wsgi [-] 10.0.0.204 "GET / HTTP/1.1" status: 200 len: 247 time: 0.0024290
2026-04-27 22:03:12.397 10 INFO neutron.pecan_wsgi.hooks.translation [None req-be4356a8-642b-41a6-9d72-5b06c99e8029 0e82c857992b4ddbbaa44f82f57fcdc2 badff1a3a23c4e018c4d54c3adf2dcc1 - - default default] GET failed (client error): The resource could not be found.
2026-04-27 22:03:12.398 10 INFO neutron.api.wsgi [None req-be4356a8-642b-41a6-9d72-5b06c99e8029 0e82c857992b4ddbbaa44f82f57fcdc2 badff1a3a23c4e018c4d54c3adf2dcc1 - - default default] 199.19.213.228,10.0.0.204 "GET /v2.0/ports/octavia-health-manager-port-instance HTTP/1.1" status: 404 len: 314 time: 0.0551865
2026-04-27 22:03:12.430 10 INFO neutron.api.wsgi [None req-d94c3f57-b149-4d4d-92f5-f89af78505b8 0e82c857992b4ddbbaa44f82f57fcdc2 badff1a3a23c4e018c4d54c3adf2dcc1 - - default default] 199.19.213.228,10.0.0.204 "GET /v2.0/ports?name=octavia-health-manager-port-instance HTTP/1.1" status: 200 len: 1399 time: 0.0292816
2026-04-27 22:03:13.846 10 INFO neutron.api.wsgi [None req-8e9aeadc-94a3-4314-a828-cbe39f29c6d5 0e82c857992b4ddbbaa44f82f57fcdc2 badff1a3a23c4e018c4d54c3adf2dcc1 - - default default] 199.19.213.228,10.0.0.204 "GET /v2.0/ports HTTP/1.1" status: 200 len: 5351 time: 0.0716960
2026-04-27 22:03:14.854 10 INFO neutron.api.v2.resource [None req-79661842-7da6-4f86-b59d-d9a13d61893e 0e82c857992b4ddbbaa44f82f57fcdc2 badff1a3a23c4e018c4d54c3adf2dcc1 - - default default] show failed (client error): The resource could not be found.
2026-04-27 22:03:14.855 10 INFO neutron.api.wsgi [None req-79661842-7da6-4f86-b59d-d9a13d61893e 0e82c857992b4ddbbaa44f82f57fcdc2 badff1a3a23c4e018c4d54c3adf2dcc1 - - default default] 199.19.213.228,10.0.0.204 "GET /v2.0/security-groups/lb-mgmt-sec-grp HTTP/1.1" status: 404 len: 307 time: 0.0388863
2026-04-27 22:03:14.889 10 INFO neutron.api.wsgi [None req-fdc19bb3-7d6f-4f4b-9cfa-a5bcb262380d 0e82c857992b4ddbbaa44f82f57fcdc2 badff1a3a23c4e018c4d54c3adf2dcc1 - - default default] 199.19.213.228,10.0.0.204 "GET /v2.0/security-groups?name=lb-mgmt-sec-grp HTTP/1.1" status: 200 len: 3061 time: 0.0307345
2026-04-27 22:03:15.848 10 INFO neutron.api.wsgi [None req-9ed454ad-32fb-4f3d-b844-da5a16995426 0e82c857992b4ddbbaa44f82f57fcdc2 badff1a3a23c4e018c4d54c3adf2dcc1 - - default default] 199.19.213.228,10.0.0.204 "GET /v2.0/security-groups/3f2213f6-ec1b-4df8-aca2-98013a648fc4 HTTP/1.1" status: 200 len: 3062 time: 0.0574718
2026-04-27 22:03:15.881 10 INFO neutron.api.wsgi [None req-144651c9-033f-4e97-a070-50d849bc1881 0e82c857992b4ddbbaa44f82f57fcdc2 badff1a3a23c4e018c4d54c3adf2dcc1 - - default default] 199.19.213.228,10.0.0.204 "GET /v2.0/security-groups/3f2213f6-ec1b-4df8-aca2-98013a648fc4 HTTP/1.1" status: 200 len: 3062 time: 0.0253751
2026-04-27 22:03:15.903 10 INFO neutron.api.wsgi [None req-b5ef6544-1617-42de-863a-0c53d5bfacae 0e82c857992b4ddbbaa44f82f57fcdc2 badff1a3a23c4e018c4d54c3adf2dcc1 - - default default] 199.19.213.228,10.0.0.204 "GET /v2.0/security-group-rules/b1d729c9-ea22-46d8-99ff-48c44d4e3bc2 HTTP/1.1" status: 200 len: 798 time: 0.0143082
2026-04-27 22:03:16.865 10 INFO neutron.api.wsgi [None req-94299ae1-7ff0-4c8c-a09c-0bdf3fe006d5 0e82c857992b4ddbbaa44f82f57fcdc2 badff1a3a23c4e018c4d54c3adf2dcc1 - - default default] 199.19.213.228,10.0.0.204 "GET /v2.0/security-groups/3f2213f6-ec1b-4df8-aca2-98013a648fc4 HTTP/1.1" status: 200 len: 3062 time: 0.0602419
2026-04-27 22:03:16.905 10 INFO neutron.api.wsgi [None req-827a02f6-003c-43e0-abfe-1a967ba2ae6c 0e82c857992b4ddbbaa44f82f57fcdc2 badff1a3a23c4e018c4d54c3adf2dcc1 - - default default] 199.19.213.228,10.0.0.204 "GET /v2.0/security-groups/3f2213f6-ec1b-4df8-aca2-98013a648fc4 HTTP/1.1" status: 200 len: 3062 time: 0.0322855
2026-04-27 22:03:16.928 10 INFO neutron.api.wsgi [None req-c74e3d59-9719-402f-8900-01c35dcbd272 0e82c857992b4ddbbaa44f82f57fcdc2 badff1a3a23c4e018c4d54c3adf2dcc1 - - default default] 199.19.213.228,10.0.0.204 "GET /v2.0/security-group-rules/eea2a676-0221-49e2-bcf0-203b45ea3eeb HTTP/1.1" status: 200 len: 802 time: 0.0149193
2026-04-27 22:03:23.572 9 INFO neutron.api.wsgi [-] 10.0.0.204 "GET / HTTP/1.1" status: 200 len: 247 time: 0.0045574
2026-04-27 22:03:23.576 9 INFO neutron.api.wsgi [-] 10.0.0.204 "GET / HTTP/1.1" status: 200 len: 247 time: 0.0025144
2026-04-27 22:03:28.395 10 INFO neutron.api.wsgi [None req-6fce9c59-70db-4e9d-8dbe-aec3cd339184 0e82c857992b4ddbbaa44f82f57fcdc2 badff1a3a23c4e018c4d54c3adf2dcc1 - - default default] 199.19.213.228,10.0.0.204 "GET /v2.0/quotas/badff1a3a23c4e018c4d54c3adf2dcc1 HTTP/1.1" status: 200 len: 466 time: 0.0100722
2026-04-27 22:03:35.303 10 INFO neutron.api.wsgi [None req-41db1b6b-20e8-475c-8799-02dcb2349ee8 0e82c857992b4ddbbaa44f82f57fcdc2 badff1a3a23c4e018c4d54c3adf2dcc1 - - default default] 10.0.0.122 "GET /v2.0/subnets HTTP/1.1" status: 200 len: 1484 time: 0.0793610
2026-04-27 22:03:35.310 10 INFO neutron.api.wsgi [None req-6bca8175-f332-488b-b5bb-6392fbd39de2 0e82c857992b4ddbbaa44f82f57fcdc2 badff1a3a23c4e018c4d54c3adf2dcc1 - - default default] 10.0.0.122 "GET /v2.0/subnetpools HTTP/1.1" status: 200 len: 193 time: 0.0058005
2026-04-27 22:03:35.341 10 INFO neutron.api.wsgi [None req-a2673f5c-7153-4d18-90fa-66dac919d5cd 0e82c857992b4ddbbaa44f82f57fcdc2 badff1a3a23c4e018c4d54c3adf2dcc1 - - default default] 10.0.0.122 "GET /v2.0/security-groups HTTP/1.1" status: 200 len: 17578 time: 0.0307829
2026-04-27 22:03:35.385 10 INFO neutron.api.wsgi [None req-3a699de7-6153-4378-add6-3c5192de4e44 0e82c857992b4ddbbaa44f82f57fcdc2 badff1a3a23c4e018c4d54c3adf2dcc1 - - default default] 10.0.0.122 "GET /v2.0/ports HTTP/1.1" status: 200 len: 5351 time: 0.0344424
2026-04-27 22:03:35.432 10 INFO neutron.api.wsgi [None req-07495197-b3f7-41e4-ada0-bc79b6f2fb7e 0e82c857992b4ddbbaa44f82f57fcdc2 badff1a3a23c4e018c4d54c3adf2dcc1 - - default default] 10.0.0.122 "GET /v2.0/networks HTTP/1.1" status: 200 len: 2350 time: 0.0436258
2026-04-27 22:03:35.459 10 INFO neutron.api.wsgi [None req-41e299e8-fe2b-414d-814e-8b9356da74b2 0e82c857992b4ddbbaa44f82f57fcdc2 badff1a3a23c4e018c4d54c3adf2dcc1 - - default default] 10.0.0.122 "GET /v2.0/agents HTTP/1.1" status: 200 len: 1390 time: 0.0244136
2026-04-27 22:03:35.470 10 INFO neutron.api.wsgi [None req-cd1271e7-5a2a-4164-ac00-8d464cafdc83 0e82c857992b4ddbbaa44f82f57fcdc2 badff1a3a23c4e018c4d54c3adf2dcc1 - - default default] 10.0.0.122 "GET /v2.0/network-ip-availabilities HTTP/1.1" status: 200 len: 1280 time: 0.0098054
2026-04-27 22:03:35.487 10 INFO neutron.api.wsgi [None req-07c23792-19db-472c-bf6c-977323219938 0e82c857992b4ddbbaa44f82f57fcdc2 badff1a3a23c4e018c4d54c3adf2dcc1 - - default default] 10.0.0.122 "GET /v2.0/floatingips HTTP/1.1" status: 200 len: 193 time: 0.0141692
2026-04-27 22:03:35.500 10 INFO neutron.api.wsgi [None req-d9a1528d-e976-44e7-8799-164fc317dd51 0e82c857992b4ddbbaa44f82f57fcdc2 badff1a3a23c4e018c4d54c3adf2dcc1 - - default default] 10.0.0.122 "GET /v2.0/routers HTTP/1.1" status: 200 len: 189 time: 0.0127959
2026-04-27 22:03:35.512 10 INFO neutron.api.wsgi [None req-3cc50b82-d2ef-48f8-b7e9-27a1757be07e 0e82c857992b4ddbbaa44f82f57fcdc2 badff1a3a23c4e018c4d54c3adf2dcc1 - - default default] 10.0.0.122 "GET /v2.0/agents?binary=ovn-controller HTTP/1.1" status: 200 len: 591 time: 0.0099812
2026-04-27 22:03:35.549 10 INFO neutron.api.wsgi [None req-0bd4151a-2da2-4512-bfd7-0396adf00115 0e82c857992b4ddbbaa44f82f57fcdc2 badff1a3a23c4e018c4d54c3adf2dcc1 - - default default] 10.0.0.122 "GET /v2.0/subnets HTTP/1.1" status: 200 len: 1484 time: 0.0312283
2026-04-27 22:03:38.569 9 INFO neutron.api.wsgi [-] 10.0.0.204 "GET / HTTP/1.1" status: 200 len: 247 time: 0.0030210
2026-04-27 22:03:38.574 9 INFO neutron.api.wsgi [-] 10.0.0.204 "GET / HTTP/1.1" status: 200 len: 247 time: 0.0040958
2026-04-27 22:03:53.569 9 INFO neutron.api.wsgi [-] 10.0.0.204 "GET / HTTP/1.1" status: 200 len: 247 time: 0.0023160
2026-04-27 22:03:53.569 10 INFO neutron.api.wsgi [-] 10.0.0.204 "GET / HTTP/1.1" status: 200 len: 247 time: 0.0023580
2026-04-27 22:04:08.571 10 INFO neutron.api.wsgi [-] 10.0.0.204 "GET / HTTP/1.1" status: 200 len: 247 time: 0.0028818
2026-04-27 22:04:08.572 9 INFO neutron.api.wsgi [-] 10.0.0.204 "GET / HTTP/1.1" status: 200 len: 247 time: 0.0039361
2026-04-27 22:04:18.481 10 INFO neutron.api.v2.resource [None req-2f1b11bd-1c7b-4613-95e8-1dcf7bfe43cd 0e82c857992b4ddbbaa44f82f57fcdc2 badff1a3a23c4e018c4d54c3adf2dcc1 - - default default] show failed (client error): The resource could not be found.
2026-04-27 22:04:18.482 10 INFO neutron.api.wsgi [None req-2f1b11bd-1c7b-4613-95e8-1dcf7bfe43cd 0e82c857992b4ddbbaa44f82f57fcdc2 badff1a3a23c4e018c4d54c3adf2dcc1 - - default default] 199.19.213.228,10.0.0.204 "GET /v2.0/security-groups/manila-service-security-group?project_id=85c3324aefca416482414cbe12d2d06b HTTP/1.1" status: 404 len: 321 time: 0.0490732
2026-04-27 22:04:18.525 10 INFO neutron.api.wsgi [None req-bc5ce6a1-63d3-41c7-806a-77b958847ced 0e82c857992b4ddbbaa44f82f57fcdc2 badff1a3a23c4e018c4d54c3adf2dcc1 - - default default] 199.19.213.228,10.0.0.204 "GET /v2.0/security-groups?name=manila-service-security-group&project_id=85c3324aefca416482414cbe12d2d06b HTTP/1.1" status: 200 len: 4248 time: 0.0388453
2026-04-27 22:04:19.649 10 INFO neutron.api.wsgi [None req-fe0e7962-2a4e-404c-8b44-422cf293e9f9 0e82c857992b4ddbbaa44f82f57fcdc2 badff1a3a23c4e018c4d54c3adf2dcc1 - - default default] 199.19.213.228,10.0.0.204 "GET /v2.0/security-groups/038bde63-2598-4a0e-b598-ebfebf0697bd?project_id=85c3324aefca416482414cbe12d2d06b HTTP/1.1" status: 200 len: 4251 time: 0.0689130
2026-04-27 22:04:19.683 10 INFO neutron.api.wsgi [None req-6ec37489-c355-4f0b-8865-50ec4a9d999b 0e82c857992b4ddbbaa44f82f57fcdc2 badff1a3a23c4e018c4d54c3adf2dcc1 - - default default] 199.19.213.228,10.0.0.204 "GET /v2.0/security-groups/038bde63-2598-4a0e-b598-ebfebf0697bd HTTP/1.1" status: 200 len: 4251 time: 0.0297740
2026-04-27 22:04:19.706 10 INFO neutron.api.wsgi [None req-51c14073-5171-4e72-9c04-ca87a8618503 0e82c857992b4ddbbaa44f82f57fcdc2 badff1a3a23c4e018c4d54c3adf2dcc1 - - default default] 199.19.213.228,10.0.0.204 "GET /v2.0/security-group-rules/5fa5e91e-b93d-45b0-bff4-55c9e931e227 HTTP/1.1" status: 200 len: 772 time: 0.0155029
2026-04-27 22:04:20.714 10 INFO neutron.api.wsgi [None req-6053843c-482d-4b08-8b71-602f2b91e381 0e82c857992b4ddbbaa44f82f57fcdc2 badff1a3a23c4e018c4d54c3adf2dcc1 - - default default] 199.19.213.228,10.0.0.204 "GET /v2.0/security-groups/038bde63-2598-4a0e-b598-ebfebf0697bd?project_id=85c3324aefca416482414cbe12d2d06b HTTP/1.1" status: 200 len: 4251 time: 0.0517995
2026-04-27 22:04:20.753 10 INFO neutron.api.wsgi [None req-7df3c73b-8e43-409b-8867-7bab7378f893 0e82c857992b4ddbbaa44f82f57fcdc2 badff1a3a23c4e018c4d54c3adf2dcc1 - - default default] 199.19.213.228,10.0.0.204 "GET /v2.0/security-groups/038bde63-2598-4a0e-b598-ebfebf0697bd HTTP/1.1" status: 200 len: 4251 time: 0.0307682
2026-04-27 22:04:20.775 10 INFO neutron.api.wsgi [None req-d370a8b6-440d-497d-b177-1b5742c6ffd8 0e82c857992b4ddbbaa44f82f57fcdc2 badff1a3a23c4e018c4d54c3adf2dcc1 - - default default] 199.19.213.228,10.0.0.204 "GET /v2.0/security-group-rules/345feffd-ec03-452f-b48b-234694cd9533 HTTP/1.1" status: 200 len: 774 time: 0.0153790
2026-04-27 22:04:21.731 10 INFO neutron.api.wsgi [None req-54c1fa93-677b-4540-baab-6a692ba33e10 0e82c857992b4ddbbaa44f82f57fcdc2 badff1a3a23c4e018c4d54c3adf2dcc1 - - default default] 199.19.213.228,10.0.0.204 "GET /v2.0/security-groups/038bde63-2598-4a0e-b598-ebfebf0697bd?project_id=85c3324aefca416482414cbe12d2d06b HTTP/1.1" status: 200 len: 4251 time: 0.0571630
2026-04-27 22:04:21.767 10 INFO neutron.api.wsgi [None req-29e069a8-4d72-4a5e-90a9-6d6c6a672c8d 0e82c857992b4ddbbaa44f82f57fcdc2 badff1a3a23c4e018c4d54c3adf2dcc1 - - default default] 199.19.213.228,10.0.0.204 "GET /v2.0/security-groups/038bde63-2598-4a0e-b598-ebfebf0697bd HTTP/1.1" status: 200 len: 4251 time: 0.0279746
2026-04-27 22:04:21.786 10 INFO neutron.api.wsgi [None req-a26b59c7-f32d-4528-b9d1-f5bb790d796e 0e82c857992b4ddbbaa44f82f57fcdc2 badff1a3a23c4e018c4d54c3adf2dcc1 - - default default] 199.19.213.228,10.0.0.204 "GET /v2.0/security-group-rules/0906fc03-e81b-4da4-85d4-6a8ebc3c9936 HTTP/1.1" status: 200 len: 776 time: 0.0122783
2026-04-27 22:04:22.781 10 INFO neutron.api.wsgi [None req-d08fe50a-176f-4d39-b6d1-94c92d5c35c1 0e82c857992b4ddbbaa44f82f57fcdc2 badff1a3a23c4e018c4d54c3adf2dcc1 - - default default] 199.19.213.228,10.0.0.204 "GET /v2.0/security-groups/038bde63-2598-4a0e-b598-ebfebf0697bd?project_id=85c3324aefca416482414cbe12d2d06b HTTP/1.1" status: 200 len: 4251 time: 0.0535383
2026-04-27 22:04:22.815 10 INFO neutron.api.wsgi [None req-bfb70cd6-3655-45aa-b6f9-b5d2257f295d 0e82c857992b4ddbbaa44f82f57fcdc2 badff1a3a23c4e018c4d54c3adf2dcc1 - - default default] 199.19.213.228,10.0.0.204 "GET /v2.0/security-groups/038bde63-2598-4a0e-b598-ebfebf0697bd HTTP/1.1" status: 200 len: 4251 time: 0.0271645
2026-04-27 22:04:22.835 10 INFO neutron.api.wsgi [None req-35d9f01f-46a7-444c-85eb-bbb3ab1ee838 0e82c857992b4ddbbaa44f82f57fcdc2 badff1a3a23c4e018c4d54c3adf2dcc1 - - default default] 199.19.213.228,10.0.0.204 "GET /v2.0/security-group-rules/51823c8a-7cbb-436c-a38d-fac779a53b07 HTTP/1.1" status: 200 len: 777 time: 0.0123584
2026-04-27 22:04:23.570 9 INFO neutron.api.wsgi [-] 10.0.0.204 "GET / HTTP/1.1" status: 200 len: 247 time: 0.0031748
2026-04-27 22:04:23.571 10 INFO neutron.api.wsgi [-] 10.0.0.204 "GET / HTTP/1.1" status: 200 len: 247 time: 0.0039434
2026-04-27 22:04:29.924 10 INFO neutron.api.wsgi [None req-3be0e86c-cb81-4d94-b705-269694baedae 0e82c857992b4ddbbaa44f82f57fcdc2 badff1a3a23c4e018c4d54c3adf2dcc1 - - default default] 199.19.213.228,10.0.0.204 "GET /v2.0/quotas/85c3324aefca416482414cbe12d2d06b HTTP/1.1" status: 200 len: 466 time: 0.0096812
2026-04-27 22:04:35.250 10 INFO neutron.api.wsgi [None req-44797b6a-4624-4ee2-8224-f21cba32fd25 0e82c857992b4ddbbaa44f82f57fcdc2 badff1a3a23c4e018c4d54c3adf2dcc1 - - default default] 10.0.0.122 "GET /v2.0/subnets HTTP/1.1" status: 200 len: 1484 time: 0.0701165
2026-04-27 22:04:35.260 10 INFO neutron.api.wsgi [None req-2e0f3047-bc00-4395-8ffe-46138ec0835b 0e82c857992b4ddbbaa44f82f57fcdc2 badff1a3a23c4e018c4d54c3adf2dcc1 - - default default] 10.0.0.122 "GET /v2.0/subnetpools HTTP/1.1" status: 200 len: 193 time: 0.0092788
2026-04-27 22:04:35.307 10 INFO neutron.api.wsgi [None req-d0c2d0bb-0e8f-4425-8ca7-dd5e26cd2aae 0e82c857992b4ddbbaa44f82f57fcdc2 badff1a3a23c4e018c4d54c3adf2dcc1 - - default default] 10.0.0.122 "GET /v2.0/networks HTTP/1.1" status: 200 len: 2350 time: 0.0459127
2026-04-27 22:04:35.352 10 INFO neutron.api.wsgi [None req-4e80cf12-a465-45bc-b574-0e5624f11210 0e82c857992b4ddbbaa44f82f57fcdc2 badff1a3a23c4e018c4d54c3adf2dcc1 - - default default] 10.0.0.122 "GET /v2.0/ports HTTP/1.1" status: 200 len: 5351 time: 0.0420287
2026-04-27 22:04:35.370 10 INFO neutron.api.wsgi [None req-833aa510-79ba-4856-9989-2a300cddd397 0e82c857992b4ddbbaa44f82f57fcdc2 badff1a3a23c4e018c4d54c3adf2dcc1 - - default default] 10.0.0.122 "GET /v2.0/routers HTTP/1.1" status: 200 len: 189 time: 0.0146368
2026-04-27 22:04:35.406 10 INFO neutron.api.wsgi [None req-f7315344-d710-4db6-ac9b-cf5de30bef76 0e82c857992b4ddbbaa44f82f57fcdc2 badff1a3a23c4e018c4d54c3adf2dcc1 - - default default] 10.0.0.122 "GET /v2.0/agents?binary=ovn-controller HTTP/1.1" status: 200 len: 591 time: 0.0354004
2026-04-27 22:04:35.441 10 INFO neutron.api.wsgi [None req-443383e6-82a7-492a-906d-6dc699b2a559 0e82c857992b4ddbbaa44f82f57fcdc2 badff1a3a23c4e018c4d54c3adf2dcc1 - - default default] 10.0.0.122 "GET /v2.0/security-groups HTTP/1.1" status: 200 len: 17578 time: 0.0340393
2026-04-27 22:04:35.459 10 INFO neutron.api.wsgi [None req-ffe08919-e94b-40aa-9e3f-051e52d6798f 0e82c857992b4ddbbaa44f82f57fcdc2 badff1a3a23c4e018c4d54c3adf2dcc1 - - default default] 10.0.0.122 "GET /v2.0/network-ip-availabilities HTTP/1.1" status: 200 len: 1280 time: 0.0118358
2026-04-27 22:04:35.481 10 INFO neutron.api.wsgi [None req-4c73e1b1-d753-4786-8004-058109a58938 0e82c857992b4ddbbaa44f82f57fcdc2 badff1a3a23c4e018c4d54c3adf2dcc1 - - default default] 10.0.0.122 "GET /v2.0/subnets HTTP/1.1" status: 200 len: 1484 time: 0.0205975
2026-04-27 22:04:35.493 10 INFO neutron.api.wsgi [None req-9302d62a-78ed-48fd-b344-a4b6f294ffca 0e82c857992b4ddbbaa44f82f57fcdc2 badff1a3a23c4e018c4d54c3adf2dcc1 - - default default] 10.0.0.122 "GET /v2.0/agents HTTP/1.1" status: 200 len: 1390 time: 0.0112545
2026-04-27 22:04:35.505 10 INFO neutron.api.wsgi [None req-81a3b923-aedf-4ce0-8708-978d9a3110b3 0e82c857992b4ddbbaa44f82f57fcdc2 badff1a3a23c4e018c4d54c3adf2dcc1 - - default default] 10.0.0.122 "GET /v2.0/floatingips HTTP/1.1" status: 200 len: 193 time: 0.0103104
2026-04-27 22:04:38.569 10 INFO neutron.api.wsgi [-] 10.0.0.204 "GET / HTTP/1.1" status: 200 len: 247 time: 0.0026202
2026-04-27 22:04:38.570 9 INFO neutron.api.wsgi [-] 10.0.0.204 "GET / HTTP/1.1" status: 200 len: 247 time: 0.0037401
2026-04-27 22:04:40.375 15 INFO neutron.plugins.ml2.drivers.ovn.mech_driver.ovsdb.maintenance [None req-dc3a34d6-33cd-47d6-8dec-e27bab638394 - - - - - -] OVN maintenance task check_for_inconsistencies finished in 0.016 seconds
2026-04-27 22:04:53.570 10 INFO neutron.api.wsgi [-] 10.0.0.204 "GET / HTTP/1.1" status: 200 len: 247 time: 0.0025403
