2026-04-27 22:07:17.754 9 INFO neutron.api.wsgi [None req-6d2fb099-2f61-47fc-9c9c-3b7d83e5b102 0e82c857992b4ddbbaa44f82f57fcdc2 badff1a3a23c4e018c4d54c3adf2dcc1 - - default default] 10.0.0.231 "DELETE /v2.0/security-groups/02cc9f4d-6092-4b0c-bc74-50beb3f97a31 HTTP/1.1" status: 204 len: 168 time: 0.2202768
2026-04-27 22:07:17.876 10 INFO neutron.db.ovn_revision_numbers_db [None req-25833007-4416-4aaa-be63-7501d9e4d950 b190cd0a78684813b2bcb348d103d979 d294d4267df748699138ba6bde02c59b - - default default] Successfully bumped revision number for resource 1d17cf56-abe7-4999-80ce-40e3df69864a (type: floatingips) to 1 /var/lib/openstack/lib/python3.12/site-packages/pycadf/identifier.py:71: UserWarning: Invalid uuid: neutron. To ensure interoperability, identifiers should be a valid uuid. warnings.warn(('Invalid uuid: %s. To ensure interoperability, '
2026-04-27 22:07:17.954 9 INFO neutron.api.wsgi [req-20fad750-3a2c-4c32-bff7-f17caa97928d req-11ff0977-84bd-4d14-8d30-a7fec21d94b2 574141f4da6c4ad8ab3a6842a6d97c5a 85c3324aefca416482414cbe12d2d06b - - dad4b4b2a7e544489a0095d9c3514c2a dad4b4b2a7e544489a0095d9c3514c2a] 199.19.213.228 "GET /v2.0/ports?tenant_id=4e80522e26014cd68ef40550e9ae4233&device_id=5d28859f-4648-4359-9e33-c4bcd5b04752 HTTP/1.1" status: 200 len: 1411 time: 0.0365174
2026-04-27 22:07:17.983 10 INFO neutron.db.ovn_revision_numbers_db [None req-25833007-4416-4aaa-be63-7501d9e4d950 b190cd0a78684813b2bcb348d103d979 d294d4267df748699138ba6bde02c59b - - default default] Successfully bumped revision number for resource 1d17cf56-abe7-4999-80ce-40e3df69864a (type: floatingips) to 2
2026-04-27 22:07:17.983 10 INFO neutron.db.l3_db [None req-25833007-4416-4aaa-be63-7501d9e4d950 b190cd0a78684813b2bcb348d103d979 d294d4267df748699138ba6bde02c59b - - default default] Floating IP 1d17cf56-abe7-4999-80ce-40e3df69864a associated. External IP: 10.96.250.207, port: 9866119b-20d8-46e4-9e6f-26ee38d97197.
2026-04-27 22:07:18.022 10 INFO neutron.api.wsgi [None req-25833007-4416-4aaa-be63-7501d9e4d950 b190cd0a78684813b2bcb348d103d979 d294d4267df748699138ba6bde02c59b - - default default] 10.0.0.231 "PUT /v2.0/floatingips/1d17cf56-abe7-4999-80ce-40e3df69864a HTTP/1.1" status: 200 len: 1049 time: 0.6257341
2026-04-27 22:07:18.027 9 INFO neutron.api.wsgi [req-20fad750-3a2c-4c32-bff7-f17caa97928d req-4e88520f-6036-424e-983f-6cef83d1f976 574141f4da6c4ad8ab3a6842a6d97c5a 85c3324aefca416482414cbe12d2d06b - - dad4b4b2a7e544489a0095d9c3514c2a dad4b4b2a7e544489a0095d9c3514c2a] 199.19.213.228 "GET /v2.0/networks?tenant_id=4e80522e26014cd68ef40550e9ae4233&shared=False HTTP/1.1" status: 200 len: 976 time: 0.0656486
2026-04-27 22:07:18.073 9 INFO neutron.api.wsgi [req-20fad750-3a2c-4c32-bff7-f17caa97928d req-1c64777e-fdfa-4bda-94fb-b143a3114b36 574141f4da6c4ad8ab3a6842a6d97c5a 85c3324aefca416482414cbe12d2d06b - - dad4b4b2a7e544489a0095d9c3514c2a dad4b4b2a7e544489a0095d9c3514c2a] 199.19.213.228 "GET /v2.0/networks?shared=True HTTP/1.1" status: 200 len: 952 time: 0.0413954
2026-04-27 22:07:18.528 9 INFO neutron.api.wsgi [req-f753e038-046e-43ba-86c0-2e3bf080faf6 req-ecabfbfb-1bc1-44e7-b576-ea8bafe1c19d f4ea4fc34c1a40b1ba4a21897c742d5c 4e80522e26014cd68ef40550e9ae4233 - - default default] 10.0.0.152 "GET /v2.0/ports?device_id=5d28859f-4648-4359-9e33-c4bcd5b04752 HTTP/1.1" status: 200 len: 1172 time: 0.0372601
2026-04-27 22:07:18.570 9 INFO neutron.api.wsgi [req-f753e038-046e-43ba-86c0-2e3bf080faf6 req-e9804bbe-af7d-4094-9611-f34e59cb8f5f f4ea4fc34c1a40b1ba4a21897c742d5c 4e80522e26014cd68ef40550e9ae4233 - - default default] 10.0.0.152 "GET /v2.0/security-groups?id=ccddbb33-f9e4-4ac1-b0d6-e51ee9676110&fields=id&fields=name HTTP/1.1" status: 200 len: 286 time: 0.0348623
2026-04-27 22:07:18.885 10 INFO neutron.db.ovn_revision_numbers_db [None req-9bad5556-cccf-4211-a580-5de94853c53a 0e82c857992b4ddbbaa44f82f57fcdc2 badff1a3a23c4e018c4d54c3adf2dcc1 - - default default] Successfully bumped revision number for resource 614679e4-2929-40bd-bed2-8d2193378091 (type: security_groups) to 1
2026-04-27 22:07:18.897 10 INFO neutron.db.ovn_revision_numbers_db [None req-9bad5556-cccf-4211-a580-5de94853c53a 0e82c857992b4ddbbaa44f82f57fcdc2 badff1a3a23c4e018c4d54c3adf2dcc1 - - default default] Successfully bumped revision number for resource 58f90821-044a-4b5e-91ba-fd1d2b32bcbe (type: security_group_rules) to 0
2026-04-27 22:07:18.908 10 INFO neutron.db.ovn_revision_numbers_db [None req-9bad5556-cccf-4211-a580-5de94853c53a 0e82c857992b4ddbbaa44f82f57fcdc2 badff1a3a23c4e018c4d54c3adf2dcc1 - - default default] Successfully bumped revision number for resource 93da51ca-8bd1-408f-a0df-94232f55dba5 (type: security_group_rules) to 0
2026-04-27 22:07:18.921 10 INFO neutron.db.ovn_revision_numbers_db [None req-9bad5556-cccf-4211-a580-5de94853c53a 0e82c857992b4ddbbaa44f82f57fcdc2 badff1a3a23c4e018c4d54c3adf2dcc1 - - default default] Successfully bumped revision number for resource 9a00d7c0-8760-4e59-ae3d-fe4ba75be7b8 (type: security_group_rules) to 0
2026-04-27 22:07:18.935 10 INFO neutron.db.ovn_revision_numbers_db [None req-9bad5556-cccf-4211-a580-5de94853c53a 0e82c857992b4ddbbaa44f82f57fcdc2 badff1a3a23c4e018c4d54c3adf2dcc1 - - default default] Successfully bumped revision number for resource fcbf31ec-10ce-4714-9970-e4ecb30a97bd (type: security_group_rules) to 0
2026-04-27 22:07:18.963 10 INFO neutron.api.wsgi [None req-9bad5556-cccf-4211-a580-5de94853c53a 0e82c857992b4ddbbaa44f82f57fcdc2 badff1a3a23c4e018c4d54c3adf2dcc1 - - default default] 10.0.0.231 "GET /v2.0/security-groups?tenant_id=ee6fc783494f4702b4264fe30ab885af&name=default HTTP/1.1" status: 200 len: 3120 time: 0.3549542
2026-04-27 22:07:19.130 9 INFO neutron.api.wsgi [req-680638db-f1c5-4c80-9cbb-453137171045 req-eacea079-1d34-4b79-bb6e-5b1ae763cf03 574141f4da6c4ad8ab3a6842a6d97c5a 85c3324aefca416482414cbe12d2d06b - - dad4b4b2a7e544489a0095d9c3514c2a dad4b4b2a7e544489a0095d9c3514c2a] 199.19.213.228 "GET /v2.0/ports?tenant_id=4e80522e26014cd68ef40550e9ae4233&device_id=5d28859f-4648-4359-9e33-c4bcd5b04752 HTTP/1.1" status: 200 len: 1411 time: 0.0403228
2026-04-27 22:07:19.154 9 INFO neutron.api.wsgi [req-680638db-f1c5-4c80-9cbb-453137171045 req-91dfd985-db97-49d7-bd5a-383f7ae3cff0 574141f4da6c4ad8ab3a6842a6d97c5a 85c3324aefca416482414cbe12d2d06b - - dad4b4b2a7e544489a0095d9c3514c2a dad4b4b2a7e544489a0095d9c3514c2a] 199.19.213.228 "GET /v2.0/floatingips?fixed_ip_address=10.100.0.10&port_id=db6f3268-0c85-457b-9799-fbb5c2a356bb HTTP/1.1" status: 200 len: 217 time: 0.0198433
2026-04-27 22:07:19.165 10 INFO neutron.api.wsgi [None req-cf796e86-54da-4dd3-9b2e-fb1609cd96e9 0e82c857992b4ddbbaa44f82f57fcdc2 badff1a3a23c4e018c4d54c3adf2dcc1 - - default default] 10.0.0.231 "DELETE /v2.0/security-groups/614679e4-2929-40bd-bed2-8d2193378091 HTTP/1.1" status: 204 len: 168 time: 0.1968267
2026-04-27 22:07:19.188 9 INFO neutron.api.wsgi [req-680638db-f1c5-4c80-9cbb-453137171045 req-f32bc5bb-68ec-4484-8808-4712fcb3db12 574141f4da6c4ad8ab3a6842a6d97c5a 85c3324aefca416482414cbe12d2d06b - - dad4b4b2a7e544489a0095d9c3514c2a dad4b4b2a7e544489a0095d9c3514c2a] 199.19.213.228 "GET /v2.0/subnets?id=b9a7eb0a-a7ac-42f3-8047-2308cab44ba3 HTTP/1.1" status: 200 len: 895 time: 0.0283732
2026-04-27 22:07:19.427 9 INFO neutron.api.wsgi [req-680638db-f1c5-4c80-9cbb-453137171045 req-bd722807-da62-4346-8172-6e97d98a8116 574141f4da6c4ad8ab3a6842a6d97c5a 85c3324aefca416482414cbe12d2d06b - - dad4b4b2a7e544489a0095d9c3514c2a dad4b4b2a7e544489a0095d9c3514c2a] 199.19.213.228 "GET /v2.0/ports?network_id=7b2785c7-d6f6-46cf-b8a8-e0e72c095271&device_owner=network%3Adhcp HTTP/1.1" status: 200 len: 210 time: 0.2326357
2026-04-27 22:07:19.434 10 INFO neutron.db.ovn_revision_numbers_db [None req-adfb653d-4551-4d7b-aaf3-298670fec07b 0e82c857992b4ddbbaa44f82f57fcdc2 badff1a3a23c4e018c4d54c3adf2dcc1 - - default default] Successfully bumped revision number for resource b652c4ad-1658-4c1f-928d-1fae0ad8a8a3 (type: security_groups) to 1
2026-04-27 22:07:19.451 10 INFO neutron.db.ovn_revision_numbers_db [None req-adfb653d-4551-4d7b-aaf3-298670fec07b 0e82c857992b4ddbbaa44f82f57fcdc2 badff1a3a23c4e018c4d54c3adf2dcc1 - - default default] Successfully bumped revision number for resource 12d1be41-3636-4ecf-85aa-0317e491a03c (type: security_group_rules) to 0
2026-04-27 22:07:19.462 10 INFO neutron.db.ovn_revision_numbers_db [None req-adfb653d-4551-4d7b-aaf3-298670fec07b 0e82c857992b4ddbbaa44f82f57fcdc2 badff1a3a23c4e018c4d54c3adf2dcc1 - - default default] Successfully bumped revision number for resource 8935e013-d17a-464a-bc69-3278e1ef6dea (type: security_group_rules) to 0
2026-04-27 22:07:19.473 9 INFO neutron.api.wsgi [req-680638db-f1c5-4c80-9cbb-453137171045 req-3601c4de-6a38-42f4-9ca0-48e487fd196c 574141f4da6c4ad8ab3a6842a6d97c5a 85c3324aefca416482414cbe12d2d06b - - dad4b4b2a7e544489a0095d9c3514c2a dad4b4b2a7e544489a0095d9c3514c2a] 199.19.213.228 "GET /v2.0/networks/7b2785c7-d6f6-46cf-b8a8-e0e72c095271?fields=segments HTTP/1.1" status: 200 len: 212 time: 0.0414307
2026-04-27 22:07:19.484 10 INFO neutron.db.ovn_revision_numbers_db [None req-adfb653d-4551-4d7b-aaf3-298670fec07b 0e82c857992b4ddbbaa44f82f57fcdc2 badff1a3a23c4e018c4d54c3adf2dcc1 - - default default] Successfully bumped revision number for resource b102a80a-332f-4894-9878-c8aa1d32f687 (type: security_group_rules) to 0
2026-04-27 22:07:19.498 10 INFO neutron.db.ovn_revision_numbers_db [None req-adfb653d-4551-4d7b-aaf3-298670fec07b 0e82c857992b4ddbbaa44f82f57fcdc2 badff1a3a23c4e018c4d54c3adf2dcc1 - - default default] Successfully bumped revision number for resource def84414-0e6f-41af-b873-2a8b6bd99ab4 (type: security_group_rules) to 0
2026-04-27 22:07:19.529 9 INFO neutron.api.wsgi [req-680638db-f1c5-4c80-9cbb-453137171045 req-4373d91b-5cf5-4e20-9996-981b31e65660 574141f4da6c4ad8ab3a6842a6d97c5a 85c3324aefca416482414cbe12d2d06b - - dad4b4b2a7e544489a0095d9c3514c2a dad4b4b2a7e544489a0095d9c3514c2a] 199.19.213.228 "GET /v2.0/networks/7b2785c7-d6f6-46cf-b8a8-e0e72c095271?fields=provider%3Aphysical_network&fields=provider%3Anetwork_type HTTP/1.1" status: 200 len: 277 time: 0.0508957
2026-04-27 22:07:19.540 10 INFO neutron.api.wsgi [None req-adfb653d-4551-4d7b-aaf3-298670fec07b 0e82c857992b4ddbbaa44f82f57fcdc2 badff1a3a23c4e018c4d54c3adf2dcc1 - - default default] 10.0.0.231 "GET /v2.0/security-groups?tenant_id=9b744d1c0d494a73ba4e9e9e706dbbbf&name=default HTTP/1.1" status: 200 len: 3120 time: 0.1982939
2026-04-27 22:07:19.555 10 WARNING neutron_lib.context [None req-eb35da22-33e8-43e3-b3f4-9162979c4e74 016e39b22eba4b17a3c190222e9ae139 29b6a54feb4e49299c0875aca8c5b1e8 - - default default] Method 'is_advsvc' is deprecated since 2023.2 release (neutron-lib 3.8.0) and will be removed once support for the old RBAC API policies will be removed from Neutron. Please use method 'is_service_role' instead.
2026-04-27 22:07:19.593 10 INFO neutron.notifiers.nova [-] Nova event matching ['req-6c9b4170-413b-405a-b5ea-f24d9ef472b0'] response: {'name': 'network-changed', 'server_uuid': '573bd9f2-4136-48f7-9bf8-89b4311c7757', 'tag': '9866119b-20d8-46e4-9e6f-26ee38d97197', 'status': 'completed', 'code': 200}
2026-04-27 22:07:19.682 9 INFO neutron.api.wsgi [req-66f0c741-5234-44a6-8632-8ba34842a42c req-91ccdeb8-ca16-4bf7-b0d9-d5dcfb8b676d f4ea4fc34c1a40b1ba4a21897c742d5c 4e80522e26014cd68ef40550e9ae4233 - - default default] 10.0.0.152 "GET /v2.0/ports?device_id=5d28859f-4648-4359-9e33-c4bcd5b04752 HTTP/1.1" status: 200 len: 1172 time: 0.0319712
2026-04-27 22:07:19.717 9 INFO neutron.api.wsgi [req-66f0c741-5234-44a6-8632-8ba34842a42c req-65fe5f15-adb2-4efb-a3d7-4fe908230c66 f4ea4fc34c1a40b1ba4a21897c742d5c 4e80522e26014cd68ef40550e9ae4233 - - default default] 10.0.0.152 "GET /v2.0/security-groups?id=ccddbb33-f9e4-4ac1-b0d6-e51ee9676110&fields=id&fields=name HTTP/1.1" status: 200 len: 286 time: 0.0293682
2026-04-27 22:07:19.728 10 INFO neutron.db.ovn_revision_numbers_db [None req-eb35da22-33e8-43e3-b3f4-9162979c4e74 016e39b22eba4b17a3c190222e9ae139 29b6a54feb4e49299c0875aca8c5b1e8 - - default default] Successfully bumped revision number for resource 29455d3d-d9c0-4eb4-bd0d-575c0ba38357 (type: security_groups) to 1
2026-04-27 22:07:19.740 10 INFO neutron.db.ovn_revision_numbers_db [None req-eb35da22-33e8-43e3-b3f4-9162979c4e74 016e39b22eba4b17a3c190222e9ae139 29b6a54feb4e49299c0875aca8c5b1e8 - - default default] Successfully bumped revision number for resource 72badc7d-dc1a-49bb-a7f2-0d6971d38710 (type: security_group_rules) to 0
2026-04-27 22:07:19.751 10 INFO neutron.db.ovn_revision_numbers_db [None req-eb35da22-33e8-43e3-b3f4-9162979c4e74 016e39b22eba4b17a3c190222e9ae139 29b6a54feb4e49299c0875aca8c5b1e8 - - default default] Successfully bumped revision number for resource a399ce19-4c0f-4d0a-8568-636a02be7e33 (type: security_group_rules) to 0
2026-04-27 22:07:19.764 10 INFO neutron.db.ovn_revision_numbers_db [None req-eb35da22-33e8-43e3-b3f4-9162979c4e74 016e39b22eba4b17a3c190222e9ae139 29b6a54feb4e49299c0875aca8c5b1e8 - - default default] Successfully bumped revision number for resource cd520be2-29c5-42bb-85e4-1b2136214083 (type: security_group_rules) to 0
2026-04-27 22:07:19.780 10 INFO neutron.db.ovn_revision_numbers_db [None req-eb35da22-33e8-43e3-b3f4-9162979c4e74 016e39b22eba4b17a3c190222e9ae139 29b6a54feb4e49299c0875aca8c5b1e8 - - default default] Successfully bumped revision number for resource d62d4a3e-3ff0-45b7-b75b-a0322627fc07 (type: security_group_rules) to 0
2026-04-27 22:07:19.788 10 INFO neutron.api.wsgi [None req-311b82f3-3277-4351-8e1c-83acbda2c3de 0e82c857992b4ddbbaa44f82f57fcdc2 badff1a3a23c4e018c4d54c3adf2dcc1 - - default default] 10.0.0.231 "DELETE /v2.0/security-groups/b652c4ad-1658-4c1f-928d-1fae0ad8a8a3 HTTP/1.1" status: 204 len: 168 time: 0.2426159
2026-04-27 22:07:19.842 10 INFO neutron.db.segments_db [None req-eb35da22-33e8-43e3-b3f4-9162979c4e74 016e39b22eba4b17a3c190222e9ae139 29b6a54feb4e49299c0875aca8c5b1e8 - - default default] Added segment a3b7efd2-ed41-4cfc-833b-119686ca9d9d of type geneve for network 418f2921-78b6-4e33-8ac8-f246583b4489
2026-04-27 22:07:19.951 10 INFO neutron.db.ovn_revision_numbers_db [None req-eb35da22-33e8-43e3-b3f4-9162979c4e74 016e39b22eba4b17a3c190222e9ae139 29b6a54feb4e49299c0875aca8c5b1e8 - - default default] Successfully bumped revision number for resource 418f2921-78b6-4e33-8ac8-f246583b4489 (type: networks) to 1
2026-04-27 22:07:20.118 10 WARNING neutron.scheduler.dhcp_agent_scheduler [None req-eb35da22-33e8-43e3-b3f4-9162979c4e74 016e39b22eba4b17a3c190222e9ae139 29b6a54feb4e49299c0875aca8c5b1e8 - - default default] No more DHCP agents
2026-04-27 22:07:20.120 10 WARNING neutron.api.rpc.agentnotifiers.dhcp_rpc_agent_api [None req-eb35da22-33e8-43e3-b3f4-9162979c4e74 016e39b22eba4b17a3c190222e9ae139 29b6a54feb4e49299c0875aca8c5b1e8 - - default default] Unable to schedule network 418f2921-78b6-4e33-8ac8-f246583b4489: no agents available; will retry on subsequent port and subnet creation events.
2026-04-27 22:07:20.136 9 INFO neutron.api.wsgi [req-67361b00-ba94-4686-98ae-b9bb01db5a1c req-ec82024c-4cdf-4e94-badc-522b088e71d5 574141f4da6c4ad8ab3a6842a6d97c5a 85c3324aefca416482414cbe12d2d06b - - dad4b4b2a7e544489a0095d9c3514c2a dad4b4b2a7e544489a0095d9c3514c2a] 199.19.213.228 "GET /v2.0/ports?tenant_id=d294d4267df748699138ba6bde02c59b&device_id=573bd9f2-4136-48f7-9bf8-89b4311c7757 HTTP/1.1" status: 200 len: 1409 time: 0.0340490
2026-04-27 22:07:20.203 9 INFO neutron.api.wsgi [req-67361b00-ba94-4686-98ae-b9bb01db5a1c req-7d655752-dace-4254-b7db-b947fed131cc 574141f4da6c4ad8ab3a6842a6d97c5a 85c3324aefca416482414cbe12d2d06b - - dad4b4b2a7e544489a0095d9c3514c2a dad4b4b2a7e544489a0095d9c3514c2a] 199.19.213.228 "GET /v2.0/networks?id=18c94c7f-d2c1-4827-8e50-44457ca16f0e HTTP/1.1" status: 200 len: 971 time: 0.0610297
2026-04-27 22:07:20.237 10 INFO neutron.db.ovn_revision_numbers_db [None req-eb35da22-33e8-43e3-b3f4-9162979c4e74 016e39b22eba4b17a3c190222e9ae139 29b6a54feb4e49299c0875aca8c5b1e8 - - default default] Successfully bumped revision number for resource 3c3330e1-8907-44c3-81c5-e3955239716e (type: ports) to 1
2026-04-27 22:07:20.243 9 INFO neutron.api.wsgi [req-67361b00-ba94-4686-98ae-b9bb01db5a1c req-7cbc260c-f161-48a3-a4b4-1f1f70fa70c1 574141f4da6c4ad8ab3a6842a6d97c5a 85c3324aefca416482414cbe12d2d06b - - dad4b4b2a7e544489a0095d9c3514c2a dad4b4b2a7e544489a0095d9c3514c2a] 199.19.213.228 "GET /v2.0/floatingips?fixed_ip_address=10.100.0.4&port_id=9866119b-20d8-46e4-9e6f-26ee38d97197 HTTP/1.1" status: 200 len: 1059 time: 0.0343833
2026-04-27 22:07:20.261 10 INFO neutron.api.wsgi [None req-eb35da22-33e8-43e3-b3f4-9162979c4e74 016e39b22eba4b17a3c190222e9ae139 29b6a54feb4e49299c0875aca8c5b1e8 - - default default] 10.0.0.231 "POST /v2.0/networks HTTP/1.1" status: 201 len: 833 time: 0.8279209
2026-04-27 22:07:20.270 9 WARNING neutron_lib.context [None req-9cb4a292-9a44-429a-8942-46d87c92246d 016e39b22eba4b17a3c190222e9ae139 29b6a54feb4e49299c0875aca8c5b1e8 - - default default] Method 'is_advsvc' is deprecated since 2023.2 release (neutron-lib 3.8.0) and will be removed once support for the old RBAC API policies will be removed from Neutron. Please use method 'is_service_role' instead.
2026-04-27 22:07:20.281 9 INFO neutron.api.wsgi [req-67361b00-ba94-4686-98ae-b9bb01db5a1c req-1e009235-6ee8-4ff8-8adc-ca5ad38b788c 574141f4da6c4ad8ab3a6842a6d97c5a 85c3324aefca416482414cbe12d2d06b - - dad4b4b2a7e544489a0095d9c3514c2a dad4b4b2a7e544489a0095d9c3514c2a] 199.19.213.228 "GET /v2.0/subnets?id=130481c3-6eef-4e39-83f2-e9c776c8c0ab HTTP/1.1" status: 200 len: 890 time: 0.0324323
2026-04-27 22:07:20.297 9 INFO neutron.api.wsgi [req-67361b00-ba94-4686-98ae-b9bb01db5a1c req-f6291d32-8b20-4800-b8d7-041a7df298b5 574141f4da6c4ad8ab3a6842a6d97c5a 85c3324aefca416482414cbe12d2d06b - - dad4b4b2a7e544489a0095d9c3514c2a dad4b4b2a7e544489a0095d9c3514c2a] 199.19.213.228 "GET /v2.0/ports?network_id=18c94c7f-d2c1-4827-8e50-44457ca16f0e&device_owner=network%3Adhcp HTTP/1.1" status: 200 len: 210 time: 0.0133893
2026-04-27 22:07:20.343 9 INFO neutron.api.wsgi [req-67361b00-ba94-4686-98ae-b9bb01db5a1c req-e0bd4105-b31b-466f-ad8c-ab6e97f6436b 574141f4da6c4ad8ab3a6842a6d97c5a 85c3324aefca416482414cbe12d2d06b - - dad4b4b2a7e544489a0095d9c3514c2a dad4b4b2a7e544489a0095d9c3514c2a] 199.19.213.228 "GET /v2.0/networks/18c94c7f-d2c1-4827-8e50-44457ca16f0e?fields=segments HTTP/1.1" status: 200 len: 212 time: 0.0412841
2026-04-27 22:07:20.366 9 INFO neutron.db.segments_db [None req-9cb4a292-9a44-429a-8942-46d87c92246d 016e39b22eba4b17a3c190222e9ae139 29b6a54feb4e49299c0875aca8c5b1e8 - - default default] Added segment c591497b-1d65-466c-867c-a0ef0abb7c48 of type geneve for network 7bdf705c-cde8-4b03-9a95-bc7d0a81f783
2026-04-27 22:07:20.397 9 INFO neutron.api.wsgi [req-67361b00-ba94-4686-98ae-b9bb01db5a1c req-abc60719-831f-47e0-a729-a71f0375fbd6 574141f4da6c4ad8ab3a6842a6d97c5a 85c3324aefca416482414cbe12d2d06b - - dad4b4b2a7e544489a0095d9c3514c2a dad4b4b2a7e544489a0095d9c3514c2a] 199.19.213.228 "GET /v2.0/networks/18c94c7f-d2c1-4827-8e50-44457ca16f0e?fields=provider%3Aphysical_network&fields=provider%3Anetwork_type HTTP/1.1" status: 200 len: 277 time: 0.0482364
2026-04-27 22:07:20.472 9 INFO neutron.db.ovn_revision_numbers_db [None req-9cb4a292-9a44-429a-8942-46d87c92246d 016e39b22eba4b17a3c190222e9ae139 29b6a54feb4e49299c0875aca8c5b1e8 - - default default] Successfully bumped revision number for resource 7bdf705c-cde8-4b03-9a95-bc7d0a81f783 (type: networks) to 1
2026-04-27 22:07:20.620 9 WARNING neutron.scheduler.dhcp_agent_scheduler [None req-9cb4a292-9a44-429a-8942-46d87c92246d 016e39b22eba4b17a3c190222e9ae139 29b6a54feb4e49299c0875aca8c5b1e8 - - default default] No more DHCP agents
2026-04-27 22:07:20.622 9 WARNING neutron.api.rpc.agentnotifiers.dhcp_rpc_agent_api [None req-9cb4a292-9a44-429a-8942-46d87c92246d 016e39b22eba4b17a3c190222e9ae139 29b6a54feb4e49299c0875aca8c5b1e8 - - default default] Unable to schedule network 7bdf705c-cde8-4b03-9a95-bc7d0a81f783: no agents available; will retry on subsequent port and subnet creation events.
2026-04-27 22:07:20.679 9 INFO neutron.db.ovn_revision_numbers_db [None req-9cb4a292-9a44-429a-8942-46d87c92246d 016e39b22eba4b17a3c190222e9ae139 29b6a54feb4e49299c0875aca8c5b1e8 - - default default] Successfully bumped revision number for resource 6d2260af-fea6-48fd-a7f4-5466d01f9147 (type: ports) to 1
2026-04-27 22:07:20.700 9 INFO neutron.api.wsgi [None req-9cb4a292-9a44-429a-8942-46d87c92246d 016e39b22eba4b17a3c190222e9ae139 29b6a54feb4e49299c0875aca8c5b1e8 - - default default] 10.0.0.231 "POST /v2.0/networks HTTP/1.1" status: 201 len: 833 time: 0.4337862
2026-04-27 22:07:20.709 9 WARNING neutron_lib.context [None req-c6649aec-ad76-4239-8d7a-8b01364761a2 016e39b22eba4b17a3c190222e9ae139 29b6a54feb4e49299c0875aca8c5b1e8 - - default default] Method 'is_advsvc' is deprecated since 2023.2 release (neutron-lib 3.8.0) and will be removed once support for the old RBAC API policies will be removed from Neutron. Please use method 'is_service_role' instead.
2026-04-27 22:07:20.839 10 INFO neutron.api.wsgi [req-7541966e-7c0d-4d70-8f24-e7fcae95fffb req-eae1b5fd-a82c-4220-8c47-756c4f86fda2 f4ea4fc34c1a40b1ba4a21897c742d5c 4e80522e26014cd68ef40550e9ae4233 - - default default] 10.0.0.152 "GET /v2.0/ports?device_id=5d28859f-4648-4359-9e33-c4bcd5b04752 HTTP/1.1" status: 200 len: 1172 time: 0.0682209
2026-04-27 22:07:20.868 9 WARNING neutron.scheduler.dhcp_agent_scheduler [None req-c6649aec-ad76-4239-8d7a-8b01364761a2 016e39b22eba4b17a3c190222e9ae139 29b6a54feb4e49299c0875aca8c5b1e8 - - default default] No more DHCP agents
2026-04-27 22:07:20.870 9 WARNING neutron.api.rpc.agentnotifiers.dhcp_rpc_agent_api [None req-c6649aec-ad76-4239-8d7a-8b01364761a2 016e39b22eba4b17a3c190222e9ae139 29b6a54feb4e49299c0875aca8c5b1e8 - - default default] Unable to schedule network 418f2921-78b6-4e33-8ac8-f246583b4489: no agents available; will retry on subsequent port and subnet creation events.
2026-04-27 22:07:20.884 10 INFO neutron.api.wsgi [req-7541966e-7c0d-4d70-8f24-e7fcae95fffb req-4c00a9b2-c3fd-4f8f-b186-a1dabfddcc6d f4ea4fc34c1a40b1ba4a21897c742d5c 4e80522e26014cd68ef40550e9ae4233 - - default default] 10.0.0.152 "GET /v2.0/security-groups?id=ccddbb33-f9e4-4ac1-b0d6-e51ee9676110&fields=id&fields=name HTTP/1.1" status: 200 len: 286 time: 0.0407999
2026-04-27 22:07:20.893 9 INFO neutron.db.ovn_revision_numbers_db [None req-c6649aec-ad76-4239-8d7a-8b01364761a2 016e39b22eba4b17a3c190222e9ae139 29b6a54feb4e49299c0875aca8c5b1e8 - - default default] Successfully bumped revision number for resource 1334f162-e206-444d-b46b-ce59759d5c87 (type: subnets) to 0
2026-04-27 22:07:20.906 9 INFO neutron.api.wsgi [None req-c6649aec-ad76-4239-8d7a-8b01364761a2 016e39b22eba4b17a3c190222e9ae139 29b6a54feb4e49299c0875aca8c5b1e8 - - default default] 10.0.0.231 "POST /v2.0/subnets HTTP/1.1" status: 201 len: 845 time: 0.2003400
2026-04-27 22:07:20.915 9 WARNING neutron_lib.context [None req-5c741f3e-7270-4981-b4fe-6e4bb56df2ec 016e39b22eba4b17a3c190222e9ae139 29b6a54feb4e49299c0875aca8c5b1e8 - - default default] Method 'is_advsvc' is deprecated since 2023.2 release (neutron-lib 3.8.0) and will be removed once support for the old RBAC API policies will be removed from Neutron. Please use method 'is_service_role' instead.
2026-04-27 22:07:21.066 9 WARNING neutron.scheduler.dhcp_agent_scheduler [None req-5c741f3e-7270-4981-b4fe-6e4bb56df2ec 016e39b22eba4b17a3c190222e9ae139 29b6a54feb4e49299c0875aca8c5b1e8 - - default default] No more DHCP agents
2026-04-27 22:07:21.067 9 WARNING neutron.api.rpc.agentnotifiers.dhcp_rpc_agent_api [None req-5c741f3e-7270-4981-b4fe-6e4bb56df2ec 016e39b22eba4b17a3c190222e9ae139 29b6a54feb4e49299c0875aca8c5b1e8 - - default default] Unable to schedule network 7bdf705c-cde8-4b03-9a95-bc7d0a81f783: no agents available; will retry on subsequent port and subnet creation events.
2026-04-27 22:07:21.091 9 INFO neutron.db.ovn_revision_numbers_db [None req-5c741f3e-7270-4981-b4fe-6e4bb56df2ec 016e39b22eba4b17a3c190222e9ae139 29b6a54feb4e49299c0875aca8c5b1e8 - - default default] Successfully bumped revision number for resource 6c4bbb5e-7cf7-4434-b065-49402fbfe9e8 (type: subnets) to 0
2026-04-27 22:07:21.105 9 INFO neutron.api.wsgi [None req-5c741f3e-7270-4981-b4fe-6e4bb56df2ec 016e39b22eba4b17a3c190222e9ae139 29b6a54feb4e49299c0875aca8c5b1e8 - - default default] 10.0.0.231 "POST /v2.0/subnets HTTP/1.1" status: 201 len: 854 time: 0.1938148
2026-04-27 22:07:21.113 9 WARNING neutron_lib.context [None req-ca695079-78f6-4e0e-82e4-207803b739c3 016e39b22eba4b17a3c190222e9ae139 29b6a54feb4e49299c0875aca8c5b1e8 - - default default] Method 'is_advsvc' is deprecated since 2023.2 release (neutron-lib 3.8.0) and will be removed once support for the old RBAC API policies will be removed from Neutron. Please use method 'is_service_role' instead.
2026-04-27 22:07:21.197 9 INFO neutron.db.ovn_revision_numbers_db [None req-ca695079-78f6-4e0e-82e4-207803b739c3 016e39b22eba4b17a3c190222e9ae139 29b6a54feb4e49299c0875aca8c5b1e8 - - default default] Successfully bumped revision number for resource 2def09fb-d8d0-4dd5-9676-ef68fc0d4616 (type: routers) to 1
2026-04-27 22:07:21.209 9 INFO neutron.api.wsgi [None req-ca695079-78f6-4e0e-82e4-207803b739c3 016e39b22eba4b17a3c190222e9ae139 29b6a54feb4e49299c0875aca8c5b1e8 - - default default] 10.0.0.231 "POST /v2.0/routers HTTP/1.1" status: 201 len: 805 time: 0.0996199
2026-04-27 22:07:21.541 9 WARNING neutron.scheduler.dhcp_agent_scheduler [None req-c675b8e9-4037-4d84-ac8b-cd388f0fb1f8 016e39b22eba4b17a3c190222e9ae139 29b6a54feb4e49299c0875aca8c5b1e8 - - default default] No more DHCP agents
2026-04-27 22:07:21.543 9 WARNING neutron.api.rpc.agentnotifiers.dhcp_rpc_agent_api [None req-c675b8e9-4037-4d84-ac8b-cd388f0fb1f8 016e39b22eba4b17a3c190222e9ae139 29b6a54feb4e49299c0875aca8c5b1e8 - - default default] Unable to schedule network 418f2921-78b6-4e33-8ac8-f246583b4489: no agents available; will retry on subsequent port and subnet creation events.
2026-04-27 22:07:21.631 9 INFO neutron.db.ovn_revision_numbers_db [None req-c675b8e9-4037-4d84-ac8b-cd388f0fb1f8 016e39b22eba4b17a3c190222e9ae139 29b6a54feb4e49299c0875aca8c5b1e8 - - default default] Successfully bumped revision number for resource 2e480402-1641-4cb3-a566-5b4e68d9b4ea (type: ports) to 1
2026-04-27 22:07:21.669 9 INFO neutron.plugins.ml2.drivers.ovn.mech_driver.mech_driver [None req-0cf456b4-260f-488d-b54b-ab2b2bcfcdaa - - - - - -] OVN reports status up for port: db6f3268-0c85-457b-9799-fbb5c2a356bb
2026-04-27 22:07:21.679 9 INFO neutron.plugins.ml2.plugin [None req-0cf456b4-260f-488d-b54b-ab2b2bcfcdaa - - - - - -] Attempt 1 to provision port db6f3268-0c85-457b-9799-fbb5c2a356bb
2026-04-27 22:07:21.816 9 INFO neutron.notifiers.nova [-] Nova event matching ['req-56cf67bf-ee83-4352-8cd1-94d8b6d48fc0'] response: {'server_uuid': '5d28859f-4648-4359-9e33-c4bcd5b04752', 'name': 'network-vif-plugged', 'status': 'completed', 'tag': 'db6f3268-0c85-457b-9799-fbb5c2a356bb', 'code': 200}
2026-04-27 22:07:21.977 9 INFO neutron.db.ovn_revision_numbers_db [None req-0cf456b4-260f-488d-b54b-ab2b2bcfcdaa - - - - - -] Successfully bumped revision number for resource db6f3268-0c85-457b-9799-fbb5c2a356bb (type: ports) to 5
2026-04-27 22:07:21.999 10 INFO neutron.api.wsgi [req-53fe1458-128b-4375-bb35-e65404906b15 req-00507f5b-97d3-47ee-8488-2f79f9ca07ac f4ea4fc34c1a40b1ba4a21897c742d5c 4e80522e26014cd68ef40550e9ae4233 - - default default] 10.0.0.152 "GET /v2.0/ports?device_id=5d28859f-4648-4359-9e33-c4bcd5b04752 HTTP/1.1" status: 200 len: 1174 time: 0.0458162
2026-04-27 22:07:22.049 10 INFO neutron.api.wsgi [req-53fe1458-128b-4375-bb35-e65404906b15 req-eee68c47-2504-4efa-a5db-c9396cd9b8aa f4ea4fc34c1a40b1ba4a21897c742d5c 4e80522e26014cd68ef40550e9ae4233 - - default default] 10.0.0.152 "GET /v2.0/security-groups?id=ccddbb33-f9e4-4ac1-b0d6-e51ee9676110&fields=id&fields=name HTTP/1.1" status: 200 len: 286 time: 0.0438707
2026-04-27 22:07:22.066 10 INFO neutron.plugins.ml2.drivers.ovn.mech_driver.mech_driver [None req-f763cdc3-c1e0-47b4-8ac1-48f6b55ada0f - - - - - -] OVN reports status up for port: 2e480402-1641-4cb3-a566-5b4e68d9b4ea
2026-04-27 22:07:22.073 10 INFO neutron.plugins.ml2.plugin [None req-f763cdc3-c1e0-47b4-8ac1-48f6b55ada0f - - - - - -] Attempt 1 to provision port 2e480402-1641-4cb3-a566-5b4e68d9b4ea
2026-04-27 22:07:22.097 9 INFO neutron.db.ovn_revision_numbers_db [None req-c675b8e9-4037-4d84-ac8b-cd388f0fb1f8 016e39b22eba4b17a3c190222e9ae139 29b6a54feb4e49299c0875aca8c5b1e8 - - default default] Successfully bumped revision number for resource 2e480402-1641-4cb3-a566-5b4e68d9b4ea (type: ports) to 1
2026-04-27 22:07:22.150 9 WARNING neutron.scheduler.dhcp_agent_scheduler [None req-c675b8e9-4037-4d84-ac8b-cd388f0fb1f8 016e39b22eba4b17a3c190222e9ae139 29b6a54feb4e49299c0875aca8c5b1e8 - - default default] No more DHCP agents
2026-04-27 22:07:22.151 9 WARNING neutron.api.rpc.agentnotifiers.dhcp_rpc_agent_api [None req-c675b8e9-4037-4d84-ac8b-cd388f0fb1f8 016e39b22eba4b17a3c190222e9ae139 29b6a54feb4e49299c0875aca8c5b1e8 - - default default] Unable to schedule network 418f2921-78b6-4e33-8ac8-f246583b4489: no agents available; will retry on subsequent port and subnet creation events.
2026-04-27 22:07:22.305 9 INFO neutron.db.ovn_revision_numbers_db [None req-c675b8e9-4037-4d84-ac8b-cd388f0fb1f8 016e39b22eba4b17a3c190222e9ae139 29b6a54feb4e49299c0875aca8c5b1e8 - - default default] Successfully bumped revision number for resource 2e480402-1641-4cb3-a566-5b4e68d9b4ea (type: router_ports) to 1
2026-04-27 22:07:22.310 9 INFO neutron.api.wsgi [None req-c675b8e9-4037-4d84-ac8b-cd388f0fb1f8 016e39b22eba4b17a3c190222e9ae139 29b6a54feb4e49299c0875aca8c5b1e8 - - default default] 10.0.0.231 "PUT /v2.0/routers/2def09fb-d8d0-4dd5-9676-ef68fc0d4616/add_router_interface HTTP/1.1" status: 200 len: 503 time: 1.0953982 /var/lib/openstack/lib/python3.12/site-packages/pycadf/identifier.py:71: UserWarning: Invalid uuid: neutron. To ensure interoperability, identifiers should be a valid uuid. warnings.warn(('Invalid uuid: %s. To ensure interoperability, '
2026-04-27 22:07:22.342 9 INFO neutron.api.wsgi [None req-b6bab6f7-2442-455c-b28a-31d734896bcb 016e39b22eba4b17a3c190222e9ae139 29b6a54feb4e49299c0875aca8c5b1e8 - - default default] 10.0.0.231 "GET /v2.0/ports/2e480402-1641-4cb3-a566-5b4e68d9b4ea HTTP/1.1" status: 200 len: 1141 time: 0.0256262
2026-04-27 22:07:22.425 10 INFO neutron.db.ovn_revision_numbers_db [None req-f763cdc3-c1e0-47b4-8ac1-48f6b55ada0f - - - - - -] Successfully bumped revision number for resource 2e480402-1641-4cb3-a566-5b4e68d9b4ea (type: ports) to 2
2026-04-27 22:07:22.760 9 WARNING neutron.scheduler.dhcp_agent_scheduler [None req-e1b750ae-5247-4265-a1ce-403802db1785 016e39b22eba4b17a3c190222e9ae139 29b6a54feb4e49299c0875aca8c5b1e8 - - default default] No more DHCP agents
2026-04-27 22:07:22.761 9 WARNING neutron.api.rpc.agentnotifiers.dhcp_rpc_agent_api [None req-e1b750ae-5247-4265-a1ce-403802db1785 016e39b22eba4b17a3c190222e9ae139 29b6a54feb4e49299c0875aca8c5b1e8 - - default default] Unable to schedule network 7bdf705c-cde8-4b03-9a95-bc7d0a81f783: no agents available; will retry on subsequent port and subnet creation events.
2026-04-27 22:07:22.870 9 INFO neutron.db.ovn_revision_numbers_db [None req-e1b750ae-5247-4265-a1ce-403802db1785 016e39b22eba4b17a3c190222e9ae139 29b6a54feb4e49299c0875aca8c5b1e8 - - default default] Successfully bumped revision number for resource 1127e44b-a2be-4209-90e9-b4136bc90c2c (type: ports) to 1
2026-04-27 22:07:23.208 9 INFO neutron.api.wsgi [req-c523a10f-76b3-4327-b9b9-0005a0995ace req-b3fae30a-de95-4dc2-bb3b-908768701080 f4ea4fc34c1a40b1ba4a21897c742d5c 4e80522e26014cd68ef40550e9ae4233 - - default default] 10.0.0.152 "GET /v2.0/ports?device_id=5d28859f-4648-4359-9e33-c4bcd5b04752 HTTP/1.1" status: 200 len: 1174 time: 0.0988476
2026-04-27 22:07:23.254 9 INFO neutron.api.wsgi [req-c523a10f-76b3-4327-b9b9-0005a0995ace req-7b9ed3bb-06ae-43f4-82ae-c757176ee5fd f4ea4fc34c1a40b1ba4a21897c742d5c 4e80522e26014cd68ef40550e9ae4233 - - default default] 10.0.0.152 "GET /v2.0/security-groups?id=ccddbb33-f9e4-4ac1-b0d6-e51ee9676110&fields=id&fields=name HTTP/1.1" status: 200 len: 286 time: 0.0422490
2026-04-27 22:07:23.429 9 INFO neutron.plugins.ml2.drivers.ovn.mech_driver.mech_driver [None req-038b835c-06ae-46a9-9d3c-2f13511773c1 - - - - - -] OVN reports status up for port: 1127e44b-a2be-4209-90e9-b4136bc90c2c
2026-04-27 22:07:23.437 9 INFO neutron.plugins.ml2.plugin [None req-038b835c-06ae-46a9-9d3c-2f13511773c1 - - - - - -] Attempt 1 to provision port 1127e44b-a2be-4209-90e9-b4136bc90c2c
2026-04-27 22:07:23.448 9 INFO neutron.db.ovn_revision_numbers_db [None req-e1b750ae-5247-4265-a1ce-403802db1785 016e39b22eba4b17a3c190222e9ae139 29b6a54feb4e49299c0875aca8c5b1e8 - - default default] Successfully bumped revision number for resource 1127e44b-a2be-4209-90e9-b4136bc90c2c (type: ports) to 1
2026-04-27 22:07:23.503 9 WARNING neutron.scheduler.dhcp_agent_scheduler [None req-e1b750ae-5247-4265-a1ce-403802db1785 016e39b22eba4b17a3c190222e9ae139 29b6a54feb4e49299c0875aca8c5b1e8 - - default default] No more DHCP agents
2026-04-27 22:07:23.505 9 WARNING neutron.api.rpc.agentnotifiers.dhcp_rpc_agent_api [None req-e1b750ae-5247-4265-a1ce-403802db1785 016e39b22eba4b17a3c190222e9ae139 29b6a54feb4e49299c0875aca8c5b1e8 - - default default] Unable to schedule network 7bdf705c-cde8-4b03-9a95-bc7d0a81f783: no agents available; will retry on subsequent port and subnet creation events.
2026-04-27 22:07:23.570 10 INFO neutron.api.wsgi [-] 10.0.0.204 "GET / HTTP/1.1" status: 200 len: 247 time: 0.0026677
2026-04-27 22:07:23.572 10 INFO neutron.api.wsgi [-] 10.0.0.204 "GET / HTTP/1.1" status: 200 len: 247 time: 0.0014818
2026-04-27 22:07:23.754 9 INFO neutron.db.ovn_revision_numbers_db [None req-e1b750ae-5247-4265-a1ce-403802db1785 016e39b22eba4b17a3c190222e9ae139 29b6a54feb4e49299c0875aca8c5b1e8 - - default default] Successfully bumped revision number for resource 1127e44b-a2be-4209-90e9-b4136bc90c2c (type: router_ports) to 1
2026-04-27 22:07:23.758 9 INFO neutron.api.wsgi [None req-e1b750ae-5247-4265-a1ce-403802db1785 016e39b22eba4b17a3c190222e9ae139 29b6a54feb4e49299c0875aca8c5b1e8 - - default default] 10.0.0.231 "PUT /v2.0/routers/2def09fb-d8d0-4dd5-9676-ef68fc0d4616/add_router_interface HTTP/1.1" status: 200 len: 503 time: 1.4104533
2026-04-27 22:07:23.845 9 INFO neutron.db.ovn_revision_numbers_db [None req-038b835c-06ae-46a9-9d3c-2f13511773c1 - - - - - -] Successfully bumped revision number for resource 1127e44b-a2be-4209-90e9-b4136bc90c2c (type: ports) to 2
2026-04-27 22:07:23.852 10 INFO neutron.api.wsgi [None req-f2574c80-76de-48f7-ae84-8188fbdf78aa 016e39b22eba4b17a3c190222e9ae139 29b6a54feb4e49299c0875aca8c5b1e8 - - default default] 10.0.0.231 "GET /v2.0/ports/1127e44b-a2be-4209-90e9-b4136bc90c2c HTTP/1.1" status: 200 len: 1149 time: 0.0841691
2026-04-27 22:07:23.859 9 INFO neutron.notifiers.nova [-] Nova event matching ['req-f07d4a96-0433-4cb9-82d6-ba4bc8f28970'] response: {'server_uuid': '5d28859f-4648-4359-9e33-c4bcd5b04752', 'name': 'network-vif-plugged', 'status': 'completed', 'tag': 'db6f3268-0c85-457b-9799-fbb5c2a356bb', 'code': 200}
2026-04-27 22:07:23.892 10 INFO neutron.api.wsgi [None req-3029de1d-e950-446e-91f9-00fd1194fb03 016e39b22eba4b17a3c190222e9ae139 29b6a54feb4e49299c0875aca8c5b1e8 - - default default] 10.0.0.231 "GET /v2.0/ports/1127e44b-a2be-4209-90e9-b4136bc90c2c HTTP/1.1" status: 200 len: 1149 time: 0.0348091
2026-04-27 22:07:23.928 10 INFO neutron.db.ovn_revision_numbers_db [None req-b579e828-78c4-49e3-aab1-cbdca0cf25b7 0e82c857992b4ddbbaa44f82f57fcdc2 badff1a3a23c4e018c4d54c3adf2dcc1 - - default default] Successfully bumped revision number for resource 4449f830-6a55-4353-a1c3-bfd1093da65a (type: security_groups) to 1
2026-04-27 22:07:23.940 10 INFO neutron.db.ovn_revision_numbers_db [None req-b579e828-78c4-49e3-aab1-cbdca0cf25b7 0e82c857992b4ddbbaa44f82f57fcdc2 badff1a3a23c4e018c4d54c3adf2dcc1 - - default default] Successfully bumped revision number for resource 76fe7258-f180-4c06-b335-8792d63d48de (type: security_group_rules) to 0
2026-04-27 22:07:23.950 10 INFO neutron.db.ovn_revision_numbers_db [None req-b579e828-78c4-49e3-aab1-cbdca0cf25b7 0e82c857992b4ddbbaa44f82f57fcdc2 badff1a3a23c4e018c4d54c3adf2dcc1 - - default default] Successfully bumped revision number for resource b504fd42-2bfd-40e3-8ef6-dd0938833d93 (type: security_group_rules) to 0
2026-04-27 22:07:23.963 10 INFO neutron.db.ovn_revision_numbers_db [None req-b579e828-78c4-49e3-aab1-cbdca0cf25b7 0e82c857992b4ddbbaa44f82f57fcdc2 badff1a3a23c4e018c4d54c3adf2dcc1 - - default default] Successfully bumped revision number for resource dc39f81c-1f33-4e53-9693-2674b5822e8d (type: security_group_rules) to 0
2026-04-27 22:07:23.975 10 INFO neutron.db.ovn_revision_numbers_db [None req-b579e828-78c4-49e3-aab1-cbdca0cf25b7 0e82c857992b4ddbbaa44f82f57fcdc2 badff1a3a23c4e018c4d54c3adf2dcc1 - - default default] Successfully bumped revision number for resource f63822c9-c582-4239-b6c0-3daac60e43e9 (type: security_group_rules) to 0
2026-04-27 22:07:24.007 10 INFO neutron.api.wsgi [None req-b579e828-78c4-49e3-aab1-cbdca0cf25b7 0e82c857992b4ddbbaa44f82f57fcdc2 badff1a3a23c4e018c4d54c3adf2dcc1 - - default default] 10.0.0.231 "GET /v2.0/security-groups?tenant_id=11f0af1d9ea940e490947b187119d8e4&name=default HTTP/1.1" status: 200 len: 3120 time: 0.4240100
2026-04-27 22:07:24.207 10 INFO neutron.api.wsgi [None req-3439dcb4-92ef-443e-bf01-5e0eb1ebe8b8 0e82c857992b4ddbbaa44f82f57fcdc2 badff1a3a23c4e018c4d54c3adf2dcc1 - - default default] 10.0.0.231 "DELETE /v2.0/security-groups/4449f830-6a55-4353-a1c3-bfd1093da65a HTTP/1.1" status: 204 len: 168 time: 0.1952765
2026-04-27 22:07:24.352 9 INFO neutron.api.wsgi [req-5c494904-dd57-435e-83f4-cf3f2c2c3a40 req-413d9349-e5be-423b-a104-84b88951664c f4ea4fc34c1a40b1ba4a21897c742d5c 4e80522e26014cd68ef40550e9ae4233 - - default default] 10.0.0.152 "GET /v2.0/ports?device_id=5d28859f-4648-4359-9e33-c4bcd5b04752 HTTP/1.1" status: 200 len: 1174 time: 0.0473394
2026-04-27 22:07:24.404 9 INFO neutron.api.wsgi [req-5c494904-dd57-435e-83f4-cf3f2c2c3a40 req-f5d6732a-25c3-4796-ad6a-8902b6d4fc3d f4ea4fc34c1a40b1ba4a21897c742d5c 4e80522e26014cd68ef40550e9ae4233 - - default default] 10.0.0.152 "GET /v2.0/security-groups?id=ccddbb33-f9e4-4ac1-b0d6-e51ee9676110&fields=id&fields=name HTTP/1.1" status: 200 len: 286 time: 0.0439091
2026-04-27 22:07:24.444 9 INFO neutron.db.ovn_revision_numbers_db [None req-bc2a15cc-02bb-4ba6-b066-7b1f9f1ae64b 0e82c857992b4ddbbaa44f82f57fcdc2 badff1a3a23c4e018c4d54c3adf2dcc1 - - default default] Successfully bumped revision number for resource 7bb50892-4853-4fce-bf4b-e0cac36d1922 (type: security_groups) to 1
2026-04-27 22:07:24.457 9 INFO neutron.db.ovn_revision_numbers_db [None req-bc2a15cc-02bb-4ba6-b066-7b1f9f1ae64b 0e82c857992b4ddbbaa44f82f57fcdc2 badff1a3a23c4e018c4d54c3adf2dcc1 - - default default] Successfully bumped revision number for resource 996c5b50-262b-470f-964c-ed19520a099b (type: security_group_rules) to 0
2026-04-27 22:07:24.473 9 INFO neutron.db.ovn_revision_numbers_db [None req-bc2a15cc-02bb-4ba6-b066-7b1f9f1ae64b 0e82c857992b4ddbbaa44f82f57fcdc2 badff1a3a23c4e018c4d54c3adf2dcc1 - - default default] Successfully bumped revision number for resource 9abf0573-c57d-4385-a0b4-460ed7cff802 (type: security_group_rules) to 0
2026-04-27 22:07:24.515 9 INFO neutron.api.wsgi [None req-0ae3d06a-1362-4e8f-b9d1-d3b289957eab 016e39b22eba4b17a3c190222e9ae139 29b6a54feb4e49299c0875aca8c5b1e8 - - default default] 10.0.0.231 "PUT /v2.0/routers/2def09fb-d8d0-4dd5-9676-ef68fc0d4616/remove_router_interface HTTP/1.1" status: 200 len: 503 time: 0.6179154
2026-04-27 22:07:24.521 9 INFO neutron.db.ovn_revision_numbers_db [None req-bc2a15cc-02bb-4ba6-b066-7b1f9f1ae64b 0e82c857992b4ddbbaa44f82f57fcdc2 badff1a3a23c4e018c4d54c3adf2dcc1 - - default default] Successfully bumped revision number for resource d76b778c-bfcb-43a3-b2d5-19ac7c8db828 (type: security_group_rules) to 0
2026-04-27 22:07:24.535 9 INFO neutron.db.ovn_revision_numbers_db [None req-bc2a15cc-02bb-4ba6-b066-7b1f9f1ae64b 0e82c857992b4ddbbaa44f82f57fcdc2 badff1a3a23c4e018c4d54c3adf2dcc1 - - default default] Successfully bumped revision number for resource dc8ced59-80ed-4b3a-83e5-ce3c440c29a9 (type: security_group_rules) to 0
2026-04-27 22:07:24.570 9 INFO neutron.api.wsgi [None req-bc2a15cc-02bb-4ba6-b066-7b1f9f1ae64b 0e82c857992b4ddbbaa44f82f57fcdc2 badff1a3a23c4e018c4d54c3adf2dcc1 - - default default] 10.0.0.231 "GET /v2.0/security-groups?tenant_id=e9ead4900a67425491c0a206df821108&name=default HTTP/1.1" status: 200 len: 3120 time: 0.2816467 /var/lib/openstack/lib/python3.12/site-packages/pycadf/identifier.py:71: UserWarning: Invalid uuid: neutron. To ensure interoperability, identifiers should be a valid uuid. warnings.warn(('Invalid uuid: %s. To ensure interoperability, '
2026-04-27 22:07:24.585 10 INFO neutron.api.wsgi [None req-8f314c01-7b65-4943-9a96-c6877e7e65bf 016e39b22eba4b17a3c190222e9ae139 29b6a54feb4e49299c0875aca8c5b1e8 - - default default] 10.0.0.231 "GET /v2.0/ports/2e480402-1641-4cb3-a566-5b4e68d9b4ea HTTP/1.1" status: 200 len: 1141 time: 0.0648990
2026-04-27 22:07:24.706 10 INFO neutron.api.wsgi [req-ca5c79f7-7636-4ae0-95ac-deb966d2362d req-77e3d8df-0916-4ee5-a336-c05a1b03702f f4ea4fc34c1a40b1ba4a21897c742d5c 4e80522e26014cd68ef40550e9ae4233 - - default default] 10.0.0.152 "GET /v2.0/ports?device_id=5d28859f-4648-4359-9e33-c4bcd5b04752 HTTP/1.1" status: 200 len: 1174 time: 0.0362821
2026-04-27 22:07:24.761 10 INFO neutron.api.wsgi [req-ca5c79f7-7636-4ae0-95ac-deb966d2362d req-ccbf54fe-f29d-4220-85a6-e62a3ecd0c5e f4ea4fc34c1a40b1ba4a21897c742d5c 4e80522e26014cd68ef40550e9ae4233 - - default default] 10.0.0.152 "GET /v2.0/security-groups?id=ccddbb33-f9e4-4ac1-b0d6-e51ee9676110&fields=id&fields=name HTTP/1.1" status: 200 len: 286 time: 0.0431173
2026-04-27 22:07:24.798 9 INFO neutron.api.wsgi [None req-d3eda637-b46e-4061-addc-81255eea7355 0e82c857992b4ddbbaa44f82f57fcdc2 badff1a3a23c4e018c4d54c3adf2dcc1 - - default default] 10.0.0.231 "DELETE /v2.0/security-groups/7bb50892-4853-4fce-bf4b-e0cac36d1922 HTTP/1.1" status: 204 len: 168 time: 0.2184370
2026-04-27 22:07:25.125 10 INFO neutron.api.wsgi [None req-62a7a683-5bbc-4967-831f-87efae8013ef 016e39b22eba4b17a3c190222e9ae139 29b6a54feb4e49299c0875aca8c5b1e8 - - default default] 10.0.0.231 "PUT /v2.0/routers/2def09fb-d8d0-4dd5-9676-ef68fc0d4616/remove_router_interface HTTP/1.1" status: 200 len: 503 time: 0.5355699 /var/lib/openstack/lib/python3.12/site-packages/pycadf/identifier.py:71: UserWarning: Invalid uuid: neutron. To ensure interoperability, identifiers should be a valid uuid. warnings.warn(('Invalid uuid: %s. To ensure interoperability, '
2026-04-27 22:07:25.152 10 INFO neutron.api.wsgi [None req-45b040f3-6258-477c-be8e-343d59473c86 016e39b22eba4b17a3c190222e9ae139 29b6a54feb4e49299c0875aca8c5b1e8 - - default default] 10.0.0.231 "GET /v2.0/ports?device_id=2def09fb-d8d0-4dd5-9676-ef68fc0d4616 HTTP/1.1" status: 200 len: 205 time: 0.0203452
2026-04-27 22:07:25.356 9 INFO neutron.api.wsgi [None req-c1197719-516a-43d8-b17d-351962c120cd 016e39b22eba4b17a3c190222e9ae139 29b6a54feb4e49299c0875aca8c5b1e8 - - default default] 10.0.0.231 "DELETE /v2.0/routers/2def09fb-d8d0-4dd5-9676-ef68fc0d4616 HTTP/1.1" status: 204 len: 168 time: 0.1908221
2026-04-27 22:07:25.491 9 INFO neutron.api.wsgi [None req-5cafe3f8-fce5-4fe2-b657-34f25861636f 016e39b22eba4b17a3c190222e9ae139 29b6a54feb4e49299c0875aca8c5b1e8 - - default default] 10.0.0.231 "DELETE /v2.0/subnets/6c4bbb5e-7cf7-4434-b065-49402fbfe9e8 HTTP/1.1" status: 204 len: 168 time: 0.1299796
2026-04-27 22:07:25.625 9 INFO neutron.api.wsgi [None req-4f641f4a-06e6-4386-99b6-81eb341d2696 016e39b22eba4b17a3c190222e9ae139 29b6a54feb4e49299c0875aca8c5b1e8 - - default default] 10.0.0.231 "DELETE /v2.0/subnets/1334f162-e206-444d-b46b-ce59759d5c87 HTTP/1.1" status: 204 len: 168 time: 0.1289153
2026-04-27 22:07:25.865 9 INFO neutron.api.wsgi [req-40beee92-b61b-4367-829a-a014a54ea8af req-fb6aab2b-259f-495c-9538-be5e1d21ec04 f4ea4fc34c1a40b1ba4a21897c742d5c 4e80522e26014cd68ef40550e9ae4233 - - default default] 10.0.0.152 "GET /v2.0/ports?device_id=5d28859f-4648-4359-9e33-c4bcd5b04752 HTTP/1.1" status: 200 len: 1174 time: 0.0373755
2026-04-27 22:07:25.920 9 INFO neutron.api.wsgi [req-40beee92-b61b-4367-829a-a014a54ea8af req-87bba62a-c70a-4188-851d-05d101dbd35c f4ea4fc34c1a40b1ba4a21897c742d5c 4e80522e26014cd68ef40550e9ae4233 - - default default] 10.0.0.152 "GET /v2.0/security-groups?id=ccddbb33-f9e4-4ac1-b0d6-e51ee9676110&fields=id&fields=name HTTP/1.1" status: 200 len: 286 time: 0.0490663
2026-04-27 22:07:25.944 9 INFO neutron.services.segments.plugin [-] Segment c591497b-1d65-466c-867c-a0ef0abb7c48 resource provider aggregate not found
2026-04-27 22:07:25.952 9 INFO neutron.services.segments.plugin [-] Segment c591497b-1d65-466c-867c-a0ef0abb7c48 resource provider aggregate not found
2026-04-27 22:07:25.960 9 INFO neutron.services.segments.plugin [-] Segment c591497b-1d65-466c-867c-a0ef0abb7c48 resource provider not found; error: Placement Client Error (4xx): {"errors": [{"status": 404, "title": "Not Found", "detail": "The resource could not be found.\n\n No resource provider with uuid c591497b-1d65-466c-867c-a0ef0abb7c48 found for delete ", "request_id": "req-9f4a0582-aba2-4242-98d8-80d357d557cc"}]}
2026-04-27 22:07:25.964 9 INFO neutron.services.segments.plugin [-] Segment c591497b-1d65-466c-867c-a0ef0abb7c48 resource provider not found; error: Placement Client Error (4xx): {"errors": [{"status": 404, "title": "Not Found", "detail": "The resource could not be found.\n\n No resource provider with uuid c591497b-1d65-466c-867c-a0ef0abb7c48 found for delete ", "request_id": "req-b73b983b-95b0-4f69-89b7-6c57a00d453e"}]}
2026-04-27 22:07:25.966 9 INFO neutron.api.wsgi [None req-f52cd96d-9892-4d0b-972a-a2b5cf660e26 016e39b22eba4b17a3c190222e9ae139 29b6a54feb4e49299c0875aca8c5b1e8 - - default default] 10.0.0.231 "DELETE /v2.0/networks/7bdf705c-cde8-4b03-9a95-bc7d0a81f783 HTTP/1.1" status: 204 len: 168 time: 0.3366086
2026-04-27 22:07:26.232 9 INFO neutron.api.wsgi [None req-9ef12d43-4e3a-44a8-bb16-47f30adb0f6c 016e39b22eba4b17a3c190222e9ae139 29b6a54feb4e49299c0875aca8c5b1e8 - - default default] 10.0.0.231 "DELETE /v2.0/networks/418f2921-78b6-4e33-8ac8-f246583b4489 HTTP/1.1" status: 204 len: 168 time: 0.2610254
2026-04-27 22:07:26.242 9 WARNING neutron_lib.context [None req-636d5940-bfee-4fcc-a39b-11bc30e3d158 016e39b22eba4b17a3c190222e9ae139 29b6a54feb4e49299c0875aca8c5b1e8 - - default default] Method 'is_advsvc' is deprecated since 2023.2 release (neutron-lib 3.8.0) and will be removed once support for the old RBAC API policies will be removed from Neutron. Please use method 'is_service_role' instead.
2026-04-27 22:07:26.317 9 INFO neutron.db.segments_db [None req-636d5940-bfee-4fcc-a39b-11bc30e3d158 016e39b22eba4b17a3c190222e9ae139 29b6a54feb4e49299c0875aca8c5b1e8 - - default default] Added segment 9a6bb88f-114e-478f-aa09-cac830288884 of type geneve for network bbc11f82-1626-4e3d-a4af-4b4733cf5c87
2026-04-27 22:07:26.423 9 INFO neutron.db.ovn_revision_numbers_db [None req-636d5940-bfee-4fcc-a39b-11bc30e3d158 016e39b22eba4b17a3c190222e9ae139 29b6a54feb4e49299c0875aca8c5b1e8 - - default default] Successfully bumped revision number for resource bbc11f82-1626-4e3d-a4af-4b4733cf5c87 (type: networks) to 1
2026-04-27 22:07:26.436 9 INFO neutron.api.wsgi [req-5145352e-883f-4e20-9de8-2a928614b99d req-698ad317-5c37-4ba6-9517-df96f3e3c833 f4ea4fc34c1a40b1ba4a21897c742d5c 4e80522e26014cd68ef40550e9ae4233 - - default default] 199.19.213.228 "GET /v2.0/ports?device_id=5d28859f-4648-4359-9e33-c4bcd5b04752 HTTP/1.1" status: 200 len: 1174 time: 0.0327170
2026-04-27 22:07:26.600 9 WARNING neutron.scheduler.dhcp_agent_scheduler [None req-636d5940-bfee-4fcc-a39b-11bc30e3d158 016e39b22eba4b17a3c190222e9ae139 29b6a54feb4e49299c0875aca8c5b1e8 - - default default] No more DHCP agents
2026-04-27 22:07:26.601 9 WARNING neutron.api.rpc.agentnotifiers.dhcp_rpc_agent_api [None req-636d5940-bfee-4fcc-a39b-11bc30e3d158 016e39b22eba4b17a3c190222e9ae139 29b6a54feb4e49299c0875aca8c5b1e8 - - default default] Unable to schedule network bbc11f82-1626-4e3d-a4af-4b4733cf5c87: no agents available; will retry on subsequent port and subnet creation events.
2026-04-27 22:07:26.625 9 WARNING neutron_lib.context [None req-8ae2197a-215d-417d-aae8-e2d767c1dea3 16c57b78c26a4374a299a2864d39dda9 23ee662afc1f49bc92c8f2d916ebefb2 - - default default] Method 'is_advsvc' is deprecated since 2023.2 release (neutron-lib 3.8.0) and will be removed once support for the old RBAC API policies will be removed from Neutron. Please use method 'is_service_role' instead.
2026-04-27 22:07:26.682 9 INFO neutron.db.ovn_revision_numbers_db [None req-636d5940-bfee-4fcc-a39b-11bc30e3d158 016e39b22eba4b17a3c190222e9ae139 29b6a54feb4e49299c0875aca8c5b1e8 - - default default] Successfully bumped revision number for resource 8c6be6fe-076d-4961-8eb0-4eab908195d1 (type: ports) to 1
2026-04-27 22:07:26.709 9 INFO neutron.api.wsgi [None req-636d5940-bfee-4fcc-a39b-11bc30e3d158 016e39b22eba4b17a3c190222e9ae139 29b6a54feb4e49299c0875aca8c5b1e8 - - default default] 10.0.0.231 "POST /v2.0/networks HTTP/1.1" status: 201 len: 832 time: 0.4704168
2026-04-27 22:07:26.723 10 WARNING neutron_lib.context [None req-b3c2d8ab-63ad-400c-8143-28c9bbdc277b 016e39b22eba4b17a3c190222e9ae139 29b6a54feb4e49299c0875aca8c5b1e8 - - default default] Method 'is_advsvc' is deprecated since 2023.2 release (neutron-lib 3.8.0) and will be removed once support for the old RBAC API policies will be removed from Neutron. Please use method 'is_service_role' instead.
