2026-04-27 22:10:29.953 10 INFO neutron.db.ovn_revision_numbers_db [None req-9cf05309-bc30-427c-9f2e-51d79ddf1166 - - - - - -] Successfully bumped revision number for resource e0020bb2-bae9-4f0f-865f-f8950911b4bd (type: subnets) to 0
2026-04-27 22:10:29.983 10 INFO neutron.api.wsgi [None req-053c40cd-0134-439d-87eb-5f78c570bd07 5eda95fa0c67444e8c5c75eb0ee24fcf bdce58bea17e49e39d54d0e80275505e - - default default] 10.0.0.231 "POST /v2.0/subnets HTTP/1.1" status: 201 len: 828 time: 0.6952171
2026-04-27 22:10:29.993 10 WARNING neutron_lib.context [None req-40ee6a95-4f3f-4380-8635-0f409c9b6d83 5eda95fa0c67444e8c5c75eb0ee24fcf bdce58bea17e49e39d54d0e80275505e - - default default] Method 'is_advsvc' is deprecated since 2023.2 release (neutron-lib 3.8.0) and will be removed once support for the old RBAC API policies will be removed from Neutron. Please use method 'is_service_role' instead.
2026-04-27 22:10:30.408 10 WARNING neutron.scheduler.dhcp_agent_scheduler [None req-40ee6a95-4f3f-4380-8635-0f409c9b6d83 5eda95fa0c67444e8c5c75eb0ee24fcf bdce58bea17e49e39d54d0e80275505e - - default default] No more DHCP agents
2026-04-27 22:10:30.409 10 WARNING neutron.api.rpc.agentnotifiers.dhcp_rpc_agent_api [None req-40ee6a95-4f3f-4380-8635-0f409c9b6d83 5eda95fa0c67444e8c5c75eb0ee24fcf bdce58bea17e49e39d54d0e80275505e - - default default] Unable to schedule network c94ce325-93c7-43f1-ad99-bbb4f0ff9636: no agents available; will retry on subsequent port and subnet creation events.
2026-04-27 22:10:30.517 10 INFO neutron.db.ovn_revision_numbers_db [None req-40ee6a95-4f3f-4380-8635-0f409c9b6d83 5eda95fa0c67444e8c5c75eb0ee24fcf bdce58bea17e49e39d54d0e80275505e - - default default] Successfully bumped revision number for resource a3b79687-7296-4ba3-9797-4df3b4e78673 (type: ports) to 1
2026-04-27 22:10:30.997 10 INFO neutron.api.wsgi [req-b6c31acd-425f-497f-a685-752cf3505a72 req-e4db1791-8727-40f0-b78a-5b5a7223429d 7417fff81bb04a87b0eb4bce1cb6fa30 55440a9976b04e058badbec4f0048fc6 - - default default] 10.0.0.152 "GET /v2.0/ports?device_id=d359dddd-20e4-44e8-b455-e69298b5f1db HTTP/1.1" status: 200 len: 1174 time: 0.1267126
2026-04-27 22:10:31.015 9 WARNING neutron.plugins.ml2.drivers.ovn.mech_driver.ovsdb.ovn_client [None req-da286cc5-a93f-47ed-93c5-b784f6794546 - - - - - -] No port found with ID b534ecc8-1970-4117-a2c0-6918aa032c99: RuntimeError: No port found with ID b534ecc8-1970-4117-a2c0-6918aa032c99
2026-04-27 22:10:31.029 9 INFO neutron.plugins.ml2.drivers.ovn.mech_driver.mech_driver [None req-da286cc5-a93f-47ed-93c5-b784f6794546 - - - - - -] OVN reports status down for port: a6376901-5563-49fc-9315-d0d546bb6513
2026-04-27 22:10:31.043 10 INFO neutron.api.wsgi [req-b6c31acd-425f-497f-a685-752cf3505a72 req-b2f6a553-7ac6-4850-a440-afd0f72fb441 7417fff81bb04a87b0eb4bce1cb6fa30 55440a9976b04e058badbec4f0048fc6 - - default default] 10.0.0.152 "GET /v2.0/security-groups?id=13a28b5f-e315-4b32-8b28-781c08e20d89&fields=id&fields=name HTTP/1.1" status: 200 len: 313 time: 0.0387373
2026-04-27 22:10:31.143 9 INFO neutron.notifiers.nova [-] Nova event matching ['req-b628db2d-9dfd-427d-9545-c06de32b8af7'] response: {'server_uuid': 'd359dddd-20e4-44e8-b455-e69298b5f1db', 'name': 'network-vif-unplugged', 'status': 'completed', 'tag': 'a6376901-5563-49fc-9315-d0d546bb6513', 'code': 200}
2026-04-27 22:10:31.174 10 INFO neutron.plugins.ml2.drivers.ovn.mech_driver.ovsdb.commands [None req-004b3a3f-2e83-4cc6-8d1b-50d3b17085ba - - - - - -] Schedule LRP lrp-a3b79687-7296-4ba3-9797-4df3b4e78673 on gateway 72ddc81f-6fdd-4288-b2d1-df8cbc6a2d67 with priority 1
2026-04-27 22:10:31.209 10 INFO neutron.db.ovn_revision_numbers_db [None req-40ee6a95-4f3f-4380-8635-0f409c9b6d83 5eda95fa0c67444e8c5c75eb0ee24fcf bdce58bea17e49e39d54d0e80275505e - - default default] Successfully bumped revision number for resource a3b79687-7296-4ba3-9797-4df3b4e78673 (type: router_ports) to 1
2026-04-27 22:10:31.218 9 INFO neutron.db.ovn_revision_numbers_db [None req-da286cc5-a93f-47ed-93c5-b784f6794546 - - - - - -] Successfully bumped revision number for resource a6376901-5563-49fc-9315-d0d546bb6513 (type: ports) to 6
2026-04-27 22:10:31.258 9 INFO neutron.plugins.ml2.drivers.ovn.mech_driver.mech_driver [None req-7b3f3788-2431-46f3-8c3e-226ec3246f1b - - - - - -] OVN reports status up for port: a3b79687-7296-4ba3-9797-4df3b4e78673
2026-04-27 22:10:31.258 10 INFO neutron.db.ovn_revision_numbers_db [None req-40ee6a95-4f3f-4380-8635-0f409c9b6d83 5eda95fa0c67444e8c5c75eb0ee24fcf bdce58bea17e49e39d54d0e80275505e - - default default] Successfully bumped revision number for resource 93f05837-1291-4117-9a05-d28dae54f383 (type: routers) to 2
2026-04-27 22:10:31.263 9 INFO neutron.plugins.ml2.plugin [None req-7b3f3788-2431-46f3-8c3e-226ec3246f1b - - - - - -] Attempt 1 to provision port a3b79687-7296-4ba3-9797-4df3b4e78673
2026-04-27 22:10:31.274 10 INFO neutron.api.wsgi [None req-40ee6a95-4f3f-4380-8635-0f409c9b6d83 5eda95fa0c67444e8c5c75eb0ee24fcf bdce58bea17e49e39d54d0e80275505e - - default default] 10.0.0.231 "POST /v2.0/routers HTTP/1.1" status: 201 len: 1136 time: 1.2863793
2026-04-27 22:10:31.378 10 INFO neutron.api.v2.resource [None req-61a8cfb9-b0c4-450a-a2b3-a0c2f27767d8 771b168641454dc69f73a794fe3a2f01 5408a46d82f5435dbb1a65db9419a3cc - - default default] create failed (client error): The server could not comply with the request since it is either malformed or otherwise incorrect.
2026-04-27 22:10:31.379 10 INFO neutron.api.wsgi [None req-61a8cfb9-b0c4-450a-a2b3-a0c2f27767d8 771b168641454dc69f73a794fe3a2f01 5408a46d82f5435dbb1a65db9419a3cc - - default default] 10.0.0.231 "POST /v2.0/vpn/vpnservices HTTP/1.1" status: 400 len: 397 time: 0.0995746 /var/lib/openstack/lib/python3.12/site-packages/pycadf/identifier.py:71: UserWarning: Invalid uuid: neutron. To ensure interoperability, identifiers should be a valid uuid. warnings.warn(('Invalid uuid: %s. To ensure interoperability, '
2026-04-27 22:10:31.469 9 INFO neutron.api.wsgi [req-8c95a576-5270-416e-807d-80f4442fec20 req-acfe5a0a-4871-40da-bdec-2613eea15307 7417fff81bb04a87b0eb4bce1cb6fa30 55440a9976b04e058badbec4f0048fc6 - - default default] 199.19.213.228 "GET /v2.0/ports?device_id=d359dddd-20e4-44e8-b455-e69298b5f1db HTTP/1.1" status: 200 len: 1172 time: 0.0347984
2026-04-27 22:10:31.774 10 INFO neutron.services.segments.plugin [-] Segment d8df42b8-0d1c-4a47-84de-ba1ddb458fb3 resource provider aggregate not found
2026-04-27 22:10:31.776 9 INFO neutron.db.l3_db [req-8c95a576-5270-416e-807d-80f4442fec20 req-8bf82f38-c78a-4531-ba9e-f258304c05a4 7417fff81bb04a87b0eb4bce1cb6fa30 55440a9976b04e058badbec4f0048fc6 - - default default] Floating IP cbf873c8-85d7-47cb-a5c1-d4dae7b2204c disassociated. External IP: 10.96.250.206, port: a6376901-5563-49fc-9315-d0d546bb6513.
2026-04-27 22:10:31.780 10 INFO neutron.services.segments.plugin [-] Segment d8df42b8-0d1c-4a47-84de-ba1ddb458fb3 resource provider aggregate not found
2026-04-27 22:10:31.797 10 INFO neutron.services.segments.plugin [-] Segment d8df42b8-0d1c-4a47-84de-ba1ddb458fb3 resource provider not found; error: Placement Client Error (4xx): {"errors": [{"status": 404, "title": "Not Found", "detail": "The resource could not be found.\n\n No resource provider with uuid d8df42b8-0d1c-4a47-84de-ba1ddb458fb3 found for delete ", "request_id": "req-f98ebec9-9331-4556-b2f5-e3805b14838c"}]}
2026-04-27 22:10:31.797 10 INFO neutron.services.segments.plugin [-] Segment d8df42b8-0d1c-4a47-84de-ba1ddb458fb3 resource provider not found; error: Placement Client Error (4xx): {"errors": [{"status": 404, "title": "Not Found", "detail": "The resource could not be found.\n\n No resource provider with uuid d8df42b8-0d1c-4a47-84de-ba1ddb458fb3 found for delete ", "request_id": "req-d2cdbea3-bba1-463a-ab57-704fc76e202b"}]}
2026-04-27 22:10:31.825 10 INFO neutron.api.wsgi [None req-ff336ba6-8467-47b9-a332-38f7573df047 771b168641454dc69f73a794fe3a2f01 5408a46d82f5435dbb1a65db9419a3cc - - default default] 10.0.0.231 "DELETE /v2.0/networks/c39c9df3-049b-463b-8017-7958c952d569 HTTP/1.1" status: 204 len: 168 time: 0.4414437 /var/lib/openstack/lib/python3.12/site-packages/pycadf/identifier.py:71: UserWarning: Invalid uuid: neutron. To ensure interoperability, identifiers should be a valid uuid. warnings.warn(('Invalid uuid: %s. To ensure interoperability, '
2026-04-27 22:10:31.894 9 INFO neutron.api.wsgi [req-8c95a576-5270-416e-807d-80f4442fec20 req-8bf82f38-c78a-4531-ba9e-f258304c05a4 7417fff81bb04a87b0eb4bce1cb6fa30 55440a9976b04e058badbec4f0048fc6 - - default default] 199.19.213.228 "DELETE /v2.0/ports/a6376901-5563-49fc-9315-d0d546bb6513 HTTP/1.1" status: 204 len: 173 time: 0.4205883
2026-04-27 22:10:32.130 10 INFO neutron.api.wsgi [req-211a9616-bf39-4b77-91c4-7b47c003b030 req-23d1dec6-b644-47dd-beff-ff165d33d8a6 7417fff81bb04a87b0eb4bce1cb6fa30 55440a9976b04e058badbec4f0048fc6 - - default default] 10.0.0.152 "GET /v2.0/ports?device_id=d359dddd-20e4-44e8-b455-e69298b5f1db HTTP/1.1" status: 200 len: 210 time: 0.0196257
2026-04-27 22:10:32.743 10 INFO neutron.api.wsgi [None req-8484b000-a57f-4fba-a2c9-b6309c2d77a8 771b168641454dc69f73a794fe3a2f01 5408a46d82f5435dbb1a65db9419a3cc - - default default] 10.0.0.231 "DELETE /v2.0/routers/93f05837-1291-4117-9a05-d28dae54f383 HTTP/1.1" status: 204 len: 168 time: 0.9107852
2026-04-27 22:10:32.752 10 WARNING neutron.api.v2.base [None req-51b2c17d-5af3-4158-a6f5-04bcc8e0eecc 5eda95fa0c67444e8c5c75eb0ee24fcf bdce58bea17e49e39d54d0e80275505e - - default default] An exception happened while processing the request body. The exception message is [Invalid input for description. Reason: 'yyyyyyyyyyyyyyyyyyyyyyyyyyyyyyyyyyyyyyyyyyyyyyyyyyyyyyyyyyyyyyyyyyyyyyyyyyyyyyyyyyyyyyyyyyyyyyyyyyyyyyyyyyyyyyyyyyyyyyyyyyyyyyyyyyyyyyyyyyyyyyyyyyyyyyyyyyyyyyyyyyyyyyyyyyyyyyyyyyyyyyyyyyyyyyyyyyyyyyyyyyyyyyyyyyyyyyyyyyyyyyyyyyyyyyyyyyyyyyyyyyyyyyyyyyyyyyyy' exceeds maximum length of 255.].: webob.exc.HTTPBadRequest: Invalid input for description. Reason: 'yyyyyyyyyyyyyyyyyyyyyyyyyyyyyyyyyyyyyyyyyyyyyyyyyyyyyyyyyyyyyyyyyyyyyyyyyyyyyyyyyyyyyyyyyyyyyyyyyyyyyyyyyyyyyyyyyyyyyyyyyyyyyyyyyyyyyyyyyyyyyyyyyyyyyyyyyyyyyyyyyyyyyyyyyyyyyyyyyyyyyyyyyyyyyyyyyyyyyyyyyyyyyyyyyyyyyyyyyyyyyyyyyyyyyyyyyyyyyyyyyyyyyyyyyyyyyyyy' exceeds maximum length of 255.
2026-04-27 22:10:32.752 10 INFO neutron.api.v2.resource [None req-51b2c17d-5af3-4158-a6f5-04bcc8e0eecc 5eda95fa0c67444e8c5c75eb0ee24fcf bdce58bea17e49e39d54d0e80275505e - - default default] create failed (client error): Invalid input for description. Reason: 'yyyyyyyyyyyyyyyyyyyyyyyyyyyyyyyyyyyyyyyyyyyyyyyyyyyyyyyyyyyyyyyyyyyyyyyyyyyyyyyyyyyyyyyyyyyyyyyyyyyyyyyyyyyyyyyyyyyyyyyyyyyyyyyyyyyyyyyyyyyyyyyyyyyyyyyyyyyyyyyyyyyyyyyyyyyyyyyyyyyyyyyyyyyyyyyyyyyyyyyyyyyyyyyyyyyyyyyyyyyyyyyyyyyyyyyyyyyyyyyyyyyyyyyyyyyyyyyy' exceeds maximum length of 255.
2026-04-27 22:10:32.753 10 INFO neutron.api.wsgi [None req-51b2c17d-5af3-4158-a6f5-04bcc8e0eecc 5eda95fa0c67444e8c5c75eb0ee24fcf bdce58bea17e49e39d54d0e80275505e - - default default] 10.0.0.231 "POST /v2.0/vpn/vpnservices HTTP/1.1" status: 400 len: 604 time: 0.0056353
2026-04-27 22:10:32.764 10 WARNING neutron.api.v2.base [None req-0da350fe-266b-4c0f-8f67-b82fe2b889fe 5eda95fa0c67444e8c5c75eb0ee24fcf bdce58bea17e49e39d54d0e80275505e - - default default] An exception happened while processing the request body. The exception message is [Invalid input for name. Reason: 'xxxxxxxxxxxxxxxxxxxxxxxxxxxxxxxxxxxxxxxxxxxxxxxxxxxxxxxxxxxxxxxxxxxxxxxxxxxxxxxxxxxxxxxxxxxxxxxxxxxxxxxxxxxxxxxxxxxxxxxxxxxxxxxxxxxxxxxxxxxxxxxxxxxxxxxxxxxxxxxxxxxxxxxxxxxxxxxxxxxxxxxxxxxxxxxxxxxxxxxxxxxxxxxxxxxxxxxxxxxxxxxxxxxxxxxxxxxxxxxxxxxxxxxxxxxxxxxx' exceeds maximum length of 255.].: webob.exc.HTTPBadRequest: Invalid input for name. Reason: 'xxxxxxxxxxxxxxxxxxxxxxxxxxxxxxxxxxxxxxxxxxxxxxxxxxxxxxxxxxxxxxxxxxxxxxxxxxxxxxxxxxxxxxxxxxxxxxxxxxxxxxxxxxxxxxxxxxxxxxxxxxxxxxxxxxxxxxxxxxxxxxxxxxxxxxxxxxxxxxxxxxxxxxxxxxxxxxxxxxxxxxxxxxxxxxxxxxxxxxxxxxxxxxxxxxxxxxxxxxxxxxxxxxxxxxxxxxxxxxxxxxxxxxxxxxxxxxxx' exceeds maximum length of 255.
2026-04-27 22:10:32.765 10 INFO neutron.api.v2.resource [None req-0da350fe-266b-4c0f-8f67-b82fe2b889fe 5eda95fa0c67444e8c5c75eb0ee24fcf bdce58bea17e49e39d54d0e80275505e - - default default] create failed (client error): Invalid input for name. Reason: 'xxxxxxxxxxxxxxxxxxxxxxxxxxxxxxxxxxxxxxxxxxxxxxxxxxxxxxxxxxxxxxxxxxxxxxxxxxxxxxxxxxxxxxxxxxxxxxxxxxxxxxxxxxxxxxxxxxxxxxxxxxxxxxxxxxxxxxxxxxxxxxxxxxxxxxxxxxxxxxxxxxxxxxxxxxxxxxxxxxxxxxxxxxxxxxxxxxxxxxxxxxxxxxxxxxxxxxxxxxxxxxxxxxxxxxxxxxxxxxxxxxxxxxxxxxxxxxxx' exceeds maximum length of 255.
2026-04-27 22:10:32.765 10 INFO neutron.api.wsgi [None req-0da350fe-266b-4c0f-8f67-b82fe2b889fe 5eda95fa0c67444e8c5c75eb0ee24fcf bdce58bea17e49e39d54d0e80275505e - - default default] 10.0.0.231 "POST /v2.0/vpn/vpnservices HTTP/1.1" status: 400 len: 597 time: 0.0075874
2026-04-27 22:10:32.775 10 WARNING neutron_lib.context [None req-3510b32c-64c4-4235-a969-a2472c698443 5eda95fa0c67444e8c5c75eb0ee24fcf bdce58bea17e49e39d54d0e80275505e - - default default] Method 'is_advsvc' is deprecated since 2023.2 release (neutron-lib 3.8.0) and will be removed once support for the old RBAC API policies will be removed from Neutron. Please use method 'is_service_role' instead.
2026-04-27 22:10:32.796 10 INFO neutron.api.v2.resource [None req-3510b32c-64c4-4235-a969-a2472c698443 5eda95fa0c67444e8c5c75eb0ee24fcf bdce58bea17e49e39d54d0e80275505e - - default default] create failed (client error): The server could not comply with the request since it is either malformed or otherwise incorrect.
2026-04-27 22:10:32.798 10 INFO neutron.api.wsgi [None req-3510b32c-64c4-4235-a969-a2472c698443 5eda95fa0c67444e8c5c75eb0ee24fcf bdce58bea17e49e39d54d0e80275505e - - default default] 10.0.0.231 "POST /v2.0/vpn/endpoint-groups HTTP/1.1" status: 400 len: 386 time: 0.0265939
2026-04-27 22:10:32.807 10 WARNING neutron_lib.context [None req-efbd9c81-f49b-4a0c-99ee-03b80733ef29 5eda95fa0c67444e8c5c75eb0ee24fcf bdce58bea17e49e39d54d0e80275505e - - default default] Method 'is_advsvc' is deprecated since 2023.2 release (neutron-lib 3.8.0) and will be removed once support for the old RBAC API policies will be removed from Neutron. Please use method 'is_service_role' instead.
2026-04-27 22:10:32.830 10 INFO neutron.api.v2.resource [None req-efbd9c81-f49b-4a0c-99ee-03b80733ef29 5eda95fa0c67444e8c5c75eb0ee24fcf bdce58bea17e49e39d54d0e80275505e - - default default] create failed (client error): The server could not comply with the request since it is either malformed or otherwise incorrect.
2026-04-27 22:10:32.832 10 INFO neutron.api.wsgi [None req-efbd9c81-f49b-4a0c-99ee-03b80733ef29 5eda95fa0c67444e8c5c75eb0ee24fcf bdce58bea17e49e39d54d0e80275505e - - default default] 10.0.0.231 "POST /v2.0/vpn/endpoint-groups HTTP/1.1" status: 400 len: 363 time: 0.0292797
2026-04-27 22:10:32.842 10 WARNING neutron_lib.context [None req-9b26be52-5192-44a0-96b8-1dbc7a5f2ae6 5eda95fa0c67444e8c5c75eb0ee24fcf bdce58bea17e49e39d54d0e80275505e - - default default] Method 'is_advsvc' is deprecated since 2023.2 release (neutron-lib 3.8.0) and will be removed once support for the old RBAC API policies will be removed from Neutron. Please use method 'is_service_role' instead.
2026-04-27 22:10:32.870 10 INFO neutron.api.v2.resource [None req-9b26be52-5192-44a0-96b8-1dbc7a5f2ae6 5eda95fa0c67444e8c5c75eb0ee24fcf bdce58bea17e49e39d54d0e80275505e - - default default] create failed (client error): The server could not comply with the request since it is either malformed or otherwise incorrect.
2026-04-27 22:10:32.871 10 INFO neutron.api.wsgi [None req-9b26be52-5192-44a0-96b8-1dbc7a5f2ae6 5eda95fa0c67444e8c5c75eb0ee24fcf bdce58bea17e49e39d54d0e80275505e - - default default] 10.0.0.231 "POST /v2.0/vpn/endpoint-groups HTTP/1.1" status: 400 len: 357 time: 0.0343630
2026-04-27 22:10:32.889 9 INFO neutron.api.wsgi [None req-7b318d81-26e8-4850-8a65-92cc37a24a98 5eda95fa0c67444e8c5c75eb0ee24fcf bdce58bea17e49e39d54d0e80275505e - - default default] 10.0.0.231 "GET /v2.0/vpn/ikepolicies HTTP/1.1" status: 200 len: 601 time: 0.0118084
2026-04-27 22:10:32.912 9 INFO neutron.api.wsgi [None req-2eb0a42d-25c4-4505-a7fa-1c0256cc8564 5eda95fa0c67444e8c5c75eb0ee24fcf bdce58bea17e49e39d54d0e80275505e - - default default] 10.0.0.231 "GET /v2.0/vpn/ipsecpolicies HTTP/1.1" status: 200 len: 610 time: 0.0072379
2026-04-27 22:10:32.928 9 INFO neutron.api.wsgi [None req-63858165-99ab-449e-b722-722aad8353b6 5eda95fa0c67444e8c5c75eb0ee24fcf bdce58bea17e49e39d54d0e80275505e - - default default] 10.0.0.231 "GET /v2.0/vpn/ipsec-site-connections HTTP/1.1" status: 200 len: 990 time: 0.0109322
2026-04-27 22:10:32.942 9 INFO neutron.api.wsgi [None req-de0a7566-fd1f-43df-a18a-f8b4e46390f0 5eda95fa0c67444e8c5c75eb0ee24fcf bdce58bea17e49e39d54d0e80275505e - - default default] 10.0.0.231 "GET /v2.0/vpn/vpnservices HTTP/1.1" status: 200 len: 1055 time: 0.0081577
2026-04-27 22:10:32.953 9 INFO neutron.api.wsgi [None req-6d6a9030-385a-4278-a5d2-d42543f8a8d5 5eda95fa0c67444e8c5c75eb0ee24fcf bdce58bea17e49e39d54d0e80275505e - - default default] 10.0.0.231 "GET /v2.0/vpn/endpoint-groups/c5e5616e-501c-4b90-8b20-9ac705116691 HTTP/1.1" status: 200 len: 523 time: 0.0065913
2026-04-27 22:10:32.964 9 INFO neutron.api.wsgi [None req-58a1e81d-124c-4981-abc7-1929a9b2fce4 5eda95fa0c67444e8c5c75eb0ee24fcf bdce58bea17e49e39d54d0e80275505e - - default default] 10.0.0.231 "GET /v2.0/vpn/endpoint-groups/8798238b-78f5-4ee3-b342-5228562d8de1 HTTP/1.1" status: 200 len: 514 time: 0.0072656
2026-04-27 22:10:32.974 9 INFO neutron.api.wsgi [None req-c9f51a83-928c-4c7f-995f-c3d9f891621f 5eda95fa0c67444e8c5c75eb0ee24fcf bdce58bea17e49e39d54d0e80275505e - - default default] 10.0.0.231 "GET /v2.0/vpn/ikepolicies/14d31838-7f43-4fe3-bba7-24a891e3c78b HTTP/1.1" status: 200 len: 597 time: 0.0068429
2026-04-27 22:10:32.986 9 INFO neutron.api.wsgi [None req-93c7e844-e938-4ef2-90a6-abe253c75b2e 5eda95fa0c67444e8c5c75eb0ee24fcf bdce58bea17e49e39d54d0e80275505e - - default default] 10.0.0.231 "GET /v2.0/vpn/ipsecpolicies/32a44802-ea6f-4d37-aedc-bd5e90c9d9a9 HTTP/1.1" status: 200 len: 606 time: 0.0068514
2026-04-27 22:10:32.997 9 INFO neutron.api.wsgi [None req-48c8c0c4-c933-42ef-a8e3-6ec93aef5fa6 5eda95fa0c67444e8c5c75eb0ee24fcf bdce58bea17e49e39d54d0e80275505e - - default default] 10.0.0.231 "GET /v2.0/vpn/vpnservices/4d02c895-b876-4265-a96f-28fae4c52851 HTTP/1.1" status: 200 len: 643 time: 0.0072255
2026-04-27 22:10:33.181 9 INFO neutron.notifiers.nova [-] Nova event matching ['req-0512c9c6-a9b5-401d-9433-c02db64f65ec'] response: {'server_uuid': 'd359dddd-20e4-44e8-b455-e69298b5f1db', 'name': 'network-vif-unplugged', 'status': 'completed', 'tag': 'a6376901-5563-49fc-9315-d0d546bb6513', 'code': 200}
2026-04-27 22:10:33.181 9 INFO neutron.notifiers.nova [-] Nova event matching ['req-0512c9c6-a9b5-401d-9433-c02db64f65ec'] response: {'server_uuid': 'd359dddd-20e4-44e8-b455-e69298b5f1db', 'name': 'network-vif-deleted', 'tag': 'a6376901-5563-49fc-9315-d0d546bb6513', 'status': 'completed', 'code': 200}
2026-04-27 22:10:33.217 10 INFO neutron.api.wsgi [req-91795543-9a0f-4612-972f-da38f35cdf4b req-694f4e4e-4aef-4797-ba20-193ca85901fd 7417fff81bb04a87b0eb4bce1cb6fa30 55440a9976b04e058badbec4f0048fc6 - - default default] 10.0.0.152 "GET /v2.0/ports?device_id=d359dddd-20e4-44e8-b455-e69298b5f1db HTTP/1.1" status: 200 len: 210 time: 0.0208993
2026-04-27 22:10:33.820 9 INFO neutron.db.ovn_revision_numbers_db [None req-ef8007ee-4119-41d0-933b-7a99f7beac26 5eda95fa0c67444e8c5c75eb0ee24fcf bdce58bea17e49e39d54d0e80275505e - - default default] Successfully bumped revision number for resource 0709186f-54e3-48da-9b0a-5bfabf60737e (type: routers) to 10
2026-04-27 22:10:33.848 9 INFO neutron.api.wsgi [None req-ef8007ee-4119-41d0-933b-7a99f7beac26 5eda95fa0c67444e8c5c75eb0ee24fcf bdce58bea17e49e39d54d0e80275505e - - default default] 10.0.0.231 "DELETE /v2.0/vpn/ipsec-site-connections/39d4f209-3577-42ae-bcd3-ef673b178ae1 HTTP/1.1" status: 204 len: 168 time: 0.8326645
2026-04-27 22:10:33.873 9 INFO neutron.api.wsgi [None req-96d8f273-a7c9-475a-8dda-4361be2b4115 5eda95fa0c67444e8c5c75eb0ee24fcf bdce58bea17e49e39d54d0e80275505e - - default default] 10.0.0.231 "DELETE /v2.0/vpn/endpoint-groups/c5e5616e-501c-4b90-8b20-9ac705116691 HTTP/1.1" status: 204 len: 168 time: 0.0216436
2026-04-27 22:10:33.903 9 INFO neutron.api.wsgi [None req-b55e94f9-5864-42dd-9673-6d3376171dd0 5eda95fa0c67444e8c5c75eb0ee24fcf bdce58bea17e49e39d54d0e80275505e - - default default] 10.0.0.231 "DELETE /v2.0/vpn/endpoint-groups/8798238b-78f5-4ee3-b342-5228562d8de1 HTTP/1.1" status: 204 len: 168 time: 0.0241833
2026-04-27 22:10:33.927 9 INFO neutron.api.wsgi [None req-3a464edc-ff45-41cc-91ff-f475495dd8da 5eda95fa0c67444e8c5c75eb0ee24fcf bdce58bea17e49e39d54d0e80275505e - - default default] 10.0.0.231 "DELETE /v2.0/vpn/ipsecpolicies/32a44802-ea6f-4d37-aedc-bd5e90c9d9a9 HTTP/1.1" status: 204 len: 168 time: 0.0198662
2026-04-27 22:10:33.964 9 INFO neutron.api.wsgi [None req-d9f508ff-ddec-488f-9f95-837e82cf53dc 5eda95fa0c67444e8c5c75eb0ee24fcf bdce58bea17e49e39d54d0e80275505e - - default default] 10.0.0.231 "DELETE /v2.0/vpn/ikepolicies/14d31838-7f43-4fe3-bba7-24a891e3c78b HTTP/1.1" status: 204 len: 168 time: 0.0327423
2026-04-27 22:10:34.017 9 INFO neutron.api.wsgi [None req-c87c1c90-5dfe-4349-ac7f-1031fc550db2 5eda95fa0c67444e8c5c75eb0ee24fcf bdce58bea17e49e39d54d0e80275505e - - default default] 10.0.0.231 "DELETE /v2.0/vpn/vpnservices/4d02c895-b876-4265-a96f-28fae4c52851 HTTP/1.1" status: 204 len: 168 time: 0.0478604
2026-04-27 22:10:34.308 10 INFO neutron.api.wsgi [req-47e5f566-cf24-4a02-a2e6-9e5b59a37e6b req-118af775-a650-43d8-9d83-a2c94afcd78a 7417fff81bb04a87b0eb4bce1cb6fa30 55440a9976b04e058badbec4f0048fc6 - - default default] 10.0.0.152 "GET /v2.0/ports?device_id=d359dddd-20e4-44e8-b455-e69298b5f1db HTTP/1.1" status: 200 len: 210 time: 0.0185297
2026-04-27 22:10:35.335 10 INFO neutron.api.wsgi [None req-e1715c13-40d2-44ee-8dcc-fb48dba7ac52 0e82c857992b4ddbbaa44f82f57fcdc2 badff1a3a23c4e018c4d54c3adf2dcc1 - - default default] 10.0.0.122 "GET /v2.0/ports HTTP/1.1" status: 200 len: 20912 time: 0.1267712
2026-04-27 22:10:35.443 10 INFO neutron.api.wsgi [None req-ac89ab2a-116c-4007-a954-3ab379d090b3 0e82c857992b4ddbbaa44f82f57fcdc2 badff1a3a23c4e018c4d54c3adf2dcc1 - - default default] 10.0.0.122 "GET /v2.0/routers HTTP/1.1" status: 200 len: 3985 time: 0.0938537
2026-04-27 22:10:35.456 10 INFO neutron.api.wsgi [None req-191d9b71-4f00-4fda-bb94-8dbe1798c769 0e82c857992b4ddbbaa44f82f57fcdc2 badff1a3a23c4e018c4d54c3adf2dcc1 - - default default] 10.0.0.122 "GET /v2.0/agents?binary=ovn-controller HTTP/1.1" status: 200 len: 591 time: 0.0111053
2026-04-27 22:10:35.471 10 INFO neutron.api.wsgi [None req-926b817b-e295-477e-9b92-64baf124b727 0e82c857992b4ddbbaa44f82f57fcdc2 badff1a3a23c4e018c4d54c3adf2dcc1 - - default default] 10.0.0.122 "GET /v2.0/network-ip-availabilities HTTP/1.1" status: 200 len: 3397 time: 0.0133519
2026-04-27 22:10:35.483 10 INFO neutron.api.wsgi [None req-21d8eb2c-e936-43dd-a7d7-12fab0cf26fd 0e82c857992b4ddbbaa44f82f57fcdc2 badff1a3a23c4e018c4d54c3adf2dcc1 - - default default] 10.0.0.122 "GET /v2.0/agents HTTP/1.1" status: 200 len: 1390 time: 0.0101936
2026-04-27 22:10:35.548 10 INFO neutron.api.wsgi [None req-ec98d951-7b1a-4edd-b6a4-4888603ebf59 0e82c857992b4ddbbaa44f82f57fcdc2 badff1a3a23c4e018c4d54c3adf2dcc1 - - default default] 10.0.0.122 "GET /v2.0/networks HTTP/1.1" status: 200 len: 6028 time: 0.0634799
2026-04-27 22:10:35.576 10 INFO neutron.api.wsgi [None req-0f0ce6c9-10b2-4381-95cf-5b4f060b0a59 7417fff81bb04a87b0eb4bce1cb6fa30 55440a9976b04e058badbec4f0048fc6 - - default default] 10.0.0.231 "DELETE /v2.0/security-groups/13a28b5f-e315-4b32-8b28-781c08e20d89 HTTP/1.1" status: 204 len: 168 time: 0.2079790
2026-04-27 22:10:35.608 10 INFO neutron.api.wsgi [None req-790bbc50-f57f-4588-81c0-f4dc556868b3 0e82c857992b4ddbbaa44f82f57fcdc2 badff1a3a23c4e018c4d54c3adf2dcc1 - - default default] 10.0.0.122 "GET /v2.0/security-groups HTTP/1.1" status: 200 len: 28726 time: 0.0543809
2026-04-27 22:10:35.655 10 INFO neutron.api.wsgi [None req-d47cb352-d69f-4984-821e-21a1c9a86342 0e82c857992b4ddbbaa44f82f57fcdc2 badff1a3a23c4e018c4d54c3adf2dcc1 - - default default] 10.0.0.122 "GET /v2.0/subnets HTTP/1.1" status: 200 len: 4751 time: 0.0350993
2026-04-27 22:10:35.667 10 INFO neutron.api.wsgi [None req-3bebc459-aa10-4156-bca4-e0746a9d0aad 0e82c857992b4ddbbaa44f82f57fcdc2 badff1a3a23c4e018c4d54c3adf2dcc1 - - default default] 10.0.0.122 "GET /v2.0/subnetpools HTTP/1.1" status: 200 len: 193 time: 0.0101144
2026-04-27 22:10:35.694 10 INFO neutron.api.wsgi [None req-9a67fc4b-537d-40c5-ae59-a1fa0a05c8b3 0e82c857992b4ddbbaa44f82f57fcdc2 badff1a3a23c4e018c4d54c3adf2dcc1 - - default default] 10.0.0.122 "GET /v2.0/subnets HTTP/1.1" status: 200 len: 4751 time: 0.0261312
2026-04-27 22:10:35.716 10 INFO neutron.api.wsgi [None req-d5797693-6ac6-4ce5-b918-4ef7c7c15c1c 0e82c857992b4ddbbaa44f82f57fcdc2 badff1a3a23c4e018c4d54c3adf2dcc1 - - default default] 10.0.0.122 "GET /v2.0/floatingips HTTP/1.1" status: 200 len: 730 time: 0.0201662
2026-04-27 22:10:35.976 9 INFO neutron.api.wsgi [None req-e1be39ec-c0ba-40ea-8cfb-dafaef30a1e4 7417fff81bb04a87b0eb4bce1cb6fa30 55440a9976b04e058badbec4f0048fc6 - - default default] 10.0.0.231 "DELETE /v2.0/floatingips/cbf873c8-85d7-47cb-a5c1-d4dae7b2204c HTTP/1.1" status: 204 len: 168 time: 0.3583553
2026-04-27 22:10:36.150 10 INFO neutron.api.wsgi [req-a7f51edd-77f2-4c36-888c-5cdc6b0d645b req-d894b5cc-108f-4eec-8d45-d831f35b6f55 7417fff81bb04a87b0eb4bce1cb6fa30 55440a9976b04e058badbec4f0048fc6 - - default default] 10.0.0.152 "GET /v2.0/ports?device_id=dafd8756-8ff9-4233-87dc-61738b0633ef HTTP/1.1" status: 200 len: 1170 time: 0.0608883
2026-04-27 22:10:36.175 9 WARNING neutron.plugins.ml2.drivers.ovn.mech_driver.ovsdb.ovn_client [None req-7b3f3788-2431-46f3-8c3e-226ec3246f1b - - - - - -] No port found with ID a3b79687-7296-4ba3-9797-4df3b4e78673: RuntimeError: No port found with ID a3b79687-7296-4ba3-9797-4df3b4e78673
2026-04-27 22:10:36.193 10 INFO neutron.api.wsgi [req-a7f51edd-77f2-4c36-888c-5cdc6b0d645b req-81ab0669-d01d-49df-8a49-c2ba0382a690 7417fff81bb04a87b0eb4bce1cb6fa30 55440a9976b04e058badbec4f0048fc6 - - default default] 10.0.0.152 "GET /v2.0/security-groups?id=ed136b3f-af46-4c57-a9b6-40f8863df3a9&fields=id&fields=name HTTP/1.1" status: 200 len: 312 time: 0.0359652
2026-04-27 22:10:36.287 9 INFO neutron.services.segments.plugin [-] Segment 1561f060-43cf-4477-b3e8-40594663a00c resource provider aggregate not found
2026-04-27 22:10:36.291 9 INFO neutron.services.segments.plugin [-] Segment 1561f060-43cf-4477-b3e8-40594663a00c resource provider aggregate not found
2026-04-27 22:10:36.304 9 INFO neutron.services.segments.plugin [-] Segment 1561f060-43cf-4477-b3e8-40594663a00c resource provider not found; error: Placement Client Error (4xx): {"errors": [{"status": 404, "title": "Not Found", "detail": "The resource could not be found.\n\n No resource provider with uuid 1561f060-43cf-4477-b3e8-40594663a00c found for delete ", "request_id": "req-bf76e4c9-55e5-45f4-9b52-21ceb1cfd426"}]}
2026-04-27 22:10:36.306 9 INFO neutron.services.segments.plugin [-] Segment 1561f060-43cf-4477-b3e8-40594663a00c resource provider not found; error: Placement Client Error (4xx): {"errors": [{"status": 404, "title": "Not Found", "detail": "The resource could not be found.\n\n No resource provider with uuid 1561f060-43cf-4477-b3e8-40594663a00c found for delete ", "request_id": "req-816af51b-c932-4196-826b-07c8d4fd35c4"}]}
2026-04-27 22:10:36.342 9 INFO neutron.api.wsgi [None req-fc8cb49c-2392-4a6d-a066-c2396d1077d9 5eda95fa0c67444e8c5c75eb0ee24fcf bdce58bea17e49e39d54d0e80275505e - - default default] 10.0.0.231 "DELETE /v2.0/vpn/vpnservices/9fcbd2c1-9097-4c61-afb9-0cca6130780a HTTP/1.1" status: 204 len: 168 time: 2.3199117 /var/lib/openstack/lib/python3.12/site-packages/pycadf/identifier.py:71: UserWarning: Invalid uuid: neutron. To ensure interoperability, identifiers should be a valid uuid. warnings.warn(('Invalid uuid: %s. To ensure interoperability, '
2026-04-27 22:10:36.403 9 INFO neutron.api.wsgi [None req-ee640153-be93-483c-b9a3-c370a4e27b3f 5eda95fa0c67444e8c5c75eb0ee24fcf bdce58bea17e49e39d54d0e80275505e - - default default] 10.0.0.231 "GET /v2.0/routers/0709186f-54e3-48da-9b0a-5bfabf60737e HTTP/1.1" status: 200 len: 1137 time: 0.0563869
2026-04-27 22:10:36.671 10 INFO neutron.plugins.ml2.drivers.ovn.mech_driver.mech_driver [None req-b1373eec-9373-438d-9b6e-01082c4e4cdd - - - - - -] OVN reports status down for port: aa61261f-8212-4d88-8085-ff8bd8dd65e1
2026-04-27 22:10:36.785 10 INFO neutron.notifiers.nova [-] Nova event matching ['req-ff6fc4f1-57e0-41f6-a2da-0d5cb81a155b'] response: {'server_uuid': 'dafd8756-8ff9-4233-87dc-61738b0633ef', 'name': 'network-vif-unplugged', 'status': 'completed', 'tag': 'aa61261f-8212-4d88-8085-ff8bd8dd65e1', 'code': 200}
2026-04-27 22:10:36.879 10 INFO neutron.db.ovn_revision_numbers_db [None req-b1373eec-9373-438d-9b6e-01082c4e4cdd - - - - - -] Successfully bumped revision number for resource aa61261f-8212-4d88-8085-ff8bd8dd65e1 (type: ports) to 6
2026-04-27 22:10:37.035 9 INFO neutron.db.ovn_revision_numbers_db [None req-8093b9da-ac45-4ea2-b3bd-50c244a9c772 5eda95fa0c67444e8c5c75eb0ee24fcf bdce58bea17e49e39d54d0e80275505e - - default default] Successfully bumped revision number for resource 0709186f-54e3-48da-9b0a-5bfabf60737e (type: routers) to 11
2026-04-27 22:10:37.041 9 INFO neutron.api.wsgi [None req-8093b9da-ac45-4ea2-b3bd-50c244a9c772 5eda95fa0c67444e8c5c75eb0ee24fcf bdce58bea17e49e39d54d0e80275505e - - default default] 10.0.0.231 "PUT /v2.0/routers/0709186f-54e3-48da-9b0a-5bfabf60737e HTTP/1.1" status: 200 len: 1137 time: 0.6334741
2026-04-27 22:10:37.108 9 INFO neutron.api.wsgi [None req-6b89eb07-d1c9-4986-b02b-a090f452906a 5eda95fa0c67444e8c5c75eb0ee24fcf bdce58bea17e49e39d54d0e80275505e - - default default] 10.0.0.231 "GET /v2.0/ports?device_id=0709186f-54e3-48da-9b0a-5bfabf60737e HTTP/1.1" status: 200 len: 1140 time: 0.0614314 /var/lib/openstack/lib/python3.12/site-packages/pycadf/identifier.py:71: UserWarning: Invalid uuid: neutron. To ensure interoperability, identifiers should be a valid uuid. warnings.warn(('Invalid uuid: %s. To ensure interoperability, '
2026-04-27 22:10:37.286 10 INFO neutron.api.wsgi [req-46b73576-608f-4bfa-96d7-bf03a6146817 req-d4e05a42-45e6-49b6-bac9-2799eeb3a47b 7417fff81bb04a87b0eb4bce1cb6fa30 55440a9976b04e058badbec4f0048fc6 - - default default] 10.0.0.152 "GET /v2.0/ports?device_id=dafd8756-8ff9-4233-87dc-61738b0633ef HTTP/1.1" status: 200 len: 1168 time: 0.0334885
2026-04-27 22:10:37.328 10 INFO neutron.api.wsgi [req-46b73576-608f-4bfa-96d7-bf03a6146817 req-0794d2e7-7f55-4557-a66a-00994777c342 7417fff81bb04a87b0eb4bce1cb6fa30 55440a9976b04e058badbec4f0048fc6 - - default default] 10.0.0.152 "GET /v2.0/security-groups?id=ed136b3f-af46-4c57-a9b6-40f8863df3a9&fields=id&fields=name HTTP/1.1" status: 200 len: 312 time: 0.0358069 /var/lib/openstack/lib/python3.12/site-packages/pycadf/identifier.py:71: UserWarning: Invalid uuid: neutron. To ensure interoperability, identifiers should be a valid uuid. warnings.warn(('Invalid uuid: %s. To ensure interoperability, '
2026-04-27 22:10:37.850 9 INFO neutron.api.wsgi [None req-30dd1cd7-4120-4171-b567-5be741fef687 5eda95fa0c67444e8c5c75eb0ee24fcf bdce58bea17e49e39d54d0e80275505e - - default default] 10.0.0.231 "PUT /v2.0/routers/0709186f-54e3-48da-9b0a-5bfabf60737e/remove_router_interface HTTP/1.1" status: 200 len: 503 time: 0.7349906
2026-04-27 22:10:37.911 9 INFO neutron.api.wsgi [req-c57b35e5-14a5-4484-b449-b53dba0abb2a req-2440f302-4c7d-4087-90f8-112a99fe777e 7417fff81bb04a87b0eb4bce1cb6fa30 55440a9976b04e058badbec4f0048fc6 - - default default] 199.19.213.228 "GET /v2.0/ports?device_id=dafd8756-8ff9-4233-87dc-61738b0633ef HTTP/1.1" status: 200 len: 1168 time: 0.0776079
2026-04-27 22:10:38.164 9 INFO neutron.api.wsgi [req-c57b35e5-14a5-4484-b449-b53dba0abb2a req-56f3e201-dcbb-4777-9a2d-52feaa91b1aa 7417fff81bb04a87b0eb4bce1cb6fa30 55440a9976b04e058badbec4f0048fc6 - - default default] 199.19.213.228 "DELETE /v2.0/ports/aa61261f-8212-4d88-8085-ff8bd8dd65e1 HTTP/1.1" status: 204 len: 173 time: 0.2483711
2026-04-27 22:10:38.195 9 INFO neutron.notifiers.nova [-] Nova event matching ['req-0e9941d6-95de-408c-8d1b-149a1cf775d5'] response: {'server_uuid': 'dafd8756-8ff9-4233-87dc-61738b0633ef', 'name': 'network-vif-deleted', 'tag': 'aa61261f-8212-4d88-8085-ff8bd8dd65e1', 'status': 'completed', 'code': 200}
2026-04-27 22:10:38.411 10 INFO neutron.api.wsgi [req-42f31efb-c7a5-459b-878c-0e910f6eab08 req-094429ec-6344-4bd8-873b-d1fd10053634 7417fff81bb04a87b0eb4bce1cb6fa30 55440a9976b04e058badbec4f0048fc6 - - default default] 10.0.0.152 "GET /v2.0/ports?device_id=dafd8756-8ff9-4233-87dc-61738b0633ef HTTP/1.1" status: 200 len: 210 time: 0.0169041
2026-04-27 22:10:38.443 10 INFO neutron.api.wsgi [None req-2010fbfa-0887-4aae-b57d-3c8725e5e46c 5eda95fa0c67444e8c5c75eb0ee24fcf bdce58bea17e49e39d54d0e80275505e - - default default] 10.0.0.231 "DELETE /v2.0/routers/0709186f-54e3-48da-9b0a-5bfabf60737e HTTP/1.1" status: 204 len: 168 time: 0.5882778
2026-04-27 22:10:38.503 10 INFO neutron.api.wsgi [None req-36fd1c27-0536-4bd1-8dc5-465398b32ed7 5eda95fa0c67444e8c5c75eb0ee24fcf bdce58bea17e49e39d54d0e80275505e - - default default] 10.0.0.231 "GET /v2.0/routers/23b1c7ff-145c-446b-91fa-9b7ce2a9cfa4 HTTP/1.1" status: 200 len: 1136 time: 0.0547447
2026-04-27 22:10:38.569 9 INFO neutron.api.wsgi [-] 10.0.0.204 "GET / HTTP/1.1" status: 200 len: 247 time: 0.0025547
2026-04-27 22:10:38.571 9 INFO neutron.api.wsgi [-] 10.0.0.204 "GET / HTTP/1.1" status: 200 len: 247 time: 0.0013142
2026-04-27 22:10:38.819 10 INFO neutron.notifiers.nova [-] Nova event matching ['req-b4967253-df76-4238-93ed-8b8eb39f0b60'] response: {'server_uuid': 'dafd8756-8ff9-4233-87dc-61738b0633ef', 'name': 'network-vif-unplugged', 'status': 'completed', 'tag': 'aa61261f-8212-4d88-8085-ff8bd8dd65e1', 'code': 200}
2026-04-27 22:10:39.105 9 INFO neutron.db.ovn_revision_numbers_db [None req-3c342334-f0ba-4cd4-9b51-efc2cf015382 5eda95fa0c67444e8c5c75eb0ee24fcf bdce58bea17e49e39d54d0e80275505e - - default default] Successfully bumped revision number for resource 23b1c7ff-145c-446b-91fa-9b7ce2a9cfa4 (type: routers) to 5
2026-04-27 22:10:39.111 9 INFO neutron.api.wsgi [None req-3c342334-f0ba-4cd4-9b51-efc2cf015382 5eda95fa0c67444e8c5c75eb0ee24fcf bdce58bea17e49e39d54d0e80275505e - - default default] 10.0.0.231 "PUT /v2.0/routers/23b1c7ff-145c-446b-91fa-9b7ce2a9cfa4 HTTP/1.1" status: 200 len: 1136 time: 0.6018748
2026-04-27 22:10:39.183 9 INFO neutron.api.wsgi [None req-70b259af-6e47-47e2-b6ad-1c38a180ae10 5eda95fa0c67444e8c5c75eb0ee24fcf bdce58bea17e49e39d54d0e80275505e - - default default] 10.0.0.231 "GET /v2.0/ports?device_id=23b1c7ff-145c-446b-91fa-9b7ce2a9cfa4 HTTP/1.1" status: 200 len: 1144 time: 0.0669615
2026-04-27 22:10:39.492 10 INFO neutron.api.wsgi [req-9ff9eb29-6391-4530-be39-fe5bd62a49bf req-f4a81cb3-8c1e-4307-8743-c800e583c3c9 7417fff81bb04a87b0eb4bce1cb6fa30 55440a9976b04e058badbec4f0048fc6 - - default default] 10.0.0.152 "GET /v2.0/ports?device_id=dafd8756-8ff9-4233-87dc-61738b0633ef HTTP/1.1" status: 200 len: 210 time: 0.0191677
2026-04-27 22:10:39.965 9 INFO neutron.api.wsgi [None req-ce704aeb-f4d1-45fc-b27d-c196075b3e06 5eda95fa0c67444e8c5c75eb0ee24fcf bdce58bea17e49e39d54d0e80275505e - - default default] 10.0.0.231 "PUT /v2.0/routers/23b1c7ff-145c-446b-91fa-9b7ce2a9cfa4/remove_router_interface HTTP/1.1" status: 200 len: 503 time: 0.7764025 /var/lib/openstack/lib/python3.12/site-packages/pycadf/identifier.py:71: UserWarning: Invalid uuid: neutron. To ensure interoperability, identifiers should be a valid uuid. warnings.warn(('Invalid uuid: %s. To ensure interoperability, '
2026-04-27 22:10:40.544 9 INFO neutron.api.wsgi [None req-585f3389-9d60-473e-8355-7b9ae6c86ffa 5eda95fa0c67444e8c5c75eb0ee24fcf bdce58bea17e49e39d54d0e80275505e - - default default] 10.0.0.231 "DELETE /v2.0/routers/23b1c7ff-145c-446b-91fa-9b7ce2a9cfa4 HTTP/1.1" status: 204 len: 168 time: 0.5742943
2026-04-27 22:10:40.585 9 INFO neutron.api.wsgi [req-14a943e9-b79a-4512-8cca-bfa9cb5a119c req-238f3796-a9a9-45a2-99b0-aa3cf05cdd0c 7417fff81bb04a87b0eb4bce1cb6fa30 55440a9976b04e058badbec4f0048fc6 - - default default] 10.0.0.152 "GET /v2.0/ports?device_id=dafd8756-8ff9-4233-87dc-61738b0633ef HTTP/1.1" status: 200 len: 210 time: 0.0225272
2026-04-27 22:10:40.608 9 INFO neutron.api.wsgi [None req-ea85f23e-6053-475d-841e-91846ee06288 5eda95fa0c67444e8c5c75eb0ee24fcf bdce58bea17e49e39d54d0e80275505e - - default default] 10.0.0.231 "GET /v2.0/routers/37f4795e-d404-468a-a80f-c4db57a599ca HTTP/1.1" status: 200 len: 1137 time: 0.0599804
2026-04-27 22:10:41.478 9 INFO neutron.db.ovn_revision_numbers_db [None req-ff2b064c-67ab-40fe-966d-1a0c9351f123 5eda95fa0c67444e8c5c75eb0ee24fcf bdce58bea17e49e39d54d0e80275505e - - default default] Successfully bumped revision number for resource 37f4795e-d404-468a-a80f-c4db57a599ca (type: routers) to 5
2026-04-27 22:10:41.483 9 INFO neutron.api.wsgi [None req-ff2b064c-67ab-40fe-966d-1a0c9351f123 5eda95fa0c67444e8c5c75eb0ee24fcf bdce58bea17e49e39d54d0e80275505e - - default default] 10.0.0.231 "PUT /v2.0/routers/37f4795e-d404-468a-a80f-c4db57a599ca HTTP/1.1" status: 200 len: 1137 time: 0.8700914
2026-04-27 22:10:41.553 9 INFO neutron.api.wsgi [None req-5068020d-1ecf-4a16-ba51-4cd83289be4c 5eda95fa0c67444e8c5c75eb0ee24fcf bdce58bea17e49e39d54d0e80275505e - - default default] 10.0.0.231 "GET /v2.0/ports?device_id=37f4795e-d404-468a-a80f-c4db57a599ca HTTP/1.1" status: 200 len: 1144 time: 0.0643260
2026-04-27 22:10:41.790 10 INFO neutron.api.wsgi [None req-8c32e441-4ec4-468b-b55e-da550387bd1e 7417fff81bb04a87b0eb4bce1cb6fa30 55440a9976b04e058badbec4f0048fc6 - - default default] 10.0.0.231 "DELETE /v2.0/security-groups/ed136b3f-af46-4c57-a9b6-40f8863df3a9 HTTP/1.1" status: 204 len: 168 time: 0.1542625
2026-04-27 22:10:42.282 9 INFO neutron.api.wsgi [None req-ccc4e3d4-9244-4ff5-acf9-c0848495289b 5eda95fa0c67444e8c5c75eb0ee24fcf bdce58bea17e49e39d54d0e80275505e - - default default] 10.0.0.231 "PUT /v2.0/routers/37f4795e-d404-468a-a80f-c4db57a599ca/remove_router_interface HTTP/1.1" status: 200 len: 503 time: 0.7233064
2026-04-27 22:10:42.636 10 INFO neutron.api.wsgi [None req-dd5f07e0-3009-4e1e-82ad-ed3a98c94021 7417fff81bb04a87b0eb4bce1cb6fa30 55440a9976b04e058badbec4f0048fc6 - - default default] 10.0.0.231 "PUT /v2.0/routers/c8591587-7e27-4d01-bb1d-06a0a33b59cd/remove_router_interface HTTP/1.1" status: 200 len: 503 time: 0.8151469 /var/lib/openstack/lib/python3.12/site-packages/pycadf/identifier.py:71: UserWarning: Invalid uuid: neutron. To ensure interoperability, identifiers should be a valid uuid. warnings.warn(('Invalid uuid: %s. To ensure interoperability, '
2026-04-27 22:10:42.848 10 INFO neutron.api.wsgi [None req-e1bdb535-20d9-411c-a8d7-9d168e87dd6a 7417fff81bb04a87b0eb4bce1cb6fa30 55440a9976b04e058badbec4f0048fc6 - - default default] 10.0.0.231 "DELETE /v2.0/subnets/fc319e92-4fe6-4e48-b366-b30253e7efe7 HTTP/1.1" status: 204 len: 168 time: 0.2065616 /var/lib/openstack/lib/python3.12/site-packages/pycadf/identifier.py:71: UserWarning: Invalid uuid: neutron. To ensure interoperability, identifiers should be a valid uuid. warnings.warn(('Invalid uuid: %s. To ensure interoperability, '
2026-04-27 22:10:43.095 10 INFO neutron.api.wsgi [None req-a6863925-7c64-4b1c-839f-0da00fa109f0 5eda95fa0c67444e8c5c75eb0ee24fcf bdce58bea17e49e39d54d0e80275505e - - default default] 10.0.0.231 "DELETE /v2.0/routers/37f4795e-d404-468a-a80f-c4db57a599ca HTTP/1.1" status: 204 len: 168 time: 0.8090816
2026-04-27 22:10:43.116 10 INFO neutron.api.v2.resource [None req-2b774c7f-20ca-41e8-bfad-fcfb7ba3e226 5eda95fa0c67444e8c5c75eb0ee24fcf bdce58bea17e49e39d54d0e80275505e - - default default] show failed (client error): The resource could not be found.
2026-04-27 22:10:43.118 10 INFO neutron.api.wsgi [None req-2b774c7f-20ca-41e8-bfad-fcfb7ba3e226 5eda95fa0c67444e8c5c75eb0ee24fcf bdce58bea17e49e39d54d0e80275505e - - default default] 10.0.0.231 "GET /v2.0/routers/93f05837-1291-4117-9a05-d28dae54f383 HTTP/1.1" status: 404 len: 336 time: 0.0182867
2026-04-27 22:10:43.271 10 INFO neutron.api.wsgi [None req-12eac662-4273-4ebc-b789-471f7222665c 5eda95fa0c67444e8c5c75eb0ee24fcf bdce58bea17e49e39d54d0e80275505e - - default default] 10.0.0.231 "DELETE /v2.0/subnets/bb25e85d-e21e-41ee-89f5-26b4e6ba9da8 HTTP/1.1" status: 204 len: 168 time: 0.1487114
2026-04-27 22:10:43.441 10 INFO neutron.api.wsgi [None req-f9064c82-6e8b-4cbe-a20f-a3e6acbb40af 5eda95fa0c67444e8c5c75eb0ee24fcf bdce58bea17e49e39d54d0e80275505e - - default default] 10.0.0.231 "DELETE /v2.0/subnets/3b85a139-43a2-4f67-b0bc-6046da1e4183 HTTP/1.1" status: 204 len: 168 time: 0.1643677
2026-04-27 22:10:43.481 9 INFO neutron.api.wsgi [None req-d7c1cb7a-a17e-4638-a7d4-2d4d308d6f51 7417fff81bb04a87b0eb4bce1cb6fa30 55440a9976b04e058badbec4f0048fc6 - - default default] 10.0.0.231 "DELETE /v2.0/routers/c8591587-7e27-4d01-bb1d-06a0a33b59cd HTTP/1.1" status: 204 len: 168 time: 0.6279645
2026-04-27 22:10:43.617 9 INFO neutron.api.wsgi [None req-79efe31b-50bc-40ae-bfb6-f1aed605aa37 5eda95fa0c67444e8c5c75eb0ee24fcf bdce58bea17e49e39d54d0e80275505e - - default default] 10.0.0.231 "DELETE /v2.0/subnets/e55b85e4-0e94-4040-a0d5-7296a8424dc8 HTTP/1.1" status: 204 len: 168 time: 0.1703732
2026-04-27 22:10:43.634 10 INFO neutron.pecan_wsgi.hooks.translation [None req-b3ffa4ad-3779-44d8-9ed2-0082a21734f2 5eda95fa0c67444e8c5c75eb0ee24fcf bdce58bea17e49e39d54d0e80275505e - - default default] DELETE failed (client error): The resource could not be found.
2026-04-27 22:10:43.636 10 INFO neutron.api.wsgi [None req-b3ffa4ad-3779-44d8-9ed2-0082a21734f2 5eda95fa0c67444e8c5c75eb0ee24fcf bdce58bea17e49e39d54d0e80275505e - - default default] 10.0.0.231 "DELETE /v2.0/subnets/e0020bb2-bae9-4f0f-865f-f8950911b4bd HTTP/1.1" status: 404 len: 337 time: 0.0141599
2026-04-27 22:10:43.771 9 INFO neutron.services.segments.plugin [-] Segment e639c4af-d24e-45a3-a700-362cdb2046ed resource provider aggregate not found
2026-04-27 22:10:43.775 9 INFO neutron.services.segments.plugin [-] Segment e639c4af-d24e-45a3-a700-362cdb2046ed resource provider aggregate not found
2026-04-27 22:10:43.783 9 INFO neutron.services.segments.plugin [-] Segment e639c4af-d24e-45a3-a700-362cdb2046ed resource provider not found; error: Placement Client Error (4xx): {"errors": [{"status": 404, "title": "Not Found", "detail": "The resource could not be found.\n\n No resource provider with uuid e639c4af-d24e-45a3-a700-362cdb2046ed found for delete ", "request_id": "req-73d1e4cd-8a0b-4293-bf33-0088415d1d1f"}]}
2026-04-27 22:10:43.790 9 INFO neutron.services.segments.plugin [-] Segment e639c4af-d24e-45a3-a700-362cdb2046ed resource provider not found; error: Placement Client Error (4xx): {"errors": [{"status": 404, "title": "Not Found", "detail": "The resource could not be found.\n\n No resource provider with uuid e639c4af-d24e-45a3-a700-362cdb2046ed found for delete ", "request_id": "req-f23264a9-c869-4880-9265-892000c361da"}]}
2026-04-27 22:10:43.806 9 INFO neutron.api.wsgi [None req-44ee6e57-7892-46f7-b471-eaae699e3166 7417fff81bb04a87b0eb4bce1cb6fa30 55440a9976b04e058badbec4f0048fc6 - - default default] 10.0.0.231 "DELETE /v2.0/networks/824cdccc-5387-4083-8c5a-82070549d13f HTTP/1.1" status: 204 len: 168 time: 0.3202548
2026-04-27 22:10:43.875 10 INFO neutron.services.segments.plugin [-] Segment 66ea497e-bbde-4870-8dfa-c4c0c46393d7 resource provider aggregate not found
2026-04-27 22:10:43.878 10 INFO neutron.services.segments.plugin [-] Segment 66ea497e-bbde-4870-8dfa-c4c0c46393d7 resource provider aggregate not found
2026-04-27 22:10:43.888 10 INFO neutron.services.segments.plugin [-] Segment 66ea497e-bbde-4870-8dfa-c4c0c46393d7 resource provider not found; error: Placement Client Error (4xx): {"errors": [{"status": 404, "title": "Not Found", "detail": "The resource could not be found.\n\n No resource provider with uuid 66ea497e-bbde-4870-8dfa-c4c0c46393d7 found for delete ", "request_id": "req-bc555263-453d-47c9-b417-ae88a8e2ec2c"}]}
2026-04-27 22:10:43.889 10 INFO neutron.services.segments.plugin [-] Segment 66ea497e-bbde-4870-8dfa-c4c0c46393d7 resource provider not found; error: Placement Client Error (4xx): {"errors": [{"status": 404, "title": "Not Found", "detail": "The resource could not be found.\n\n No resource provider with uuid 66ea497e-bbde-4870-8dfa-c4c0c46393d7 found for delete ", "request_id": "req-d21f16c4-c9f4-441b-8968-87d1c514056c"}]}
2026-04-27 22:10:43.900 10 INFO neutron.api.wsgi [None req-9e661dcb-ac69-4b02-ae93-98911117812a 5eda95fa0c67444e8c5c75eb0ee24fcf bdce58bea17e49e39d54d0e80275505e - - default default] 10.0.0.231 "DELETE /v2.0/networks/3908ef0b-883e-4ee2-b009-5708cb0f7897 HTTP/1.1" status: 204 len: 168 time: 0.2589490
2026-04-27 22:10:44.161 10 INFO neutron.api.wsgi [None req-f1272613-7fae-4233-830a-d0b7b4859a47 5eda95fa0c67444e8c5c75eb0ee24fcf bdce58bea17e49e39d54d0e80275505e - - default default] 10.0.0.231 "DELETE /v2.0/networks/81a87dbd-3b42-41dd-a946-dc67c15c99b0 HTTP/1.1" status: 204 len: 168 time: 0.2569199
2026-04-27 22:10:44.428 10 INFO neutron.api.wsgi [None req-39104dc7-0ad2-49a8-8098-f56bf6bcaaad 5eda95fa0c67444e8c5c75eb0ee24fcf bdce58bea17e49e39d54d0e80275505e - - default default] 10.0.0.231 "DELETE /v2.0/networks/ed9b9e5e-365c-4a81-89cd-ea67d13645f4 HTTP/1.1" status: 204 len: 168 time: 0.2628210
2026-04-27 22:10:44.441 10 INFO neutron.pecan_wsgi.hooks.translation [None req-cee2259d-87bb-4d06-9f36-876078189db6 5eda95fa0c67444e8c5c75eb0ee24fcf bdce58bea17e49e39d54d0e80275505e - - default default] DELETE failed (client error): The resource could not be found.
2026-04-27 22:10:44.443 10 INFO neutron.api.wsgi [None req-cee2259d-87bb-4d06-9f36-876078189db6 5eda95fa0c67444e8c5c75eb0ee24fcf bdce58bea17e49e39d54d0e80275505e - - default default] 10.0.0.231 "DELETE /v2.0/networks/c39c9df3-049b-463b-8017-7958c952d569 HTTP/1.1" status: 404 len: 339 time: 0.0101781
2026-04-27 22:10:44.511 9 INFO neutron.api.wsgi [None req-8ce46d13-0b43-4963-a22e-2827473608ec 0e82c857992b4ddbbaa44f82f57fcdc2 badff1a3a23c4e018c4d54c3adf2dcc1 - - default default] 10.0.0.231 "GET /v2.0/security-groups?tenant_id=55440a9976b04e058badbec4f0048fc6&name=default HTTP/1.1" status: 200 len: 3120 time: 0.1268981
2026-04-27 22:10:44.715 9 INFO neutron.api.wsgi [None req-eb97bc17-42e5-4336-b54a-da6d4c2c7c95 0e82c857992b4ddbbaa44f82f57fcdc2 badff1a3a23c4e018c4d54c3adf2dcc1 - - default default] 10.0.0.231 "DELETE /v2.0/security-groups/23effc6d-bdb8-4db7-a7a5-912f3f5e782e HTTP/1.1" status: 204 len: 168 time: 0.1974933
2026-04-27 22:10:44.970 9 INFO neutron.db.ovn_revision_numbers_db [None req-e9cd6a16-1c6f-4065-8416-4882299d215c 0e82c857992b4ddbbaa44f82f57fcdc2 badff1a3a23c4e018c4d54c3adf2dcc1 - - default default] Successfully bumped revision number for resource 0e992912-5cb2-4513-9b0c-47b6a99a1818 (type: security_groups) to 1
2026-04-27 22:10:44.984 9 INFO neutron.db.ovn_revision_numbers_db [None req-e9cd6a16-1c6f-4065-8416-4882299d215c 0e82c857992b4ddbbaa44f82f57fcdc2 badff1a3a23c4e018c4d54c3adf2dcc1 - - default default] Successfully bumped revision number for resource 2b4e99cb-6a67-448d-9ea1-0ce34937695f (type: security_group_rules) to 0
2026-04-27 22:10:44.998 9 INFO neutron.db.ovn_revision_numbers_db [None req-e9cd6a16-1c6f-4065-8416-4882299d215c 0e82c857992b4ddbbaa44f82f57fcdc2 badff1a3a23c4e018c4d54c3adf2dcc1 - - default default] Successfully bumped revision number for resource 2d2600aa-65d6-4e72-bf38-6441aacd1df5 (type: security_group_rules) to 0
2026-04-27 22:10:45.013 9 INFO neutron.db.ovn_revision_numbers_db [None req-e9cd6a16-1c6f-4065-8416-4882299d215c 0e82c857992b4ddbbaa44f82f57fcdc2 badff1a3a23c4e018c4d54c3adf2dcc1 - - default default] Successfully bumped revision number for resource 5ae649ca-2041-4e5e-9645-e08ad11e72f4 (type: security_group_rules) to 0
2026-04-27 22:10:45.027 9 INFO neutron.db.ovn_revision_numbers_db [None req-e9cd6a16-1c6f-4065-8416-4882299d215c 0e82c857992b4ddbbaa44f82f57fcdc2 badff1a3a23c4e018c4d54c3adf2dcc1 - - default default] Successfully bumped revision number for resource ac6f139f-850a-4031-b24c-dfc2e9d7b377 (type: security_group_rules) to 0
2026-04-27 22:10:45.062 9 INFO neutron.api.wsgi [None req-e9cd6a16-1c6f-4065-8416-4882299d215c 0e82c857992b4ddbbaa44f82f57fcdc2 badff1a3a23c4e018c4d54c3adf2dcc1 - - default default] 10.0.0.231 "GET /v2.0/security-groups?tenant_id=1bb6c581cc5f471b942a34f9b9f21082&name=default HTTP/1.1" status: 200 len: 3124 time: 0.2211061
2026-04-27 22:10:45.239 9 INFO neutron.api.wsgi [None req-96266b5f-40a0-4b36-a556-e3bfa7fd0052 0e82c857992b4ddbbaa44f82f57fcdc2 badff1a3a23c4e018c4d54c3adf2dcc1 - - default default] 10.0.0.231 "DELETE /v2.0/security-groups/0e992912-5cb2-4513-9b0c-47b6a99a1818 HTTP/1.1" status: 204 len: 168 time: 0.1737435
2026-04-27 22:10:45.276 10 INFO neutron.db.ovn_revision_numbers_db [None req-137bd701-5cb0-4bb0-bdbf-33cf34541d35 0e82c857992b4ddbbaa44f82f57fcdc2 badff1a3a23c4e018c4d54c3adf2dcc1 - - default default] Successfully bumped revision number for resource 4b86d07d-78df-4698-b534-373c5740a948 (type: security_groups) to 1
2026-04-27 22:10:45.289 10 INFO neutron.db.ovn_revision_numbers_db [None req-137bd701-5cb0-4bb0-bdbf-33cf34541d35 0e82c857992b4ddbbaa44f82f57fcdc2 badff1a3a23c4e018c4d54c3adf2dcc1 - - default default] Successfully bumped revision number for resource 0ef2cf87-91ca-4653-87e4-a22641e71c6e (type: security_group_rules) to 0
2026-04-27 22:10:45.302 10 INFO neutron.db.ovn_revision_numbers_db [None req-137bd701-5cb0-4bb0-bdbf-33cf34541d35 0e82c857992b4ddbbaa44f82f57fcdc2 badff1a3a23c4e018c4d54c3adf2dcc1 - - default default] Successfully bumped revision number for resource 71b5480d-c3fc-4bd0-ae65-f97776a88851 (type: security_group_rules) to 0
