2026-04-27 22:07:34.978 10 INFO neutron.api.wsgi [None req-201989df-3249-495b-b45b-b1a90249174d 016e39b22eba4b17a3c190222e9ae139 29b6a54feb4e49299c0875aca8c5b1e8 - - default default] 10.0.0.231 "GET /v2.0/ports/8351cfab-b38a-4ecb-ba90-dddd2a3231d9 HTTP/1.1" status: 200 len: 1139 time: 0.0325122
2026-04-27 22:07:35.426 9 INFO neutron.api.wsgi [req-4386f366-01a1-43df-800e-f78cbb76842f req-b8f5e82b-5899-47e5-9a13-da0a6c8ca0e2 b190cd0a78684813b2bcb348d103d979 d294d4267df748699138ba6bde02c59b - - default default] 10.0.0.152 "GET /v2.0/ports?device_id=573bd9f2-4136-48f7-9bf8-89b4311c7757 HTTP/1.1" status: 200 len: 1170 time: 0.0457370
2026-04-27 22:07:35.496 9 INFO neutron.api.wsgi [req-4386f366-01a1-43df-800e-f78cbb76842f req-3a725ece-07e8-40c3-8690-87f993d9cf6c b190cd0a78684813b2bcb348d103d979 d294d4267df748699138ba6bde02c59b - - default default] 10.0.0.152 "GET /v2.0/security-groups?id=5b7465cd-3942-4cc3-a0f8-ba2256249ce0&fields=id&fields=name HTTP/1.1" status: 200 len: 313 time: 0.0587821
2026-04-27 22:07:35.505 10 INFO neutron.api.wsgi [None req-8197f34f-8fdc-49ea-bc10-6a6827568f9b 0e82c857992b4ddbbaa44f82f57fcdc2 badff1a3a23c4e018c4d54c3adf2dcc1 - - default default] 10.0.0.122 "GET /v2.0/network-ip-availabilities HTTP/1.1" status: 200 len: 2636 time: 0.2633753
2026-04-27 22:07:35.545 10 INFO neutron.api.wsgi [None req-ad1672f5-c70e-48be-bf4f-e42b4235a950 0e82c857992b4ddbbaa44f82f57fcdc2 badff1a3a23c4e018c4d54c3adf2dcc1 - - default default] 10.0.0.122 "GET /v2.0/floatingips HTTP/1.1" status: 200 len: 1866 time: 0.0369399
2026-04-27 22:07:35.569 9 INFO neutron.db.ovn_revision_numbers_db [None req-a69b0546-3f5f-4272-90f2-ca622eca64e9 - - - - - -] Successfully bumped revision number for resource 1e2e100c-618b-4898-bb80-7d847cb5d786 (type: ports) to 2
2026-04-27 22:07:35.603 9 INFO neutron.db.ovn_revision_numbers_db [None req-d1229cc1-fb1b-425f-adad-1f136ba9b4a4 16c57b78c26a4374a299a2864d39dda9 23ee662afc1f49bc92c8f2d916ebefb2 - - default default] Successfully bumped revision number for resource a5a09ccd-2f53-409d-a8c9-0e24ef6a05cb (type: floatingips) to 2
2026-04-27 22:07:35.623 9 INFO neutron.api.wsgi [req-70fe05cf-91d1-4619-8a6d-048ffd225be6 req-114c0bff-8997-47a3-885e-e179cff3e876 574141f4da6c4ad8ab3a6842a6d97c5a 85c3324aefca416482414cbe12d2d06b - - dad4b4b2a7e544489a0095d9c3514c2a dad4b4b2a7e544489a0095d9c3514c2a] 199.19.213.228 "GET /v2.0/ports?tenant_id=d294d4267df748699138ba6bde02c59b&device_id=573bd9f2-4136-48f7-9bf8-89b4311c7757 HTTP/1.1" status: 200 len: 1409 time: 0.0441813
2026-04-27 22:07:35.643 10 INFO neutron.api.wsgi [None req-4c7d0042-8827-44c5-bae8-770270532f7c 0e82c857992b4ddbbaa44f82f57fcdc2 badff1a3a23c4e018c4d54c3adf2dcc1 - - default default] 10.0.0.122 "GET /v2.0/subnets HTTP/1.1" status: 200 len: 3451 time: 0.0974441 /var/lib/openstack/lib/python3.12/site-packages/pycadf/identifier.py:71: UserWarning: Invalid uuid: neutron. To ensure interoperability, identifiers should be a valid uuid. warnings.warn(('Invalid uuid: %s. To ensure interoperability, '
2026-04-27 22:07:35.691 9 INFO neutron.api.wsgi [req-70fe05cf-91d1-4619-8a6d-048ffd225be6 req-95120512-685d-4afc-a6d5-18237c0d9204 574141f4da6c4ad8ab3a6842a6d97c5a 85c3324aefca416482414cbe12d2d06b - - dad4b4b2a7e544489a0095d9c3514c2a dad4b4b2a7e544489a0095d9c3514c2a] 199.19.213.228 "GET /v2.0/networks?id=18c94c7f-d2c1-4827-8e50-44457ca16f0e HTTP/1.1" status: 200 len: 971 time: 0.0631468
2026-04-27 22:07:35.718 10 INFO neutron.api.wsgi [None req-b2f051c7-a5a7-4b93-aff0-509fe23a8f50 0e82c857992b4ddbbaa44f82f57fcdc2 badff1a3a23c4e018c4d54c3adf2dcc1 - - default default] 10.0.0.122 "GET /v2.0/ports HTTP/1.1" status: 200 len: 18762 time: 0.0711074
2026-04-27 22:07:35.743 9 INFO neutron.db.ovn_revision_numbers_db [None req-d1229cc1-fb1b-425f-adad-1f136ba9b4a4 16c57b78c26a4374a299a2864d39dda9 23ee662afc1f49bc92c8f2d916ebefb2 - - default default] Successfully bumped revision number for resource a5a09ccd-2f53-409d-a8c9-0e24ef6a05cb (type: floatingips) to 2
2026-04-27 22:07:35.743 9 INFO neutron.db.l3_db [None req-d1229cc1-fb1b-425f-adad-1f136ba9b4a4 16c57b78c26a4374a299a2864d39dda9 23ee662afc1f49bc92c8f2d916ebefb2 - - default default] Floating IP a5a09ccd-2f53-409d-a8c9-0e24ef6a05cb associated. External IP: 10.96.250.220, port: 3fa530a6-a92e-4626-8a73-1083972c6705.
2026-04-27 22:07:35.746 9 INFO neutron.api.wsgi [req-70fe05cf-91d1-4619-8a6d-048ffd225be6 req-3acc8550-10af-4269-b2e6-4c231f44666b 574141f4da6c4ad8ab3a6842a6d97c5a 85c3324aefca416482414cbe12d2d06b - - dad4b4b2a7e544489a0095d9c3514c2a dad4b4b2a7e544489a0095d9c3514c2a] 199.19.213.228 "GET /v2.0/floatingips?fixed_ip_address=10.100.0.4&port_id=9866119b-20d8-46e4-9e6f-26ee38d97197 HTTP/1.1" status: 200 len: 1059 time: 0.0431659
2026-04-27 22:07:35.781 9 INFO neutron.api.wsgi [req-70fe05cf-91d1-4619-8a6d-048ffd225be6 req-54bf3b14-eab1-4a30-8e95-30d6241489a5 574141f4da6c4ad8ab3a6842a6d97c5a 85c3324aefca416482414cbe12d2d06b - - dad4b4b2a7e544489a0095d9c3514c2a dad4b4b2a7e544489a0095d9c3514c2a] 199.19.213.228 "GET /v2.0/subnets?id=130481c3-6eef-4e39-83f2-e9c776c8c0ab HTTP/1.1" status: 200 len: 890 time: 0.0270097
2026-04-27 22:07:35.798 9 INFO neutron.api.wsgi [None req-d1229cc1-fb1b-425f-adad-1f136ba9b4a4 16c57b78c26a4374a299a2864d39dda9 23ee662afc1f49bc92c8f2d916ebefb2 - - default default] 10.0.0.231 "PUT /v2.0/floatingips/a5a09ccd-2f53-409d-a8c9-0e24ef6a05cb HTTP/1.1" status: 200 len: 1038 time: 0.9977651
2026-04-27 22:07:35.803 9 INFO neutron.api.wsgi [req-70fe05cf-91d1-4619-8a6d-048ffd225be6 req-87badcdd-3608-46ed-bbf1-ad595bee5d73 574141f4da6c4ad8ab3a6842a6d97c5a 85c3324aefca416482414cbe12d2d06b - - dad4b4b2a7e544489a0095d9c3514c2a dad4b4b2a7e544489a0095d9c3514c2a] 199.19.213.228 "GET /v2.0/ports?network_id=18c94c7f-d2c1-4827-8e50-44457ca16f0e&device_owner=network%3Adhcp HTTP/1.1" status: 200 len: 210 time: 0.0146263
2026-04-27 22:07:35.815 10 INFO neutron.api.wsgi [None req-90b1f96d-18d0-4ab7-9824-64730db1f75a 0e82c857992b4ddbbaa44f82f57fcdc2 badff1a3a23c4e018c4d54c3adf2dcc1 - - default default] 10.0.0.122 "GET /v2.0/routers HTTP/1.1" status: 200 len: 2727 time: 0.0822587
2026-04-27 22:07:35.833 10 INFO neutron.api.wsgi [None req-173ccaca-42c9-4a39-8da9-f57bf6979b57 0e82c857992b4ddbbaa44f82f57fcdc2 badff1a3a23c4e018c4d54c3adf2dcc1 - - default default] 10.0.0.122 "GET /v2.0/agents?binary=ovn-controller HTTP/1.1" status: 200 len: 591 time: 0.0174129
2026-04-27 22:07:35.869 9 INFO neutron.api.wsgi [req-70fe05cf-91d1-4619-8a6d-048ffd225be6 req-20e7cb61-368b-4f9f-8b2c-57389896ac54 574141f4da6c4ad8ab3a6842a6d97c5a 85c3324aefca416482414cbe12d2d06b - - dad4b4b2a7e544489a0095d9c3514c2a dad4b4b2a7e544489a0095d9c3514c2a] 199.19.213.228 "GET /v2.0/networks/18c94c7f-d2c1-4827-8e50-44457ca16f0e?fields=segments HTTP/1.1" status: 200 len: 212 time: 0.0601933
2026-04-27 22:07:35.906 10 INFO neutron.api.wsgi [None req-66ff6df6-a11c-448b-a975-b1cd35760f75 0e82c857992b4ddbbaa44f82f57fcdc2 badff1a3a23c4e018c4d54c3adf2dcc1 - - default default] 10.0.0.122 "GET /v2.0/networks HTTP/1.1" status: 200 len: 4615 time: 0.0664756
2026-04-27 22:07:35.907 10 INFO neutron.db.ovn_revision_numbers_db [None req-6265c166-dd71-42be-8c7c-1cff931b9b34 0e82c857992b4ddbbaa44f82f57fcdc2 badff1a3a23c4e018c4d54c3adf2dcc1 - - default default] Successfully bumped revision number for resource ab5ca512-7d2f-4aed-83e4-f2ed598120d4 (type: security_groups) to 1
2026-04-27 22:07:35.922 10 INFO neutron.db.ovn_revision_numbers_db [None req-6265c166-dd71-42be-8c7c-1cff931b9b34 0e82c857992b4ddbbaa44f82f57fcdc2 badff1a3a23c4e018c4d54c3adf2dcc1 - - default default] Successfully bumped revision number for resource 3f7e7dfc-9fd1-4a35-9111-a4f81296765f (type: security_group_rules) to 0
2026-04-27 22:07:35.940 10 INFO neutron.api.wsgi [None req-3acb8b0b-c915-408f-98fe-37335fdb6a61 0e82c857992b4ddbbaa44f82f57fcdc2 badff1a3a23c4e018c4d54c3adf2dcc1 - - default default] 10.0.0.122 "GET /v2.0/subnets HTTP/1.1" status: 200 len: 3451 time: 0.0296288
2026-04-27 22:07:35.941 10 INFO neutron.db.ovn_revision_numbers_db [None req-6265c166-dd71-42be-8c7c-1cff931b9b34 0e82c857992b4ddbbaa44f82f57fcdc2 badff1a3a23c4e018c4d54c3adf2dcc1 - - default default] Successfully bumped revision number for resource 54ef66f3-95af-4c9d-93e4-0b356b1085f3 (type: security_group_rules) to 0
2026-04-27 22:07:35.943 9 INFO neutron.api.wsgi [req-70fe05cf-91d1-4619-8a6d-048ffd225be6 req-49b24da9-ca82-4f2a-a780-a474b2617507 574141f4da6c4ad8ab3a6842a6d97c5a 85c3324aefca416482414cbe12d2d06b - - dad4b4b2a7e544489a0095d9c3514c2a dad4b4b2a7e544489a0095d9c3514c2a] 199.19.213.228 "GET /v2.0/networks/18c94c7f-d2c1-4827-8e50-44457ca16f0e?fields=provider%3Aphysical_network&fields=provider%3Anetwork_type HTTP/1.1" status: 200 len: 277 time: 0.0660231
2026-04-27 22:07:35.974 9 INFO neutron.db.ovn_revision_numbers_db [None req-d0315c3d-995c-4936-a8c0-a62f81ab3f74 16c57b78c26a4374a299a2864d39dda9 23ee662afc1f49bc92c8f2d916ebefb2 - - default default] Successfully bumped revision number for resource a5a09ccd-2f53-409d-a8c9-0e24ef6a05cb (type: floatingips) to 3
2026-04-27 22:07:35.978 10 INFO neutron.api.wsgi [None req-4f5179ae-62f8-451a-b03b-92cc1259b7fc 0e82c857992b4ddbbaa44f82f57fcdc2 badff1a3a23c4e018c4d54c3adf2dcc1 - - default default] 10.0.0.122 "GET /v2.0/subnetpools HTTP/1.1" status: 200 len: 193 time: 0.0351176 /var/lib/openstack/lib/python3.12/site-packages/pycadf/identifier.py:71: UserWarning: Invalid uuid: neutron. To ensure interoperability, identifiers should be a valid uuid. warnings.warn(('Invalid uuid: %s. To ensure interoperability, '
2026-04-27 22:07:35.997 10 INFO neutron.db.ovn_revision_numbers_db [None req-6265c166-dd71-42be-8c7c-1cff931b9b34 0e82c857992b4ddbbaa44f82f57fcdc2 badff1a3a23c4e018c4d54c3adf2dcc1 - - default default] Successfully bumped revision number for resource beb5c38a-24b2-4db2-8014-150ef0591997 (type: security_group_rules) to 0
2026-04-27 22:07:36.021 9 INFO neutron.db.l3_db [None req-d0315c3d-995c-4936-a8c0-a62f81ab3f74 16c57b78c26a4374a299a2864d39dda9 23ee662afc1f49bc92c8f2d916ebefb2 - - default default] Floating IP a5a09ccd-2f53-409d-a8c9-0e24ef6a05cb disassociated. External IP: 10.96.250.220, port: 6b05041d-ccd0-40ba-94f5-96d0355cc4f3.
2026-04-27 22:07:36.022 10 INFO neutron.db.ovn_revision_numbers_db [None req-6265c166-dd71-42be-8c7c-1cff931b9b34 0e82c857992b4ddbbaa44f82f57fcdc2 badff1a3a23c4e018c4d54c3adf2dcc1 - - default default] Successfully bumped revision number for resource f9779cca-9238-4799-9f3d-e4c38cc4f40a (type: security_group_rules) to 0
2026-04-27 22:07:36.030 10 INFO neutron.api.wsgi [None req-8c29a74b-6b44-4677-bbec-26641570557d 016e39b22eba4b17a3c190222e9ae139 29b6a54feb4e49299c0875aca8c5b1e8 - - default default] 10.0.0.231 "GET /v2.0/ports/8351cfab-b38a-4ecb-ba90-dddd2a3231d9 HTTP/1.1" status: 200 len: 1139 time: 0.0422556
2026-04-27 22:07:36.044 10 INFO neutron.api.wsgi [None req-fa948f19-4ad9-42c3-b6a9-2faa2831fee3 0e82c857992b4ddbbaa44f82f57fcdc2 badff1a3a23c4e018c4d54c3adf2dcc1 - - default default] 10.0.0.122 "GET /v2.0/security-groups HTTP/1.1" status: 200 len: 32060 time: 0.0648899
2026-04-27 22:07:36.063 9 INFO neutron.api.wsgi [None req-d0315c3d-995c-4936-a8c0-a62f81ab3f74 16c57b78c26a4374a299a2864d39dda9 23ee662afc1f49bc92c8f2d916ebefb2 - - default default] 10.0.0.231 "PUT /v2.0/floatingips/a5a09ccd-2f53-409d-a8c9-0e24ef6a05cb HTTP/1.1" status: 200 len: 748 time: 0.2591288
2026-04-27 22:07:36.070 10 INFO neutron.api.wsgi [None req-c5b2055a-215d-4db2-83bb-0d6dc06f4835 0e82c857992b4ddbbaa44f82f57fcdc2 badff1a3a23c4e018c4d54c3adf2dcc1 - - default default] 10.0.0.122 "GET /v2.0/agents HTTP/1.1" status: 200 len: 1390 time: 0.0162690
2026-04-27 22:07:36.078 10 INFO neutron.api.wsgi [None req-6265c166-dd71-42be-8c7c-1cff931b9b34 0e82c857992b4ddbbaa44f82f57fcdc2 badff1a3a23c4e018c4d54c3adf2dcc1 - - default default] 10.0.0.231 "GET /v2.0/security-groups?tenant_id=8fe3a7b6be6c482b9181ece18b93a912&name=default HTTP/1.1" status: 200 len: 3120 time: 0.4237854
2026-04-27 22:07:36.278 10 INFO neutron.api.wsgi [None req-980db48d-6116-4244-90f0-5e93392884c9 0e82c857992b4ddbbaa44f82f57fcdc2 badff1a3a23c4e018c4d54c3adf2dcc1 - - default default] 10.0.0.231 "DELETE /v2.0/security-groups/ab5ca512-7d2f-4aed-83e4-f2ed598120d4 HTTP/1.1" status: 204 len: 168 time: 0.1958673
2026-04-27 22:07:36.332 9 INFO neutron.api.wsgi [None req-d7e48fe9-3269-4303-94ef-6c46e16fa7be 16c57b78c26a4374a299a2864d39dda9 23ee662afc1f49bc92c8f2d916ebefb2 - - default default] 10.0.0.231 "DELETE /v2.0/floatingips/a5a09ccd-2f53-409d-a8c9-0e24ef6a05cb HTTP/1.1" status: 204 len: 168 time: 0.2612929
2026-04-27 22:07:36.351 9 INFO neutron.api.v2.resource [None req-f4e88bc4-96ac-4175-836a-69c680f7bf08 16c57b78c26a4374a299a2864d39dda9 23ee662afc1f49bc92c8f2d916ebefb2 - - default default] delete failed (client error): The resource could not be found.
2026-04-27 22:07:36.352 9 INFO neutron.api.wsgi [None req-f4e88bc4-96ac-4175-836a-69c680f7bf08 16c57b78c26a4374a299a2864d39dda9 23ee662afc1f49bc92c8f2d916ebefb2 - - default default] 10.0.0.231 "DELETE /v2.0/floatingips/a5a09ccd-2f53-409d-a8c9-0e24ef6a05cb HTTP/1.1" status: 404 len: 345 time: 0.0155511
2026-04-27 22:07:36.593 10 INFO neutron.api.wsgi [req-0ea177b5-621a-484f-8345-55c84aeaa1ff req-7d7f8a82-bb75-4d83-aa00-eb3eb8dedd9d b190cd0a78684813b2bcb348d103d979 d294d4267df748699138ba6bde02c59b - - default default] 10.0.0.152 "GET /v2.0/ports?device_id=573bd9f2-4136-48f7-9bf8-89b4311c7757 HTTP/1.1" status: 200 len: 1170 time: 0.0346830
2026-04-27 22:07:36.627 10 INFO neutron.api.wsgi [req-0ea177b5-621a-484f-8345-55c84aeaa1ff req-cc403574-fca9-423b-9b64-5babe8c2a12b b190cd0a78684813b2bcb348d103d979 d294d4267df748699138ba6bde02c59b - - default default] 10.0.0.152 "GET /v2.0/security-groups?id=5b7465cd-3942-4cc3-a0f8-ba2256249ce0&fields=id&fields=name HTTP/1.1" status: 200 len: 313 time: 0.0269718
2026-04-27 22:07:36.659 9 INFO neutron.api.wsgi [None req-e196410b-81bf-4460-9d83-efc50cc2e5dc 16c57b78c26a4374a299a2864d39dda9 23ee662afc1f49bc92c8f2d916ebefb2 - - default default] 10.0.0.231 "DELETE /v2.0/ports/6b05041d-ccd0-40ba-94f5-96d0355cc4f3 HTTP/1.1" status: 204 len: 168 time: 0.2996161
2026-04-27 22:07:36.920 9 INFO neutron.api.wsgi [None req-1bf10724-9ca1-41ba-b04c-1db25ed2c0a5 16c57b78c26a4374a299a2864d39dda9 23ee662afc1f49bc92c8f2d916ebefb2 - - default default] 10.0.0.231 "DELETE /v2.0/ports/3fa530a6-a92e-4626-8a73-1083972c6705 HTTP/1.1" status: 204 len: 168 time: 0.2566247
2026-04-27 22:07:36.971 9 INFO neutron.api.wsgi [None req-cc87a251-56aa-4751-ae11-9195259cae13 16c57b78c26a4374a299a2864d39dda9 23ee662afc1f49bc92c8f2d916ebefb2 - - default default] 10.0.0.231 "GET /v2.0/ports?device_id=e7681d38-b9e4-4ae1-bd75-23d77013f0ce HTTP/1.1" status: 200 len: 1140 time: 0.0351233
2026-04-27 22:07:37.111 10 INFO neutron.api.wsgi [None req-e85b3aaf-caa1-472f-b04d-b4a6eebee4ef 016e39b22eba4b17a3c190222e9ae139 29b6a54feb4e49299c0875aca8c5b1e8 - - default default] 10.0.0.231 "GET /v2.0/ports/8351cfab-b38a-4ecb-ba90-dddd2a3231d9 HTTP/1.1" status: 200 len: 1139 time: 0.0751624
2026-04-27 22:07:37.573 10 INFO neutron.plugins.ml2.drivers.ovn.mech_driver.mech_driver [None req-cc3e01d3-07bc-4912-8cf9-7ee60923198f - - - - - -] OVN reports status down for port: 9866119b-20d8-46e4-9e6f-26ee38d97197
2026-04-27 22:07:37.749 9 INFO neutron.api.wsgi [req-98d6577f-1cd9-4349-95ea-270aae5341f8 req-4e48b8b7-87ed-46e2-a5aa-fe36aeeaf3d2 b190cd0a78684813b2bcb348d103d979 d294d4267df748699138ba6bde02c59b - - default default] 10.0.0.152 "GET /v2.0/ports?device_id=573bd9f2-4136-48f7-9bf8-89b4311c7757 HTTP/1.1" status: 200 len: 1170 time: 0.0619032
2026-04-27 22:07:37.758 10 INFO neutron.notifiers.nova [-] Nova event matching ['req-b3f25b17-eb21-4129-81f6-4504b625e27a'] response: {'server_uuid': '573bd9f2-4136-48f7-9bf8-89b4311c7757', 'name': 'network-vif-unplugged', 'status': 'completed', 'tag': '9866119b-20d8-46e4-9e6f-26ee38d97197', 'code': 200}
2026-04-27 22:07:37.821 9 INFO neutron.api.wsgi [req-98d6577f-1cd9-4349-95ea-270aae5341f8 req-46d1b28d-e4ae-40be-a9b8-e6fa4bb8727e b190cd0a78684813b2bcb348d103d979 d294d4267df748699138ba6bde02c59b - - default default] 10.0.0.152 "GET /v2.0/security-groups?id=5b7465cd-3942-4cc3-a0f8-ba2256249ce0&fields=id&fields=name HTTP/1.1" status: 200 len: 313 time: 0.0650356
2026-04-27 22:07:37.827 9 INFO neutron.api.wsgi [None req-de201c79-9404-4511-bbfd-1994e320f3e0 16c57b78c26a4374a299a2864d39dda9 23ee662afc1f49bc92c8f2d916ebefb2 - - default default] 10.0.0.231 "PUT /v2.0/routers/e7681d38-b9e4-4ae1-bd75-23d77013f0ce/remove_router_interface HTTP/1.1" status: 200 len: 503 time: 0.8507888 /var/lib/openstack/lib/python3.12/site-packages/pycadf/identifier.py:71: UserWarning: Invalid uuid: neutron. To ensure interoperability, identifiers should be a valid uuid. warnings.warn(('Invalid uuid: %s. To ensure interoperability, '
2026-04-27 22:07:37.886 10 INFO neutron.db.ovn_revision_numbers_db [None req-cc3e01d3-07bc-4912-8cf9-7ee60923198f - - - - - -] Successfully bumped revision number for resource 9866119b-20d8-46e4-9e6f-26ee38d97197 (type: ports) to 6
2026-04-27 22:07:38.225 9 INFO neutron.api.wsgi [None req-8bc3bd06-835f-44f0-86ee-2a6b5231cf42 016e39b22eba4b17a3c190222e9ae139 29b6a54feb4e49299c0875aca8c5b1e8 - - default default] 10.0.0.231 "GET /v2.0/ports/8351cfab-b38a-4ecb-ba90-dddd2a3231d9 HTTP/1.1" status: 200 len: 1139 time: 0.1074660
2026-04-27 22:07:38.510 9 INFO neutron.api.wsgi [None req-05596e13-c63a-470e-862c-7317477c6e85 16c57b78c26a4374a299a2864d39dda9 23ee662afc1f49bc92c8f2d916ebefb2 - - default default] 10.0.0.231 "DELETE /v2.0/routers/e7681d38-b9e4-4ae1-bd75-23d77013f0ce HTTP/1.1" status: 204 len: 168 time: 0.6783395
2026-04-27 22:07:38.571 10 INFO neutron.api.wsgi [-] 10.0.0.204 "GET / HTTP/1.1" status: 200 len: 247 time: 0.0029540
2026-04-27 22:07:38.574 10 INFO neutron.api.wsgi [-] 10.0.0.204 "GET / HTTP/1.1" status: 200 len: 247 time: 0.0021877
2026-04-27 22:07:38.643 9 INFO neutron.api.wsgi [None req-4e4b7bfb-0d72-48de-8bef-7edfdab94327 16c57b78c26a4374a299a2864d39dda9 23ee662afc1f49bc92c8f2d916ebefb2 - - default default] 10.0.0.231 "DELETE /v2.0/subnets/28a1addb-bd17-427a-a371-bbdcdb3b0bd8 HTTP/1.1" status: 204 len: 168 time: 0.1275737 /var/lib/openstack/lib/python3.12/site-packages/pycadf/identifier.py:71: UserWarning: Invalid uuid: neutron. To ensure interoperability, identifiers should be a valid uuid. warnings.warn(('Invalid uuid: %s. To ensure interoperability, '
2026-04-27 22:07:38.925 9 INFO neutron.services.segments.plugin [-] Segment 3e1bf41a-f830-4866-a269-2cf8967d3ec5 resource provider aggregate not found
2026-04-27 22:07:38.929 9 INFO neutron.services.segments.plugin [-] Segment 3e1bf41a-f830-4866-a269-2cf8967d3ec5 resource provider aggregate not found
2026-04-27 22:07:38.940 9 INFO neutron.services.segments.plugin [-] Segment 3e1bf41a-f830-4866-a269-2cf8967d3ec5 resource provider not found; error: Placement Client Error (4xx): {"errors": [{"status": 404, "title": "Not Found", "detail": "The resource could not be found.\n\n No resource provider with uuid 3e1bf41a-f830-4866-a269-2cf8967d3ec5 found for delete ", "request_id": "req-73e83af8-a8e6-480a-942b-c85385e8f20f"}]}
2026-04-27 22:07:38.942 9 INFO neutron.services.segments.plugin [-] Segment 3e1bf41a-f830-4866-a269-2cf8967d3ec5 resource provider not found; error: Placement Client Error (4xx): {"errors": [{"status": 404, "title": "Not Found", "detail": "The resource could not be found.\n\n No resource provider with uuid 3e1bf41a-f830-4866-a269-2cf8967d3ec5 found for delete ", "request_id": "req-c3de1427-1966-402c-9607-754eb13760bf"}]}
2026-04-27 22:07:38.952 10 INFO neutron.api.wsgi [req-4b72f47d-e2c9-42fd-970f-d766849407f9 req-7cc00163-2089-4028-a89d-dbcc2c8f28e0 b190cd0a78684813b2bcb348d103d979 d294d4267df748699138ba6bde02c59b - - default default] 10.0.0.152 "GET /v2.0/ports?device_id=573bd9f2-4136-48f7-9bf8-89b4311c7757 HTTP/1.1" status: 200 len: 1168 time: 0.0754151
2026-04-27 22:07:38.960 9 INFO neutron.api.wsgi [None req-de4758d1-4679-46fe-aa78-7ce3304e9ef2 16c57b78c26a4374a299a2864d39dda9 23ee662afc1f49bc92c8f2d916ebefb2 - - default default] 10.0.0.231 "DELETE /v2.0/networks/efef5fb4-75ed-47a8-a9ff-f04907c4ad22 HTTP/1.1" status: 204 len: 168 time: 0.3122888
2026-04-27 22:07:38.984 10 INFO neutron.api.wsgi [req-4b72f47d-e2c9-42fd-970f-d766849407f9 req-9690daaf-46a6-4863-9a8d-0b2f5ac4f651 b190cd0a78684813b2bcb348d103d979 d294d4267df748699138ba6bde02c59b - - default default] 10.0.0.152 "GET /v2.0/security-groups?id=5b7465cd-3942-4cc3-a0f8-ba2256249ce0&fields=id&fields=name HTTP/1.1" status: 200 len: 313 time: 0.0284929
2026-04-27 22:07:39.267 10 INFO neutron.api.wsgi [None req-b95745b5-c2b0-4800-8bbc-017587e9af46 016e39b22eba4b17a3c190222e9ae139 29b6a54feb4e49299c0875aca8c5b1e8 - - default default] 10.0.0.231 "GET /v2.0/ports/8351cfab-b38a-4ecb-ba90-dddd2a3231d9 HTTP/1.1" status: 200 len: 1139 time: 0.0361221
2026-04-27 22:07:39.714 9 INFO neutron.api.wsgi [None req-77249415-817d-4dab-9d87-4f7ac28dec84 0e82c857992b4ddbbaa44f82f57fcdc2 badff1a3a23c4e018c4d54c3adf2dcc1 - - default default] 10.0.0.231 "GET /v2.0/security-groups?tenant_id=23ee662afc1f49bc92c8f2d916ebefb2&name=default HTTP/1.1" status: 200 len: 3120 time: 0.2717955
2026-04-27 22:07:39.796 10 INFO neutron.notifiers.nova [-] Nova event matching ['req-50a65519-1bd1-4a97-bbcb-def3438f970b'] response: {'server_uuid': '573bd9f2-4136-48f7-9bf8-89b4311c7757', 'name': 'network-vif-unplugged', 'status': 'completed', 'tag': '9866119b-20d8-46e4-9e6f-26ee38d97197', 'code': 200}
2026-04-27 22:07:39.950 10 INFO neutron.api.wsgi [None req-05cd153e-c5f7-4181-88ee-ec074c59be0a 0e82c857992b4ddbbaa44f82f57fcdc2 badff1a3a23c4e018c4d54c3adf2dcc1 - - default default] 10.0.0.231 "DELETE /v2.0/security-groups/3afb4f98-611d-4acd-804c-b94032dbb469 HTTP/1.1" status: 204 len: 168 time: 0.2261593
2026-04-27 22:07:40.084 10 INFO neutron.api.wsgi [req-fa5a2f50-4765-4f31-aedb-74638c24aaf9 req-42b882c2-01bd-40d7-9735-ac0184892045 b190cd0a78684813b2bcb348d103d979 d294d4267df748699138ba6bde02c59b - - default default] 10.0.0.152 "GET /v2.0/ports?device_id=573bd9f2-4136-48f7-9bf8-89b4311c7757 HTTP/1.1" status: 200 len: 1168 time: 0.0355787
2026-04-27 22:07:40.116 10 INFO neutron.api.wsgi [req-fa5a2f50-4765-4f31-aedb-74638c24aaf9 req-1e157fd0-217a-4f0f-a87d-8a94b910f9b3 b190cd0a78684813b2bcb348d103d979 d294d4267df748699138ba6bde02c59b - - default default] 10.0.0.152 "GET /v2.0/security-groups?id=5b7465cd-3942-4cc3-a0f8-ba2256249ce0&fields=id&fields=name HTTP/1.1" status: 200 len: 313 time: 0.0281465
2026-04-27 22:07:40.313 10 INFO neutron.api.wsgi [None req-f13faa5a-ea4a-4c17-8010-9710f31ba47b 016e39b22eba4b17a3c190222e9ae139 29b6a54feb4e49299c0875aca8c5b1e8 - - default default] 10.0.0.231 "GET /v2.0/ports/8351cfab-b38a-4ecb-ba90-dddd2a3231d9 HTTP/1.1" status: 200 len: 1139 time: 0.0377061
2026-04-27 22:07:40.562 9 WARNING neutron.plugins.ml2.drivers.ovn.mech_driver.ovsdb.ovn_client [None req-768a27e5-1f87-428b-a4a0-0b842f2d2c04 - - - - - -] No port found with ID 1e2e100c-618b-4898-bb80-7d847cb5d786: RuntimeError: No port found with ID 1e2e100c-618b-4898-bb80-7d847cb5d786
2026-04-27 22:07:40.572 9 INFO neutron.plugins.ml2.drivers.ovn.mech_driver.mech_driver [None req-768a27e5-1f87-428b-a4a0-0b842f2d2c04 - - - - - -] OVN reports status up for port: 8351cfab-b38a-4ecb-ba90-dddd2a3231d9
2026-04-27 22:07:40.577 9 INFO neutron.plugins.ml2.plugin [None req-768a27e5-1f87-428b-a4a0-0b842f2d2c04 - - - - - -] Attempt 1 to provision port 8351cfab-b38a-4ecb-ba90-dddd2a3231d9
2026-04-27 22:07:40.662 10 INFO neutron.plugins.ml2.drivers.ovn.mech_driver.mech_driver [None req-f94054f6-3157-4be7-b3c7-d41c86158a3e - - - - - -] OVN reports status up for port: 9866119b-20d8-46e4-9e6f-26ee38d97197
2026-04-27 22:07:40.672 10 INFO neutron.plugins.ml2.plugin [None req-f94054f6-3157-4be7-b3c7-d41c86158a3e - - - - - -] Attempt 1 to provision port 9866119b-20d8-46e4-9e6f-26ee38d97197
2026-04-27 22:07:40.898 10 INFO neutron.db.ovn_revision_numbers_db [None req-f94054f6-3157-4be7-b3c7-d41c86158a3e - - - - - -] Successfully bumped revision number for resource 9866119b-20d8-46e4-9e6f-26ee38d97197 (type: ports) to 7
2026-04-27 22:07:40.945 9 INFO neutron.db.ovn_revision_numbers_db [None req-768a27e5-1f87-428b-a4a0-0b842f2d2c04 - - - - - -] Successfully bumped revision number for resource 8351cfab-b38a-4ecb-ba90-dddd2a3231d9 (type: ports) to 2
2026-04-27 22:07:41.245 9 INFO neutron.api.wsgi [req-ec097349-f4ed-49a9-99e3-58071238c963 req-527515d4-8699-45a6-b247-0de5de933805 b190cd0a78684813b2bcb348d103d979 d294d4267df748699138ba6bde02c59b - - default default] 10.0.0.152 "GET /v2.0/ports?device_id=573bd9f2-4136-48f7-9bf8-89b4311c7757 HTTP/1.1" status: 200 len: 1170 time: 0.0704541
2026-04-27 22:07:41.289 9 INFO neutron.api.wsgi [req-ec097349-f4ed-49a9-99e3-58071238c963 req-656f2067-75a8-48c3-a23c-19a615de725b b190cd0a78684813b2bcb348d103d979 d294d4267df748699138ba6bde02c59b - - default default] 10.0.0.152 "GET /v2.0/security-groups?id=5b7465cd-3942-4cc3-a0f8-ba2256249ce0&fields=id&fields=name HTTP/1.1" status: 200 len: 313 time: 0.0356977 /var/lib/openstack/lib/python3.12/site-packages/pycadf/identifier.py:71: UserWarning: Invalid uuid: neutron. To ensure interoperability, identifiers should be a valid uuid. warnings.warn(('Invalid uuid: %s. To ensure interoperability, '
2026-04-27 22:07:41.349 10 INFO neutron.api.wsgi [None req-64db9f3c-a2b4-48c1-880e-330518afb581 016e39b22eba4b17a3c190222e9ae139 29b6a54feb4e49299c0875aca8c5b1e8 - - default default] 10.0.0.231 "GET /v2.0/ports/8351cfab-b38a-4ecb-ba90-dddd2a3231d9 HTTP/1.1" status: 200 len: 1141 time: 0.0309539
2026-04-27 22:07:41.644 9 INFO neutron.db.ovn_revision_numbers_db [None req-3dd3e7f6-f080-47bc-bbc9-bb9c974f2422 0e82c857992b4ddbbaa44f82f57fcdc2 badff1a3a23c4e018c4d54c3adf2dcc1 - - default default] Successfully bumped revision number for resource 6b0dd9f6-29c4-44f0-a9da-2e292c2f36d4 (type: security_groups) to 1
2026-04-27 22:07:41.662 9 INFO neutron.db.ovn_revision_numbers_db [None req-3dd3e7f6-f080-47bc-bbc9-bb9c974f2422 0e82c857992b4ddbbaa44f82f57fcdc2 badff1a3a23c4e018c4d54c3adf2dcc1 - - default default] Successfully bumped revision number for resource 0cfeb601-c708-4dd0-8e82-b6881aa1683a (type: security_group_rules) to 0
2026-04-27 22:07:41.675 9 INFO neutron.db.ovn_revision_numbers_db [None req-3dd3e7f6-f080-47bc-bbc9-bb9c974f2422 0e82c857992b4ddbbaa44f82f57fcdc2 badff1a3a23c4e018c4d54c3adf2dcc1 - - default default] Successfully bumped revision number for resource 32836801-50bc-4f99-a4b8-99ad7abb7e4a (type: security_group_rules) to 0
2026-04-27 22:07:41.692 9 INFO neutron.db.ovn_revision_numbers_db [None req-3dd3e7f6-f080-47bc-bbc9-bb9c974f2422 0e82c857992b4ddbbaa44f82f57fcdc2 badff1a3a23c4e018c4d54c3adf2dcc1 - - default default] Successfully bumped revision number for resource 50da4843-11a1-4716-99d3-6d3cbd62074f (type: security_group_rules) to 0
2026-04-27 22:07:41.704 9 INFO neutron.db.ovn_revision_numbers_db [None req-3dd3e7f6-f080-47bc-bbc9-bb9c974f2422 0e82c857992b4ddbbaa44f82f57fcdc2 badff1a3a23c4e018c4d54c3adf2dcc1 - - default default] Successfully bumped revision number for resource a735d4ed-63bc-49c4-b54b-4f7ca804502a (type: security_group_rules) to 0
2026-04-27 22:07:41.740 9 INFO neutron.api.wsgi [None req-3dd3e7f6-f080-47bc-bbc9-bb9c974f2422 0e82c857992b4ddbbaa44f82f57fcdc2 badff1a3a23c4e018c4d54c3adf2dcc1 - - default default] 10.0.0.231 "GET /v2.0/security-groups?tenant_id=0fa6267892bd47b7a9544c55b8f3980e&name=default HTTP/1.1" status: 200 len: 3120 time: 0.3855181
2026-04-27 22:07:41.833 10 INFO neutron.notifiers.nova [-] Nova event matching ['req-2cdfe50f-6472-4f8d-8331-521eddc062fc'] response: {'server_uuid': '573bd9f2-4136-48f7-9bf8-89b4311c7757', 'name': 'network-vif-plugged', 'status': 'completed', 'tag': '9866119b-20d8-46e4-9e6f-26ee38d97197', 'code': 200}
2026-04-27 22:07:41.834 10 INFO neutron.notifiers.nova [-] Nova event matching ['req-2cdfe50f-6472-4f8d-8331-521eddc062fc'] response: {'server_uuid': '573bd9f2-4136-48f7-9bf8-89b4311c7757', 'name': 'network-vif-plugged', 'status': 'completed', 'tag': '9866119b-20d8-46e4-9e6f-26ee38d97197', 'code': 200}
2026-04-27 22:07:41.927 9 INFO neutron.api.wsgi [None req-f2d09819-a933-46a3-abdf-ae68e59d6478 016e39b22eba4b17a3c190222e9ae139 29b6a54feb4e49299c0875aca8c5b1e8 - - default default] 10.0.0.231 "PUT /v2.0/routers/9a084f81-fc7c-4860-af75-4f4c7aa92ba4/remove_router_interface HTTP/1.1" status: 200 len: 503 time: 0.5733519 /var/lib/openstack/lib/python3.12/site-packages/pycadf/identifier.py:71: UserWarning: Invalid uuid: neutron. To ensure interoperability, identifiers should be a valid uuid. warnings.warn(('Invalid uuid: %s. To ensure interoperability, '
2026-04-27 22:07:41.955 9 INFO neutron.api.wsgi [None req-e2bf5d67-8856-4804-bb72-d2a0fec857de 016e39b22eba4b17a3c190222e9ae139 29b6a54feb4e49299c0875aca8c5b1e8 - - default default] 10.0.0.231 "GET /v2.0/ports?device_id=9a084f81-fc7c-4860-af75-4f4c7aa92ba4 HTTP/1.1" status: 200 len: 205 time: 0.0225420
2026-04-27 22:07:41.995 10 WARNING neutron_lib.context [None req-af69b266-2677-4014-8248-1b9e26c53bbb c293419a6c044c8d9616ff7beba0acff 48b3105ebd7b40dd991228e3e038ac1a - - default default] Method 'is_advsvc' is deprecated since 2023.2 release (neutron-lib 3.8.0) and will be removed once support for the old RBAC API policies will be removed from Neutron. Please use method 'is_service_role' instead.
2026-04-27 22:07:42.040 9 INFO neutron.api.wsgi [None req-667915ce-4592-4384-8935-58f670f69225 0e82c857992b4ddbbaa44f82f57fcdc2 badff1a3a23c4e018c4d54c3adf2dcc1 - - default default] 10.0.0.231 "DELETE /v2.0/security-groups/6b0dd9f6-29c4-44f0-a9da-2e292c2f36d4 HTTP/1.1" status: 204 len: 168 time: 0.2944708
2026-04-27 22:07:42.078 10 INFO neutron.api.wsgi [None req-af69b266-2677-4014-8248-1b9e26c53bbb c293419a6c044c8d9616ff7beba0acff 48b3105ebd7b40dd991228e3e038ac1a - - default default] 10.0.0.231 "POST /v2.0/subnetpools HTTP/1.1" status: 201 len: 748 time: 0.1881213
2026-04-27 22:07:42.105 9 INFO neutron.api.wsgi [None req-cb0dd594-bbd5-4409-a7ad-a07634160e47 c293419a6c044c8d9616ff7beba0acff 48b3105ebd7b40dd991228e3e038ac1a - - default default] 10.0.0.231 "GET /v2.0/subnetpools/0a610007-769a-4a70-b8c0-e835767276d9 HTTP/1.1" status: 200 len: 743 time: 0.0200634
2026-04-27 22:07:42.184 10 INFO neutron.api.wsgi [None req-f5c6fbc9-41ac-4f06-a171-45eb66fb62c3 016e39b22eba4b17a3c190222e9ae139 29b6a54feb4e49299c0875aca8c5b1e8 - - default default] 10.0.0.231 "DELETE /v2.0/routers/9a084f81-fc7c-4860-af75-4f4c7aa92ba4 HTTP/1.1" status: 204 len: 168 time: 0.2233360
2026-04-27 22:07:42.199 10 INFO neutron.api.wsgi [None req-85dda9e0-78cf-4895-8e6e-47c588fdd3ab c293419a6c044c8d9616ff7beba0acff 48b3105ebd7b40dd991228e3e038ac1a - - default default] 10.0.0.231 "PUT /v2.0/subnetpools/0a610007-769a-4a70-b8c0-e835767276d9 HTTP/1.1" status: 200 len: 695 time: 0.0768192
2026-04-27 22:07:42.256 10 INFO neutron.api.wsgi [None req-e16bb5c2-dc01-442d-8af2-222fb9e36b9c c293419a6c044c8d9616ff7beba0acff 48b3105ebd7b40dd991228e3e038ac1a - - default default] 10.0.0.231 "DELETE /v2.0/subnetpools/0a610007-769a-4a70-b8c0-e835767276d9 HTTP/1.1" status: 204 len: 168 time: 0.0466428
2026-04-27 22:07:42.272 10 INFO neutron.api.v2.resource [None req-acda7d51-0f5c-4a5d-ad2c-40c3170d22e0 c293419a6c044c8d9616ff7beba0acff 48b3105ebd7b40dd991228e3e038ac1a - - default default] show failed (client error): The resource could not be found.
2026-04-27 22:07:42.273 10 INFO neutron.api.wsgi [None req-acda7d51-0f5c-4a5d-ad2c-40c3170d22e0 c293419a6c044c8d9616ff7beba0acff 48b3105ebd7b40dd991228e3e038ac1a - - default default] 10.0.0.231 "GET /v2.0/subnetpools/0a610007-769a-4a70-b8c0-e835767276d9 HTTP/1.1" status: 404 len: 346 time: 0.0110340
2026-04-27 22:07:42.292 10 INFO neutron.api.v2.resource [None req-e523fa53-5306-4d8f-8ba1-ef09bc985579 c293419a6c044c8d9616ff7beba0acff 48b3105ebd7b40dd991228e3e038ac1a - - default default] delete failed (client error): The resource could not be found.
2026-04-27 22:07:42.292 10 INFO neutron.api.wsgi [None req-e523fa53-5306-4d8f-8ba1-ef09bc985579 c293419a6c044c8d9616ff7beba0acff 48b3105ebd7b40dd991228e3e038ac1a - - default default] 10.0.0.231 "DELETE /v2.0/subnetpools/0a610007-769a-4a70-b8c0-e835767276d9 HTTP/1.1" status: 404 len: 346 time: 0.0090640
2026-04-27 22:07:42.332 10 INFO neutron.db.ovn_revision_numbers_db [None req-318108b7-f2b9-4f0d-b1bc-2629c997300c 0e82c857992b4ddbbaa44f82f57fcdc2 badff1a3a23c4e018c4d54c3adf2dcc1 - - default default] Successfully bumped revision number for resource 20b1d99d-ec24-4189-adc2-01f22234b69b (type: security_groups) to 1
2026-04-27 22:07:42.334 9 INFO neutron.api.wsgi [None req-3774351e-2f56-41cc-9e4c-3c3ebab7cca4 016e39b22eba4b17a3c190222e9ae139 29b6a54feb4e49299c0875aca8c5b1e8 - - default default] 10.0.0.231 "DELETE /v2.0/subnets/c1958625-04ea-46cf-8e4d-6cc0fb74d2e5 HTTP/1.1" status: 204 len: 168 time: 0.1436827
2026-04-27 22:07:42.353 10 INFO neutron.db.ovn_revision_numbers_db [None req-318108b7-f2b9-4f0d-b1bc-2629c997300c 0e82c857992b4ddbbaa44f82f57fcdc2 badff1a3a23c4e018c4d54c3adf2dcc1 - - default default] Successfully bumped revision number for resource 581db037-3c70-451f-bce2-03d65f319b78 (type: security_group_rules) to 0
2026-04-27 22:07:42.369 10 INFO neutron.db.ovn_revision_numbers_db [None req-318108b7-f2b9-4f0d-b1bc-2629c997300c 0e82c857992b4ddbbaa44f82f57fcdc2 badff1a3a23c4e018c4d54c3adf2dcc1 - - default default] Successfully bumped revision number for resource 89cb2a88-4c37-4fc0-95f3-1ff9e0b5cc1f (type: security_group_rules) to 0
2026-04-27 22:07:42.380 10 INFO neutron.db.ovn_revision_numbers_db [None req-318108b7-f2b9-4f0d-b1bc-2629c997300c 0e82c857992b4ddbbaa44f82f57fcdc2 badff1a3a23c4e018c4d54c3adf2dcc1 - - default default] Successfully bumped revision number for resource 944409b7-9343-4208-ab56-8a66712f7daf (type: security_group_rules) to 0
2026-04-27 22:07:42.396 10 INFO neutron.db.ovn_revision_numbers_db [None req-318108b7-f2b9-4f0d-b1bc-2629c997300c 0e82c857992b4ddbbaa44f82f57fcdc2 badff1a3a23c4e018c4d54c3adf2dcc1 - - default default] Successfully bumped revision number for resource a6678900-25be-4a31-9939-4636923076a7 (type: security_group_rules) to 0
2026-04-27 22:07:42.450 10 INFO neutron.api.wsgi [None req-318108b7-f2b9-4f0d-b1bc-2629c997300c 0e82c857992b4ddbbaa44f82f57fcdc2 badff1a3a23c4e018c4d54c3adf2dcc1 - - default default] 10.0.0.231 "GET /v2.0/security-groups?tenant_id=5986c3459651413889c5e88359c0bd4c&name=default HTTP/1.1" status: 200 len: 3120 time: 0.2631958
2026-04-27 22:07:42.610 10 INFO neutron.services.segments.plugin [-] Segment 469187f0-6ad3-44ca-967d-8ea217304db6 resource provider aggregate not found
2026-04-27 22:07:42.616 10 INFO neutron.services.segments.plugin [-] Segment 469187f0-6ad3-44ca-967d-8ea217304db6 resource provider aggregate not found
2026-04-27 22:07:42.624 10 INFO neutron.services.segments.plugin [-] Segment 469187f0-6ad3-44ca-967d-8ea217304db6 resource provider not found; error: Placement Client Error (4xx): {"errors": [{"status": 404, "title": "Not Found", "detail": "The resource could not be found.\n\n No resource provider with uuid 469187f0-6ad3-44ca-967d-8ea217304db6 found for delete ", "request_id": "req-2707aab2-da2a-4adc-a8b0-99502d1ac6be"}]}
2026-04-27 22:07:42.629 10 INFO neutron.services.segments.plugin [-] Segment 469187f0-6ad3-44ca-967d-8ea217304db6 resource provider not found; error: Placement Client Error (4xx): {"errors": [{"status": 404, "title": "Not Found", "detail": "The resource could not be found.\n\n No resource provider with uuid 469187f0-6ad3-44ca-967d-8ea217304db6 found for delete ", "request_id": "req-df63638c-957d-49f8-8d2c-290e6c253196"}]}
2026-04-27 22:07:42.652 10 INFO neutron.api.wsgi [None req-369ce0d5-7add-4a4a-a005-dc248518d88f 016e39b22eba4b17a3c190222e9ae139 29b6a54feb4e49299c0875aca8c5b1e8 - - default default] 10.0.0.231 "DELETE /v2.0/networks/0f435c95-d6a8-42f8-ad70-9d21bcab000f HTTP/1.1" status: 204 len: 168 time: 0.3140407
2026-04-27 22:07:42.663 10 WARNING neutron_lib.context [None req-92a4da90-0648-4691-892c-4f8278fd7ff2 016e39b22eba4b17a3c190222e9ae139 29b6a54feb4e49299c0875aca8c5b1e8 - - default default] Method 'is_advsvc' is deprecated since 2023.2 release (neutron-lib 3.8.0) and will be removed once support for the old RBAC API policies will be removed from Neutron. Please use method 'is_service_role' instead.
2026-04-27 22:07:42.706 9 INFO neutron.api.wsgi [None req-e19a7242-bb9b-4151-8a9e-20ee2937680c 0e82c857992b4ddbbaa44f82f57fcdc2 badff1a3a23c4e018c4d54c3adf2dcc1 - - default default] 10.0.0.231 "DELETE /v2.0/security-groups/20b1d99d-ec24-4189-adc2-01f22234b69b HTTP/1.1" status: 204 len: 168 time: 0.2507505
2026-04-27 22:07:43.051 10 WARNING neutron.scheduler.dhcp_agent_scheduler [None req-92a4da90-0648-4691-892c-4f8278fd7ff2 016e39b22eba4b17a3c190222e9ae139 29b6a54feb4e49299c0875aca8c5b1e8 - - default default] No more DHCP agents
2026-04-27 22:07:43.054 10 WARNING neutron.api.rpc.agentnotifiers.dhcp_rpc_agent_api [None req-92a4da90-0648-4691-892c-4f8278fd7ff2 016e39b22eba4b17a3c190222e9ae139 29b6a54feb4e49299c0875aca8c5b1e8 - - default default] Unable to schedule network c94ce325-93c7-43f1-ad99-bbb4f0ff9636: no agents available; will retry on subsequent port and subnet creation events.
2026-04-27 22:07:43.127 10 INFO neutron.db.ovn_revision_numbers_db [None req-0a5e483c-6f21-4495-b15c-35a9d405a366 0e82c857992b4ddbbaa44f82f57fcdc2 badff1a3a23c4e018c4d54c3adf2dcc1 - - default default] Successfully bumped revision number for resource a0cfdf7a-ebd5-4344-8932-601bcb844752 (type: security_groups) to 1
2026-04-27 22:07:43.139 10 INFO neutron.db.ovn_revision_numbers_db [None req-0a5e483c-6f21-4495-b15c-35a9d405a366 0e82c857992b4ddbbaa44f82f57fcdc2 badff1a3a23c4e018c4d54c3adf2dcc1 - - default default] Successfully bumped revision number for resource 052d8f5e-33ae-4da0-9dd6-647f332dc3ff (type: security_group_rules) to 0
2026-04-27 22:07:43.155 10 INFO neutron.db.ovn_revision_numbers_db [None req-0a5e483c-6f21-4495-b15c-35a9d405a366 0e82c857992b4ddbbaa44f82f57fcdc2 badff1a3a23c4e018c4d54c3adf2dcc1 - - default default] Successfully bumped revision number for resource 2c62c746-5e73-4ea2-bd98-254a27528b0a (type: security_group_rules) to 0
2026-04-27 22:07:43.175 10 INFO neutron.db.ovn_revision_numbers_db [None req-0a5e483c-6f21-4495-b15c-35a9d405a366 0e82c857992b4ddbbaa44f82f57fcdc2 badff1a3a23c4e018c4d54c3adf2dcc1 - - default default] Successfully bumped revision number for resource 7dc07130-552d-4db0-9b09-17ae9f875ca3 (type: security_group_rules) to 0
2026-04-27 22:07:43.186 10 INFO neutron.db.ovn_revision_numbers_db [None req-0a5e483c-6f21-4495-b15c-35a9d405a366 0e82c857992b4ddbbaa44f82f57fcdc2 badff1a3a23c4e018c4d54c3adf2dcc1 - - default default] Successfully bumped revision number for resource ed853a3d-6b70-4063-bcb9-df859886b1c1 (type: security_group_rules) to 0
2026-04-27 22:07:43.188 10 INFO neutron.db.ovn_revision_numbers_db [None req-92a4da90-0648-4691-892c-4f8278fd7ff2 016e39b22eba4b17a3c190222e9ae139 29b6a54feb4e49299c0875aca8c5b1e8 - - default default] Successfully bumped revision number for resource 7613dd9b-2632-43d6-a314-c56d40b6b10c (type: ports) to 1
2026-04-27 22:07:43.240 10 INFO neutron.api.wsgi [None req-0a5e483c-6f21-4495-b15c-35a9d405a366 0e82c857992b4ddbbaa44f82f57fcdc2 badff1a3a23c4e018c4d54c3adf2dcc1 - - default default] 10.0.0.231 "GET /v2.0/security-groups?tenant_id=48b3105ebd7b40dd991228e3e038ac1a&name=default HTTP/1.1" status: 200 len: 3120 time: 0.4468803
2026-04-27 22:07:43.452 9 INFO neutron.api.wsgi [None req-76169245-3ed5-426e-b38a-b105028df341 0e82c857992b4ddbbaa44f82f57fcdc2 badff1a3a23c4e018c4d54c3adf2dcc1 - - default default] 10.0.0.231 "DELETE /v2.0/security-groups/a0cfdf7a-ebd5-4344-8932-601bcb844752 HTTP/1.1" status: 204 len: 168 time: 0.2047915
2026-04-27 22:07:44.050 10 INFO neutron.plugins.ml2.drivers.ovn.mech_driver.ovsdb.commands [None req-004b3a3f-2e83-4cc6-8d1b-50d3b17085ba - - - - - -] Schedule LRP lrp-7613dd9b-2632-43d6-a314-c56d40b6b10c on gateway 72ddc81f-6fdd-4288-b2d1-df8cbc6a2d67 with priority 1
2026-04-27 22:07:44.092 10 INFO neutron.db.ovn_revision_numbers_db [None req-92a4da90-0648-4691-892c-4f8278fd7ff2 016e39b22eba4b17a3c190222e9ae139 29b6a54feb4e49299c0875aca8c5b1e8 - - default default] Successfully bumped revision number for resource 7613dd9b-2632-43d6-a314-c56d40b6b10c (type: router_ports) to 1
2026-04-27 22:07:44.156 10 INFO neutron.db.ovn_revision_numbers_db [None req-92a4da90-0648-4691-892c-4f8278fd7ff2 016e39b22eba4b17a3c190222e9ae139 29b6a54feb4e49299c0875aca8c5b1e8 - - default default] Successfully bumped revision number for resource c36ad6c8-b4f8-4857-bb3e-0288d5ff165d (type: routers) to 2
2026-04-27 22:07:44.175 10 INFO neutron.api.wsgi [None req-92a4da90-0648-4691-892c-4f8278fd7ff2 016e39b22eba4b17a3c190222e9ae139 29b6a54feb4e49299c0875aca8c5b1e8 - - default default] 10.0.0.231 "POST /v2.0/routers HTTP/1.1" status: 201 len: 1151 time: 1.5170438
2026-04-27 22:07:44.271 9 INFO neutron.api.wsgi [None req-b87a8d68-3c13-4dcb-a954-5244f5bea6b5 016e39b22eba4b17a3c190222e9ae139 29b6a54feb4e49299c0875aca8c5b1e8 - - default default] 10.0.0.231 "GET /v2.0/routers/c36ad6c8-b4f8-4857-bb3e-0288d5ff165d HTTP/1.1" status: 200 len: 1152 time: 0.0886698
2026-04-27 22:07:44.355 9 INFO neutron.api.wsgi [None req-c14ace2f-b49b-409a-92a3-73b714f46e35 016e39b22eba4b17a3c190222e9ae139 29b6a54feb4e49299c0875aca8c5b1e8 - - default default] 10.0.0.231 "GET /v2.0/routers HTTP/1.1" status: 200 len: 1155 time: 0.0814240
2026-04-27 22:07:44.721 9 INFO neutron.db.ovn_revision_numbers_db [None req-3803cb8a-94b4-4471-a7c6-9076042aafbd 016e39b22eba4b17a3c190222e9ae139 29b6a54feb4e49299c0875aca8c5b1e8 - - default default] Successfully bumped revision number for resource c36ad6c8-b4f8-4857-bb3e-0288d5ff165d (type: routers) to 3
2026-04-27 22:07:44.727 9 INFO neutron.api.wsgi [None req-3803cb8a-94b4-4471-a7c6-9076042aafbd 016e39b22eba4b17a3c190222e9ae139 29b6a54feb4e49299c0875aca8c5b1e8 - - default default] 10.0.0.231 "PUT /v2.0/routers/c36ad6c8-b4f8-4857-bb3e-0288d5ff165d HTTP/1.1" status: 200 len: 1159 time: 0.3678870
2026-04-27 22:07:44.801 9 INFO neutron.api.wsgi [None req-aed6952c-3256-4f1f-828b-d195801b1443 016e39b22eba4b17a3c190222e9ae139 29b6a54feb4e49299c0875aca8c5b1e8 - - default default] 10.0.0.231 "GET /v2.0/routers/c36ad6c8-b4f8-4857-bb3e-0288d5ff165d HTTP/1.1" status: 200 len: 1159 time: 0.0695956
2026-04-27 22:07:44.823 9 INFO neutron.api.wsgi [None req-cb54cd02-f023-4d06-8cc5-ea2632bc70e8 016e39b22eba4b17a3c190222e9ae139 29b6a54feb4e49299c0875aca8c5b1e8 - - default default] 10.0.0.231 "GET /v2.0/ports?device_id=c36ad6c8-b4f8-4857-bb3e-0288d5ff165d HTTP/1.1" status: 200 len: 205 time: 0.0162158
2026-04-27 22:07:45.154 10 INFO neutron.api.wsgi [-] 10.0.0.231 "GET / HTTP/1.1" status: 200 len: 279 time: 0.0018015
2026-04-27 22:07:45.305 10 INFO neutron.api.wsgi [None req-96e82568-8332-4f22-93f7-95fccc8bc131 2edcc24437754171b05fd9cf11d39de4 dec2466001d44f8ca9401bf88e03efcd - - default default] 10.0.0.231 "GET /v2.0/ HTTP/1.1" status: 200 len: 826 time: 0.1464112
2026-04-27 22:07:45.489 9 INFO neutron.api.wsgi [None req-e126e940-ff17-42c0-aee1-44842b4645a2 016e39b22eba4b17a3c190222e9ae139 29b6a54feb4e49299c0875aca8c5b1e8 - - default default] 10.0.0.231 "DELETE /v2.0/routers/c36ad6c8-b4f8-4857-bb3e-0288d5ff165d HTTP/1.1" status: 204 len: 168 time: 0.6606376
2026-04-27 22:07:45.513 9 INFO neutron.api.wsgi [None req-c2b416b0-9343-4144-b4cf-580e333fd5e9 016e39b22eba4b17a3c190222e9ae139 29b6a54feb4e49299c0875aca8c5b1e8 - - default default] 10.0.0.231 "GET /v2.0/ports?device_id=c36ad6c8-b4f8-4857-bb3e-0288d5ff165d HTTP/1.1" status: 200 len: 205 time: 0.0188739
2026-04-27 22:07:45.530 9 INFO neutron.api.v2.resource [None req-b606c63c-70f1-478c-9c84-cb63a026e144 016e39b22eba4b17a3c190222e9ae139 29b6a54feb4e49299c0875aca8c5b1e8 - - default default] delete failed (client error): The resource could not be found.
2026-04-27 22:07:45.531 9 INFO neutron.api.wsgi [None req-b606c63c-70f1-478c-9c84-cb63a026e144 016e39b22eba4b17a3c190222e9ae139 29b6a54feb4e49299c0875aca8c5b1e8 - - default default] 10.0.0.231 "DELETE /v2.0/routers/c36ad6c8-b4f8-4857-bb3e-0288d5ff165d HTTP/1.1" status: 404 len: 336 time: 0.0142219
2026-04-27 22:07:45.549 9 INFO neutron.api.wsgi [None req-e917e405-c4ad-435b-983d-b98c8cf50144 016e39b22eba4b17a3c190222e9ae139 29b6a54feb4e49299c0875aca8c5b1e8 - - default default] 10.0.0.231 "GET /v2.0/ports?device_id=9a084f81-fc7c-4860-af75-4f4c7aa92ba4 HTTP/1.1" status: 200 len: 205 time: 0.0131650
2026-04-27 22:07:45.565 9 INFO neutron.api.v2.resource [None req-b7d24e24-cec2-48de-bbb9-633685277cf2 016e39b22eba4b17a3c190222e9ae139 29b6a54feb4e49299c0875aca8c5b1e8 - - default default] delete failed (client error): The resource could not be found.
2026-04-27 22:07:45.566 9 INFO neutron.api.wsgi [None req-b7d24e24-cec2-48de-bbb9-633685277cf2 016e39b22eba4b17a3c190222e9ae139 29b6a54feb4e49299c0875aca8c5b1e8 - - default default] 10.0.0.231 "DELETE /v2.0/routers/9a084f81-fc7c-4860-af75-4f4c7aa92ba4 HTTP/1.1" status: 404 len: 336 time: 0.0130222
2026-04-27 22:07:45.581 9 INFO neutron.pecan_wsgi.hooks.translation [None req-144162d4-f880-4c30-8db4-2c0a377545b1 016e39b22eba4b17a3c190222e9ae139 29b6a54feb4e49299c0875aca8c5b1e8 - - default default] DELETE failed (client error): The resource could not be found.
2026-04-27 22:07:45.583 9 INFO neutron.api.wsgi [None req-144162d4-f880-4c30-8db4-2c0a377545b1 016e39b22eba4b17a3c190222e9ae139 29b6a54feb4e49299c0875aca8c5b1e8 - - default default] 10.0.0.231 "DELETE /v2.0/subnets/c1958625-04ea-46cf-8e4d-6cc0fb74d2e5 HTTP/1.1" status: 404 len: 337 time: 0.0136733
2026-04-27 22:07:45.610 9 INFO neutron.api.wsgi [None req-5c1c4cdb-5274-4f76-9a60-248336411165 016e39b22eba4b17a3c190222e9ae139 29b6a54feb4e49299c0875aca8c5b1e8 - - default default] 10.0.0.231 "GET /v2.0/ports?device_id=b8b082e1-52a8-46d7-977f-deaf37d691be HTTP/1.1" status: 200 len: 205 time: 0.0210793
2026-04-27 22:07:45.630 9 INFO neutron.api.v2.resource [None req-55154b78-34ee-43ac-a610-b9c3899f8b9c 016e39b22eba4b17a3c190222e9ae139 29b6a54feb4e49299c0875aca8c5b1e8 - - default default] delete failed (client error): The resource could not be found.
2026-04-27 22:07:45.631 9 INFO neutron.api.wsgi [None req-55154b78-34ee-43ac-a610-b9c3899f8b9c 016e39b22eba4b17a3c190222e9ae139 29b6a54feb4e49299c0875aca8c5b1e8 - - default default] 10.0.0.231 "DELETE /v2.0/routers/b8b082e1-52a8-46d7-977f-deaf37d691be HTTP/1.1" status: 404 len: 336 time: 0.0172141
2026-04-27 22:07:45.645 9 INFO neutron.pecan_wsgi.hooks.translation [None req-9a12b5f3-2442-4968-a7e2-c82ab8796ab7 016e39b22eba4b17a3c190222e9ae139 29b6a54feb4e49299c0875aca8c5b1e8 - - default default] DELETE failed (client error): The resource could not be found.
2026-04-27 22:07:45.649 9 INFO neutron.api.wsgi [None req-9a12b5f3-2442-4968-a7e2-c82ab8796ab7 016e39b22eba4b17a3c190222e9ae139 29b6a54feb4e49299c0875aca8c5b1e8 - - default default] 10.0.0.231 "DELETE /v2.0/subnets/a3485257-c7a7-4d03-b45d-cae470dfc1a3 HTTP/1.1" status: 404 len: 337 time: 0.0137837
2026-04-27 22:07:45.670 9 INFO neutron.api.wsgi [None req-949282b3-4ff7-4146-8142-4ba050456013 016e39b22eba4b17a3c190222e9ae139 29b6a54feb4e49299c0875aca8c5b1e8 - - default default] 10.0.0.231 "GET /v2.0/ports?device_id=2def09fb-d8d0-4dd5-9676-ef68fc0d4616 HTTP/1.1" status: 200 len: 205 time: 0.0160375
2026-04-27 22:07:45.689 9 INFO neutron.api.v2.resource [None req-15bc3570-b940-45ce-98ed-4d7db38f0c42 016e39b22eba4b17a3c190222e9ae139 29b6a54feb4e49299c0875aca8c5b1e8 - - default default] delete failed (client error): The resource could not be found.
2026-04-27 22:07:45.690 9 INFO neutron.api.wsgi [None req-15bc3570-b940-45ce-98ed-4d7db38f0c42 016e39b22eba4b17a3c190222e9ae139 29b6a54feb4e49299c0875aca8c5b1e8 - - default default] 10.0.0.231 "DELETE /v2.0/routers/2def09fb-d8d0-4dd5-9676-ef68fc0d4616 HTTP/1.1" status: 404 len: 336 time: 0.0158451
2026-04-27 22:07:45.704 9 INFO neutron.pecan_wsgi.hooks.translation [None req-92287549-d752-412a-88c4-6cfee39f4a04 016e39b22eba4b17a3c190222e9ae139 29b6a54feb4e49299c0875aca8c5b1e8 - - default default] DELETE failed (client error): The resource could not be found.
2026-04-27 22:07:45.707 9 INFO neutron.api.wsgi [None req-92287549-d752-412a-88c4-6cfee39f4a04 016e39b22eba4b17a3c190222e9ae139 29b6a54feb4e49299c0875aca8c5b1e8 - - default default] 10.0.0.231 "DELETE /v2.0/subnets/6c4bbb5e-7cf7-4434-b065-49402fbfe9e8 HTTP/1.1" status: 404 len: 337 time: 0.0131266
2026-04-27 22:07:45.720 9 INFO neutron.pecan_wsgi.hooks.translation [None req-2693b124-07cd-44ee-8f81-c391b4ee637e 016e39b22eba4b17a3c190222e9ae139 29b6a54feb4e49299c0875aca8c5b1e8 - - default default] DELETE failed (client error): The resource could not be found.
2026-04-27 22:07:45.722 9 INFO neutron.api.wsgi [None req-2693b124-07cd-44ee-8f81-c391b4ee637e 016e39b22eba4b17a3c190222e9ae139 29b6a54feb4e49299c0875aca8c5b1e8 - - default default] 10.0.0.231 "DELETE /v2.0/subnets/1334f162-e206-444d-b46b-ce59759d5c87 HTTP/1.1" status: 404 len: 337 time: 0.0108731
2026-04-27 22:07:45.864 9 WARNING neutron.plugins.ml2.drivers.ovn.mech_driver.ovsdb.ovn_client [None req-b8f5ce28-a930-4e82-a730-c0695b1ea925 - - - - - -] No port found with ID 8351cfab-b38a-4ecb-ba90-dddd2a3231d9: RuntimeError: No port found with ID 8351cfab-b38a-4ecb-ba90-dddd2a3231d9
2026-04-27 22:07:45.943 9 INFO neutron.plugins.ml2.drivers.ovn.mech_driver.mech_driver [None req-b8f5ce28-a930-4e82-a730-c0695b1ea925 - - - - - -] OVN reports status up for port: 7613dd9b-2632-43d6-a314-c56d40b6b10c
2026-04-27 22:07:46.147 10 INFO neutron.db.ovn_revision_numbers_db [None req-d20e10a7-fd46-4b48-b554-66f479002353 0e82c857992b4ddbbaa44f82f57fcdc2 badff1a3a23c4e018c4d54c3adf2dcc1 - - default default] Successfully bumped revision number for resource 3284610d-4a21-4430-ab66-36343c31a018 (type: security_groups) to 1
