2026-04-27 22:08:52.580 9 INFO neutron.api.wsgi [None req-4d3dfdf3-6277-456c-b9c9-339cbf81bc79 78f87393ce054ecba3f91aa506a3a895 8e7a1c9417ea406f9ea158d9ae5adf96 - - default default] 10.0.0.231 "PUT /v2.0/networks/e15ed068-23a2-4cb8-aa19-2176d2e17ef0/tags HTTP/1.1" status: 200 len: 212 time: 0.0415366
2026-04-27 22:08:52.599 10 INFO neutron.api.wsgi [None req-1006be1c-6565-4f12-8b15-305dd9e13dce f19012eaeb5049a5aee92c7f462e5394 0855adeee56641dc95a51533f407a66d - - default default] 10.0.0.231 "GET /v2.0/ports?device_id=f08738fb-03df-49f1-bfaa-5a4a49a697d2 HTTP/1.1" status: 200 len: 205 time: 0.0209022
2026-04-27 22:08:52.645 9 INFO neutron.api.wsgi [None req-80eadc14-c1fe-43b5-9567-584f59ae3712 78f87393ce054ecba3f91aa506a3a895 8e7a1c9417ea406f9ea158d9ae5adf96 - - default default] 10.0.0.231 "GET /v2.0/networks?tags=red HTTP/1.1" status: 200 len: 2069 time: 0.0585690
2026-04-27 22:08:52.721 9 INFO neutron.api.wsgi [None req-c20cb931-c465-43f3-9c33-185a4dd88e85 78f87393ce054ecba3f91aa506a3a895 8e7a1c9417ea406f9ea158d9ae5adf96 - - default default] 10.0.0.231 "GET /v2.0/networks?tags=red%2Cblue HTTP/1.1" status: 200 len: 1457 time: 0.0702775
2026-04-27 22:08:52.767 10 INFO neutron.api.wsgi [None req-e6522b4d-49c8-43c6-8ae3-d16cdb77a7f1 f19012eaeb5049a5aee92c7f462e5394 0855adeee56641dc95a51533f407a66d - - default default] 10.0.0.231 "DELETE /v2.0/routers/f08738fb-03df-49f1-bfaa-5a4a49a697d2 HTTP/1.1" status: 204 len: 168 time: 0.1638157
2026-04-27 22:08:52.778 9 INFO neutron.api.wsgi [None req-6c1fb425-e17b-4d60-aa1a-4cb4380de8be 78f87393ce054ecba3f91aa506a3a895 8e7a1c9417ea406f9ea158d9ae5adf96 - - default default] 10.0.0.231 "GET /v2.0/networks?tags-any=blue HTTP/1.1" status: 200 len: 1457 time: 0.0494108
2026-04-27 22:08:52.827 9 INFO neutron.api.wsgi [None req-ab8f0132-e268-4128-ba7d-de9de91155c7 78f87393ce054ecba3f91aa506a3a895 8e7a1c9417ea406f9ea158d9ae5adf96 - - default default] 10.0.0.231 "GET /v2.0/networks?tags-any=red%2Cblue HTTP/1.1" status: 200 len: 2069 time: 0.0422547
2026-04-27 22:08:52.902 9 INFO neutron.api.wsgi [None req-e8a3aef2-2a7e-4553-a02c-73dd92cbf186 78f87393ce054ecba3f91aa506a3a895 8e7a1c9417ea406f9ea158d9ae5adf96 - - default default] 10.0.0.231 "GET /v2.0/networks?not-tags=red HTTP/1.1" status: 200 len: 2069 time: 0.0700312
2026-04-27 22:08:52.975 10 INFO neutron.api.wsgi [None req-41565f48-9188-4b4b-b98d-635466c9e297 78f87393ce054ecba3f91aa506a3a895 8e7a1c9417ea406f9ea158d9ae5adf96 - - default default] 10.0.0.231 "GET /v2.0/networks?not-tags=red%2Cblue HTTP/1.1" status: 200 len: 2681 time: 0.0665617
2026-04-27 22:08:53.038 10 INFO neutron.api.wsgi [None req-7ea23845-8cf4-4753-b209-4ce52ceaddba 78f87393ce054ecba3f91aa506a3a895 8e7a1c9417ea406f9ea158d9ae5adf96 - - default default] 10.0.0.231 "GET /v2.0/networks?not-tags-any=blue HTTP/1.1" status: 200 len: 2681 time: 0.0574253
2026-04-27 22:08:53.095 9 INFO neutron.db.ovn_revision_numbers_db [None req-59d78677-cab1-4ed9-8bc2-0178a5ceae35 - - - - - -] Successfully bumped revision number for resource 77f26f2f-df62-4002-b59a-5aade667acae (type: ports) to 2
2026-04-27 22:08:53.114 10 INFO neutron.api.wsgi [None req-3f33a1bc-0b60-4b8b-b126-4cd3a92a8afc 78f87393ce054ecba3f91aa506a3a895 8e7a1c9417ea406f9ea158d9ae5adf96 - - default default] 10.0.0.231 "GET /v2.0/networks?not-tags-any=red%2Cblue HTTP/1.1" status: 200 len: 2069 time: 0.0709496
2026-04-27 22:08:53.136 9 INFO neutron.db.ovn_revision_numbers_db [None req-59d78677-cab1-4ed9-8bc2-0178a5ceae35 - - - - - -] Successfully bumped revision number for resource 87ae3709-01e0-44e3-ac14-0c2bb47f26b3 (type: subnets) to 0
2026-04-27 22:08:53.154 9 INFO neutron.api.wsgi [None req-0662da13-d47a-44ee-b39c-c2661dd26e28 c2c5df51c35546ea9c92cd24d1a24da9 97b36af2852f4e0492830430f3b445cc - - default default] 10.0.0.231 "POST /v2.0/subnets HTTP/1.1" status: 201 len: 825 time: 0.8762834
2026-04-27 22:08:53.166 10 WARNING neutron_lib.context [None req-3faad765-e457-4553-b271-d8c816cbb926 c2c5df51c35546ea9c92cd24d1a24da9 97b36af2852f4e0492830430f3b445cc - - default default] Method 'is_advsvc' is deprecated since 2023.2 release (neutron-lib 3.8.0) and will be removed once support for the old RBAC API policies will be removed from Neutron. Please use method 'is_service_role' instead.
2026-04-27 22:08:53.194 10 INFO neutron.services.segments.plugin [-] Segment eb68fc7f-6bd9-4d42-a934-5d33a0b515bf resource provider aggregate not found
2026-04-27 22:08:53.198 10 INFO neutron.services.segments.plugin [-] Segment eb68fc7f-6bd9-4d42-a934-5d33a0b515bf resource provider aggregate not found
2026-04-27 22:08:53.206 10 INFO neutron.services.segments.plugin [-] Segment eb68fc7f-6bd9-4d42-a934-5d33a0b515bf resource provider not found; error: Placement Client Error (4xx): {"errors": [{"status": 404, "title": "Not Found", "detail": "The resource could not be found.\n\n No resource provider with uuid eb68fc7f-6bd9-4d42-a934-5d33a0b515bf found for delete ", "request_id": "req-7295a058-4a09-41b3-ac91-0bc62adc636d"}]}
2026-04-27 22:08:53.211 10 INFO neutron.services.segments.plugin [-] Segment eb68fc7f-6bd9-4d42-a934-5d33a0b515bf resource provider not found; error: Placement Client Error (4xx): {"errors": [{"status": 404, "title": "Not Found", "detail": "The resource could not be found.\n\n No resource provider with uuid eb68fc7f-6bd9-4d42-a934-5d33a0b515bf found for delete ", "request_id": "req-e5b547f8-8d0d-41db-8337-50f28e0571a8"}]}
2026-04-27 22:08:53.542 10 INFO neutron.db.ovn_revision_numbers_db [None req-3faad765-e457-4553-b271-d8c816cbb926 c2c5df51c35546ea9c92cd24d1a24da9 97b36af2852f4e0492830430f3b445cc - - default default] Successfully bumped revision number for resource b43d8409-2bed-4234-90f9-5bac1bd9a090 (type: routers) to 1
2026-04-27 22:08:53.554 10 WARNING neutron.plugins.ml2.drivers.ovn.mech_driver.ovsdb.ovn_client [None req-107ada97-66a4-40c5-9312-6fc486f3647d - - - - - -] No port found with ID 3a463c4b-fdcd-47a9-b999-5c827241c219: RuntimeError: No port found with ID 3a463c4b-fdcd-47a9-b999-5c827241c219
2026-04-27 22:08:53.564 10 INFO neutron.api.wsgi [None req-3faad765-e457-4553-b271-d8c816cbb926 c2c5df51c35546ea9c92cd24d1a24da9 97b36af2852f4e0492830430f3b445cc - - default default] 10.0.0.231 "POST /v2.0/routers HTTP/1.1" status: 201 len: 801 time: 0.4037333
2026-04-27 22:08:53.569 9 INFO neutron.api.wsgi [-] 10.0.0.204 "GET / HTTP/1.1" status: 200 len: 247 time: 0.0026898
2026-04-27 22:08:53.572 9 INFO neutron.api.wsgi [-] 10.0.0.204 "GET / HTTP/1.1" status: 200 len: 247 time: 0.0016904
2026-04-27 22:08:53.588 9 WARNING neutron_lib.context [None req-a6313459-3a62-4bee-8a46-4abe7a3ab1c0 c2c5df51c35546ea9c92cd24d1a24da9 97b36af2852f4e0492830430f3b445cc - - default default] Method 'is_advsvc' is deprecated since 2023.2 release (neutron-lib 3.8.0) and will be removed once support for the old RBAC API policies will be removed from Neutron. Please use method 'is_service_role' instead.
2026-04-27 22:08:53.758 10 INFO neutron.api.wsgi [None req-265060a1-81ed-44a1-b8af-96ae24dfbbf3 78f87393ce054ecba3f91aa506a3a895 8e7a1c9417ea406f9ea158d9ae5adf96 - - default default] 10.0.0.231 "DELETE /v2.0/networks/eedfef50-d4b1-4f25-bd38-697e7d3390ba HTTP/1.1" status: 204 len: 168 time: 0.6377120
2026-04-27 22:08:53.874 9 INFO neutron.db.ovn_revision_numbers_db [None req-093ff479-1f3a-4238-9c51-b674423ca129 0e82c857992b4ddbbaa44f82f57fcdc2 badff1a3a23c4e018c4d54c3adf2dcc1 - - default default] Successfully bumped revision number for resource a2386a87-34e3-4f26-9150-c026731c85c6 (type: security_groups) to 1
2026-04-27 22:08:53.878 9 WARNING neutron.scheduler.dhcp_agent_scheduler [None req-a6313459-3a62-4bee-8a46-4abe7a3ab1c0 c2c5df51c35546ea9c92cd24d1a24da9 97b36af2852f4e0492830430f3b445cc - - default default] No more DHCP agents
2026-04-27 22:08:53.880 9 WARNING neutron.api.rpc.agentnotifiers.dhcp_rpc_agent_api [None req-a6313459-3a62-4bee-8a46-4abe7a3ab1c0 c2c5df51c35546ea9c92cd24d1a24da9 97b36af2852f4e0492830430f3b445cc - - default default] Unable to schedule network ae936a45-c46f-4c1a-b00d-e5bcfd0da503: no agents available; will retry on subsequent port and subnet creation events.
2026-04-27 22:08:53.888 9 INFO neutron.db.ovn_revision_numbers_db [None req-093ff479-1f3a-4238-9c51-b674423ca129 0e82c857992b4ddbbaa44f82f57fcdc2 badff1a3a23c4e018c4d54c3adf2dcc1 - - default default] Successfully bumped revision number for resource 3cded28b-7850-4064-884e-31ea72dd7636 (type: security_group_rules) to 0
2026-04-27 22:08:53.905 9 INFO neutron.db.ovn_revision_numbers_db [None req-093ff479-1f3a-4238-9c51-b674423ca129 0e82c857992b4ddbbaa44f82f57fcdc2 badff1a3a23c4e018c4d54c3adf2dcc1 - - default default] Successfully bumped revision number for resource 790ec800-d97a-4107-9e5d-70f64f74fd15 (type: security_group_rules) to 0
2026-04-27 22:08:53.935 9 INFO neutron.db.ovn_revision_numbers_db [None req-093ff479-1f3a-4238-9c51-b674423ca129 0e82c857992b4ddbbaa44f82f57fcdc2 badff1a3a23c4e018c4d54c3adf2dcc1 - - default default] Successfully bumped revision number for resource b46a30ce-435a-4009-9616-7209f1f7e340 (type: security_group_rules) to 0
2026-04-27 22:08:53.951 9 INFO neutron.db.ovn_revision_numbers_db [None req-093ff479-1f3a-4238-9c51-b674423ca129 0e82c857992b4ddbbaa44f82f57fcdc2 badff1a3a23c4e018c4d54c3adf2dcc1 - - default default] Successfully bumped revision number for resource f5d14aaa-9f90-450e-9bf2-07c860c6ed39 (type: security_group_rules) to 0
2026-04-27 22:08:53.989 9 INFO neutron.api.wsgi [None req-093ff479-1f3a-4238-9c51-b674423ca129 0e82c857992b4ddbbaa44f82f57fcdc2 badff1a3a23c4e018c4d54c3adf2dcc1 - - default default] 10.0.0.231 "GET /v2.0/security-groups?tenant_id=3874215943574e21a76b2e91043b2320&name=default HTTP/1.1" status: 200 len: 3120 time: 0.4154975
2026-04-27 22:08:54.025 9 INFO neutron.db.ovn_revision_numbers_db [None req-a6313459-3a62-4bee-8a46-4abe7a3ab1c0 c2c5df51c35546ea9c92cd24d1a24da9 97b36af2852f4e0492830430f3b445cc - - default default] Successfully bumped revision number for resource cc9e44fd-e885-40b2-9571-89c2397db7cf (type: ports) to 1
2026-04-27 22:08:54.033 10 INFO neutron.api.wsgi [None req-1de3d17d-e1b9-4606-8794-616b102fb2df 78f87393ce054ecba3f91aa506a3a895 8e7a1c9417ea406f9ea158d9ae5adf96 - - default default] 10.0.0.231 "DELETE /v2.0/networks/a762c58a-d7ec-43b9-bfab-120360a9ca23 HTTP/1.1" status: 204 len: 168 time: 0.2695665 /var/lib/openstack/lib/python3.12/site-packages/pycadf/identifier.py:71: UserWarning: Invalid uuid: neutron. To ensure interoperability, identifiers should be a valid uuid. warnings.warn(('Invalid uuid: %s. To ensure interoperability, '
2026-04-27 22:08:54.051 9 INFO neutron.api.wsgi [None req-a6313459-3a62-4bee-8a46-4abe7a3ab1c0 c2c5df51c35546ea9c92cd24d1a24da9 97b36af2852f4e0492830430f3b445cc - - default default] 10.0.0.231 "POST /v2.0/ports HTTP/1.1" status: 201 len: 1147 time: 0.4784937
2026-04-27 22:08:54.172 10 INFO neutron.api.wsgi [None req-1d8eea32-f25c-47bf-a152-87cc7ef15e96 0e82c857992b4ddbbaa44f82f57fcdc2 badff1a3a23c4e018c4d54c3adf2dcc1 - - default default] 10.0.0.231 "DELETE /v2.0/security-groups/a2386a87-34e3-4f26-9150-c026731c85c6 HTTP/1.1" status: 204 len: 168 time: 0.1727908
2026-04-27 22:08:54.358 10 INFO neutron.db.ovn_revision_numbers_db [None req-b75f6367-65e4-45cc-ba94-50ff571a2c9d 0e82c857992b4ddbbaa44f82f57fcdc2 badff1a3a23c4e018c4d54c3adf2dcc1 - - default default] Successfully bumped revision number for resource fefab7e3-69f3-4862-aa8b-ab5b53163840 (type: security_groups) to 1
2026-04-27 22:08:54.371 10 INFO neutron.db.ovn_revision_numbers_db [None req-b75f6367-65e4-45cc-ba94-50ff571a2c9d 0e82c857992b4ddbbaa44f82f57fcdc2 badff1a3a23c4e018c4d54c3adf2dcc1 - - default default] Successfully bumped revision number for resource bed762ac-d849-437f-ad7c-00bd4c714a33 (type: security_group_rules) to 0
2026-04-27 22:08:54.383 10 INFO neutron.db.ovn_revision_numbers_db [None req-b75f6367-65e4-45cc-ba94-50ff571a2c9d 0e82c857992b4ddbbaa44f82f57fcdc2 badff1a3a23c4e018c4d54c3adf2dcc1 - - default default] Successfully bumped revision number for resource cf80031e-3aba-4124-956b-fbe22e4a4c36 (type: security_group_rules) to 0
2026-04-27 22:08:54.398 10 INFO neutron.db.ovn_revision_numbers_db [None req-b75f6367-65e4-45cc-ba94-50ff571a2c9d 0e82c857992b4ddbbaa44f82f57fcdc2 badff1a3a23c4e018c4d54c3adf2dcc1 - - default default] Successfully bumped revision number for resource fb769f00-347e-4986-8cce-c2ef7bd1d3e9 (type: security_group_rules) to 0
2026-04-27 22:08:54.408 10 INFO neutron.db.ovn_revision_numbers_db [None req-b75f6367-65e4-45cc-ba94-50ff571a2c9d 0e82c857992b4ddbbaa44f82f57fcdc2 badff1a3a23c4e018c4d54c3adf2dcc1 - - default default] Successfully bumped revision number for resource fe5595d9-61d4-426d-ad2b-695ca64ac105 (type: security_group_rules) to 0
2026-04-27 22:08:54.442 10 INFO neutron.api.wsgi [None req-b75f6367-65e4-45cc-ba94-50ff571a2c9d 0e82c857992b4ddbbaa44f82f57fcdc2 badff1a3a23c4e018c4d54c3adf2dcc1 - - default default] 10.0.0.231 "GET /v2.0/security-groups?tenant_id=0855adeee56641dc95a51533f407a66d&name=default HTTP/1.1" status: 200 len: 3120 time: 0.1821527
2026-04-27 22:08:54.595 10 INFO neutron.api.wsgi [req-94758e1e-50a4-4bb6-8e59-125c34f9fdb7 req-d1dd9976-5d70-4359-a603-fcc3705bb24f ad859777787c456bad18a76eb5687802 1a51c73e6dfc4d599e9c626b1ea0f1db - - default default] 10.0.0.152 "GET /v2.0/ports?device_id=f1393daf-bc2b-48e4-900d-786ba9f791a5 HTTP/1.1" status: 200 len: 1210 time: 0.0909016
2026-04-27 22:08:54.643 10 INFO neutron.api.wsgi [req-94758e1e-50a4-4bb6-8e59-125c34f9fdb7 req-52fe42d8-b0fc-47aa-975a-afdb08bb0d4e ad859777787c456bad18a76eb5687802 1a51c73e6dfc4d599e9c626b1ea0f1db - - default default] 10.0.0.152 "GET /v2.0/security-groups?id=8d528c14-f105-43c4-9b34-c975fc1296fb&id=09326f6a-8862-4db4-8170-c30f6723488c&fields=id&fields=name HTTP/1.1" status: 200 len: 405 time: 0.0422149
2026-04-27 22:08:54.650 9 INFO neutron.services.segments.plugin [-] Segment 3d287b97-9721-4f8c-bdfe-8559711fba63 resource provider aggregate not found
2026-04-27 22:08:54.655 9 INFO neutron.services.segments.plugin [-] Segment 3d287b97-9721-4f8c-bdfe-8559711fba63 resource provider aggregate not found
2026-04-27 22:08:54.661 9 INFO neutron.services.segments.plugin [-] Segment 3d287b97-9721-4f8c-bdfe-8559711fba63 resource provider not found; error: Placement Client Error (4xx): {"errors": [{"status": 404, "title": "Not Found", "detail": "The resource could not be found.\n\n No resource provider with uuid 3d287b97-9721-4f8c-bdfe-8559711fba63 found for delete ", "request_id": "req-d8c9ad6d-58b3-483b-b097-165b9e7f50ab"}]}
2026-04-27 22:08:54.671 9 INFO neutron.services.segments.plugin [-] Segment 3d287b97-9721-4f8c-bdfe-8559711fba63 resource provider not found; error: Placement Client Error (4xx): {"errors": [{"status": 404, "title": "Not Found", "detail": "The resource could not be found.\n\n No resource provider with uuid 3d287b97-9721-4f8c-bdfe-8559711fba63 found for delete ", "request_id": "req-4d974bcf-14cc-478e-8ede-8c1c62f6b42e"}]}
2026-04-27 22:08:54.687 10 INFO neutron.api.wsgi [None req-64600b05-d956-4bed-b0c2-abb516620c1b 0e82c857992b4ddbbaa44f82f57fcdc2 badff1a3a23c4e018c4d54c3adf2dcc1 - - default default] 10.0.0.231 "DELETE /v2.0/security-groups/fefab7e3-69f3-4862-aa8b-ab5b53163840 HTTP/1.1" status: 204 len: 168 time: 0.2394788
2026-04-27 22:08:54.701 9 INFO neutron.api.wsgi [None req-8157312d-7b2e-40ef-aa4f-9d89d83f680c 78f87393ce054ecba3f91aa506a3a895 8e7a1c9417ea406f9ea158d9ae5adf96 - - default default] 10.0.0.231 "DELETE /v2.0/networks/052ee142-e58e-40cf-a08e-84c0fc08ceda HTTP/1.1" status: 204 len: 168 time: 0.6623082
2026-04-27 22:08:54.747 10 INFO neutron.plugins.ml2.drivers.ovn.mech_driver.mech_driver [None req-107ada97-66a4-40c5-9312-6fc486f3647d - - - - - -] OVN reports status up for port: cc9e44fd-e885-40b2-9571-89c2397db7cf
2026-04-27 22:08:54.754 10 INFO neutron.plugins.ml2.plugin [None req-107ada97-66a4-40c5-9312-6fc486f3647d - - - - - -] Attempt 1 to provision port cc9e44fd-e885-40b2-9571-89c2397db7cf
2026-04-27 22:08:54.768 9 INFO neutron.db.ovn_revision_numbers_db [None req-76475ef3-4a48-4c2c-84c2-dd17abd671d3 c2c5df51c35546ea9c92cd24d1a24da9 97b36af2852f4e0492830430f3b445cc - - default default] Successfully bumped revision number for resource cc9e44fd-e885-40b2-9571-89c2397db7cf (type: ports) to 2 /var/lib/openstack/lib/python3.12/site-packages/pycadf/identifier.py:71: UserWarning: Invalid uuid: neutron. To ensure interoperability, identifiers should be a valid uuid. warnings.warn(('Invalid uuid: %s. To ensure interoperability, '
2026-04-27 22:08:54.936 9 INFO neutron.db.ovn_revision_numbers_db [None req-cc53faa6-ce30-4c5b-a326-ad1bd1fca5cd 0e82c857992b4ddbbaa44f82f57fcdc2 badff1a3a23c4e018c4d54c3adf2dcc1 - - default default] Successfully bumped revision number for resource 3e6b28ff-4589-43cf-a151-6def964faeaf (type: security_groups) to 1
2026-04-27 22:08:54.956 9 INFO neutron.db.ovn_revision_numbers_db [None req-cc53faa6-ce30-4c5b-a326-ad1bd1fca5cd 0e82c857992b4ddbbaa44f82f57fcdc2 badff1a3a23c4e018c4d54c3adf2dcc1 - - default default] Successfully bumped revision number for resource 3c2d6847-43f9-487e-9938-c36b50e9a462 (type: security_group_rules) to 0
2026-04-27 22:08:54.992 9 INFO neutron.db.ovn_revision_numbers_db [None req-cc53faa6-ce30-4c5b-a326-ad1bd1fca5cd 0e82c857992b4ddbbaa44f82f57fcdc2 badff1a3a23c4e018c4d54c3adf2dcc1 - - default default] Successfully bumped revision number for resource 4009f825-743e-428a-8efc-d861389d7193 (type: security_group_rules) to 0
2026-04-27 22:08:55.027 9 INFO neutron.db.ovn_revision_numbers_db [None req-cc53faa6-ce30-4c5b-a326-ad1bd1fca5cd 0e82c857992b4ddbbaa44f82f57fcdc2 badff1a3a23c4e018c4d54c3adf2dcc1 - - default default] Successfully bumped revision number for resource 9efdc72e-0170-4ff0-9a90-a56f704107e6 (type: security_group_rules) to 0
2026-04-27 22:08:55.034 10 INFO neutron.api.wsgi [None req-6ce0de31-b451-4052-b0c2-671c11ac9314 78f87393ce054ecba3f91aa506a3a895 8e7a1c9417ea406f9ea158d9ae5adf96 - - default default] 10.0.0.231 "DELETE /v2.0/networks/e15ed068-23a2-4cb8-aa19-2176d2e17ef0 HTTP/1.1" status: 204 len: 168 time: 0.3287506
2026-04-27 22:08:55.065 10 INFO neutron.db.ovn_revision_numbers_db [None req-107ada97-66a4-40c5-9312-6fc486f3647d - - - - - -] Successfully bumped revision number for resource cc9e44fd-e885-40b2-9571-89c2397db7cf (type: ports) to 3
2026-04-27 22:08:55.067 9 INFO neutron.db.ovn_revision_numbers_db [None req-cc53faa6-ce30-4c5b-a326-ad1bd1fca5cd 0e82c857992b4ddbbaa44f82f57fcdc2 badff1a3a23c4e018c4d54c3adf2dcc1 - - default default] Successfully bumped revision number for resource ab398966-9d37-42fe-8288-d9cbd8a128fb (type: security_group_rules) to 0
2026-04-27 22:08:55.131 9 INFO neutron.api.wsgi [None req-cc53faa6-ce30-4c5b-a326-ad1bd1fca5cd 0e82c857992b4ddbbaa44f82f57fcdc2 badff1a3a23c4e018c4d54c3adf2dcc1 - - default default] 10.0.0.231 "GET /v2.0/security-groups?tenant_id=0d03696cd2954a86852725ab64fd2485&name=default HTTP/1.1" status: 200 len: 3120 time: 0.3208051
2026-04-27 22:08:55.224 10 INFO neutron.services.segments.plugin [-] Segment fce003e1-5b0c-4493-ba59-25778086c359 resource provider aggregate not found
2026-04-27 22:08:55.228 10 INFO neutron.services.segments.plugin [-] Segment fce003e1-5b0c-4493-ba59-25778086c359 resource provider aggregate not found
2026-04-27 22:08:55.237 10 INFO neutron.services.segments.plugin [-] Segment fce003e1-5b0c-4493-ba59-25778086c359 resource provider not found; error: Placement Client Error (4xx): {"errors": [{"status": 404, "title": "Not Found", "detail": "The resource could not be found.\n\n No resource provider with uuid fce003e1-5b0c-4493-ba59-25778086c359 found for delete ", "request_id": "req-c8ccf0d8-3d10-4b6b-8b55-20aa66b2cbe4"}]}
2026-04-27 22:08:55.241 10 INFO neutron.services.segments.plugin [-] Segment fce003e1-5b0c-4493-ba59-25778086c359 resource provider not found; error: Placement Client Error (4xx): {"errors": [{"status": 404, "title": "Not Found", "detail": "The resource could not be found.\n\n No resource provider with uuid fce003e1-5b0c-4493-ba59-25778086c359 found for delete ", "request_id": "req-753f7839-e168-423d-8294-709b75efef29"}]}
2026-04-27 22:08:55.249 10 INFO neutron.services.segments.plugin [-] Segment 1b576f09-342a-4c4d-944c-647501165381 resource provider aggregate not found
2026-04-27 22:08:55.253 10 INFO neutron.services.segments.plugin [-] Segment 1b576f09-342a-4c4d-944c-647501165381 resource provider aggregate not found
2026-04-27 22:08:55.260 10 INFO neutron.services.segments.plugin [-] Segment 1b576f09-342a-4c4d-944c-647501165381 resource provider not found; error: Placement Client Error (4xx): {"errors": [{"status": 404, "title": "Not Found", "detail": "The resource could not be found.\n\n No resource provider with uuid 1b576f09-342a-4c4d-944c-647501165381 found for delete ", "request_id": "req-a64430e9-cd62-4f22-bae2-b80923a68775"}]}
2026-04-27 22:08:55.264 10 INFO neutron.services.segments.plugin [-] Segment 1b576f09-342a-4c4d-944c-647501165381 resource provider not found; error: Placement Client Error (4xx): {"errors": [{"status": 404, "title": "Not Found", "detail": "The resource could not be found.\n\n No resource provider with uuid 1b576f09-342a-4c4d-944c-647501165381 found for delete ", "request_id": "req-978c6def-b735-47f9-8e86-6cab3aee7c79"}]}
2026-04-27 22:08:55.274 10 INFO neutron.services.segments.plugin [-] Segment 6d193d5a-43a1-4587-8952-40daaa55f802 resource provider aggregate not found
2026-04-27 22:08:55.278 10 INFO neutron.services.segments.plugin [-] Segment 6d193d5a-43a1-4587-8952-40daaa55f802 resource provider aggregate not found
2026-04-27 22:08:55.286 10 INFO neutron.services.segments.plugin [-] Segment 6d193d5a-43a1-4587-8952-40daaa55f802 resource provider not found; error: Placement Client Error (4xx): {"errors": [{"status": 404, "title": "Not Found", "detail": "The resource could not be found.\n\n No resource provider with uuid 6d193d5a-43a1-4587-8952-40daaa55f802 found for delete ", "request_id": "req-fcc30ae9-cfb0-42a9-8607-1c8c3b0cd16a"}]}
2026-04-27 22:08:55.288 10 INFO neutron.services.segments.plugin [-] Segment 6d193d5a-43a1-4587-8952-40daaa55f802 resource provider not found; error: Placement Client Error (4xx): {"errors": [{"status": 404, "title": "Not Found", "detail": "The resource could not be found.\n\n No resource provider with uuid 6d193d5a-43a1-4587-8952-40daaa55f802 found for delete ", "request_id": "req-02bad967-c3fc-4801-934a-336a6b4abe74"}]}
2026-04-27 22:08:55.381 10 INFO neutron.api.wsgi [None req-01090d75-221b-41a7-ac8c-862d34556064 78f87393ce054ecba3f91aa506a3a895 8e7a1c9417ea406f9ea158d9ae5adf96 - - default default] 10.0.0.231 "DELETE /v2.0/networks/1882a3ef-2e02-4e25-90c6-1260e4abef1f HTTP/1.1" status: 204 len: 168 time: 0.3332553
2026-04-27 22:08:55.400 9 INFO neutron.api.wsgi [None req-325a6b54-869f-440e-9f0e-94be2aa880f1 0e82c857992b4ddbbaa44f82f57fcdc2 badff1a3a23c4e018c4d54c3adf2dcc1 - - default default] 10.0.0.231 "DELETE /v2.0/security-groups/3e6b28ff-4589-43cf-a151-6def964faeaf HTTP/1.1" status: 204 len: 168 time: 0.2648377
2026-04-27 22:08:55.425 9 INFO neutron.db.ovn_revision_numbers_db [None req-76475ef3-4a48-4c2c-84c2-dd17abd671d3 c2c5df51c35546ea9c92cd24d1a24da9 97b36af2852f4e0492830430f3b445cc - - default default] Successfully bumped revision number for resource cc9e44fd-e885-40b2-9571-89c2397db7cf (type: ports) to 3
2026-04-27 22:08:55.472 9 WARNING neutron.scheduler.dhcp_agent_scheduler [None req-76475ef3-4a48-4c2c-84c2-dd17abd671d3 c2c5df51c35546ea9c92cd24d1a24da9 97b36af2852f4e0492830430f3b445cc - - default default] No more DHCP agents
2026-04-27 22:08:55.474 9 WARNING neutron.api.rpc.agentnotifiers.dhcp_rpc_agent_api [None req-76475ef3-4a48-4c2c-84c2-dd17abd671d3 c2c5df51c35546ea9c92cd24d1a24da9 97b36af2852f4e0492830430f3b445cc - - default default] Unable to schedule network ae936a45-c46f-4c1a-b00d-e5bcfd0da503: no agents available; will retry on subsequent port and subnet creation events.
2026-04-27 22:08:55.626 9 INFO neutron.db.ovn_revision_numbers_db [None req-76475ef3-4a48-4c2c-84c2-dd17abd671d3 c2c5df51c35546ea9c92cd24d1a24da9 97b36af2852f4e0492830430f3b445cc - - default default] Successfully bumped revision number for resource cc9e44fd-e885-40b2-9571-89c2397db7cf (type: router_ports) to 3
2026-04-27 22:08:55.631 9 INFO neutron.api.wsgi [None req-76475ef3-4a48-4c2c-84c2-dd17abd671d3 c2c5df51c35546ea9c92cd24d1a24da9 97b36af2852f4e0492830430f3b445cc - - default default] 10.0.0.231 "PUT /v2.0/routers/b43d8409-2bed-4234-90f9-5bac1bd9a090/add_router_interface HTTP/1.1" status: 200 len: 503 time: 1.5759754 /var/lib/openstack/lib/python3.12/site-packages/pycadf/identifier.py:71: UserWarning: Invalid uuid: neutron. To ensure interoperability, identifiers should be a valid uuid. warnings.warn(('Invalid uuid: %s. To ensure interoperability, '
2026-04-27 22:08:55.695 10 INFO neutron.api.wsgi [None req-75a725a3-7815-4f5a-a842-69ed84fa7cfc c2c5df51c35546ea9c92cd24d1a24da9 97b36af2852f4e0492830430f3b445cc - - default default] 10.0.0.231 "GET /v2.0/ports/cc9e44fd-e885-40b2-9571-89c2397db7cf HTTP/1.1" status: 200 len: 1205 time: 0.0582883 /var/lib/openstack/lib/python3.12/site-packages/pycadf/identifier.py:71: UserWarning: Invalid uuid: neutron. To ensure interoperability, identifiers should be a valid uuid. warnings.warn(('Invalid uuid: %s. To ensure interoperability, '
2026-04-27 22:08:55.739 9 INFO neutron.api.wsgi [req-9b3cd69b-4c0d-4763-b658-1e7f82448e2a req-948564c5-3c2d-4e62-813d-d065d20bb9ba ad859777787c456bad18a76eb5687802 1a51c73e6dfc4d599e9c626b1ea0f1db - - default default] 10.0.0.152 "GET /v2.0/ports?device_id=f1393daf-bc2b-48e4-900d-786ba9f791a5 HTTP/1.1" status: 200 len: 1210 time: 0.0373518
2026-04-27 22:08:55.780 9 INFO neutron.api.wsgi [req-9b3cd69b-4c0d-4763-b658-1e7f82448e2a req-194fce1e-fc99-4cce-a3ae-08d6462605b5 ad859777787c456bad18a76eb5687802 1a51c73e6dfc4d599e9c626b1ea0f1db - - default default] 10.0.0.152 "GET /v2.0/security-groups?id=8d528c14-f105-43c4-9b34-c975fc1296fb&id=09326f6a-8862-4db4-8170-c30f6723488c&fields=id&fields=name HTTP/1.1" status: 200 len: 405 time: 0.0356333
2026-04-27 22:08:56.234 10 INFO neutron.api.wsgi [None req-4e89d62f-c1e5-4f2d-acef-fbc30380cc8c c2c5df51c35546ea9c92cd24d1a24da9 97b36af2852f4e0492830430f3b445cc - - default default] 10.0.0.231 "PUT /v2.0/routers/b43d8409-2bed-4234-90f9-5bac1bd9a090/remove_router_interface HTTP/1.1" status: 200 len: 503 time: 0.5341332 /var/lib/openstack/lib/python3.12/site-packages/pycadf/identifier.py:71: UserWarning: Invalid uuid: neutron. To ensure interoperability, identifiers should be a valid uuid. warnings.warn(('Invalid uuid: %s. To ensure interoperability, '
2026-04-27 22:08:56.277 10 INFO neutron.api.v2.resource [None req-0b7e973d-e26d-4dcc-a71f-bc6d1af53eb7 c2c5df51c35546ea9c92cd24d1a24da9 97b36af2852f4e0492830430f3b445cc - - default default] remove_router_interface failed (client error): The resource could not be found.
2026-04-27 22:08:56.278 10 INFO neutron.api.wsgi [None req-0b7e973d-e26d-4dcc-a71f-bc6d1af53eb7 c2c5df51c35546ea9c92cd24d1a24da9 97b36af2852f4e0492830430f3b445cc - - default default] 10.0.0.231 "PUT /v2.0/routers/b43d8409-2bed-4234-90f9-5bac1bd9a090/remove_router_interface HTTP/1.1" status: 404 len: 398 time: 0.0389259
2026-04-27 22:08:56.285 9 INFO neutron.api.wsgi [req-c65e3278-9689-46d1-bd1e-42c8622a1f09 req-5f2e01ca-b7a5-4523-b7e2-885b93561f98 ad859777787c456bad18a76eb5687802 1a51c73e6dfc4d599e9c626b1ea0f1db - - default default] 199.19.213.228 "GET /v2.0/ports?device_id=f1393daf-bc2b-48e4-900d-786ba9f791a5 HTTP/1.1" status: 200 len: 1210 time: 0.0329263
2026-04-27 22:08:56.297 10 INFO neutron.api.wsgi [None req-605b30a4-8933-4cd8-a835-1f31d6c50a4d c2c5df51c35546ea9c92cd24d1a24da9 97b36af2852f4e0492830430f3b445cc - - default default] 10.0.0.231 "GET /v2.0/ports?device_id=b43d8409-2bed-4234-90f9-5bac1bd9a090 HTTP/1.1" status: 200 len: 205 time: 0.0138040
2026-04-27 22:08:56.474 10 INFO neutron.api.wsgi [None req-376f87c3-62b8-48d4-a929-8da6bd478eb1 c2c5df51c35546ea9c92cd24d1a24da9 97b36af2852f4e0492830430f3b445cc - - default default] 10.0.0.231 "DELETE /v2.0/routers/b43d8409-2bed-4234-90f9-5bac1bd9a090 HTTP/1.1" status: 204 len: 168 time: 0.1727064
2026-04-27 22:08:56.476 10 INFO neutron.db.ovn_revision_numbers_db [None req-57be724a-a3dd-4e3b-bffa-091ac555305c 0e82c857992b4ddbbaa44f82f57fcdc2 badff1a3a23c4e018c4d54c3adf2dcc1 - - default default] Successfully bumped revision number for resource 1982cf62-d953-420f-a6ee-5ccd7fcfed6c (type: security_groups) to 1
2026-04-27 22:08:56.500 10 INFO neutron.db.ovn_revision_numbers_db [None req-57be724a-a3dd-4e3b-bffa-091ac555305c 0e82c857992b4ddbbaa44f82f57fcdc2 badff1a3a23c4e018c4d54c3adf2dcc1 - - default default] Successfully bumped revision number for resource 02da82e6-83eb-46f3-8b0d-95554ffb8d6c (type: security_group_rules) to 0
2026-04-27 22:08:56.513 10 INFO neutron.db.ovn_revision_numbers_db [None req-57be724a-a3dd-4e3b-bffa-091ac555305c 0e82c857992b4ddbbaa44f82f57fcdc2 badff1a3a23c4e018c4d54c3adf2dcc1 - - default default] Successfully bumped revision number for resource 3810b9ab-46bf-400f-af70-d1582fae9bb7 (type: security_group_rules) to 0
2026-04-27 22:08:56.526 10 INFO neutron.db.ovn_revision_numbers_db [None req-57be724a-a3dd-4e3b-bffa-091ac555305c 0e82c857992b4ddbbaa44f82f57fcdc2 badff1a3a23c4e018c4d54c3adf2dcc1 - - default default] Successfully bumped revision number for resource bbe2af2c-6d99-4da3-994c-29d09fc4c672 (type: security_group_rules) to 0
2026-04-27 22:08:56.542 10 INFO neutron.db.ovn_revision_numbers_db [None req-57be724a-a3dd-4e3b-bffa-091ac555305c 0e82c857992b4ddbbaa44f82f57fcdc2 badff1a3a23c4e018c4d54c3adf2dcc1 - - default default] Successfully bumped revision number for resource e7c3df9c-7e3e-4df0-9ff1-e8352a39ff35 (type: security_group_rules) to 0
2026-04-27 22:08:56.586 10 INFO neutron.api.wsgi [None req-57be724a-a3dd-4e3b-bffa-091ac555305c 0e82c857992b4ddbbaa44f82f57fcdc2 badff1a3a23c4e018c4d54c3adf2dcc1 - - default default] 10.0.0.231 "GET /v2.0/security-groups?tenant_id=73e6b7ddbe55433bb06b1a831a6a3363&name=default HTTP/1.1" status: 200 len: 3120 time: 0.4251671
2026-04-27 22:08:56.620 9 INFO neutron.db.l3_db [req-c65e3278-9689-46d1-bd1e-42c8622a1f09 req-f5ac03d3-a9a1-40eb-b280-72d9096edda7 ad859777787c456bad18a76eb5687802 1a51c73e6dfc4d599e9c626b1ea0f1db - - default default] Floating IP bf551d64-bbe4-4919-b089-40445b26a747 disassociated. External IP: 10.96.250.209, port: 9a85b78f-c4ce-4c01-9d60-582cfaa87c1a.
2026-04-27 22:08:56.653 10 INFO neutron.api.wsgi [None req-aba57f56-0ffc-4fb5-b9a2-39f7235b994e c2c5df51c35546ea9c92cd24d1a24da9 97b36af2852f4e0492830430f3b445cc - - default default] 10.0.0.231 "DELETE /v2.0/subnets/87ae3709-01e0-44e3-ac14-0c2bb47f26b3 HTTP/1.1" status: 204 len: 168 time: 0.1750538
2026-04-27 22:08:56.737 9 INFO neutron.api.wsgi [req-c65e3278-9689-46d1-bd1e-42c8622a1f09 req-f5ac03d3-a9a1-40eb-b280-72d9096edda7 ad859777787c456bad18a76eb5687802 1a51c73e6dfc4d599e9c626b1ea0f1db - - default default] 199.19.213.228 "DELETE /v2.0/ports/9a85b78f-c4ce-4c01-9d60-582cfaa87c1a HTTP/1.1" status: 204 len: 173 time: 0.4473069
2026-04-27 22:08:56.769 9 INFO neutron.notifiers.nova [-] Nova event matching ['req-18c1f094-ef55-434c-8c90-bb8e64b0f7ba'] response: {'server_uuid': 'f1393daf-bc2b-48e4-900d-786ba9f791a5', 'name': 'network-vif-deleted', 'tag': '9a85b78f-c4ce-4c01-9d60-582cfaa87c1a', 'status': 'completed', 'code': 200}
2026-04-27 22:08:56.820 10 INFO neutron.api.wsgi [None req-5af89877-bef4-49c4-a01e-99f3a9f3ab9e 0e82c857992b4ddbbaa44f82f57fcdc2 badff1a3a23c4e018c4d54c3adf2dcc1 - - default default] 10.0.0.231 "DELETE /v2.0/security-groups/1982cf62-d953-420f-a6ee-5ccd7fcfed6c HTTP/1.1" status: 204 len: 168 time: 0.2295146 /var/lib/openstack/lib/python3.12/site-packages/pycadf/identifier.py:71: UserWarning: Invalid uuid: neutron. To ensure interoperability, identifiers should be a valid uuid. warnings.warn(('Invalid uuid: %s. To ensure interoperability, '
2026-04-27 22:08:56.866 9 INFO neutron.api.wsgi [req-dc0d2504-47d0-4c55-96dd-956266693ff9 req-7849b516-01d3-4c4c-8b8e-9b678b3f84eb ad859777787c456bad18a76eb5687802 1a51c73e6dfc4d599e9c626b1ea0f1db - - default default] 10.0.0.152 "GET /v2.0/ports?device_id=f1393daf-bc2b-48e4-900d-786ba9f791a5 HTTP/1.1" status: 200 len: 210 time: 0.0244691
2026-04-27 22:08:56.968 10 INFO neutron.api.wsgi [None req-0a0d67cb-2261-43d1-93a4-807220d011e5 c2c5df51c35546ea9c92cd24d1a24da9 97b36af2852f4e0492830430f3b445cc - - default default] 10.0.0.231 "DELETE /v2.0/networks/ae936a45-c46f-4c1a-b00d-e5bcfd0da503 HTTP/1.1" status: 204 len: 168 time: 0.3099658
2026-04-27 22:08:56.972 10 INFO neutron.api.wsgi [None req-f3b31c16-84b5-4c54-91c7-6165dd3f2154 0e82c857992b4ddbbaa44f82f57fcdc2 badff1a3a23c4e018c4d54c3adf2dcc1 - - default default] 10.0.0.231 "GET /v2.0/security-groups?tenant_id=8e7a1c9417ea406f9ea158d9ae5adf96&name=default HTTP/1.1" status: 200 len: 3120 time: 0.0316412
2026-04-27 22:08:56.980 10 WARNING neutron_lib.context [None req-50b300da-1fc5-4f3b-a07e-1866095aabf7 c2c5df51c35546ea9c92cd24d1a24da9 97b36af2852f4e0492830430f3b445cc - - default default] Method 'is_advsvc' is deprecated since 2023.2 release (neutron-lib 3.8.0) and will be removed once support for the old RBAC API policies will be removed from Neutron. Please use method 'is_service_role' instead.
2026-04-27 22:08:57.055 10 INFO neutron.db.segments_db [None req-50b300da-1fc5-4f3b-a07e-1866095aabf7 c2c5df51c35546ea9c92cd24d1a24da9 97b36af2852f4e0492830430f3b445cc - - default default] Added segment 51e23fa5-12ef-46bc-9205-8c9652464e16 of type geneve for network 55b0fe5f-f9f9-4521-b7dc-62cf6d1deecd
2026-04-27 22:08:57.155 9 INFO neutron.api.wsgi [None req-a3a7a582-b5b8-4815-8b52-0013fc7d5d6c 0e82c857992b4ddbbaa44f82f57fcdc2 badff1a3a23c4e018c4d54c3adf2dcc1 - - default default] 10.0.0.231 "DELETE /v2.0/security-groups/66ff9670-4418-4ed0-8b31-6c44f84585b4 HTTP/1.1" status: 204 len: 168 time: 0.1780334
2026-04-27 22:08:57.155 10 INFO neutron.db.ovn_revision_numbers_db [None req-50b300da-1fc5-4f3b-a07e-1866095aabf7 c2c5df51c35546ea9c92cd24d1a24da9 97b36af2852f4e0492830430f3b445cc - - default default] Successfully bumped revision number for resource 55b0fe5f-f9f9-4521-b7dc-62cf6d1deecd (type: networks) to 1
2026-04-27 22:08:57.303 10 INFO neutron.services.segments.plugin [-] Segment b4ccc81e-9914-4e60-868a-3a8101c15a6a resource provider aggregate not found
2026-04-27 22:08:57.306 10 INFO neutron.services.segments.plugin [-] Segment b4ccc81e-9914-4e60-868a-3a8101c15a6a resource provider aggregate not found
2026-04-27 22:08:57.311 10 WARNING neutron.scheduler.dhcp_agent_scheduler [None req-50b300da-1fc5-4f3b-a07e-1866095aabf7 c2c5df51c35546ea9c92cd24d1a24da9 97b36af2852f4e0492830430f3b445cc - - default default] No more DHCP agents
2026-04-27 22:08:57.312 10 WARNING neutron.api.rpc.agentnotifiers.dhcp_rpc_agent_api [None req-50b300da-1fc5-4f3b-a07e-1866095aabf7 c2c5df51c35546ea9c92cd24d1a24da9 97b36af2852f4e0492830430f3b445cc - - default default] Unable to schedule network 55b0fe5f-f9f9-4521-b7dc-62cf6d1deecd: no agents available; will retry on subsequent port and subnet creation events.
2026-04-27 22:08:57.315 10 INFO neutron.services.segments.plugin [-] Segment b4ccc81e-9914-4e60-868a-3a8101c15a6a resource provider not found; error: Placement Client Error (4xx): {"errors": [{"status": 404, "title": "Not Found", "detail": "The resource could not be found.\n\n No resource provider with uuid b4ccc81e-9914-4e60-868a-3a8101c15a6a found for delete ", "request_id": "req-e023a2a1-8280-436e-9244-4e6e431407e6"}]}
2026-04-27 22:08:57.318 10 INFO neutron.services.segments.plugin [-] Segment b4ccc81e-9914-4e60-868a-3a8101c15a6a resource provider not found; error: Placement Client Error (4xx): {"errors": [{"status": 404, "title": "Not Found", "detail": "The resource could not be found.\n\n No resource provider with uuid b4ccc81e-9914-4e60-868a-3a8101c15a6a found for delete ", "request_id": "req-1c879fb8-77d7-4d0d-9ac9-e68f4c915925"}]}
2026-04-27 22:08:57.330 10 INFO neutron.services.segments.plugin [-] Segment 849e3a25-3afb-4dc1-ae6a-db9fcc573542 resource provider aggregate not found
2026-04-27 22:08:57.333 10 INFO neutron.services.segments.plugin [-] Segment 849e3a25-3afb-4dc1-ae6a-db9fcc573542 resource provider aggregate not found
2026-04-27 22:08:57.345 10 INFO neutron.services.segments.plugin [-] Segment 849e3a25-3afb-4dc1-ae6a-db9fcc573542 resource provider not found; error: Placement Client Error (4xx): {"errors": [{"status": 404, "title": "Not Found", "detail": "The resource could not be found.\n\n No resource provider with uuid 849e3a25-3afb-4dc1-ae6a-db9fcc573542 found for delete ", "request_id": "req-fb6d8e05-4a13-481c-8f5e-5e80aaf25afc"}]}
2026-04-27 22:08:57.347 10 INFO neutron.services.segments.plugin [-] Segment 849e3a25-3afb-4dc1-ae6a-db9fcc573542 resource provider not found; error: Placement Client Error (4xx): {"errors": [{"status": 404, "title": "Not Found", "detail": "The resource could not be found.\n\n No resource provider with uuid 849e3a25-3afb-4dc1-ae6a-db9fcc573542 found for delete ", "request_id": "req-8154a71f-aebb-46da-a584-e412aba4d770"}]}
2026-04-27 22:08:57.373 9 INFO neutron.db.ovn_revision_numbers_db [None req-1cea1563-930d-4ae8-b405-55b734ce4ad3 0e82c857992b4ddbbaa44f82f57fcdc2 badff1a3a23c4e018c4d54c3adf2dcc1 - - default default] Successfully bumped revision number for resource 0f7e4056-bb68-43f5-925e-81d9121eb672 (type: security_groups) to 1
2026-04-27 22:08:57.385 10 INFO neutron.db.ovn_revision_numbers_db [None req-50b300da-1fc5-4f3b-a07e-1866095aabf7 c2c5df51c35546ea9c92cd24d1a24da9 97b36af2852f4e0492830430f3b445cc - - default default] Successfully bumped revision number for resource 7c03a9fd-4316-45f3-8314-de1b497d604d (type: ports) to 1
2026-04-27 22:08:57.385 9 INFO neutron.db.ovn_revision_numbers_db [None req-1cea1563-930d-4ae8-b405-55b734ce4ad3 0e82c857992b4ddbbaa44f82f57fcdc2 badff1a3a23c4e018c4d54c3adf2dcc1 - - default default] Successfully bumped revision number for resource 3dd9a2b1-b513-47b3-893e-361713c23c74 (type: security_group_rules) to 0
2026-04-27 22:08:57.399 9 INFO neutron.db.ovn_revision_numbers_db [None req-1cea1563-930d-4ae8-b405-55b734ce4ad3 0e82c857992b4ddbbaa44f82f57fcdc2 badff1a3a23c4e018c4d54c3adf2dcc1 - - default default] Successfully bumped revision number for resource 4ee63daf-8288-4ade-bde9-2468a8d1d25c (type: security_group_rules) to 0
2026-04-27 22:08:57.402 10 INFO neutron.api.wsgi [None req-50b300da-1fc5-4f3b-a07e-1866095aabf7 c2c5df51c35546ea9c92cd24d1a24da9 97b36af2852f4e0492830430f3b445cc - - default default] 10.0.0.231 "POST /v2.0/networks HTTP/1.1" status: 201 len: 828 time: 0.4259231
2026-04-27 22:08:57.410 10 WARNING neutron_lib.context [None req-41110c91-9432-4349-bb67-e4c33eacaa65 c2c5df51c35546ea9c92cd24d1a24da9 97b36af2852f4e0492830430f3b445cc - - default default] Method 'is_advsvc' is deprecated since 2023.2 release (neutron-lib 3.8.0) and will be removed once support for the old RBAC API policies will be removed from Neutron. Please use method 'is_service_role' instead.
2026-04-27 22:08:57.413 9 INFO neutron.db.ovn_revision_numbers_db [None req-1cea1563-930d-4ae8-b405-55b734ce4ad3 0e82c857992b4ddbbaa44f82f57fcdc2 badff1a3a23c4e018c4d54c3adf2dcc1 - - default default] Successfully bumped revision number for resource e1f58b5e-d358-4704-8891-7bd71fda7ef5 (type: security_group_rules) to 0
2026-04-27 22:08:57.427 9 INFO neutron.db.ovn_revision_numbers_db [None req-1cea1563-930d-4ae8-b405-55b734ce4ad3 0e82c857992b4ddbbaa44f82f57fcdc2 badff1a3a23c4e018c4d54c3adf2dcc1 - - default default] Successfully bumped revision number for resource fc930e94-2044-4eb1-82df-88ac53ee0afd (type: security_group_rules) to 0
2026-04-27 22:08:57.469 9 INFO neutron.api.wsgi [None req-1cea1563-930d-4ae8-b405-55b734ce4ad3 0e82c857992b4ddbbaa44f82f57fcdc2 badff1a3a23c4e018c4d54c3adf2dcc1 - - default default] 10.0.0.231 "GET /v2.0/security-groups?tenant_id=1e21f74709754d719a183129ed1d7f27&name=default HTTP/1.1" status: 200 len: 3120 time: 0.2284136
2026-04-27 22:08:57.583 10 WARNING neutron.scheduler.dhcp_agent_scheduler [None req-41110c91-9432-4349-bb67-e4c33eacaa65 c2c5df51c35546ea9c92cd24d1a24da9 97b36af2852f4e0492830430f3b445cc - - default default] No more DHCP agents
2026-04-27 22:08:57.585 10 WARNING neutron.api.rpc.agentnotifiers.dhcp_rpc_agent_api [None req-41110c91-9432-4349-bb67-e4c33eacaa65 c2c5df51c35546ea9c92cd24d1a24da9 97b36af2852f4e0492830430f3b445cc - - default default] Unable to schedule network 55b0fe5f-f9f9-4521-b7dc-62cf6d1deecd: no agents available; will retry on subsequent port and subnet creation events.
2026-04-27 22:08:57.673 9 INFO neutron.api.wsgi [None req-31774a3a-da52-4532-a90b-413acf44207b 0e82c857992b4ddbbaa44f82f57fcdc2 badff1a3a23c4e018c4d54c3adf2dcc1 - - default default] 10.0.0.231 "DELETE /v2.0/security-groups/0f7e4056-bb68-43f5-925e-81d9121eb672 HTTP/1.1" status: 204 len: 168 time: 0.1991823
2026-04-27 22:08:57.954 10 INFO neutron.api.wsgi [req-a7e99d68-6257-449d-b3b6-4b7c1bdddec9 req-cdc2cbd8-ecfb-4ea6-a0d3-9be7ad87208a ad859777787c456bad18a76eb5687802 1a51c73e6dfc4d599e9c626b1ea0f1db - - default default] 10.0.0.152 "GET /v2.0/ports?device_id=f1393daf-bc2b-48e4-900d-786ba9f791a5 HTTP/1.1" status: 200 len: 210 time: 0.0173573
2026-04-27 22:08:57.996 10 INFO neutron.db.ovn_revision_numbers_db [None req-62335487-7dc5-429c-b9aa-3d08120b118f - - - - - -] Successfully bumped revision number for resource 7c03a9fd-4316-45f3-8314-de1b497d604d (type: ports) to 2
2026-04-27 22:08:58.035 10 INFO neutron.db.ovn_revision_numbers_db [None req-62335487-7dc5-429c-b9aa-3d08120b118f - - - - - -] Successfully bumped revision number for resource 599c23eb-f847-425d-ae5e-5f48d23e897d (type: subnets) to 0
2026-04-27 22:08:58.054 10 INFO neutron.api.wsgi [None req-41110c91-9432-4349-bb67-e4c33eacaa65 c2c5df51c35546ea9c92cd24d1a24da9 97b36af2852f4e0492830430f3b445cc - - default default] 10.0.0.231 "POST /v2.0/subnets HTTP/1.1" status: 201 len: 825 time: 0.6474068
2026-04-27 22:08:58.064 10 WARNING neutron_lib.context [None req-1a172629-cdfe-40c2-a108-f137ee3cf48f c2c5df51c35546ea9c92cd24d1a24da9 97b36af2852f4e0492830430f3b445cc - - default default] Method 'is_advsvc' is deprecated since 2023.2 release (neutron-lib 3.8.0) and will be removed once support for the old RBAC API policies will be removed from Neutron. Please use method 'is_service_role' instead.
2026-04-27 22:08:58.158 10 INFO neutron.db.ovn_revision_numbers_db [None req-1a172629-cdfe-40c2-a108-f137ee3cf48f c2c5df51c35546ea9c92cd24d1a24da9 97b36af2852f4e0492830430f3b445cc - - default default] Successfully bumped revision number for resource f10c485f-0e29-4bb5-8cde-88cda0a10527 (type: routers) to 1
2026-04-27 22:08:58.172 10 INFO neutron.api.wsgi [None req-1a172629-cdfe-40c2-a108-f137ee3cf48f c2c5df51c35546ea9c92cd24d1a24da9 97b36af2852f4e0492830430f3b445cc - - default default] 10.0.0.231 "POST /v2.0/routers HTTP/1.1" status: 201 len: 802 time: 0.1128869
2026-04-27 22:08:58.465 9 WARNING neutron_lib.context [None req-885beb31-b029-40fa-aa0c-b90373cb8611 e9d37dd4e70d4442b64ae0a66710f6ee 018b3aa9350d4abc8f34e28fbc21614c - - default default] Method 'is_advsvc' is deprecated since 2023.2 release (neutron-lib 3.8.0) and will be removed once support for the old RBAC API policies will be removed from Neutron. Please use method 'is_service_role' instead.
2026-04-27 22:08:58.500 10 WARNING neutron.scheduler.dhcp_agent_scheduler [None req-92ae08f8-4d96-4ad0-aa02-e31294c6f4c7 c2c5df51c35546ea9c92cd24d1a24da9 97b36af2852f4e0492830430f3b445cc - - default default] No more DHCP agents
2026-04-27 22:08:58.502 10 WARNING neutron.api.rpc.agentnotifiers.dhcp_rpc_agent_api [None req-92ae08f8-4d96-4ad0-aa02-e31294c6f4c7 c2c5df51c35546ea9c92cd24d1a24da9 97b36af2852f4e0492830430f3b445cc - - default default] Unable to schedule network 55b0fe5f-f9f9-4521-b7dc-62cf6d1deecd: no agents available; will retry on subsequent port and subnet creation events.
2026-04-27 22:08:58.587 9 INFO neutron.db.ovn_revision_numbers_db [None req-885beb31-b029-40fa-aa0c-b90373cb8611 e9d37dd4e70d4442b64ae0a66710f6ee 018b3aa9350d4abc8f34e28fbc21614c - - default default] Successfully bumped revision number for resource 27f5a803-0869-4dac-b80b-cbb10dbf5929 (type: security_groups) to 1
2026-04-27 22:08:58.608 9 INFO neutron.db.ovn_revision_numbers_db [None req-885beb31-b029-40fa-aa0c-b90373cb8611 e9d37dd4e70d4442b64ae0a66710f6ee 018b3aa9350d4abc8f34e28fbc21614c - - default default] Successfully bumped revision number for resource 2c3b10c7-8a4a-4f70-ab17-7036db37005c (type: security_group_rules) to 0
2026-04-27 22:08:58.623 9 INFO neutron.db.ovn_revision_numbers_db [None req-885beb31-b029-40fa-aa0c-b90373cb8611 e9d37dd4e70d4442b64ae0a66710f6ee 018b3aa9350d4abc8f34e28fbc21614c - - default default] Successfully bumped revision number for resource 63145ee3-05bd-40da-933b-a84b30ee3a22 (type: security_group_rules) to 0
2026-04-27 22:08:58.627 10 INFO neutron.db.ovn_revision_numbers_db [None req-92ae08f8-4d96-4ad0-aa02-e31294c6f4c7 c2c5df51c35546ea9c92cd24d1a24da9 97b36af2852f4e0492830430f3b445cc - - default default] Successfully bumped revision number for resource 02aaa664-743d-4f8d-9cf1-9a959415cf67 (type: ports) to 1
2026-04-27 22:08:58.637 9 INFO neutron.db.ovn_revision_numbers_db [None req-885beb31-b029-40fa-aa0c-b90373cb8611 e9d37dd4e70d4442b64ae0a66710f6ee 018b3aa9350d4abc8f34e28fbc21614c - - default default] Successfully bumped revision number for resource 749c7395-16a7-4a2b-8241-d4cd2fc99734 (type: security_group_rules) to 0
2026-04-27 22:08:58.650 9 INFO neutron.db.ovn_revision_numbers_db [None req-885beb31-b029-40fa-aa0c-b90373cb8611 e9d37dd4e70d4442b64ae0a66710f6ee 018b3aa9350d4abc8f34e28fbc21614c - - default default] Successfully bumped revision number for resource a81256d3-dcf7-45cc-9ed5-06559dac87e9 (type: security_group_rules) to 0
2026-04-27 22:08:58.717 9 INFO neutron.db.segments_db [None req-885beb31-b029-40fa-aa0c-b90373cb8611 e9d37dd4e70d4442b64ae0a66710f6ee 018b3aa9350d4abc8f34e28fbc21614c - - default default] Added segment 3e4d4f8a-07d6-437a-88ed-150264083a37 of type geneve for network befcce63-bd38-4cfd-8a1e-d187028c7650
2026-04-27 22:08:58.820 9 INFO neutron.db.ovn_revision_numbers_db [None req-885beb31-b029-40fa-aa0c-b90373cb8611 e9d37dd4e70d4442b64ae0a66710f6ee 018b3aa9350d4abc8f34e28fbc21614c - - default default] Successfully bumped revision number for resource befcce63-bd38-4cfd-8a1e-d187028c7650 (type: networks) to 1
2026-04-27 22:08:58.974 9 WARNING neutron.scheduler.dhcp_agent_scheduler [None req-885beb31-b029-40fa-aa0c-b90373cb8611 e9d37dd4e70d4442b64ae0a66710f6ee 018b3aa9350d4abc8f34e28fbc21614c - - default default] No more DHCP agents
2026-04-27 22:08:58.975 9 WARNING neutron.api.rpc.agentnotifiers.dhcp_rpc_agent_api [None req-885beb31-b029-40fa-aa0c-b90373cb8611 e9d37dd4e70d4442b64ae0a66710f6ee 018b3aa9350d4abc8f34e28fbc21614c - - default default] Unable to schedule network befcce63-bd38-4cfd-8a1e-d187028c7650: no agents available; will retry on subsequent port and subnet creation events.
2026-04-27 22:08:59.048 9 INFO neutron.api.wsgi [req-a67709f3-bc97-4485-ba65-2cb9d66717ea req-6ec8a0e8-f6b9-473d-a538-26d90d53cd26 ad859777787c456bad18a76eb5687802 1a51c73e6dfc4d599e9c626b1ea0f1db - - default default] 10.0.0.152 "GET /v2.0/ports?device_id=f1393daf-bc2b-48e4-900d-786ba9f791a5 HTTP/1.1" status: 200 len: 210 time: 0.0194714
2026-04-27 22:08:59.048 10 INFO neutron.db.ovn_revision_numbers_db [None req-92ae08f8-4d96-4ad0-aa02-e31294c6f4c7 c2c5df51c35546ea9c92cd24d1a24da9 97b36af2852f4e0492830430f3b445cc - - default default] Successfully bumped revision number for resource 02aaa664-743d-4f8d-9cf1-9a959415cf67 (type: ports) to 1
2026-04-27 22:08:59.049 9 INFO neutron.db.ovn_revision_numbers_db [None req-885beb31-b029-40fa-aa0c-b90373cb8611 e9d37dd4e70d4442b64ae0a66710f6ee 018b3aa9350d4abc8f34e28fbc21614c - - default default] Successfully bumped revision number for resource a591017c-5f44-4477-87fe-2c42319208d2 (type: ports) to 1
2026-04-27 22:08:59.065 9 INFO neutron.api.wsgi [None req-885beb31-b029-40fa-aa0c-b90373cb8611 e9d37dd4e70d4442b64ae0a66710f6ee 018b3aa9350d4abc8f34e28fbc21614c - - default default] 10.0.0.231 "POST /v2.0/networks HTTP/1.1" status: 201 len: 829 time: 0.6924007
2026-04-27 22:08:59.075 9 WARNING neutron_lib.context [None req-37d0524d-66f1-4211-9b98-2743e50eaf91 e9d37dd4e70d4442b64ae0a66710f6ee 018b3aa9350d4abc8f34e28fbc21614c - - default default] Method 'is_advsvc' is deprecated since 2023.2 release (neutron-lib 3.8.0) and will be removed once support for the old RBAC API policies will be removed from Neutron. Please use method 'is_service_role' instead.
2026-04-27 22:08:59.096 10 WARNING neutron.scheduler.dhcp_agent_scheduler [None req-92ae08f8-4d96-4ad0-aa02-e31294c6f4c7 c2c5df51c35546ea9c92cd24d1a24da9 97b36af2852f4e0492830430f3b445cc - - default default] No more DHCP agents
2026-04-27 22:08:59.098 10 WARNING neutron.api.rpc.agentnotifiers.dhcp_rpc_agent_api [None req-92ae08f8-4d96-4ad0-aa02-e31294c6f4c7 c2c5df51c35546ea9c92cd24d1a24da9 97b36af2852f4e0492830430f3b445cc - - default default] Unable to schedule network 55b0fe5f-f9f9-4521-b7dc-62cf6d1deecd: no agents available; will retry on subsequent port and subnet creation events.
2026-04-27 22:08:59.307 10 INFO neutron.db.ovn_revision_numbers_db [None req-92ae08f8-4d96-4ad0-aa02-e31294c6f4c7 c2c5df51c35546ea9c92cd24d1a24da9 97b36af2852f4e0492830430f3b445cc - - default default] Successfully bumped revision number for resource 02aaa664-743d-4f8d-9cf1-9a959415cf67 (type: router_ports) to 1
2026-04-27 22:08:59.312 10 INFO neutron.api.wsgi [None req-92ae08f8-4d96-4ad0-aa02-e31294c6f4c7 c2c5df51c35546ea9c92cd24d1a24da9 97b36af2852f4e0492830430f3b445cc - - default default] 10.0.0.231 "PUT /v2.0/routers/f10c485f-0e29-4bb5-8cde-88cda0a10527/add_router_interface HTTP/1.1" status: 200 len: 503 time: 1.1356335
