2026-04-27 22:08:30.939 9 INFO neutron.api.wsgi [req-0a8afc5b-0bea-4bbb-890d-030eb0aaa7e1 req-8365ab20-cfc7-4f79-8886-ce33ed0e2cb7 ad859777787c456bad18a76eb5687802 1a51c73e6dfc4d599e9c626b1ea0f1db - - default default] 10.0.0.152 "GET /v2.0/ports?device_id=f1393daf-bc2b-48e4-900d-786ba9f791a5 HTTP/1.1" status: 200 len: 210 time: 0.0213890
2026-04-27 22:08:31.085 9 INFO neutron.db.ovn_revision_numbers_db [None req-9ebe3162-0fdd-4551-8599-b60be3faa578 - - - - - -] Successfully bumped revision number for resource 91c1b587-5882-4c5f-9f02-e74d19417af2 (type: ports) to 2
2026-04-27 22:08:31.113 9 INFO neutron.db.ovn_revision_numbers_db [None req-9ebe3162-0fdd-4551-8599-b60be3faa578 - - - - - -] Successfully bumped revision number for resource b4f004d1-01d3-43ef-9732-a28ec4547dcd (type: subnets) to 0
2026-04-27 22:08:31.139 9 WARNING neutron.scheduler.dhcp_agent_scheduler [None req-c165b863-9aaa-449a-89e3-ff1a660eceed 327d202d3f334d49b6a29783be6a30c4 5110d94bc19e4768a1786481a8e4d706 - - default default] No more DHCP agents
2026-04-27 22:08:31.141 9 WARNING neutron.api.rpc.agentnotifiers.dhcp_rpc_agent_api [None req-c165b863-9aaa-449a-89e3-ff1a660eceed 327d202d3f334d49b6a29783be6a30c4 5110d94bc19e4768a1786481a8e4d706 - - default default] Unable to schedule network 4ec1b134-3811-4978-86dc-5219be7f6222: no agents available; will retry on subsequent port and subnet creation events.
2026-04-27 22:08:31.526 9 INFO neutron.db.ovn_revision_numbers_db [None req-1211792d-ce93-41f8-80f8-d9a6143e1b1b - - - - - -] Successfully bumped revision number for resource 08ac2583-de05-413f-aca9-2a13cf05a434 (type: ports) to 2
2026-04-27 22:08:31.553 9 INFO neutron.db.ovn_revision_numbers_db [None req-1211792d-ce93-41f8-80f8-d9a6143e1b1b - - - - - -] Successfully bumped revision number for resource b68a95db-93a2-4235-853e-cf48481ba4e2 (type: subnets) to 0
2026-04-27 22:08:31.567 9 INFO neutron.api.wsgi [None req-c165b863-9aaa-449a-89e3-ff1a660eceed 327d202d3f334d49b6a29783be6a30c4 5110d94bc19e4768a1786481a8e4d706 - - default default] 10.0.0.231 "POST /v2.0/subnets HTTP/1.1" status: 201 len: 1473 time: 1.3009334
2026-04-27 22:08:31.601 9 INFO neutron.api.wsgi [None req-75976f8d-82f1-4850-a853-5d54e031f386 327d202d3f334d49b6a29783be6a30c4 5110d94bc19e4768a1786481a8e4d706 - - default default] 10.0.0.231 "GET /v2.0/subnets HTTP/1.1" status: 200 len: 2104 time: 0.0293219
2026-04-27 22:08:31.654 10 INFO neutron.api.wsgi [None req-942110b0-4eea-4e82-9ac3-875ae51d18b8 0e82c857992b4ddbbaa44f82f57fcdc2 badff1a3a23c4e018c4d54c3adf2dcc1 - - default default] 10.0.0.231 "GET /v2.0/security-groups?tenant_id=cbbd804ed1a44c0d97fd572c4dccee62&name=default HTTP/1.1" status: 200 len: 3120 time: 0.2515357
2026-04-27 22:08:31.785 9 INFO neutron.api.wsgi [None req-e40c80f3-aff4-4780-8433-165651f653e2 327d202d3f334d49b6a29783be6a30c4 5110d94bc19e4768a1786481a8e4d706 - - default default] 10.0.0.231 "DELETE /v2.0/subnets/b4f004d1-01d3-43ef-9732-a28ec4547dcd HTTP/1.1" status: 204 len: 168 time: 0.1788013
2026-04-27 22:08:31.876 9 INFO neutron.api.wsgi [None req-fd970cbd-706b-4b65-943a-be0d21e93103 0e82c857992b4ddbbaa44f82f57fcdc2 badff1a3a23c4e018c4d54c3adf2dcc1 - - default default] 10.0.0.231 "DELETE /v2.0/security-groups/3c4c9b71-2352-44e7-bea7-3049bd0db4df HTTP/1.1" status: 204 len: 168 time: 0.2181606
2026-04-27 22:08:31.879 9 INFO neutron.services.segments.plugin [-] Segment 9e106328-0e5a-419b-8215-d38404be562e resource provider aggregate not found
2026-04-27 22:08:31.883 9 INFO neutron.services.segments.plugin [-] Segment 9e106328-0e5a-419b-8215-d38404be562e resource provider aggregate not found
2026-04-27 22:08:31.888 9 INFO neutron.services.segments.plugin [-] Segment 9e106328-0e5a-419b-8215-d38404be562e resource provider not found; error: Placement Client Error (4xx): {"errors": [{"status": 404, "title": "Not Found", "detail": "The resource could not be found.\n\n No resource provider with uuid 9e106328-0e5a-419b-8215-d38404be562e found for delete ", "request_id": "req-c22178ce-65f0-4f84-b82a-1bcfff255212"}]}
2026-04-27 22:08:31.896 9 INFO neutron.services.segments.plugin [-] Segment 9e106328-0e5a-419b-8215-d38404be562e resource provider not found; error: Placement Client Error (4xx): {"errors": [{"status": 404, "title": "Not Found", "detail": "The resource could not be found.\n\n No resource provider with uuid 9e106328-0e5a-419b-8215-d38404be562e found for delete ", "request_id": "req-dfbf91e5-3316-4834-b08a-3ecf633f57d0"}]}
2026-04-27 22:08:31.943 10 INFO neutron.api.wsgi [None req-4eac824e-51fa-4908-b434-642e630023ff 327d202d3f334d49b6a29783be6a30c4 5110d94bc19e4768a1786481a8e4d706 - - default default] 10.0.0.231 "DELETE /v2.0/subnets/b68a95db-93a2-4235-853e-cf48481ba4e2 HTTP/1.1" status: 204 len: 168 time: 0.1513996
2026-04-27 22:08:31.971 10 INFO neutron.api.wsgi [None req-cfee4241-3e28-4fce-9644-0eebf2d1a65f 327d202d3f334d49b6a29783be6a30c4 5110d94bc19e4768a1786481a8e4d706 - - default default] 10.0.0.231 "GET /v2.0/subnets HTTP/1.1" status: 200 len: 843 time: 0.0244534
2026-04-27 22:08:32.011 10 INFO neutron.api.wsgi [req-b385e349-40a8-4782-9a0c-f6bce53815e5 req-a2b00c84-2f61-4b78-b22c-3132e3d95755 ad859777787c456bad18a76eb5687802 1a51c73e6dfc4d599e9c626b1ea0f1db - - default default] 10.0.0.152 "GET /v2.0/ports?device_id=f1393daf-bc2b-48e4-900d-786ba9f791a5 HTTP/1.1" status: 200 len: 210 time: 0.0159602
2026-04-27 22:08:32.254 10 INFO neutron.services.segments.plugin [-] Segment 5ff89537-9636-47c2-82b8-f4ee2b85a8aa resource provider aggregate not found
2026-04-27 22:08:32.258 10 INFO neutron.services.segments.plugin [-] Segment 5ff89537-9636-47c2-82b8-f4ee2b85a8aa resource provider aggregate not found
2026-04-27 22:08:32.265 10 INFO neutron.services.segments.plugin [-] Segment 5ff89537-9636-47c2-82b8-f4ee2b85a8aa resource provider not found; error: Placement Client Error (4xx): {"errors": [{"status": 404, "title": "Not Found", "detail": "The resource could not be found.\n\n No resource provider with uuid 5ff89537-9636-47c2-82b8-f4ee2b85a8aa found for delete ", "request_id": "req-46f3ba30-94eb-4b31-8c60-d88ef29eded9"}]}
2026-04-27 22:08:32.271 10 INFO neutron.services.segments.plugin [-] Segment 5ff89537-9636-47c2-82b8-f4ee2b85a8aa resource provider not found; error: Placement Client Error (4xx): {"errors": [{"status": 404, "title": "Not Found", "detail": "The resource could not be found.\n\n No resource provider with uuid 5ff89537-9636-47c2-82b8-f4ee2b85a8aa found for delete ", "request_id": "req-7964e506-9630-4bf6-9a64-b71fdfd1ae1e"}]}
2026-04-27 22:08:32.287 10 INFO neutron.api.wsgi [None req-b740d728-34ee-4c30-9b95-8a3f7f8fc5c7 327d202d3f334d49b6a29783be6a30c4 5110d94bc19e4768a1786481a8e4d706 - - default default] 10.0.0.231 "DELETE /v2.0/networks/4ec1b134-3811-4978-86dc-5219be7f6222 HTTP/1.1" status: 204 len: 168 time: 0.3081150
2026-04-27 22:08:32.636 9 INFO neutron.api.wsgi [None req-54e45c8d-11b4-4273-8ba7-017b4340fbb2 327d202d3f334d49b6a29783be6a30c4 5110d94bc19e4768a1786481a8e4d706 - - default default] 10.0.0.231 "DELETE /v2.0/networks/6b87999c-fd47-4bc5-839b-ba149d4302b2 HTTP/1.1" status: 204 len: 168 time: 0.3426948
2026-04-27 22:08:32.959 9 INFO neutron.api.wsgi [None req-98e14cf9-f188-4584-8ee9-8150d1e5cce3 327d202d3f334d49b6a29783be6a30c4 5110d94bc19e4768a1786481a8e4d706 - - default default] 10.0.0.231 "DELETE /v2.0/networks/8040e7fd-b71c-42bd-a57e-e4204a3ea5fc HTTP/1.1" status: 204 len: 168 time: 0.3181825
2026-04-27 22:08:33.038 9 INFO neutron.api.wsgi [req-a4e8e42d-32b5-481c-8b57-4b48d10a0ede req-d332aabc-0881-4a82-a37b-d87ba7ee47e3 ad859777787c456bad18a76eb5687802 1a51c73e6dfc4d599e9c626b1ea0f1db - - default default] 199.19.213.228 "GET /v2.0/networks?id=4aaf46b9-0873-45b3-ac23-8960c436a054 HTTP/1.1" status: 200 len: 872 time: 0.0440388
2026-04-27 22:08:33.100 9 INFO neutron.api.wsgi [req-28968232-b859-484f-925b-2b63b24e5f65 req-e49995a9-3b01-4711-a44b-34a3f120d369 ad859777787c456bad18a76eb5687802 1a51c73e6dfc4d599e9c626b1ea0f1db - - default default] 10.0.0.152 "GET /v2.0/ports?device_id=f1393daf-bc2b-48e4-900d-786ba9f791a5 HTTP/1.1" status: 200 len: 210 time: 0.0221446
2026-04-27 22:08:33.110 9 INFO neutron.api.wsgi [req-a4e8e42d-32b5-481c-8b57-4b48d10a0ede req-bab59d30-f463-4577-a5ab-2968661c597f ad859777787c456bad18a76eb5687802 1a51c73e6dfc4d599e9c626b1ea0f1db - - default default] 199.19.213.228 "GET /v2.0/security-groups?fields=id&fields=name&tenant_id=1a51c73e6dfc4d599e9c626b1ea0f1db HTTP/1.1" status: 200 len: 472 time: 0.0655684
2026-04-27 22:08:33.121 9 WARNING neutron_lib.context [req-a4e8e42d-32b5-481c-8b57-4b48d10a0ede req-253e59a4-3ffa-49c8-b5c6-10c3ee5531f8 ad859777787c456bad18a76eb5687802 1a51c73e6dfc4d599e9c626b1ea0f1db - - default default] Method 'is_advsvc' is deprecated since 2023.2 release (neutron-lib 3.8.0) and will be removed once support for the old RBAC API policies will be removed from Neutron. Please use method 'is_service_role' instead.
2026-04-27 22:08:33.364 9 INFO neutron.api.wsgi [None req-02fb9a01-6d84-448c-8f3b-9e6bbbf9418b 327d202d3f334d49b6a29783be6a30c4 5110d94bc19e4768a1786481a8e4d706 - - default default] 10.0.0.231 "DELETE /v2.0/networks/8b2a2aa1-c022-442b-865d-fc6d78709cda HTTP/1.1" status: 204 len: 168 time: 0.4011636
2026-04-27 22:08:33.483 9 WARNING neutron.scheduler.dhcp_agent_scheduler [req-a4e8e42d-32b5-481c-8b57-4b48d10a0ede req-253e59a4-3ffa-49c8-b5c6-10c3ee5531f8 ad859777787c456bad18a76eb5687802 1a51c73e6dfc4d599e9c626b1ea0f1db - - default default] No more DHCP agents
2026-04-27 22:08:33.485 9 WARNING neutron.api.rpc.agentnotifiers.dhcp_rpc_agent_api [req-a4e8e42d-32b5-481c-8b57-4b48d10a0ede req-253e59a4-3ffa-49c8-b5c6-10c3ee5531f8 ad859777787c456bad18a76eb5687802 1a51c73e6dfc4d599e9c626b1ea0f1db - - default default] Unable to schedule network 4aaf46b9-0873-45b3-ac23-8960c436a054: no agents available; will retry on subsequent port and subnet creation events.
2026-04-27 22:08:33.612 9 INFO neutron.db.ovn_revision_numbers_db [req-a4e8e42d-32b5-481c-8b57-4b48d10a0ede req-253e59a4-3ffa-49c8-b5c6-10c3ee5531f8 ad859777787c456bad18a76eb5687802 1a51c73e6dfc4d599e9c626b1ea0f1db - - default default] Successfully bumped revision number for resource 9a85b78f-c4ce-4c01-9d60-582cfaa87c1a (type: ports) to 1
2026-04-27 22:08:33.647 9 INFO neutron.api.wsgi [req-a4e8e42d-32b5-481c-8b57-4b48d10a0ede req-253e59a4-3ffa-49c8-b5c6-10c3ee5531f8 ad859777787c456bad18a76eb5687802 1a51c73e6dfc4d599e9c626b1ea0f1db - - default default] 199.19.213.228 "POST /v2.0/ports HTTP/1.1" status: 201 len: 1197 time: 0.5324728 /var/lib/openstack/lib/python3.12/site-packages/pycadf/identifier.py:71: UserWarning: Invalid uuid: neutron. To ensure interoperability, identifiers should be a valid uuid. warnings.warn(('Invalid uuid: %s. To ensure interoperability, '
2026-04-27 22:08:33.859 10 WARNING neutron_lib.context [None req-7cd452d2-4b8c-4408-b3ec-35015d8a8a3f 4fb30e0868ab472080dc3c492f1f285e a6b3164cb8614161bfa4593fc68f4d10 - - default default] Method 'is_advsvc' is deprecated since 2023.2 release (neutron-lib 3.8.0) and will be removed once support for the old RBAC API policies will be removed from Neutron. Please use method 'is_service_role' instead.
2026-04-27 22:08:33.910 9 INFO neutron.services.segments.plugin [-] Segment be80733b-1010-44d6-a07b-c3eb8474ede7 resource provider aggregate not found
2026-04-27 22:08:33.914 9 INFO neutron.services.segments.plugin [-] Segment be80733b-1010-44d6-a07b-c3eb8474ede7 resource provider aggregate not found
2026-04-27 22:08:33.922 9 INFO neutron.services.segments.plugin [-] Segment be80733b-1010-44d6-a07b-c3eb8474ede7 resource provider not found; error: Placement Client Error (4xx): {"errors": [{"status": 404, "title": "Not Found", "detail": "The resource could not be found.\n\n No resource provider with uuid be80733b-1010-44d6-a07b-c3eb8474ede7 found for delete ", "request_id": "req-06d46bfb-829c-44c6-a635-e39be0d3849e"}]}
2026-04-27 22:08:33.926 9 INFO neutron.services.segments.plugin [-] Segment be80733b-1010-44d6-a07b-c3eb8474ede7 resource provider not found; error: Placement Client Error (4xx): {"errors": [{"status": 404, "title": "Not Found", "detail": "The resource could not be found.\n\n No resource provider with uuid be80733b-1010-44d6-a07b-c3eb8474ede7 found for delete ", "request_id": "req-e6b6c64f-8196-4c18-8f67-50370fe1bf10"}]}
2026-04-27 22:08:33.937 9 INFO neutron.services.segments.plugin [-] Segment 3ad51ebf-6ce1-4bf4-915f-1918853d44e1 resource provider aggregate not found
2026-04-27 22:08:33.943 9 INFO neutron.services.segments.plugin [-] Segment 3ad51ebf-6ce1-4bf4-915f-1918853d44e1 resource provider aggregate not found
2026-04-27 22:08:33.955 9 INFO neutron.services.segments.plugin [-] Segment 3ad51ebf-6ce1-4bf4-915f-1918853d44e1 resource provider not found; error: Placement Client Error (4xx): {"errors": [{"status": 404, "title": "Not Found", "detail": "The resource could not be found.\n\n No resource provider with uuid 3ad51ebf-6ce1-4bf4-915f-1918853d44e1 found for delete ", "request_id": "req-9fc9b6fb-6113-486b-86b1-1cd00fefa863"}]}
2026-04-27 22:08:33.961 9 INFO neutron.services.segments.plugin [-] Segment 3ad51ebf-6ce1-4bf4-915f-1918853d44e1 resource provider not found; error: Placement Client Error (4xx): {"errors": [{"status": 404, "title": "Not Found", "detail": "The resource could not be found.\n\n No resource provider with uuid 3ad51ebf-6ce1-4bf4-915f-1918853d44e1 found for delete ", "request_id": "req-9aeb1502-18ad-4fa6-96fc-7341e60a2fa0"}]}
2026-04-27 22:08:33.974 9 INFO neutron.services.segments.plugin [-] Segment 45f94ea0-1f76-44e4-9f7a-803dd01cbc27 resource provider aggregate not found
2026-04-27 22:08:33.977 9 INFO neutron.services.segments.plugin [-] Segment 45f94ea0-1f76-44e4-9f7a-803dd01cbc27 resource provider aggregate not found
2026-04-27 22:08:33.987 9 INFO neutron.services.segments.plugin [-] Segment 45f94ea0-1f76-44e4-9f7a-803dd01cbc27 resource provider not found; error: Placement Client Error (4xx): {"errors": [{"status": 404, "title": "Not Found", "detail": "The resource could not be found.\n\n No resource provider with uuid 45f94ea0-1f76-44e4-9f7a-803dd01cbc27 found for delete ", "request_id": "req-8a5dedbe-bcbf-4fe7-a4b3-9224325d064a"}]}
2026-04-27 22:08:33.991 9 INFO neutron.services.segments.plugin [-] Segment 45f94ea0-1f76-44e4-9f7a-803dd01cbc27 resource provider not found; error: Placement Client Error (4xx): {"errors": [{"status": 404, "title": "Not Found", "detail": "The resource could not be found.\n\n No resource provider with uuid 45f94ea0-1f76-44e4-9f7a-803dd01cbc27 found for delete ", "request_id": "req-00ce3cfb-3af0-4d7a-8af2-a03f88168479"}]}
2026-04-27 22:08:33.995 10 INFO neutron.db.ovn_revision_numbers_db [None req-7cd452d2-4b8c-4408-b3ec-35015d8a8a3f 4fb30e0868ab472080dc3c492f1f285e a6b3164cb8614161bfa4593fc68f4d10 - - default default] Successfully bumped revision number for resource 31e72e8d-3b44-40bc-b2e6-c6f397fe0b1f (type: security_groups) to 1
2026-04-27 22:08:34.007 10 INFO neutron.db.ovn_revision_numbers_db [None req-7cd452d2-4b8c-4408-b3ec-35015d8a8a3f 4fb30e0868ab472080dc3c492f1f285e a6b3164cb8614161bfa4593fc68f4d10 - - default default] Successfully bumped revision number for resource 3057b255-fed2-4a30-8ab4-11666dc82ff7 (type: security_group_rules) to 0
2026-04-27 22:08:34.016 10 INFO neutron.api.wsgi [None req-08e332d0-0b82-4b81-9fb2-fbd79e211f1f 0e82c857992b4ddbbaa44f82f57fcdc2 badff1a3a23c4e018c4d54c3adf2dcc1 - - default default] 10.0.0.231 "GET /v2.0/security-groups?tenant_id=5110d94bc19e4768a1786481a8e4d706&name=default HTTP/1.1" status: 200 len: 3120 time: 0.0710557
2026-04-27 22:08:34.024 10 INFO neutron.db.ovn_revision_numbers_db [None req-7cd452d2-4b8c-4408-b3ec-35015d8a8a3f 4fb30e0868ab472080dc3c492f1f285e a6b3164cb8614161bfa4593fc68f4d10 - - default default] Successfully bumped revision number for resource b2279ad3-cfe4-4dd4-b041-ddcb63676b1c (type: security_group_rules) to 0
2026-04-27 22:08:34.047 10 INFO neutron.db.ovn_revision_numbers_db [None req-7cd452d2-4b8c-4408-b3ec-35015d8a8a3f 4fb30e0868ab472080dc3c492f1f285e a6b3164cb8614161bfa4593fc68f4d10 - - default default] Successfully bumped revision number for resource d801c559-437a-4321-af9c-b34dbe54e20a (type: security_group_rules) to 0
2026-04-27 22:08:34.065 9 INFO neutron.db.ovn_revision_numbers_db [req-a4e8e42d-32b5-481c-8b57-4b48d10a0ede req-9e5a17b3-9a42-42d6-8d78-8f166f86aa07 574141f4da6c4ad8ab3a6842a6d97c5a 85c3324aefca416482414cbe12d2d06b - - dad4b4b2a7e544489a0095d9c3514c2a dad4b4b2a7e544489a0095d9c3514c2a] Successfully bumped revision number for resource 9a85b78f-c4ce-4c01-9d60-582cfaa87c1a (type: ports) to 2
2026-04-27 22:08:34.067 10 INFO neutron.db.ovn_revision_numbers_db [None req-7cd452d2-4b8c-4408-b3ec-35015d8a8a3f 4fb30e0868ab472080dc3c492f1f285e a6b3164cb8614161bfa4593fc68f4d10 - - default default] Successfully bumped revision number for resource dab32a31-f623-42e9-af30-8d84c2414f2a (type: security_group_rules) to 0
2026-04-27 22:08:34.140 10 INFO neutron.db.segments_db [None req-7cd452d2-4b8c-4408-b3ec-35015d8a8a3f 4fb30e0868ab472080dc3c492f1f285e a6b3164cb8614161bfa4593fc68f4d10 - - default default] Added segment 5dbd68d7-d762-4c44-b079-a7801f4d7dea of type geneve for network 9c67bc7b-4693-4b6e-a8cc-6b1136dca830
2026-04-27 22:08:34.265 10 INFO neutron.api.wsgi [req-831e1c03-9eae-4a1f-84b8-78d0d14e8503 req-fff6eac3-505c-4a06-9383-b81997646d48 ad859777787c456bad18a76eb5687802 1a51c73e6dfc4d599e9c626b1ea0f1db - - default default] 10.0.0.152 "GET /v2.0/ports?device_id=f1393daf-bc2b-48e4-900d-786ba9f791a5 HTTP/1.1" status: 200 len: 1208 time: 0.1053221
2026-04-27 22:08:34.274 9 INFO neutron.db.ovn_revision_numbers_db [req-a4e8e42d-32b5-481c-8b57-4b48d10a0ede req-9e5a17b3-9a42-42d6-8d78-8f166f86aa07 574141f4da6c4ad8ab3a6842a6d97c5a 85c3324aefca416482414cbe12d2d06b - - dad4b4b2a7e544489a0095d9c3514c2a dad4b4b2a7e544489a0095d9c3514c2a] Successfully bumped revision number for resource 9a85b78f-c4ce-4c01-9d60-582cfaa87c1a (type: ports) to 4
2026-04-27 22:08:34.288 10 INFO neutron.api.wsgi [None req-9ef307c1-5700-48af-90d0-588c8fcbc9dd 0e82c857992b4ddbbaa44f82f57fcdc2 badff1a3a23c4e018c4d54c3adf2dcc1 - - default default] 10.0.0.231 "DELETE /v2.0/security-groups/bfdc3c84-6970-4b51-a605-35fc9010dd26 HTTP/1.1" status: 204 len: 168 time: 0.2679186
2026-04-27 22:08:34.294 9 INFO neutron.api.wsgi [req-a4e8e42d-32b5-481c-8b57-4b48d10a0ede req-9e5a17b3-9a42-42d6-8d78-8f166f86aa07 574141f4da6c4ad8ab3a6842a6d97c5a 85c3324aefca416482414cbe12d2d06b - - dad4b4b2a7e544489a0095d9c3514c2a dad4b4b2a7e544489a0095d9c3514c2a] 199.19.213.228 "PUT /v2.0/ports/9a85b78f-c4ce-4c01-9d60-582cfaa87c1a HTTP/1.1" status: 200 len: 1443 time: 0.6422329
2026-04-27 22:08:34.309 10 INFO neutron.db.ovn_revision_numbers_db [None req-7cd452d2-4b8c-4408-b3ec-35015d8a8a3f 4fb30e0868ab472080dc3c492f1f285e a6b3164cb8614161bfa4593fc68f4d10 - - default default] Successfully bumped revision number for resource 9c67bc7b-4693-4b6e-a8cc-6b1136dca830 (type: networks) to 1
2026-04-27 22:08:34.330 9 INFO neutron.notifiers.nova [-] Nova event matching ['req-d6fdf558-c59f-4082-b368-ef458e0fdf87'] response: {'name': 'network-changed', 'server_uuid': 'f1393daf-bc2b-48e4-900d-786ba9f791a5', 'tag': '9a85b78f-c4ce-4c01-9d60-582cfaa87c1a', 'status': 'completed', 'code': 200}
2026-04-27 22:08:34.331 10 INFO neutron.api.wsgi [req-831e1c03-9eae-4a1f-84b8-78d0d14e8503 req-28e3a4d6-9f16-4a92-90e3-66ac7c226863 ad859777787c456bad18a76eb5687802 1a51c73e6dfc4d599e9c626b1ea0f1db - - default default] 10.0.0.152 "GET /v2.0/security-groups?id=8d528c14-f105-43c4-9b34-c975fc1296fb&id=09326f6a-8862-4db4-8170-c30f6723488c&fields=id&fields=name HTTP/1.1" status: 200 len: 405 time: 0.0594959
2026-04-27 22:08:34.475 10 WARNING neutron.scheduler.dhcp_agent_scheduler [None req-7cd452d2-4b8c-4408-b3ec-35015d8a8a3f 4fb30e0868ab472080dc3c492f1f285e a6b3164cb8614161bfa4593fc68f4d10 - - default default] No more DHCP agents
2026-04-27 22:08:34.477 10 WARNING neutron.api.rpc.agentnotifiers.dhcp_rpc_agent_api [None req-7cd452d2-4b8c-4408-b3ec-35015d8a8a3f 4fb30e0868ab472080dc3c492f1f285e a6b3164cb8614161bfa4593fc68f4d10 - - default default] Unable to schedule network 9c67bc7b-4693-4b6e-a8cc-6b1136dca830: no agents available; will retry on subsequent port and subnet creation events.
2026-04-27 22:08:34.552 10 INFO neutron.db.ovn_revision_numbers_db [None req-7cd452d2-4b8c-4408-b3ec-35015d8a8a3f 4fb30e0868ab472080dc3c492f1f285e a6b3164cb8614161bfa4593fc68f4d10 - - default default] Successfully bumped revision number for resource 25dc6fa4-0e96-47eb-aac0-2184f6f85662 (type: ports) to 1
2026-04-27 22:08:34.581 10 INFO neutron.api.wsgi [None req-7cd452d2-4b8c-4408-b3ec-35015d8a8a3f 4fb30e0868ab472080dc3c492f1f285e a6b3164cb8614161bfa4593fc68f4d10 - - default default] 10.0.0.231 "POST /v2.0/networks HTTP/1.1" status: 201 len: 847 time: 0.9101396
2026-04-27 22:08:34.598 10 WARNING neutron_lib.context [None req-61afc1e4-7512-474d-aa49-1663c55f14b2 4fb30e0868ab472080dc3c492f1f285e a6b3164cb8614161bfa4593fc68f4d10 - - default default] Method 'is_advsvc' is deprecated since 2023.2 release (neutron-lib 3.8.0) and will be removed once support for the old RBAC API policies will be removed from Neutron. Please use method 'is_service_role' instead. /var/lib/openstack/lib/python3.12/site-packages/pycadf/identifier.py:71: UserWarning: Invalid uuid: neutron. To ensure interoperability, identifiers should be a valid uuid. warnings.warn(('Invalid uuid: %s. To ensure interoperability, '
2026-04-27 22:08:34.849 10 WARNING neutron.scheduler.dhcp_agent_scheduler [None req-61afc1e4-7512-474d-aa49-1663c55f14b2 4fb30e0868ab472080dc3c492f1f285e a6b3164cb8614161bfa4593fc68f4d10 - - default default] No more DHCP agents
2026-04-27 22:08:34.850 10 WARNING neutron.api.rpc.agentnotifiers.dhcp_rpc_agent_api [None req-61afc1e4-7512-474d-aa49-1663c55f14b2 4fb30e0868ab472080dc3c492f1f285e a6b3164cb8614161bfa4593fc68f4d10 - - default default] Unable to schedule network 9c67bc7b-4693-4b6e-a8cc-6b1136dca830: no agents available; will retry on subsequent port and subnet creation events.
2026-04-27 22:08:34.874 9 INFO neutron.api.wsgi [req-a49c3308-a6c9-45c3-aa86-584f74658e6e req-517ff393-c9b7-45b0-bfd7-e5338769eb83 574141f4da6c4ad8ab3a6842a6d97c5a 85c3324aefca416482414cbe12d2d06b - - dad4b4b2a7e544489a0095d9c3514c2a dad4b4b2a7e544489a0095d9c3514c2a] 199.19.213.228 "GET /v2.0/ports?tenant_id=1a51c73e6dfc4d599e9c626b1ea0f1db&device_id=f1393daf-bc2b-48e4-900d-786ba9f791a5 HTTP/1.1" status: 200 len: 1446 time: 0.0347755
2026-04-27 22:08:34.939 10 INFO neutron.db.ovn_revision_numbers_db [None req-61afc1e4-7512-474d-aa49-1663c55f14b2 4fb30e0868ab472080dc3c492f1f285e a6b3164cb8614161bfa4593fc68f4d10 - - default default] Successfully bumped revision number for resource e0c35071-436c-48a1-91a7-70145a2adb34 (type: ports) to 1
2026-04-27 22:08:34.944 9 INFO neutron.api.wsgi [req-a49c3308-a6c9-45c3-aa86-584f74658e6e req-1a7ac4d0-b717-46ee-97f9-6dae1b430cfe 574141f4da6c4ad8ab3a6842a6d97c5a 85c3324aefca416482414cbe12d2d06b - - dad4b4b2a7e544489a0095d9c3514c2a dad4b4b2a7e544489a0095d9c3514c2a] 199.19.213.228 "GET /v2.0/networks?tenant_id=1a51c73e6dfc4d599e9c626b1ea0f1db&shared=False HTTP/1.1" status: 200 len: 970 time: 0.0602572
2026-04-27 22:08:34.963 10 INFO neutron.api.wsgi [None req-61afc1e4-7512-474d-aa49-1663c55f14b2 4fb30e0868ab472080dc3c492f1f285e a6b3164cb8614161bfa4593fc68f4d10 - - default default] 10.0.0.231 "POST /v2.0/ports HTTP/1.1" status: 201 len: 977 time: 0.3700757 /var/lib/openstack/lib/python3.12/site-packages/pycadf/identifier.py:71: UserWarning: Invalid uuid: neutron. To ensure interoperability, identifiers should be a valid uuid. warnings.warn(('Invalid uuid: %s. To ensure interoperability, '
2026-04-27 22:08:34.977 10 WARNING neutron_lib.context [None req-ef12c231-bac6-44b8-96f6-fc1fe5814abf 4fb30e0868ab472080dc3c492f1f285e a6b3164cb8614161bfa4593fc68f4d10 - - default default] Method 'is_advsvc' is deprecated since 2023.2 release (neutron-lib 3.8.0) and will be removed once support for the old RBAC API policies will be removed from Neutron. Please use method 'is_service_role' instead.
2026-04-27 22:08:34.997 9 INFO neutron.api.wsgi [req-a49c3308-a6c9-45c3-aa86-584f74658e6e req-2bdd2043-d2d8-4e12-b7f7-66e34caa4171 574141f4da6c4ad8ab3a6842a6d97c5a 85c3324aefca416482414cbe12d2d06b - - dad4b4b2a7e544489a0095d9c3514c2a dad4b4b2a7e544489a0095d9c3514c2a] 199.19.213.228 "GET /v2.0/networks?shared=True HTTP/1.1" status: 200 len: 952 time: 0.0469060
2026-04-27 22:08:35.062 10 INFO neutron.db.segments_db [None req-ef12c231-bac6-44b8-96f6-fc1fe5814abf 4fb30e0868ab472080dc3c492f1f285e a6b3164cb8614161bfa4593fc68f4d10 - - default default] Added segment bd1260e4-5fdf-4b0a-b657-7917820b9481 of type geneve for network 7d1a3588-cde1-4d17-9a27-43a13df22ad0
2026-04-27 22:08:35.172 10 INFO neutron.db.ovn_revision_numbers_db [None req-ef12c231-bac6-44b8-96f6-fc1fe5814abf 4fb30e0868ab472080dc3c492f1f285e a6b3164cb8614161bfa4593fc68f4d10 - - default default] Successfully bumped revision number for resource 7d1a3588-cde1-4d17-9a27-43a13df22ad0 (type: networks) to 1
2026-04-27 22:08:35.338 10 WARNING neutron.scheduler.dhcp_agent_scheduler [None req-ef12c231-bac6-44b8-96f6-fc1fe5814abf 4fb30e0868ab472080dc3c492f1f285e a6b3164cb8614161bfa4593fc68f4d10 - - default default] No more DHCP agents
2026-04-27 22:08:35.339 10 WARNING neutron.api.rpc.agentnotifiers.dhcp_rpc_agent_api [None req-ef12c231-bac6-44b8-96f6-fc1fe5814abf 4fb30e0868ab472080dc3c492f1f285e a6b3164cb8614161bfa4593fc68f4d10 - - default default] Unable to schedule network 7d1a3588-cde1-4d17-9a27-43a13df22ad0: no agents available; will retry on subsequent port and subnet creation events.
2026-04-27 22:08:35.418 10 INFO neutron.db.ovn_revision_numbers_db [None req-ef12c231-bac6-44b8-96f6-fc1fe5814abf 4fb30e0868ab472080dc3c492f1f285e a6b3164cb8614161bfa4593fc68f4d10 - - default default] Successfully bumped revision number for resource 48801255-cfa3-40eb-a48b-e8e469e87268 (type: ports) to 1
2026-04-27 22:08:35.439 10 INFO neutron.api.wsgi [None req-916df0c0-0917-45fd-9175-8249d8949d1d 0e82c857992b4ddbbaa44f82f57fcdc2 badff1a3a23c4e018c4d54c3adf2dcc1 - - default default] 10.0.0.122 "GET /v2.0/networks HTTP/1.1" status: 200 len: 5299 time: 0.2178433
2026-04-27 22:08:35.459 10 INFO neutron.api.wsgi [None req-ef12c231-bac6-44b8-96f6-fc1fe5814abf 4fb30e0868ab472080dc3c492f1f285e a6b3164cb8614161bfa4593fc68f4d10 - - default default] 10.0.0.231 "POST /v2.0/networks HTTP/1.1" status: 201 len: 835 time: 0.4881485
2026-04-27 22:08:35.474 10 WARNING neutron_lib.context [None req-83d906b7-e68c-4360-af31-f8d0d1a64781 4fb30e0868ab472080dc3c492f1f285e a6b3164cb8614161bfa4593fc68f4d10 - - default default] Method 'is_advsvc' is deprecated since 2023.2 release (neutron-lib 3.8.0) and will be removed once support for the old RBAC API policies will be removed from Neutron. Please use method 'is_service_role' instead.
2026-04-27 22:08:35.490 10 INFO neutron.api.wsgi [None req-983f5821-e874-4800-ae4a-6c0a1f02ee7e 0e82c857992b4ddbbaa44f82f57fcdc2 badff1a3a23c4e018c4d54c3adf2dcc1 - - default default] 10.0.0.122 "GET /v2.0/security-groups HTTP/1.1" status: 200 len: 34497 time: 0.0467072
2026-04-27 22:08:35.496 9 INFO neutron.api.wsgi [req-132d15b0-f01c-4923-9c8e-6822b2dcc1ad req-268b63f2-b567-47b0-a2b4-1eb81b65b5bd ad859777787c456bad18a76eb5687802 1a51c73e6dfc4d599e9c626b1ea0f1db - - default default] 10.0.0.152 "GET /v2.0/ports?device_id=f1393daf-bc2b-48e4-900d-786ba9f791a5 HTTP/1.1" status: 200 len: 1208 time: 0.1026621
2026-04-27 22:08:35.513 10 INFO neutron.api.wsgi [None req-568cf497-cb18-4fa8-b70b-dc169f2e9121 0e82c857992b4ddbbaa44f82f57fcdc2 badff1a3a23c4e018c4d54c3adf2dcc1 - - default default] 10.0.0.122 "GET /v2.0/network-ip-availabilities HTTP/1.1" status: 200 len: 2780 time: 0.0133660
2026-04-27 22:08:35.555 9 INFO neutron.api.wsgi [req-132d15b0-f01c-4923-9c8e-6822b2dcc1ad req-c74e164a-b494-4fff-99fb-df52bbcfec7e ad859777787c456bad18a76eb5687802 1a51c73e6dfc4d599e9c626b1ea0f1db - - default default] 10.0.0.152 "GET /v2.0/security-groups?id=8d528c14-f105-43c4-9b34-c975fc1296fb&id=09326f6a-8862-4db4-8170-c30f6723488c&fields=id&fields=name HTTP/1.1" status: 200 len: 405 time: 0.0532672
2026-04-27 22:08:35.556 10 INFO neutron.api.wsgi [None req-80ff5bf1-4ef7-4bc2-a51d-99afa4dd3b34 0e82c857992b4ddbbaa44f82f57fcdc2 badff1a3a23c4e018c4d54c3adf2dcc1 - - default default] 10.0.0.122 "GET /v2.0/subnets HTTP/1.1" status: 200 len: 2840 time: 0.0407321
2026-04-27 22:08:35.570 10 INFO neutron.api.wsgi [None req-e68ad303-42b1-4416-9a37-70125f7db093 0e82c857992b4ddbbaa44f82f57fcdc2 badff1a3a23c4e018c4d54c3adf2dcc1 - - default default] 10.0.0.122 "GET /v2.0/subnetpools HTTP/1.1" status: 200 len: 193 time: 0.0130572
2026-04-27 22:08:35.594 10 INFO neutron.api.wsgi [None req-eaf44021-acfb-4c85-b5c9-89274610c031 0e82c857992b4ddbbaa44f82f57fcdc2 badff1a3a23c4e018c4d54c3adf2dcc1 - - default default] 10.0.0.122 "GET /v2.0/floatingips HTTP/1.1" status: 200 len: 730 time: 0.0224147
2026-04-27 22:08:35.610 10 INFO neutron.api.wsgi [None req-e7a57528-1912-4ebd-9a17-9d5dafff797a 0e82c857992b4ddbbaa44f82f57fcdc2 badff1a3a23c4e018c4d54c3adf2dcc1 - - default default] 10.0.0.122 "GET /v2.0/agents HTTP/1.1" status: 200 len: 1390 time: 0.0131094
2026-04-27 22:08:35.643 10 INFO neutron.api.wsgi [None req-fdaf5248-6ed0-48a7-8510-aef8a38c0e19 0e82c857992b4ddbbaa44f82f57fcdc2 badff1a3a23c4e018c4d54c3adf2dcc1 - - default default] 10.0.0.122 "GET /v2.0/subnets HTTP/1.1" status: 200 len: 2840 time: 0.0324430
2026-04-27 22:08:35.705 10 INFO neutron.api.wsgi [None req-504edffa-0f83-4c97-90a1-d31f03d1c49c 0e82c857992b4ddbbaa44f82f57fcdc2 badff1a3a23c4e018c4d54c3adf2dcc1 - - default default] 10.0.0.122 "GET /v2.0/ports HTTP/1.1" status: 200 len: 16673 time: 0.0598998
2026-04-27 22:08:35.771 10 WARNING neutron.scheduler.dhcp_agent_scheduler [None req-83d906b7-e68c-4360-af31-f8d0d1a64781 4fb30e0868ab472080dc3c492f1f285e a6b3164cb8614161bfa4593fc68f4d10 - - default default] No more DHCP agents
2026-04-27 22:08:35.774 10 WARNING neutron.api.rpc.agentnotifiers.dhcp_rpc_agent_api [None req-83d906b7-e68c-4360-af31-f8d0d1a64781 4fb30e0868ab472080dc3c492f1f285e a6b3164cb8614161bfa4593fc68f4d10 - - default default] Unable to schedule network 7d1a3588-cde1-4d17-9a27-43a13df22ad0: no agents available; will retry on subsequent port and subnet creation events.
2026-04-27 22:08:35.778 10 INFO neutron.api.wsgi [None req-46fea1db-452e-4c04-a933-9edf666dbf26 0e82c857992b4ddbbaa44f82f57fcdc2 badff1a3a23c4e018c4d54c3adf2dcc1 - - default default] 10.0.0.122 "GET /v2.0/routers HTTP/1.1" status: 200 len: 2113 time: 0.0573490
2026-04-27 22:08:35.790 10 INFO neutron.api.wsgi [None req-0dd537fc-d2a4-4c95-8a3f-2c0bd6e4d00e 0e82c857992b4ddbbaa44f82f57fcdc2 badff1a3a23c4e018c4d54c3adf2dcc1 - - default default] 10.0.0.122 "GET /v2.0/agents?binary=ovn-controller HTTP/1.1" status: 200 len: 591 time: 0.0114863
2026-04-27 22:08:35.802 10 INFO neutron.db.ovn_revision_numbers_db [None req-83d906b7-e68c-4360-af31-f8d0d1a64781 4fb30e0868ab472080dc3c492f1f285e a6b3164cb8614161bfa4593fc68f4d10 - - default default] Successfully bumped revision number for resource 7734d647-a4db-4e96-a878-4d4dd93e71a7 (type: subnets) to 0
2026-04-27 22:08:35.822 10 INFO neutron.api.wsgi [None req-83d906b7-e68c-4360-af31-f8d0d1a64781 4fb30e0868ab472080dc3c492f1f285e a6b3164cb8614161bfa4593fc68f4d10 - - default default] 10.0.0.231 "POST /v2.0/subnets HTTP/1.1" status: 201 len: 845 time: 0.3514137
2026-04-27 22:08:35.831 10 WARNING neutron_lib.context [None req-2662c3fe-aba6-4e0b-87b6-7629002c1e4a 4fb30e0868ab472080dc3c492f1f285e a6b3164cb8614161bfa4593fc68f4d10 - - default default] Method 'is_advsvc' is deprecated since 2023.2 release (neutron-lib 3.8.0) and will be removed once support for the old RBAC API policies will be removed from Neutron. Please use method 'is_service_role' instead.
2026-04-27 22:08:36.070 9 INFO neutron.api.wsgi [req-a4e8e42d-32b5-481c-8b57-4b48d10a0ede req-5de618cc-e8fb-4136-970e-1ae0ca409b1a 574141f4da6c4ad8ab3a6842a6d97c5a 85c3324aefca416482414cbe12d2d06b - - dad4b4b2a7e544489a0095d9c3514c2a dad4b4b2a7e544489a0095d9c3514c2a] 199.19.213.228 "GET /v2.0/ports?tenant_id=1a51c73e6dfc4d599e9c626b1ea0f1db&device_id=f1393daf-bc2b-48e4-900d-786ba9f791a5 HTTP/1.1" status: 200 len: 1446 time: 0.0440657
2026-04-27 22:08:36.092 9 INFO neutron.api.wsgi [req-a4e8e42d-32b5-481c-8b57-4b48d10a0ede req-cb842535-6a7b-4d68-a34a-b733b06dc5e4 574141f4da6c4ad8ab3a6842a6d97c5a 85c3324aefca416482414cbe12d2d06b - - dad4b4b2a7e544489a0095d9c3514c2a dad4b4b2a7e544489a0095d9c3514c2a] 199.19.213.228 "GET /v2.0/floatingips?fixed_ip_address=10.100.0.6&port_id=9a85b78f-c4ce-4c01-9d60-582cfaa87c1a HTTP/1.1" status: 200 len: 217 time: 0.0179284
2026-04-27 22:08:36.114 10 WARNING neutron.scheduler.dhcp_agent_scheduler [None req-2662c3fe-aba6-4e0b-87b6-7629002c1e4a 4fb30e0868ab472080dc3c492f1f285e a6b3164cb8614161bfa4593fc68f4d10 - - default default] No more DHCP agents
2026-04-27 22:08:36.117 10 WARNING neutron.api.rpc.agentnotifiers.dhcp_rpc_agent_api [None req-2662c3fe-aba6-4e0b-87b6-7629002c1e4a 4fb30e0868ab472080dc3c492f1f285e a6b3164cb8614161bfa4593fc68f4d10 - - default default] Unable to schedule network 7d1a3588-cde1-4d17-9a27-43a13df22ad0: no agents available; will retry on subsequent port and subnet creation events.
2026-04-27 22:08:36.125 9 WARNING neutron_lib.context [None req-32a6b23f-0be4-4cc5-b3a5-10ecc24bdaa4 dcc86fc3a9cf4980a0ee0d99ceb05f6d 51444b90396a48418d7f0f69f6285036 - - default default] Method 'is_advsvc' is deprecated since 2023.2 release (neutron-lib 3.8.0) and will be removed once support for the old RBAC API policies will be removed from Neutron. Please use method 'is_service_role' instead.
2026-04-27 22:08:36.139 9 INFO neutron.api.wsgi [req-a4e8e42d-32b5-481c-8b57-4b48d10a0ede req-9a26bcd1-0104-4f72-9e5a-ac61c226e781 574141f4da6c4ad8ab3a6842a6d97c5a 85c3324aefca416482414cbe12d2d06b - - dad4b4b2a7e544489a0095d9c3514c2a dad4b4b2a7e544489a0095d9c3514c2a] 199.19.213.228 "GET /v2.0/subnets?id=e87a081d-5027-4ce2-b8d7-92d3f4ecaefa HTTP/1.1" status: 200 len: 890 time: 0.0404079
2026-04-27 22:08:36.159 9 INFO neutron.api.wsgi [req-a4e8e42d-32b5-481c-8b57-4b48d10a0ede req-57b55a62-944f-4db3-b184-4d1b20ac611d 574141f4da6c4ad8ab3a6842a6d97c5a 85c3324aefca416482414cbe12d2d06b - - dad4b4b2a7e544489a0095d9c3514c2a dad4b4b2a7e544489a0095d9c3514c2a] 199.19.213.228 "GET /v2.0/ports?network_id=4aaf46b9-0873-45b3-ac23-8960c436a054&device_owner=network%3Adhcp HTTP/1.1" status: 200 len: 210 time: 0.0146456
2026-04-27 22:08:36.211 10 INFO neutron.db.ovn_revision_numbers_db [None req-2662c3fe-aba6-4e0b-87b6-7629002c1e4a 4fb30e0868ab472080dc3c492f1f285e a6b3164cb8614161bfa4593fc68f4d10 - - default default] Successfully bumped revision number for resource 532b7273-30a5-4aa6-b73a-92f0602c367f (type: ports) to 1
2026-04-27 22:08:36.212 9 INFO neutron.api.wsgi [req-a4e8e42d-32b5-481c-8b57-4b48d10a0ede req-176eeaaa-6763-4959-b877-99be742c7cd4 574141f4da6c4ad8ab3a6842a6d97c5a 85c3324aefca416482414cbe12d2d06b - - dad4b4b2a7e544489a0095d9c3514c2a dad4b4b2a7e544489a0095d9c3514c2a] 199.19.213.228 "GET /v2.0/networks/4aaf46b9-0873-45b3-ac23-8960c436a054?fields=segments HTTP/1.1" status: 200 len: 212 time: 0.0492086
2026-04-27 22:08:36.234 10 INFO neutron.api.wsgi [None req-2662c3fe-aba6-4e0b-87b6-7629002c1e4a 4fb30e0868ab472080dc3c492f1f285e a6b3164cb8614161bfa4593fc68f4d10 - - default default] 10.0.0.231 "POST /v2.0/ports HTTP/1.1" status: 201 len: 1165 time: 0.4068363 /var/lib/openstack/lib/python3.12/site-packages/pycadf/identifier.py:71: UserWarning: Invalid uuid: neutron. To ensure interoperability, identifiers should be a valid uuid. warnings.warn(('Invalid uuid: %s. To ensure interoperability, '
2026-04-27 22:08:36.264 9 INFO neutron.api.wsgi [req-a4e8e42d-32b5-481c-8b57-4b48d10a0ede req-d093a544-7750-4699-a661-a9b285b40307 574141f4da6c4ad8ab3a6842a6d97c5a 85c3324aefca416482414cbe12d2d06b - - dad4b4b2a7e544489a0095d9c3514c2a dad4b4b2a7e544489a0095d9c3514c2a] 199.19.213.228 "GET /v2.0/networks/4aaf46b9-0873-45b3-ac23-8960c436a054?fields=provider%3Aphysical_network&fields=provider%3Anetwork_type HTTP/1.1" status: 200 len: 277 time: 0.0480087
2026-04-27 22:08:36.299 9 INFO neutron.db.ovn_revision_numbers_db [None req-32a6b23f-0be4-4cc5-b3a5-10ecc24bdaa4 dcc86fc3a9cf4980a0ee0d99ceb05f6d 51444b90396a48418d7f0f69f6285036 - - default default] Successfully bumped revision number for resource 5524eb5a-f4bf-45a9-9c2b-1355bdcb9b2a (type: security_groups) to 1
2026-04-27 22:08:36.311 9 INFO neutron.db.ovn_revision_numbers_db [None req-32a6b23f-0be4-4cc5-b3a5-10ecc24bdaa4 dcc86fc3a9cf4980a0ee0d99ceb05f6d 51444b90396a48418d7f0f69f6285036 - - default default] Successfully bumped revision number for resource 012bfd1b-525f-48b6-8666-f33bd4e81239 (type: security_group_rules) to 0
2026-04-27 22:08:36.323 9 INFO neutron.db.ovn_revision_numbers_db [None req-32a6b23f-0be4-4cc5-b3a5-10ecc24bdaa4 dcc86fc3a9cf4980a0ee0d99ceb05f6d 51444b90396a48418d7f0f69f6285036 - - default default] Successfully bumped revision number for resource 9d5679ef-0f85-459f-9002-b8edca3617a6 (type: security_group_rules) to 0
2026-04-27 22:08:36.336 9 INFO neutron.db.ovn_revision_numbers_db [None req-32a6b23f-0be4-4cc5-b3a5-10ecc24bdaa4 dcc86fc3a9cf4980a0ee0d99ceb05f6d 51444b90396a48418d7f0f69f6285036 - - default default] Successfully bumped revision number for resource a71843e4-9200-4d4a-afd1-fd9e28ae9369 (type: security_group_rules) to 0
2026-04-27 22:08:36.350 9 INFO neutron.db.ovn_revision_numbers_db [None req-32a6b23f-0be4-4cc5-b3a5-10ecc24bdaa4 dcc86fc3a9cf4980a0ee0d99ceb05f6d 51444b90396a48418d7f0f69f6285036 - - default default] Successfully bumped revision number for resource ec0180d6-e7ee-4c2d-b538-e124440ff320 (type: security_group_rules) to 0
2026-04-27 22:08:36.426 9 INFO neutron.db.segments_db [None req-32a6b23f-0be4-4cc5-b3a5-10ecc24bdaa4 dcc86fc3a9cf4980a0ee0d99ceb05f6d 51444b90396a48418d7f0f69f6285036 - - default default] Added segment 213c97dd-d971-4109-b52c-8274a3761825 of type geneve for network c508d944-991f-4566-bee6-860522073fb8
2026-04-27 22:08:36.467 10 INFO neutron.api.wsgi [None req-a15578d3-4c1f-44e1-b9ac-926d650fb973 4fb30e0868ab472080dc3c492f1f285e a6b3164cb8614161bfa4593fc68f4d10 - - default default] 10.0.0.231 "DELETE /v2.0/ports/532b7273-30a5-4aa6-b73a-92f0602c367f HTTP/1.1" status: 204 len: 168 time: 0.2267904
2026-04-27 22:08:36.485 9 INFO neutron.pecan_wsgi.hooks.translation [None req-488f9c13-7c39-47f9-88b4-ad6870dc2694 4fb30e0868ab472080dc3c492f1f285e a6b3164cb8614161bfa4593fc68f4d10 - - default default] DELETE failed (client error): The resource could not be found.
2026-04-27 22:08:36.487 9 INFO neutron.api.wsgi [None req-488f9c13-7c39-47f9-88b4-ad6870dc2694 4fb30e0868ab472080dc3c492f1f285e a6b3164cb8614161bfa4593fc68f4d10 - - default default] 10.0.0.231 "DELETE /v2.0/ports/532b7273-30a5-4aa6-b73a-92f0602c367f HTTP/1.1" status: 404 len: 333 time: 0.0144579
2026-04-27 22:08:36.507 9 INFO neutron.pecan_wsgi.hooks.translation [None req-1babc576-8cc7-4d29-86d6-4e437b1050bf 4fb30e0868ab472080dc3c492f1f285e a6b3164cb8614161bfa4593fc68f4d10 - - default default] GET failed (client error): The resource could not be found.
2026-04-27 22:08:36.509 9 INFO neutron.api.wsgi [None req-1babc576-8cc7-4d29-86d6-4e437b1050bf 4fb30e0868ab472080dc3c492f1f285e a6b3164cb8614161bfa4593fc68f4d10 - - default default] 10.0.0.231 "GET /v2.0/ports/532b7273-30a5-4aa6-b73a-92f0602c367f HTTP/1.1" status: 404 len: 333 time: 0.0179298
2026-04-27 22:08:36.553 9 INFO neutron.db.ovn_revision_numbers_db [None req-32a6b23f-0be4-4cc5-b3a5-10ecc24bdaa4 dcc86fc3a9cf4980a0ee0d99ceb05f6d 51444b90396a48418d7f0f69f6285036 - - default default] Successfully bumped revision number for resource c508d944-991f-4566-bee6-860522073fb8 (type: networks) to 1
2026-04-27 22:08:36.658 10 INFO neutron.api.wsgi [req-8b27219e-06fd-4ff2-aabb-b9b6b71b6b20 req-1545ae60-6c83-4bb2-a6ec-b738f9eb3fc0 ad859777787c456bad18a76eb5687802 1a51c73e6dfc4d599e9c626b1ea0f1db - - default default] 10.0.0.152 "GET /v2.0/ports?device_id=f1393daf-bc2b-48e4-900d-786ba9f791a5 HTTP/1.1" status: 200 len: 1208 time: 0.0404215
2026-04-27 22:08:36.683 10 INFO neutron.api.wsgi [None req-873d100e-c494-4511-bb1c-ee302329ec61 4fb30e0868ab472080dc3c492f1f285e a6b3164cb8614161bfa4593fc68f4d10 - - default default] 10.0.0.231 "DELETE /v2.0/subnets/7734d647-a4db-4e96-a878-4d4dd93e71a7 HTTP/1.1" status: 204 len: 168 time: 0.1686809
2026-04-27 22:08:36.702 9 WARNING neutron.scheduler.dhcp_agent_scheduler [None req-32a6b23f-0be4-4cc5-b3a5-10ecc24bdaa4 dcc86fc3a9cf4980a0ee0d99ceb05f6d 51444b90396a48418d7f0f69f6285036 - - default default] No more DHCP agents
2026-04-27 22:08:36.703 9 WARNING neutron.api.rpc.agentnotifiers.dhcp_rpc_agent_api [None req-32a6b23f-0be4-4cc5-b3a5-10ecc24bdaa4 dcc86fc3a9cf4980a0ee0d99ceb05f6d 51444b90396a48418d7f0f69f6285036 - - default default] Unable to schedule network c508d944-991f-4566-bee6-860522073fb8: no agents available; will retry on subsequent port and subnet creation events.
2026-04-27 22:08:36.727 10 INFO neutron.api.wsgi [req-8b27219e-06fd-4ff2-aabb-b9b6b71b6b20 req-168bf4f1-2dd8-4df6-9c4b-c51a78bcc075 ad859777787c456bad18a76eb5687802 1a51c73e6dfc4d599e9c626b1ea0f1db - - default default] 10.0.0.152 "GET /v2.0/security-groups?id=8d528c14-f105-43c4-9b34-c975fc1296fb&id=09326f6a-8862-4db4-8170-c30f6723488c&fields=id&fields=name HTTP/1.1" status: 200 len: 405 time: 0.0616872
2026-04-27 22:08:36.762 9 INFO neutron.db.ovn_revision_numbers_db [None req-32a6b23f-0be4-4cc5-b3a5-10ecc24bdaa4 dcc86fc3a9cf4980a0ee0d99ceb05f6d 51444b90396a48418d7f0f69f6285036 - - default default] Successfully bumped revision number for resource 4410c122-1704-4767-9644-cdf39fa865d6 (type: ports) to 1
2026-04-27 22:08:36.784 9 INFO neutron.api.wsgi [None req-32a6b23f-0be4-4cc5-b3a5-10ecc24bdaa4 dcc86fc3a9cf4980a0ee0d99ceb05f6d 51444b90396a48418d7f0f69f6285036 - - default default] 10.0.0.231 "POST /v2.0/networks HTTP/1.1" status: 201 len: 846 time: 0.7932737
2026-04-27 22:08:36.872 10 INFO neutron.db.ovn_revision_numbers_db [None req-79daab3d-9859-4245-a4aa-bf18a13e1336 0e82c857992b4ddbbaa44f82f57fcdc2 badff1a3a23c4e018c4d54c3adf2dcc1 - - default default] Successfully bumped revision number for resource 77a9dd9c-d94b-4d78-a382-a216f9c14235 (type: security_groups) to 1
2026-04-27 22:08:36.887 10 INFO neutron.db.ovn_revision_numbers_db [None req-79daab3d-9859-4245-a4aa-bf18a13e1336 0e82c857992b4ddbbaa44f82f57fcdc2 badff1a3a23c4e018c4d54c3adf2dcc1 - - default default] Successfully bumped revision number for resource 9c51d338-5da7-44b9-9fdf-91ae4315e813 (type: security_group_rules) to 0
2026-04-27 22:08:36.900 10 INFO neutron.db.ovn_revision_numbers_db [None req-79daab3d-9859-4245-a4aa-bf18a13e1336 0e82c857992b4ddbbaa44f82f57fcdc2 badff1a3a23c4e018c4d54c3adf2dcc1 - - default default] Successfully bumped revision number for resource 9e92c3d9-8d34-4915-80b6-08d6370f20c5 (type: security_group_rules) to 0
2026-04-27 22:08:36.923 10 INFO neutron.db.ovn_revision_numbers_db [None req-79daab3d-9859-4245-a4aa-bf18a13e1336 0e82c857992b4ddbbaa44f82f57fcdc2 badff1a3a23c4e018c4d54c3adf2dcc1 - - default default] Successfully bumped revision number for resource 9eb3d585-1c8a-4972-8731-b3da4f18f47b (type: security_group_rules) to 0
2026-04-27 22:08:36.945 10 INFO neutron.db.ovn_revision_numbers_db [None req-79daab3d-9859-4245-a4aa-bf18a13e1336 0e82c857992b4ddbbaa44f82f57fcdc2 badff1a3a23c4e018c4d54c3adf2dcc1 - - default default] Successfully bumped revision number for resource e5081615-f923-4216-aeed-0dbd570d55c6 (type: security_group_rules) to 0
2026-04-27 22:08:36.999 10 INFO neutron.api.wsgi [None req-79daab3d-9859-4245-a4aa-bf18a13e1336 0e82c857992b4ddbbaa44f82f57fcdc2 badff1a3a23c4e018c4d54c3adf2dcc1 - - default default] 10.0.0.231 "GET /v2.0/security-groups?tenant_id=1e17d7859a2042189c0822dc62b777f5&name=default HTTP/1.1" status: 200 len: 3120 time: 0.4220631
2026-04-27 22:08:37.101 10 INFO neutron.services.segments.plugin [-] Segment bd1260e4-5fdf-4b0a-b657-7917820b9481 resource provider aggregate not found
2026-04-27 22:08:37.109 10 INFO neutron.services.segments.plugin [-] Segment bd1260e4-5fdf-4b0a-b657-7917820b9481 resource provider aggregate not found
2026-04-27 22:08:37.122 10 INFO neutron.services.segments.plugin [-] Segment bd1260e4-5fdf-4b0a-b657-7917820b9481 resource provider not found; error: Placement Client Error (4xx): {"errors": [{"status": 404, "title": "Not Found", "detail": "The resource could not be found.\n\n No resource provider with uuid bd1260e4-5fdf-4b0a-b657-7917820b9481 found for delete ", "request_id": "req-acaae640-4529-485f-a7e1-d0f68b346cfa"}]}
2026-04-27 22:08:37.132 10 INFO neutron.services.segments.plugin [-] Segment bd1260e4-5fdf-4b0a-b657-7917820b9481 resource provider not found; error: Placement Client Error (4xx): {"errors": [{"status": 404, "title": "Not Found", "detail": "The resource could not be found.\n\n No resource provider with uuid bd1260e4-5fdf-4b0a-b657-7917820b9481 found for delete ", "request_id": "req-ffdac25d-02a1-4bf2-90b2-eb9de049af45"}]}
2026-04-27 22:08:37.150 10 INFO neutron.api.wsgi [None req-76bea6cc-1767-4b1b-b35d-6507642d35f3 4fb30e0868ab472080dc3c492f1f285e a6b3164cb8614161bfa4593fc68f4d10 - - default default] 10.0.0.231 "DELETE /v2.0/networks/7d1a3588-cde1-4d17-9a27-43a13df22ad0 HTTP/1.1" status: 204 len: 168 time: 0.4608281
2026-04-27 22:08:37.163 10 WARNING neutron_lib.context [None req-fc7f7708-44fa-4966-82a1-2ffba0f2347a 4fb30e0868ab472080dc3c492f1f285e a6b3164cb8614161bfa4593fc68f4d10 - - default default] Method 'is_advsvc' is deprecated since 2023.2 release (neutron-lib 3.8.0) and will be removed once support for the old RBAC API policies will be removed from Neutron. Please use method 'is_service_role' instead.
2026-04-27 22:08:37.240 10 INFO neutron.api.wsgi [None req-314a82c2-92c3-4a73-b977-7e9d51056c9a 0e82c857992b4ddbbaa44f82f57fcdc2 badff1a3a23c4e018c4d54c3adf2dcc1 - - default default] 10.0.0.231 "DELETE /v2.0/security-groups/77a9dd9c-d94b-4d78-a382-a216f9c14235 HTTP/1.1" status: 204 len: 168 time: 0.2254043
2026-04-27 22:08:37.247 10 INFO neutron.db.segments_db [None req-fc7f7708-44fa-4966-82a1-2ffba0f2347a 4fb30e0868ab472080dc3c492f1f285e a6b3164cb8614161bfa4593fc68f4d10 - - default default] Added segment 8123e5af-0f25-42c2-aa5d-b2cf5d87f324 of type geneve for network f496d186-8b28-454e-91b5-ab06fd7fa3a2
2026-04-27 22:08:37.255 9 WARNING neutron_lib.context [None req-75597bfa-fcb5-4460-ac44-581b7b4a159c dcc86fc3a9cf4980a0ee0d99ceb05f6d 51444b90396a48418d7f0f69f6285036 - - default default] Method 'is_advsvc' is deprecated since 2023.2 release (neutron-lib 3.8.0) and will be removed once support for the old RBAC API policies will be removed from Neutron. Please use method 'is_service_role' instead.
2026-04-27 22:08:37.388 10 INFO neutron.db.ovn_revision_numbers_db [None req-fc7f7708-44fa-4966-82a1-2ffba0f2347a 4fb30e0868ab472080dc3c492f1f285e a6b3164cb8614161bfa4593fc68f4d10 - - default default] Successfully bumped revision number for resource f496d186-8b28-454e-91b5-ab06fd7fa3a2 (type: networks) to 1
2026-04-27 22:08:37.419 9 WARNING neutron.scheduler.dhcp_agent_scheduler [None req-75597bfa-fcb5-4460-ac44-581b7b4a159c dcc86fc3a9cf4980a0ee0d99ceb05f6d 51444b90396a48418d7f0f69f6285036 - - default default] No more DHCP agents
2026-04-27 22:08:37.420 9 WARNING neutron.api.rpc.agentnotifiers.dhcp_rpc_agent_api [None req-75597bfa-fcb5-4460-ac44-581b7b4a159c dcc86fc3a9cf4980a0ee0d99ceb05f6d 51444b90396a48418d7f0f69f6285036 - - default default] Unable to schedule network c508d944-991f-4566-bee6-860522073fb8: no agents available; will retry on subsequent port and subnet creation events.
2026-04-27 22:08:37.447 9 INFO neutron.db.ovn_revision_numbers_db [None req-75597bfa-fcb5-4460-ac44-581b7b4a159c dcc86fc3a9cf4980a0ee0d99ceb05f6d 51444b90396a48418d7f0f69f6285036 - - default default] Successfully bumped revision number for resource d01bfb9c-aba5-4760-8d73-4f0fd8b4fb71 (type: subnets) to 0
2026-04-27 22:08:37.463 9 INFO neutron.api.wsgi [None req-75597bfa-fcb5-4460-ac44-581b7b4a159c dcc86fc3a9cf4980a0ee0d99ceb05f6d 51444b90396a48418d7f0f69f6285036 - - default default] 10.0.0.231 "POST /v2.0/subnets HTTP/1.1" status: 201 len: 872 time: 0.2147255
2026-04-27 22:08:37.472 9 WARNING neutron_lib.context [None req-95bcb8b9-904d-4d2b-91f7-2378c340522b dcc86fc3a9cf4980a0ee0d99ceb05f6d 51444b90396a48418d7f0f69f6285036 - - default default] Method 'is_advsvc' is deprecated since 2023.2 release (neutron-lib 3.8.0) and will be removed once support for the old RBAC API policies will be removed from Neutron. Please use method 'is_service_role' instead.
2026-04-27 22:08:37.553 10 WARNING neutron.scheduler.dhcp_agent_scheduler [None req-fc7f7708-44fa-4966-82a1-2ffba0f2347a 4fb30e0868ab472080dc3c492f1f285e a6b3164cb8614161bfa4593fc68f4d10 - - default default] No more DHCP agents
2026-04-27 22:08:37.554 9 INFO neutron.db.segments_db [None req-95bcb8b9-904d-4d2b-91f7-2378c340522b dcc86fc3a9cf4980a0ee0d99ceb05f6d 51444b90396a48418d7f0f69f6285036 - - default default] Added segment 0a1c818a-fc70-44f8-9f80-bab8a497be2e of type geneve for network 2578dacc-dc0b-499d-8e7d-e142c618453a
2026-04-27 22:08:37.554 10 WARNING neutron.api.rpc.agentnotifiers.dhcp_rpc_agent_api [None req-fc7f7708-44fa-4966-82a1-2ffba0f2347a 4fb30e0868ab472080dc3c492f1f285e a6b3164cb8614161bfa4593fc68f4d10 - - default default] Unable to schedule network f496d186-8b28-454e-91b5-ab06fd7fa3a2: no agents available; will retry on subsequent port and subnet creation events.
2026-04-27 22:08:37.614 10 INFO neutron.db.ovn_revision_numbers_db [None req-fc7f7708-44fa-4966-82a1-2ffba0f2347a 4fb30e0868ab472080dc3c492f1f285e a6b3164cb8614161bfa4593fc68f4d10 - - default default] Successfully bumped revision number for resource 66601911-7e7f-43dd-80e9-4507a3cad8fe (type: ports) to 1
