2026-04-27 22:07:10.029 9 INFO neutron.api.wsgi [req-2ad1f8bd-fbda-45f2-8b12-e435b84aa3a2 req-440b6540-bdee-4e01-a360-ff8c8b5a4d69 574141f4da6c4ad8ab3a6842a6d97c5a 85c3324aefca416482414cbe12d2d06b - - dad4b4b2a7e544489a0095d9c3514c2a dad4b4b2a7e544489a0095d9c3514c2a] 199.19.213.228 "GET /v2.0/ports?network_id=18c94c7f-d2c1-4827-8e50-44457ca16f0e&device_owner=network%3Adhcp HTTP/1.1" status: 200 len: 210 time: 0.0179789
2026-04-27 22:07:10.077 9 INFO neutron.api.wsgi [req-2ad1f8bd-fbda-45f2-8b12-e435b84aa3a2 req-6f1f3bda-c161-44a4-b05d-6420babf11e9 574141f4da6c4ad8ab3a6842a6d97c5a 85c3324aefca416482414cbe12d2d06b - - dad4b4b2a7e544489a0095d9c3514c2a dad4b4b2a7e544489a0095d9c3514c2a] 199.19.213.228 "GET /v2.0/networks/18c94c7f-d2c1-4827-8e50-44457ca16f0e?fields=segments HTTP/1.1" status: 200 len: 212 time: 0.0411751
2026-04-27 22:07:10.117 9 INFO neutron.api.wsgi [req-2ad1f8bd-fbda-45f2-8b12-e435b84aa3a2 req-9ffcfce4-40a1-4ca9-bb8a-7e715d58bf52 574141f4da6c4ad8ab3a6842a6d97c5a 85c3324aefca416482414cbe12d2d06b - - dad4b4b2a7e544489a0095d9c3514c2a dad4b4b2a7e544489a0095d9c3514c2a] 199.19.213.228 "GET /v2.0/networks/18c94c7f-d2c1-4827-8e50-44457ca16f0e?fields=provider%3Aphysical_network&fields=provider%3Anetwork_type HTTP/1.1" status: 200 len: 277 time: 0.0341241
2026-04-27 22:07:10.185 10 INFO neutron.api.wsgi [req-9da547b4-5c14-4038-b1ab-550177dc353a req-f1f81ecf-1f2a-4eaa-abf3-4ce8e693e382 b190cd0a78684813b2bcb348d103d979 d294d4267df748699138ba6bde02c59b - - default default] 10.0.0.152 "GET /v2.0/ports?device_id=573bd9f2-4136-48f7-9bf8-89b4311c7757 HTTP/1.1" status: 200 len: 1168 time: 0.1442087
2026-04-27 22:07:10.191 10 WARNING neutron.scheduler.dhcp_agent_scheduler [None req-1c6afaab-094d-4a7d-96cd-9d9dc1a98887 060439a66991418db10adb335b4afb82 9d2b0d86eb18486b899afac5800fbe89 - - default default] No more DHCP agents
2026-04-27 22:07:10.196 10 WARNING neutron.api.rpc.agentnotifiers.dhcp_rpc_agent_api [None req-1c6afaab-094d-4a7d-96cd-9d9dc1a98887 060439a66991418db10adb335b4afb82 9d2b0d86eb18486b899afac5800fbe89 - - default default] Unable to schedule network 4b10ca55-6cac-4e62-85cb-6f33a57347ec: no agents available; will retry on subsequent port and subnet creation events.
2026-04-27 22:07:10.267 10 INFO neutron.api.wsgi [req-9da547b4-5c14-4038-b1ab-550177dc353a req-14bf2b5c-24f1-43d9-9cb6-05c4800b66d0 b190cd0a78684813b2bcb348d103d979 d294d4267df748699138ba6bde02c59b - - default default] 10.0.0.152 "GET /v2.0/security-groups?id=5b7465cd-3942-4cc3-a0f8-ba2256249ce0&fields=id&fields=name HTTP/1.1" status: 200 len: 313 time: 0.0741732
2026-04-27 22:07:10.311 10 INFO neutron.db.ovn_revision_numbers_db [None req-1c6afaab-094d-4a7d-96cd-9d9dc1a98887 060439a66991418db10adb335b4afb82 9d2b0d86eb18486b899afac5800fbe89 - - default default] Successfully bumped revision number for resource a774eef2-e2e8-45f3-b83a-88642e3f9c16 (type: ports) to 1
2026-04-27 22:07:10.322 10 INFO neutron.db.ovn_revision_numbers_db [None req-44644f53-78a6-465f-b885-a4a71eea453e - - - - - -] Successfully bumped revision number for resource d0665ab9-2de1-4ce3-9e35-97e93ac245e2 (type: ports) to 2
2026-04-27 22:07:10.338 10 INFO neutron.api.wsgi [None req-1c6afaab-094d-4a7d-96cd-9d9dc1a98887 060439a66991418db10adb335b4afb82 9d2b0d86eb18486b899afac5800fbe89 - - default default] 10.0.0.231 "POST /v2.0/networks HTTP/1.1" status: 201 len: 830 time: 0.7676494
2026-04-27 22:07:10.350 9 WARNING neutron_lib.context [None req-2e59c683-5f91-427c-8cff-e47b17b4c49c 060439a66991418db10adb335b4afb82 9d2b0d86eb18486b899afac5800fbe89 - - default default] Method 'is_advsvc' is deprecated since 2023.2 release (neutron-lib 3.8.0) and will be removed once support for the old RBAC API policies will be removed from Neutron. Please use method 'is_service_role' instead.
2026-04-27 22:07:10.517 9 INFO neutron.api.wsgi [req-a6cccc19-2a06-4758-8e9a-f919d1230399 req-6b2df2e5-7e34-4e6b-bdb6-597149647089 f54b47e01fb34fc6a909b7a1289e3af7 ce3d2c85d8ab4a089131d47a09b49c6d - - default default] 10.0.0.152 "GET /v2.0/ports?device_id=e5a1782c-5477-47e2-b9c7-7d7b88884ca2 HTTP/1.1" status: 200 len: 210 time: 0.0140531
2026-04-27 22:07:10.519 9 WARNING neutron.scheduler.dhcp_agent_scheduler [None req-2e59c683-5f91-427c-8cff-e47b17b4c49c 060439a66991418db10adb335b4afb82 9d2b0d86eb18486b899afac5800fbe89 - - default default] No more DHCP agents
2026-04-27 22:07:10.520 9 WARNING neutron.api.rpc.agentnotifiers.dhcp_rpc_agent_api [None req-2e59c683-5f91-427c-8cff-e47b17b4c49c 060439a66991418db10adb335b4afb82 9d2b0d86eb18486b899afac5800fbe89 - - default default] Unable to schedule network 4b10ca55-6cac-4e62-85cb-6f33a57347ec: no agents available; will retry on subsequent port and subnet creation events.
2026-04-27 22:07:10.698 10 INFO neutron.db.ovn_revision_numbers_db [None req-f5b43768-76a8-4ec2-8fa0-132fd95e2356 0e82c857992b4ddbbaa44f82f57fcdc2 badff1a3a23c4e018c4d54c3adf2dcc1 - - default default] Successfully bumped revision number for resource d0665ab9-2de1-4ce3-9e35-97e93ac245e2 (type: router_ports) to 1
2026-04-27 22:07:10.703 10 INFO neutron.api.wsgi [None req-f5b43768-76a8-4ec2-8fa0-132fd95e2356 0e82c857992b4ddbbaa44f82f57fcdc2 badff1a3a23c4e018c4d54c3adf2dcc1 - - default default] 10.0.0.231 "PUT /v2.0/routers/f727205c-1614-49c8-9283-709c84e5e2bd/add_router_interface HTTP/1.1" status: 200 len: 503 time: 2.1309431
2026-04-27 22:07:10.913 9 INFO neutron.db.ovn_revision_numbers_db [None req-a71f9c3e-3b29-41e8-945d-2b4e307cd569 - - - - - -] Successfully bumped revision number for resource a774eef2-e2e8-45f3-b83a-88642e3f9c16 (type: ports) to 2
2026-04-27 22:07:10.941 9 INFO neutron.db.ovn_revision_numbers_db [None req-a71f9c3e-3b29-41e8-945d-2b4e307cd569 - - - - - -] Successfully bumped revision number for resource 5b9a29db-2e1c-4d9b-89a8-5131be1458b7 (type: subnets) to 0
2026-04-27 22:07:10.954 9 INFO neutron.api.wsgi [None req-2e59c683-5f91-427c-8cff-e47b17b4c49c 060439a66991418db10adb335b4afb82 9d2b0d86eb18486b899afac5800fbe89 - - default default] 10.0.0.231 "POST /v2.0/subnets HTTP/1.1" status: 201 len: 825 time: 0.6100757
2026-04-27 22:07:10.964 9 WARNING neutron_lib.context [None req-b2b4a2ae-d880-434f-88dd-349ea960360c 060439a66991418db10adb335b4afb82 9d2b0d86eb18486b899afac5800fbe89 - - default default] Method 'is_advsvc' is deprecated since 2023.2 release (neutron-lib 3.8.0) and will be removed once support for the old RBAC API policies will be removed from Neutron. Please use method 'is_service_role' instead.
2026-04-27 22:07:11.182 9 INFO neutron.api.wsgi [req-6a178942-e5ed-4521-ac40-858fe3b94c93 req-01bab6ea-97a8-4c28-a0f8-f20b521667aa 574141f4da6c4ad8ab3a6842a6d97c5a 85c3324aefca416482414cbe12d2d06b - - dad4b4b2a7e544489a0095d9c3514c2a dad4b4b2a7e544489a0095d9c3514c2a] 199.19.213.228 "GET /v2.0/ports?tenant_id=d294d4267df748699138ba6bde02c59b&device_id=573bd9f2-4136-48f7-9bf8-89b4311c7757 HTTP/1.1" status: 200 len: 1407 time: 0.0457251
2026-04-27 22:07:11.235 9 INFO neutron.api.wsgi [req-6a178942-e5ed-4521-ac40-858fe3b94c93 req-2b4e0f34-65e9-47dc-8412-35aa20a69c4c 574141f4da6c4ad8ab3a6842a6d97c5a 85c3324aefca416482414cbe12d2d06b - - dad4b4b2a7e544489a0095d9c3514c2a dad4b4b2a7e544489a0095d9c3514c2a] 199.19.213.228 "GET /v2.0/networks?id=18c94c7f-d2c1-4827-8e50-44457ca16f0e HTTP/1.1" status: 200 len: 971 time: 0.0457389 /var/lib/openstack/lib/python3.12/site-packages/pycadf/identifier.py:71: UserWarning: Invalid uuid: neutron. To ensure interoperability, identifiers should be a valid uuid. warnings.warn(('Invalid uuid: %s. To ensure interoperability, '
2026-04-27 22:07:11.260 9 INFO neutron.api.wsgi [req-6a178942-e5ed-4521-ac40-858fe3b94c93 req-af849585-6874-4588-a374-213891f3bcd6 574141f4da6c4ad8ab3a6842a6d97c5a 85c3324aefca416482414cbe12d2d06b - - dad4b4b2a7e544489a0095d9c3514c2a dad4b4b2a7e544489a0095d9c3514c2a] 199.19.213.228 "GET /v2.0/floatingips?fixed_ip_address=10.100.0.4&port_id=9866119b-20d8-46e4-9e6f-26ee38d97197 HTTP/1.1" status: 200 len: 217 time: 0.0168433 /var/lib/openstack/lib/python3.12/site-packages/pycadf/identifier.py:71: UserWarning: Invalid uuid: neutron. To ensure interoperability, identifiers should be a valid uuid. warnings.warn(('Invalid uuid: %s. To ensure interoperability, '
2026-04-27 22:07:11.285 9 INFO neutron.api.wsgi [req-6a178942-e5ed-4521-ac40-858fe3b94c93 req-c7fe45d3-346e-48f1-8814-c83b4fd3a7aa 574141f4da6c4ad8ab3a6842a6d97c5a 85c3324aefca416482414cbe12d2d06b - - dad4b4b2a7e544489a0095d9c3514c2a dad4b4b2a7e544489a0095d9c3514c2a] 199.19.213.228 "GET /v2.0/subnets?id=130481c3-6eef-4e39-83f2-e9c776c8c0ab HTTP/1.1" status: 200 len: 890 time: 0.0201771
2026-04-27 22:07:11.286 9 WARNING neutron.scheduler.dhcp_agent_scheduler [None req-b2b4a2ae-d880-434f-88dd-349ea960360c 060439a66991418db10adb335b4afb82 9d2b0d86eb18486b899afac5800fbe89 - - default default] No more DHCP agents
2026-04-27 22:07:11.287 9 WARNING neutron.api.rpc.agentnotifiers.dhcp_rpc_agent_api [None req-b2b4a2ae-d880-434f-88dd-349ea960360c 060439a66991418db10adb335b4afb82 9d2b0d86eb18486b899afac5800fbe89 - - default default] Unable to schedule network 4b10ca55-6cac-4e62-85cb-6f33a57347ec: no agents available; will retry on subsequent port and subnet creation events.
2026-04-27 22:07:11.317 9 INFO neutron.api.wsgi [req-6a178942-e5ed-4521-ac40-858fe3b94c93 req-1a6d4402-3be1-4901-8730-e022274b57e3 574141f4da6c4ad8ab3a6842a6d97c5a 85c3324aefca416482414cbe12d2d06b - - dad4b4b2a7e544489a0095d9c3514c2a dad4b4b2a7e544489a0095d9c3514c2a] 199.19.213.228 "GET /v2.0/ports?network_id=18c94c7f-d2c1-4827-8e50-44457ca16f0e&device_owner=network%3Adhcp HTTP/1.1" status: 200 len: 210 time: 0.0251625
2026-04-27 22:07:11.362 9 INFO neutron.api.wsgi [req-6a178942-e5ed-4521-ac40-858fe3b94c93 req-9574d8de-8e96-4bc0-94bd-b4fba0db076e 574141f4da6c4ad8ab3a6842a6d97c5a 85c3324aefca416482414cbe12d2d06b - - dad4b4b2a7e544489a0095d9c3514c2a dad4b4b2a7e544489a0095d9c3514c2a] 199.19.213.228 "GET /v2.0/networks/18c94c7f-d2c1-4827-8e50-44457ca16f0e?fields=segments HTTP/1.1" status: 200 len: 212 time: 0.0402749
2026-04-27 22:07:11.365 10 INFO neutron.api.wsgi [req-605775bc-4a8d-48dd-b620-aa7e6760763c req-33d5a3ac-53ac-4b40-abd0-bf6e3fc24c8d b190cd0a78684813b2bcb348d103d979 d294d4267df748699138ba6bde02c59b - - default default] 10.0.0.152 "GET /v2.0/ports?device_id=573bd9f2-4136-48f7-9bf8-89b4311c7757 HTTP/1.1" status: 200 len: 1168 time: 0.0341361
2026-04-27 22:07:11.409 10 INFO neutron.api.wsgi [req-605775bc-4a8d-48dd-b620-aa7e6760763c req-89a132cd-913b-4498-bceb-c40ae3dc3fab b190cd0a78684813b2bcb348d103d979 d294d4267df748699138ba6bde02c59b - - default default] 10.0.0.152 "GET /v2.0/security-groups?id=5b7465cd-3942-4cc3-a0f8-ba2256249ce0&fields=id&fields=name HTTP/1.1" status: 200 len: 313 time: 0.0369430
2026-04-27 22:07:11.420 9 INFO neutron.api.wsgi [req-6a178942-e5ed-4521-ac40-858fe3b94c93 req-c8117d3e-033a-4744-b70f-452a5f770d95 574141f4da6c4ad8ab3a6842a6d97c5a 85c3324aefca416482414cbe12d2d06b - - dad4b4b2a7e544489a0095d9c3514c2a dad4b4b2a7e544489a0095d9c3514c2a] 199.19.213.228 "GET /v2.0/networks/18c94c7f-d2c1-4827-8e50-44457ca16f0e?fields=provider%3Aphysical_network&fields=provider%3Anetwork_type HTTP/1.1" status: 200 len: 277 time: 0.0506973
2026-04-27 22:07:11.430 9 INFO neutron.db.ovn_revision_numbers_db [None req-b2b4a2ae-d880-434f-88dd-349ea960360c 060439a66991418db10adb335b4afb82 9d2b0d86eb18486b899afac5800fbe89 - - default default] Successfully bumped revision number for resource db8a040c-a886-4315-a33d-40cf50549483 (type: ports) to 1
2026-04-27 22:07:11.454 9 INFO neutron.api.wsgi [None req-b2b4a2ae-d880-434f-88dd-349ea960360c 060439a66991418db10adb335b4afb82 9d2b0d86eb18486b899afac5800fbe89 - - default default] 10.0.0.231 "POST /v2.0/ports HTTP/1.1" status: 201 len: 1149 time: 0.4935899
2026-04-27 22:07:11.595 9 INFO neutron.api.wsgi [req-680638db-f1c5-4c80-9cbb-453137171045 req-f8387144-3599-4314-ac1c-be05eca17797 f4ea4fc34c1a40b1ba4a21897c742d5c 4e80522e26014cd68ef40550e9ae4233 - - default default] 10.0.0.152 "GET /v2.0/networks?id=7b2785c7-d6f6-46cf-b8a8-e0e72c095271 HTTP/1.1" status: 200 len: 877 time: 0.0533729
2026-04-27 22:07:11.615 9 INFO neutron.api.wsgi [req-680638db-f1c5-4c80-9cbb-453137171045 req-c2907212-135b-4719-b8ab-69bcfb9f6734 f4ea4fc34c1a40b1ba4a21897c742d5c 4e80522e26014cd68ef40550e9ae4233 - - default default] 10.0.0.152 "GET /v2.0/quotas/4e80522e26014cd68ef40550e9ae4233 HTTP/1.1" status: 200 len: 491 time: 0.0126803
2026-04-27 22:07:11.694 9 INFO neutron.api.wsgi [req-680638db-f1c5-4c80-9cbb-453137171045 req-2e80dda1-d17e-4b3b-a800-4f1bb54624ea f4ea4fc34c1a40b1ba4a21897c742d5c 4e80522e26014cd68ef40550e9ae4233 - - default default] 10.0.0.152 "GET /v2.0/ports?tenant_id=4e80522e26014cd68ef40550e9ae4233&fields=id HTTP/1.1" status: 200 len: 302 time: 0.0730965
2026-04-27 22:07:11.711 10 INFO neutron.api.wsgi [None req-e74d66be-a555-4ec0-8974-fef8165a0404 f54b47e01fb34fc6a909b7a1289e3af7 ce3d2c85d8ab4a089131d47a09b49c6d - - default default] 10.0.0.231 "DELETE /v2.0/security-groups/50aa8078-97e8-43b7-ae36-f705dfa2a43b HTTP/1.1" status: 204 len: 168 time: 0.1155775
2026-04-27 22:07:11.723 10 INFO neutron.api.v2.resource [None req-437d44e3-da53-4c46-9faa-3c23be145c22 f54b47e01fb34fc6a909b7a1289e3af7 ce3d2c85d8ab4a089131d47a09b49c6d - - default default] show failed (client error): The resource could not be found.
2026-04-27 22:07:11.724 10 INFO neutron.api.wsgi [None req-437d44e3-da53-4c46-9faa-3c23be145c22 f54b47e01fb34fc6a909b7a1289e3af7 ce3d2c85d8ab4a089131d47a09b49c6d - - default default] 10.0.0.231 "GET /v2.0/security-groups/50aa8078-97e8-43b7-ae36-f705dfa2a43b HTTP/1.1" status: 404 len: 347 time: 0.0075121
2026-04-27 22:07:11.744 9 INFO neutron.api.wsgi [req-680638db-f1c5-4c80-9cbb-453137171045 req-50ac39ae-a6e1-439b-9c23-04f7e3464d80 574141f4da6c4ad8ab3a6842a6d97c5a 85c3324aefca416482414cbe12d2d06b - - dad4b4b2a7e544489a0095d9c3514c2a dad4b4b2a7e544489a0095d9c3514c2a] 10.0.0.152 "GET /v2.0/networks/7b2785c7-d6f6-46cf-b8a8-e0e72c095271?fields=segments HTTP/1.1" status: 200 len: 212 time: 0.0405340
2026-04-27 22:07:11.781 9 INFO neutron.api.wsgi [None req-06fbdad0-7ebc-4cdb-b188-518063ac1400 060439a66991418db10adb335b4afb82 9d2b0d86eb18486b899afac5800fbe89 - - default default] 10.0.0.231 "DELETE /v2.0/ports/db8a040c-a886-4315-a33d-40cf50549483 HTTP/1.1" status: 204 len: 168 time: 0.3221037
2026-04-27 22:07:11.797 9 INFO neutron.api.wsgi [req-680638db-f1c5-4c80-9cbb-453137171045 req-bcbae61d-33cd-4018-b2ce-396d2bb0e8af 574141f4da6c4ad8ab3a6842a6d97c5a 85c3324aefca416482414cbe12d2d06b - - dad4b4b2a7e544489a0095d9c3514c2a dad4b4b2a7e544489a0095d9c3514c2a] 10.0.0.152 "GET /v2.0/networks/7b2785c7-d6f6-46cf-b8a8-e0e72c095271?fields=provider%3Aphysical_network&fields=provider%3Anetwork_type HTTP/1.1" status: 200 len: 277 time: 0.0468004
2026-04-27 22:07:11.806 10 INFO neutron.pecan_wsgi.hooks.translation [None req-8c20a740-44b2-4f12-89a8-86759a71d9b2 060439a66991418db10adb335b4afb82 9d2b0d86eb18486b899afac5800fbe89 - - default default] DELETE failed (client error): The resource could not be found.
2026-04-27 22:07:11.808 10 INFO neutron.api.wsgi [None req-8c20a740-44b2-4f12-89a8-86759a71d9b2 060439a66991418db10adb335b4afb82 9d2b0d86eb18486b899afac5800fbe89 - - default default] 10.0.0.231 "DELETE /v2.0/ports/db8a040c-a886-4315-a33d-40cf50549483 HTTP/1.1" status: 404 len: 333 time: 0.0137293
2026-04-27 22:07:11.828 9 INFO neutron.pecan_wsgi.hooks.translation [None req-b58dfea4-33ba-4526-bc92-d31fe9d0eca7 060439a66991418db10adb335b4afb82 9d2b0d86eb18486b899afac5800fbe89 - - default default] GET failed (client error): The resource could not be found.
2026-04-27 22:07:11.829 9 INFO neutron.api.wsgi [None req-b58dfea4-33ba-4526-bc92-d31fe9d0eca7 060439a66991418db10adb335b4afb82 9d2b0d86eb18486b899afac5800fbe89 - - default default] 10.0.0.231 "GET /v2.0/ports/db8a040c-a886-4315-a33d-40cf50549483 HTTP/1.1" status: 404 len: 333 time: 0.0174775
2026-04-27 22:07:11.919 10 INFO neutron.api.wsgi [req-8122ce9e-55fd-4e0f-99d4-395c1c44af21 req-f5ad892b-0fb8-464f-8789-a6d6a4d357f1 f4ea4fc34c1a40b1ba4a21897c742d5c 4e80522e26014cd68ef40550e9ae4233 - - default default] 10.0.0.152 "GET /v2.0/ports?device_id=5d28859f-4648-4359-9e33-c4bcd5b04752 HTTP/1.1" status: 200 len: 210 time: 0.0207551
2026-04-27 22:07:11.991 9 INFO neutron.api.wsgi [None req-b9c6deae-9e46-4303-96b1-0b56c06de6aa 060439a66991418db10adb335b4afb82 9d2b0d86eb18486b899afac5800fbe89 - - default default] 10.0.0.231 "DELETE /v2.0/subnets/5b9a29db-2e1c-4d9b-89a8-5131be1458b7 HTTP/1.1" status: 204 len: 168 time: 0.1581154
2026-04-27 22:07:12.021 10 INFO neutron.api.wsgi [None req-266320ef-a853-40cb-a3ce-8195756ff187 f54b47e01fb34fc6a909b7a1289e3af7 ce3d2c85d8ab4a089131d47a09b49c6d - - default default] 10.0.0.231 "DELETE /v2.0/floatingips/0494bcfd-d577-4a4b-9596-21257483e8f7 HTTP/1.1" status: 204 len: 168 time: 0.2938719
2026-04-27 22:07:12.297 9 INFO neutron.services.segments.plugin [-] Segment f924476d-988c-4718-9d00-059931f956fe resource provider aggregate not found
2026-04-27 22:07:12.301 9 INFO neutron.services.segments.plugin [-] Segment f924476d-988c-4718-9d00-059931f956fe resource provider aggregate not found
2026-04-27 22:07:12.308 9 INFO neutron.services.segments.plugin [-] Segment f924476d-988c-4718-9d00-059931f956fe resource provider not found; error: Placement Client Error (4xx): {"errors": [{"status": 404, "title": "Not Found", "detail": "The resource could not be found.\n\n No resource provider with uuid f924476d-988c-4718-9d00-059931f956fe found for delete ", "request_id": "req-f8d1fc2f-ce0b-44d8-88d9-2bf552c8c66a"}]}
2026-04-27 22:07:12.316 9 INFO neutron.services.segments.plugin [-] Segment f924476d-988c-4718-9d00-059931f956fe resource provider not found; error: Placement Client Error (4xx): {"errors": [{"status": 404, "title": "Not Found", "detail": "The resource could not be found.\n\n No resource provider with uuid f924476d-988c-4718-9d00-059931f956fe found for delete ", "request_id": "req-56110dfe-3d21-4e32-b614-4a5ef6f0df26"}]}
2026-04-27 22:07:12.345 9 INFO neutron.api.wsgi [None req-6264e516-a0fe-4b9d-b4cc-1a2780a33b11 060439a66991418db10adb335b4afb82 9d2b0d86eb18486b899afac5800fbe89 - - default default] 10.0.0.231 "DELETE /v2.0/networks/4b10ca55-6cac-4e62-85cb-6f33a57347ec HTTP/1.1" status: 204 len: 168 time: 0.3478630
2026-04-27 22:07:12.354 9 WARNING neutron_lib.context [None req-becb577a-ce8a-4ad5-bf79-0fae5c4dce0d 060439a66991418db10adb335b4afb82 9d2b0d86eb18486b899afac5800fbe89 - - default default] Method 'is_advsvc' is deprecated since 2023.2 release (neutron-lib 3.8.0) and will be removed once support for the old RBAC API policies will be removed from Neutron. Please use method 'is_service_role' instead.
2026-04-27 22:07:12.446 9 INFO neutron.db.segments_db [None req-becb577a-ce8a-4ad5-bf79-0fae5c4dce0d 060439a66991418db10adb335b4afb82 9d2b0d86eb18486b899afac5800fbe89 - - default default] Added segment a726ceaf-de8c-4a85-8df1-c444c11ef2dc of type geneve for network 0097356c-289b-485a-a8cc-923c9e72be72
2026-04-27 22:07:12.520 9 INFO neutron.api.wsgi [req-e178b534-b247-4fc1-9d44-088fb523eb5e req-0ac4a175-6b58-47d4-a399-6fd26a2421cb b190cd0a78684813b2bcb348d103d979 d294d4267df748699138ba6bde02c59b - - default default] 10.0.0.152 "GET /v2.0/ports?device_id=573bd9f2-4136-48f7-9bf8-89b4311c7757 HTTP/1.1" status: 200 len: 1168 time: 0.0367367
2026-04-27 22:07:12.589 9 INFO neutron.api.wsgi [req-e178b534-b247-4fc1-9d44-088fb523eb5e req-349c666b-c87c-4595-99e4-3924980070d3 b190cd0a78684813b2bcb348d103d979 d294d4267df748699138ba6bde02c59b - - default default] 10.0.0.152 "GET /v2.0/security-groups?id=5b7465cd-3942-4cc3-a0f8-ba2256249ce0&fields=id&fields=name HTTP/1.1" status: 200 len: 313 time: 0.0615916
2026-04-27 22:07:12.604 9 INFO neutron.db.ovn_revision_numbers_db [None req-becb577a-ce8a-4ad5-bf79-0fae5c4dce0d 060439a66991418db10adb335b4afb82 9d2b0d86eb18486b899afac5800fbe89 - - default default] Successfully bumped revision number for resource 0097356c-289b-485a-a8cc-923c9e72be72 (type: networks) to 1
2026-04-27 22:07:12.792 9 WARNING neutron.scheduler.dhcp_agent_scheduler [None req-becb577a-ce8a-4ad5-bf79-0fae5c4dce0d 060439a66991418db10adb335b4afb82 9d2b0d86eb18486b899afac5800fbe89 - - default default] No more DHCP agents
2026-04-27 22:07:12.794 9 WARNING neutron.api.rpc.agentnotifiers.dhcp_rpc_agent_api [None req-becb577a-ce8a-4ad5-bf79-0fae5c4dce0d 060439a66991418db10adb335b4afb82 9d2b0d86eb18486b899afac5800fbe89 - - default default] Unable to schedule network 0097356c-289b-485a-a8cc-923c9e72be72: no agents available; will retry on subsequent port and subnet creation events.
2026-04-27 22:07:12.850 9 INFO neutron.db.ovn_revision_numbers_db [None req-becb577a-ce8a-4ad5-bf79-0fae5c4dce0d 060439a66991418db10adb335b4afb82 9d2b0d86eb18486b899afac5800fbe89 - - default default] Successfully bumped revision number for resource 675ba5d9-9e81-4fa4-a4e9-be8c05206938 (type: ports) to 1
2026-04-27 22:07:12.870 9 INFO neutron.api.wsgi [None req-becb577a-ce8a-4ad5-bf79-0fae5c4dce0d 060439a66991418db10adb335b4afb82 9d2b0d86eb18486b899afac5800fbe89 - - default default] 10.0.0.231 "POST /v2.0/networks HTTP/1.1" status: 201 len: 831 time: 0.5193026
2026-04-27 22:07:12.879 9 WARNING neutron_lib.context [None req-04f55c8c-ae9d-456d-8209-e3b330470093 060439a66991418db10adb335b4afb82 9d2b0d86eb18486b899afac5800fbe89 - - default default] Method 'is_advsvc' is deprecated since 2023.2 release (neutron-lib 3.8.0) and will be removed once support for the old RBAC API policies will be removed from Neutron. Please use method 'is_service_role' instead.
2026-04-27 22:07:13.000 10 INFO neutron.api.wsgi [req-d014900d-4bb3-46d4-a687-5f9eba985c8f req-9a48d2b6-8aec-4c57-9eb8-46ecb7e3f727 f4ea4fc34c1a40b1ba4a21897c742d5c 4e80522e26014cd68ef40550e9ae4233 - - default default] 10.0.0.152 "GET /v2.0/ports?device_id=5d28859f-4648-4359-9e33-c4bcd5b04752 HTTP/1.1" status: 200 len: 210 time: 0.0181084
2026-04-27 22:07:13.057 9 WARNING neutron.scheduler.dhcp_agent_scheduler [None req-04f55c8c-ae9d-456d-8209-e3b330470093 060439a66991418db10adb335b4afb82 9d2b0d86eb18486b899afac5800fbe89 - - default default] No more DHCP agents
2026-04-27 22:07:13.058 9 WARNING neutron.api.rpc.agentnotifiers.dhcp_rpc_agent_api [None req-04f55c8c-ae9d-456d-8209-e3b330470093 060439a66991418db10adb335b4afb82 9d2b0d86eb18486b899afac5800fbe89 - - default default] Unable to schedule network 0097356c-289b-485a-a8cc-923c9e72be72: no agents available; will retry on subsequent port and subnet creation events.
2026-04-27 22:07:13.156 10 INFO neutron.api.wsgi [None req-b89eed91-8e4c-4f05-85ea-bb953421375c 0e82c857992b4ddbbaa44f82f57fcdc2 badff1a3a23c4e018c4d54c3adf2dcc1 - - default default] 10.0.0.231 "PUT /v2.0/routers/639d4180-6a0d-440b-81a7-267f300e772f/remove_router_interface HTTP/1.1" status: 200 len: 503 time: 1.0702748
2026-04-27 22:07:13.522 9 INFO neutron.db.ovn_revision_numbers_db [None req-1c2df9a2-9c4e-4b7c-b789-ed1fdd7f3910 - - - - - -] Successfully bumped revision number for resource 675ba5d9-9e81-4fa4-a4e9-be8c05206938 (type: ports) to 2
2026-04-27 22:07:13.556 9 INFO neutron.db.ovn_revision_numbers_db [None req-1c2df9a2-9c4e-4b7c-b789-ed1fdd7f3910 - - - - - -] Successfully bumped revision number for resource e1baa1d3-0788-4a8c-86ed-829f501ca518 (type: subnets) to 0
2026-04-27 22:07:13.570 9 INFO neutron.api.wsgi [None req-04f55c8c-ae9d-456d-8209-e3b330470093 060439a66991418db10adb335b4afb82 9d2b0d86eb18486b899afac5800fbe89 - - default default] 10.0.0.231 "POST /v2.0/subnets HTTP/1.1" status: 201 len: 825 time: 0.6949046 /var/lib/openstack/lib/python3.12/site-packages/pycadf/identifier.py:71: UserWarning: Invalid uuid: neutron. To ensure interoperability, identifiers should be a valid uuid. warnings.warn(('Invalid uuid: %s. To ensure interoperability, '
2026-04-27 22:07:13.584 10 WARNING neutron_lib.context [None req-03af3558-4448-480d-b3e6-c5a310528cd4 060439a66991418db10adb335b4afb82 9d2b0d86eb18486b899afac5800fbe89 - - default default] Method 'is_advsvc' is deprecated since 2023.2 release (neutron-lib 3.8.0) and will be removed once support for the old RBAC API policies will be removed from Neutron. Please use method 'is_service_role' instead.
2026-04-27 22:07:13.715 9 INFO neutron.api.wsgi [req-b5c0abe9-9bff-4ddd-b0af-6c68dd45fb79 req-08e7cb64-dae6-4600-a9ab-9cc614a82225 b190cd0a78684813b2bcb348d103d979 d294d4267df748699138ba6bde02c59b - - default default] 10.0.0.152 "GET /v2.0/ports?device_id=573bd9f2-4136-48f7-9bf8-89b4311c7757 HTTP/1.1" status: 200 len: 1168 time: 0.0602646
2026-04-27 22:07:13.783 9 INFO neutron.api.wsgi [req-b5c0abe9-9bff-4ddd-b0af-6c68dd45fb79 req-ef5cad42-a495-4bf7-a813-3318437008da b190cd0a78684813b2bcb348d103d979 d294d4267df748699138ba6bde02c59b - - default default] 10.0.0.152 "GET /v2.0/security-groups?id=5b7465cd-3942-4cc3-a0f8-ba2256249ce0&fields=id&fields=name HTTP/1.1" status: 200 len: 313 time: 0.0607724
2026-04-27 22:07:13.870 9 INFO neutron.api.wsgi [None req-895505c0-3d77-4a4b-b7fd-27fd1567cb18 0e82c857992b4ddbbaa44f82f57fcdc2 badff1a3a23c4e018c4d54c3adf2dcc1 - - default default] 10.0.0.231 "DELETE /v2.0/routers/639d4180-6a0d-440b-81a7-267f300e772f HTTP/1.1" status: 204 len: 168 time: 0.7092075
2026-04-27 22:07:13.924 10 WARNING neutron.scheduler.dhcp_agent_scheduler [None req-03af3558-4448-480d-b3e6-c5a310528cd4 060439a66991418db10adb335b4afb82 9d2b0d86eb18486b899afac5800fbe89 - - default default] No more DHCP agents
2026-04-27 22:07:13.926 10 WARNING neutron.api.rpc.agentnotifiers.dhcp_rpc_agent_api [None req-03af3558-4448-480d-b3e6-c5a310528cd4 060439a66991418db10adb335b4afb82 9d2b0d86eb18486b899afac5800fbe89 - - default default] Unable to schedule network 0097356c-289b-485a-a8cc-923c9e72be72: no agents available; will retry on subsequent port and subnet creation events.
2026-04-27 22:07:14.048 9 INFO neutron.api.wsgi [None req-52804420-dbcb-438f-9c22-f8ef6e4ddd9e 0e82c857992b4ddbbaa44f82f57fcdc2 badff1a3a23c4e018c4d54c3adf2dcc1 - - default default] 10.0.0.231 "DELETE /v2.0/subnets/c40e5a98-8b48-4344-a328-17efe6eec903 HTTP/1.1" status: 204 len: 168 time: 0.1740444
2026-04-27 22:07:14.062 10 INFO neutron.db.ovn_revision_numbers_db [None req-03af3558-4448-480d-b3e6-c5a310528cd4 060439a66991418db10adb335b4afb82 9d2b0d86eb18486b899afac5800fbe89 - - default default] Successfully bumped revision number for resource 36c22f2b-68c4-4c39-9baa-89a837c935f0 (type: ports) to 1
2026-04-27 22:07:14.089 10 INFO neutron.api.wsgi [None req-03af3558-4448-480d-b3e6-c5a310528cd4 060439a66991418db10adb335b4afb82 9d2b0d86eb18486b899afac5800fbe89 - - default default] 10.0.0.231 "POST /v2.0/ports HTTP/1.1" status: 201 len: 1111 time: 0.5125756
2026-04-27 22:07:14.094 10 INFO neutron.api.wsgi [req-51042190-7c05-43ea-8e5d-3746ec648f44 req-411c404e-6795-47b3-a721-de1aaf175aaf f4ea4fc34c1a40b1ba4a21897c742d5c 4e80522e26014cd68ef40550e9ae4233 - - default default] 10.0.0.152 "GET /v2.0/ports?device_id=5d28859f-4648-4359-9e33-c4bcd5b04752 HTTP/1.1" status: 200 len: 210 time: 0.0146844
2026-04-27 22:07:14.435 9 INFO neutron.services.segments.plugin [-] Segment 756dc170-a4c2-4f3b-aa16-3b4cf7dc9a20 resource provider aggregate not found
2026-04-27 22:07:14.438 9 INFO neutron.services.segments.plugin [-] Segment 756dc170-a4c2-4f3b-aa16-3b4cf7dc9a20 resource provider aggregate not found
2026-04-27 22:07:14.446 9 INFO neutron.api.wsgi [None req-924e6e5c-1e7b-420d-a92f-6a40cfa5d363 060439a66991418db10adb335b4afb82 9d2b0d86eb18486b899afac5800fbe89 - - default default] 10.0.0.231 "DELETE /v2.0/ports/36c22f2b-68c4-4c39-9baa-89a837c935f0 HTTP/1.1" status: 204 len: 168 time: 0.3522439
2026-04-27 22:07:14.452 9 INFO neutron.services.segments.plugin [-] Segment 756dc170-a4c2-4f3b-aa16-3b4cf7dc9a20 resource provider not found; error: Placement Client Error (4xx): {"errors": [{"status": 404, "title": "Not Found", "detail": "The resource could not be found.\n\n No resource provider with uuid 756dc170-a4c2-4f3b-aa16-3b4cf7dc9a20 found for delete ", "request_id": "req-d5f42263-1050-4d49-9d4a-b25aeab766d1"}]}
2026-04-27 22:07:14.452 9 INFO neutron.services.segments.plugin [-] Segment 756dc170-a4c2-4f3b-aa16-3b4cf7dc9a20 resource provider not found; error: Placement Client Error (4xx): {"errors": [{"status": 404, "title": "Not Found", "detail": "The resource could not be found.\n\n No resource provider with uuid 756dc170-a4c2-4f3b-aa16-3b4cf7dc9a20 found for delete ", "request_id": "req-35a8a867-21bb-4779-9730-78861c8157d5"}]}
2026-04-27 22:07:14.466 9 INFO neutron.pecan_wsgi.hooks.translation [None req-b42eddbf-da50-4a68-b8cc-ef7f4adf3831 060439a66991418db10adb335b4afb82 9d2b0d86eb18486b899afac5800fbe89 - - default default] GET failed (client error): The resource could not be found.
2026-04-27 22:07:14.467 9 INFO neutron.api.wsgi [None req-b42eddbf-da50-4a68-b8cc-ef7f4adf3831 060439a66991418db10adb335b4afb82 9d2b0d86eb18486b899afac5800fbe89 - - default default] 10.0.0.231 "GET /v2.0/ports/36c22f2b-68c4-4c39-9baa-89a837c935f0 HTTP/1.1" status: 404 len: 333 time: 0.0162299
2026-04-27 22:07:14.478 9 INFO neutron.api.wsgi [None req-5b887d0f-a548-4513-b908-311daf1b0377 0e82c857992b4ddbbaa44f82f57fcdc2 badff1a3a23c4e018c4d54c3adf2dcc1 - - default default] 10.0.0.231 "DELETE /v2.0/networks/df4cebd9-add2-4021-8adf-cbe9d4357211 HTTP/1.1" status: 204 len: 168 time: 0.4169774
2026-04-27 22:07:14.647 10 INFO neutron.api.wsgi [None req-69a783b1-cd44-463a-9081-f67adc67eb88 060439a66991418db10adb335b4afb82 9d2b0d86eb18486b899afac5800fbe89 - - default default] 10.0.0.231 "DELETE /v2.0/subnets/e1baa1d3-0788-4a8c-86ed-829f501ca518 HTTP/1.1" status: 204 len: 168 time: 0.1752884
2026-04-27 22:07:14.662 10 INFO neutron.api.wsgi [None req-4575d4d4-375a-4eac-8b33-96fc665d6d31 0e82c857992b4ddbbaa44f82f57fcdc2 badff1a3a23c4e018c4d54c3adf2dcc1 - - default default] 10.0.0.231 "GET /v2.0/security-groups?tenant_id=ce3d2c85d8ab4a089131d47a09b49c6d&name=default HTTP/1.1" status: 200 len: 3116 time: 0.0378182
2026-04-27 22:07:14.856 10 INFO neutron.api.wsgi [None req-e71ff3e7-8734-4319-b63f-94b529ddfb1f 0e82c857992b4ddbbaa44f82f57fcdc2 badff1a3a23c4e018c4d54c3adf2dcc1 - - default default] 10.0.0.231 "DELETE /v2.0/security-groups/a70e6c74-d13c-4cdf-9f10-d44bde3e79bb HTTP/1.1" status: 204 len: 168 time: 0.1894643
2026-04-27 22:07:14.918 9 INFO neutron.api.wsgi [req-d60d6ede-f1e1-46f0-8741-e740e6b6cbcd req-33f13bfc-706e-440f-a285-431cc973753e b190cd0a78684813b2bcb348d103d979 d294d4267df748699138ba6bde02c59b - - default default] 10.0.0.152 "GET /v2.0/ports?device_id=573bd9f2-4136-48f7-9bf8-89b4311c7757 HTTP/1.1" status: 200 len: 1168 time: 0.0766516
2026-04-27 22:07:14.961 9 INFO neutron.api.wsgi [req-d60d6ede-f1e1-46f0-8741-e740e6b6cbcd req-b0c06ece-6b17-4fc8-afc4-7ecc9de0b4ba b190cd0a78684813b2bcb348d103d979 d294d4267df748699138ba6bde02c59b - - default default] 10.0.0.152 "GET /v2.0/security-groups?id=5b7465cd-3942-4cc3-a0f8-ba2256249ce0&fields=id&fields=name HTTP/1.1" status: 200 len: 313 time: 0.0392365
2026-04-27 22:07:14.976 9 INFO neutron.api.wsgi [None req-990e9d8c-b39e-4d4d-9fe6-ad38b315fe99 060439a66991418db10adb335b4afb82 9d2b0d86eb18486b899afac5800fbe89 - - default default] 10.0.0.231 "DELETE /v2.0/networks/0097356c-289b-485a-a8cc-923c9e72be72 HTTP/1.1" status: 204 len: 168 time: 0.3230004
2026-04-27 22:07:14.984 9 WARNING neutron_lib.context [None req-a83bf52d-f1f5-4fbf-9274-0a0633593a9a 060439a66991418db10adb335b4afb82 9d2b0d86eb18486b899afac5800fbe89 - - default default] Method 'is_advsvc' is deprecated since 2023.2 release (neutron-lib 3.8.0) and will be removed once support for the old RBAC API policies will be removed from Neutron. Please use method 'is_service_role' instead.
2026-04-27 22:07:15.177 10 INFO neutron.api.wsgi [req-32942164-1782-4f6b-b344-4aaf233c9293 req-8efd09e0-a489-47ad-add6-4bf59658bb89 f4ea4fc34c1a40b1ba4a21897c742d5c 4e80522e26014cd68ef40550e9ae4233 - - default default] 10.0.0.152 "GET /v2.0/ports?device_id=5d28859f-4648-4359-9e33-c4bcd5b04752 HTTP/1.1" status: 200 len: 210 time: 0.0256121
2026-04-27 22:07:15.185 9 WARNING neutron.scheduler.dhcp_agent_scheduler [None req-a83bf52d-f1f5-4fbf-9274-0a0633593a9a 060439a66991418db10adb335b4afb82 9d2b0d86eb18486b899afac5800fbe89 - - default default] No more DHCP agents
2026-04-27 22:07:15.186 9 WARNING neutron.api.rpc.agentnotifiers.dhcp_rpc_agent_api [None req-a83bf52d-f1f5-4fbf-9274-0a0633593a9a 060439a66991418db10adb335b4afb82 9d2b0d86eb18486b899afac5800fbe89 - - default default] Unable to schedule network 7ce8f14f-ce5c-4541-a7ae-dbf58fd8adcf: no agents available; will retry on subsequent port and subnet creation events.
2026-04-27 22:07:15.252 9 INFO neutron.db.ovn_revision_numbers_db [None req-a83bf52d-f1f5-4fbf-9274-0a0633593a9a 060439a66991418db10adb335b4afb82 9d2b0d86eb18486b899afac5800fbe89 - - default default] Successfully bumped revision number for resource 12c6ad85-bc21-4ab9-aee5-b6f979f93d2f (type: ports) to 1
2026-04-27 22:07:15.270 9 INFO neutron.api.wsgi [None req-a83bf52d-f1f5-4fbf-9274-0a0633593a9a 060439a66991418db10adb335b4afb82 9d2b0d86eb18486b899afac5800fbe89 - - default default] 10.0.0.231 "POST /v2.0/ports HTTP/1.1" status: 201 len: 974 time: 0.2900205 /var/lib/openstack/lib/python3.12/site-packages/pycadf/identifier.py:71: UserWarning: Invalid uuid: neutron. To ensure interoperability, identifiers should be a valid uuid. warnings.warn(('Invalid uuid: %s. To ensure interoperability, '
2026-04-27 22:07:15.339 10 WARNING neutron.plugins.ml2.drivers.ovn.mech_driver.ovsdb.ovn_client [None req-3e02588a-01f6-49b7-92fe-832a3335a607 - - - - - -] No hosting information found for port d0665ab9-2de1-4ce3-9e35-97e93ac245e2: RuntimeError: No hosting information found for port d0665ab9-2de1-4ce3-9e35-97e93ac245e2
2026-04-27 22:07:15.416 10 INFO neutron.db.ovn_revision_numbers_db [None req-3e02588a-01f6-49b7-92fe-832a3335a607 - - - - - -] Successfully bumped revision number for resource d0665ab9-2de1-4ce3-9e35-97e93ac245e2 (type: router_ports) to 2
2026-04-27 22:07:15.416 10 INFO neutron.plugins.ml2.drivers.ovn.mech_driver.mech_driver [None req-3e02588a-01f6-49b7-92fe-832a3335a607 - - - - - -] OVN reports status up for port: 9866119b-20d8-46e4-9e6f-26ee38d97197
2026-04-27 22:07:15.425 10 INFO neutron.plugins.ml2.plugin [None req-3e02588a-01f6-49b7-92fe-832a3335a607 - - - - - -] Attempt 1 to provision port 9866119b-20d8-46e4-9e6f-26ee38d97197
2026-04-27 22:07:15.476 9 INFO neutron.plugins.ml2.drivers.ovn.mech_driver.mech_driver [None req-0cf456b4-260f-488d-b54b-ab2b2bcfcdaa - - - - - -] OVN reports status down for port: 12c6ad85-bc21-4ab9-aee5-b6f979f93d2f
2026-04-27 22:07:15.506 9 INFO neutron.db.ovn_revision_numbers_db [None req-83f6b27f-e3c7-46b2-ab6a-ffa1ed019d0c 060439a66991418db10adb335b4afb82 9d2b0d86eb18486b899afac5800fbe89 - - default default] Successfully bumped revision number for resource 12c6ad85-bc21-4ab9-aee5-b6f979f93d2f (type: ports) to 2
2026-04-27 22:07:15.513 9 INFO neutron.api.wsgi [None req-83f6b27f-e3c7-46b2-ab6a-ffa1ed019d0c 060439a66991418db10adb335b4afb82 9d2b0d86eb18486b899afac5800fbe89 - - default default] 10.0.0.231 "PUT /v2.0/ports/12c6ad85-bc21-4ab9-aee5-b6f979f93d2f HTTP/1.1" status: 200 len: 946 time: 0.2369468
2026-04-27 22:07:15.529 10 INFO neutron.notifiers.nova [-] Nova event matching ['req-533b63a6-f153-45db-aeca-685edd609241'] response: {'server_uuid': '573bd9f2-4136-48f7-9bf8-89b4311c7757', 'name': 'network-vif-plugged', 'status': 'completed', 'tag': '9866119b-20d8-46e4-9e6f-26ee38d97197', 'code': 200}
2026-04-27 22:07:15.687 10 INFO neutron.db.ovn_revision_numbers_db [None req-3e02588a-01f6-49b7-92fe-832a3335a607 - - - - - -] Successfully bumped revision number for resource 9866119b-20d8-46e4-9e6f-26ee38d97197 (type: ports) to 5
2026-04-27 22:07:15.803 10 INFO neutron.api.wsgi [None req-c72d79fc-c011-4766-a45f-3aa3500d05ee 060439a66991418db10adb335b4afb82 9d2b0d86eb18486b899afac5800fbe89 - - default default] 10.0.0.231 "DELETE /v2.0/ports/12c6ad85-bc21-4ab9-aee5-b6f979f93d2f HTTP/1.1" status: 204 len: 168 time: 0.2859395 /var/lib/openstack/lib/python3.12/site-packages/pycadf/identifier.py:71: UserWarning: Invalid uuid: neutron. To ensure interoperability, identifiers should be a valid uuid. warnings.warn(('Invalid uuid: %s. To ensure interoperability, '
2026-04-27 22:07:15.860 10 INFO neutron.api.wsgi [None req-00de4622-aee2-4dda-9f1d-f1db0f4c90e1 060439a66991418db10adb335b4afb82 9d2b0d86eb18486b899afac5800fbe89 - - default default] 10.0.0.231 "GET /v2.0/ports HTTP/1.1" status: 200 len: 1729 time: 0.0536373
2026-04-27 22:07:15.887 10 INFO neutron.pecan_wsgi.hooks.translation [None req-340f8bc0-96c4-44c7-a952-d463413fafb5 060439a66991418db10adb335b4afb82 9d2b0d86eb18486b899afac5800fbe89 - - default default] GET failed (client error): The resource could not be found.
2026-04-27 22:07:15.888 10 INFO neutron.api.wsgi [None req-340f8bc0-96c4-44c7-a952-d463413fafb5 060439a66991418db10adb335b4afb82 9d2b0d86eb18486b899afac5800fbe89 - - default default] 10.0.0.231 "GET /v2.0/ports/12c6ad85-bc21-4ab9-aee5-b6f979f93d2f HTTP/1.1" status: 404 len: 333 time: 0.0229313
2026-04-27 22:07:15.926 10 INFO neutron.api.wsgi [None req-9b8b647e-8806-437f-b507-0b6a125b7100 060439a66991418db10adb335b4afb82 9d2b0d86eb18486b899afac5800fbe89 - - default default] 10.0.0.231 "GET /v2.0/ports HTTP/1.1" status: 200 len: 1729 time: 0.0324881
2026-04-27 22:07:15.961 10 INFO neutron.api.wsgi [None req-1a4813d0-c473-4fab-a46a-e4a57360dc74 060439a66991418db10adb335b4afb82 9d2b0d86eb18486b899afac5800fbe89 - - default default] 10.0.0.231 "GET /v2.0/ports/862155a4-a266-4386-a0b1-0c2f9aec5855 HTTP/1.1" status: 200 len: 969 time: 0.0295742
2026-04-27 22:07:15.979 10 INFO neutron.pecan_wsgi.hooks.translation [None req-c86efdb4-9e2f-444f-ab02-bfb66f5bf8c1 060439a66991418db10adb335b4afb82 9d2b0d86eb18486b899afac5800fbe89 - - default default] DELETE failed (client error): The resource could not be found.
2026-04-27 22:07:15.982 10 INFO neutron.api.wsgi [None req-c86efdb4-9e2f-444f-ab02-bfb66f5bf8c1 060439a66991418db10adb335b4afb82 9d2b0d86eb18486b899afac5800fbe89 - - default default] 10.0.0.231 "DELETE /v2.0/ports/36c22f2b-68c4-4c39-9baa-89a837c935f0 HTTP/1.1" status: 404 len: 333 time: 0.0167992
2026-04-27 22:07:15.995 10 INFO neutron.pecan_wsgi.hooks.translation [None req-1fa3a71d-934c-4574-9292-d1c8190fc748 060439a66991418db10adb335b4afb82 9d2b0d86eb18486b899afac5800fbe89 - - default default] DELETE failed (client error): The resource could not be found.
2026-04-27 22:07:15.998 10 INFO neutron.api.wsgi [None req-1fa3a71d-934c-4574-9292-d1c8190fc748 060439a66991418db10adb335b4afb82 9d2b0d86eb18486b899afac5800fbe89 - - default default] 10.0.0.231 "DELETE /v2.0/subnets/e1baa1d3-0788-4a8c-86ed-829f501ca518 HTTP/1.1" status: 404 len: 337 time: 0.0125785
2026-04-27 22:07:16.010 10 INFO neutron.pecan_wsgi.hooks.translation [None req-a1db68fc-9886-4726-adb1-94c5907b6791 060439a66991418db10adb335b4afb82 9d2b0d86eb18486b899afac5800fbe89 - - default default] DELETE failed (client error): The resource could not be found.
2026-04-27 22:07:16.013 10 INFO neutron.api.wsgi [None req-a1db68fc-9886-4726-adb1-94c5907b6791 060439a66991418db10adb335b4afb82 9d2b0d86eb18486b899afac5800fbe89 - - default default] 10.0.0.231 "DELETE /v2.0/subnets/5b9a29db-2e1c-4d9b-89a8-5131be1458b7 HTTP/1.1" status: 404 len: 337 time: 0.0103211
2026-04-27 22:07:16.103 10 INFO neutron.api.wsgi [req-33518549-e01e-41aa-b608-20dacf376fe1 req-55acead5-d978-44d5-b9ec-63b2a040e8d6 b190cd0a78684813b2bcb348d103d979 d294d4267df748699138ba6bde02c59b - - default default] 10.0.0.152 "GET /v2.0/ports?device_id=573bd9f2-4136-48f7-9bf8-89b4311c7757 HTTP/1.1" status: 200 len: 1170 time: 0.0752335
2026-04-27 22:07:16.148 10 INFO neutron.api.wsgi [req-33518549-e01e-41aa-b608-20dacf376fe1 req-e864a81b-06f9-4f39-bcd9-c4e715b77935 b190cd0a78684813b2bcb348d103d979 d294d4267df748699138ba6bde02c59b - - default default] 10.0.0.152 "GET /v2.0/security-groups?id=5b7465cd-3942-4cc3-a0f8-ba2256249ce0&fields=id&fields=name HTTP/1.1" status: 200 len: 313 time: 0.0388501 /var/lib/openstack/lib/python3.12/site-packages/pycadf/identifier.py:71: UserWarning: Invalid uuid: neutron. To ensure interoperability, identifiers should be a valid uuid. warnings.warn(('Invalid uuid: %s. To ensure interoperability, '
2026-04-27 22:07:16.217 10 INFO neutron.api.wsgi [None req-183a1119-f14d-4542-ab30-b71b643a1edb 060439a66991418db10adb335b4afb82 9d2b0d86eb18486b899afac5800fbe89 - - default default] 10.0.0.231 "DELETE /v2.0/ports/862155a4-a266-4386-a0b1-0c2f9aec5855 HTTP/1.1" status: 204 len: 168 time: 0.2007058
2026-04-27 22:07:16.258 9 INFO neutron.api.wsgi [req-680638db-f1c5-4c80-9cbb-453137171045 req-3d37e351-a893-4c1c-a8e7-ba9785a3d79e f4ea4fc34c1a40b1ba4a21897c742d5c 4e80522e26014cd68ef40550e9ae4233 - - default default] 199.19.213.228 "GET /v2.0/networks?id=7b2785c7-d6f6-46cf-b8a8-e0e72c095271 HTTP/1.1" status: 200 len: 877 time: 0.0783834
2026-04-27 22:07:16.260 9 INFO neutron.api.wsgi [req-f0dec272-27aa-44bf-9039-595fe9e07c0c req-95255955-fb94-47c9-9c5e-0b26310bb31f f4ea4fc34c1a40b1ba4a21897c742d5c 4e80522e26014cd68ef40550e9ae4233 - - default default] 10.0.0.152 "GET /v2.0/ports?device_id=5d28859f-4648-4359-9e33-c4bcd5b04752 HTTP/1.1" status: 200 len: 210 time: 0.0267775
2026-04-27 22:07:16.271 9 WARNING neutron_lib.context [req-680638db-f1c5-4c80-9cbb-453137171045 req-ab641117-eb49-4b45-86f1-5ab2c5745b53 f4ea4fc34c1a40b1ba4a21897c742d5c 4e80522e26014cd68ef40550e9ae4233 - - default default] Method 'is_advsvc' is deprecated since 2023.2 release (neutron-lib 3.8.0) and will be removed once support for the old RBAC API policies will be removed from Neutron. Please use method 'is_service_role' instead.
2026-04-27 22:07:16.471 9 INFO neutron.services.segments.plugin [-] Segment a726ceaf-de8c-4a85-8df1-c444c11ef2dc resource provider aggregate not found
2026-04-27 22:07:16.479 9 INFO neutron.services.segments.plugin [-] Segment a726ceaf-de8c-4a85-8df1-c444c11ef2dc resource provider aggregate not found
2026-04-27 22:07:16.490 9 INFO neutron.services.segments.plugin [-] Segment a726ceaf-de8c-4a85-8df1-c444c11ef2dc resource provider not found; error: Placement Client Error (4xx): {"errors": [{"status": 404, "title": "Not Found", "detail": "The resource could not be found.\n\n No resource provider with uuid a726ceaf-de8c-4a85-8df1-c444c11ef2dc found for delete ", "request_id": "req-cf9651b4-e92c-4855-af7a-04615ba90315"}]}
2026-04-27 22:07:16.494 9 INFO neutron.services.segments.plugin [-] Segment a726ceaf-de8c-4a85-8df1-c444c11ef2dc resource provider not found; error: Placement Client Error (4xx): {"errors": [{"status": 404, "title": "Not Found", "detail": "The resource could not be found.\n\n No resource provider with uuid a726ceaf-de8c-4a85-8df1-c444c11ef2dc found for delete ", "request_id": "req-497c834b-3e06-446a-abf5-c0930dff7718"}]}
2026-04-27 22:07:16.647 9 WARNING neutron.scheduler.dhcp_agent_scheduler [req-680638db-f1c5-4c80-9cbb-453137171045 req-ab641117-eb49-4b45-86f1-5ab2c5745b53 f4ea4fc34c1a40b1ba4a21897c742d5c 4e80522e26014cd68ef40550e9ae4233 - - default default] No more DHCP agents
2026-04-27 22:07:16.648 9 WARNING neutron.api.rpc.agentnotifiers.dhcp_rpc_agent_api [req-680638db-f1c5-4c80-9cbb-453137171045 req-ab641117-eb49-4b45-86f1-5ab2c5745b53 f4ea4fc34c1a40b1ba4a21897c742d5c 4e80522e26014cd68ef40550e9ae4233 - - default default] Unable to schedule network 7b2785c7-d6f6-46cf-b8a8-e0e72c095271: no agents available; will retry on subsequent port and subnet creation events.
2026-04-27 22:07:16.765 9 INFO neutron.db.ovn_revision_numbers_db [req-680638db-f1c5-4c80-9cbb-453137171045 req-ab641117-eb49-4b45-86f1-5ab2c5745b53 f4ea4fc34c1a40b1ba4a21897c742d5c 4e80522e26014cd68ef40550e9ae4233 - - default default] Successfully bumped revision number for resource db6f3268-0c85-457b-9799-fbb5c2a356bb (type: ports) to 1
2026-04-27 22:07:16.767 10 INFO neutron.services.segments.plugin [-] Segment d8d6fcaa-17d3-4080-ae85-49eb16179cf7 resource provider aggregate not found
2026-04-27 22:07:16.780 10 INFO neutron.services.segments.plugin [-] Segment d8d6fcaa-17d3-4080-ae85-49eb16179cf7 resource provider aggregate not found
2026-04-27 22:07:16.784 10 INFO neutron.services.segments.plugin [-] Segment d8d6fcaa-17d3-4080-ae85-49eb16179cf7 resource provider not found; error: Placement Client Error (4xx): {"errors": [{"status": 404, "title": "Not Found", "detail": "The resource could not be found.\n\n No resource provider with uuid d8d6fcaa-17d3-4080-ae85-49eb16179cf7 found for delete ", "request_id": "req-6009a875-e2c7-4187-b399-3f3c85925147"}]}
2026-04-27 22:07:16.792 10 INFO neutron.services.segments.plugin [-] Segment d8d6fcaa-17d3-4080-ae85-49eb16179cf7 resource provider not found; error: Placement Client Error (4xx): {"errors": [{"status": 404, "title": "Not Found", "detail": "The resource could not be found.\n\n No resource provider with uuid d8d6fcaa-17d3-4080-ae85-49eb16179cf7 found for delete ", "request_id": "req-a28206f6-a1c1-4aba-838d-8098785c399d"}]}
2026-04-27 22:07:16.802 9 INFO neutron.api.wsgi [req-680638db-f1c5-4c80-9cbb-453137171045 req-ab641117-eb49-4b45-86f1-5ab2c5745b53 f4ea4fc34c1a40b1ba4a21897c742d5c 4e80522e26014cd68ef40550e9ae4233 - - default default] 199.19.213.228 "POST /v2.0/ports HTTP/1.1" status: 201 len: 1162 time: 0.5373514 /var/lib/openstack/lib/python3.12/site-packages/pycadf/identifier.py:71: UserWarning: Invalid uuid: neutron. To ensure interoperability, identifiers should be a valid uuid. warnings.warn(('Invalid uuid: %s. To ensure interoperability, '
2026-04-27 22:07:16.813 10 INFO neutron.api.wsgi [None req-a9cebb92-0327-4753-9472-609adc47e46a 060439a66991418db10adb335b4afb82 9d2b0d86eb18486b899afac5800fbe89 - - default default] 10.0.0.231 "DELETE /v2.0/networks/7ce8f14f-ce5c-4541-a7ae-dbf58fd8adcf HTTP/1.1" status: 204 len: 168 time: 0.5912726
2026-04-27 22:07:17.141 9 INFO neutron.db.ovn_revision_numbers_db [req-680638db-f1c5-4c80-9cbb-453137171045 req-a857ff3a-7c4e-42da-b6f1-39385856e978 574141f4da6c4ad8ab3a6842a6d97c5a 85c3324aefca416482414cbe12d2d06b - - dad4b4b2a7e544489a0095d9c3514c2a dad4b4b2a7e544489a0095d9c3514c2a] Successfully bumped revision number for resource db6f3268-0c85-457b-9799-fbb5c2a356bb (type: ports) to 2
2026-04-27 22:07:17.243 10 INFO neutron.api.wsgi [req-3500152e-61b1-4f3b-a227-f146296c6933 req-65c5f914-6f75-4bb4-b0c2-c39948c108fd b190cd0a78684813b2bcb348d103d979 d294d4267df748699138ba6bde02c59b - - default default] 10.0.0.152 "GET /v2.0/ports?device_id=573bd9f2-4136-48f7-9bf8-89b4311c7757 HTTP/1.1" status: 200 len: 1170 time: 0.0355840
2026-04-27 22:07:17.290 10 INFO neutron.api.wsgi [req-3500152e-61b1-4f3b-a227-f146296c6933 req-a21c4b40-30dd-460a-baef-c4193b7a1896 b190cd0a78684813b2bcb348d103d979 d294d4267df748699138ba6bde02c59b - - default default] 10.0.0.152 "GET /v2.0/security-groups?id=5b7465cd-3942-4cc3-a0f8-ba2256249ce0&fields=id&fields=name HTTP/1.1" status: 200 len: 313 time: 0.0400550 /var/lib/openstack/lib/python3.12/site-packages/pycadf/identifier.py:71: UserWarning: Invalid uuid: neutron. To ensure interoperability, identifiers should be a valid uuid. warnings.warn(('Invalid uuid: %s. To ensure interoperability, '
2026-04-27 22:07:17.342 9 INFO neutron.db.ovn_revision_numbers_db [req-680638db-f1c5-4c80-9cbb-453137171045 req-a857ff3a-7c4e-42da-b6f1-39385856e978 574141f4da6c4ad8ab3a6842a6d97c5a 85c3324aefca416482414cbe12d2d06b - - dad4b4b2a7e544489a0095d9c3514c2a dad4b4b2a7e544489a0095d9c3514c2a] Successfully bumped revision number for resource db6f3268-0c85-457b-9799-fbb5c2a356bb (type: ports) to 4
2026-04-27 22:07:17.361 9 INFO neutron.api.wsgi [req-680638db-f1c5-4c80-9cbb-453137171045 req-a857ff3a-7c4e-42da-b6f1-39385856e978 574141f4da6c4ad8ab3a6842a6d97c5a 85c3324aefca416482414cbe12d2d06b - - dad4b4b2a7e544489a0095d9c3514c2a dad4b4b2a7e544489a0095d9c3514c2a] 199.19.213.228 "PUT /v2.0/ports/db6f3268-0c85-457b-9799-fbb5c2a356bb HTTP/1.1" status: 200 len: 1408 time: 0.5549197
2026-04-27 22:07:17.385 10 INFO neutron.api.wsgi [req-78d7ea03-13bc-4393-8bbb-1f1a149c915f req-e701d76c-58e6-4b22-b827-db68512c2d7b b190cd0a78684813b2bcb348d103d979 d294d4267df748699138ba6bde02c59b - - default default] 10.0.0.152 "GET /v2.0/ports?device_id=573bd9f2-4136-48f7-9bf8-89b4311c7757 HTTP/1.1" status: 200 len: 1170 time: 0.0385370
2026-04-27 22:07:17.388 9 INFO neutron.api.wsgi [req-eb16e396-e60e-4e74-b6ce-028494880751 req-f6ade98c-92f2-4323-99f2-82c14a07029c f4ea4fc34c1a40b1ba4a21897c742d5c 4e80522e26014cd68ef40550e9ae4233 - - default default] 10.0.0.152 "GET /v2.0/ports?device_id=5d28859f-4648-4359-9e33-c4bcd5b04752 HTTP/1.1" status: 200 len: 1172 time: 0.0701537
2026-04-27 22:07:17.406 9 INFO neutron.notifiers.nova [-] Nova event matching ['req-8a7f3d95-8a08-4ee8-b4fa-4dc52b6875e1'] response: {'name': 'network-changed', 'server_uuid': '5d28859f-4648-4359-9e33-c4bcd5b04752', 'tag': 'db6f3268-0c85-457b-9799-fbb5c2a356bb', 'status': 'completed', 'code': 200}
2026-04-27 22:07:17.434 9 INFO neutron.api.wsgi [req-eb16e396-e60e-4e74-b6ce-028494880751 req-b14afaf1-0c2f-4e1a-9ad2-61e3660fde93 f4ea4fc34c1a40b1ba4a21897c742d5c 4e80522e26014cd68ef40550e9ae4233 - - default default] 10.0.0.152 "GET /v2.0/security-groups?id=ccddbb33-f9e4-4ac1-b0d6-e51ee9676110&fields=id&fields=name HTTP/1.1" status: 200 len: 286 time: 0.0424590
2026-04-27 22:07:17.527 10 INFO neutron.api.wsgi [None req-eb58da93-7263-448a-9d24-c8bd3eba3e2c 0e82c857992b4ddbbaa44f82f57fcdc2 badff1a3a23c4e018c4d54c3adf2dcc1 - - default default] 10.0.0.231 "GET /v2.0/security-groups?tenant_id=9d2b0d86eb18486b899afac5800fbe89&name=default HTTP/1.1" status: 200 len: 3120 time: 0.2559867
2026-04-27 22:07:17.559 10 INFO neutron.notifiers.nova [-] Nova event matching ['req-92cbd962-119e-4229-a5fb-705182e10969'] response: {'server_uuid': '573bd9f2-4136-48f7-9bf8-89b4311c7757', 'name': 'network-vif-plugged', 'status': 'completed', 'tag': '9866119b-20d8-46e4-9e6f-26ee38d97197', 'code': 200}
