2026-04-27 22:07:02.334 9 INFO neutron.api.wsgi [None req-90858db3-6a83-4e19-8cb8-24b4bddf8953 0e82c857992b4ddbbaa44f82f57fcdc2 badff1a3a23c4e018c4d54c3adf2dcc1 - - default default] 10.0.0.231 "PUT /v2.0/routers/eecf0f69-8509-402a-97ca-b4c26ed6173e/remove_router_interface HTTP/1.1" status: 200 len: 503 time: 1.1665292
2026-04-27 22:07:02.342 10 INFO neutron.db.ovn_revision_numbers_db [None req-29fec375-383d-4a6a-86f4-0f18fd0abcf6 0e82c857992b4ddbbaa44f82f57fcdc2 badff1a3a23c4e018c4d54c3adf2dcc1 - - default default] Successfully bumped revision number for resource e61d186f-2ac6-4285-8398-0416bab1001b (type: security_group_rules) to 0
2026-04-27 22:07:02.371 10 INFO neutron.db.ovn_revision_numbers_db [None req-29fec375-383d-4a6a-86f4-0f18fd0abcf6 0e82c857992b4ddbbaa44f82f57fcdc2 badff1a3a23c4e018c4d54c3adf2dcc1 - - default default] Successfully bumped revision number for resource eda42363-54f9-48ad-8c30-80f29af683b1 (type: security_group_rules) to 0
2026-04-27 22:07:02.410 10 INFO neutron.api.wsgi [None req-29fec375-383d-4a6a-86f4-0f18fd0abcf6 0e82c857992b4ddbbaa44f82f57fcdc2 badff1a3a23c4e018c4d54c3adf2dcc1 - - default default] 10.0.0.231 "GET /v2.0/security-groups?tenant_id=b126d0d9a0eb44db8f7df4a7a2ee6c74&name=default HTTP/1.1" status: 200 len: 3120 time: 0.3843567 /var/lib/openstack/lib/python3.12/site-packages/pycadf/identifier.py:71: UserWarning: Invalid uuid: neutron. To ensure interoperability, identifiers should be a valid uuid. warnings.warn(('Invalid uuid: %s. To ensure interoperability, '
2026-04-27 22:07:02.642 9 INFO neutron.api.wsgi [None req-35b2f4e4-bc9f-4817-b425-14d74c49f6fa 0e82c857992b4ddbbaa44f82f57fcdc2 badff1a3a23c4e018c4d54c3adf2dcc1 - - default default] 10.0.0.231 "DELETE /v2.0/security-groups/305d50a7-72b0-4bfd-b7dd-99191a25a9cf HTTP/1.1" status: 204 len: 168 time: 0.2255113
2026-04-27 22:07:02.690 10 INFO neutron.api.wsgi [req-2ad1f8bd-fbda-45f2-8b12-e435b84aa3a2 req-b9660797-c6df-4bfa-8b2a-a742960d97fd b190cd0a78684813b2bcb348d103d979 d294d4267df748699138ba6bde02c59b - - default default] 10.0.0.152 "GET /v2.0/security-groups?name=tempest-securitygroup--2098260261&fields=id&tenant_id=d294d4267df748699138ba6bde02c59b HTTP/1.1" status: 200 len: 267 time: 0.0389967
2026-04-27 22:07:02.755 10 INFO neutron.api.wsgi [req-2ad1f8bd-fbda-45f2-8b12-e435b84aa3a2 req-5c32211b-caa8-430e-9e88-aea92919bf81 b190cd0a78684813b2bcb348d103d979 d294d4267df748699138ba6bde02c59b - - default default] 10.0.0.152 "GET /v2.0/networks?id=18c94c7f-d2c1-4827-8e50-44457ca16f0e HTTP/1.1" status: 200 len: 872 time: 0.0573146
2026-04-27 22:07:02.764 9 INFO neutron.api.wsgi [req-1eaaab09-26fc-4a91-afb4-4150a68e3d30 req-c4d3acc2-914e-4d1f-a9cc-342c33a9bab9 f54b47e01fb34fc6a909b7a1289e3af7 ce3d2c85d8ab4a089131d47a09b49c6d - - default default] 199.19.213.228 "GET /v2.0/ports?device_id=e5a1782c-5477-47e2-b9c7-7d7b88884ca2&device_owner=compute%3Anova&fixed_ips=ip_address%3D10.100.0.10 HTTP/1.1" status: 200 len: 1352 time: 0.0985131
2026-04-27 22:07:02.773 10 INFO neutron.api.wsgi [req-2ad1f8bd-fbda-45f2-8b12-e435b84aa3a2 req-106e580a-9ffb-444a-b8b0-a64b82942918 b190cd0a78684813b2bcb348d103d979 d294d4267df748699138ba6bde02c59b - - default default] 10.0.0.152 "GET /v2.0/quotas/d294d4267df748699138ba6bde02c59b HTTP/1.1" status: 200 len: 491 time: 0.0111666
2026-04-27 22:07:02.850 9 INFO neutron.db.ovn_revision_numbers_db [None req-ec3e2fd0-0153-43cb-86b6-3c55f6a306a8 0e82c857992b4ddbbaa44f82f57fcdc2 badff1a3a23c4e018c4d54c3adf2dcc1 - - default default] Successfully bumped revision number for resource 5322a9a0-d224-488e-a904-6b93b9467e03 (type: security_groups) to 1
2026-04-27 22:07:02.862 9 INFO neutron.db.ovn_revision_numbers_db [None req-ec3e2fd0-0153-43cb-86b6-3c55f6a306a8 0e82c857992b4ddbbaa44f82f57fcdc2 badff1a3a23c4e018c4d54c3adf2dcc1 - - default default] Successfully bumped revision number for resource 1fc31470-f508-40dc-96ec-32d0932bbd1b (type: security_group_rules) to 0
2026-04-27 22:07:02.875 10 INFO neutron.api.wsgi [req-2ad1f8bd-fbda-45f2-8b12-e435b84aa3a2 req-9ca3f441-993c-4cc5-aa43-969a32539e03 b190cd0a78684813b2bcb348d103d979 d294d4267df748699138ba6bde02c59b - - default default] 10.0.0.152 "GET /v2.0/ports?tenant_id=d294d4267df748699138ba6bde02c59b&fields=id HTTP/1.1" status: 200 len: 302 time: 0.0893683
2026-04-27 22:07:02.876 9 INFO neutron.db.ovn_revision_numbers_db [None req-ec3e2fd0-0153-43cb-86b6-3c55f6a306a8 0e82c857992b4ddbbaa44f82f57fcdc2 badff1a3a23c4e018c4d54c3adf2dcc1 - - default default] Successfully bumped revision number for resource 1fe26018-1b4a-4f60-975f-b3b0f9466c48 (type: security_group_rules) to 0
2026-04-27 22:07:02.890 9 INFO neutron.db.ovn_revision_numbers_db [None req-ec3e2fd0-0153-43cb-86b6-3c55f6a306a8 0e82c857992b4ddbbaa44f82f57fcdc2 badff1a3a23c4e018c4d54c3adf2dcc1 - - default default] Successfully bumped revision number for resource 25f4559a-6122-48f5-8b34-9309a64352b9 (type: security_group_rules) to 0
2026-04-27 22:07:02.903 9 INFO neutron.db.ovn_revision_numbers_db [None req-ec3e2fd0-0153-43cb-86b6-3c55f6a306a8 0e82c857992b4ddbbaa44f82f57fcdc2 badff1a3a23c4e018c4d54c3adf2dcc1 - - default default] Successfully bumped revision number for resource f90b5a15-67c6-4868-9851-2ba184cfdc1e (type: security_group_rules) to 0
2026-04-27 22:07:02.938 9 INFO neutron.api.wsgi [None req-ec3e2fd0-0153-43cb-86b6-3c55f6a306a8 0e82c857992b4ddbbaa44f82f57fcdc2 badff1a3a23c4e018c4d54c3adf2dcc1 - - default default] 10.0.0.231 "GET /v2.0/security-groups?tenant_id=7c5ac4b60cee4778a3af7c603a5fdd2c&name=default HTTP/1.1" status: 200 len: 3120 time: 0.2025092
2026-04-27 22:07:02.955 10 INFO neutron.api.wsgi [req-2ad1f8bd-fbda-45f2-8b12-e435b84aa3a2 req-b0fb76ba-82af-442d-afd5-d129966a9115 574141f4da6c4ad8ab3a6842a6d97c5a 85c3324aefca416482414cbe12d2d06b - - dad4b4b2a7e544489a0095d9c3514c2a dad4b4b2a7e544489a0095d9c3514c2a] 10.0.0.152 "GET /v2.0/networks/18c94c7f-d2c1-4827-8e50-44457ca16f0e?fields=segments HTTP/1.1" status: 200 len: 212 time: 0.0672946
2026-04-27 22:07:03.028 10 INFO neutron.api.wsgi [req-2ad1f8bd-fbda-45f2-8b12-e435b84aa3a2 req-b7df02c1-b0a6-4089-be33-572c1679509a 574141f4da6c4ad8ab3a6842a6d97c5a 85c3324aefca416482414cbe12d2d06b - - dad4b4b2a7e544489a0095d9c3514c2a dad4b4b2a7e544489a0095d9c3514c2a] 10.0.0.152 "GET /v2.0/networks/18c94c7f-d2c1-4827-8e50-44457ca16f0e?fields=provider%3Aphysical_network&fields=provider%3Anetwork_type HTTP/1.1" status: 200 len: 277 time: 0.0663471
2026-04-27 22:07:03.068 10 INFO neutron.api.wsgi [None req-6b239147-c38c-440b-8483-2563a934080d 0e82c857992b4ddbbaa44f82f57fcdc2 badff1a3a23c4e018c4d54c3adf2dcc1 - - default default] 10.0.0.231 "DELETE /v2.0/routers/eecf0f69-8509-402a-97ca-b4c26ed6173e HTTP/1.1" status: 204 len: 168 time: 0.7299962
2026-04-27 22:07:03.161 9 INFO neutron.api.wsgi [req-9840fc08-54cb-4bcb-865a-f383900247bb req-f6440405-139b-4990-9c92-944ad22a4bfe b190cd0a78684813b2bcb348d103d979 d294d4267df748699138ba6bde02c59b - - default default] 10.0.0.152 "GET /v2.0/ports?device_id=573bd9f2-4136-48f7-9bf8-89b4311c7757 HTTP/1.1" status: 200 len: 210 time: 0.0284383
2026-04-27 22:07:03.251 9 INFO neutron.api.wsgi [None req-854d4d6d-5901-4f5f-8ab4-5a24ad42bb5b 0e82c857992b4ddbbaa44f82f57fcdc2 badff1a3a23c4e018c4d54c3adf2dcc1 - - default default] 10.0.0.231 "DELETE /v2.0/security-groups/5322a9a0-d224-488e-a904-6b93b9467e03 HTTP/1.1" status: 204 len: 168 time: 0.3095913
2026-04-27 22:07:03.307 9 INFO neutron.api.wsgi [None req-8a03843e-f352-49d0-9abf-a5f73ca802f2 0e82c857992b4ddbbaa44f82f57fcdc2 badff1a3a23c4e018c4d54c3adf2dcc1 - - default default] 10.0.0.231 "DELETE /v2.0/subnets/2f04e68b-5009-4a1c-b920-7974224fd5b5 HTTP/1.1" status: 204 len: 168 time: 0.2337773
2026-04-27 22:07:03.529 9 INFO neutron.db.ovn_revision_numbers_db [req-1eaaab09-26fc-4a91-afb4-4150a68e3d30 req-ca9e4f7b-b360-4985-8ec7-92187eb0ed91 f54b47e01fb34fc6a909b7a1289e3af7 ce3d2c85d8ab4a089131d47a09b49c6d - - default default] Successfully bumped revision number for resource 1ecabae5-fc40-4ca5-b16d-d4f4ebc75311 (type: ports) to 7
2026-04-27 22:07:03.542 9 INFO neutron.api.wsgi [req-1eaaab09-26fc-4a91-afb4-4150a68e3d30 req-ca9e4f7b-b360-4985-8ec7-92187eb0ed91 f54b47e01fb34fc6a909b7a1289e3af7 ce3d2c85d8ab4a089131d47a09b49c6d - - default default] 199.19.213.228 "PUT /v2.0/ports/1ecabae5-fc40-4ca5-b16d-d4f4ebc75311 HTTP/1.1" status: 200 len: 1167 time: 0.7730641
2026-04-27 22:07:03.577 9 INFO neutron.notifiers.nova [-] Nova event matching ['req-056ceb96-c242-45a8-8777-261fe1d16b36'] response: {'name': 'network-changed', 'server_uuid': 'e5a1782c-5477-47e2-b9c7-7d7b88884ca2', 'tag': '1ecabae5-fc40-4ca5-b16d-d4f4ebc75311', 'status': 'completed', 'code': 200}
2026-04-27 22:07:03.707 10 INFO neutron.services.segments.plugin [-] Segment b5a96ac3-9b09-4c16-8ddc-576c4e80784f resource provider aggregate not found
2026-04-27 22:07:03.710 10 INFO neutron.services.segments.plugin [-] Segment b5a96ac3-9b09-4c16-8ddc-576c4e80784f resource provider aggregate not found
2026-04-27 22:07:03.726 10 INFO neutron.services.segments.plugin [-] Segment b5a96ac3-9b09-4c16-8ddc-576c4e80784f resource provider not found; error: Placement Client Error (4xx): {"errors": [{"status": 404, "title": "Not Found", "detail": "The resource could not be found.\n\n No resource provider with uuid b5a96ac3-9b09-4c16-8ddc-576c4e80784f found for delete ", "request_id": "req-331f642e-284a-42d2-8945-560c054039da"}]}
2026-04-27 22:07:03.734 10 INFO neutron.services.segments.plugin [-] Segment b5a96ac3-9b09-4c16-8ddc-576c4e80784f resource provider not found; error: Placement Client Error (4xx): {"errors": [{"status": 404, "title": "Not Found", "detail": "The resource could not be found.\n\n No resource provider with uuid b5a96ac3-9b09-4c16-8ddc-576c4e80784f found for delete ", "request_id": "req-efccf41f-c7cc-44bd-95ea-e22bbf84a091"}]}
2026-04-27 22:07:03.742 10 INFO neutron.api.wsgi [None req-7deef160-95d9-4e03-bdbc-e76fa6b69a92 0e82c857992b4ddbbaa44f82f57fcdc2 badff1a3a23c4e018c4d54c3adf2dcc1 - - default default] 10.0.0.231 "DELETE /v2.0/networks/2de67b3e-3fc3-460d-8134-901b79a2fa44 HTTP/1.1" status: 204 len: 168 time: 0.4315684 /var/lib/openstack/lib/python3.12/site-packages/pycadf/identifier.py:71: UserWarning: Invalid uuid: neutron. To ensure interoperability, identifiers should be a valid uuid. warnings.warn(('Invalid uuid: %s. To ensure interoperability, '
2026-04-27 22:07:03.918 9 INFO neutron.api.wsgi [None req-7f3b8dd6-5198-4232-8627-797e025a7191 0e82c857992b4ddbbaa44f82f57fcdc2 badff1a3a23c4e018c4d54c3adf2dcc1 - - default default] 10.0.0.231 "GET /v2.0/security-groups?tenant_id=9c3e470f895c443eb69d1dd26002d333&name=default HTTP/1.1" status: 200 len: 3120 time: 0.0358315
2026-04-27 22:07:04.085 9 INFO neutron.api.wsgi [req-1eaaab09-26fc-4a91-afb4-4150a68e3d30 req-85869549-75a6-4fe2-a229-0eec2a13e81c 574141f4da6c4ad8ab3a6842a6d97c5a 85c3324aefca416482414cbe12d2d06b - - dad4b4b2a7e544489a0095d9c3514c2a dad4b4b2a7e544489a0095d9c3514c2a] 199.19.213.228 "GET /v2.0/ports?tenant_id=ce3d2c85d8ab4a089131d47a09b49c6d&device_id=e5a1782c-5477-47e2-b9c7-7d7b88884ca2 HTTP/1.1" status: 200 len: 1409 time: 0.0377693
2026-04-27 22:07:04.133 9 INFO neutron.api.wsgi [req-1eaaab09-26fc-4a91-afb4-4150a68e3d30 req-94a0b049-448e-4f7d-a792-6d8fb0fb8a40 574141f4da6c4ad8ab3a6842a6d97c5a 85c3324aefca416482414cbe12d2d06b - - dad4b4b2a7e544489a0095d9c3514c2a dad4b4b2a7e544489a0095d9c3514c2a] 199.19.213.228 "GET /v2.0/networks?id=df4cebd9-add2-4021-8adf-cbe9d4357211 HTTP/1.1" status: 200 len: 981 time: 0.0426586
2026-04-27 22:07:04.140 9 INFO neutron.api.wsgi [None req-51740dbd-aec0-4b13-b3bd-765c1ae6ea09 0e82c857992b4ddbbaa44f82f57fcdc2 badff1a3a23c4e018c4d54c3adf2dcc1 - - default default] 10.0.0.231 "DELETE /v2.0/security-groups/e1e151be-82c3-4f4e-a02c-276b81d583f1 HTTP/1.1" status: 204 len: 168 time: 0.2177825
2026-04-27 22:07:04.175 9 INFO neutron.api.wsgi [req-1eaaab09-26fc-4a91-afb4-4150a68e3d30 req-719a9c32-22d4-46e7-a979-7f384805c2cb 574141f4da6c4ad8ab3a6842a6d97c5a 85c3324aefca416482414cbe12d2d06b - - dad4b4b2a7e544489a0095d9c3514c2a dad4b4b2a7e544489a0095d9c3514c2a] 199.19.213.228 "GET /v2.0/floatingips?fixed_ip_address=10.100.0.7&port_id=1ecabae5-fc40-4ca5-b16d-d4f4ebc75311 HTTP/1.1" status: 200 len: 1059 time: 0.0340395
2026-04-27 22:07:04.204 9 INFO neutron.api.wsgi [req-1eaaab09-26fc-4a91-afb4-4150a68e3d30 req-32f40078-c7d2-4f09-aeca-13c7ba12806f 574141f4da6c4ad8ab3a6842a6d97c5a 85c3324aefca416482414cbe12d2d06b - - dad4b4b2a7e544489a0095d9c3514c2a dad4b4b2a7e544489a0095d9c3514c2a] 199.19.213.228 "GET /v2.0/subnets?id=c40e5a98-8b48-4344-a328-17efe6eec903 HTTP/1.1" status: 200 len: 900 time: 0.0233057
2026-04-27 22:07:04.228 9 INFO neutron.api.wsgi [req-1eaaab09-26fc-4a91-afb4-4150a68e3d30 req-578dbb46-f96f-4a45-b357-d5c7c5fca25e 574141f4da6c4ad8ab3a6842a6d97c5a 85c3324aefca416482414cbe12d2d06b - - dad4b4b2a7e544489a0095d9c3514c2a dad4b4b2a7e544489a0095d9c3514c2a] 199.19.213.228 "GET /v2.0/ports?network_id=df4cebd9-add2-4021-8adf-cbe9d4357211&device_owner=network%3Adhcp HTTP/1.1" status: 200 len: 210 time: 0.0180540
2026-04-27 22:07:04.283 9 INFO neutron.api.wsgi [req-1eaaab09-26fc-4a91-afb4-4150a68e3d30 req-f1f4f3c2-8d62-43f5-95b5-65890f7c5e26 574141f4da6c4ad8ab3a6842a6d97c5a 85c3324aefca416482414cbe12d2d06b - - dad4b4b2a7e544489a0095d9c3514c2a dad4b4b2a7e544489a0095d9c3514c2a] 199.19.213.228 "GET /v2.0/networks/df4cebd9-add2-4021-8adf-cbe9d4357211?fields=segments HTTP/1.1" status: 200 len: 212 time: 0.0405543
2026-04-27 22:07:04.360 9 INFO neutron.api.wsgi [req-1eaaab09-26fc-4a91-afb4-4150a68e3d30 req-0094ef46-c451-474e-acd5-43949eadef76 574141f4da6c4ad8ab3a6842a6d97c5a 85c3324aefca416482414cbe12d2d06b - - dad4b4b2a7e544489a0095d9c3514c2a dad4b4b2a7e544489a0095d9c3514c2a] 199.19.213.228 "GET /v2.0/networks/df4cebd9-add2-4021-8adf-cbe9d4357211?fields=provider%3Aphysical_network&fields=provider%3Anetwork_type HTTP/1.1" status: 200 len: 277 time: 0.0593770
2026-04-27 22:07:04.399 10 INFO neutron.api.wsgi [req-33e1e461-c52c-4cab-a28b-0cb05ff7b5df req-be6024c1-4943-43a3-bd9c-6708cfd7ff5e b190cd0a78684813b2bcb348d103d979 d294d4267df748699138ba6bde02c59b - - default default] 10.0.0.152 "GET /v2.0/ports?device_id=573bd9f2-4136-48f7-9bf8-89b4311c7757 HTTP/1.1" status: 200 len: 210 time: 0.0224040
2026-04-27 22:07:04.947 9 INFO neutron.api.wsgi [req-ed684df7-596c-418e-b4b9-91109cb4ed1b req-ccfbd26e-0bc6-4f72-8672-476533a9c028 f54b47e01fb34fc6a909b7a1289e3af7 ce3d2c85d8ab4a089131d47a09b49c6d - - default default] 10.0.0.152 "GET /v2.0/ports?device_id=e5a1782c-5477-47e2-b9c7-7d7b88884ca2 HTTP/1.1" status: 200 len: 1170 time: 0.0319817
2026-04-27 22:07:04.985 9 INFO neutron.api.wsgi [req-ed684df7-596c-418e-b4b9-91109cb4ed1b req-88696371-a18d-4c2a-93a7-d9c9154930e1 f54b47e01fb34fc6a909b7a1289e3af7 ce3d2c85d8ab4a089131d47a09b49c6d - - default default] 10.0.0.152 "GET /v2.0/security-groups?id=50aa8078-97e8-43b7-ae36-f705dfa2a43b&fields=id&fields=name HTTP/1.1" status: 200 len: 312 time: 0.0318954
2026-04-27 22:07:05.275 10 WARNING neutron.plugins.ml2.drivers.ovn.mech_driver.ovsdb.ovn_client [None req-44644f53-78a6-465f-b885-a4a71eea453e - - - - - -] No hosting information found for port 8a66f300-022f-4933-9f99-0752d73fdeee: RuntimeError: No hosting information found for port 8a66f300-022f-4933-9f99-0752d73fdeee
2026-04-27 22:07:05.334 10 INFO neutron.db.ovn_revision_numbers_db [None req-44644f53-78a6-465f-b885-a4a71eea453e - - - - - -] Successfully bumped revision number for resource 8a66f300-022f-4933-9f99-0752d73fdeee (type: router_ports) to 2
2026-04-27 22:07:05.413 9 INFO neutron.api.wsgi [req-a348d2ca-a16c-483a-a2b5-b583a1cbf4c2 req-2f7b6837-f7b4-4dcc-8dea-db009e024004 574141f4da6c4ad8ab3a6842a6d97c5a 85c3324aefca416482414cbe12d2d06b - - dad4b4b2a7e544489a0095d9c3514c2a dad4b4b2a7e544489a0095d9c3514c2a] 199.19.213.228 "GET /v2.0/ports?tenant_id=ce3d2c85d8ab4a089131d47a09b49c6d&device_id=e5a1782c-5477-47e2-b9c7-7d7b88884ca2 HTTP/1.1" status: 200 len: 1409 time: 0.0325286
2026-04-27 22:07:05.475 9 INFO neutron.plugins.ml2.drivers.ovn.mech_driver.mech_driver [None req-3d69ab11-f5a8-4ea1-8732-89f8d0b5a400 - - - - - -] OVN reports status down for port: 1ecabae5-fc40-4ca5-b16d-d4f4ebc75311
2026-04-27 22:07:05.490 9 INFO neutron.api.wsgi [req-a348d2ca-a16c-483a-a2b5-b583a1cbf4c2 req-c38d6aaa-d222-4506-a9e5-2b1e0b3739f9 574141f4da6c4ad8ab3a6842a6d97c5a 85c3324aefca416482414cbe12d2d06b - - dad4b4b2a7e544489a0095d9c3514c2a dad4b4b2a7e544489a0095d9c3514c2a] 199.19.213.228 "GET /v2.0/networks?id=df4cebd9-add2-4021-8adf-cbe9d4357211 HTTP/1.1" status: 200 len: 981 time: 0.0703344
2026-04-27 22:07:05.512 10 INFO neutron.api.wsgi [req-7dd4c6e3-c551-4397-b3b1-2273c1adfdb6 req-096c24a8-7a30-47fd-a8d4-2e32b483f61e b190cd0a78684813b2bcb348d103d979 d294d4267df748699138ba6bde02c59b - - default default] 10.0.0.152 "GET /v2.0/ports?device_id=573bd9f2-4136-48f7-9bf8-89b4311c7757 HTTP/1.1" status: 200 len: 210 time: 0.0330293
2026-04-27 22:07:05.535 9 INFO neutron.api.wsgi [req-a348d2ca-a16c-483a-a2b5-b583a1cbf4c2 req-052c8a61-0d1c-4b24-8678-8e6c2711ffae 574141f4da6c4ad8ab3a6842a6d97c5a 85c3324aefca416482414cbe12d2d06b - - dad4b4b2a7e544489a0095d9c3514c2a dad4b4b2a7e544489a0095d9c3514c2a] 199.19.213.228 "GET /v2.0/floatingips?fixed_ip_address=10.100.0.7&port_id=1ecabae5-fc40-4ca5-b16d-d4f4ebc75311 HTTP/1.1" status: 200 len: 1059 time: 0.0394390
2026-04-27 22:07:05.569 9 INFO neutron.api.wsgi [req-a348d2ca-a16c-483a-a2b5-b583a1cbf4c2 req-ff5c34cd-f4d4-438e-80e8-a45ed98f2adf 574141f4da6c4ad8ab3a6842a6d97c5a 85c3324aefca416482414cbe12d2d06b - - dad4b4b2a7e544489a0095d9c3514c2a dad4b4b2a7e544489a0095d9c3514c2a] 199.19.213.228 "GET /v2.0/subnets?id=c40e5a98-8b48-4344-a328-17efe6eec903 HTTP/1.1" status: 200 len: 900 time: 0.0244265
2026-04-27 22:07:05.619 9 INFO neutron.api.wsgi [req-a348d2ca-a16c-483a-a2b5-b583a1cbf4c2 req-23522696-86c2-4d78-a033-6da22e527619 574141f4da6c4ad8ab3a6842a6d97c5a 85c3324aefca416482414cbe12d2d06b - - dad4b4b2a7e544489a0095d9c3514c2a dad4b4b2a7e544489a0095d9c3514c2a] 199.19.213.228 "GET /v2.0/ports?network_id=df4cebd9-add2-4021-8adf-cbe9d4357211&device_owner=network%3Adhcp HTTP/1.1" status: 200 len: 210 time: 0.0354884
2026-04-27 22:07:05.644 9 INFO neutron.notifiers.nova [-] Nova event matching ['req-172c9065-02c5-49fb-ab12-126295481ea6'] response: {'server_uuid': 'e5a1782c-5477-47e2-b9c7-7d7b88884ca2', 'name': 'network-vif-unplugged', 'status': 'completed', 'tag': '1ecabae5-fc40-4ca5-b16d-d4f4ebc75311', 'code': 200}
2026-04-27 22:07:05.673 9 INFO neutron.api.wsgi [req-a348d2ca-a16c-483a-a2b5-b583a1cbf4c2 req-c6890281-8f61-4bf2-b180-c9873973adea 574141f4da6c4ad8ab3a6842a6d97c5a 85c3324aefca416482414cbe12d2d06b - - dad4b4b2a7e544489a0095d9c3514c2a dad4b4b2a7e544489a0095d9c3514c2a] 199.19.213.228 "GET /v2.0/networks/df4cebd9-add2-4021-8adf-cbe9d4357211?fields=segments HTTP/1.1" status: 200 len: 212 time: 0.0478210
2026-04-27 22:07:05.723 9 INFO neutron.api.wsgi [req-a348d2ca-a16c-483a-a2b5-b583a1cbf4c2 req-455dcc48-8f32-4512-b1f6-856197bcd008 574141f4da6c4ad8ab3a6842a6d97c5a 85c3324aefca416482414cbe12d2d06b - - dad4b4b2a7e544489a0095d9c3514c2a dad4b4b2a7e544489a0095d9c3514c2a] 199.19.213.228 "GET /v2.0/networks/df4cebd9-add2-4021-8adf-cbe9d4357211?fields=provider%3Aphysical_network&fields=provider%3Anetwork_type HTTP/1.1" status: 200 len: 277 time: 0.0419059
2026-04-27 22:07:05.769 9 INFO neutron.db.ovn_revision_numbers_db [None req-3d69ab11-f5a8-4ea1-8732-89f8d0b5a400 - - - - - -] Successfully bumped revision number for resource 1ecabae5-fc40-4ca5-b16d-d4f4ebc75311 (type: ports) to 8
2026-04-27 22:07:05.970 10 INFO neutron.db.ovn_revision_numbers_db [None req-0670d349-0806-40f1-86ac-9117dfaa1886 0e82c857992b4ddbbaa44f82f57fcdc2 badff1a3a23c4e018c4d54c3adf2dcc1 - - default default] Successfully bumped revision number for resource c5c655d0-a937-4b62-b614-57d3fb67227a (type: security_groups) to 1
2026-04-27 22:07:05.983 10 INFO neutron.db.ovn_revision_numbers_db [None req-0670d349-0806-40f1-86ac-9117dfaa1886 0e82c857992b4ddbbaa44f82f57fcdc2 badff1a3a23c4e018c4d54c3adf2dcc1 - - default default] Successfully bumped revision number for resource 12f16a34-bc12-4144-b988-a2d2cc0bd405 (type: security_group_rules) to 0
2026-04-27 22:07:05.997 10 INFO neutron.db.ovn_revision_numbers_db [None req-0670d349-0806-40f1-86ac-9117dfaa1886 0e82c857992b4ddbbaa44f82f57fcdc2 badff1a3a23c4e018c4d54c3adf2dcc1 - - default default] Successfully bumped revision number for resource 2c461203-24c4-497c-919f-6b1dcc586f14 (type: security_group_rules) to 0
2026-04-27 22:07:06.016 10 INFO neutron.db.ovn_revision_numbers_db [None req-0670d349-0806-40f1-86ac-9117dfaa1886 0e82c857992b4ddbbaa44f82f57fcdc2 badff1a3a23c4e018c4d54c3adf2dcc1 - - default default] Successfully bumped revision number for resource 37d962fe-2de3-4971-a6ba-ed6624e27db6 (type: security_group_rules) to 0
2026-04-27 22:07:06.032 10 INFO neutron.db.ovn_revision_numbers_db [None req-0670d349-0806-40f1-86ac-9117dfaa1886 0e82c857992b4ddbbaa44f82f57fcdc2 badff1a3a23c4e018c4d54c3adf2dcc1 - - default default] Successfully bumped revision number for resource 824ebcc9-27f6-4de8-a4b6-bf9328c1b546 (type: security_group_rules) to 0
2026-04-27 22:07:06.060 10 INFO neutron.db.ovn_revision_numbers_db [None req-16b01250-0591-4178-a5ad-b2ee66bdc13f 0e82c857992b4ddbbaa44f82f57fcdc2 badff1a3a23c4e018c4d54c3adf2dcc1 - - default default] Successfully bumped revision number for resource ccddbb33-f9e4-4ac1-b0d6-e51ee9676110 (type: security_groups) to 1
2026-04-27 22:07:06.082 10 INFO neutron.db.ovn_revision_numbers_db [None req-16b01250-0591-4178-a5ad-b2ee66bdc13f 0e82c857992b4ddbbaa44f82f57fcdc2 badff1a3a23c4e018c4d54c3adf2dcc1 - - default default] Successfully bumped revision number for resource 566563b9-684e-4b4b-88db-cc8175bd664c (type: security_group_rules) to 0
2026-04-27 22:07:06.086 10 INFO neutron.api.wsgi [None req-0670d349-0806-40f1-86ac-9117dfaa1886 0e82c857992b4ddbbaa44f82f57fcdc2 badff1a3a23c4e018c4d54c3adf2dcc1 - - default default] 10.0.0.231 "GET /v2.0/security-groups?tenant_id=7cbff2461629444091628d39f3ded041&name=default HTTP/1.1" status: 200 len: 3120 time: 0.4104834 /var/lib/openstack/lib/python3.12/site-packages/pycadf/identifier.py:71: UserWarning: Invalid uuid: neutron. To ensure interoperability, identifiers should be a valid uuid. warnings.warn(('Invalid uuid: %s. To ensure interoperability, '
2026-04-27 22:07:06.104 10 INFO neutron.db.ovn_revision_numbers_db [None req-16b01250-0591-4178-a5ad-b2ee66bdc13f 0e82c857992b4ddbbaa44f82f57fcdc2 badff1a3a23c4e018c4d54c3adf2dcc1 - - default default] Successfully bumped revision number for resource 61904171-c0ff-416c-9bb6-afbb2b1948e4 (type: security_group_rules) to 0
2026-04-27 22:07:06.119 10 INFO neutron.db.ovn_revision_numbers_db [None req-16b01250-0591-4178-a5ad-b2ee66bdc13f 0e82c857992b4ddbbaa44f82f57fcdc2 badff1a3a23c4e018c4d54c3adf2dcc1 - - default default] Successfully bumped revision number for resource 871d10c9-7811-4436-a4b9-c18c0927ebf1 (type: security_group_rules) to 0
2026-04-27 22:07:06.127 10 INFO neutron.api.wsgi [req-87b2870f-09f2-44c0-9dfe-82221a940ea7 req-f64466e7-7097-403a-928f-4017a21b8017 f54b47e01fb34fc6a909b7a1289e3af7 ce3d2c85d8ab4a089131d47a09b49c6d - - default default] 10.0.0.152 "GET /v2.0/ports?device_id=e5a1782c-5477-47e2-b9c7-7d7b88884ca2 HTTP/1.1" status: 200 len: 1168 time: 0.0783947
2026-04-27 22:07:06.139 10 INFO neutron.db.ovn_revision_numbers_db [None req-16b01250-0591-4178-a5ad-b2ee66bdc13f 0e82c857992b4ddbbaa44f82f57fcdc2 badff1a3a23c4e018c4d54c3adf2dcc1 - - default default] Successfully bumped revision number for resource eec1d185-b882-4023-8323-f5803d2eb943 (type: security_group_rules) to 0
2026-04-27 22:07:06.172 10 INFO neutron.api.wsgi [req-87b2870f-09f2-44c0-9dfe-82221a940ea7 req-af663295-678e-4dd7-906b-8ca8e4c4912b f54b47e01fb34fc6a909b7a1289e3af7 ce3d2c85d8ab4a089131d47a09b49c6d - - default default] 10.0.0.152 "GET /v2.0/security-groups?id=50aa8078-97e8-43b7-ae36-f705dfa2a43b&fields=id&fields=name HTTP/1.1" status: 200 len: 312 time: 0.0390573
2026-04-27 22:07:06.213 10 INFO neutron.db.segments_db [None req-16b01250-0591-4178-a5ad-b2ee66bdc13f 0e82c857992b4ddbbaa44f82f57fcdc2 badff1a3a23c4e018c4d54c3adf2dcc1 - - default default] Added segment 65234203-74c2-4a8e-9288-0616e1529485 of type geneve for network 7b2785c7-d6f6-46cf-b8a8-e0e72c095271
2026-04-27 22:07:06.310 9 INFO neutron.api.wsgi [None req-8c006c31-4ead-436f-a8f3-6b17e153bf8c 0e82c857992b4ddbbaa44f82f57fcdc2 badff1a3a23c4e018c4d54c3adf2dcc1 - - default default] 10.0.0.231 "DELETE /v2.0/security-groups/c5c655d0-a937-4b62-b614-57d3fb67227a HTTP/1.1" status: 204 len: 168 time: 0.2186415
2026-04-27 22:07:06.320 10 INFO neutron.db.ovn_revision_numbers_db [None req-16b01250-0591-4178-a5ad-b2ee66bdc13f 0e82c857992b4ddbbaa44f82f57fcdc2 badff1a3a23c4e018c4d54c3adf2dcc1 - - default default] Successfully bumped revision number for resource 7b2785c7-d6f6-46cf-b8a8-e0e72c095271 (type: networks) to 1
2026-04-27 22:07:06.488 10 WARNING neutron.scheduler.dhcp_agent_scheduler [None req-16b01250-0591-4178-a5ad-b2ee66bdc13f 0e82c857992b4ddbbaa44f82f57fcdc2 badff1a3a23c4e018c4d54c3adf2dcc1 - - default default] No more DHCP agents
2026-04-27 22:07:06.490 10 WARNING neutron.api.rpc.agentnotifiers.dhcp_rpc_agent_api [None req-16b01250-0591-4178-a5ad-b2ee66bdc13f 0e82c857992b4ddbbaa44f82f57fcdc2 badff1a3a23c4e018c4d54c3adf2dcc1 - - default default] Unable to schedule network 7b2785c7-d6f6-46cf-b8a8-e0e72c095271: no agents available; will retry on subsequent port and subnet creation events.
2026-04-27 22:07:06.551 10 INFO neutron.db.ovn_revision_numbers_db [None req-16b01250-0591-4178-a5ad-b2ee66bdc13f 0e82c857992b4ddbbaa44f82f57fcdc2 badff1a3a23c4e018c4d54c3adf2dcc1 - - default default] Successfully bumped revision number for resource a9e9cec9-1d9a-4bf6-8fc1-d8be1e2bf817 (type: ports) to 1
2026-04-27 22:07:06.571 10 INFO neutron.api.wsgi [None req-16b01250-0591-4178-a5ad-b2ee66bdc13f 0e82c857992b4ddbbaa44f82f57fcdc2 badff1a3a23c4e018c4d54c3adf2dcc1 - - default default] 10.0.0.231 "POST /v2.0/networks HTTP/1.1" status: 201 len: 948 time: 0.6975400
2026-04-27 22:07:06.607 9 INFO neutron.api.wsgi [req-e019594b-e8f8-4d4b-9883-b4be2eb209e6 req-2e5692f1-184a-4b4a-866f-7669951e86e9 b190cd0a78684813b2bcb348d103d979 d294d4267df748699138ba6bde02c59b - - default default] 10.0.0.152 "GET /v2.0/ports?device_id=573bd9f2-4136-48f7-9bf8-89b4311c7757 HTTP/1.1" status: 200 len: 210 time: 0.0205894
2026-04-27 22:07:06.699 9 INFO neutron.api.wsgi [req-662746f3-faeb-4b5c-a976-d992ad2a1856 req-23896191-cfd9-4b6b-ba0c-994d2f38c7aa f54b47e01fb34fc6a909b7a1289e3af7 ce3d2c85d8ab4a089131d47a09b49c6d - - default default] 199.19.213.228 "GET /v2.0/ports?device_id=e5a1782c-5477-47e2-b9c7-7d7b88884ca2 HTTP/1.1" status: 200 len: 1168 time: 0.0304902
2026-04-27 22:07:06.706 10 WARNING neutron.scheduler.dhcp_agent_scheduler [None req-5d23e099-2625-41cc-acac-cb277418af76 0e82c857992b4ddbbaa44f82f57fcdc2 badff1a3a23c4e018c4d54c3adf2dcc1 - - default default] No more DHCP agents
2026-04-27 22:07:06.708 10 WARNING neutron.api.rpc.agentnotifiers.dhcp_rpc_agent_api [None req-5d23e099-2625-41cc-acac-cb277418af76 0e82c857992b4ddbbaa44f82f57fcdc2 badff1a3a23c4e018c4d54c3adf2dcc1 - - default default] Unable to schedule network 7b2785c7-d6f6-46cf-b8a8-e0e72c095271: no agents available; will retry on subsequent port and subnet creation events.
2026-04-27 22:07:07.022 9 INFO neutron.db.l3_db [req-662746f3-faeb-4b5c-a976-d992ad2a1856 req-a5862a63-c158-4ec4-bfc4-48563ff34483 f54b47e01fb34fc6a909b7a1289e3af7 ce3d2c85d8ab4a089131d47a09b49c6d - - default default] Floating IP 0494bcfd-d577-4a4b-9596-21257483e8f7 disassociated. External IP: 10.96.250.213, port: 1ecabae5-fc40-4ca5-b16d-d4f4ebc75311.
2026-04-27 22:07:07.090 10 INFO neutron.db.ovn_revision_numbers_db [None req-423b77b8-f8ff-4032-9f6d-da887abea5f3 - - - - - -] Successfully bumped revision number for resource a9e9cec9-1d9a-4bf6-8fc1-d8be1e2bf817 (type: ports) to 2
2026-04-27 22:07:07.121 10 INFO neutron.db.ovn_revision_numbers_db [None req-423b77b8-f8ff-4032-9f6d-da887abea5f3 - - - - - -] Successfully bumped revision number for resource b9a7eb0a-a7ac-42f3-8047-2308cab44ba3 (type: subnets) to 0
2026-04-27 22:07:07.135 10 INFO neutron.api.wsgi [None req-5d23e099-2625-41cc-acac-cb277418af76 0e82c857992b4ddbbaa44f82f57fcdc2 badff1a3a23c4e018c4d54c3adf2dcc1 - - default default] 10.0.0.231 "POST /v2.0/subnets HTTP/1.1" status: 201 len: 892 time: 0.5594380
2026-04-27 22:07:07.147 9 INFO neutron.api.wsgi [req-662746f3-faeb-4b5c-a976-d992ad2a1856 req-a5862a63-c158-4ec4-bfc4-48563ff34483 f54b47e01fb34fc6a909b7a1289e3af7 ce3d2c85d8ab4a089131d47a09b49c6d - - default default] 199.19.213.228 "DELETE /v2.0/ports/1ecabae5-fc40-4ca5-b16d-d4f4ebc75311 HTTP/1.1" status: 204 len: 173 time: 0.4475091
2026-04-27 22:07:07.256 10 INFO neutron.api.wsgi [req-524e5104-0c4a-4258-bd33-25116c625c8e req-dc29f1f0-2be6-47a3-a2e2-79bc9b8e5c6c f54b47e01fb34fc6a909b7a1289e3af7 ce3d2c85d8ab4a089131d47a09b49c6d - - default default] 10.0.0.152 "GET /v2.0/ports?device_id=e5a1782c-5477-47e2-b9c7-7d7b88884ca2 HTTP/1.1" status: 200 len: 210 time: 0.0271235 /var/lib/openstack/lib/python3.12/site-packages/pycadf/identifier.py:71: UserWarning: Invalid uuid: neutron. To ensure interoperability, identifiers should be a valid uuid. warnings.warn(('Invalid uuid: %s. To ensure interoperability, '
2026-04-27 22:07:07.449 9 INFO neutron.api.wsgi [req-2ad1f8bd-fbda-45f2-8b12-e435b84aa3a2 req-1c21d51f-bf22-4668-8aa8-be55b2f0bded b190cd0a78684813b2bcb348d103d979 d294d4267df748699138ba6bde02c59b - - default default] 199.19.213.228 "GET /v2.0/networks?id=18c94c7f-d2c1-4827-8e50-44457ca16f0e HTTP/1.1" status: 200 len: 872 time: 0.0514712
2026-04-27 22:07:07.496 9 INFO neutron.api.wsgi [req-2ad1f8bd-fbda-45f2-8b12-e435b84aa3a2 req-b961808d-b53e-4096-95a7-3e6f76f540a9 b190cd0a78684813b2bcb348d103d979 d294d4267df748699138ba6bde02c59b - - default default] 199.19.213.228 "GET /v2.0/security-groups?fields=id&fields=name&tenant_id=d294d4267df748699138ba6bde02c59b HTTP/1.1" status: 200 len: 380 time: 0.0405488
2026-04-27 22:07:07.505 9 WARNING neutron_lib.context [req-2ad1f8bd-fbda-45f2-8b12-e435b84aa3a2 req-dc4f500e-6a00-436b-a2d2-5ae65f2d4509 b190cd0a78684813b2bcb348d103d979 d294d4267df748699138ba6bde02c59b - - default default] Method 'is_advsvc' is deprecated since 2023.2 release (neutron-lib 3.8.0) and will be removed once support for the old RBAC API policies will be removed from Neutron. Please use method 'is_service_role' instead.
2026-04-27 22:07:07.531 10 WARNING neutron.scheduler.dhcp_agent_scheduler [None req-a3f78f46-ee39-4d54-b6a1-8db880c77c0f 0e82c857992b4ddbbaa44f82f57fcdc2 badff1a3a23c4e018c4d54c3adf2dcc1 - - default default] No more DHCP agents
2026-04-27 22:07:07.532 10 WARNING neutron.api.rpc.agentnotifiers.dhcp_rpc_agent_api [None req-a3f78f46-ee39-4d54-b6a1-8db880c77c0f 0e82c857992b4ddbbaa44f82f57fcdc2 badff1a3a23c4e018c4d54c3adf2dcc1 - - default default] Unable to schedule network c94ce325-93c7-43f1-ad99-bbb4f0ff9636: no agents available; will retry on subsequent port and subnet creation events.
2026-04-27 22:07:07.665 10 INFO neutron.db.ovn_revision_numbers_db [None req-a3f78f46-ee39-4d54-b6a1-8db880c77c0f 0e82c857992b4ddbbaa44f82f57fcdc2 badff1a3a23c4e018c4d54c3adf2dcc1 - - default default] Successfully bumped revision number for resource 59a7ff8f-4d25-4204-a860-3a06d3b4343a (type: ports) to 1
2026-04-27 22:07:07.689 9 INFO neutron.notifiers.nova [-] Nova event matching ['req-15267e2c-8195-4b4a-b9a3-7b0d8eeadfe4'] response: {'server_uuid': 'e5a1782c-5477-47e2-b9c7-7d7b88884ca2', 'name': 'network-vif-unplugged', 'status': 'completed', 'tag': '1ecabae5-fc40-4ca5-b16d-d4f4ebc75311', 'code': 200}
2026-04-27 22:07:07.690 9 INFO neutron.notifiers.nova [-] Nova event matching ['req-15267e2c-8195-4b4a-b9a3-7b0d8eeadfe4'] response: {'server_uuid': 'e5a1782c-5477-47e2-b9c7-7d7b88884ca2', 'name': 'network-vif-deleted', 'tag': '1ecabae5-fc40-4ca5-b16d-d4f4ebc75311', 'status': 'completed', 'code': 200}
2026-04-27 22:07:07.704 9 INFO neutron.api.wsgi [req-d4a9d2e4-26f4-4a1c-ae16-c23583963026 req-6f5defdd-6e2e-4116-b7de-1828e32b1659 b190cd0a78684813b2bcb348d103d979 d294d4267df748699138ba6bde02c59b - - default default] 10.0.0.152 "GET /v2.0/ports?device_id=573bd9f2-4136-48f7-9bf8-89b4311c7757 HTTP/1.1" status: 200 len: 210 time: 0.0227764
2026-04-27 22:07:07.784 9 WARNING neutron.scheduler.dhcp_agent_scheduler [req-2ad1f8bd-fbda-45f2-8b12-e435b84aa3a2 req-dc4f500e-6a00-436b-a2d2-5ae65f2d4509 b190cd0a78684813b2bcb348d103d979 d294d4267df748699138ba6bde02c59b - - default default] No more DHCP agents
2026-04-27 22:07:07.785 9 WARNING neutron.api.rpc.agentnotifiers.dhcp_rpc_agent_api [req-2ad1f8bd-fbda-45f2-8b12-e435b84aa3a2 req-dc4f500e-6a00-436b-a2d2-5ae65f2d4509 b190cd0a78684813b2bcb348d103d979 d294d4267df748699138ba6bde02c59b - - default default] Unable to schedule network 18c94c7f-d2c1-4827-8e50-44457ca16f0e: no agents available; will retry on subsequent port and subnet creation events.
2026-04-27 22:07:07.895 9 INFO neutron.db.ovn_revision_numbers_db [req-2ad1f8bd-fbda-45f2-8b12-e435b84aa3a2 req-dc4f500e-6a00-436b-a2d2-5ae65f2d4509 b190cd0a78684813b2bcb348d103d979 d294d4267df748699138ba6bde02c59b - - default default] Successfully bumped revision number for resource 9866119b-20d8-46e4-9e6f-26ee38d97197 (type: ports) to 1
2026-04-27 22:07:07.918 9 INFO neutron.api.wsgi [req-2ad1f8bd-fbda-45f2-8b12-e435b84aa3a2 req-dc4f500e-6a00-436b-a2d2-5ae65f2d4509 b190cd0a78684813b2bcb348d103d979 d294d4267df748699138ba6bde02c59b - - default default] 199.19.213.228 "POST /v2.0/ports HTTP/1.1" status: 201 len: 1158 time: 0.4174843 /var/lib/openstack/lib/python3.12/site-packages/pycadf/identifier.py:71: UserWarning: Invalid uuid: neutron. To ensure interoperability, identifiers should be a valid uuid. warnings.warn(('Invalid uuid: %s. To ensure interoperability, '
2026-04-27 22:07:08.126 9 WARNING neutron_lib.context [None req-96a452c7-b823-4b02-875a-2199fdb9771b 060439a66991418db10adb335b4afb82 9d2b0d86eb18486b899afac5800fbe89 - - default default] Method 'is_advsvc' is deprecated since 2023.2 release (neutron-lib 3.8.0) and will be removed once support for the old RBAC API policies will be removed from Neutron. Please use method 'is_service_role' instead.
2026-04-27 22:07:08.264 9 INFO neutron.db.ovn_revision_numbers_db [None req-96a452c7-b823-4b02-875a-2199fdb9771b 060439a66991418db10adb335b4afb82 9d2b0d86eb18486b899afac5800fbe89 - - default default] Successfully bumped revision number for resource 02cc9f4d-6092-4b0c-bc74-50beb3f97a31 (type: security_groups) to 1
2026-04-27 22:07:08.279 9 INFO neutron.db.ovn_revision_numbers_db [None req-96a452c7-b823-4b02-875a-2199fdb9771b 060439a66991418db10adb335b4afb82 9d2b0d86eb18486b899afac5800fbe89 - - default default] Successfully bumped revision number for resource 67276ac7-86e6-49ed-9154-4b67325978bf (type: security_group_rules) to 0
2026-04-27 22:07:08.297 9 INFO neutron.db.ovn_revision_numbers_db [None req-96a452c7-b823-4b02-875a-2199fdb9771b 060439a66991418db10adb335b4afb82 9d2b0d86eb18486b899afac5800fbe89 - - default default] Successfully bumped revision number for resource 88923898-77da-4115-a5af-ab38d0f007c5 (type: security_group_rules) to 0
2026-04-27 22:07:08.312 9 INFO neutron.db.ovn_revision_numbers_db [None req-96a452c7-b823-4b02-875a-2199fdb9771b 060439a66991418db10adb335b4afb82 9d2b0d86eb18486b899afac5800fbe89 - - default default] Successfully bumped revision number for resource d0e4bfc8-96c6-44fc-97ee-8a66ff93c595 (type: security_group_rules) to 0
2026-04-27 22:07:08.321 9 INFO neutron.db.ovn_revision_numbers_db [req-2ad1f8bd-fbda-45f2-8b12-e435b84aa3a2 req-b67c08d5-f77a-4649-bde3-d45a72529e78 574141f4da6c4ad8ab3a6842a6d97c5a 85c3324aefca416482414cbe12d2d06b - - dad4b4b2a7e544489a0095d9c3514c2a dad4b4b2a7e544489a0095d9c3514c2a] Successfully bumped revision number for resource 9866119b-20d8-46e4-9e6f-26ee38d97197 (type: ports) to 2
2026-04-27 22:07:08.329 9 INFO neutron.db.ovn_revision_numbers_db [None req-96a452c7-b823-4b02-875a-2199fdb9771b 060439a66991418db10adb335b4afb82 9d2b0d86eb18486b899afac5800fbe89 - - default default] Successfully bumped revision number for resource fefae602-7289-41d5-bc0e-45b436af4767 (type: security_group_rules) to 0
2026-04-27 22:07:08.354 10 INFO neutron.api.wsgi [req-21150465-0844-4597-9231-1d511758ac3f req-3a8f5007-93ab-459e-b107-26d613d69890 f54b47e01fb34fc6a909b7a1289e3af7 ce3d2c85d8ab4a089131d47a09b49c6d - - default default] 10.0.0.152 "GET /v2.0/ports?device_id=e5a1782c-5477-47e2-b9c7-7d7b88884ca2 HTTP/1.1" status: 200 len: 210 time: 0.0203948
2026-04-27 22:07:08.401 9 INFO neutron.db.segments_db [None req-96a452c7-b823-4b02-875a-2199fdb9771b 060439a66991418db10adb335b4afb82 9d2b0d86eb18486b899afac5800fbe89 - - default default] Added segment d8d6fcaa-17d3-4080-ae85-49eb16179cf7 of type geneve for network 7ce8f14f-ce5c-4541-a7ae-dbf58fd8adcf
2026-04-27 22:07:08.442 10 INFO neutron.plugins.ml2.drivers.ovn.mech_driver.ovsdb.commands [None req-004b3a3f-2e83-4cc6-8d1b-50d3b17085ba - - - - - -] Schedule LRP lrp-59a7ff8f-4d25-4204-a860-3a06d3b4343a on gateway 72ddc81f-6fdd-4288-b2d1-df8cbc6a2d67 with priority 1
2026-04-27 22:07:08.453 9 INFO neutron.plugins.ml2.drivers.ovn.mech_driver.mech_driver [None req-0cf456b4-260f-488d-b54b-ab2b2bcfcdaa - - - - - -] OVN reports status up for port: 59a7ff8f-4d25-4204-a860-3a06d3b4343a
2026-04-27 22:07:08.465 9 INFO neutron.plugins.ml2.plugin [None req-0cf456b4-260f-488d-b54b-ab2b2bcfcdaa - - - - - -] Attempt 1 to provision port 59a7ff8f-4d25-4204-a860-3a06d3b4343a
2026-04-27 22:07:08.474 9 INFO neutron.plugins.ml2.drivers.ovn.mech_driver.ovsdb.ovsdb_monitor [None req-14a5ee94-aa9b-4bee-81f9-c7404054912a - - - - - -] Router f727205c-1614-49c8-9283-709c84e5e2bd is bound to host instance
2026-04-27 22:07:08.481 10 INFO neutron.db.ovn_revision_numbers_db [None req-a3f78f46-ee39-4d54-b6a1-8db880c77c0f 0e82c857992b4ddbbaa44f82f57fcdc2 badff1a3a23c4e018c4d54c3adf2dcc1 - - default default] Successfully bumped revision number for resource 59a7ff8f-4d25-4204-a860-3a06d3b4343a (type: router_ports) to 1
2026-04-27 22:07:08.547 10 INFO neutron.db.ovn_revision_numbers_db [None req-a3f78f46-ee39-4d54-b6a1-8db880c77c0f 0e82c857992b4ddbbaa44f82f57fcdc2 badff1a3a23c4e018c4d54c3adf2dcc1 - - default default] Successfully bumped revision number for resource f727205c-1614-49c8-9283-709c84e5e2bd (type: routers) to 2
2026-04-27 22:07:08.563 10 INFO neutron.api.wsgi [None req-a3f78f46-ee39-4d54-b6a1-8db880c77c0f 0e82c857992b4ddbbaa44f82f57fcdc2 badff1a3a23c4e018c4d54c3adf2dcc1 - - default default] 10.0.0.231 "POST /v2.0/routers HTTP/1.1" status: 201 len: 1170 time: 1.4205396
2026-04-27 22:07:08.569 10 INFO neutron.api.wsgi [-] 10.0.0.204 "GET / HTTP/1.1" status: 200 len: 247 time: 0.0019932
2026-04-27 22:07:08.571 10 INFO neutron.api.wsgi [-] 10.0.0.204 "GET / HTTP/1.1" status: 200 len: 247 time: 0.0013640 /var/lib/openstack/lib/python3.12/site-packages/pycadf/identifier.py:71: UserWarning: Invalid uuid: neutron. To ensure interoperability, identifiers should be a valid uuid. warnings.warn(('Invalid uuid: %s. To ensure interoperability, '
2026-04-27 22:07:08.846 9 INFO neutron.db.ovn_revision_numbers_db [req-2ad1f8bd-fbda-45f2-8b12-e435b84aa3a2 req-b67c08d5-f77a-4649-bde3-d45a72529e78 574141f4da6c4ad8ab3a6842a6d97c5a 85c3324aefca416482414cbe12d2d06b - - dad4b4b2a7e544489a0095d9c3514c2a dad4b4b2a7e544489a0095d9c3514c2a] Successfully bumped revision number for resource 9866119b-20d8-46e4-9e6f-26ee38d97197 (type: ports) to 4
2026-04-27 22:07:08.855 9 INFO neutron.db.ovn_revision_numbers_db [None req-96a452c7-b823-4b02-875a-2199fdb9771b 060439a66991418db10adb335b4afb82 9d2b0d86eb18486b899afac5800fbe89 - - default default] Successfully bumped revision number for resource 7ce8f14f-ce5c-4541-a7ae-dbf58fd8adcf (type: networks) to 1
2026-04-27 22:07:08.898 9 INFO neutron.api.wsgi [req-2ad1f8bd-fbda-45f2-8b12-e435b84aa3a2 req-b67c08d5-f77a-4649-bde3-d45a72529e78 574141f4da6c4ad8ab3a6842a6d97c5a 85c3324aefca416482414cbe12d2d06b - - dad4b4b2a7e544489a0095d9c3514c2a dad4b4b2a7e544489a0095d9c3514c2a] 199.19.213.228 "PUT /v2.0/ports/9866119b-20d8-46e4-9e6f-26ee38d97197 HTTP/1.1" status: 200 len: 1404 time: 0.9752371
2026-04-27 22:07:08.905 9 INFO neutron.api.wsgi [req-c33fcaa4-fd2e-4008-9b7f-eeb52671abaf req-6fb49829-12dc-43fa-9831-24147205bde6 b190cd0a78684813b2bcb348d103d979 d294d4267df748699138ba6bde02c59b - - default default] 10.0.0.152 "GET /v2.0/ports?device_id=573bd9f2-4136-48f7-9bf8-89b4311c7757 HTTP/1.1" status: 200 len: 1168 time: 0.1422069
2026-04-27 22:07:08.975 9 INFO neutron.api.wsgi [req-c33fcaa4-fd2e-4008-9b7f-eeb52671abaf req-43402790-f9bc-486f-ae24-98fdf741373c b190cd0a78684813b2bcb348d103d979 d294d4267df748699138ba6bde02c59b - - default default] 10.0.0.152 "GET /v2.0/security-groups?id=5b7465cd-3942-4cc3-a0f8-ba2256249ce0&fields=id&fields=name HTTP/1.1" status: 200 len: 313 time: 0.0630643
2026-04-27 22:07:08.988 10 WARNING neutron.scheduler.dhcp_agent_scheduler [None req-f5b43768-76a8-4ec2-8fa0-132fd95e2356 0e82c857992b4ddbbaa44f82f57fcdc2 badff1a3a23c4e018c4d54c3adf2dcc1 - - default default] No more DHCP agents
2026-04-27 22:07:08.989 10 WARNING neutron.api.rpc.agentnotifiers.dhcp_rpc_agent_api [None req-f5b43768-76a8-4ec2-8fa0-132fd95e2356 0e82c857992b4ddbbaa44f82f57fcdc2 badff1a3a23c4e018c4d54c3adf2dcc1 - - default default] Unable to schedule network 7b2785c7-d6f6-46cf-b8a8-e0e72c095271: no agents available; will retry on subsequent port and subnet creation events.
2026-04-27 22:07:09.070 9 WARNING neutron.scheduler.dhcp_agent_scheduler [None req-96a452c7-b823-4b02-875a-2199fdb9771b 060439a66991418db10adb335b4afb82 9d2b0d86eb18486b899afac5800fbe89 - - default default] No more DHCP agents
2026-04-27 22:07:09.075 9 WARNING neutron.api.rpc.agentnotifiers.dhcp_rpc_agent_api [None req-96a452c7-b823-4b02-875a-2199fdb9771b 060439a66991418db10adb335b4afb82 9d2b0d86eb18486b899afac5800fbe89 - - default default] Unable to schedule network 7ce8f14f-ce5c-4541-a7ae-dbf58fd8adcf: no agents available; will retry on subsequent port and subnet creation events.
2026-04-27 22:07:09.104 10 INFO neutron.db.ovn_revision_numbers_db [None req-f5b43768-76a8-4ec2-8fa0-132fd95e2356 0e82c857992b4ddbbaa44f82f57fcdc2 badff1a3a23c4e018c4d54c3adf2dcc1 - - default default] Successfully bumped revision number for resource d0665ab9-2de1-4ce3-9e35-97e93ac245e2 (type: ports) to 1
2026-04-27 22:07:09.144 9 INFO neutron.db.ovn_revision_numbers_db [None req-96a452c7-b823-4b02-875a-2199fdb9771b 060439a66991418db10adb335b4afb82 9d2b0d86eb18486b899afac5800fbe89 - - default default] Successfully bumped revision number for resource 02d802a7-df99-4d8a-bebc-11ae53dc816d (type: ports) to 1
2026-04-27 22:07:09.172 9 INFO neutron.api.wsgi [None req-96a452c7-b823-4b02-875a-2199fdb9771b 060439a66991418db10adb335b4afb82 9d2b0d86eb18486b899afac5800fbe89 - - default default] 10.0.0.231 "POST /v2.0/networks HTTP/1.1" status: 201 len: 844 time: 1.2334278
2026-04-27 22:07:09.183 9 WARNING neutron_lib.context [None req-0ea8ce3c-0ec2-470f-8f40-24db52f9bfea 060439a66991418db10adb335b4afb82 9d2b0d86eb18486b899afac5800fbe89 - - default default] Method 'is_advsvc' is deprecated since 2023.2 release (neutron-lib 3.8.0) and will be removed once support for the old RBAC API policies will be removed from Neutron. Please use method 'is_service_role' instead.
2026-04-27 22:07:09.299 9 INFO neutron.db.ovn_revision_numbers_db [None req-abb5e9fe-5681-4552-9afa-be89cb9b0b43 - - - - - -] Successfully bumped revision number for resource 59a7ff8f-4d25-4204-a860-3a06d3b4343a (type: ports) to 1
2026-04-27 22:07:09.447 10 INFO neutron.api.wsgi [req-68d96353-26ad-48de-869a-b4ae4837820e req-978b7b50-7d60-4821-b6fd-e20902d0f6e1 f54b47e01fb34fc6a909b7a1289e3af7 ce3d2c85d8ab4a089131d47a09b49c6d - - default default] 10.0.0.152 "GET /v2.0/ports?device_id=e5a1782c-5477-47e2-b9c7-7d7b88884ca2 HTTP/1.1" status: 200 len: 210 time: 0.0259562
2026-04-27 22:07:09.469 9 WARNING neutron.scheduler.dhcp_agent_scheduler [None req-0ea8ce3c-0ec2-470f-8f40-24db52f9bfea 060439a66991418db10adb335b4afb82 9d2b0d86eb18486b899afac5800fbe89 - - default default] No more DHCP agents
2026-04-27 22:07:09.471 9 WARNING neutron.api.rpc.agentnotifiers.dhcp_rpc_agent_api [None req-0ea8ce3c-0ec2-470f-8f40-24db52f9bfea 060439a66991418db10adb335b4afb82 9d2b0d86eb18486b899afac5800fbe89 - - default default] Unable to schedule network 7ce8f14f-ce5c-4541-a7ae-dbf58fd8adcf: no agents available; will retry on subsequent port and subnet creation events.
2026-04-27 22:07:09.543 9 INFO neutron.db.ovn_revision_numbers_db [None req-0ea8ce3c-0ec2-470f-8f40-24db52f9bfea 060439a66991418db10adb335b4afb82 9d2b0d86eb18486b899afac5800fbe89 - - default default] Successfully bumped revision number for resource 862155a4-a266-4386-a0b1-0c2f9aec5855 (type: ports) to 1
2026-04-27 22:07:09.563 9 INFO neutron.api.wsgi [None req-0ea8ce3c-0ec2-470f-8f40-24db52f9bfea 060439a66991418db10adb335b4afb82 9d2b0d86eb18486b899afac5800fbe89 - - default default] 10.0.0.231 "POST /v2.0/ports HTTP/1.1" status: 201 len: 974 time: 0.3839266
2026-04-27 22:07:09.575 10 WARNING neutron_lib.context [None req-1c6afaab-094d-4a7d-96cd-9d9dc1a98887 060439a66991418db10adb335b4afb82 9d2b0d86eb18486b899afac5800fbe89 - - default default] Method 'is_advsvc' is deprecated since 2023.2 release (neutron-lib 3.8.0) and will be removed once support for the old RBAC API policies will be removed from Neutron. Please use method 'is_service_role' instead.
2026-04-27 22:07:09.657 10 INFO neutron.plugins.ml2.drivers.ovn.mech_driver.mech_driver [None req-44644f53-78a6-465f-b885-a4a71eea453e - - - - - -] OVN reports status up for port: d0665ab9-2de1-4ce3-9e35-97e93ac245e2
2026-04-27 22:07:09.672 9 INFO neutron.db.ovn_revision_numbers_db [None req-abb5e9fe-5681-4552-9afa-be89cb9b0b43 - - - - - -] Successfully bumped revision number for resource 59a7ff8f-4d25-4204-a860-3a06d3b4343a (type: ports) to 4
2026-04-27 22:07:09.677 10 INFO neutron.plugins.ml2.plugin [None req-44644f53-78a6-465f-b885-a4a71eea453e - - - - - -] Attempt 1 to provision port d0665ab9-2de1-4ce3-9e35-97e93ac245e2
2026-04-27 22:07:09.679 10 INFO neutron.db.segments_db [None req-1c6afaab-094d-4a7d-96cd-9d9dc1a98887 060439a66991418db10adb335b4afb82 9d2b0d86eb18486b899afac5800fbe89 - - default default] Added segment f924476d-988c-4718-9d00-059931f956fe of type geneve for network 4b10ca55-6cac-4e62-85cb-6f33a57347ec
2026-04-27 22:07:09.698 10 INFO neutron.db.ovn_revision_numbers_db [None req-f5b43768-76a8-4ec2-8fa0-132fd95e2356 0e82c857992b4ddbbaa44f82f57fcdc2 badff1a3a23c4e018c4d54c3adf2dcc1 - - default default] Successfully bumped revision number for resource d0665ab9-2de1-4ce3-9e35-97e93ac245e2 (type: ports) to 1
2026-04-27 22:07:09.716 9 INFO neutron.notifiers.nova [-] Nova event matching ['req-1e28d90a-9482-4f72-b060-c072559e42b2'] response: {'name': 'network-changed', 'server_uuid': '573bd9f2-4136-48f7-9bf8-89b4311c7757', 'tag': '9866119b-20d8-46e4-9e6f-26ee38d97197', 'status': 'completed', 'code': 200}
2026-04-27 22:07:09.794 10 WARNING neutron.scheduler.dhcp_agent_scheduler [None req-f5b43768-76a8-4ec2-8fa0-132fd95e2356 0e82c857992b4ddbbaa44f82f57fcdc2 badff1a3a23c4e018c4d54c3adf2dcc1 - - default default] No more DHCP agents
2026-04-27 22:07:09.797 10 WARNING neutron.api.rpc.agentnotifiers.dhcp_rpc_agent_api [None req-f5b43768-76a8-4ec2-8fa0-132fd95e2356 0e82c857992b4ddbbaa44f82f57fcdc2 badff1a3a23c4e018c4d54c3adf2dcc1 - - default default] Unable to schedule network 7b2785c7-d6f6-46cf-b8a8-e0e72c095271: no agents available; will retry on subsequent port and subnet creation events.
2026-04-27 22:07:09.869 10 INFO neutron.db.ovn_revision_numbers_db [None req-1c6afaab-094d-4a7d-96cd-9d9dc1a98887 060439a66991418db10adb335b4afb82 9d2b0d86eb18486b899afac5800fbe89 - - default default] Successfully bumped revision number for resource 4b10ca55-6cac-4e62-85cb-6f33a57347ec (type: networks) to 1 /var/lib/openstack/lib/python3.12/site-packages/pycadf/identifier.py:71: UserWarning: Invalid uuid: neutron. To ensure interoperability, identifiers should be a valid uuid. warnings.warn(('Invalid uuid: %s. To ensure interoperability, '
2026-04-27 22:07:09.946 9 INFO neutron.api.wsgi [req-2ad1f8bd-fbda-45f2-8b12-e435b84aa3a2 req-6b5dbb87-896c-4ce6-9c7c-52c4199e8db0 574141f4da6c4ad8ab3a6842a6d97c5a 85c3324aefca416482414cbe12d2d06b - - dad4b4b2a7e544489a0095d9c3514c2a dad4b4b2a7e544489a0095d9c3514c2a] 199.19.213.228 "GET /v2.0/ports?tenant_id=d294d4267df748699138ba6bde02c59b&device_id=573bd9f2-4136-48f7-9bf8-89b4311c7757 HTTP/1.1" status: 200 len: 1407 time: 0.0328269
2026-04-27 22:07:09.977 9 INFO neutron.api.wsgi [req-2ad1f8bd-fbda-45f2-8b12-e435b84aa3a2 req-b719d1cf-bab1-4eec-829c-c8c9692ac9c4 574141f4da6c4ad8ab3a6842a6d97c5a 85c3324aefca416482414cbe12d2d06b - - dad4b4b2a7e544489a0095d9c3514c2a dad4b4b2a7e544489a0095d9c3514c2a] 199.19.213.228 "GET /v2.0/floatingips?fixed_ip_address=10.100.0.4&port_id=9866119b-20d8-46e4-9e6f-26ee38d97197 HTTP/1.1" status: 200 len: 217 time: 0.0153253
2026-04-27 22:07:09.988 9 INFO neutron.db.ovn_revision_numbers_db [None req-abb5e9fe-5681-4552-9afa-be89cb9b0b43 - - - - - -] Successfully bumped revision number for resource 59a7ff8f-4d25-4204-a860-3a06d3b4343a (type: ports) to 5
2026-04-27 22:07:10.004 9 INFO neutron.api.wsgi [req-2ad1f8bd-fbda-45f2-8b12-e435b84aa3a2 req-06ccfcaa-1b25-4ef2-9777-f5bef73c4c01 574141f4da6c4ad8ab3a6842a6d97c5a 85c3324aefca416482414cbe12d2d06b - - dad4b4b2a7e544489a0095d9c3514c2a dad4b4b2a7e544489a0095d9c3514c2a] 199.19.213.228 "GET /v2.0/subnets?id=130481c3-6eef-4e39-83f2-e9c776c8c0ab HTTP/1.1" status: 200 len: 890 time: 0.0210392
