2026-04-27 22:07:46.160 10 INFO neutron.db.ovn_revision_numbers_db [None req-d20e10a7-fd46-4b48-b554-66f479002353 0e82c857992b4ddbbaa44f82f57fcdc2 badff1a3a23c4e018c4d54c3adf2dcc1 - - default default] Successfully bumped revision number for resource 106bba2e-ad52-4811-a54c-c52fb99c856f (type: security_group_rules) to 0
2026-04-27 22:07:46.172 10 INFO neutron.db.ovn_revision_numbers_db [None req-d20e10a7-fd46-4b48-b554-66f479002353 0e82c857992b4ddbbaa44f82f57fcdc2 badff1a3a23c4e018c4d54c3adf2dcc1 - - default default] Successfully bumped revision number for resource aeacf09d-df38-4ced-8ffb-db0bb666d1d2 (type: security_group_rules) to 0
2026-04-27 22:07:46.186 10 INFO neutron.db.ovn_revision_numbers_db [None req-d20e10a7-fd46-4b48-b554-66f479002353 0e82c857992b4ddbbaa44f82f57fcdc2 badff1a3a23c4e018c4d54c3adf2dcc1 - - default default] Successfully bumped revision number for resource ea3c5772-40f9-4d48-acb0-69fd62665993 (type: security_group_rules) to 0
2026-04-27 22:07:46.199 10 INFO neutron.db.ovn_revision_numbers_db [None req-d20e10a7-fd46-4b48-b554-66f479002353 0e82c857992b4ddbbaa44f82f57fcdc2 badff1a3a23c4e018c4d54c3adf2dcc1 - - default default] Successfully bumped revision number for resource fe0cd1ce-bca1-495b-9daf-b7fc1598aa3a (type: security_group_rules) to 0
2026-04-27 22:07:46.249 10 INFO neutron.api.wsgi [None req-d20e10a7-fd46-4b48-b554-66f479002353 0e82c857992b4ddbbaa44f82f57fcdc2 badff1a3a23c4e018c4d54c3adf2dcc1 - - default default] 10.0.0.231 "GET /v2.0/security-groups?tenant_id=dec2466001d44f8ca9401bf88e03efcd&name=default HTTP/1.1" status: 200 len: 3120 time: 0.4256268 /var/lib/openstack/lib/python3.12/site-packages/pycadf/identifier.py:71: UserWarning: Invalid uuid: neutron. To ensure interoperability, identifiers should be a valid uuid. warnings.warn(('Invalid uuid: %s. To ensure interoperability, '
2026-04-27 22:07:46.396 9 INFO neutron.api.wsgi [None req-d706e527-8ec3-4a2b-a201-177c016ae2ed 0e82c857992b4ddbbaa44f82f57fcdc2 badff1a3a23c4e018c4d54c3adf2dcc1 - - default default] 10.0.0.231 "GET /v2.0/security-groups?tenant_id=29b6a54feb4e49299c0875aca8c5b1e8&name=default HTTP/1.1" status: 200 len: 3120 time: 0.1492858
2026-04-27 22:07:46.503 10 INFO neutron.api.wsgi [None req-01c66c66-e44e-4d14-9aa7-f8b5edfb2217 0e82c857992b4ddbbaa44f82f57fcdc2 badff1a3a23c4e018c4d54c3adf2dcc1 - - default default] 10.0.0.231 "DELETE /v2.0/security-groups/3284610d-4a21-4430-ab66-36343c31a018 HTTP/1.1" status: 204 len: 168 time: 0.2493615
2026-04-27 22:07:46.512 10 INFO neutron.db.ovn_revision_numbers_db [None req-0e396b97-9c31-4c58-8266-faad23f1da54 0e82c857992b4ddbbaa44f82f57fcdc2 badff1a3a23c4e018c4d54c3adf2dcc1 - - default default] Successfully bumped revision number for resource 6c309d5b-c480-47f2-b387-4e03c73fd4d0 (type: security_groups) to 1
2026-04-27 22:07:46.529 10 INFO neutron.db.ovn_revision_numbers_db [None req-0e396b97-9c31-4c58-8266-faad23f1da54 0e82c857992b4ddbbaa44f82f57fcdc2 badff1a3a23c4e018c4d54c3adf2dcc1 - - default default] Successfully bumped revision number for resource 1dc5f630-3792-4380-bdf7-63ae430c7f34 (type: security_group_rules) to 0
2026-04-27 22:07:46.542 10 INFO neutron.db.ovn_revision_numbers_db [None req-0e396b97-9c31-4c58-8266-faad23f1da54 0e82c857992b4ddbbaa44f82f57fcdc2 badff1a3a23c4e018c4d54c3adf2dcc1 - - default default] Successfully bumped revision number for resource 53815fa2-134b-4348-adf8-e4b82200a03f (type: security_group_rules) to 0
2026-04-27 22:07:46.561 10 INFO neutron.db.ovn_revision_numbers_db [None req-0e396b97-9c31-4c58-8266-faad23f1da54 0e82c857992b4ddbbaa44f82f57fcdc2 badff1a3a23c4e018c4d54c3adf2dcc1 - - default default] Successfully bumped revision number for resource 605031aa-3831-4bb5-9f41-1a4ca40dbedc (type: security_group_rules) to 0
2026-04-27 22:07:46.571 10 INFO neutron.db.ovn_revision_numbers_db [None req-0e396b97-9c31-4c58-8266-faad23f1da54 0e82c857992b4ddbbaa44f82f57fcdc2 badff1a3a23c4e018c4d54c3adf2dcc1 - - default default] Successfully bumped revision number for resource e3c7be9c-fb25-4fcb-85e8-655b0143581f (type: security_group_rules) to 0
2026-04-27 22:07:46.607 10 INFO neutron.api.wsgi [None req-0e396b97-9c31-4c58-8266-faad23f1da54 0e82c857992b4ddbbaa44f82f57fcdc2 badff1a3a23c4e018c4d54c3adf2dcc1 - - default default] 10.0.0.231 "GET /v2.0/security-groups?tenant_id=78e86bdb5bcb47228a59f4f5356f2a62&name=default HTTP/1.1" status: 200 len: 3120 time: 0.3203914
2026-04-27 22:07:46.609 9 INFO neutron.api.wsgi [None req-510c9bd2-5ebb-49d1-b98f-8e87bb74f69b 0e82c857992b4ddbbaa44f82f57fcdc2 badff1a3a23c4e018c4d54c3adf2dcc1 - - default default] 10.0.0.231 "DELETE /v2.0/security-groups/29455d3d-d9c0-4eb4-bd0d-575c0ba38357 HTTP/1.1" status: 204 len: 168 time: 0.2038255
2026-04-27 22:07:46.788 9 INFO neutron.api.wsgi [None req-64186846-341d-4b82-a04c-2e1d81e9c85b 0e82c857992b4ddbbaa44f82f57fcdc2 badff1a3a23c4e018c4d54c3adf2dcc1 - - default default] 10.0.0.231 "DELETE /v2.0/security-groups/6c309d5b-c480-47f2-b387-4e03c73fd4d0 HTTP/1.1" status: 204 len: 168 time: 0.1764958
2026-04-27 22:07:47.013 9 INFO neutron.db.ovn_revision_numbers_db [None req-6bd085d7-d713-488a-83f8-f7156b14fd3b 0e82c857992b4ddbbaa44f82f57fcdc2 badff1a3a23c4e018c4d54c3adf2dcc1 - - default default] Successfully bumped revision number for resource 9b89b138-c9d5-4f17-8d8b-88baac338ff3 (type: security_groups) to 1
2026-04-27 22:07:47.023 9 INFO neutron.db.ovn_revision_numbers_db [None req-6bd085d7-d713-488a-83f8-f7156b14fd3b 0e82c857992b4ddbbaa44f82f57fcdc2 badff1a3a23c4e018c4d54c3adf2dcc1 - - default default] Successfully bumped revision number for resource 283c6558-0bd0-42a4-808d-14fb2b6b4787 (type: security_group_rules) to 0
2026-04-27 22:07:47.038 9 INFO neutron.db.ovn_revision_numbers_db [None req-6bd085d7-d713-488a-83f8-f7156b14fd3b 0e82c857992b4ddbbaa44f82f57fcdc2 badff1a3a23c4e018c4d54c3adf2dcc1 - - default default] Successfully bumped revision number for resource 5362cb31-183c-4015-91f5-95f6c5629a8c (type: security_group_rules) to 0
2026-04-27 22:07:47.054 9 INFO neutron.db.ovn_revision_numbers_db [None req-6bd085d7-d713-488a-83f8-f7156b14fd3b 0e82c857992b4ddbbaa44f82f57fcdc2 badff1a3a23c4e018c4d54c3adf2dcc1 - - default default] Successfully bumped revision number for resource 68231ffe-d6b2-4002-9472-b1aa9f13e274 (type: security_group_rules) to 0
2026-04-27 22:07:47.068 9 INFO neutron.db.ovn_revision_numbers_db [None req-6bd085d7-d713-488a-83f8-f7156b14fd3b 0e82c857992b4ddbbaa44f82f57fcdc2 badff1a3a23c4e018c4d54c3adf2dcc1 - - default default] Successfully bumped revision number for resource bd6db1b9-5fa9-4894-8a48-14042af83f6e (type: security_group_rules) to 0
2026-04-27 22:07:47.371 9 INFO neutron.api.wsgi [None req-6bd085d7-d713-488a-83f8-f7156b14fd3b 0e82c857992b4ddbbaa44f82f57fcdc2 badff1a3a23c4e018c4d54c3adf2dcc1 - - default default] 10.0.0.231 "GET /v2.0/security-groups?tenant_id=acd2fbc2aaaf4e50b2224db286a2024c&name=default HTTP/1.1" status: 200 len: 3120 time: 0.4596672
2026-04-27 22:07:47.556 9 INFO neutron.api.wsgi [None req-23aa93cc-4837-4194-b054-edab914c99ff 0e82c857992b4ddbbaa44f82f57fcdc2 badff1a3a23c4e018c4d54c3adf2dcc1 - - default default] 10.0.0.231 "DELETE /v2.0/security-groups/9b89b138-c9d5-4f17-8d8b-88baac338ff3 HTTP/1.1" status: 204 len: 168 time: 0.1810989
2026-04-27 22:07:48.532 9 WARNING neutron_lib.context [None req-907afc40-4a23-4000-b576-25ebab6d0b0c 84e63b47c864430b866625bda2d36ceb 0334ae485159435b9d19bc146032c091 - - default default] Method 'is_advsvc' is deprecated since 2023.2 release (neutron-lib 3.8.0) and will be removed once support for the old RBAC API policies will be removed from Neutron. Please use method 'is_service_role' instead.
2026-04-27 22:07:48.649 9 INFO neutron.db.ovn_revision_numbers_db [None req-907afc40-4a23-4000-b576-25ebab6d0b0c 84e63b47c864430b866625bda2d36ceb 0334ae485159435b9d19bc146032c091 - - default default] Successfully bumped revision number for resource 7fdaffe2-6ffb-467c-ac58-8d98f4a0edae (type: security_groups) to 1
2026-04-27 22:07:48.661 9 INFO neutron.db.ovn_revision_numbers_db [None req-907afc40-4a23-4000-b576-25ebab6d0b0c 84e63b47c864430b866625bda2d36ceb 0334ae485159435b9d19bc146032c091 - - default default] Successfully bumped revision number for resource 72b99a70-b06a-4568-85ab-09428ac88283 (type: security_group_rules) to 0
2026-04-27 22:07:48.672 9 INFO neutron.db.ovn_revision_numbers_db [None req-907afc40-4a23-4000-b576-25ebab6d0b0c 84e63b47c864430b866625bda2d36ceb 0334ae485159435b9d19bc146032c091 - - default default] Successfully bumped revision number for resource 8ec1909f-7772-46d7-b147-e4fd00ad0903 (type: security_group_rules) to 0
2026-04-27 22:07:48.685 9 INFO neutron.db.ovn_revision_numbers_db [None req-907afc40-4a23-4000-b576-25ebab6d0b0c 84e63b47c864430b866625bda2d36ceb 0334ae485159435b9d19bc146032c091 - - default default] Successfully bumped revision number for resource ce88ceef-9c29-46ac-ae1d-a9a4baab1a92 (type: security_group_rules) to 0
2026-04-27 22:07:48.698 9 INFO neutron.db.ovn_revision_numbers_db [None req-907afc40-4a23-4000-b576-25ebab6d0b0c 84e63b47c864430b866625bda2d36ceb 0334ae485159435b9d19bc146032c091 - - default default] Successfully bumped revision number for resource dcbfaf07-a084-4d32-b610-ea4273b76406 (type: security_group_rules) to 0
2026-04-27 22:07:48.787 9 INFO neutron.db.ovn_revision_numbers_db [None req-907afc40-4a23-4000-b576-25ebab6d0b0c 84e63b47c864430b866625bda2d36ceb 0334ae485159435b9d19bc146032c091 - - default default] Successfully bumped revision number for resource 2c7e121d-8134-443c-98ba-ce133226b548 (type: security_groups) to 1
2026-04-27 22:07:48.798 9 INFO neutron.db.ovn_revision_numbers_db [None req-907afc40-4a23-4000-b576-25ebab6d0b0c 84e63b47c864430b866625bda2d36ceb 0334ae485159435b9d19bc146032c091 - - default default] Successfully bumped revision number for resource e4dae206-f224-453d-b341-360a86a16bec (type: security_group_rules) to 0
2026-04-27 22:07:48.809 9 INFO neutron.db.ovn_revision_numbers_db [None req-907afc40-4a23-4000-b576-25ebab6d0b0c 84e63b47c864430b866625bda2d36ceb 0334ae485159435b9d19bc146032c091 - - default default] Successfully bumped revision number for resource fadc4a12-799b-4985-b23e-2ebf948eddc5 (type: security_group_rules) to 0
2026-04-27 22:07:48.845 9 INFO neutron.api.wsgi [None req-907afc40-4a23-4000-b576-25ebab6d0b0c 84e63b47c864430b866625bda2d36ceb 0334ae485159435b9d19bc146032c091 - - default default] 10.0.0.231 "POST /v2.0/security-groups HTTP/1.1" status: 201 len: 1824 time: 0.4884279
2026-04-27 22:07:48.886 9 INFO neutron.api.wsgi [None req-a3529c17-11ce-4cdb-8454-bbf44881af97 84e63b47c864430b866625bda2d36ceb 0334ae485159435b9d19bc146032c091 - - default default] 10.0.0.231 "GET /v2.0/security-groups HTTP/1.1" status: 200 len: 4724 time: 0.0362465
2026-04-27 22:07:48.969 9 INFO neutron.db.ovn_revision_numbers_db [None req-fa2934a5-3a3c-43fe-b45d-0b3962d4bb19 84e63b47c864430b866625bda2d36ceb 0334ae485159435b9d19bc146032c091 - - default default] Successfully bumped revision number for resource 2c7e121d-8134-443c-98ba-ce133226b548 (type: security_groups) to 2
2026-04-27 22:07:48.989 9 INFO neutron.api.wsgi [None req-fa2934a5-3a3c-43fe-b45d-0b3962d4bb19 84e63b47c864430b866625bda2d36ceb 0334ae485159435b9d19bc146032c091 - - default default] 10.0.0.231 "PUT /v2.0/security-groups/2c7e121d-8134-443c-98ba-ce133226b548 HTTP/1.1" status: 200 len: 1859 time: 0.0984085
2026-04-27 22:07:49.020 9 INFO neutron.api.wsgi [None req-d0a63827-432d-432a-acdd-fd48721f7e06 84e63b47c864430b866625bda2d36ceb 0334ae485159435b9d19bc146032c091 - - default default] 10.0.0.231 "GET /v2.0/security-groups/2c7e121d-8134-443c-98ba-ce133226b548 HTTP/1.1" status: 200 len: 1859 time: 0.0238068
2026-04-27 22:07:49.138 9 INFO neutron.api.wsgi [None req-d719e34f-c22d-40a7-a044-375181f5c2ee 84e63b47c864430b866625bda2d36ceb 0334ae485159435b9d19bc146032c091 - - default default] 10.0.0.231 "DELETE /v2.0/security-groups/2c7e121d-8134-443c-98ba-ce133226b548 HTTP/1.1" status: 204 len: 168 time: 0.1131463
2026-04-27 22:07:49.183 10 INFO neutron.api.wsgi [None req-d8ba373b-11bb-4962-aa03-43aec730d55d 84e63b47c864430b866625bda2d36ceb 0334ae485159435b9d19bc146032c091 - - default default] 10.0.0.231 "GET /v2.0/security-groups HTTP/1.1" status: 200 len: 3120 time: 0.0411117
2026-04-27 22:07:49.198 10 INFO neutron.api.v2.resource [None req-4f3daf96-a94d-4429-8ad8-4f7aeeb7a825 84e63b47c864430b866625bda2d36ceb 0334ae485159435b9d19bc146032c091 - - default default] delete failed (client error): The resource could not be found.
2026-04-27 22:07:49.199 10 INFO neutron.api.wsgi [None req-4f3daf96-a94d-4429-8ad8-4f7aeeb7a825 84e63b47c864430b866625bda2d36ceb 0334ae485159435b9d19bc146032c091 - - default default] 10.0.0.231 "DELETE /v2.0/security-groups/2c7e121d-8134-443c-98ba-ce133226b548 HTTP/1.1" status: 404 len: 347 time: 0.0101728
2026-04-27 22:07:49.218 10 WARNING neutron_lib.context [None req-ab996012-a798-4fe0-8543-7afa34170091 84e63b47c864430b866625bda2d36ceb 0334ae485159435b9d19bc146032c091 - - default default] Method 'is_advsvc' is deprecated since 2023.2 release (neutron-lib 3.8.0) and will be removed once support for the old RBAC API policies will be removed from Neutron. Please use method 'is_service_role' instead.
2026-04-27 22:07:49.329 10 INFO neutron.db.ovn_revision_numbers_db [None req-ab996012-a798-4fe0-8543-7afa34170091 84e63b47c864430b866625bda2d36ceb 0334ae485159435b9d19bc146032c091 - - default default] Successfully bumped revision number for resource 43a670c2-209b-4412-807b-097c4a5bca8b (type: security_groups) to 1
2026-04-27 22:07:49.338 10 INFO neutron.db.ovn_revision_numbers_db [None req-ab996012-a798-4fe0-8543-7afa34170091 84e63b47c864430b866625bda2d36ceb 0334ae485159435b9d19bc146032c091 - - default default] Successfully bumped revision number for resource 94d5e385-75a6-434f-ba41-f864376b8794 (type: security_group_rules) to 0
2026-04-27 22:07:49.354 10 INFO neutron.db.ovn_revision_numbers_db [None req-ab996012-a798-4fe0-8543-7afa34170091 84e63b47c864430b866625bda2d36ceb 0334ae485159435b9d19bc146032c091 - - default default] Successfully bumped revision number for resource a3ad02e7-59a0-43f3-b7ab-67236aecaa9a (type: security_group_rules) to 0
2026-04-27 22:07:49.386 10 INFO neutron.api.wsgi [None req-ab996012-a798-4fe0-8543-7afa34170091 84e63b47c864430b866625bda2d36ceb 0334ae485159435b9d19bc146032c091 - - default default] 10.0.0.231 "POST /v2.0/security-groups HTTP/1.1" status: 201 len: 1825 time: 0.1769171
2026-04-27 22:07:49.394 10 WARNING neutron_lib.context [None req-2ea1339d-af3e-4f52-8f66-dbd8830d7112 84e63b47c864430b866625bda2d36ceb 0334ae485159435b9d19bc146032c091 - - default default] Method 'is_advsvc' is deprecated since 2023.2 release (neutron-lib 3.8.0) and will be removed once support for the old RBAC API policies will be removed from Neutron. Please use method 'is_service_role' instead.
2026-04-27 22:07:49.512 10 INFO neutron.db.ovn_revision_numbers_db [None req-2ea1339d-af3e-4f52-8f66-dbd8830d7112 84e63b47c864430b866625bda2d36ceb 0334ae485159435b9d19bc146032c091 - - default default] Successfully bumped revision number for resource 07cf7ca2-9d44-4996-9fc1-faabd24b70f4 (type: security_group_rules) to 0
2026-04-27 22:07:49.540 10 INFO neutron.api.wsgi [None req-2ea1339d-af3e-4f52-8f66-dbd8830d7112 84e63b47c864430b866625bda2d36ceb 0334ae485159435b9d19bc146032c091 - - default default] 10.0.0.231 "POST /v2.0/security-group-rules HTTP/1.1" status: 201 len: 800 time: 0.1501131
2026-04-27 22:07:49.557 10 INFO neutron.api.wsgi [None req-e339060f-65fd-47c7-833d-877008d265fa 84e63b47c864430b866625bda2d36ceb 0334ae485159435b9d19bc146032c091 - - default default] 10.0.0.231 "GET /v2.0/security-group-rules/07cf7ca2-9d44-4996-9fc1-faabd24b70f4 HTTP/1.1" status: 200 len: 795 time: 0.0132675
2026-04-27 22:07:49.622 10 INFO neutron.api.wsgi [None req-ee7351a3-954e-4316-8b47-37d575adb566 84e63b47c864430b866625bda2d36ceb 0334ae485159435b9d19bc146032c091 - - default default] 10.0.0.231 "GET /v2.0/security-group-rules HTTP/1.1" status: 200 len: 4333 time: 0.0614400
2026-04-27 22:07:49.738 10 INFO neutron.api.wsgi [None req-6237676e-2662-4be3-8df8-a6c4595565e4 84e63b47c864430b866625bda2d36ceb 0334ae485159435b9d19bc146032c091 - - default default] 10.0.0.231 "DELETE /v2.0/security-group-rules/07cf7ca2-9d44-4996-9fc1-faabd24b70f4 HTTP/1.1" status: 204 len: 168 time: 0.1107345
2026-04-27 22:07:49.794 10 INFO neutron.api.wsgi [None req-24589adf-d389-40a0-864f-174f1918c36a 84e63b47c864430b866625bda2d36ceb 0334ae485159435b9d19bc146032c091 - - default default] 10.0.0.231 "GET /v2.0/security-group-rules HTTP/1.1" status: 200 len: 3755 time: 0.0512767
2026-04-27 22:07:49.804 10 WARNING neutron_lib.context [None req-51201b3a-9d32-4943-9f33-042981ac1937 84e63b47c864430b866625bda2d36ceb 0334ae485159435b9d19bc146032c091 - - default default] Method 'is_advsvc' is deprecated since 2023.2 release (neutron-lib 3.8.0) and will be removed once support for the old RBAC API policies will be removed from Neutron. Please use method 'is_service_role' instead.
2026-04-27 22:07:49.911 10 INFO neutron.db.ovn_revision_numbers_db [None req-51201b3a-9d32-4943-9f33-042981ac1937 84e63b47c864430b866625bda2d36ceb 0334ae485159435b9d19bc146032c091 - - default default] Successfully bumped revision number for resource 0026e30e-a90b-4160-bd08-a1dd06ccb2a4 (type: security_group_rules) to 0
2026-04-27 22:07:49.944 10 INFO neutron.api.wsgi [None req-51201b3a-9d32-4943-9f33-042981ac1937 84e63b47c864430b866625bda2d36ceb 0334ae485159435b9d19bc146032c091 - - default default] 10.0.0.231 "POST /v2.0/security-group-rules HTTP/1.1" status: 201 len: 800 time: 0.1439035
2026-04-27 22:07:49.991 10 INFO neutron.api.wsgi [None req-6e834c51-af58-4408-bb3c-ffafd1104225 84e63b47c864430b866625bda2d36ceb 0334ae485159435b9d19bc146032c091 - - default default] 10.0.0.231 "GET /v2.0/security-group-rules/0026e30e-a90b-4160-bd08-a1dd06ccb2a4 HTTP/1.1" status: 200 len: 795 time: 0.0363846
2026-04-27 22:07:50.045 10 INFO neutron.api.wsgi [None req-b1302855-c827-4d28-873e-06278e05e2e1 84e63b47c864430b866625bda2d36ceb 0334ae485159435b9d19bc146032c091 - - default default] 10.0.0.231 "GET /v2.0/security-group-rules HTTP/1.1" status: 200 len: 4333 time: 0.0469429
2026-04-27 22:07:50.165 10 INFO neutron.api.wsgi [None req-af210df5-32a7-4953-895f-8a43aa37b959 84e63b47c864430b866625bda2d36ceb 0334ae485159435b9d19bc146032c091 - - default default] 10.0.0.231 "DELETE /v2.0/security-group-rules/0026e30e-a90b-4160-bd08-a1dd06ccb2a4 HTTP/1.1" status: 204 len: 168 time: 0.1165447
2026-04-27 22:07:50.219 10 INFO neutron.api.wsgi [None req-cedd90b0-add6-4d01-94d7-602ce05016e9 84e63b47c864430b866625bda2d36ceb 0334ae485159435b9d19bc146032c091 - - default default] 10.0.0.231 "GET /v2.0/security-group-rules HTTP/1.1" status: 200 len: 3755 time: 0.0486135
2026-04-27 22:07:50.227 10 WARNING neutron_lib.context [None req-30d08055-f6e4-4f4c-b019-09c49a9bb354 84e63b47c864430b866625bda2d36ceb 0334ae485159435b9d19bc146032c091 - - default default] Method 'is_advsvc' is deprecated since 2023.2 release (neutron-lib 3.8.0) and will be removed once support for the old RBAC API policies will be removed from Neutron. Please use method 'is_service_role' instead.
2026-04-27 22:07:50.260 10 INFO neutron.db.securitygroups_db [None req-30d08055-f6e4-4f4c-b019-09c49a9bb354 84e63b47c864430b866625bda2d36ceb 0334ae485159435b9d19bc146032c091 - - default default] Project 0334ae485159435b9d19bc146032c091 added a security group rule with legacy IPv6 ICMP protocol name icmp, ipv6-icmp should be used instead. It was automatically converted.
2026-04-27 22:07:50.354 10 INFO neutron.db.ovn_revision_numbers_db [None req-30d08055-f6e4-4f4c-b019-09c49a9bb354 84e63b47c864430b866625bda2d36ceb 0334ae485159435b9d19bc146032c091 - - default default] Successfully bumped revision number for resource 651fadb2-99df-4de0-abcd-ba26f8528f85 (type: security_group_rules) to 0
2026-04-27 22:07:50.364 10 INFO neutron.db.ovn_revision_numbers_db [None req-0d1e9d49-a2c6-4a94-8dfa-4cbadc945801 0e82c857992b4ddbbaa44f82f57fcdc2 badff1a3a23c4e018c4d54c3adf2dcc1 - - default default] Successfully bumped revision number for resource 8bb252d2-5b59-42df-9aac-c244f06e2d54 (type: security_groups) to 1
2026-04-27 22:07:50.378 10 INFO neutron.db.ovn_revision_numbers_db [None req-0d1e9d49-a2c6-4a94-8dfa-4cbadc945801 0e82c857992b4ddbbaa44f82f57fcdc2 badff1a3a23c4e018c4d54c3adf2dcc1 - - default default] Successfully bumped revision number for resource 0b8fa043-9f84-4490-804b-960b3faf1b15 (type: security_group_rules) to 0
2026-04-27 22:07:50.385 10 INFO neutron.api.wsgi [None req-30d08055-f6e4-4f4c-b019-09c49a9bb354 84e63b47c864430b866625bda2d36ceb 0334ae485159435b9d19bc146032c091 - - default default] 10.0.0.231 "POST /v2.0/security-group-rules HTTP/1.1" status: 201 len: 806 time: 0.1618750
2026-04-27 22:07:50.398 10 INFO neutron.db.ovn_revision_numbers_db [None req-0d1e9d49-a2c6-4a94-8dfa-4cbadc945801 0e82c857992b4ddbbaa44f82f57fcdc2 badff1a3a23c4e018c4d54c3adf2dcc1 - - default default] Successfully bumped revision number for resource 0e868635-b46c-479f-be54-a49282ba60c8 (type: security_group_rules) to 0
2026-04-27 22:07:50.401 10 INFO neutron.api.wsgi [None req-eafc4501-1448-4502-bdaf-6c58aefca6ae 84e63b47c864430b866625bda2d36ceb 0334ae485159435b9d19bc146032c091 - - default default] 10.0.0.231 "GET /v2.0/security-group-rules/651fadb2-99df-4de0-abcd-ba26f8528f85 HTTP/1.1" status: 200 len: 801 time: 0.0126920
2026-04-27 22:07:50.411 10 INFO neutron.db.ovn_revision_numbers_db [None req-0d1e9d49-a2c6-4a94-8dfa-4cbadc945801 0e82c857992b4ddbbaa44f82f57fcdc2 badff1a3a23c4e018c4d54c3adf2dcc1 - - default default] Successfully bumped revision number for resource 145d8fb2-a4cd-4206-95a5-a74fe94a1a48 (type: security_group_rules) to 0
2026-04-27 22:07:50.424 10 INFO neutron.db.ovn_revision_numbers_db [None req-0d1e9d49-a2c6-4a94-8dfa-4cbadc945801 0e82c857992b4ddbbaa44f82f57fcdc2 badff1a3a23c4e018c4d54c3adf2dcc1 - - default default] Successfully bumped revision number for resource decc0311-a10a-4b6c-bf64-49f291082639 (type: security_group_rules) to 0
2026-04-27 22:07:50.461 10 INFO neutron.api.wsgi [None req-0d1e9d49-a2c6-4a94-8dfa-4cbadc945801 0e82c857992b4ddbbaa44f82f57fcdc2 badff1a3a23c4e018c4d54c3adf2dcc1 - - default default] 10.0.0.231 "GET /v2.0/security-groups?tenant_id=c6e807a6fe5543c98fc9056b9f470244&name=default HTTP/1.1" status: 200 len: 3120 time: 0.3620822
2026-04-27 22:07:50.500 9 INFO neutron.api.wsgi [None req-8efe0d2b-a77b-4682-abed-b6943dcf1cbf 84e63b47c864430b866625bda2d36ceb 0334ae485159435b9d19bc146032c091 - - default default] 10.0.0.231 "GET /v2.0/security-group-rules HTTP/1.1" status: 200 len: 4339 time: 0.0937712
2026-04-27 22:07:50.610 9 INFO neutron.api.wsgi [None req-9981abe5-d5a4-4c32-b0ed-e667c9488fef 84e63b47c864430b866625bda2d36ceb 0334ae485159435b9d19bc146032c091 - - default default] 10.0.0.231 "DELETE /v2.0/security-group-rules/651fadb2-99df-4de0-abcd-ba26f8528f85 HTTP/1.1" status: 204 len: 168 time: 0.1034908
2026-04-27 22:07:50.657 10 INFO neutron.api.wsgi [None req-a30d6446-a06a-4c6b-a711-3fe8ae67d0b2 0e82c857992b4ddbbaa44f82f57fcdc2 badff1a3a23c4e018c4d54c3adf2dcc1 - - default default] 10.0.0.231 "DELETE /v2.0/security-groups/8bb252d2-5b59-42df-9aac-c244f06e2d54 HTTP/1.1" status: 204 len: 168 time: 0.1912627
2026-04-27 22:07:50.666 9 INFO neutron.api.wsgi [None req-1935419b-58fc-44e2-91c3-b16403895aed 84e63b47c864430b866625bda2d36ceb 0334ae485159435b9d19bc146032c091 - - default default] 10.0.0.231 "GET /v2.0/security-group-rules HTTP/1.1" status: 200 len: 3755 time: 0.0500867
2026-04-27 22:07:50.778 9 INFO neutron.api.wsgi [None req-35cfe256-fa73-4735-9d66-32fae72b2d29 84e63b47c864430b866625bda2d36ceb 0334ae485159435b9d19bc146032c091 - - default default] 10.0.0.231 "DELETE /v2.0/security-groups/43a670c2-209b-4412-807b-097c4a5bca8b HTTP/1.1" status: 204 len: 168 time: 0.1050954
2026-04-27 22:07:50.814 9 INFO neutron.api.wsgi [None req-dc3df7a6-2ba0-4ac3-a14f-86212e34bd7d 84e63b47c864430b866625bda2d36ceb 0334ae485159435b9d19bc146032c091 - - default default] 10.0.0.231 "GET /v2.0/security-groups HTTP/1.1" status: 200 len: 3120 time: 0.0306561
2026-04-27 22:07:50.847 9 INFO neutron.api.wsgi [None req-56b991ce-4722-4858-a407-76e4c3954573 84e63b47c864430b866625bda2d36ceb 0334ae485159435b9d19bc146032c091 - - default default] 10.0.0.231 "GET /v2.0/security-groups HTTP/1.1" status: 200 len: 3120 time: 0.0268109
2026-04-27 22:07:51.079 10 INFO neutron.api.wsgi [req-3e85a068-9544-4b89-8cee-14ccbeb17442 req-54b52d01-b65f-4688-9c1c-c8059126937b 574141f4da6c4ad8ab3a6842a6d97c5a 85c3324aefca416482414cbe12d2d06b - - dad4b4b2a7e544489a0095d9c3514c2a dad4b4b2a7e544489a0095d9c3514c2a] 10.0.0.33 "GET /v2.0/ports?device_id=573bd9f2-4136-48f7-9bf8-89b4311c7757 HTTP/1.1" status: 200 len: 1409 time: 0.0372369
2026-04-27 22:07:51.112 10 INFO neutron.api.wsgi [req-3e85a068-9544-4b89-8cee-14ccbeb17442 req-7535bfa2-82eb-4b17-bcf6-51680045225e 574141f4da6c4ad8ab3a6842a6d97c5a 85c3324aefca416482414cbe12d2d06b - - dad4b4b2a7e544489a0095d9c3514c2a dad4b4b2a7e544489a0095d9c3514c2a] 10.0.0.33 "GET /v2.0/security-groups?id=5b7465cd-3942-4cc3-a0f8-ba2256249ce0&fields=id&fields=name HTTP/1.1" status: 200 len: 313 time: 0.0273192
2026-04-27 22:07:51.568 9 INFO neutron.api.wsgi [None req-6f9095b2-ad1e-4b3c-b301-5dd1017f5cd5 0e82c857992b4ddbbaa44f82f57fcdc2 badff1a3a23c4e018c4d54c3adf2dcc1 - - default default] 10.0.0.231 "GET /v2.0/security-groups?tenant_id=0334ae485159435b9d19bc146032c091&name=default HTTP/1.1" status: 200 len: 3120 time: 0.2453008
2026-04-27 22:07:51.797 9 INFO neutron.api.wsgi [None req-9478769c-664d-43a1-a2b9-26cc70681d4f 0e82c857992b4ddbbaa44f82f57fcdc2 badff1a3a23c4e018c4d54c3adf2dcc1 - - default default] 10.0.0.231 "DELETE /v2.0/security-groups/7fdaffe2-6ffb-467c-ac58-8d98f4a0edae HTTP/1.1" status: 204 len: 168 time: 0.2247000
2026-04-27 22:07:53.447 9 INFO neutron.db.ovn_revision_numbers_db [None req-b336e8ab-0600-452f-b77f-08af7946d4db 0e82c857992b4ddbbaa44f82f57fcdc2 badff1a3a23c4e018c4d54c3adf2dcc1 - - default default] Successfully bumped revision number for resource 2b07d661-cbea-4396-8c7f-73d204f762b6 (type: security_groups) to 1
2026-04-27 22:07:53.461 9 INFO neutron.db.ovn_revision_numbers_db [None req-b336e8ab-0600-452f-b77f-08af7946d4db 0e82c857992b4ddbbaa44f82f57fcdc2 badff1a3a23c4e018c4d54c3adf2dcc1 - - default default] Successfully bumped revision number for resource 01436d24-750d-43e4-a62d-90ac18bbb7fc (type: security_group_rules) to 0
2026-04-27 22:07:53.471 9 INFO neutron.db.ovn_revision_numbers_db [None req-b336e8ab-0600-452f-b77f-08af7946d4db 0e82c857992b4ddbbaa44f82f57fcdc2 badff1a3a23c4e018c4d54c3adf2dcc1 - - default default] Successfully bumped revision number for resource 3f8653af-6f60-4c5e-a60b-72f792ae0339 (type: security_group_rules) to 0
2026-04-27 22:07:53.483 9 INFO neutron.db.ovn_revision_numbers_db [None req-b336e8ab-0600-452f-b77f-08af7946d4db 0e82c857992b4ddbbaa44f82f57fcdc2 badff1a3a23c4e018c4d54c3adf2dcc1 - - default default] Successfully bumped revision number for resource 478cbdb8-d6d5-442e-9d2f-0e5e36510f42 (type: security_group_rules) to 0
2026-04-27 22:07:53.495 9 INFO neutron.db.ovn_revision_numbers_db [None req-b336e8ab-0600-452f-b77f-08af7946d4db 0e82c857992b4ddbbaa44f82f57fcdc2 badff1a3a23c4e018c4d54c3adf2dcc1 - - default default] Successfully bumped revision number for resource f99b7d54-33e8-4132-a5ab-a4dfe5d81129 (type: security_group_rules) to 0
2026-04-27 22:07:53.526 9 INFO neutron.api.wsgi [None req-b336e8ab-0600-452f-b77f-08af7946d4db 0e82c857992b4ddbbaa44f82f57fcdc2 badff1a3a23c4e018c4d54c3adf2dcc1 - - default default] 10.0.0.231 "GET /v2.0/security-groups?tenant_id=c6c0bcb93cf74121a8eae73e7a279bfc&name=default HTTP/1.1" status: 200 len: 3120 time: 0.3020458
2026-04-27 22:07:53.568 9 INFO neutron.api.wsgi [-] 10.0.0.204 "GET / HTTP/1.1" status: 200 len: 247 time: 0.0015225
2026-04-27 22:07:53.571 10 INFO neutron.api.wsgi [-] 10.0.0.204 "GET / HTTP/1.1" status: 200 len: 247 time: 0.0026865
2026-04-27 22:07:53.823 9 INFO neutron.api.wsgi [None req-2ff19ff5-3217-4ee6-bc18-7890872e0c4a 0e82c857992b4ddbbaa44f82f57fcdc2 badff1a3a23c4e018c4d54c3adf2dcc1 - - default default] 10.0.0.231 "DELETE /v2.0/security-groups/2b07d661-cbea-4396-8c7f-73d204f762b6 HTTP/1.1" status: 204 len: 168 time: 0.2920957
2026-04-27 22:07:54.087 10 INFO neutron.db.ovn_revision_numbers_db [None req-82203df6-d7be-4416-badd-5216702aa98b 0e82c857992b4ddbbaa44f82f57fcdc2 badff1a3a23c4e018c4d54c3adf2dcc1 - - default default] Successfully bumped revision number for resource 1be8fad5-2ddc-4aef-815f-ff9de974d502 (type: security_groups) to 1
2026-04-27 22:07:54.100 10 INFO neutron.db.ovn_revision_numbers_db [None req-82203df6-d7be-4416-badd-5216702aa98b 0e82c857992b4ddbbaa44f82f57fcdc2 badff1a3a23c4e018c4d54c3adf2dcc1 - - default default] Successfully bumped revision number for resource 39f9c047-c0fd-4fd9-919b-6a7ba3f0eedd (type: security_group_rules) to 0
2026-04-27 22:07:54.112 10 INFO neutron.db.ovn_revision_numbers_db [None req-82203df6-d7be-4416-badd-5216702aa98b 0e82c857992b4ddbbaa44f82f57fcdc2 badff1a3a23c4e018c4d54c3adf2dcc1 - - default default] Successfully bumped revision number for resource 4acffe8b-5e4a-4c89-b549-d10c41ed001d (type: security_group_rules) to 0
2026-04-27 22:07:54.123 10 INFO neutron.db.ovn_revision_numbers_db [None req-82203df6-d7be-4416-badd-5216702aa98b 0e82c857992b4ddbbaa44f82f57fcdc2 badff1a3a23c4e018c4d54c3adf2dcc1 - - default default] Successfully bumped revision number for resource 613bf08f-e9c0-474a-9f04-6dfff45b85d3 (type: security_group_rules) to 0
2026-04-27 22:07:54.133 10 INFO neutron.db.ovn_revision_numbers_db [None req-82203df6-d7be-4416-badd-5216702aa98b 0e82c857992b4ddbbaa44f82f57fcdc2 badff1a3a23c4e018c4d54c3adf2dcc1 - - default default] Successfully bumped revision number for resource 6d79f69a-aab6-4f91-987b-1ec3a28086cc (type: security_group_rules) to 0
2026-04-27 22:07:54.162 10 INFO neutron.api.wsgi [None req-82203df6-d7be-4416-badd-5216702aa98b 0e82c857992b4ddbbaa44f82f57fcdc2 badff1a3a23c4e018c4d54c3adf2dcc1 - - default default] 10.0.0.231 "GET /v2.0/security-groups?tenant_id=1ce20c40f0a34743a8ce4f04566c9e49&name=default HTTP/1.1" status: 200 len: 3120 time: 0.1665430
2026-04-27 22:07:54.378 9 INFO neutron.api.wsgi [None req-0a490d04-b209-461f-9ab8-bacb4dc90316 0e82c857992b4ddbbaa44f82f57fcdc2 badff1a3a23c4e018c4d54c3adf2dcc1 - - default default] 10.0.0.231 "DELETE /v2.0/security-groups/1be8fad5-2ddc-4aef-815f-ff9de974d502 HTTP/1.1" status: 204 len: 168 time: 0.2129016
2026-04-27 22:07:54.521 10 INFO neutron.db.ovn_revision_numbers_db [None req-1d8ffcd3-4eee-42d8-9511-7fbaac69918c 0e82c857992b4ddbbaa44f82f57fcdc2 badff1a3a23c4e018c4d54c3adf2dcc1 - - default default] Successfully bumped revision number for resource e48cbbe6-79e2-4e72-b2a1-227e2ca05275 (type: security_groups) to 1
2026-04-27 22:07:54.543 10 INFO neutron.db.ovn_revision_numbers_db [None req-1d8ffcd3-4eee-42d8-9511-7fbaac69918c 0e82c857992b4ddbbaa44f82f57fcdc2 badff1a3a23c4e018c4d54c3adf2dcc1 - - default default] Successfully bumped revision number for resource 757f3f2f-4d58-4508-86f3-d54b261aaec6 (type: security_group_rules) to 0
2026-04-27 22:07:54.553 10 INFO neutron.db.ovn_revision_numbers_db [None req-1d8ffcd3-4eee-42d8-9511-7fbaac69918c 0e82c857992b4ddbbaa44f82f57fcdc2 badff1a3a23c4e018c4d54c3adf2dcc1 - - default default] Successfully bumped revision number for resource 78315396-7621-4fdb-a083-6983b6d1520f (type: security_group_rules) to 0
2026-04-27 22:07:54.567 10 INFO neutron.db.ovn_revision_numbers_db [None req-1d8ffcd3-4eee-42d8-9511-7fbaac69918c 0e82c857992b4ddbbaa44f82f57fcdc2 badff1a3a23c4e018c4d54c3adf2dcc1 - - default default] Successfully bumped revision number for resource b5373fea-faa4-440b-85b2-b4cc3f0303a6 (type: security_group_rules) to 0
2026-04-27 22:07:54.597 10 INFO neutron.db.ovn_revision_numbers_db [None req-1d8ffcd3-4eee-42d8-9511-7fbaac69918c 0e82c857992b4ddbbaa44f82f57fcdc2 badff1a3a23c4e018c4d54c3adf2dcc1 - - default default] Successfully bumped revision number for resource e83e86a6-89e6-4aec-b9fb-802b56fdea63 (type: security_group_rules) to 0
2026-04-27 22:07:54.630 10 INFO neutron.api.wsgi [None req-1d8ffcd3-4eee-42d8-9511-7fbaac69918c 0e82c857992b4ddbbaa44f82f57fcdc2 badff1a3a23c4e018c4d54c3adf2dcc1 - - default default] 10.0.0.231 "GET /v2.0/security-groups?tenant_id=c605214f3d004ee1a2399a26379482b5&name=default HTTP/1.1" status: 200 len: 3120 time: 0.4055185
2026-04-27 22:07:54.826 10 INFO neutron.api.wsgi [None req-d77914c5-e0d9-4ba3-8558-08428475a728 0e82c857992b4ddbbaa44f82f57fcdc2 badff1a3a23c4e018c4d54c3adf2dcc1 - - default default] 10.0.0.231 "DELETE /v2.0/security-groups/e48cbbe6-79e2-4e72-b2a1-227e2ca05275 HTTP/1.1" status: 204 len: 168 time: 0.1894107
2026-04-27 22:07:56.803 10 INFO neutron.db.ovn_revision_numbers_db [None req-16bf3596-b42e-47ba-b3c1-6e19a64db32d 0e82c857992b4ddbbaa44f82f57fcdc2 badff1a3a23c4e018c4d54c3adf2dcc1 - - default default] Successfully bumped revision number for resource 36b447b2-d7f7-4932-96e8-ca1eabf56504 (type: security_groups) to 1
2026-04-27 22:07:56.815 10 INFO neutron.db.ovn_revision_numbers_db [None req-16bf3596-b42e-47ba-b3c1-6e19a64db32d 0e82c857992b4ddbbaa44f82f57fcdc2 badff1a3a23c4e018c4d54c3adf2dcc1 - - default default] Successfully bumped revision number for resource 272fd3fe-8362-487d-b63c-74a660e53f12 (type: security_group_rules) to 0
2026-04-27 22:07:56.829 10 INFO neutron.db.ovn_revision_numbers_db [None req-16bf3596-b42e-47ba-b3c1-6e19a64db32d 0e82c857992b4ddbbaa44f82f57fcdc2 badff1a3a23c4e018c4d54c3adf2dcc1 - - default default] Successfully bumped revision number for resource 48cf1bcc-7166-4276-860f-c422b111d6c6 (type: security_group_rules) to 0
2026-04-27 22:07:56.842 10 INFO neutron.db.ovn_revision_numbers_db [None req-16bf3596-b42e-47ba-b3c1-6e19a64db32d 0e82c857992b4ddbbaa44f82f57fcdc2 badff1a3a23c4e018c4d54c3adf2dcc1 - - default default] Successfully bumped revision number for resource a0d3b225-d801-4ee3-8d11-ce09077652ff (type: security_group_rules) to 0
2026-04-27 22:07:56.848 9 INFO neutron.api.wsgi [req-ce04571e-6992-44dd-8d5f-a194fb57a23b req-18f68051-c2b7-4863-98a1-fffb21b5c4e2 b190cd0a78684813b2bcb348d103d979 d294d4267df748699138ba6bde02c59b - - default default] 10.0.0.152 "GET /v2.0/ports?device_id=573bd9f2-4136-48f7-9bf8-89b4311c7757 HTTP/1.1" status: 200 len: 1170 time: 0.0739193
2026-04-27 22:07:56.854 10 INFO neutron.db.ovn_revision_numbers_db [None req-16bf3596-b42e-47ba-b3c1-6e19a64db32d 0e82c857992b4ddbbaa44f82f57fcdc2 badff1a3a23c4e018c4d54c3adf2dcc1 - - default default] Successfully bumped revision number for resource c2cbbd29-440f-4c13-9da8-8cb0cff1dbb5 (type: security_group_rules) to 0
2026-04-27 22:07:56.883 9 INFO neutron.api.wsgi [req-ce04571e-6992-44dd-8d5f-a194fb57a23b req-5df0f90a-5b24-47a5-8e6b-4108cf48affc b190cd0a78684813b2bcb348d103d979 d294d4267df748699138ba6bde02c59b - - default default] 10.0.0.152 "GET /v2.0/security-groups?id=5b7465cd-3942-4cc3-a0f8-ba2256249ce0&fields=id&fields=name HTTP/1.1" status: 200 len: 313 time: 0.0299659
2026-04-27 22:07:56.922 10 INFO neutron.db.segments_db [None req-16bf3596-b42e-47ba-b3c1-6e19a64db32d 0e82c857992b4ddbbaa44f82f57fcdc2 badff1a3a23c4e018c4d54c3adf2dcc1 - - default default] Added segment b1c81c0d-b391-4230-bb32-58fd419cc223 of type geneve for network 98affa07-76d3-48d9-a6cb-c2f8f1712c93
2026-04-27 22:07:57.048 10 INFO neutron.db.ovn_revision_numbers_db [None req-16bf3596-b42e-47ba-b3c1-6e19a64db32d 0e82c857992b4ddbbaa44f82f57fcdc2 badff1a3a23c4e018c4d54c3adf2dcc1 - - default default] Successfully bumped revision number for resource 98affa07-76d3-48d9-a6cb-c2f8f1712c93 (type: networks) to 1
2026-04-27 22:07:57.086 9 INFO neutron.api.wsgi [req-b12cdf64-56b1-4956-892f-2c076621162d req-ff25c2b1-2652-4992-8319-335531cff319 b190cd0a78684813b2bcb348d103d979 d294d4267df748699138ba6bde02c59b - - default default] 10.0.0.152 "GET /v2.0/ports?device_id=573bd9f2-4136-48f7-9bf8-89b4311c7757 HTTP/1.1" status: 200 len: 1170 time: 0.0404534
2026-04-27 22:07:57.124 9 INFO neutron.api.wsgi [req-b12cdf64-56b1-4956-892f-2c076621162d req-b997b2ff-b40a-4a37-b363-2a549dbca203 b190cd0a78684813b2bcb348d103d979 d294d4267df748699138ba6bde02c59b - - default default] 10.0.0.152 "GET /v2.0/security-groups?id=5b7465cd-3942-4cc3-a0f8-ba2256249ce0&fields=id&fields=name HTTP/1.1" status: 200 len: 313 time: 0.0320313
2026-04-27 22:07:57.203 10 WARNING neutron.scheduler.dhcp_agent_scheduler [None req-16bf3596-b42e-47ba-b3c1-6e19a64db32d 0e82c857992b4ddbbaa44f82f57fcdc2 badff1a3a23c4e018c4d54c3adf2dcc1 - - default default] No more DHCP agents
2026-04-27 22:07:57.205 10 WARNING neutron.api.rpc.agentnotifiers.dhcp_rpc_agent_api [None req-16bf3596-b42e-47ba-b3c1-6e19a64db32d 0e82c857992b4ddbbaa44f82f57fcdc2 badff1a3a23c4e018c4d54c3adf2dcc1 - - default default] Unable to schedule network 98affa07-76d3-48d9-a6cb-c2f8f1712c93: no agents available; will retry on subsequent port and subnet creation events.
2026-04-27 22:07:57.266 10 INFO neutron.db.ovn_revision_numbers_db [None req-16bf3596-b42e-47ba-b3c1-6e19a64db32d 0e82c857992b4ddbbaa44f82f57fcdc2 badff1a3a23c4e018c4d54c3adf2dcc1 - - default default] Successfully bumped revision number for resource c700c35d-a48f-46de-a5bb-8972b04e0cb9 (type: ports) to 1
2026-04-27 22:07:57.276 9 INFO neutron.db.ovn_revision_numbers_db [None req-0f83eece-896e-494c-8f3b-3be9c7d1c7ac 0e82c857992b4ddbbaa44f82f57fcdc2 badff1a3a23c4e018c4d54c3adf2dcc1 - - default default] Successfully bumped revision number for resource e5f5ddd9-0b0b-4ea2-85ca-8d0ac9740080 (type: security_groups) to 1
2026-04-27 22:07:57.287 10 INFO neutron.api.wsgi [None req-16bf3596-b42e-47ba-b3c1-6e19a64db32d 0e82c857992b4ddbbaa44f82f57fcdc2 badff1a3a23c4e018c4d54c3adf2dcc1 - - default default] 10.0.0.231 "POST /v2.0/networks HTTP/1.1" status: 201 len: 941 time: 0.8347347
2026-04-27 22:07:57.290 9 INFO neutron.db.ovn_revision_numbers_db [None req-0f83eece-896e-494c-8f3b-3be9c7d1c7ac 0e82c857992b4ddbbaa44f82f57fcdc2 badff1a3a23c4e018c4d54c3adf2dcc1 - - default default] Successfully bumped revision number for resource 1db954b9-ea4f-4153-b5ee-acc9ea28204d (type: security_group_rules) to 0
2026-04-27 22:07:57.303 9 INFO neutron.db.ovn_revision_numbers_db [None req-0f83eece-896e-494c-8f3b-3be9c7d1c7ac 0e82c857992b4ddbbaa44f82f57fcdc2 badff1a3a23c4e018c4d54c3adf2dcc1 - - default default] Successfully bumped revision number for resource 82ad321d-e209-43c4-a6cb-d422d964bcfc (type: security_group_rules) to 0
2026-04-27 22:07:57.315 9 INFO neutron.db.ovn_revision_numbers_db [None req-0f83eece-896e-494c-8f3b-3be9c7d1c7ac 0e82c857992b4ddbbaa44f82f57fcdc2 badff1a3a23c4e018c4d54c3adf2dcc1 - - default default] Successfully bumped revision number for resource c8cfd8fb-e4a4-4ba4-8c80-32e53a227c76 (type: security_group_rules) to 0
2026-04-27 22:07:57.327 9 INFO neutron.db.ovn_revision_numbers_db [None req-0f83eece-896e-494c-8f3b-3be9c7d1c7ac 0e82c857992b4ddbbaa44f82f57fcdc2 badff1a3a23c4e018c4d54c3adf2dcc1 - - default default] Successfully bumped revision number for resource ca4d2593-b102-4e91-b077-45c2c24ae2b9 (type: security_group_rules) to 0
2026-04-27 22:07:57.364 9 INFO neutron.api.wsgi [None req-0f83eece-896e-494c-8f3b-3be9c7d1c7ac 0e82c857992b4ddbbaa44f82f57fcdc2 badff1a3a23c4e018c4d54c3adf2dcc1 - - default default] 10.0.0.231 "GET /v2.0/security-groups?tenant_id=4ab80a48d6cb473b9dd4a7b276dd5480&name=default HTTP/1.1" status: 200 len: 3120 time: 0.3287551
2026-04-27 22:07:57.422 10 WARNING neutron.scheduler.dhcp_agent_scheduler [None req-264a7319-8779-469c-8325-a293b3850a1d 0e82c857992b4ddbbaa44f82f57fcdc2 badff1a3a23c4e018c4d54c3adf2dcc1 - - default default] No more DHCP agents
2026-04-27 22:07:57.424 10 WARNING neutron.api.rpc.agentnotifiers.dhcp_rpc_agent_api [None req-264a7319-8779-469c-8325-a293b3850a1d 0e82c857992b4ddbbaa44f82f57fcdc2 badff1a3a23c4e018c4d54c3adf2dcc1 - - default default] Unable to schedule network 98affa07-76d3-48d9-a6cb-c2f8f1712c93: no agents available; will retry on subsequent port and subnet creation events.
2026-04-27 22:07:57.565 9 INFO neutron.api.wsgi [None req-6815431a-c3fa-4980-af1b-1bc825d9e486 0e82c857992b4ddbbaa44f82f57fcdc2 badff1a3a23c4e018c4d54c3adf2dcc1 - - default default] 10.0.0.231 "DELETE /v2.0/security-groups/e5f5ddd9-0b0b-4ea2-85ca-8d0ac9740080 HTTP/1.1" status: 204 len: 168 time: 0.1968451
2026-04-27 22:07:57.618 10 INFO neutron.plugins.ml2.drivers.ovn.mech_driver.mech_driver [None req-312c6222-5f97-4e46-be91-7ccee39cd9a0 - - - - - -] OVN reports status down for port: 9866119b-20d8-46e4-9e6f-26ee38d97197
2026-04-27 22:07:57.755 10 INFO neutron.notifiers.nova [-] Nova event matching ['req-44b2cd4b-54ee-4ff6-82c6-64f45218e25d'] response: {'server_uuid': '573bd9f2-4136-48f7-9bf8-89b4311c7757', 'name': 'network-vif-unplugged', 'status': 'completed', 'tag': '9866119b-20d8-46e4-9e6f-26ee38d97197', 'code': 200}
2026-04-27 22:07:57.928 10 INFO neutron.db.ovn_revision_numbers_db [None req-36490c1f-82f4-46c4-82ca-93a4165b9466 - - - - - -] Successfully bumped revision number for resource c700c35d-a48f-46de-a5bb-8972b04e0cb9 (type: ports) to 2
2026-04-27 22:07:57.936 10 INFO neutron.db.ovn_revision_numbers_db [None req-c015104f-2561-4d40-aced-32f194832a72 0e82c857992b4ddbbaa44f82f57fcdc2 badff1a3a23c4e018c4d54c3adf2dcc1 - - default default] Successfully bumped revision number for resource 70fdadce-58b9-49c9-81d7-7f5e3ba84c11 (type: security_groups) to 1
2026-04-27 22:07:57.953 10 INFO neutron.db.ovn_revision_numbers_db [None req-c015104f-2561-4d40-aced-32f194832a72 0e82c857992b4ddbbaa44f82f57fcdc2 badff1a3a23c4e018c4d54c3adf2dcc1 - - default default] Successfully bumped revision number for resource 014d74a1-17d3-43c6-9d4e-ecb54677fb63 (type: security_group_rules) to 0
2026-04-27 22:07:57.956 10 INFO neutron.db.ovn_revision_numbers_db [None req-312c6222-5f97-4e46-be91-7ccee39cd9a0 - - - - - -] Successfully bumped revision number for resource 9866119b-20d8-46e4-9e6f-26ee38d97197 (type: ports) to 8
2026-04-27 22:07:57.965 10 INFO neutron.db.ovn_revision_numbers_db [None req-36490c1f-82f4-46c4-82ca-93a4165b9466 - - - - - -] Successfully bumped revision number for resource eb3cfd0f-e74b-4895-878c-b815682f0760 (type: subnets) to 0
2026-04-27 22:07:57.969 10 INFO neutron.db.ovn_revision_numbers_db [None req-c015104f-2561-4d40-aced-32f194832a72 0e82c857992b4ddbbaa44f82f57fcdc2 badff1a3a23c4e018c4d54c3adf2dcc1 - - default default] Successfully bumped revision number for resource b68e9df5-f5f7-44ae-81db-79df3eefeb9b (type: security_group_rules) to 0
2026-04-27 22:07:57.982 10 INFO neutron.api.wsgi [None req-264a7319-8779-469c-8325-a293b3850a1d 0e82c857992b4ddbbaa44f82f57fcdc2 badff1a3a23c4e018c4d54c3adf2dcc1 - - default default] 10.0.0.231 "POST /v2.0/subnets HTTP/1.1" status: 201 len: 885 time: 0.6894772
2026-04-27 22:07:57.985 10 INFO neutron.db.ovn_revision_numbers_db [None req-c015104f-2561-4d40-aced-32f194832a72 0e82c857992b4ddbbaa44f82f57fcdc2 badff1a3a23c4e018c4d54c3adf2dcc1 - - default default] Successfully bumped revision number for resource cfefb12a-b10b-4d8b-be7a-a7eaeeb4b515 (type: security_group_rules) to 0
2026-04-27 22:07:58.007 10 INFO neutron.db.ovn_revision_numbers_db [None req-c015104f-2561-4d40-aced-32f194832a72 0e82c857992b4ddbbaa44f82f57fcdc2 badff1a3a23c4e018c4d54c3adf2dcc1 - - default default] Successfully bumped revision number for resource ee030dc6-443c-4eec-bb0a-da0bdbd5343b (type: security_group_rules) to 0
2026-04-27 22:07:58.051 10 INFO neutron.api.wsgi [None req-c015104f-2561-4d40-aced-32f194832a72 0e82c857992b4ddbbaa44f82f57fcdc2 badff1a3a23c4e018c4d54c3adf2dcc1 - - default default] 10.0.0.231 "GET /v2.0/security-groups?tenant_id=82d5bc3bac9c4ad4a9551e8bbe3c7c44&name=default HTTP/1.1" status: 200 len: 3120 time: 0.2909760
2026-04-27 22:07:58.223 9 INFO neutron.api.wsgi [req-e18ca24b-409f-475d-861a-4b40e0f33180 req-dac9cf56-198b-4986-b3d0-67587b591e88 b190cd0a78684813b2bcb348d103d979 d294d4267df748699138ba6bde02c59b - - default default] 10.0.0.152 "GET /v2.0/ports?device_id=573bd9f2-4136-48f7-9bf8-89b4311c7757 HTTP/1.1" status: 200 len: 1168 time: 0.0395856
2026-04-27 22:07:58.266 9 INFO neutron.api.wsgi [req-e18ca24b-409f-475d-861a-4b40e0f33180 req-e389f31b-a13b-4be2-9155-377146c63f50 b190cd0a78684813b2bcb348d103d979 d294d4267df748699138ba6bde02c59b - - default default] 10.0.0.152 "GET /v2.0/security-groups?id=5b7465cd-3942-4cc3-a0f8-ba2256249ce0&fields=id&fields=name HTTP/1.1" status: 200 len: 313 time: 0.0358536
2026-04-27 22:07:58.300 9 INFO neutron.api.wsgi [None req-404a101a-885c-4857-9499-ae6c9961ba30 0e82c857992b4ddbbaa44f82f57fcdc2 badff1a3a23c4e018c4d54c3adf2dcc1 - - default default] 10.0.0.231 "DELETE /v2.0/security-groups/70fdadce-58b9-49c9-81d7-7f5e3ba84c11 HTTP/1.1" status: 204 len: 168 time: 0.2439730
2026-04-27 22:07:58.304 10 WARNING neutron.scheduler.dhcp_agent_scheduler [None req-825a9a1b-9d8f-4ee8-8ae3-222a1341486c 0e82c857992b4ddbbaa44f82f57fcdc2 badff1a3a23c4e018c4d54c3adf2dcc1 - - default default] No more DHCP agents
2026-04-27 22:07:58.305 10 WARNING neutron.api.rpc.agentnotifiers.dhcp_rpc_agent_api [None req-825a9a1b-9d8f-4ee8-8ae3-222a1341486c 0e82c857992b4ddbbaa44f82f57fcdc2 badff1a3a23c4e018c4d54c3adf2dcc1 - - default default] Unable to schedule network c94ce325-93c7-43f1-ad99-bbb4f0ff9636: no agents available; will retry on subsequent port and subnet creation events.
2026-04-27 22:07:58.417 10 INFO neutron.db.ovn_revision_numbers_db [None req-825a9a1b-9d8f-4ee8-8ae3-222a1341486c 0e82c857992b4ddbbaa44f82f57fcdc2 badff1a3a23c4e018c4d54c3adf2dcc1 - - default default] Successfully bumped revision number for resource d8103d15-60f6-4546-9d3f-b47f9b3b13b5 (type: ports) to 1
2026-04-27 22:07:58.820 9 INFO neutron.api.wsgi [req-fd477fbe-5dc1-45d9-807a-7416daa7afa1 req-5806da3e-05e9-4096-ac69-e948355b8470 b190cd0a78684813b2bcb348d103d979 d294d4267df748699138ba6bde02c59b - - default default] 199.19.213.228 "GET /v2.0/ports?device_id=573bd9f2-4136-48f7-9bf8-89b4311c7757 HTTP/1.1" status: 200 len: 1168 time: 0.0284524
2026-04-27 22:07:58.945 10 INFO neutron.plugins.ml2.drivers.ovn.mech_driver.ovsdb.commands [None req-004b3a3f-2e83-4cc6-8d1b-50d3b17085ba - - - - - -] Schedule LRP lrp-d8103d15-60f6-4546-9d3f-b47f9b3b13b5 on gateway 72ddc81f-6fdd-4288-b2d1-df8cbc6a2d67 with priority 1
2026-04-27 22:07:58.954 9 INFO neutron.plugins.ml2.drivers.ovn.mech_driver.mech_driver [None req-b8f5ce28-a930-4e82-a730-c0695b1ea925 - - - - - -] OVN reports status up for port: d8103d15-60f6-4546-9d3f-b47f9b3b13b5
2026-04-27 22:07:58.967 9 INFO neutron.plugins.ml2.drivers.ovn.mech_driver.ovsdb.ovsdb_monitor [None req-abb5e9fe-5681-4552-9afa-be89cb9b0b43 - - - - - -] Router c6c1144d-5ae3-4018-a379-7d46f5da559d is bound to host instance
2026-04-27 22:07:58.969 9 INFO neutron.plugins.ml2.plugin [None req-b8f5ce28-a930-4e82-a730-c0695b1ea925 - - - - - -] Attempt 1 to provision port d8103d15-60f6-4546-9d3f-b47f9b3b13b5
2026-04-27 22:07:58.983 10 INFO neutron.db.ovn_revision_numbers_db [None req-825a9a1b-9d8f-4ee8-8ae3-222a1341486c 0e82c857992b4ddbbaa44f82f57fcdc2 badff1a3a23c4e018c4d54c3adf2dcc1 - - default default] Successfully bumped revision number for resource d8103d15-60f6-4546-9d3f-b47f9b3b13b5 (type: router_ports) to 1
2026-04-27 22:07:59.043 10 INFO neutron.db.ovn_revision_numbers_db [None req-825a9a1b-9d8f-4ee8-8ae3-222a1341486c 0e82c857992b4ddbbaa44f82f57fcdc2 badff1a3a23c4e018c4d54c3adf2dcc1 - - default default] Successfully bumped revision number for resource c6c1144d-5ae3-4018-a379-7d46f5da559d (type: routers) to 2
2026-04-27 22:07:59.058 10 INFO neutron.api.wsgi [None req-825a9a1b-9d8f-4ee8-8ae3-222a1341486c 0e82c857992b4ddbbaa44f82f57fcdc2 badff1a3a23c4e018c4d54c3adf2dcc1 - - default default] 10.0.0.231 "POST /v2.0/routers HTTP/1.1" status: 201 len: 1163 time: 1.0702980 /var/lib/openstack/lib/python3.12/site-packages/pycadf/identifier.py:71: UserWarning: Invalid uuid: neutron. To ensure interoperability, identifiers should be a valid uuid. warnings.warn(('Invalid uuid: %s. To ensure interoperability, '
2026-04-27 22:07:59.173 9 INFO neutron.db.l3_db [req-fd477fbe-5dc1-45d9-807a-7416daa7afa1 req-200bb584-50c3-4700-8093-c0de9b57f203 b190cd0a78684813b2bcb348d103d979 d294d4267df748699138ba6bde02c59b - - default default] Floating IP 1d17cf56-abe7-4999-80ce-40e3df69864a disassociated. External IP: 10.96.250.207, port: 9866119b-20d8-46e4-9e6f-26ee38d97197.
2026-04-27 22:07:59.307 9 INFO neutron.api.wsgi [req-fd477fbe-5dc1-45d9-807a-7416daa7afa1 req-200bb584-50c3-4700-8093-c0de9b57f203 b190cd0a78684813b2bcb348d103d979 d294d4267df748699138ba6bde02c59b - - default default] 199.19.213.228 "DELETE /v2.0/ports/9866119b-20d8-46e4-9e6f-26ee38d97197 HTTP/1.1" status: 204 len: 173 time: 0.4823375
2026-04-27 22:07:59.349 9 INFO neutron.notifiers.nova [-] Nova event matching ['req-bc0c8ea7-63e5-4f24-8e88-bf828b149c1d'] response: {'server_uuid': '573bd9f2-4136-48f7-9bf8-89b4311c7757', 'name': 'network-vif-deleted', 'tag': '9866119b-20d8-46e4-9e6f-26ee38d97197', 'status': 'completed', 'code': 200}
2026-04-27 22:07:59.351 10 INFO neutron.api.wsgi [req-3b1dc6fd-9785-4805-83b6-e54b20821e0b req-6548292c-435b-45a6-81e3-9aa4e2154d0f b190cd0a78684813b2bcb348d103d979 d294d4267df748699138ba6bde02c59b - - default default] 10.0.0.152 "GET /v2.0/ports?device_id=573bd9f2-4136-48f7-9bf8-89b4311c7757 HTTP/1.1" status: 200 len: 210 time: 0.0216966
2026-04-27 22:07:59.467 9 INFO neutron.db.ovn_revision_numbers_db [None req-bf20c60c-1c83-415d-82c8-635248bf407c - - - - - -] Successfully bumped revision number for resource d8103d15-60f6-4546-9d3f-b47f9b3b13b5 (type: ports) to 1
2026-04-27 22:07:59.477 10 WARNING neutron.scheduler.dhcp_agent_scheduler [None req-8bd78f3b-d5f4-4ba1-8395-03d3795bc375 0e82c857992b4ddbbaa44f82f57fcdc2 badff1a3a23c4e018c4d54c3adf2dcc1 - - default default] No more DHCP agents
