2026-04-27 22:09:45.024 9 INFO neutron.api.wsgi [req-3ca99d40-93f0-449d-a802-69b677b600ea req-126db6dc-7f61-4171-a5fe-a216c53e85b7 574141f4da6c4ad8ab3a6842a6d97c5a 85c3324aefca416482414cbe12d2d06b - - dad4b4b2a7e544489a0095d9c3514c2a dad4b4b2a7e544489a0095d9c3514c2a] 199.19.213.228 "GET /v2.0/ports?network_id=824cdccc-5387-4083-8c5a-82070549d13f&device_owner=network%3Adhcp HTTP/1.1" status: 200 len: 210 time: 0.0143604
2026-04-27 22:09:45.060 9 INFO neutron.api.wsgi [req-3ca99d40-93f0-449d-a802-69b677b600ea req-50021394-a821-4b2c-a65b-fd83cd291c6d 574141f4da6c4ad8ab3a6842a6d97c5a 85c3324aefca416482414cbe12d2d06b - - dad4b4b2a7e544489a0095d9c3514c2a dad4b4b2a7e544489a0095d9c3514c2a] 199.19.213.228 "GET /v2.0/networks/824cdccc-5387-4083-8c5a-82070549d13f?fields=segments HTTP/1.1" status: 200 len: 212 time: 0.0308146
2026-04-27 22:09:45.103 9 INFO neutron.api.wsgi [req-3ca99d40-93f0-449d-a802-69b677b600ea req-0b75e833-f8c2-4b80-8503-9bdc431ad28d 574141f4da6c4ad8ab3a6842a6d97c5a 85c3324aefca416482414cbe12d2d06b - - dad4b4b2a7e544489a0095d9c3514c2a dad4b4b2a7e544489a0095d9c3514c2a] 199.19.213.228 "GET /v2.0/networks/824cdccc-5387-4083-8c5a-82070549d13f?fields=provider%3Aphysical_network&fields=provider%3Anetwork_type HTTP/1.1" status: 200 len: 277 time: 0.0369546
2026-04-27 22:09:45.316 10 INFO neutron.db.ovn_revision_numbers_db [None req-7647ac9f-a66d-4e99-bf3a-4ab37d7b115e - - - - - -] Successfully bumped revision number for resource 6f72cee2-0fe1-4c44-8446-a8846dbc561f (type: ports) to 2
2026-04-27 22:09:45.342 10 INFO neutron.db.ovn_revision_numbers_db [None req-7647ac9f-a66d-4e99-bf3a-4ab37d7b115e - - - - - -] Successfully bumped revision number for resource 868d7616-39bf-4ec7-a372-246e2eb2f4d1 (type: subnets) to 0
2026-04-27 22:09:45.358 10 INFO neutron.api.wsgi [None req-81ab7d86-836b-415a-a760-4040629e621c 99860a6bf7d1422a8047d26713f52f23 8e3af8c1d7724dd9824cd63df0f17a40 - - default default] 10.0.0.231 "POST /v2.0/subnets HTTP/1.1" status: 201 len: 825 time: 0.6441646
2026-04-27 22:09:45.406 10 INFO neutron.api.wsgi [None req-188bfd79-07aa-494c-ae0e-17d9ae0cc6c2 99860a6bf7d1422a8047d26713f52f23 8e3af8c1d7724dd9824cd63df0f17a40 - - default default] 10.0.0.231 "PUT /v2.0/subnets/868d7616-39bf-4ec7-a372-246e2eb2f4d1/tags HTTP/1.1" status: 200 len: 218 time: 0.0425799
2026-04-27 22:09:45.445 9 INFO neutron.api.wsgi [None req-ca1d15dc-8501-4cc3-ba28-83949903a9fb 99860a6bf7d1422a8047d26713f52f23 8e3af8c1d7724dd9824cd63df0f17a40 - - default default] 10.0.0.231 "GET /v2.0/subnets/868d7616-39bf-4ec7-a372-246e2eb2f4d1/tags HTTP/1.1" status: 200 len: 218 time: 0.0332148
2026-04-27 22:09:45.488 9 INFO neutron.api.wsgi [None req-c7d3b72a-9e8c-447e-a826-58b4bd290fb2 99860a6bf7d1422a8047d26713f52f23 8e3af8c1d7724dd9824cd63df0f17a40 - - default default] 10.0.0.231 "PUT /v2.0/subnets/868d7616-39bf-4ec7-a372-246e2eb2f4d1/tags/green HTTP/1.1" status: 201 len: 201 time: 0.0392315
2026-04-27 22:09:45.518 9 INFO neutron.api.wsgi [None req-5d4f93c5-7c62-442e-8ae5-69f5d58aaaae 99860a6bf7d1422a8047d26713f52f23 8e3af8c1d7724dd9824cd63df0f17a40 - - default default] 10.0.0.231 "GET /v2.0/subnets/868d7616-39bf-4ec7-a372-246e2eb2f4d1/tags HTTP/1.1" status: 200 len: 227 time: 0.0241780
2026-04-27 22:09:45.548 9 INFO neutron.api.wsgi [None req-a79aa59b-7c86-48b7-b056-54c39e027f66 99860a6bf7d1422a8047d26713f52f23 8e3af8c1d7724dd9824cd63df0f17a40 - - default default] 10.0.0.231 "PUT /v2.0/subnets/868d7616-39bf-4ec7-a372-246e2eb2f4d1/tags/red HTTP/1.1" status: 201 len: 201 time: 0.0256546
2026-04-27 22:09:45.577 9 INFO neutron.api.wsgi [None req-4f653174-c38e-4851-bf93-7ea10a319816 99860a6bf7d1422a8047d26713f52f23 8e3af8c1d7724dd9824cd63df0f17a40 - - default default] 10.0.0.231 "GET /v2.0/subnets/868d7616-39bf-4ec7-a372-246e2eb2f4d1/tags HTTP/1.1" status: 200 len: 227 time: 0.0246117
2026-04-27 22:09:45.617 9 INFO neutron.api.wsgi [None req-e0a94cc3-4543-4a9c-a3b2-dd056f656f23 99860a6bf7d1422a8047d26713f52f23 8e3af8c1d7724dd9824cd63df0f17a40 - - default default] 10.0.0.231 "PUT /v2.0/subnets/868d7616-39bf-4ec7-a372-246e2eb2f4d1/tags/black.or.white HTTP/1.1" status: 201 len: 201 time: 0.0369716
2026-04-27 22:09:45.648 9 INFO neutron.api.wsgi [None req-d95bd948-91e6-4587-9c7e-66db6acbb849 99860a6bf7d1422a8047d26713f52f23 8e3af8c1d7724dd9824cd63df0f17a40 - - default default] 10.0.0.231 "GET /v2.0/subnets/868d7616-39bf-4ec7-a372-246e2eb2f4d1/tags HTTP/1.1" status: 200 len: 245 time: 0.0253916
2026-04-27 22:09:45.694 9 INFO neutron.api.wsgi [None req-3facb7c3-8185-407c-9acd-996768fedf8b 99860a6bf7d1422a8047d26713f52f23 8e3af8c1d7724dd9824cd63df0f17a40 - - default default] 10.0.0.231 "PUT /v2.0/subnets/868d7616-39bf-4ec7-a372-246e2eb2f4d1/tags HTTP/1.1" status: 200 len: 230 time: 0.0411611
2026-04-27 22:09:45.722 9 INFO neutron.api.wsgi [None req-c40f6784-8202-405e-8e23-cb8943081149 99860a6bf7d1422a8047d26713f52f23 8e3af8c1d7724dd9824cd63df0f17a40 - - default default] 10.0.0.231 "GET /v2.0/subnets/868d7616-39bf-4ec7-a372-246e2eb2f4d1/tags HTTP/1.1" status: 200 len: 230 time: 0.0244479
2026-04-27 22:09:45.752 9 INFO neutron.api.wsgi [None req-ddc41846-a923-41c3-bb1d-b0cc4dd7dd07 99860a6bf7d1422a8047d26713f52f23 8e3af8c1d7724dd9824cd63df0f17a40 - - default default] 10.0.0.231 "GET /v2.0/subnets/868d7616-39bf-4ec7-a372-246e2eb2f4d1/tags/red HTTP/1.1" status: 204 len: 168 time: 0.0258665
2026-04-27 22:09:45.778 9 INFO neutron.api.v2.resource [None req-932f4053-9d7d-4581-92eb-17f67c9859f6 99860a6bf7d1422a8047d26713f52f23 8e3af8c1d7724dd9824cd63df0f17a40 - - default default] show failed (client error): The resource could not be found.
2026-04-27 22:09:45.779 9 INFO neutron.api.wsgi [None req-932f4053-9d7d-4581-92eb-17f67c9859f6 99860a6bf7d1422a8047d26713f52f23 8e3af8c1d7724dd9824cd63df0f17a40 - - default default] 10.0.0.231 "GET /v2.0/subnets/868d7616-39bf-4ec7-a372-246e2eb2f4d1/tags/green HTTP/1.1" status: 404 len: 299 time: 0.0231130
2026-04-27 22:09:45.824 9 INFO neutron.api.wsgi [None req-c2cad651-cbd5-4d5b-9cb2-b3be0650b447 99860a6bf7d1422a8047d26713f52f23 8e3af8c1d7724dd9824cd63df0f17a40 - - default default] 10.0.0.231 "DELETE /v2.0/subnets/868d7616-39bf-4ec7-a372-246e2eb2f4d1/tags/red HTTP/1.1" status: 204 len: 168 time: 0.0399230
2026-04-27 22:09:45.857 9 INFO neutron.api.wsgi [None req-6726b7c8-ff4c-4aeb-b129-172f64b549ab 99860a6bf7d1422a8047d26713f52f23 8e3af8c1d7724dd9824cd63df0f17a40 - - default default] 10.0.0.231 "GET /v2.0/subnets/868d7616-39bf-4ec7-a372-246e2eb2f4d1/tags HTTP/1.1" status: 200 len: 223 time: 0.0277486
2026-04-27 22:09:45.894 9 INFO neutron.api.v2.resource [None req-ae8139e8-2b35-4c42-8be3-60cd594c3f93 99860a6bf7d1422a8047d26713f52f23 8e3af8c1d7724dd9824cd63df0f17a40 - - default default] delete failed (client error): The resource could not be found.
2026-04-27 22:09:45.895 9 INFO neutron.api.wsgi [None req-ae8139e8-2b35-4c42-8be3-60cd594c3f93 99860a6bf7d1422a8047d26713f52f23 8e3af8c1d7724dd9824cd63df0f17a40 - - default default] 10.0.0.231 "DELETE /v2.0/subnets/868d7616-39bf-4ec7-a372-246e2eb2f4d1/tags/green HTTP/1.1" status: 404 len: 299 time: 0.0314424
2026-04-27 22:09:45.941 9 INFO neutron.api.wsgi [None req-9826d12d-e040-4fef-8068-aeb16895a04a 99860a6bf7d1422a8047d26713f52f23 8e3af8c1d7724dd9824cd63df0f17a40 - - default default] 10.0.0.231 "DELETE /v2.0/subnets/868d7616-39bf-4ec7-a372-246e2eb2f4d1/tags HTTP/1.1" status: 204 len: 168 time: 0.0407493
2026-04-27 22:09:45.989 9 INFO neutron.api.wsgi [None req-9a0a83ef-3f1d-4ddd-8008-505e723e7545 99860a6bf7d1422a8047d26713f52f23 8e3af8c1d7724dd9824cd63df0f17a40 - - default default] 10.0.0.231 "GET /v2.0/subnets/868d7616-39bf-4ec7-a372-246e2eb2f4d1/tags HTTP/1.1" status: 200 len: 205 time: 0.0432389
2026-04-27 22:09:46.162 9 INFO neutron.api.wsgi [None req-fb794857-09c8-4b69-9f59-7947900e9135 99860a6bf7d1422a8047d26713f52f23 8e3af8c1d7724dd9824cd63df0f17a40 - - default default] 10.0.0.231 "DELETE /v2.0/subnets/868d7616-39bf-4ec7-a372-246e2eb2f4d1 HTTP/1.1" status: 204 len: 168 time: 0.1612823
2026-04-27 22:09:46.458 9 INFO neutron.services.segments.plugin [-] Segment 8ccc6ae7-d0ec-4ea6-8ada-56b741476a58 resource provider aggregate not found
2026-04-27 22:09:46.465 9 INFO neutron.services.segments.plugin [-] Segment 8ccc6ae7-d0ec-4ea6-8ada-56b741476a58 resource provider aggregate not found
2026-04-27 22:09:46.475 9 INFO neutron.services.segments.plugin [-] Segment 8ccc6ae7-d0ec-4ea6-8ada-56b741476a58 resource provider not found; error: Placement Client Error (4xx): {"errors": [{"status": 404, "title": "Not Found", "detail": "The resource could not be found.\n\n No resource provider with uuid 8ccc6ae7-d0ec-4ea6-8ada-56b741476a58 found for delete ", "request_id": "req-0e3e7132-7056-475e-8b54-b39c018f4176"}]}
2026-04-27 22:09:46.482 9 INFO neutron.services.segments.plugin [-] Segment 8ccc6ae7-d0ec-4ea6-8ada-56b741476a58 resource provider not found; error: Placement Client Error (4xx): {"errors": [{"status": 404, "title": "Not Found", "detail": "The resource could not be found.\n\n No resource provider with uuid 8ccc6ae7-d0ec-4ea6-8ada-56b741476a58 found for delete ", "request_id": "req-d27971c6-6733-40ed-b477-32cb097322ac"}]}
2026-04-27 22:09:46.505 9 INFO neutron.api.wsgi [None req-75168dcd-35a1-4efe-99ff-5c6056f8f302 99860a6bf7d1422a8047d26713f52f23 8e3af8c1d7724dd9824cd63df0f17a40 - - default default] 10.0.0.231 "DELETE /v2.0/networks/6f2f3fc9-664f-47f2-b275-82434612b026 HTTP/1.1" status: 204 len: 168 time: 0.3383203
2026-04-27 22:09:47.379 9 INFO neutron.db.ovn_revision_numbers_db [None req-0767e4a9-40dd-4299-87db-67387b194615 0e82c857992b4ddbbaa44f82f57fcdc2 badff1a3a23c4e018c4d54c3adf2dcc1 - - default default] Successfully bumped revision number for resource aedf44ee-5ea9-4c5f-9227-2c0984e466e8 (type: security_groups) to 1
2026-04-27 22:09:47.395 9 INFO neutron.db.ovn_revision_numbers_db [None req-0767e4a9-40dd-4299-87db-67387b194615 0e82c857992b4ddbbaa44f82f57fcdc2 badff1a3a23c4e018c4d54c3adf2dcc1 - - default default] Successfully bumped revision number for resource 12bd428a-ef1a-49d8-a2f7-efdbcddd1195 (type: security_group_rules) to 0
2026-04-27 22:09:47.408 9 INFO neutron.db.ovn_revision_numbers_db [None req-0767e4a9-40dd-4299-87db-67387b194615 0e82c857992b4ddbbaa44f82f57fcdc2 badff1a3a23c4e018c4d54c3adf2dcc1 - - default default] Successfully bumped revision number for resource 2f02f1c9-0d44-48d0-b4b0-4852656b1874 (type: security_group_rules) to 0
2026-04-27 22:09:47.420 9 INFO neutron.db.ovn_revision_numbers_db [None req-0767e4a9-40dd-4299-87db-67387b194615 0e82c857992b4ddbbaa44f82f57fcdc2 badff1a3a23c4e018c4d54c3adf2dcc1 - - default default] Successfully bumped revision number for resource cc1d9b8b-de9f-48ad-befe-75639a3dc31f (type: security_group_rules) to 0
2026-04-27 22:09:47.432 9 INFO neutron.db.ovn_revision_numbers_db [None req-0767e4a9-40dd-4299-87db-67387b194615 0e82c857992b4ddbbaa44f82f57fcdc2 badff1a3a23c4e018c4d54c3adf2dcc1 - - default default] Successfully bumped revision number for resource f7bfa21e-ff0b-401c-b229-12539dce0014 (type: security_group_rules) to 0
2026-04-27 22:09:47.467 9 INFO neutron.api.wsgi [None req-0767e4a9-40dd-4299-87db-67387b194615 0e82c857992b4ddbbaa44f82f57fcdc2 badff1a3a23c4e018c4d54c3adf2dcc1 - - default default] 10.0.0.231 "GET /v2.0/security-groups?tenant_id=12571b59877544eabddfe986a05e104a&name=default HTTP/1.1" status: 200 len: 3120 time: 0.3413630
2026-04-27 22:09:47.686 9 INFO neutron.api.wsgi [None req-ce042b56-d5e2-44a8-8e15-c9865d005a12 0e82c857992b4ddbbaa44f82f57fcdc2 badff1a3a23c4e018c4d54c3adf2dcc1 - - default default] 10.0.0.231 "DELETE /v2.0/security-groups/aedf44ee-5ea9-4c5f-9227-2c0984e466e8 HTTP/1.1" status: 204 len: 168 time: 0.2135615
2026-04-27 22:09:47.797 10 INFO neutron.api.wsgi [None req-6e0757a9-42f0-4df3-91d9-3fb990119b69 0e82c857992b4ddbbaa44f82f57fcdc2 badff1a3a23c4e018c4d54c3adf2dcc1 - - default default] 10.0.0.231 "GET /v2.0/security-groups?tenant_id=8e3af8c1d7724dd9824cd63df0f17a40&name=default HTTP/1.1" status: 200 len: 3120 time: 0.0299287
2026-04-27 22:09:47.872 10 WARNING neutron_lib.context [None req-2c4d91c7-dc1e-475e-9c45-be94d921a036 879a3db557024b7c9ea3eeb7cd9d8c18 ba14649f545e4c01aed640941ff879ee - - default default] Method 'is_advsvc' is deprecated since 2023.2 release (neutron-lib 3.8.0) and will be removed once support for the old RBAC API policies will be removed from Neutron. Please use method 'is_service_role' instead.
2026-04-27 22:09:47.963 10 INFO neutron.db.ovn_revision_numbers_db [None req-2c4d91c7-dc1e-475e-9c45-be94d921a036 879a3db557024b7c9ea3eeb7cd9d8c18 ba14649f545e4c01aed640941ff879ee - - default default] Successfully bumped revision number for resource 628eb2d7-e548-437d-aee8-1a17a1d5ae00 (type: routers) to 1
2026-04-27 22:09:47.976 10 INFO neutron.api.wsgi [None req-2c4d91c7-dc1e-475e-9c45-be94d921a036 879a3db557024b7c9ea3eeb7cd9d8c18 ba14649f545e4c01aed640941ff879ee - - default default] 10.0.0.231 "POST /v2.0/routers HTTP/1.1" status: 201 len: 769 time: 0.2426829
2026-04-27 22:09:48.024 10 INFO neutron.api.wsgi [None req-97c0c129-9498-4720-a1f2-4b2ebf276427 0e82c857992b4ddbbaa44f82f57fcdc2 badff1a3a23c4e018c4d54c3adf2dcc1 - - default default] 10.0.0.231 "DELETE /v2.0/security-groups/f045ff68-c666-4f7b-95c3-adaf6a9b2d46 HTTP/1.1" status: 204 len: 168 time: 0.2221851
2026-04-27 22:09:48.026 10 INFO neutron.api.wsgi [None req-6d4c2bab-1627-43e0-b0cc-dbd276f5d5bf 879a3db557024b7c9ea3eeb7cd9d8c18 ba14649f545e4c01aed640941ff879ee - - default default] 10.0.0.231 "PUT /v2.0/routers/628eb2d7-e548-437d-aee8-1a17a1d5ae00/tags HTTP/1.1" status: 200 len: 218 time: 0.0428209
2026-04-27 22:09:48.062 10 INFO neutron.api.wsgi [None req-fa8ee3c3-f2c5-41ab-83d7-fd9c081f6a1b 879a3db557024b7c9ea3eeb7cd9d8c18 ba14649f545e4c01aed640941ff879ee - - default default] 10.0.0.231 "GET /v2.0/routers/628eb2d7-e548-437d-aee8-1a17a1d5ae00/tags HTTP/1.1" status: 200 len: 218 time: 0.0299659
2026-04-27 22:09:48.108 10 INFO neutron.api.wsgi [None req-af86b129-def5-4527-8428-2a33466e4754 879a3db557024b7c9ea3eeb7cd9d8c18 ba14649f545e4c01aed640941ff879ee - - default default] 10.0.0.231 "PUT /v2.0/routers/628eb2d7-e548-437d-aee8-1a17a1d5ae00/tags/green HTTP/1.1" status: 201 len: 201 time: 0.0417383
2026-04-27 22:09:48.146 10 INFO neutron.api.wsgi [None req-2b9fe9d4-c05c-4206-800c-0db6640e4030 879a3db557024b7c9ea3eeb7cd9d8c18 ba14649f545e4c01aed640941ff879ee - - default default] 10.0.0.231 "GET /v2.0/routers/628eb2d7-e548-437d-aee8-1a17a1d5ae00/tags HTTP/1.1" status: 200 len: 227 time: 0.0328050
2026-04-27 22:09:48.181 10 INFO neutron.api.wsgi [None req-fa0a3a6a-99df-43b9-a934-05533a820872 879a3db557024b7c9ea3eeb7cd9d8c18 ba14649f545e4c01aed640941ff879ee - - default default] 10.0.0.231 "PUT /v2.0/routers/628eb2d7-e548-437d-aee8-1a17a1d5ae00/tags/red HTTP/1.1" status: 201 len: 201 time: 0.0301540
2026-04-27 22:09:48.214 10 INFO neutron.api.wsgi [None req-52836f01-b95d-41c9-bf50-0498f4ae457c 879a3db557024b7c9ea3eeb7cd9d8c18 ba14649f545e4c01aed640941ff879ee - - default default] 10.0.0.231 "GET /v2.0/routers/628eb2d7-e548-437d-aee8-1a17a1d5ae00/tags HTTP/1.1" status: 200 len: 227 time: 0.0278485
2026-04-27 22:09:48.258 10 INFO neutron.api.wsgi [None req-3ec7b037-02f9-45ef-9946-de09acab5a40 879a3db557024b7c9ea3eeb7cd9d8c18 ba14649f545e4c01aed640941ff879ee - - default default] 10.0.0.231 "PUT /v2.0/routers/628eb2d7-e548-437d-aee8-1a17a1d5ae00/tags/black.or.white HTTP/1.1" status: 201 len: 201 time: 0.0398529
2026-04-27 22:09:48.295 10 INFO neutron.api.wsgi [None req-98c8945f-94fc-4c32-bda9-a71bb4bae79b 879a3db557024b7c9ea3eeb7cd9d8c18 ba14649f545e4c01aed640941ff879ee - - default default] 10.0.0.231 "GET /v2.0/routers/628eb2d7-e548-437d-aee8-1a17a1d5ae00/tags HTTP/1.1" status: 200 len: 245 time: 0.0314503
2026-04-27 22:09:48.346 10 INFO neutron.api.wsgi [None req-bc1f995c-319d-47dc-b814-bd5fbec950d5 879a3db557024b7c9ea3eeb7cd9d8c18 ba14649f545e4c01aed640941ff879ee - - default default] 10.0.0.231 "PUT /v2.0/routers/628eb2d7-e548-437d-aee8-1a17a1d5ae00/tags HTTP/1.1" status: 200 len: 230 time: 0.0448353
2026-04-27 22:09:48.382 10 INFO neutron.api.wsgi [None req-2de0df6a-3e23-4b2a-8e4a-00ed7e3048a9 879a3db557024b7c9ea3eeb7cd9d8c18 ba14649f545e4c01aed640941ff879ee - - default default] 10.0.0.231 "GET /v2.0/routers/628eb2d7-e548-437d-aee8-1a17a1d5ae00/tags HTTP/1.1" status: 200 len: 230 time: 0.0308986
2026-04-27 22:09:48.418 10 INFO neutron.api.wsgi [None req-24dff7a3-9bee-4741-a555-b924e00edf68 879a3db557024b7c9ea3eeb7cd9d8c18 ba14649f545e4c01aed640941ff879ee - - default default] 10.0.0.231 "GET /v2.0/routers/628eb2d7-e548-437d-aee8-1a17a1d5ae00/tags/red HTTP/1.1" status: 204 len: 168 time: 0.0309520
2026-04-27 22:09:48.458 9 INFO neutron.api.v2.resource [None req-d87b3a1b-013b-45dc-bdc2-29d68aa114ab 879a3db557024b7c9ea3eeb7cd9d8c18 ba14649f545e4c01aed640941ff879ee - - default default] show failed (client error): The resource could not be found.
2026-04-27 22:09:48.459 9 INFO neutron.api.wsgi [None req-d87b3a1b-013b-45dc-bdc2-29d68aa114ab 879a3db557024b7c9ea3eeb7cd9d8c18 ba14649f545e4c01aed640941ff879ee - - default default] 10.0.0.231 "GET /v2.0/routers/628eb2d7-e548-437d-aee8-1a17a1d5ae00/tags/green HTTP/1.1" status: 404 len: 299 time: 0.0324850
2026-04-27 22:09:48.513 9 INFO neutron.api.wsgi [None req-3b308093-7f91-4bb3-b750-65d53a9a6882 879a3db557024b7c9ea3eeb7cd9d8c18 ba14649f545e4c01aed640941ff879ee - - default default] 10.0.0.231 "DELETE /v2.0/routers/628eb2d7-e548-437d-aee8-1a17a1d5ae00/tags/red HTTP/1.1" status: 204 len: 168 time: 0.0473464
2026-04-27 22:09:48.552 9 INFO neutron.api.wsgi [None req-a11680b9-87bc-4283-b23e-859ba4754569 879a3db557024b7c9ea3eeb7cd9d8c18 ba14649f545e4c01aed640941ff879ee - - default default] 10.0.0.231 "GET /v2.0/routers/628eb2d7-e548-437d-aee8-1a17a1d5ae00/tags HTTP/1.1" status: 200 len: 223 time: 0.0322068
2026-04-27 22:09:48.589 9 INFO neutron.api.v2.resource [None req-79eaa1fa-ce94-4c67-bba7-5255766eeefb 879a3db557024b7c9ea3eeb7cd9d8c18 ba14649f545e4c01aed640941ff879ee - - default default] delete failed (client error): The resource could not be found.
2026-04-27 22:09:48.590 9 INFO neutron.api.wsgi [None req-79eaa1fa-ce94-4c67-bba7-5255766eeefb 879a3db557024b7c9ea3eeb7cd9d8c18 ba14649f545e4c01aed640941ff879ee - - default default] 10.0.0.231 "DELETE /v2.0/routers/628eb2d7-e548-437d-aee8-1a17a1d5ae00/tags/green HTTP/1.1" status: 404 len: 299 time: 0.0325861
2026-04-27 22:09:48.652 9 INFO neutron.api.wsgi [None req-08d6a18c-daa5-4158-8138-aec6554f8046 879a3db557024b7c9ea3eeb7cd9d8c18 ba14649f545e4c01aed640941ff879ee - - default default] 10.0.0.231 "DELETE /v2.0/routers/628eb2d7-e548-437d-aee8-1a17a1d5ae00/tags HTTP/1.1" status: 204 len: 168 time: 0.0566497
2026-04-27 22:09:48.699 9 INFO neutron.api.wsgi [None req-c0a39530-24fa-41b5-a403-a1734a905c4e 879a3db557024b7c9ea3eeb7cd9d8c18 ba14649f545e4c01aed640941ff879ee - - default default] 10.0.0.231 "GET /v2.0/routers/628eb2d7-e548-437d-aee8-1a17a1d5ae00/tags HTTP/1.1" status: 200 len: 205 time: 0.0384240
2026-04-27 22:09:48.777 9 INFO neutron.api.wsgi [None req-a80d639d-9bf6-432c-a6b4-48a8d3ddd820 879a3db557024b7c9ea3eeb7cd9d8c18 ba14649f545e4c01aed640941ff879ee - - default default] 10.0.0.231 "GET /v2.0/routers/628eb2d7-e548-437d-aee8-1a17a1d5ae00 HTTP/1.1" status: 200 len: 770 time: 0.0708520
2026-04-27 22:09:49.081 9 INFO neutron.db.ovn_revision_numbers_db [None req-a69f1e35-7434-4ae6-a4db-69311f5e51e9 879a3db557024b7c9ea3eeb7cd9d8c18 ba14649f545e4c01aed640941ff879ee - - default default] Successfully bumped revision number for resource 628eb2d7-e548-437d-aee8-1a17a1d5ae00 (type: routers) to 7
2026-04-27 22:09:49.087 9 INFO neutron.api.wsgi [None req-a69f1e35-7434-4ae6-a4db-69311f5e51e9 879a3db557024b7c9ea3eeb7cd9d8c18 ba14649f545e4c01aed640941ff879ee - - default default] 10.0.0.231 "PUT /v2.0/routers/628eb2d7-e548-437d-aee8-1a17a1d5ae00 HTTP/1.1" status: 200 len: 770 time: 0.3037531
2026-04-27 22:09:49.110 9 INFO neutron.api.wsgi [None req-852dcb54-ea66-448f-b2b6-8dedc7a6e1f8 879a3db557024b7c9ea3eeb7cd9d8c18 ba14649f545e4c01aed640941ff879ee - - default default] 10.0.0.231 "GET /v2.0/ports?device_id=628eb2d7-e548-437d-aee8-1a17a1d5ae00 HTTP/1.1" status: 200 len: 205 time: 0.0175810
2026-04-27 22:09:49.300 9 INFO neutron.api.wsgi [None req-a1c0675c-616a-45a8-8068-b7123951eb89 879a3db557024b7c9ea3eeb7cd9d8c18 ba14649f545e4c01aed640941ff879ee - - default default] 10.0.0.231 "DELETE /v2.0/routers/628eb2d7-e548-437d-aee8-1a17a1d5ae00 HTTP/1.1" status: 204 len: 168 time: 0.1857746
2026-04-27 22:09:50.206 9 INFO neutron.db.ovn_revision_numbers_db [None req-cc39a74c-b90c-4080-b00b-813d7ac0a7e3 0e82c857992b4ddbbaa44f82f57fcdc2 badff1a3a23c4e018c4d54c3adf2dcc1 - - default default] Successfully bumped revision number for resource 261d770b-6933-4973-b5e8-dde1d3ba7673 (type: security_groups) to 1
2026-04-27 22:09:50.220 9 INFO neutron.db.ovn_revision_numbers_db [None req-cc39a74c-b90c-4080-b00b-813d7ac0a7e3 0e82c857992b4ddbbaa44f82f57fcdc2 badff1a3a23c4e018c4d54c3adf2dcc1 - - default default] Successfully bumped revision number for resource 046aec57-21bd-450c-a039-d447902c3b75 (type: security_group_rules) to 0
2026-04-27 22:09:50.232 9 INFO neutron.db.ovn_revision_numbers_db [None req-cc39a74c-b90c-4080-b00b-813d7ac0a7e3 0e82c857992b4ddbbaa44f82f57fcdc2 badff1a3a23c4e018c4d54c3adf2dcc1 - - default default] Successfully bumped revision number for resource 3294aa57-0da8-4ba5-8246-c8dc90cf033f (type: security_group_rules) to 0
2026-04-27 22:09:50.246 9 INFO neutron.db.ovn_revision_numbers_db [None req-cc39a74c-b90c-4080-b00b-813d7ac0a7e3 0e82c857992b4ddbbaa44f82f57fcdc2 badff1a3a23c4e018c4d54c3adf2dcc1 - - default default] Successfully bumped revision number for resource 4cb97783-6a2c-43be-923e-7a19cb5346ef (type: security_group_rules) to 0
2026-04-27 22:09:50.274 9 INFO neutron.db.ovn_revision_numbers_db [None req-cc39a74c-b90c-4080-b00b-813d7ac0a7e3 0e82c857992b4ddbbaa44f82f57fcdc2 badff1a3a23c4e018c4d54c3adf2dcc1 - - default default] Successfully bumped revision number for resource a92b20fa-7ab8-446d-9e4c-22d873678564 (type: security_group_rules) to 0
2026-04-27 22:09:50.306 9 INFO neutron.api.wsgi [None req-cc39a74c-b90c-4080-b00b-813d7ac0a7e3 0e82c857992b4ddbbaa44f82f57fcdc2 badff1a3a23c4e018c4d54c3adf2dcc1 - - default default] 10.0.0.231 "GET /v2.0/security-groups?tenant_id=3e69282cbd9448b5ad0774fe229f342c&name=default HTTP/1.1" status: 200 len: 3120 time: 0.3618956
2026-04-27 22:09:50.503 9 INFO neutron.api.wsgi [None req-61b2d6a4-603b-44b5-ac7a-a88444bc7b7e 0e82c857992b4ddbbaa44f82f57fcdc2 badff1a3a23c4e018c4d54c3adf2dcc1 - - default default] 10.0.0.231 "DELETE /v2.0/security-groups/261d770b-6933-4973-b5e8-dde1d3ba7673 HTTP/1.1" status: 204 len: 168 time: 0.1918466
2026-04-27 22:09:50.734 10 INFO neutron.db.ovn_revision_numbers_db [None req-e2eb0906-013b-41c3-bc9a-2cfcbc3158cf 0e82c857992b4ddbbaa44f82f57fcdc2 badff1a3a23c4e018c4d54c3adf2dcc1 - - default default] Successfully bumped revision number for resource 35a79a5d-dbda-4af6-b93b-8a33148cf5c2 (type: security_groups) to 1
2026-04-27 22:09:50.749 10 INFO neutron.db.ovn_revision_numbers_db [None req-e2eb0906-013b-41c3-bc9a-2cfcbc3158cf 0e82c857992b4ddbbaa44f82f57fcdc2 badff1a3a23c4e018c4d54c3adf2dcc1 - - default default] Successfully bumped revision number for resource 9c8ecae3-7404-4f2c-a7bd-8a383f57353c (type: security_group_rules) to 0
2026-04-27 22:09:50.760 10 INFO neutron.db.ovn_revision_numbers_db [None req-e2eb0906-013b-41c3-bc9a-2cfcbc3158cf 0e82c857992b4ddbbaa44f82f57fcdc2 badff1a3a23c4e018c4d54c3adf2dcc1 - - default default] Successfully bumped revision number for resource da4fb794-ef07-4a3b-b8b0-b169356d8ff9 (type: security_group_rules) to 0
2026-04-27 22:09:50.771 10 INFO neutron.db.ovn_revision_numbers_db [None req-e2eb0906-013b-41c3-bc9a-2cfcbc3158cf 0e82c857992b4ddbbaa44f82f57fcdc2 badff1a3a23c4e018c4d54c3adf2dcc1 - - default default] Successfully bumped revision number for resource dd134921-8883-4bb2-bcd8-06a180f01f0b (type: security_group_rules) to 0
2026-04-27 22:09:50.781 10 INFO neutron.db.ovn_revision_numbers_db [None req-e2eb0906-013b-41c3-bc9a-2cfcbc3158cf 0e82c857992b4ddbbaa44f82f57fcdc2 badff1a3a23c4e018c4d54c3adf2dcc1 - - default default] Successfully bumped revision number for resource f6530407-a9f7-4a3a-9745-332e507d0b4e (type: security_group_rules) to 0
2026-04-27 22:09:50.814 10 INFO neutron.api.wsgi [None req-e2eb0906-013b-41c3-bc9a-2cfcbc3158cf 0e82c857992b4ddbbaa44f82f57fcdc2 badff1a3a23c4e018c4d54c3adf2dcc1 - - default default] 10.0.0.231 "GET /v2.0/security-groups?tenant_id=ba14649f545e4c01aed640941ff879ee&name=default HTTP/1.1" status: 200 len: 3120 time: 0.1768370
2026-04-27 22:09:51.014 10 INFO neutron.api.wsgi [None req-e4cd69bb-83f0-4a87-8bae-085b29f3c632 0e82c857992b4ddbbaa44f82f57fcdc2 badff1a3a23c4e018c4d54c3adf2dcc1 - - default default] 10.0.0.231 "DELETE /v2.0/security-groups/35a79a5d-dbda-4af6-b93b-8a33148cf5c2 HTTP/1.1" status: 204 len: 168 time: 0.1950967
2026-04-27 22:09:51.092 10 INFO neutron.api.wsgi [req-d7fca47f-a230-46a0-9487-6c88b15a0a7e req-d8702549-8a84-4ae0-824f-5fc471c755a9 574141f4da6c4ad8ab3a6842a6d97c5a 85c3324aefca416482414cbe12d2d06b - - dad4b4b2a7e544489a0095d9c3514c2a dad4b4b2a7e544489a0095d9c3514c2a] 10.0.0.33 "GET /v2.0/ports?device_id=dafd8756-8ff9-4233-87dc-61738b0633ef HTTP/1.1" status: 200 len: 1409 time: 0.0350249
2026-04-27 22:09:51.127 10 INFO neutron.api.wsgi [req-d7fca47f-a230-46a0-9487-6c88b15a0a7e req-ce593d0b-ab5f-4ffb-a5ea-eadd8b962cbc 574141f4da6c4ad8ab3a6842a6d97c5a 85c3324aefca416482414cbe12d2d06b - - dad4b4b2a7e544489a0095d9c3514c2a dad4b4b2a7e544489a0095d9c3514c2a] 10.0.0.33 "GET /v2.0/security-groups?id=ed136b3f-af46-4c57-a9b6-40f8863df3a9&fields=id&fields=name HTTP/1.1" status: 200 len: 312 time: 0.0303056
2026-04-27 22:09:51.301 10 WARNING neutron_lib.context [None req-c4156f3d-ea32-4fed-9e35-64e931327e93 5eda95fa0c67444e8c5c75eb0ee24fcf bdce58bea17e49e39d54d0e80275505e - - default default] Method 'is_advsvc' is deprecated since 2023.2 release (neutron-lib 3.8.0) and will be removed once support for the old RBAC API policies will be removed from Neutron. Please use method 'is_service_role' instead.
2026-04-27 22:09:51.420 10 INFO neutron.db.ovn_revision_numbers_db [None req-c4156f3d-ea32-4fed-9e35-64e931327e93 5eda95fa0c67444e8c5c75eb0ee24fcf bdce58bea17e49e39d54d0e80275505e - - default default] Successfully bumped revision number for resource 07096b1a-ea18-4d5b-aa6a-8be5791853e1 (type: security_groups) to 1
2026-04-27 22:09:51.433 10 INFO neutron.db.ovn_revision_numbers_db [None req-c4156f3d-ea32-4fed-9e35-64e931327e93 5eda95fa0c67444e8c5c75eb0ee24fcf bdce58bea17e49e39d54d0e80275505e - - default default] Successfully bumped revision number for resource 7c90d33e-f148-44fb-a1a3-343c958c244b (type: security_group_rules) to 0
2026-04-27 22:09:51.447 10 INFO neutron.db.ovn_revision_numbers_db [None req-c4156f3d-ea32-4fed-9e35-64e931327e93 5eda95fa0c67444e8c5c75eb0ee24fcf bdce58bea17e49e39d54d0e80275505e - - default default] Successfully bumped revision number for resource 842347cb-28ef-4f2c-82c6-b4528806228e (type: security_group_rules) to 0
2026-04-27 22:09:51.459 10 INFO neutron.db.ovn_revision_numbers_db [None req-c4156f3d-ea32-4fed-9e35-64e931327e93 5eda95fa0c67444e8c5c75eb0ee24fcf bdce58bea17e49e39d54d0e80275505e - - default default] Successfully bumped revision number for resource 8bd7e5a9-119a-4b5f-887e-e023450206b0 (type: security_group_rules) to 0
2026-04-27 22:09:51.470 10 INFO neutron.db.ovn_revision_numbers_db [None req-c4156f3d-ea32-4fed-9e35-64e931327e93 5eda95fa0c67444e8c5c75eb0ee24fcf bdce58bea17e49e39d54d0e80275505e - - default default] Successfully bumped revision number for resource abdd7eb6-8260-4490-b691-87828368651a (type: security_group_rules) to 0
2026-04-27 22:09:51.530 10 INFO neutron.db.segments_db [None req-c4156f3d-ea32-4fed-9e35-64e931327e93 5eda95fa0c67444e8c5c75eb0ee24fcf bdce58bea17e49e39d54d0e80275505e - - default default] Added segment 66ea497e-bbde-4870-8dfa-c4c0c46393d7 of type geneve for network 3908ef0b-883e-4ee2-b009-5708cb0f7897
2026-04-27 22:09:51.633 10 INFO neutron.db.ovn_revision_numbers_db [None req-c4156f3d-ea32-4fed-9e35-64e931327e93 5eda95fa0c67444e8c5c75eb0ee24fcf bdce58bea17e49e39d54d0e80275505e - - default default] Successfully bumped revision number for resource 3908ef0b-883e-4ee2-b009-5708cb0f7897 (type: networks) to 1
2026-04-27 22:09:51.779 10 WARNING neutron.scheduler.dhcp_agent_scheduler [None req-c4156f3d-ea32-4fed-9e35-64e931327e93 5eda95fa0c67444e8c5c75eb0ee24fcf bdce58bea17e49e39d54d0e80275505e - - default default] No more DHCP agents
2026-04-27 22:09:51.781 10 WARNING neutron.api.rpc.agentnotifiers.dhcp_rpc_agent_api [None req-c4156f3d-ea32-4fed-9e35-64e931327e93 5eda95fa0c67444e8c5c75eb0ee24fcf bdce58bea17e49e39d54d0e80275505e - - default default] Unable to schedule network 3908ef0b-883e-4ee2-b009-5708cb0f7897: no agents available; will retry on subsequent port and subnet creation events.
2026-04-27 22:09:51.839 10 INFO neutron.db.ovn_revision_numbers_db [None req-c4156f3d-ea32-4fed-9e35-64e931327e93 5eda95fa0c67444e8c5c75eb0ee24fcf bdce58bea17e49e39d54d0e80275505e - - default default] Successfully bumped revision number for resource 006da6ae-91ee-4969-aae6-9aeeb0ee1705 (type: ports) to 1
2026-04-27 22:09:51.862 10 INFO neutron.api.wsgi [None req-c4156f3d-ea32-4fed-9e35-64e931327e93 5eda95fa0c67444e8c5c75eb0ee24fcf bdce58bea17e49e39d54d0e80275505e - - default default] 10.0.0.231 "POST /v2.0/networks HTTP/1.1" status: 201 len: 825 time: 0.7605314
2026-04-27 22:09:51.874 9 WARNING neutron_lib.context [None req-ff41672e-007a-4c48-9056-863265a8c00d 5eda95fa0c67444e8c5c75eb0ee24fcf bdce58bea17e49e39d54d0e80275505e - - default default] Method 'is_advsvc' is deprecated since 2023.2 release (neutron-lib 3.8.0) and will be removed once support for the old RBAC API policies will be removed from Neutron. Please use method 'is_service_role' instead.
2026-04-27 22:09:52.039 9 WARNING neutron.scheduler.dhcp_agent_scheduler [None req-ff41672e-007a-4c48-9056-863265a8c00d 5eda95fa0c67444e8c5c75eb0ee24fcf bdce58bea17e49e39d54d0e80275505e - - default default] No more DHCP agents
2026-04-27 22:09:52.040 9 WARNING neutron.api.rpc.agentnotifiers.dhcp_rpc_agent_api [None req-ff41672e-007a-4c48-9056-863265a8c00d 5eda95fa0c67444e8c5c75eb0ee24fcf bdce58bea17e49e39d54d0e80275505e - - default default] Unable to schedule network 3908ef0b-883e-4ee2-b009-5708cb0f7897: no agents available; will retry on subsequent port and subnet creation events.
2026-04-27 22:09:52.459 9 INFO neutron.db.ovn_revision_numbers_db [None req-2e076b31-3dbe-4520-b264-33d3e6a6af00 - - - - - -] Successfully bumped revision number for resource 006da6ae-91ee-4969-aae6-9aeeb0ee1705 (type: ports) to 2
2026-04-27 22:09:52.497 9 INFO neutron.db.ovn_revision_numbers_db [None req-2e076b31-3dbe-4520-b264-33d3e6a6af00 - - - - - -] Successfully bumped revision number for resource bb25e85d-e21e-41ee-89f5-26b4e6ba9da8 (type: subnets) to 0
2026-04-27 22:09:52.509 9 INFO neutron.api.wsgi [None req-ff41672e-007a-4c48-9056-863265a8c00d 5eda95fa0c67444e8c5c75eb0ee24fcf bdce58bea17e49e39d54d0e80275505e - - default default] 10.0.0.231 "POST /v2.0/subnets HTTP/1.1" status: 201 len: 825 time: 0.6415253
2026-04-27 22:09:52.516 9 WARNING neutron_lib.context [None req-f94a06b6-0378-4cc4-b37e-bad8fbde0474 5eda95fa0c67444e8c5c75eb0ee24fcf bdce58bea17e49e39d54d0e80275505e - - default default] Method 'is_advsvc' is deprecated since 2023.2 release (neutron-lib 3.8.0) and will be removed once support for the old RBAC API policies will be removed from Neutron. Please use method 'is_service_role' instead.
2026-04-27 22:09:52.882 9 WARNING neutron.scheduler.dhcp_agent_scheduler [None req-f94a06b6-0378-4cc4-b37e-bad8fbde0474 5eda95fa0c67444e8c5c75eb0ee24fcf bdce58bea17e49e39d54d0e80275505e - - default default] No more DHCP agents
2026-04-27 22:09:52.883 9 WARNING neutron.api.rpc.agentnotifiers.dhcp_rpc_agent_api [None req-f94a06b6-0378-4cc4-b37e-bad8fbde0474 5eda95fa0c67444e8c5c75eb0ee24fcf bdce58bea17e49e39d54d0e80275505e - - default default] Unable to schedule network c94ce325-93c7-43f1-ad99-bbb4f0ff9636: no agents available; will retry on subsequent port and subnet creation events.
2026-04-27 22:09:53.008 9 INFO neutron.db.ovn_revision_numbers_db [None req-f94a06b6-0378-4cc4-b37e-bad8fbde0474 5eda95fa0c67444e8c5c75eb0ee24fcf bdce58bea17e49e39d54d0e80275505e - - default default] Successfully bumped revision number for resource d5e2146e-708c-48c7-9891-c816abfc5a5f (type: ports) to 1
2026-04-27 22:09:53.134 9 INFO neutron.api.wsgi [None req-c139d6c3-586f-4e4d-b98a-e10e09b4906c 3ff71c051c1c451db2a9822ef18267ba 1bb6c581cc5f471b942a34f9b9f21082 - - default default] 10.0.0.231 "GET /v2.0/ports?project_id=55440a9976b04e058badbec4f0048fc6&network_id=824cdccc-5387-4083-8c5a-82070549d13f HTTP/1.1" status: 200 len: 3510 time: 0.0611210
2026-04-27 22:09:53.359 10 INFO neutron.api.wsgi [None req-3c16ee86-7563-449e-b786-1683fe607012 3ff71c051c1c451db2a9822ef18267ba 1bb6c581cc5f471b942a34f9b9f21082 - - default default] 10.0.0.231 "GET /v2.0/subnets?network_id=c94ce325-93c7-43f1-ad99-bbb4f0ff9636 HTTP/1.1" status: 200 len: 861 time: 0.0329535
2026-04-27 22:09:53.562 9 INFO neutron.plugins.ml2.drivers.ovn.mech_driver.ovsdb.commands [None req-5a70e762-b189-4ddd-9dc6-7b8d745a3621 - - - - - -] Schedule LRP lrp-d5e2146e-708c-48c7-9891-c816abfc5a5f on gateway 72ddc81f-6fdd-4288-b2d1-df8cbc6a2d67 with priority 1
2026-04-27 22:09:53.569 9 INFO neutron.api.wsgi [-] 10.0.0.204 "GET / HTTP/1.1" status: 200 len: 247 time: 0.0017281
2026-04-27 22:09:53.570 9 INFO neutron.api.wsgi [-] 10.0.0.204 "GET / HTTP/1.1" status: 200 len: 247 time: 0.0008798
2026-04-27 22:09:53.574 10 INFO neutron.plugins.ml2.drivers.ovn.mech_driver.mech_driver [None req-30b4c158-22be-4557-aff7-9f919484e285 - - - - - -] OVN reports status up for port: d5e2146e-708c-48c7-9891-c816abfc5a5f
2026-04-27 22:09:53.585 10 INFO neutron.plugins.ml2.plugin [None req-30b4c158-22be-4557-aff7-9f919484e285 - - - - - -] Attempt 1 to provision port d5e2146e-708c-48c7-9891-c816abfc5a5f
2026-04-27 22:09:53.603 9 INFO neutron.db.ovn_revision_numbers_db [None req-f94a06b6-0378-4cc4-b37e-bad8fbde0474 5eda95fa0c67444e8c5c75eb0ee24fcf bdce58bea17e49e39d54d0e80275505e - - default default] Successfully bumped revision number for resource d5e2146e-708c-48c7-9891-c816abfc5a5f (type: router_ports) to 1
2026-04-27 22:09:53.665 9 INFO neutron.db.ovn_revision_numbers_db [None req-f94a06b6-0378-4cc4-b37e-bad8fbde0474 5eda95fa0c67444e8c5c75eb0ee24fcf bdce58bea17e49e39d54d0e80275505e - - default default] Successfully bumped revision number for resource 0709186f-54e3-48da-9b0a-5bfabf60737e (type: routers) to 2
2026-04-27 22:09:53.682 9 INFO neutron.api.wsgi [None req-f94a06b6-0378-4cc4-b37e-bad8fbde0474 5eda95fa0c67444e8c5c75eb0ee24fcf bdce58bea17e49e39d54d0e80275505e - - default default] 10.0.0.231 "POST /v2.0/routers HTTP/1.1" status: 201 len: 1135 time: 1.1689818
2026-04-27 22:09:53.687 10 INFO neutron.db.ovn_revision_numbers_db [None req-28303200-ad19-4d2c-968c-47d3d4fb9255 7417fff81bb04a87b0eb4bce1cb6fa30 55440a9976b04e058badbec4f0048fc6 - - default default] Successfully bumped revision number for resource cbf873c8-85d7-47cb-a5c1-d4dae7b2204c (type: floatingips) to 2
2026-04-27 22:09:53.728 10 INFO neutron.db.l3_db [None req-28303200-ad19-4d2c-968c-47d3d4fb9255 7417fff81bb04a87b0eb4bce1cb6fa30 55440a9976b04e058badbec4f0048fc6 - - default default] Floating IP cbf873c8-85d7-47cb-a5c1-d4dae7b2204c disassociated. External IP: 10.96.250.206, port: aa61261f-8212-4d88-8085-ff8bd8dd65e1.
2026-04-27 22:09:53.754 10 INFO neutron.api.wsgi [None req-28303200-ad19-4d2c-968c-47d3d4fb9255 7417fff81bb04a87b0eb4bce1cb6fa30 55440a9976b04e058badbec4f0048fc6 - - default default] 10.0.0.231 "PUT /v2.0/floatingips/cbf873c8-85d7-47cb-a5c1-d4dae7b2204c HTTP/1.1" status: 200 len: 748 time: 0.2138877
2026-04-27 22:09:53.779 10 INFO neutron.api.wsgi [None req-49e03b2c-565d-412c-82fa-90b030a9fbad 7417fff81bb04a87b0eb4bce1cb6fa30 55440a9976b04e058badbec4f0048fc6 - - default default] 10.0.0.231 "GET /v2.0/floatingips/cbf873c8-85d7-47cb-a5c1-d4dae7b2204c HTTP/1.1" status: 200 len: 746 time: 0.0197301
2026-04-27 22:09:53.783 10 INFO neutron.notifiers.nova [-] Nova event matching ['req-49afd83a-5af0-45c6-af22-6c6d532468c1'] response: {'name': 'network-changed', 'server_uuid': 'dafd8756-8ff9-4233-87dc-61738b0633ef', 'tag': 'aa61261f-8212-4d88-8085-ff8bd8dd65e1', 'status': 'completed', 'code': 200}
2026-04-27 22:09:54.252 10 WARNING neutron_lib.context [None req-fddc21ff-3efd-4d7c-8b92-354fa80aed16 3f5a25f0962841ad82e0e318b56f8160 11a0bf1aa34441b3bcd6766a48b4b6c3 - - default default] Method 'is_advsvc' is deprecated since 2023.2 release (neutron-lib 3.8.0) and will be removed once support for the old RBAC API policies will be removed from Neutron. Please use method 'is_service_role' instead.
2026-04-27 22:09:54.308 10 INFO neutron.api.wsgi [None req-fddc21ff-3efd-4d7c-8b92-354fa80aed16 3f5a25f0962841ad82e0e318b56f8160 11a0bf1aa34441b3bcd6766a48b4b6c3 - - default default] 10.0.0.231 "POST /v2.0/subnetpools HTTP/1.1" status: 201 len: 715 time: 0.2467089
2026-04-27 22:09:54.340 10 INFO neutron.api.wsgi [None req-ad24a2d4-edc4-4213-a112-510414692db9 3f5a25f0962841ad82e0e318b56f8160 11a0bf1aa34441b3bcd6766a48b4b6c3 - - default default] 10.0.0.231 "PUT /v2.0/subnetpools/54321caa-ecec-4070-a7d9-b77e8788d573/tags HTTP/1.1" status: 200 len: 218 time: 0.0265727
2026-04-27 22:09:54.364 10 INFO neutron.api.wsgi [None req-67dbd5b5-187e-47ab-8987-5d971d217596 3f5a25f0962841ad82e0e318b56f8160 11a0bf1aa34441b3bcd6766a48b4b6c3 - - default default] 10.0.0.231 "GET /v2.0/subnetpools/54321caa-ecec-4070-a7d9-b77e8788d573/tags HTTP/1.1" status: 200 len: 218 time: 0.0200276
2026-04-27 22:09:54.397 10 INFO neutron.api.wsgi [None req-1665c838-a077-478a-8775-da36175c7d35 3f5a25f0962841ad82e0e318b56f8160 11a0bf1aa34441b3bcd6766a48b4b6c3 - - default default] 10.0.0.231 "PUT /v2.0/subnetpools/54321caa-ecec-4070-a7d9-b77e8788d573/tags/green HTTP/1.1" status: 201 len: 201 time: 0.0289838
2026-04-27 22:09:54.412 9 INFO neutron.api.wsgi [req-2b1e9a9f-04f8-4963-a73d-c1786de80ea5 req-2ece88b4-b91b-4dc7-998d-b923d2474c58 574141f4da6c4ad8ab3a6842a6d97c5a 85c3324aefca416482414cbe12d2d06b - - dad4b4b2a7e544489a0095d9c3514c2a dad4b4b2a7e544489a0095d9c3514c2a] 199.19.213.228 "GET /v2.0/ports?tenant_id=55440a9976b04e058badbec4f0048fc6&device_id=dafd8756-8ff9-4233-87dc-61738b0633ef HTTP/1.1" status: 200 len: 1409 time: 0.0356090
2026-04-27 22:09:54.417 9 WARNING neutron.scheduler.dhcp_agent_scheduler [None req-09a60f46-6422-4b60-b07e-b4fb5f01d90f 5eda95fa0c67444e8c5c75eb0ee24fcf bdce58bea17e49e39d54d0e80275505e - - default default] No more DHCP agents
2026-04-27 22:09:54.421 10 INFO neutron.api.wsgi [None req-7c4727be-9374-4f6b-8aac-a4d7e1ef80f2 3f5a25f0962841ad82e0e318b56f8160 11a0bf1aa34441b3bcd6766a48b4b6c3 - - default default] 10.0.0.231 "GET /v2.0/subnetpools/54321caa-ecec-4070-a7d9-b77e8788d573/tags HTTP/1.1" status: 200 len: 227 time: 0.0196583
2026-04-27 22:09:54.423 9 WARNING neutron.api.rpc.agentnotifiers.dhcp_rpc_agent_api [None req-09a60f46-6422-4b60-b07e-b4fb5f01d90f 5eda95fa0c67444e8c5c75eb0ee24fcf bdce58bea17e49e39d54d0e80275505e - - default default] Unable to schedule network 3908ef0b-883e-4ee2-b009-5708cb0f7897: no agents available; will retry on subsequent port and subnet creation events.
2026-04-27 22:09:54.477 9 INFO neutron.api.wsgi [None req-e8b1fb20-eb8f-4cc0-a2f5-22655916444e 3f5a25f0962841ad82e0e318b56f8160 11a0bf1aa34441b3bcd6766a48b4b6c3 - - default default] 10.0.0.231 "PUT /v2.0/subnetpools/54321caa-ecec-4070-a7d9-b77e8788d573/tags/red HTTP/1.1" status: 201 len: 201 time: 0.0509431
2026-04-27 22:09:54.492 9 INFO neutron.api.wsgi [req-2b1e9a9f-04f8-4963-a73d-c1786de80ea5 req-0a7dde7f-1ea3-45e3-ab19-9cf651ed32d4 574141f4da6c4ad8ab3a6842a6d97c5a 85c3324aefca416482414cbe12d2d06b - - dad4b4b2a7e544489a0095d9c3514c2a dad4b4b2a7e544489a0095d9c3514c2a] 199.19.213.228 "GET /v2.0/networks?id=824cdccc-5387-4083-8c5a-82070549d13f HTTP/1.1" status: 200 len: 958 time: 0.0739422
2026-04-27 22:09:54.502 10 INFO neutron.api.wsgi [None req-cf621f30-cbee-415c-ac6a-d9d60f91e4e1 3f5a25f0962841ad82e0e318b56f8160 11a0bf1aa34441b3bcd6766a48b4b6c3 - - default default] 10.0.0.231 "GET /v2.0/subnetpools/54321caa-ecec-4070-a7d9-b77e8788d573/tags HTTP/1.1" status: 200 len: 227 time: 0.0200014
2026-04-27 22:09:54.513 9 INFO neutron.api.wsgi [req-2b1e9a9f-04f8-4963-a73d-c1786de80ea5 req-1bf24f52-0d1a-4f43-b4f8-38d0fc961140 574141f4da6c4ad8ab3a6842a6d97c5a 85c3324aefca416482414cbe12d2d06b - - dad4b4b2a7e544489a0095d9c3514c2a dad4b4b2a7e544489a0095d9c3514c2a] 199.19.213.228 "GET /v2.0/floatingips?fixed_ip_address=10.100.0.6&port_id=aa61261f-8212-4d88-8085-ff8bd8dd65e1 HTTP/1.1" status: 200 len: 217 time: 0.0156682
2026-04-27 22:09:54.534 10 INFO neutron.api.wsgi [None req-51a97f9f-abbf-46ab-b4dd-29fdcf329a55 3f5a25f0962841ad82e0e318b56f8160 11a0bf1aa34441b3bcd6766a48b4b6c3 - - default default] 10.0.0.231 "PUT /v2.0/subnetpools/54321caa-ecec-4070-a7d9-b77e8788d573/tags/black.or.white HTTP/1.1" status: 201 len: 201 time: 0.0279155
2026-04-27 22:09:54.544 9 INFO neutron.api.wsgi [req-2b1e9a9f-04f8-4963-a73d-c1786de80ea5 req-6bb8a11a-d946-48e5-9420-bf8258184dab 574141f4da6c4ad8ab3a6842a6d97c5a 85c3324aefca416482414cbe12d2d06b - - dad4b4b2a7e544489a0095d9c3514c2a dad4b4b2a7e544489a0095d9c3514c2a] 199.19.213.228 "GET /v2.0/subnets?id=fc319e92-4fe6-4e48-b366-b30253e7efe7 HTTP/1.1" status: 200 len: 877 time: 0.0260665
2026-04-27 22:09:54.554 10 INFO neutron.api.wsgi [None req-e94264b4-f7bb-41e7-b14a-dfc13884eb6d 3f5a25f0962841ad82e0e318b56f8160 11a0bf1aa34441b3bcd6766a48b4b6c3 - - default default] 10.0.0.231 "GET /v2.0/subnetpools/54321caa-ecec-4070-a7d9-b77e8788d573/tags HTTP/1.1" status: 200 len: 245 time: 0.0164642
2026-04-27 22:09:54.565 9 INFO neutron.api.wsgi [req-2b1e9a9f-04f8-4963-a73d-c1786de80ea5 req-0cfd134d-329a-4f0e-862c-3fdd515c5206 574141f4da6c4ad8ab3a6842a6d97c5a 85c3324aefca416482414cbe12d2d06b - - dad4b4b2a7e544489a0095d9c3514c2a dad4b4b2a7e544489a0095d9c3514c2a] 199.19.213.228 "GET /v2.0/ports?network_id=824cdccc-5387-4083-8c5a-82070549d13f&device_owner=network%3Adhcp HTTP/1.1" status: 200 len: 210 time: 0.0153320
2026-04-27 22:09:54.591 10 INFO neutron.api.wsgi [None req-d5e933be-33d6-4790-a273-72313da03108 3f5a25f0962841ad82e0e318b56f8160 11a0bf1aa34441b3bcd6766a48b4b6c3 - - default default] 10.0.0.231 "PUT /v2.0/subnetpools/54321caa-ecec-4070-a7d9-b77e8788d573/tags HTTP/1.1" status: 200 len: 230 time: 0.0323019
2026-04-27 22:09:54.604 9 INFO neutron.db.ovn_revision_numbers_db [None req-09a60f46-6422-4b60-b07e-b4fb5f01d90f 5eda95fa0c67444e8c5c75eb0ee24fcf bdce58bea17e49e39d54d0e80275505e - - default default] Successfully bumped revision number for resource 7102b464-121b-4a1c-b909-80a5c0b51fda (type: ports) to 1
2026-04-27 22:09:54.615 9 INFO neutron.api.wsgi [req-2b1e9a9f-04f8-4963-a73d-c1786de80ea5 req-02439389-824a-4efd-b306-170821497cbb 574141f4da6c4ad8ab3a6842a6d97c5a 85c3324aefca416482414cbe12d2d06b - - dad4b4b2a7e544489a0095d9c3514c2a dad4b4b2a7e544489a0095d9c3514c2a] 199.19.213.228 "GET /v2.0/networks/824cdccc-5387-4083-8c5a-82070549d13f?fields=segments HTTP/1.1" status: 200 len: 212 time: 0.0417373
2026-04-27 22:09:54.619 10 INFO neutron.api.wsgi [None req-08010699-fdd3-4583-94e8-84a0aaf4edfa 3f5a25f0962841ad82e0e318b56f8160 11a0bf1aa34441b3bcd6766a48b4b6c3 - - default default] 10.0.0.231 "GET /v2.0/subnetpools/54321caa-ecec-4070-a7d9-b77e8788d573/tags HTTP/1.1" status: 200 len: 230 time: 0.0226989
2026-04-27 22:09:54.640 10 INFO neutron.api.wsgi [None req-fb4ff077-ff0e-4923-b59c-89f767b39865 3f5a25f0962841ad82e0e318b56f8160 11a0bf1aa34441b3bcd6766a48b4b6c3 - - default default] 10.0.0.231 "GET /v2.0/subnetpools/54321caa-ecec-4070-a7d9-b77e8788d573/tags/red HTTP/1.1" status: 204 len: 168 time: 0.0173035
2026-04-27 22:09:54.659 10 INFO neutron.api.v2.resource [None req-8e9a2ae8-b0a9-49ec-8a76-edd7cfc64198 3f5a25f0962841ad82e0e318b56f8160 11a0bf1aa34441b3bcd6766a48b4b6c3 - - default default] show failed (client error): The resource could not be found.
2026-04-27 22:09:54.660 10 INFO neutron.api.wsgi [None req-8e9a2ae8-b0a9-49ec-8a76-edd7cfc64198 3f5a25f0962841ad82e0e318b56f8160 11a0bf1aa34441b3bcd6766a48b4b6c3 - - default default] 10.0.0.231 "GET /v2.0/subnetpools/54321caa-ecec-4070-a7d9-b77e8788d573/tags/green HTTP/1.1" status: 404 len: 299 time: 0.0153580
2026-04-27 22:09:54.669 9 INFO neutron.api.wsgi [req-2b1e9a9f-04f8-4963-a73d-c1786de80ea5 req-3022ddc9-70e1-4c79-ae80-60767c753c7e 574141f4da6c4ad8ab3a6842a6d97c5a 85c3324aefca416482414cbe12d2d06b - - dad4b4b2a7e544489a0095d9c3514c2a dad4b4b2a7e544489a0095d9c3514c2a] 199.19.213.228 "GET /v2.0/networks/824cdccc-5387-4083-8c5a-82070549d13f?fields=provider%3Aphysical_network&fields=provider%3Anetwork_type HTTP/1.1" status: 200 len: 277 time: 0.0478177
2026-04-27 22:09:54.693 10 INFO neutron.api.wsgi [None req-14df72e0-7eee-479c-b5fe-524c74cc88fe 3f5a25f0962841ad82e0e318b56f8160 11a0bf1aa34441b3bcd6766a48b4b6c3 - - default default] 10.0.0.231 "DELETE /v2.0/subnetpools/54321caa-ecec-4070-a7d9-b77e8788d573/tags/red HTTP/1.1" status: 204 len: 168 time: 0.0284476
2026-04-27 22:09:54.713 10 INFO neutron.api.wsgi [None req-f505735f-7310-47af-b01b-14031fbb98ff 3f5a25f0962841ad82e0e318b56f8160 11a0bf1aa34441b3bcd6766a48b4b6c3 - - default default] 10.0.0.231 "GET /v2.0/subnetpools/54321caa-ecec-4070-a7d9-b77e8788d573/tags HTTP/1.1" status: 200 len: 223 time: 0.0154645
2026-04-27 22:09:54.737 10 INFO neutron.api.v2.resource [None req-8bbe122b-3e70-4745-b738-13cebfb93681 3f5a25f0962841ad82e0e318b56f8160 11a0bf1aa34441b3bcd6766a48b4b6c3 - - default default] delete failed (client error): The resource could not be found.
2026-04-27 22:09:54.738 10 INFO neutron.api.wsgi [None req-8bbe122b-3e70-4745-b738-13cebfb93681 3f5a25f0962841ad82e0e318b56f8160 11a0bf1aa34441b3bcd6766a48b4b6c3 - - default default] 10.0.0.231 "DELETE /v2.0/subnetpools/54321caa-ecec-4070-a7d9-b77e8788d573/tags/green HTTP/1.1" status: 404 len: 299 time: 0.0189521
2026-04-27 22:09:54.778 10 INFO neutron.api.wsgi [None req-f3fdc915-80a2-47bb-a380-4927cf401794 3f5a25f0962841ad82e0e318b56f8160 11a0bf1aa34441b3bcd6766a48b4b6c3 - - default default] 10.0.0.231 "DELETE /v2.0/subnetpools/54321caa-ecec-4070-a7d9-b77e8788d573/tags HTTP/1.1" status: 204 len: 168 time: 0.0349371
2026-04-27 22:09:54.803 10 INFO neutron.api.wsgi [None req-6e26a6e9-463d-4ccb-98ed-4994831adf06 3f5a25f0962841ad82e0e318b56f8160 11a0bf1aa34441b3bcd6766a48b4b6c3 - - default default] 10.0.0.231 "GET /v2.0/subnetpools/54321caa-ecec-4070-a7d9-b77e8788d573/tags HTTP/1.1" status: 200 len: 205 time: 0.0197988
2026-04-27 22:09:54.835 9 WARNING neutron_lib.context [None req-661f8dd5-f73c-4cc1-bc5a-b84f4a26946c 7417fff81bb04a87b0eb4bce1cb6fa30 55440a9976b04e058badbec4f0048fc6 - - default default] Method 'is_advsvc' is deprecated since 2023.2 release (neutron-lib 3.8.0) and will be removed once support for the old RBAC API policies will be removed from Neutron. Please use method 'is_service_role' instead.
2026-04-27 22:09:54.873 10 INFO neutron.api.wsgi [None req-de3a8556-7c95-47d9-bf4a-a6045ae020eb 3f5a25f0962841ad82e0e318b56f8160 11a0bf1aa34441b3bcd6766a48b4b6c3 - - default default] 10.0.0.231 "DELETE /v2.0/subnetpools/54321caa-ecec-4070-a7d9-b77e8788d573 HTTP/1.1" status: 204 len: 168 time: 0.0490360
2026-04-27 22:09:54.956 9 INFO neutron.db.ovn_revision_numbers_db [None req-661f8dd5-f73c-4cc1-bc5a-b84f4a26946c 7417fff81bb04a87b0eb4bce1cb6fa30 55440a9976b04e058badbec4f0048fc6 - - default default] Successfully bumped revision number for resource 13a28b5f-e315-4b32-8b28-781c08e20d89 (type: security_groups) to 1
2026-04-27 22:09:54.978 9 INFO neutron.db.ovn_revision_numbers_db [None req-661f8dd5-f73c-4cc1-bc5a-b84f4a26946c 7417fff81bb04a87b0eb4bce1cb6fa30 55440a9976b04e058badbec4f0048fc6 - - default default] Successfully bumped revision number for resource 44640657-8c10-408c-b1c3-f1656473d3e0 (type: security_group_rules) to 0
2026-04-27 22:09:54.992 9 INFO neutron.db.ovn_revision_numbers_db [None req-661f8dd5-f73c-4cc1-bc5a-b84f4a26946c 7417fff81bb04a87b0eb4bce1cb6fa30 55440a9976b04e058badbec4f0048fc6 - - default default] Successfully bumped revision number for resource a772f57c-d2c2-4995-b3c6-302cdfd56ba2 (type: security_group_rules) to 0
2026-04-27 22:09:55.026 9 INFO neutron.api.wsgi [None req-661f8dd5-f73c-4cc1-bc5a-b84f4a26946c 7417fff81bb04a87b0eb4bce1cb6fa30 55440a9976b04e058badbec4f0048fc6 - - default default] 10.0.0.231 "POST /v2.0/security-groups HTTP/1.1" status: 201 len: 1875 time: 0.1980705
2026-04-27 22:09:55.038 10 WARNING neutron_lib.context [None req-341849b8-4797-44a2-b197-d7b3a4f5e139 7417fff81bb04a87b0eb4bce1cb6fa30 55440a9976b04e058badbec4f0048fc6 - - default default] Method 'is_advsvc' is deprecated since 2023.2 release (neutron-lib 3.8.0) and will be removed once support for the old RBAC API policies will be removed from Neutron. Please use method 'is_service_role' instead.
2026-04-27 22:09:55.163 10 INFO neutron.db.ovn_revision_numbers_db [None req-341849b8-4797-44a2-b197-d7b3a4f5e139 7417fff81bb04a87b0eb4bce1cb6fa30 55440a9976b04e058badbec4f0048fc6 - - default default] Successfully bumped revision number for resource 5fd069d7-5f76-4bbf-b139-3c11c8a398f4 (type: security_group_rules) to 0
2026-04-27 22:09:55.192 9 INFO neutron.plugins.ml2.drivers.ovn.mech_driver.mech_driver [None req-b06877df-7c4e-4dd3-9add-4d8623b6b0d1 - - - - - -] OVN reports status up for port: 7102b464-121b-4a1c-b909-80a5c0b51fda
2026-04-27 22:09:55.199 10 INFO neutron.api.wsgi [None req-341849b8-4797-44a2-b197-d7b3a4f5e139 7417fff81bb04a87b0eb4bce1cb6fa30 55440a9976b04e058badbec4f0048fc6 - - default default] 10.0.0.231 "POST /v2.0/security-group-rules HTTP/1.1" status: 201 len: 796 time: 0.1670065
