2026-04-27 22:06:53.212 9 INFO neutron.services.segments.plugin [-] Segment 11841c75-c961-4f31-9d09-9a8d8a96842c resource provider not found; error: Placement Client Error (4xx): {"errors": [{"status": 404, "title": "Not Found", "detail": "The resource could not be found.\n\n No resource provider with uuid 11841c75-c961-4f31-9d09-9a8d8a96842c found for delete ", "request_id": "req-19768276-bf56-4449-a862-fe4955a8e1fe"}]}
2026-04-27 22:06:53.213 9 INFO neutron.services.segments.plugin [-] Segment 11841c75-c961-4f31-9d09-9a8d8a96842c resource provider not found; error: Placement Client Error (4xx): {"errors": [{"status": 404, "title": "Not Found", "detail": "The resource could not be found.\n\n No resource provider with uuid 11841c75-c961-4f31-9d09-9a8d8a96842c found for delete ", "request_id": "req-cd0aa85a-597a-4c2a-b1b5-bf3afd7bbde1"}]}
2026-04-27 22:06:53.221 9 INFO neutron.api.wsgi [None req-c43207f3-ee11-46e2-8be6-ce86ed49ff83 0e82c857992b4ddbbaa44f82f57fcdc2 badff1a3a23c4e018c4d54c3adf2dcc1 - - default default] 10.0.0.231 "DELETE /v2.0/networks/1092b518-c574-4617-83c0-0db0dea42baf HTTP/1.1" status: 204 len: 168 time: 0.3022356
2026-04-27 22:06:53.328 10 INFO neutron.db.ovn_revision_numbers_db [None req-4e9f35f3-07c3-450d-98f4-3c12ac003f69 2c624c4a3d844f1e8d06db5b962fc053 9c3e470f895c443eb69d1dd26002d333 - - default default] Successfully bumped revision number for resource 3e0178fe-1618-409a-90f3-196ff6af9bfb (type: floatingips) to 1
2026-04-27 22:06:53.371 10 INFO neutron.api.wsgi [None req-19265368-73d4-4bc5-b207-cabd86c3d107 0e82c857992b4ddbbaa44f82f57fcdc2 badff1a3a23c4e018c4d54c3adf2dcc1 - - default default] 10.0.0.231 "GET /v2.0/security-groups?tenant_id=3da558d270c445baa24a1d7c26651e82&name=default HTTP/1.1" status: 200 len: 3116 time: 0.0471778 /var/lib/openstack/lib/python3.12/site-packages/pycadf/identifier.py:71: UserWarning: Invalid uuid: neutron. To ensure interoperability, identifiers should be a valid uuid. warnings.warn(('Invalid uuid: %s. To ensure interoperability, '
2026-04-27 22:06:53.445 10 INFO neutron.db.ovn_revision_numbers_db [None req-4e9f35f3-07c3-450d-98f4-3c12ac003f69 2c624c4a3d844f1e8d06db5b962fc053 9c3e470f895c443eb69d1dd26002d333 - - default default] Successfully bumped revision number for resource 3e0178fe-1618-409a-90f3-196ff6af9bfb (type: floatingips) to 2
2026-04-27 22:06:53.446 10 INFO neutron.db.l3_db [None req-4e9f35f3-07c3-450d-98f4-3c12ac003f69 2c624c4a3d844f1e8d06db5b962fc053 9c3e470f895c443eb69d1dd26002d333 - - default default] Floating IP 3e0178fe-1618-409a-90f3-196ff6af9bfb associated. External IP: 10.96.250.220, port: 8fa567e3-72a8-4603-a146-dcc15979696d.
2026-04-27 22:06:53.471 10 INFO neutron.api.wsgi [None req-4e9f35f3-07c3-450d-98f4-3c12ac003f69 2c624c4a3d844f1e8d06db5b962fc053 9c3e470f895c443eb69d1dd26002d333 - - default default] 10.0.0.231 "PUT /v2.0/floatingips/3e0178fe-1618-409a-90f3-196ff6af9bfb HTTP/1.1" status: 200 len: 1049 time: 0.5909197
2026-04-27 22:06:53.501 10 INFO neutron.notifiers.nova [-] Nova event matching ['req-a4ea772e-971e-4d05-b72d-97bd5f68fe44'] response: {'name': 'network-changed', 'server_uuid': 'bab335df-1d26-4301-bfb6-9849b2b96030', 'tag': '8fa567e3-72a8-4603-a146-dcc15979696d', 'status': 'completed', 'code': 200}
2026-04-27 22:06:53.547 9 INFO neutron.api.wsgi [req-4eee96f6-9a6d-4077-8ab1-e17015cb60de req-19e94242-3af4-460c-83e9-03abdafe8195 2c624c4a3d844f1e8d06db5b962fc053 9c3e470f895c443eb69d1dd26002d333 - - default default] 10.0.0.152 "GET /v2.0/ports?device_id=bab335df-1d26-4301-bfb6-9849b2b96030 HTTP/1.1" status: 200 len: 1170 time: 0.0358093
2026-04-27 22:06:53.569 9 INFO neutron.api.wsgi [-] 10.0.0.204 "GET / HTTP/1.1" status: 200 len: 247 time: 0.0011718
2026-04-27 22:06:53.570 10 INFO neutron.api.wsgi [-] 10.0.0.204 "GET / HTTP/1.1" status: 200 len: 247 time: 0.0034304
2026-04-27 22:06:53.594 9 INFO neutron.api.wsgi [req-4eee96f6-9a6d-4077-8ab1-e17015cb60de req-0b040174-db17-44c5-b487-12269a9b1fba 2c624c4a3d844f1e8d06db5b962fc053 9c3e470f895c443eb69d1dd26002d333 - - default default] 10.0.0.152 "GET /v2.0/security-groups?id=6956d358-6f73-4284-bc76-8d1dda4b0d60&fields=id&fields=name HTTP/1.1" status: 200 len: 313 time: 0.0401752
2026-04-27 22:06:53.633 9 INFO neutron.api.wsgi [None req-771b6fa8-9b14-4057-bed9-bf6438160bdc 0e82c857992b4ddbbaa44f82f57fcdc2 badff1a3a23c4e018c4d54c3adf2dcc1 - - default default] 10.0.0.231 "DELETE /v2.0/security-groups/cb060757-674b-4f67-9c82-b4ad0295a141 HTTP/1.1" status: 204 len: 168 time: 0.2560050
2026-04-27 22:06:53.846 10 INFO neutron.api.wsgi [req-09cc7427-7c90-4de9-91ec-9263b74e9531 req-d7daf4f1-5e98-4ddb-b921-195b55ed0e03 2e8caac5d80147b6a6063a2acc3a2805 8677deb80e264832adec1dbfcfb7cdd6 - - default default] 10.0.0.152 "GET /v2.0/ports?device_id=9f099a32-853b-4d3b-9560-2b4dfe75cc41 HTTP/1.1" status: 200 len: 210 time: 0.0209963
2026-04-27 22:06:53.909 9 INFO neutron.api.wsgi [req-5cbdbaac-41f5-49da-95d2-003baeaef6e3 req-c165d72b-8c87-457a-9130-96b68968cd15 2c624c4a3d844f1e8d06db5b962fc053 9c3e470f895c443eb69d1dd26002d333 - - default default] 10.0.0.152 "GET /v2.0/ports?device_id=bab335df-1d26-4301-bfb6-9849b2b96030 HTTP/1.1" status: 200 len: 1170 time: 0.0349967
2026-04-27 22:06:53.943 9 INFO neutron.api.wsgi [req-5cbdbaac-41f5-49da-95d2-003baeaef6e3 req-0121ce93-81a6-4d8c-9b55-9486cf3b04f9 2c624c4a3d844f1e8d06db5b962fc053 9c3e470f895c443eb69d1dd26002d333 - - default default] 10.0.0.152 "GET /v2.0/security-groups?id=6956d358-6f73-4284-bc76-8d1dda4b0d60&fields=id&fields=name HTTP/1.1" status: 200 len: 313 time: 0.0280874
2026-04-27 22:06:54.042 9 INFO neutron.api.wsgi [req-65cd2e65-9706-4906-826e-1f2da850be4c req-e0540880-67f6-4c78-8ea2-2a9bfc1cdef1 574141f4da6c4ad8ab3a6842a6d97c5a 85c3324aefca416482414cbe12d2d06b - - dad4b4b2a7e544489a0095d9c3514c2a dad4b4b2a7e544489a0095d9c3514c2a] 199.19.213.228 "GET /v2.0/ports?tenant_id=9c3e470f895c443eb69d1dd26002d333&device_id=bab335df-1d26-4301-bfb6-9849b2b96030 HTTP/1.1" status: 200 len: 1409 time: 0.0341437
2026-04-27 22:06:54.086 9 INFO neutron.api.wsgi [req-65cd2e65-9706-4906-826e-1f2da850be4c req-4ded77b9-5a8e-4a24-bbb3-a343ea82f99b 574141f4da6c4ad8ab3a6842a6d97c5a 85c3324aefca416482414cbe12d2d06b - - dad4b4b2a7e544489a0095d9c3514c2a dad4b4b2a7e544489a0095d9c3514c2a] 199.19.213.228 "GET /v2.0/networks?id=2de67b3e-3fc3-460d-8134-901b79a2fa44 HTTP/1.1" status: 200 len: 978 time: 0.0406449
2026-04-27 22:06:54.126 9 INFO neutron.api.wsgi [req-65cd2e65-9706-4906-826e-1f2da850be4c req-c20ab19f-e415-442d-8d21-dae042eaee49 574141f4da6c4ad8ab3a6842a6d97c5a 85c3324aefca416482414cbe12d2d06b - - dad4b4b2a7e544489a0095d9c3514c2a dad4b4b2a7e544489a0095d9c3514c2a] 199.19.213.228 "GET /v2.0/floatingips?fixed_ip_address=10.100.0.6&port_id=8fa567e3-72a8-4603-a146-dcc15979696d HTTP/1.1" status: 200 len: 1059 time: 0.0352697
2026-04-27 22:06:54.155 9 INFO neutron.api.wsgi [req-65cd2e65-9706-4906-826e-1f2da850be4c req-c5a8b110-5923-460f-8233-2b1385730577 574141f4da6c4ad8ab3a6842a6d97c5a 85c3324aefca416482414cbe12d2d06b - - dad4b4b2a7e544489a0095d9c3514c2a dad4b4b2a7e544489a0095d9c3514c2a] 199.19.213.228 "GET /v2.0/subnets?id=2f04e68b-5009-4a1c-b920-7974224fd5b5 HTTP/1.1" status: 200 len: 897 time: 0.0239558
2026-04-27 22:06:54.176 9 INFO neutron.api.wsgi [req-65cd2e65-9706-4906-826e-1f2da850be4c req-e01439f1-e3c0-4836-9bff-77f5547fa7b0 574141f4da6c4ad8ab3a6842a6d97c5a 85c3324aefca416482414cbe12d2d06b - - dad4b4b2a7e544489a0095d9c3514c2a dad4b4b2a7e544489a0095d9c3514c2a] 199.19.213.228 "GET /v2.0/ports?network_id=2de67b3e-3fc3-460d-8134-901b79a2fa44&device_owner=network%3Adhcp HTTP/1.1" status: 200 len: 210 time: 0.0164282
2026-04-27 22:06:54.244 9 INFO neutron.api.wsgi [req-65cd2e65-9706-4906-826e-1f2da850be4c req-fc8f86a5-d68f-4a63-9c1a-c3994f53f803 574141f4da6c4ad8ab3a6842a6d97c5a 85c3324aefca416482414cbe12d2d06b - - dad4b4b2a7e544489a0095d9c3514c2a dad4b4b2a7e544489a0095d9c3514c2a] 199.19.213.228 "GET /v2.0/networks/2de67b3e-3fc3-460d-8134-901b79a2fa44?fields=segments HTTP/1.1" status: 200 len: 212 time: 0.0632730
2026-04-27 22:06:54.288 9 INFO neutron.api.wsgi [req-65cd2e65-9706-4906-826e-1f2da850be4c req-434e451f-e804-4b5c-9bd4-8664d047cc2b 574141f4da6c4ad8ab3a6842a6d97c5a 85c3324aefca416482414cbe12d2d06b - - dad4b4b2a7e544489a0095d9c3514c2a dad4b4b2a7e544489a0095d9c3514c2a] 199.19.213.228 "GET /v2.0/networks/2de67b3e-3fc3-460d-8134-901b79a2fa44?fields=provider%3Aphysical_network&fields=provider%3Anetwork_type HTTP/1.1" status: 200 len: 277 time: 0.0370479
2026-04-27 22:06:54.390 9 INFO neutron.plugins.ml2.drivers.ovn.mech_driver.mech_driver [None req-6a77c829-f550-447a-92de-affa3a38200e - - - - - -] OVN reports status down for port: 8fa567e3-72a8-4603-a146-dcc15979696d
2026-04-27 22:06:54.488 9 INFO neutron.notifiers.nova [-] Nova event matching ['req-07815c33-be02-4509-9375-0ce76c4a2581'] response: {'server_uuid': 'bab335df-1d26-4301-bfb6-9849b2b96030', 'name': 'network-vif-unplugged', 'status': 'completed', 'tag': '8fa567e3-72a8-4603-a146-dcc15979696d', 'code': 200}
2026-04-27 22:06:54.593 9 INFO neutron.db.ovn_revision_numbers_db [None req-6a77c829-f550-447a-92de-affa3a38200e - - - - - -] Successfully bumped revision number for resource 8fa567e3-72a8-4603-a146-dcc15979696d (type: ports) to 6 /var/lib/openstack/lib/python3.12/site-packages/pycadf/identifier.py:71: UserWarning: Invalid uuid: neutron. To ensure interoperability, identifiers should be a valid uuid. warnings.warn(('Invalid uuid: %s. To ensure interoperability, '
2026-04-27 22:06:55.032 9 INFO neutron.api.wsgi [req-dc9372aa-e662-45a8-82f5-cb9ad9821401 req-6d25da2a-e2a9-4014-8fd2-2411799bc6f2 2c624c4a3d844f1e8d06db5b962fc053 9c3e470f895c443eb69d1dd26002d333 - - default default] 10.0.0.152 "GET /v2.0/ports?device_id=bab335df-1d26-4301-bfb6-9849b2b96030 HTTP/1.1" status: 200 len: 1168 time: 0.0340052
2026-04-27 22:06:55.051 10 INFO neutron.api.wsgi [None req-2fa15e9f-c748-40ef-9e10-7b55cb66eb70 2e8caac5d80147b6a6063a2acc3a2805 8677deb80e264832adec1dbfcfb7cdd6 - - default default] 10.0.0.231 "DELETE /v2.0/security-groups/23bb038c-ab7e-445d-a3e4-577ddfb04f9f HTTP/1.1" status: 204 len: 168 time: 0.1201801
2026-04-27 22:06:55.065 10 INFO neutron.api.v2.resource [None req-2b665703-b38d-47d0-bea6-7206010ba3b3 2e8caac5d80147b6a6063a2acc3a2805 8677deb80e264832adec1dbfcfb7cdd6 - - default default] show failed (client error): The resource could not be found.
2026-04-27 22:06:55.066 10 INFO neutron.api.wsgi [None req-2b665703-b38d-47d0-bea6-7206010ba3b3 2e8caac5d80147b6a6063a2acc3a2805 8677deb80e264832adec1dbfcfb7cdd6 - - default default] 10.0.0.231 "GET /v2.0/security-groups/23bb038c-ab7e-445d-a3e4-577ddfb04f9f HTTP/1.1" status: 404 len: 347 time: 0.0106528
2026-04-27 22:06:55.071 9 INFO neutron.api.wsgi [req-dc9372aa-e662-45a8-82f5-cb9ad9821401 req-b8cb7134-9389-481b-90c5-42c6fc4e478c 2c624c4a3d844f1e8d06db5b962fc053 9c3e470f895c443eb69d1dd26002d333 - - default default] 10.0.0.152 "GET /v2.0/security-groups?id=6956d358-6f73-4284-bc76-8d1dda4b0d60&fields=id&fields=name HTTP/1.1" status: 200 len: 313 time: 0.0336530
2026-04-27 22:06:55.317 10 INFO neutron.api.wsgi [None req-8cc173eb-a208-4607-9476-590d68cbcc2d 2e8caac5d80147b6a6063a2acc3a2805 8677deb80e264832adec1dbfcfb7cdd6 - - default default] 10.0.0.231 "DELETE /v2.0/floatingips/bcb3264d-e0a8-4c5c-a18c-a1e07c3afd37 HTTP/1.1" status: 204 len: 168 time: 0.2478797
2026-04-27 22:06:55.578 9 INFO neutron.db.ovn_revision_numbers_db [None req-f4ebee9d-c365-4caa-aef3-e1aa2160c0cc 0e82c857992b4ddbbaa44f82f57fcdc2 badff1a3a23c4e018c4d54c3adf2dcc1 - - default default] Successfully bumped revision number for resource a4f2314e-4ce6-432f-ba10-7390b802fbd6 (type: security_groups) to 1
2026-04-27 22:06:55.591 9 INFO neutron.db.ovn_revision_numbers_db [None req-f4ebee9d-c365-4caa-aef3-e1aa2160c0cc 0e82c857992b4ddbbaa44f82f57fcdc2 badff1a3a23c4e018c4d54c3adf2dcc1 - - default default] Successfully bumped revision number for resource 12dcb237-1302-40dc-9db8-9562b2d26547 (type: security_group_rules) to 0
2026-04-27 22:06:55.611 9 INFO neutron.db.ovn_revision_numbers_db [None req-f4ebee9d-c365-4caa-aef3-e1aa2160c0cc 0e82c857992b4ddbbaa44f82f57fcdc2 badff1a3a23c4e018c4d54c3adf2dcc1 - - default default] Successfully bumped revision number for resource 77d2be3a-ab95-4972-a459-7da5867eec76 (type: security_group_rules) to 0
2026-04-27 22:06:55.634 9 INFO neutron.api.wsgi [req-72aa65ac-e089-4cb8-9545-0f120f31ae29 req-6c279952-a2bd-49d2-b1a0-928e8805e79c 2c624c4a3d844f1e8d06db5b962fc053 9c3e470f895c443eb69d1dd26002d333 - - default default] 199.19.213.228 "GET /v2.0/ports?device_id=bab335df-1d26-4301-bfb6-9849b2b96030 HTTP/1.1" status: 200 len: 1168 time: 0.0307469
2026-04-27 22:06:55.635 9 INFO neutron.db.ovn_revision_numbers_db [None req-f4ebee9d-c365-4caa-aef3-e1aa2160c0cc 0e82c857992b4ddbbaa44f82f57fcdc2 badff1a3a23c4e018c4d54c3adf2dcc1 - - default default] Successfully bumped revision number for resource b78f109b-db43-4c62-8c75-c764e7d42698 (type: security_group_rules) to 0
2026-04-27 22:06:55.654 9 INFO neutron.db.ovn_revision_numbers_db [None req-f4ebee9d-c365-4caa-aef3-e1aa2160c0cc 0e82c857992b4ddbbaa44f82f57fcdc2 badff1a3a23c4e018c4d54c3adf2dcc1 - - default default] Successfully bumped revision number for resource efb3525b-1391-4727-b5ba-bc8bbc9b6ec2 (type: security_group_rules) to 0
2026-04-27 22:06:55.728 9 INFO neutron.db.segments_db [None req-f4ebee9d-c365-4caa-aef3-e1aa2160c0cc 0e82c857992b4ddbbaa44f82f57fcdc2 badff1a3a23c4e018c4d54c3adf2dcc1 - - default default] Added segment 679aa4f9-39d5-474d-affe-118f09601b86 of type geneve for network 18c94c7f-d2c1-4827-8e50-44457ca16f0e
2026-04-27 22:06:55.863 9 INFO neutron.db.ovn_revision_numbers_db [None req-f4ebee9d-c365-4caa-aef3-e1aa2160c0cc 0e82c857992b4ddbbaa44f82f57fcdc2 badff1a3a23c4e018c4d54c3adf2dcc1 - - default default] Successfully bumped revision number for resource 18c94c7f-d2c1-4827-8e50-44457ca16f0e (type: networks) to 1
2026-04-27 22:06:55.932 10 INFO neutron.api.wsgi [req-9d7817a1-ac1e-413e-9f2c-162fc1460589 req-c753eb55-4f6e-48cc-ab98-cb615b4f30ab f54b47e01fb34fc6a909b7a1289e3af7 ce3d2c85d8ab4a089131d47a09b49c6d - - default default] 10.0.0.152 "GET /v2.0/ports?device_id=e5a1782c-5477-47e2-b9c7-7d7b88884ca2 HTTP/1.1" status: 200 len: 1170 time: 0.0802109
2026-04-27 22:06:55.968 9 INFO neutron.db.l3_db [req-72aa65ac-e089-4cb8-9545-0f120f31ae29 req-c76f1c27-ea8d-4007-9d12-b6ba96fa5bd3 2c624c4a3d844f1e8d06db5b962fc053 9c3e470f895c443eb69d1dd26002d333 - - default default] Floating IP 3e0178fe-1618-409a-90f3-196ff6af9bfb disassociated. External IP: 10.96.250.220, port: 8fa567e3-72a8-4603-a146-dcc15979696d. /var/lib/openstack/lib/python3.12/site-packages/pycadf/identifier.py:71: UserWarning: Invalid uuid: neutron. To ensure interoperability, identifiers should be a valid uuid. warnings.warn(('Invalid uuid: %s. To ensure interoperability, '
2026-04-27 22:06:56.078 9 INFO neutron.api.wsgi [req-7cb857fd-d3ce-4822-843a-0e2db5ddc3cc req-8ee59694-57e8-49de-a1c2-91c21aa42a77 f54b47e01fb34fc6a909b7a1289e3af7 ce3d2c85d8ab4a089131d47a09b49c6d - - default default] 10.0.0.152 "GET /v2.0/ports/1ecabae5-fc40-4ca5-b16d-d4f4ebc75311 HTTP/1.1" status: 200 len: 1167 time: 0.1034791
2026-04-27 22:06:56.101 9 WARNING neutron.scheduler.dhcp_agent_scheduler [None req-f4ebee9d-c365-4caa-aef3-e1aa2160c0cc 0e82c857992b4ddbbaa44f82f57fcdc2 badff1a3a23c4e018c4d54c3adf2dcc1 - - default default] No more DHCP agents
2026-04-27 22:06:56.102 9 WARNING neutron.api.rpc.agentnotifiers.dhcp_rpc_agent_api [None req-f4ebee9d-c365-4caa-aef3-e1aa2160c0cc 0e82c857992b4ddbbaa44f82f57fcdc2 badff1a3a23c4e018c4d54c3adf2dcc1 - - default default] Unable to schedule network 18c94c7f-d2c1-4827-8e50-44457ca16f0e: no agents available; will retry on subsequent port and subnet creation events.
2026-04-27 22:06:56.138 9 INFO neutron.api.wsgi [req-34438f4d-610c-4599-ae7f-30d5b370f2eb req-5ed1ecce-0aa3-4014-a98a-bd9065d93f42 2c624c4a3d844f1e8d06db5b962fc053 9c3e470f895c443eb69d1dd26002d333 - - default default] 10.0.0.152 "GET /v2.0/ports?device_id=bab335df-1d26-4301-bfb6-9849b2b96030 HTTP/1.1" status: 200 len: 210 time: 0.0178719
2026-04-27 22:06:56.143 9 INFO neutron.api.wsgi [req-72aa65ac-e089-4cb8-9545-0f120f31ae29 req-c76f1c27-ea8d-4007-9d12-b6ba96fa5bd3 2c624c4a3d844f1e8d06db5b962fc053 9c3e470f895c443eb69d1dd26002d333 - - default default] 199.19.213.228 "DELETE /v2.0/ports/8fa567e3-72a8-4603-a146-dcc15979696d HTTP/1.1" status: 204 len: 173 time: 0.5050991
2026-04-27 22:06:56.172 9 INFO neutron.db.ovn_revision_numbers_db [None req-f4ebee9d-c365-4caa-aef3-e1aa2160c0cc 0e82c857992b4ddbbaa44f82f57fcdc2 badff1a3a23c4e018c4d54c3adf2dcc1 - - default default] Successfully bumped revision number for resource e7c3207f-7684-486b-9ce9-39d964c57c68 (type: ports) to 1
2026-04-27 22:06:56.192 9 INFO neutron.api.wsgi [None req-f4ebee9d-c365-4caa-aef3-e1aa2160c0cc 0e82c857992b4ddbbaa44f82f57fcdc2 badff1a3a23c4e018c4d54c3adf2dcc1 - - default default] 10.0.0.231 "POST /v2.0/networks HTTP/1.1" status: 201 len: 943 time: 0.8607018
2026-04-27 22:06:56.348 9 WARNING neutron.scheduler.dhcp_agent_scheduler [None req-9255f0b8-6331-4d0f-bbaf-0b91d185f3a7 0e82c857992b4ddbbaa44f82f57fcdc2 badff1a3a23c4e018c4d54c3adf2dcc1 - - default default] No more DHCP agents
2026-04-27 22:06:56.350 9 WARNING neutron.api.rpc.agentnotifiers.dhcp_rpc_agent_api [None req-9255f0b8-6331-4d0f-bbaf-0b91d185f3a7 0e82c857992b4ddbbaa44f82f57fcdc2 badff1a3a23c4e018c4d54c3adf2dcc1 - - default default] Unable to schedule network 18c94c7f-d2c1-4827-8e50-44457ca16f0e: no agents available; will retry on subsequent port and subnet creation events.
2026-04-27 22:06:56.351 10 INFO neutron.api.wsgi [None req-7498c244-5546-4fc5-a41e-a89e3dd9ce8b 0e82c857992b4ddbbaa44f82f57fcdc2 badff1a3a23c4e018c4d54c3adf2dcc1 - - default default] 10.0.0.231 "PUT /v2.0/routers/7afa5e1f-ca8f-4480-958b-a968626f7cb7/remove_router_interface HTTP/1.1" status: 200 len: 503 time: 1.0288293 /var/lib/openstack/lib/python3.12/site-packages/pycadf/identifier.py:71: UserWarning: Invalid uuid: neutron. To ensure interoperability, identifiers should be a valid uuid. warnings.warn(('Invalid uuid: %s. To ensure interoperability, '
2026-04-27 22:06:56.529 9 INFO neutron.notifiers.nova [-] Nova event matching ['req-3eff15ef-eb16-44b2-94e5-4e0de6392a87'] response: {'server_uuid': 'bab335df-1d26-4301-bfb6-9849b2b96030', 'name': 'network-vif-unplugged', 'status': 'completed', 'tag': '8fa567e3-72a8-4603-a146-dcc15979696d', 'code': 200}
2026-04-27 22:06:56.529 9 INFO neutron.notifiers.nova [-] Nova event matching ['req-3eff15ef-eb16-44b2-94e5-4e0de6392a87'] response: {'server_uuid': 'bab335df-1d26-4301-bfb6-9849b2b96030', 'name': 'network-vif-deleted', 'tag': '8fa567e3-72a8-4603-a146-dcc15979696d', 'status': 'completed', 'code': 200}
2026-04-27 22:06:56.712 9 INFO neutron.api.wsgi [req-b8328a49-8d77-4429-ac06-0fa3b621ca17 req-e311af80-99f7-4c24-8111-59f3332065ab f54b47e01fb34fc6a909b7a1289e3af7 ce3d2c85d8ab4a089131d47a09b49c6d - - default default] 199.19.213.228 "GET /v2.0/subnets?network_id=df4cebd9-add2-4021-8adf-cbe9d4357211 HTTP/1.1" status: 200 len: 882 time: 0.0351417
2026-04-27 22:06:56.768 9 INFO neutron.api.wsgi [req-b8328a49-8d77-4429-ac06-0fa3b621ca17 req-aff0968a-7fcb-4bea-80dd-b380173121af f54b47e01fb34fc6a909b7a1289e3af7 ce3d2c85d8ab4a089131d47a09b49c6d - - default default] 199.19.213.228 "GET /v2.0/ports?device_id=e5a1782c-5477-47e2-b9c7-7d7b88884ca2&device_owner=compute%3Anova&network_id=df4cebd9-add2-4021-8adf-cbe9d4357211 HTTP/1.1" status: 200 len: 1170 time: 0.0513575
2026-04-27 22:06:56.778 9 INFO neutron.db.ovn_revision_numbers_db [None req-55d8cf89-7c50-4932-a8c1-3c98002470bc - - - - - -] Successfully bumped revision number for resource e7c3207f-7684-486b-9ce9-39d964c57c68 (type: ports) to 2
2026-04-27 22:06:56.811 9 INFO neutron.db.ovn_revision_numbers_db [None req-55d8cf89-7c50-4932-a8c1-3c98002470bc - - - - - -] Successfully bumped revision number for resource 130481c3-6eef-4e39-83f2-e9c776c8c0ab (type: subnets) to 0
2026-04-27 22:06:56.824 9 INFO neutron.api.wsgi [None req-9255f0b8-6331-4d0f-bbaf-0b91d185f3a7 0e82c857992b4ddbbaa44f82f57fcdc2 badff1a3a23c4e018c4d54c3adf2dcc1 - - default default] 10.0.0.231 "POST /v2.0/subnets HTTP/1.1" status: 201 len: 887 time: 0.6269255
2026-04-27 22:06:56.958 10 INFO neutron.api.wsgi [None req-0f96bd6c-a5cf-46fd-8b1f-d0fc7565d508 0e82c857992b4ddbbaa44f82f57fcdc2 badff1a3a23c4e018c4d54c3adf2dcc1 - - default default] 10.0.0.231 "DELETE /v2.0/routers/7afa5e1f-ca8f-4480-958b-a968626f7cb7 HTTP/1.1" status: 204 len: 168 time: 0.6005747
2026-04-27 22:06:57.102 10 INFO neutron.api.wsgi [None req-14eb6a9b-7fc0-4620-b611-abc7a4d7fd6b 0e82c857992b4ddbbaa44f82f57fcdc2 badff1a3a23c4e018c4d54c3adf2dcc1 - - default default] 10.0.0.231 "DELETE /v2.0/subnets/9cfc8a1c-64cd-4016-8400-88ba3354db48 HTTP/1.1" status: 204 len: 168 time: 0.1377072
2026-04-27 22:06:57.414 9 INFO neutron.api.wsgi [req-91a7a6a9-1a46-4b33-8e31-fc0de2ae2531 req-c22e42bb-b17b-4686-9a7b-99e2e73357fd 2c624c4a3d844f1e8d06db5b962fc053 9c3e470f895c443eb69d1dd26002d333 - - default default] 10.0.0.152 "GET /v2.0/ports?device_id=bab335df-1d26-4301-bfb6-9849b2b96030 HTTP/1.1" status: 200 len: 210 time: 0.2224064
2026-04-27 22:06:57.463 9 WARNING neutron.scheduler.dhcp_agent_scheduler [None req-e3b11e90-dc91-48c6-a96b-7ed9186c3d6d 0e82c857992b4ddbbaa44f82f57fcdc2 badff1a3a23c4e018c4d54c3adf2dcc1 - - default default] No more DHCP agents
2026-04-27 22:06:57.465 9 WARNING neutron.api.rpc.agentnotifiers.dhcp_rpc_agent_api [None req-e3b11e90-dc91-48c6-a96b-7ed9186c3d6d 0e82c857992b4ddbbaa44f82f57fcdc2 badff1a3a23c4e018c4d54c3adf2dcc1 - - default default] Unable to schedule network c94ce325-93c7-43f1-ad99-bbb4f0ff9636: no agents available; will retry on subsequent port and subnet creation events.
2026-04-27 22:06:57.545 9 INFO neutron.db.ovn_revision_numbers_db [req-b8328a49-8d77-4429-ac06-0fa3b621ca17 req-6a537aee-cda3-4dc7-803a-9d26b76fecbf f54b47e01fb34fc6a909b7a1289e3af7 ce3d2c85d8ab4a089131d47a09b49c6d - - default default] Successfully bumped revision number for resource 1ecabae5-fc40-4ca5-b16d-d4f4ebc75311 (type: ports) to 6
2026-04-27 22:06:57.558 9 INFO neutron.api.wsgi [req-b8328a49-8d77-4429-ac06-0fa3b621ca17 req-6a537aee-cda3-4dc7-803a-9d26b76fecbf f54b47e01fb34fc6a909b7a1289e3af7 ce3d2c85d8ab4a089131d47a09b49c6d - - default default] 199.19.213.228 "PUT /v2.0/ports/1ecabae5-fc40-4ca5-b16d-d4f4ebc75311 HTTP/1.1" status: 200 len: 1349 time: 0.7856028
2026-04-27 22:06:57.571 10 INFO neutron.api.wsgi [None req-4104b01d-5ffb-4a94-a0a2-0429eb0c16b3 0e82c857992b4ddbbaa44f82f57fcdc2 badff1a3a23c4e018c4d54c3adf2dcc1 - - default default] 10.0.0.231 "DELETE /v2.0/networks/67bd2b29-38d2-45cc-a987-508e66d537a6 HTTP/1.1" status: 204 len: 168 time: 0.4642510
2026-04-27 22:06:57.599 9 INFO neutron.db.ovn_revision_numbers_db [None req-e3b11e90-dc91-48c6-a96b-7ed9186c3d6d 0e82c857992b4ddbbaa44f82f57fcdc2 badff1a3a23c4e018c4d54c3adf2dcc1 - - default default] Successfully bumped revision number for resource 5be9920f-1805-4a68-9867-318e4a07b212 (type: ports) to 1
2026-04-27 22:06:57.744 10 INFO neutron.api.wsgi [None req-32a48a71-f553-45d4-81a4-d767beb821aa 0e82c857992b4ddbbaa44f82f57fcdc2 badff1a3a23c4e018c4d54c3adf2dcc1 - - default default] 10.0.0.231 "GET /v2.0/security-groups?tenant_id=8677deb80e264832adec1dbfcfb7cdd6&name=default HTTP/1.1" status: 200 len: 3120 time: 0.0324159 /var/lib/openstack/lib/python3.12/site-packages/pycadf/identifier.py:71: UserWarning: Invalid uuid: neutron. To ensure interoperability, identifiers should be a valid uuid. warnings.warn(('Invalid uuid: %s. To ensure interoperability, '
2026-04-27 22:06:57.979 9 INFO neutron.api.wsgi [None req-abc293cc-5e60-4aa1-acc4-0f1253efe0ac 0e82c857992b4ddbbaa44f82f57fcdc2 badff1a3a23c4e018c4d54c3adf2dcc1 - - default default] 10.0.0.231 "DELETE /v2.0/security-groups/36652011-ecae-4767-ae65-b4018e1e1669 HTTP/1.1" status: 204 len: 168 time: 0.2301974
2026-04-27 22:06:58.027 10 INFO neutron.services.segments.plugin [-] Segment fd7d04f5-f468-4f67-be6e-cb26ba33fece resource provider aggregate not found
2026-04-27 22:06:58.043 10 INFO neutron.services.segments.plugin [-] Segment fd7d04f5-f468-4f67-be6e-cb26ba33fece resource provider not found; error: Placement Client Error (4xx): {"errors": [{"status": 404, "title": "Not Found", "detail": "The resource could not be found.\n\n No resource provider with uuid fd7d04f5-f468-4f67-be6e-cb26ba33fece found for delete ", "request_id": "req-42a8803b-d15d-470c-a74a-3004c2ead9df"}]}
2026-04-27 22:06:58.044 10 INFO neutron.services.segments.plugin [-] Segment fd7d04f5-f468-4f67-be6e-cb26ba33fece resource provider aggregate not found
2026-04-27 22:06:58.057 10 INFO neutron.services.segments.plugin [-] Segment fd7d04f5-f468-4f67-be6e-cb26ba33fece resource provider not found; error: Placement Client Error (4xx): {"errors": [{"status": 404, "title": "Not Found", "detail": "The resource could not be found.\n\n No resource provider with uuid fd7d04f5-f468-4f67-be6e-cb26ba33fece found for delete ", "request_id": "req-5b671dea-91f2-45f7-a1a0-d7d5a3011b8d"}]}
2026-04-27 22:06:58.120 9 INFO neutron.api.wsgi [req-b8328a49-8d77-4429-ac06-0fa3b621ca17 req-6c4de1f1-0dbc-4b32-b294-b51690381d1b 574141f4da6c4ad8ab3a6842a6d97c5a 85c3324aefca416482414cbe12d2d06b - - dad4b4b2a7e544489a0095d9c3514c2a dad4b4b2a7e544489a0095d9c3514c2a] 199.19.213.228 "GET /v2.0/ports?tenant_id=ce3d2c85d8ab4a089131d47a09b49c6d&device_id=e5a1782c-5477-47e2-b9c7-7d7b88884ca2 HTTP/1.1" status: 200 len: 1590 time: 0.0504525
2026-04-27 22:06:58.176 9 INFO neutron.api.wsgi [req-b8328a49-8d77-4429-ac06-0fa3b621ca17 req-1bc259fe-df5b-4d15-a10e-3fdd22f6071f 574141f4da6c4ad8ab3a6842a6d97c5a 85c3324aefca416482414cbe12d2d06b - - dad4b4b2a7e544489a0095d9c3514c2a dad4b4b2a7e544489a0095d9c3514c2a] 199.19.213.228 "GET /v2.0/networks?id=df4cebd9-add2-4021-8adf-cbe9d4357211 HTTP/1.1" status: 200 len: 981 time: 0.0492885
2026-04-27 22:06:58.196 9 INFO neutron.api.wsgi [req-b8328a49-8d77-4429-ac06-0fa3b621ca17 req-aa3f13b7-f09a-4b11-a31f-200792da6442 574141f4da6c4ad8ab3a6842a6d97c5a 85c3324aefca416482414cbe12d2d06b - - dad4b4b2a7e544489a0095d9c3514c2a dad4b4b2a7e544489a0095d9c3514c2a] 199.19.213.228 "GET /v2.0/floatingips?fixed_ip_address=10.100.0.10&port_id=1ecabae5-fc40-4ca5-b16d-d4f4ebc75311 HTTP/1.1" status: 200 len: 217 time: 0.0140104
2026-04-27 22:06:58.209 9 INFO neutron.plugins.ml2.drivers.ovn.mech_driver.ovsdb.commands [None req-5a70e762-b189-4ddd-9dc6-7b8d745a3621 - - - - - -] Schedule LRP lrp-5be9920f-1805-4a68-9867-318e4a07b212 on gateway 72ddc81f-6fdd-4288-b2d1-df8cbc6a2d67 with priority 1
2026-04-27 22:06:58.222 9 INFO neutron.plugins.ml2.drivers.ovn.mech_driver.mech_driver [None req-3d69ab11-f5a8-4ea1-8732-89f8d0b5a400 - - - - - -] OVN reports status up for port: 5be9920f-1805-4a68-9867-318e4a07b212
2026-04-27 22:06:58.242 9 INFO neutron.plugins.ml2.plugin [None req-3d69ab11-f5a8-4ea1-8732-89f8d0b5a400 - - - - - -] Attempt 1 to provision port 5be9920f-1805-4a68-9867-318e4a07b212
2026-04-27 22:06:58.246 10 INFO neutron.plugins.ml2.drivers.ovn.mech_driver.ovsdb.ovsdb_monitor [None req-544b2a8a-3bd2-42e9-95a1-a3d33f2340c7 - - - - - -] Router 29e393eb-8013-4ade-9a73-45cde0a8b482 is bound to host instance
2026-04-27 22:06:58.261 9 INFO neutron.api.wsgi [req-b8328a49-8d77-4429-ac06-0fa3b621ca17 req-e3e67e9c-07b0-4176-bed7-d2e262350f07 574141f4da6c4ad8ab3a6842a6d97c5a 85c3324aefca416482414cbe12d2d06b - - dad4b4b2a7e544489a0095d9c3514c2a dad4b4b2a7e544489a0095d9c3514c2a] 199.19.213.228 "GET /v2.0/floatingips?fixed_ip_address=10.100.0.7&port_id=1ecabae5-fc40-4ca5-b16d-d4f4ebc75311 HTTP/1.1" status: 200 len: 1059 time: 0.0589092
2026-04-27 22:06:58.262 9 INFO neutron.db.ovn_revision_numbers_db [None req-e3b11e90-dc91-48c6-a96b-7ed9186c3d6d 0e82c857992b4ddbbaa44f82f57fcdc2 badff1a3a23c4e018c4d54c3adf2dcc1 - - default default] Successfully bumped revision number for resource 5be9920f-1805-4a68-9867-318e4a07b212 (type: router_ports) to 1
2026-04-27 22:06:58.310 9 INFO neutron.api.wsgi [req-b8328a49-8d77-4429-ac06-0fa3b621ca17 req-77a532e3-6c6d-49ab-8284-df14b8f176a1 574141f4da6c4ad8ab3a6842a6d97c5a 85c3324aefca416482414cbe12d2d06b - - dad4b4b2a7e544489a0095d9c3514c2a dad4b4b2a7e544489a0095d9c3514c2a] 199.19.213.228 "GET /v2.0/subnets?id=c40e5a98-8b48-4344-a328-17efe6eec903 HTTP/1.1" status: 200 len: 900 time: 0.0363798
2026-04-27 22:06:58.335 9 INFO neutron.api.wsgi [req-b8328a49-8d77-4429-ac06-0fa3b621ca17 req-9e6e3c16-d5c3-461b-9847-cf72c7578e82 574141f4da6c4ad8ab3a6842a6d97c5a 85c3324aefca416482414cbe12d2d06b - - dad4b4b2a7e544489a0095d9c3514c2a dad4b4b2a7e544489a0095d9c3514c2a] 199.19.213.228 "GET /v2.0/ports?network_id=df4cebd9-add2-4021-8adf-cbe9d4357211&device_owner=network%3Adhcp HTTP/1.1" status: 200 len: 210 time: 0.0208461
2026-04-27 22:06:58.348 9 INFO neutron.db.ovn_revision_numbers_db [None req-e3b11e90-dc91-48c6-a96b-7ed9186c3d6d 0e82c857992b4ddbbaa44f82f57fcdc2 badff1a3a23c4e018c4d54c3adf2dcc1 - - default default] Successfully bumped revision number for resource 29e393eb-8013-4ade-9a73-45cde0a8b482 (type: routers) to 2
2026-04-27 22:06:58.366 9 INFO neutron.api.wsgi [None req-e3b11e90-dc91-48c6-a96b-7ed9186c3d6d 0e82c857992b4ddbbaa44f82f57fcdc2 badff1a3a23c4e018c4d54c3adf2dcc1 - - default default] 10.0.0.231 "POST /v2.0/routers HTTP/1.1" status: 201 len: 1165 time: 1.5381253
2026-04-27 22:06:58.384 9 INFO neutron.api.wsgi [req-b8328a49-8d77-4429-ac06-0fa3b621ca17 req-f6d822c3-04e2-4d24-8b19-e218c3740b85 574141f4da6c4ad8ab3a6842a6d97c5a 85c3324aefca416482414cbe12d2d06b - - dad4b4b2a7e544489a0095d9c3514c2a dad4b4b2a7e544489a0095d9c3514c2a] 199.19.213.228 "GET /v2.0/networks/df4cebd9-add2-4021-8adf-cbe9d4357211?fields=segments HTTP/1.1" status: 200 len: 212 time: 0.0430789
2026-04-27 22:06:58.427 9 INFO neutron.api.wsgi [req-b8328a49-8d77-4429-ac06-0fa3b621ca17 req-4ca35666-14a8-4388-9da6-aa7b896b4c24 574141f4da6c4ad8ab3a6842a6d97c5a 85c3324aefca416482414cbe12d2d06b - - dad4b4b2a7e544489a0095d9c3514c2a dad4b4b2a7e544489a0095d9c3514c2a] 199.19.213.228 "GET /v2.0/networks/df4cebd9-add2-4021-8adf-cbe9d4357211?fields=provider%3Aphysical_network&fields=provider%3Anetwork_type HTTP/1.1" status: 200 len: 277 time: 0.0390112
2026-04-27 22:06:58.488 9 INFO neutron.api.wsgi [req-0e956fd6-fc4b-4164-a08c-728cc7e69704 req-ecebd654-8cb9-4010-91e2-65ce69da17ec 2c624c4a3d844f1e8d06db5b962fc053 9c3e470f895c443eb69d1dd26002d333 - - default default] 10.0.0.152 "GET /v2.0/ports?device_id=bab335df-1d26-4301-bfb6-9849b2b96030 HTTP/1.1" status: 200 len: 210 time: 0.0166793
2026-04-27 22:06:58.562 9 INFO neutron.notifiers.nova [-] Nova event matching ['req-711cff29-2b95-4193-8a77-6a409e00a397'] response: {'name': 'network-changed', 'server_uuid': 'e5a1782c-5477-47e2-b9c7-7d7b88884ca2', 'tag': '1ecabae5-fc40-4ca5-b16d-d4f4ebc75311', 'status': 'completed', 'code': 200}
2026-04-27 22:06:58.754 10 INFO neutron.db.ovn_revision_numbers_db [None req-85f9bd63-6b63-4f06-bc7a-be30b087e393 - - - - - -] Successfully bumped revision number for resource 5be9920f-1805-4a68-9867-318e4a07b212 (type: ports) to 1
2026-04-27 22:06:58.855 10 WARNING neutron.scheduler.dhcp_agent_scheduler [None req-655142c2-464b-43bd-91a8-451b8065ae3a 0e82c857992b4ddbbaa44f82f57fcdc2 badff1a3a23c4e018c4d54c3adf2dcc1 - - default default] No more DHCP agents
2026-04-27 22:06:58.858 10 WARNING neutron.api.rpc.agentnotifiers.dhcp_rpc_agent_api [None req-655142c2-464b-43bd-91a8-451b8065ae3a 0e82c857992b4ddbbaa44f82f57fcdc2 badff1a3a23c4e018c4d54c3adf2dcc1 - - default default] Unable to schedule network 18c94c7f-d2c1-4827-8e50-44457ca16f0e: no agents available; will retry on subsequent port and subnet creation events.
2026-04-27 22:06:58.992 10 INFO neutron.db.ovn_revision_numbers_db [None req-655142c2-464b-43bd-91a8-451b8065ae3a 0e82c857992b4ddbbaa44f82f57fcdc2 badff1a3a23c4e018c4d54c3adf2dcc1 - - default default] Successfully bumped revision number for resource 8a66f300-022f-4933-9f99-0752d73fdeee (type: ports) to 1
2026-04-27 22:06:59.032 9 INFO neutron.api.wsgi [req-87084222-49ec-46a2-99ca-c6885640d701 req-202dc769-2c22-404a-b4d2-901c5bd2feeb 574141f4da6c4ad8ab3a6842a6d97c5a 85c3324aefca416482414cbe12d2d06b - - dad4b4b2a7e544489a0095d9c3514c2a dad4b4b2a7e544489a0095d9c3514c2a] 199.19.213.228 "GET /v2.0/ports?device_id=e5a1782c-5477-47e2-b9c7-7d7b88884ca2&fields=binding%3Ahost_id&fields=binding%3Avif_type HTTP/1.1" status: 200 len: 265 time: 0.0467823
2026-04-27 22:06:59.186 10 INFO neutron.db.ovn_revision_numbers_db [None req-85f9bd63-6b63-4f06-bc7a-be30b087e393 - - - - - -] Successfully bumped revision number for resource 5be9920f-1805-4a68-9867-318e4a07b212 (type: ports) to 4
2026-04-27 22:06:59.403 10 INFO neutron.api.wsgi [req-dbef46e5-8cd7-4d33-81b6-b9952596468f req-28f81614-5c2a-4ea6-800a-99e11ea589bf f54b47e01fb34fc6a909b7a1289e3af7 ce3d2c85d8ab4a089131d47a09b49c6d - - default default] 10.0.0.152 "GET /v2.0/ports?device_id=e5a1782c-5477-47e2-b9c7-7d7b88884ca2 HTTP/1.1" status: 200 len: 1352 time: 0.0444837
2026-04-27 22:06:59.458 10 INFO neutron.api.wsgi [req-dbef46e5-8cd7-4d33-81b6-b9952596468f req-7291825b-50a5-4ae0-97d3-b58d54aa441e f54b47e01fb34fc6a909b7a1289e3af7 ce3d2c85d8ab4a089131d47a09b49c6d - - default default] 10.0.0.152 "GET /v2.0/security-groups?id=50aa8078-97e8-43b7-ae36-f705dfa2a43b&fields=id&fields=name HTTP/1.1" status: 200 len: 312 time: 0.0495982
2026-04-27 22:06:59.480 9 INFO neutron.api.wsgi [req-60b4eb60-6b03-42fc-9492-f8d18401198b req-1c6a2001-d46c-4185-8e49-8167ac401a62 574141f4da6c4ad8ab3a6842a6d97c5a 85c3324aefca416482414cbe12d2d06b - - dad4b4b2a7e544489a0095d9c3514c2a dad4b4b2a7e544489a0095d9c3514c2a] 199.19.213.228 "GET /v2.0/ports?tenant_id=ce3d2c85d8ab4a089131d47a09b49c6d&device_id=e5a1782c-5477-47e2-b9c7-7d7b88884ca2 HTTP/1.1" status: 200 len: 1590 time: 0.0369978
2026-04-27 22:06:59.538 9 INFO neutron.api.wsgi [req-60b4eb60-6b03-42fc-9492-f8d18401198b req-9b161a6a-83fd-47b6-afa8-e3e5bcd8901b 574141f4da6c4ad8ab3a6842a6d97c5a 85c3324aefca416482414cbe12d2d06b - - dad4b4b2a7e544489a0095d9c3514c2a dad4b4b2a7e544489a0095d9c3514c2a] 199.19.213.228 "GET /v2.0/networks?id=df4cebd9-add2-4021-8adf-cbe9d4357211 HTTP/1.1" status: 200 len: 981 time: 0.0530107
2026-04-27 22:06:59.565 9 INFO neutron.api.wsgi [req-60b4eb60-6b03-42fc-9492-f8d18401198b req-39750e49-cdb8-4d1a-9256-f6745093b0ff 574141f4da6c4ad8ab3a6842a6d97c5a 85c3324aefca416482414cbe12d2d06b - - dad4b4b2a7e544489a0095d9c3514c2a dad4b4b2a7e544489a0095d9c3514c2a] 199.19.213.228 "GET /v2.0/floatingips?fixed_ip_address=10.100.0.10&port_id=1ecabae5-fc40-4ca5-b16d-d4f4ebc75311 HTTP/1.1" status: 200 len: 217 time: 0.0203764
2026-04-27 22:06:59.588 10 INFO neutron.api.wsgi [req-4f19826e-8f7e-496d-848e-ed0aebe8a890 req-27661380-0546-48c7-8a76-336b3cd10e34 2c624c4a3d844f1e8d06db5b962fc053 9c3e470f895c443eb69d1dd26002d333 - - default default] 10.0.0.152 "GET /v2.0/ports?device_id=bab335df-1d26-4301-bfb6-9849b2b96030 HTTP/1.1" status: 200 len: 210 time: 0.0199573
2026-04-27 22:06:59.606 9 INFO neutron.api.wsgi [req-60b4eb60-6b03-42fc-9492-f8d18401198b req-faa6b9f0-9b38-4121-9b0c-e28c6e44d79a 574141f4da6c4ad8ab3a6842a6d97c5a 85c3324aefca416482414cbe12d2d06b - - dad4b4b2a7e544489a0095d9c3514c2a dad4b4b2a7e544489a0095d9c3514c2a] 199.19.213.228 "GET /v2.0/floatingips?fixed_ip_address=10.100.0.7&port_id=1ecabae5-fc40-4ca5-b16d-d4f4ebc75311 HTTP/1.1" status: 200 len: 1059 time: 0.0350103
2026-04-27 22:06:59.641 9 INFO neutron.api.wsgi [req-60b4eb60-6b03-42fc-9492-f8d18401198b req-09d48946-3fce-462b-96ff-3bb23bc1fb68 574141f4da6c4ad8ab3a6842a6d97c5a 85c3324aefca416482414cbe12d2d06b - - dad4b4b2a7e544489a0095d9c3514c2a dad4b4b2a7e544489a0095d9c3514c2a] 199.19.213.228 "GET /v2.0/subnets?id=c40e5a98-8b48-4344-a328-17efe6eec903 HTTP/1.1" status: 200 len: 900 time: 0.0304320
2026-04-27 22:06:59.644 10 INFO neutron.db.ovn_revision_numbers_db [None req-85f9bd63-6b63-4f06-bc7a-be30b087e393 - - - - - -] Successfully bumped revision number for resource 5be9920f-1805-4a68-9867-318e4a07b212 (type: ports) to 5
2026-04-27 22:06:59.661 9 INFO neutron.api.wsgi [req-60b4eb60-6b03-42fc-9492-f8d18401198b req-7f5324e8-88c7-4784-97c4-613de6cfe80f 574141f4da6c4ad8ab3a6842a6d97c5a 85c3324aefca416482414cbe12d2d06b - - dad4b4b2a7e544489a0095d9c3514c2a dad4b4b2a7e544489a0095d9c3514c2a] 199.19.213.228 "GET /v2.0/ports?network_id=df4cebd9-add2-4021-8adf-cbe9d4357211&device_owner=network%3Adhcp HTTP/1.1" status: 200 len: 210 time: 0.0150056
2026-04-27 22:06:59.704 9 INFO neutron.api.wsgi [req-60b4eb60-6b03-42fc-9492-f8d18401198b req-790d6daf-4c29-4aa9-9363-61dee182ffde 574141f4da6c4ad8ab3a6842a6d97c5a 85c3324aefca416482414cbe12d2d06b - - dad4b4b2a7e544489a0095d9c3514c2a dad4b4b2a7e544489a0095d9c3514c2a] 199.19.213.228 "GET /v2.0/networks/df4cebd9-add2-4021-8adf-cbe9d4357211?fields=segments HTTP/1.1" status: 200 len: 212 time: 0.0366268
2026-04-27 22:06:59.717 10 INFO neutron.plugins.ml2.drivers.ovn.mech_driver.mech_driver [None req-95e1d5c9-96e5-4c29-b363-6c21a74f7f1c - - - - - -] OVN reports status up for port: 8a66f300-022f-4933-9f99-0752d73fdeee
2026-04-27 22:06:59.724 10 INFO neutron.plugins.ml2.plugin [None req-95e1d5c9-96e5-4c29-b363-6c21a74f7f1c - - - - - -] Attempt 1 to provision port 8a66f300-022f-4933-9f99-0752d73fdeee
2026-04-27 22:06:59.747 9 INFO neutron.api.wsgi [req-60b4eb60-6b03-42fc-9492-f8d18401198b req-bd175caf-9e4b-4ebc-9181-9f6f28c06dec 574141f4da6c4ad8ab3a6842a6d97c5a 85c3324aefca416482414cbe12d2d06b - - dad4b4b2a7e544489a0095d9c3514c2a dad4b4b2a7e544489a0095d9c3514c2a] 199.19.213.228 "GET /v2.0/networks/df4cebd9-add2-4021-8adf-cbe9d4357211?fields=provider%3Aphysical_network&fields=provider%3Anetwork_type HTTP/1.1" status: 200 len: 277 time: 0.0373127
2026-04-27 22:06:59.749 10 INFO neutron.db.ovn_revision_numbers_db [None req-655142c2-464b-43bd-91a8-451b8065ae3a 0e82c857992b4ddbbaa44f82f57fcdc2 badff1a3a23c4e018c4d54c3adf2dcc1 - - default default] Successfully bumped revision number for resource 8a66f300-022f-4933-9f99-0752d73fdeee (type: ports) to 1
2026-04-27 22:06:59.800 10 WARNING neutron.scheduler.dhcp_agent_scheduler [None req-655142c2-464b-43bd-91a8-451b8065ae3a 0e82c857992b4ddbbaa44f82f57fcdc2 badff1a3a23c4e018c4d54c3adf2dcc1 - - default default] No more DHCP agents
2026-04-27 22:06:59.801 10 WARNING neutron.api.rpc.agentnotifiers.dhcp_rpc_agent_api [None req-655142c2-464b-43bd-91a8-451b8065ae3a 0e82c857992b4ddbbaa44f82f57fcdc2 badff1a3a23c4e018c4d54c3adf2dcc1 - - default default] Unable to schedule network 18c94c7f-d2c1-4827-8e50-44457ca16f0e: no agents available; will retry on subsequent port and subnet creation events.
2026-04-27 22:07:00.120 10 INFO neutron.db.ovn_revision_numbers_db [None req-95e1d5c9-96e5-4c29-b363-6c21a74f7f1c - - - - - -] Successfully bumped revision number for resource 8a66f300-022f-4933-9f99-0752d73fdeee (type: ports) to 2
2026-04-27 22:07:00.489 10 INFO neutron.db.ovn_revision_numbers_db [None req-655142c2-464b-43bd-91a8-451b8065ae3a 0e82c857992b4ddbbaa44f82f57fcdc2 badff1a3a23c4e018c4d54c3adf2dcc1 - - default default] Successfully bumped revision number for resource 8a66f300-022f-4933-9f99-0752d73fdeee (type: router_ports) to 1
2026-04-27 22:07:00.494 10 INFO neutron.api.wsgi [None req-655142c2-464b-43bd-91a8-451b8065ae3a 0e82c857992b4ddbbaa44f82f57fcdc2 badff1a3a23c4e018c4d54c3adf2dcc1 - - default default] 10.0.0.231 "PUT /v2.0/routers/29e393eb-8013-4ade-9a73-45cde0a8b482/add_router_interface HTTP/1.1" status: 200 len: 503 time: 2.1237807
2026-04-27 22:07:00.805 10 INFO neutron.api.wsgi [None req-51acb19f-563c-4bd9-af25-b0082fc7489e 2c624c4a3d844f1e8d06db5b962fc053 9c3e470f895c443eb69d1dd26002d333 - - default default] 10.0.0.231 "DELETE /v2.0/security-groups/6956d358-6f73-4284-bc76-8d1dda4b0d60 HTTP/1.1" status: 204 len: 168 time: 0.1323807
2026-04-27 22:07:00.823 10 INFO neutron.api.v2.resource [None req-481f56c9-2f4c-4d08-9bfa-aefe4fac20ca 2c624c4a3d844f1e8d06db5b962fc053 9c3e470f895c443eb69d1dd26002d333 - - default default] show failed (client error): The resource could not be found.
2026-04-27 22:07:00.825 10 INFO neutron.api.wsgi [None req-481f56c9-2f4c-4d08-9bfa-aefe4fac20ca 2c624c4a3d844f1e8d06db5b962fc053 9c3e470f895c443eb69d1dd26002d333 - - default default] 10.0.0.231 "GET /v2.0/security-groups/6956d358-6f73-4284-bc76-8d1dda4b0d60 HTTP/1.1" status: 404 len: 347 time: 0.0125029
2026-04-27 22:07:01.161 10 INFO neutron.api.wsgi [None req-f99ab230-1530-46ae-8ad9-639cd16a7b63 2c624c4a3d844f1e8d06db5b962fc053 9c3e470f895c443eb69d1dd26002d333 - - default default] 10.0.0.231 "DELETE /v2.0/floatingips/3e0178fe-1618-409a-90f3-196ff6af9bfb HTTP/1.1" status: 204 len: 168 time: 0.3336747
2026-04-27 22:07:01.168 10 WARNING neutron_lib.context [None req-fa97a2c8-41d6-420e-a925-29e132abee47 b190cd0a78684813b2bcb348d103d979 d294d4267df748699138ba6bde02c59b - - default default] Method 'is_advsvc' is deprecated since 2023.2 release (neutron-lib 3.8.0) and will be removed once support for the old RBAC API policies will be removed from Neutron. Please use method 'is_service_role' instead.
2026-04-27 22:07:01.270 10 INFO neutron.db.ovn_revision_numbers_db [None req-fa97a2c8-41d6-420e-a925-29e132abee47 b190cd0a78684813b2bcb348d103d979 d294d4267df748699138ba6bde02c59b - - default default] Successfully bumped revision number for resource 5b7465cd-3942-4cc3-a0f8-ba2256249ce0 (type: security_groups) to 1
2026-04-27 22:07:01.285 10 INFO neutron.db.ovn_revision_numbers_db [None req-fa97a2c8-41d6-420e-a925-29e132abee47 b190cd0a78684813b2bcb348d103d979 d294d4267df748699138ba6bde02c59b - - default default] Successfully bumped revision number for resource 50b02b12-5dbd-49ce-8365-e316128bc353 (type: security_group_rules) to 0
2026-04-27 22:07:01.297 9 INFO neutron.api.wsgi [req-87084222-49ec-46a2-99ca-c6885640d701 req-4df801f3-0584-467c-b3fa-1f888a6d0c72 574141f4da6c4ad8ab3a6842a6d97c5a 85c3324aefca416482414cbe12d2d06b - - dad4b4b2a7e544489a0095d9c3514c2a dad4b4b2a7e544489a0095d9c3514c2a] 199.19.213.228 "GET /v2.0/ports?tenant_id=ce3d2c85d8ab4a089131d47a09b49c6d&device_id=e5a1782c-5477-47e2-b9c7-7d7b88884ca2 HTTP/1.1" status: 200 len: 1590 time: 0.0343118
2026-04-27 22:07:01.299 10 INFO neutron.db.ovn_revision_numbers_db [None req-fa97a2c8-41d6-420e-a925-29e132abee47 b190cd0a78684813b2bcb348d103d979 d294d4267df748699138ba6bde02c59b - - default default] Successfully bumped revision number for resource ab3882fb-3918-4231-b6b1-bd77e9153ca3 (type: security_group_rules) to 0
2026-04-27 22:07:01.328 10 INFO neutron.api.wsgi [None req-fa97a2c8-41d6-420e-a925-29e132abee47 b190cd0a78684813b2bcb348d103d979 d294d4267df748699138ba6bde02c59b - - default default] 10.0.0.231 "POST /v2.0/security-groups HTTP/1.1" status: 201 len: 1861 time: 0.1642687
2026-04-27 22:07:01.338 9 WARNING neutron_lib.context [None req-140ec9d3-c45f-4749-b23e-95ab869c7471 b190cd0a78684813b2bcb348d103d979 d294d4267df748699138ba6bde02c59b - - default default] Method 'is_advsvc' is deprecated since 2023.2 release (neutron-lib 3.8.0) and will be removed once support for the old RBAC API policies will be removed from Neutron. Please use method 'is_service_role' instead.
2026-04-27 22:07:01.466 9 INFO neutron.db.ovn_revision_numbers_db [None req-140ec9d3-c45f-4749-b23e-95ab869c7471 b190cd0a78684813b2bcb348d103d979 d294d4267df748699138ba6bde02c59b - - default default] Successfully bumped revision number for resource 80a617dd-c1a7-4fe1-8ed1-1a90916d71fb (type: security_group_rules) to 0
2026-04-27 22:07:01.503 9 INFO neutron.api.wsgi [None req-140ec9d3-c45f-4749-b23e-95ab869c7471 b190cd0a78684813b2bcb348d103d979 d294d4267df748699138ba6bde02c59b - - default default] 10.0.0.231 "POST /v2.0/security-group-rules HTTP/1.1" status: 201 len: 796 time: 0.1695962
2026-04-27 22:07:01.517 10 WARNING neutron_lib.context [None req-9a61016e-8226-4396-af55-b10017a6884f b190cd0a78684813b2bcb348d103d979 d294d4267df748699138ba6bde02c59b - - default default] Method 'is_advsvc' is deprecated since 2023.2 release (neutron-lib 3.8.0) and will be removed once support for the old RBAC API policies will be removed from Neutron. Please use method 'is_service_role' instead.
2026-04-27 22:07:01.651 10 INFO neutron.db.ovn_revision_numbers_db [None req-9a61016e-8226-4396-af55-b10017a6884f b190cd0a78684813b2bcb348d103d979 d294d4267df748699138ba6bde02c59b - - default default] Successfully bumped revision number for resource 43589fcf-2f25-4548-b7e7-db2f9a555913 (type: security_group_rules) to 0
2026-04-27 22:07:01.684 10 INFO neutron.api.wsgi [None req-9a61016e-8226-4396-af55-b10017a6884f b190cd0a78684813b2bcb348d103d979 d294d4267df748699138ba6bde02c59b - - default default] 10.0.0.231 "POST /v2.0/security-group-rules HTTP/1.1" status: 201 len: 801 time: 0.1750467
2026-04-27 22:07:01.693 10 WARNING neutron_lib.context [None req-dee95565-382d-44b9-8eec-4d0933ab34fc b190cd0a78684813b2bcb348d103d979 d294d4267df748699138ba6bde02c59b - - default default] Method 'is_advsvc' is deprecated since 2023.2 release (neutron-lib 3.8.0) and will be removed once support for the old RBAC API policies will be removed from Neutron. Please use method 'is_service_role' instead.
2026-04-27 22:07:01.866 9 INFO neutron.api.wsgi [req-87084222-49ec-46a2-99ca-c6885640d701 req-b3dc85fd-04d6-41a6-8171-5693fac50e27 574141f4da6c4ad8ab3a6842a6d97c5a 85c3324aefca416482414cbe12d2d06b - - dad4b4b2a7e544489a0095d9c3514c2a dad4b4b2a7e544489a0095d9c3514c2a] 199.19.213.228 "GET /v2.0/networks?id=df4cebd9-add2-4021-8adf-cbe9d4357211 HTTP/1.1" status: 200 len: 981 time: 0.0606101
2026-04-27 22:07:01.898 9 INFO neutron.api.wsgi [req-87084222-49ec-46a2-99ca-c6885640d701 req-5f4eab0c-c91a-4df1-aded-758de671649b 574141f4da6c4ad8ab3a6842a6d97c5a 85c3324aefca416482414cbe12d2d06b - - dad4b4b2a7e544489a0095d9c3514c2a dad4b4b2a7e544489a0095d9c3514c2a] 199.19.213.228 "GET /v2.0/floatingips?fixed_ip_address=10.100.0.10&port_id=1ecabae5-fc40-4ca5-b16d-d4f4ebc75311 HTTP/1.1" status: 200 len: 217 time: 0.0208788
2026-04-27 22:07:01.929 10 WARNING neutron.scheduler.dhcp_agent_scheduler [None req-dee95565-382d-44b9-8eec-4d0933ab34fc b190cd0a78684813b2bcb348d103d979 d294d4267df748699138ba6bde02c59b - - default default] No more DHCP agents
2026-04-27 22:07:01.930 10 WARNING neutron.api.rpc.agentnotifiers.dhcp_rpc_agent_api [None req-dee95565-382d-44b9-8eec-4d0933ab34fc b190cd0a78684813b2bcb348d103d979 d294d4267df748699138ba6bde02c59b - - default default] Unable to schedule network c94ce325-93c7-43f1-ad99-bbb4f0ff9636: no agents available; will retry on subsequent port and subnet creation events.
2026-04-27 22:07:01.949 9 INFO neutron.api.wsgi [req-87084222-49ec-46a2-99ca-c6885640d701 req-842274fb-181b-4814-9995-04314b073954 574141f4da6c4ad8ab3a6842a6d97c5a 85c3324aefca416482414cbe12d2d06b - - dad4b4b2a7e544489a0095d9c3514c2a dad4b4b2a7e544489a0095d9c3514c2a] 199.19.213.228 "GET /v2.0/floatingips?fixed_ip_address=10.100.0.7&port_id=1ecabae5-fc40-4ca5-b16d-d4f4ebc75311 HTTP/1.1" status: 200 len: 1059 time: 0.0432744
2026-04-27 22:07:01.986 9 INFO neutron.api.wsgi [req-87084222-49ec-46a2-99ca-c6885640d701 req-bddf5341-af5a-454a-b060-712a60be7eb8 574141f4da6c4ad8ab3a6842a6d97c5a 85c3324aefca416482414cbe12d2d06b - - dad4b4b2a7e544489a0095d9c3514c2a dad4b4b2a7e544489a0095d9c3514c2a] 199.19.213.228 "GET /v2.0/subnets?id=c40e5a98-8b48-4344-a328-17efe6eec903 HTTP/1.1" status: 200 len: 900 time: 0.0287697
2026-04-27 22:07:02.014 9 INFO neutron.api.wsgi [req-87084222-49ec-46a2-99ca-c6885640d701 req-93817fff-d149-4d6e-bfb3-a469b693f632 574141f4da6c4ad8ab3a6842a6d97c5a 85c3324aefca416482414cbe12d2d06b - - dad4b4b2a7e544489a0095d9c3514c2a dad4b4b2a7e544489a0095d9c3514c2a] 199.19.213.228 "GET /v2.0/ports?network_id=df4cebd9-add2-4021-8adf-cbe9d4357211&device_owner=network%3Adhcp HTTP/1.1" status: 200 len: 210 time: 0.0195367
2026-04-27 22:07:02.090 9 INFO neutron.api.wsgi [req-87084222-49ec-46a2-99ca-c6885640d701 req-a19544ad-2185-4c54-ab8a-1b97524acb3a 574141f4da6c4ad8ab3a6842a6d97c5a 85c3324aefca416482414cbe12d2d06b - - dad4b4b2a7e544489a0095d9c3514c2a dad4b4b2a7e544489a0095d9c3514c2a] 199.19.213.228 "GET /v2.0/networks/df4cebd9-add2-4021-8adf-cbe9d4357211?fields=segments HTTP/1.1" status: 200 len: 212 time: 0.0712922
2026-04-27 22:07:02.154 9 INFO neutron.api.wsgi [req-87084222-49ec-46a2-99ca-c6885640d701 req-b1f3f84a-16b7-4ded-8c9d-8a253a3d36f0 574141f4da6c4ad8ab3a6842a6d97c5a 85c3324aefca416482414cbe12d2d06b - - dad4b4b2a7e544489a0095d9c3514c2a dad4b4b2a7e544489a0095d9c3514c2a] 199.19.213.228 "GET /v2.0/networks/df4cebd9-add2-4021-8adf-cbe9d4357211?fields=provider%3Aphysical_network&fields=provider%3Anetwork_type HTTP/1.1" status: 200 len: 277 time: 0.0586531
2026-04-27 22:07:02.223 10 INFO neutron.api.wsgi [None req-dee95565-382d-44b9-8eec-4d0933ab34fc b190cd0a78684813b2bcb348d103d979 d294d4267df748699138ba6bde02c59b - - default default] 10.0.0.231 "POST /v2.0/floatingips HTTP/1.1" status: 201 len: 751 time: 0.5338173
2026-04-27 22:07:02.298 10 INFO neutron.db.ovn_revision_numbers_db [None req-29fec375-383d-4a6a-86f4-0f18fd0abcf6 0e82c857992b4ddbbaa44f82f57fcdc2 badff1a3a23c4e018c4d54c3adf2dcc1 - - default default] Successfully bumped revision number for resource 305d50a7-72b0-4bfd-b7dd-99191a25a9cf (type: security_groups) to 1
2026-04-27 22:07:02.310 10 INFO neutron.db.ovn_revision_numbers_db [None req-29fec375-383d-4a6a-86f4-0f18fd0abcf6 0e82c857992b4ddbbaa44f82f57fcdc2 badff1a3a23c4e018c4d54c3adf2dcc1 - - default default] Successfully bumped revision number for resource b40912ac-2be1-455b-aee6-dc55ea05af0f (type: security_group_rules) to 0
2026-04-27 22:07:02.325 10 INFO neutron.db.ovn_revision_numbers_db [None req-29fec375-383d-4a6a-86f4-0f18fd0abcf6 0e82c857992b4ddbbaa44f82f57fcdc2 badff1a3a23c4e018c4d54c3adf2dcc1 - - default default] Successfully bumped revision number for resource b43721fc-edab-40f1-8ee6-7925c8f9d888 (type: security_group_rules) to 0
