2026-03-02 22:31:58.231 8 INFO placement.requestlog [req-99df8af1-f7d9-41bb-a12e-817881aa5996 req-32a49070-b2c5-4053-ae67-1775aa269d56 79806b350fd3419dbe8c7923abf27cd5 0a749a959f714a51bd52649e2ab05997 - - 6db9dc8d0b9c40f4b7b92e967ac96eb1 6db9dc8d0b9c40f4b7b92e967ac96eb1] 199.19.213.23 "GET /allocations/d181c68e-44bd-4f4c-b318-59a500b42f3d" status: 200 len: 258 microversion: 1.28 [pid: 8|app: 0|req: 548/1097] 199.19.213.23 () {34 vars in 862 bytes} [Mon Mar 2 22:31:58 2026] GET /allocations/d181c68e-44bd-4f4c-b318-59a500b42f3d => generated 258 bytes in 13 msecs (HTTP/1.1 200) 8 headers in 296 bytes (1 switches on core 0)
2026-03-02 22:32:03.465 7 INFO placement.requestlog [None req-84807743-33c7-4a44-b05b-524bb012e268 - - - - - -] 10.0.0.44 "GET /" status: 200 len: 136 microversion: 1.0
2026-03-02 22:32:03.466 8 INFO placement.requestlog [None req-4b69b857-ffa4-4402-9842-d95f0a12d800 - - - - - -] 10.0.0.44 "GET /" status: 200 len: 136 microversion: 1.0
2026-03-02 22:32:05.337 7 INFO placement.requestlog [None req-2db25eed-f916-49b5-8854-4f789243df41 b7dc578550d64fb3bc4bc791034c51e6 0a749a959f714a51bd52649e2ab05997 - - 6db9dc8d0b9c40f4b7b92e967ac96eb1 6db9dc8d0b9c40f4b7b92e967ac96eb1] 10.0.0.109 "GET /resource_providers/5e2443b5-d7ac-413d-8c21-6ef6974a4116/aggregates" status: 404 len: 235 microversion: 1.1 [pid: 7|app: 0|req: 551/1100] 10.0.0.109 () {32 vars in 825 bytes} [Mon Mar 2 22:32:05 2026] GET /resource_providers/5e2443b5-d7ac-413d-8c21-6ef6974a4116/aggregates => generated 235 bytes in 10 msecs (HTTP/1.1 404) 5 headers in 202 bytes (1 switches on core 0)
2026-03-02 22:32:05.341 8 INFO placement.requestlog [None req-f3f4bb2a-2025-426d-b652-36d97a391161 b7dc578550d64fb3bc4bc791034c51e6 0a749a959f714a51bd52649e2ab05997 - - 6db9dc8d0b9c40f4b7b92e967ac96eb1 6db9dc8d0b9c40f4b7b92e967ac96eb1] 10.0.0.109 "GET /resource_providers/5e2443b5-d7ac-413d-8c21-6ef6974a4116/aggregates" status: 404 len: 235 microversion: 1.1 [pid: 8|app: 0|req: 550/1101] 10.0.0.109 () {32 vars in 825 bytes} [Mon Mar 2 22:32:05 2026] GET /resource_providers/5e2443b5-d7ac-413d-8c21-6ef6974a4116/aggregates => generated 235 bytes in 12 msecs (HTTP/1.1 404) 5 headers in 202 bytes (1 switches on core 0)
2026-03-02 22:32:05.358 7 INFO placement.requestlog [None req-db9ad615-525b-4a66-bcbf-3633ba6ef8db b7dc578550d64fb3bc4bc791034c51e6 0a749a959f714a51bd52649e2ab05997 - - 6db9dc8d0b9c40f4b7b92e967ac96eb1 6db9dc8d0b9c40f4b7b92e967ac96eb1] 10.0.0.109 "DELETE /resource_providers/5e2443b5-d7ac-413d-8c21-6ef6974a4116" status: 404 len: 246 microversion: 1.1 [pid: 7|app: 0|req: 552/1102] 10.0.0.109 () {34 vars in 825 bytes} [Mon Mar 2 22:32:05 2026] DELETE /resource_providers/5e2443b5-d7ac-413d-8c21-6ef6974a4116 => generated 246 bytes in 10 msecs (HTTP/1.1 404) 6 headers in 231 bytes (1 switches on core 0)
2026-03-02 22:32:05.365 8 INFO placement.requestlog [None req-a868ccdb-2c2f-44f9-a771-c9f7efd7c2ed b7dc578550d64fb3bc4bc791034c51e6 0a749a959f714a51bd52649e2ab05997 - - 6db9dc8d0b9c40f4b7b92e967ac96eb1 6db9dc8d0b9c40f4b7b92e967ac96eb1] 10.0.0.109 "DELETE /resource_providers/5e2443b5-d7ac-413d-8c21-6ef6974a4116" status: 404 len: 246 microversion: 1.1 [pid: 8|app: 0|req: 551/1103] 10.0.0.109 () {34 vars in 825 bytes} [Mon Mar 2 22:32:05 2026] DELETE /resource_providers/5e2443b5-d7ac-413d-8c21-6ef6974a4116 => generated 246 bytes in 15 msecs (HTTP/1.1 404) 6 headers in 231 bytes (1 switches on core 0)
2026-03-02 22:32:11.851 7 INFO placement.requestlog [req-71e3b9f4-bf7e-4dcc-90f4-4f603ada771a req-f4cf78ec-03f5-4f15-b98f-9e1dc6713cf0 79806b350fd3419dbe8c7923abf27cd5 0a749a959f714a51bd52649e2ab05997 - - 6db9dc8d0b9c40f4b7b92e967ac96eb1 6db9dc8d0b9c40f4b7b92e967ac96eb1] 199.19.213.23 "GET /resource_providers/37c1dbeb-ec2e-4a5f-8809-af6e6b082cab/allocations" status: 200 len: 253 microversion: 1.0 [pid: 7|app: 0|req: 553/1104] 199.19.213.23 () {32 vars in 856 bytes} [Mon Mar 2 22:32:11 2026] GET /resource_providers/37c1dbeb-ec2e-4a5f-8809-af6e6b082cab/allocations => generated 253 bytes in 18 msecs (HTTP/1.1 200) 6 headers in 224 bytes (1 switches on core 0)
2026-03-02 22:32:11.879 8 INFO placement.requestlog [req-71e3b9f4-bf7e-4dcc-90f4-4f603ada771a req-5a181895-8323-4b76-b0cb-56793d1b5a6f 79806b350fd3419dbe8c7923abf27cd5 0a749a959f714a51bd52649e2ab05997 - - 6db9dc8d0b9c40f4b7b92e967ac96eb1 6db9dc8d0b9c40f4b7b92e967ac96eb1] 199.19.213.23 "GET /resource_providers/37c1dbeb-ec2e-4a5f-8809-af6e6b082cab/allocations" status: 200 len: 253 microversion: 1.0 [pid: 8|app: 0|req: 552/1105] 199.19.213.23 () {32 vars in 856 bytes} [Mon Mar 2 22:32:11 2026] GET /resource_providers/37c1dbeb-ec2e-4a5f-8809-af6e6b082cab/allocations => generated 253 bytes in 19 msecs (HTTP/1.1 200) 6 headers in 224 bytes (1 switches on core 0)
2026-03-02 22:32:11.898 7 INFO placement.requestlog [req-71e3b9f4-bf7e-4dcc-90f4-4f603ada771a req-8c5531cc-098d-4083-a6e4-aa28cdb718bb 79806b350fd3419dbe8c7923abf27cd5 0a749a959f714a51bd52649e2ab05997 - - 6db9dc8d0b9c40f4b7b92e967ac96eb1 6db9dc8d0b9c40f4b7b92e967ac96eb1] 199.19.213.23 "GET /allocations/4ebd3d2c-a50f-4faa-a8e3-280363d42446" status: 200 len: 258 microversion: 1.28 [pid: 7|app: 0|req: 554/1106] 199.19.213.23 () {34 vars in 862 bytes} [Mon Mar 2 22:32:11 2026] GET /allocations/4ebd3d2c-a50f-4faa-a8e3-280363d42446 => generated 258 bytes in 14 msecs (HTTP/1.1 200) 8 headers in 296 bytes (1 switches on core 0)
2026-03-02 22:32:11.919 8 INFO placement.requestlog [req-71e3b9f4-bf7e-4dcc-90f4-4f603ada771a req-2e8ab9d2-0950-4e54-b495-57dccf3a4690 79806b350fd3419dbe8c7923abf27cd5 0a749a959f714a51bd52649e2ab05997 - - 6db9dc8d0b9c40f4b7b92e967ac96eb1 6db9dc8d0b9c40f4b7b92e967ac96eb1] 199.19.213.23 "GET /allocations/d181c68e-44bd-4f4c-b318-59a500b42f3d" status: 200 len: 258 microversion: 1.28 [pid: 8|app: 0|req: 553/1107] 199.19.213.23 () {34 vars in 862 bytes} [Mon Mar 2 22:32:11 2026] GET /allocations/d181c68e-44bd-4f4c-b318-59a500b42f3d => generated 258 bytes in 14 msecs (HTTP/1.1 200) 8 headers in 296 bytes (1 switches on core 0)
2026-03-02 22:32:12.662 7 INFO placement.requestlog [None req-3841bb9f-7100-441b-8d5d-669ade28a7e8 b7dc578550d64fb3bc4bc791034c51e6 0a749a959f714a51bd52649e2ab05997 - - 6db9dc8d0b9c40f4b7b92e967ac96eb1 6db9dc8d0b9c40f4b7b92e967ac96eb1] 10.0.0.109 "GET /resource_providers/12da6c2b-c968-4f79-bebf-845e7488e52b/aggregates" status: 404 len: 235 microversion: 1.1 [pid: 7|app: 0|req: 555/1108] 10.0.0.109 () {32 vars in 825 bytes} [Mon Mar 2 22:32:12 2026] GET /resource_providers/12da6c2b-c968-4f79-bebf-845e7488e52b/aggregates => generated 235 bytes in 10 msecs (HTTP/1.1 404) 5 headers in 202 bytes (1 switches on core 0)
2026-03-02 22:32:12.667 8 INFO placement.requestlog [None req-b8654928-81b1-4fc5-b013-db2a694d931d b7dc578550d64fb3bc4bc791034c51e6 0a749a959f714a51bd52649e2ab05997 - - 6db9dc8d0b9c40f4b7b92e967ac96eb1 6db9dc8d0b9c40f4b7b92e967ac96eb1] 10.0.0.109 "GET /resource_providers/12da6c2b-c968-4f79-bebf-845e7488e52b/aggregates" status: 404 len: 235 microversion: 1.1 [pid: 8|app: 0|req: 554/1109] 10.0.0.109 () {32 vars in 825 bytes} [Mon Mar 2 22:32:12 2026] GET /resource_providers/12da6c2b-c968-4f79-bebf-845e7488e52b/aggregates => generated 235 bytes in 11 msecs (HTTP/1.1 404) 5 headers in 202 bytes (1 switches on core 0)
2026-03-02 22:32:12.686 7 INFO placement.requestlog [None req-3bef5e1a-578d-408b-8295-4376fd94e453 b7dc578550d64fb3bc4bc791034c51e6 0a749a959f714a51bd52649e2ab05997 - - 6db9dc8d0b9c40f4b7b92e967ac96eb1 6db9dc8d0b9c40f4b7b92e967ac96eb1] 10.0.0.109 "DELETE /resource_providers/12da6c2b-c968-4f79-bebf-845e7488e52b" status: 404 len: 246 microversion: 1.1 [pid: 7|app: 0|req: 556/1110] 10.0.0.109 () {34 vars in 825 bytes} [Mon Mar 2 22:32:12 2026] DELETE /resource_providers/12da6c2b-c968-4f79-bebf-845e7488e52b => generated 246 bytes in 10 msecs (HTTP/1.1 404) 6 headers in 231 bytes (1 switches on core 0)
2026-03-02 22:32:12.687 8 INFO placement.requestlog [None req-41aea26d-9065-41c1-a842-3d6cecb642b7 b7dc578550d64fb3bc4bc791034c51e6 0a749a959f714a51bd52649e2ab05997 - - 6db9dc8d0b9c40f4b7b92e967ac96eb1 6db9dc8d0b9c40f4b7b92e967ac96eb1] 10.0.0.109 "DELETE /resource_providers/12da6c2b-c968-4f79-bebf-845e7488e52b" status: 404 len: 246 microversion: 1.1 [pid: 8|app: 0|req: 555/1111] 10.0.0.109 () {34 vars in 825 bytes} [Mon Mar 2 22:32:12 2026] DELETE /resource_providers/12da6c2b-c968-4f79-bebf-845e7488e52b => generated 246 bytes in 10 msecs (HTTP/1.1 404) 6 headers in 231 bytes (1 switches on core 0)
2026-03-02 22:32:13.465 7 INFO placement.requestlog [None req-92688280-d3d6-4d11-ae30-8972db42fa58 - - - - - -] 10.0.0.44 "GET /" status: 200 len: 136 microversion: 1.0
2026-03-02 22:32:13.465 8 INFO placement.requestlog [None req-558e8ac8-7e6f-4dd0-adea-cc03bee25347 - - - - - -] 10.0.0.44 "GET /" status: 200 len: 136 microversion: 1.0
2026-03-02 22:32:19.521 8 INFO placement.requestlog [None req-f4c1887d-b4df-44ad-a40a-a6dd4193cbfb b7dc578550d64fb3bc4bc791034c51e6 0a749a959f714a51bd52649e2ab05997 - - 6db9dc8d0b9c40f4b7b92e967ac96eb1 6db9dc8d0b9c40f4b7b92e967ac96eb1] 10.0.0.109 "GET /resource_providers/ad444194-d6ba-4763-aaf3-a226784e8af8/aggregates" status: 404 len: 235 microversion: 1.1 [pid: 8|app: 0|req: 557/1114] 10.0.0.109 () {32 vars in 825 bytes} [Mon Mar 2 22:32:19 2026] GET /resource_providers/ad444194-d6ba-4763-aaf3-a226784e8af8/aggregates => generated 235 bytes in 8 msecs (HTTP/1.1 404) 5 headers in 202 bytes (1 switches on core 0)
2026-03-02 22:32:19.540 7 INFO placement.requestlog [None req-4ff0adbf-b370-4baa-b3dc-64e91ddfa884 b7dc578550d64fb3bc4bc791034c51e6 0a749a959f714a51bd52649e2ab05997 - - 6db9dc8d0b9c40f4b7b92e967ac96eb1 6db9dc8d0b9c40f4b7b92e967ac96eb1] 10.0.0.109 "GET /resource_providers/ad444194-d6ba-4763-aaf3-a226784e8af8/aggregates" status: 404 len: 235 microversion: 1.1 [pid: 7|app: 0|req: 558/1115] 10.0.0.109 () {32 vars in 825 bytes} [Mon Mar 2 22:32:19 2026] GET /resource_providers/ad444194-d6ba-4763-aaf3-a226784e8af8/aggregates => generated 235 bytes in 27 msecs (HTTP/1.1 404) 5 headers in 202 bytes (1 switches on core 0)
2026-03-02 22:32:19.546 8 INFO placement.requestlog [None req-f87662fc-339b-4bb8-8532-708a5eab09b5 b7dc578550d64fb3bc4bc791034c51e6 0a749a959f714a51bd52649e2ab05997 - - 6db9dc8d0b9c40f4b7b92e967ac96eb1 6db9dc8d0b9c40f4b7b92e967ac96eb1] 10.0.0.109 "DELETE /resource_providers/ad444194-d6ba-4763-aaf3-a226784e8af8" status: 404 len: 246 microversion: 1.1 [pid: 8|app: 0|req: 558/1116] 10.0.0.109 () {34 vars in 825 bytes} [Mon Mar 2 22:32:19 2026] DELETE /resource_providers/ad444194-d6ba-4763-aaf3-a226784e8af8 => generated 246 bytes in 9 msecs (HTTP/1.1 404) 6 headers in 231 bytes (1 switches on core 0)
2026-03-02 22:32:19.556 7 INFO placement.requestlog [None req-b14f359b-d592-4a4d-83b1-a109e17f3115 b7dc578550d64fb3bc4bc791034c51e6 0a749a959f714a51bd52649e2ab05997 - - 6db9dc8d0b9c40f4b7b92e967ac96eb1 6db9dc8d0b9c40f4b7b92e967ac96eb1] 10.0.0.109 "DELETE /resource_providers/ad444194-d6ba-4763-aaf3-a226784e8af8" status: 404 len: 246 microversion: 1.1 [pid: 7|app: 0|req: 559/1117] 10.0.0.109 () {34 vars in 825 bytes} [Mon Mar 2 22:32:19 2026] DELETE /resource_providers/ad444194-d6ba-4763-aaf3-a226784e8af8 => generated 246 bytes in 10 msecs (HTTP/1.1 404) 6 headers in 231 bytes (1 switches on core 0)
2026-03-02 22:32:19.943 8 INFO placement.requestlog [None req-79aa49e9-0e2e-4725-a330-7b563945235a b7dc578550d64fb3bc4bc791034c51e6 0a749a959f714a51bd52649e2ab05997 - - 6db9dc8d0b9c40f4b7b92e967ac96eb1 6db9dc8d0b9c40f4b7b92e967ac96eb1] 10.0.0.109 "GET /resource_providers/967bf5aa-8c55-47f7-98e5-6f87b153c655/aggregates" status: 404 len: 235 microversion: 1.1 [pid: 8|app: 0|req: 559/1118] 10.0.0.109 () {32 vars in 825 bytes} [Mon Mar 2 22:32:19 2026] GET /resource_providers/967bf5aa-8c55-47f7-98e5-6f87b153c655/aggregates => generated 235 bytes in 10 msecs (HTTP/1.1 404) 5 headers in 202 bytes (1 switches on core 0)
2026-03-02 22:32:19.948 7 INFO placement.requestlog [None req-ec61dc73-76ef-4540-ba4f-2add1b23c859 b7dc578550d64fb3bc4bc791034c51e6 0a749a959f714a51bd52649e2ab05997 - - 6db9dc8d0b9c40f4b7b92e967ac96eb1 6db9dc8d0b9c40f4b7b92e967ac96eb1] 10.0.0.109 "GET /resource_providers/967bf5aa-8c55-47f7-98e5-6f87b153c655/aggregates" status: 404 len: 235 microversion: 1.1 [pid: 7|app: 0|req: 560/1119] 10.0.0.109 () {32 vars in 825 bytes} [Mon Mar 2 22:32:19 2026] GET /resource_providers/967bf5aa-8c55-47f7-98e5-6f87b153c655/aggregates => generated 235 bytes in 16 msecs (HTTP/1.1 404) 5 headers in 202 bytes (1 switches on core 0)
2026-03-02 22:32:19.953 8 INFO placement.requestlog [None req-4727d267-2c42-4b31-8604-cd34b43e4be5 b7dc578550d64fb3bc4bc791034c51e6 0a749a959f714a51bd52649e2ab05997 - - 6db9dc8d0b9c40f4b7b92e967ac96eb1 6db9dc8d0b9c40f4b7b92e967ac96eb1] 10.0.0.109 "DELETE /resource_providers/967bf5aa-8c55-47f7-98e5-6f87b153c655" status: 404 len: 246 microversion: 1.1 [pid: 8|app: 0|req: 560/1120] 10.0.0.109 () {34 vars in 825 bytes} [Mon Mar 2 22:32:19 2026] DELETE /resource_providers/967bf5aa-8c55-47f7-98e5-6f87b153c655 => generated 246 bytes in 6 msecs (HTTP/1.1 404) 6 headers in 231 bytes (1 switches on core 0)
2026-03-02 22:32:19.970 7 INFO placement.requestlog [None req-3e37f123-7d36-49ad-abeb-430a9a491efc b7dc578550d64fb3bc4bc791034c51e6 0a749a959f714a51bd52649e2ab05997 - - 6db9dc8d0b9c40f4b7b92e967ac96eb1 6db9dc8d0b9c40f4b7b92e967ac96eb1] 10.0.0.109 "DELETE /resource_providers/967bf5aa-8c55-47f7-98e5-6f87b153c655" status: 404 len: 246 microversion: 1.1 [pid: 7|app: 0|req: 561/1121] 10.0.0.109 () {34 vars in 825 bytes} [Mon Mar 2 22:32:19 2026] DELETE /resource_providers/967bf5aa-8c55-47f7-98e5-6f87b153c655 => generated 246 bytes in 16 msecs (HTTP/1.1 404) 6 headers in 231 bytes (1 switches on core 0)
2026-03-02 22:32:23.465 8 INFO placement.requestlog [None req-a5ebb7ee-5491-47ff-8532-832b8738be49 - - - - - -] 10.0.0.44 "GET /" status: 200 len: 136 microversion: 1.0
2026-03-02 22:32:23.465 7 INFO placement.requestlog [None req-c8ce6dcf-f10e-4573-bdc8-76c8ebdb296f - - - - - -] 10.0.0.44 "GET /" status: 200 len: 136 microversion: 1.0
2026-03-02 22:32:31.242 8 INFO placement.requestlog [req-270a9322-24e4-4f37-847f-bc017682e156 req-df2b7157-13ba-4c7e-bf2e-a0014bd78244 79806b350fd3419dbe8c7923abf27cd5 0a749a959f714a51bd52649e2ab05997 - - 6db9dc8d0b9c40f4b7b92e967ac96eb1 6db9dc8d0b9c40f4b7b92e967ac96eb1] 10.0.0.91 "GET /allocation_candidates?limit=1000&resources=MEMORY_MB%3A2048%2CVCPU%3A2&root_required=%21COMPUTE_STATUS_DISABLED" status: 200 len: 2207 microversion: 1.36 [pid: 8|app: 0|req: 562/1124] 10.0.0.91 () {34 vars in 985 bytes} [Mon Mar 2 22:32:31 2026] GET /allocation_candidates?limit=1000&resources=MEMORY_MB%3A2048%2CVCPU%3A2&root_required=%21COMPUTE_STATUS_DISABLED => generated 2207 bytes in 150 msecs (HTTP/1.1 200) 8 headers in 297 bytes (1 switches on core 0)
2026-03-02 22:32:31.270 7 INFO placement.requestlog [req-270a9322-24e4-4f37-847f-bc017682e156 req-e8eb79eb-a3cb-49e0-80fe-7cdf5020fd6b 79806b350fd3419dbe8c7923abf27cd5 0a749a959f714a51bd52649e2ab05997 - - 6db9dc8d0b9c40f4b7b92e967ac96eb1 6db9dc8d0b9c40f4b7b92e967ac96eb1] 10.0.0.91 "GET /allocations/ca506b24-f467-4ce4-92e7-a1272dbd8c02" status: 200 len: 19 microversion: 1.28 [pid: 7|app: 0|req: 563/1125] 10.0.0.91 () {34 vars in 860 bytes} [Mon Mar 2 22:32:31 2026] GET /allocations/ca506b24-f467-4ce4-92e7-a1272dbd8c02 => generated 19 bytes in 9 msecs (HTTP/1.1 200) 8 headers in 295 bytes (1 switches on core 0)
2026-03-02 22:32:31.354 8 INFO placement.requestlog [req-270a9322-24e4-4f37-847f-bc017682e156 req-d47aa9ee-7011-4a34-a8a0-bdf5b96cfb67 79806b350fd3419dbe8c7923abf27cd5 0a749a959f714a51bd52649e2ab05997 - - 6db9dc8d0b9c40f4b7b92e967ac96eb1 6db9dc8d0b9c40f4b7b92e967ac96eb1] 10.0.0.91 "PUT /allocations/ca506b24-f467-4ce4-92e7-a1272dbd8c02" status: 204 len: 0 microversion: 1.36 [pid: 8|app: 0|req: 563/1126] 10.0.0.91 () {38 vars in 913 bytes} [Mon Mar 2 22:32:31 2026] PUT /allocations/ca506b24-f467-4ce4-92e7-a1272dbd8c02 => generated 0 bytes in 77 msecs (HTTP/1.1 204) 5 headers in 199 bytes (1 switches on core 0)
2026-03-02 22:32:31.669 7 INFO placement.requestlog [req-270a9322-24e4-4f37-847f-bc017682e156 req-d0329bf1-4818-4afb-b644-88dc1aa7c545 79806b350fd3419dbe8c7923abf27cd5 0a749a959f714a51bd52649e2ab05997 - - 6db9dc8d0b9c40f4b7b92e967ac96eb1 6db9dc8d0b9c40f4b7b92e967ac96eb1] 199.19.213.23 "GET /allocations/ca506b24-f467-4ce4-92e7-a1272dbd8c02" status: 200 len: 245 microversion: 1.28 [pid: 7|app: 0|req: 564/1127] 199.19.213.23 () {34 vars in 862 bytes} [Mon Mar 2 22:32:31 2026] GET /allocations/ca506b24-f467-4ce4-92e7-a1272dbd8c02 => generated 245 bytes in 15 msecs (HTTP/1.1 200) 8 headers in 296 bytes (1 switches on core 0)
2026-03-02 22:32:31.783 8 INFO placement.requestlog [req-270a9322-24e4-4f37-847f-bc017682e156 req-cbe1f403-999d-49a7-bbb4-490b85996b2d 79806b350fd3419dbe8c7923abf27cd5 0a749a959f714a51bd52649e2ab05997 - - 6db9dc8d0b9c40f4b7b92e967ac96eb1 6db9dc8d0b9c40f4b7b92e967ac96eb1] 199.19.213.23 "GET /resource_providers/37c1dbeb-ec2e-4a5f-8809-af6e6b082cab/allocations" status: 200 len: 340 microversion: 1.0 [pid: 8|app: 0|req: 564/1128] 199.19.213.23 () {32 vars in 856 bytes} [Mon Mar 2 22:32:31 2026] GET /resource_providers/37c1dbeb-ec2e-4a5f-8809-af6e6b082cab/allocations => generated 340 bytes in 17 msecs (HTTP/1.1 200) 6 headers in 224 bytes (1 switches on core 0)
2026-03-02 22:32:31.806 7 INFO placement.requestlog [req-270a9322-24e4-4f37-847f-bc017682e156 req-f8dd0c1a-645f-4844-8c13-6a216374d8c1 79806b350fd3419dbe8c7923abf27cd5 0a749a959f714a51bd52649e2ab05997 - - 6db9dc8d0b9c40f4b7b92e967ac96eb1 6db9dc8d0b9c40f4b7b92e967ac96eb1] 199.19.213.23 "GET /allocations/4ebd3d2c-a50f-4faa-a8e3-280363d42446" status: 200 len: 258 microversion: 1.28 [pid: 7|app: 0|req: 565/1129] 199.19.213.23 () {34 vars in 862 bytes} [Mon Mar 2 22:32:31 2026] GET /allocations/4ebd3d2c-a50f-4faa-a8e3-280363d42446 => generated 258 bytes in 15 msecs (HTTP/1.1 200) 8 headers in 296 bytes (1 switches on core 0)
2026-03-02 22:32:31.822 8 INFO placement.requestlog [req-270a9322-24e4-4f37-847f-bc017682e156 req-09aab037-e653-4282-99fd-c645b86ca878 79806b350fd3419dbe8c7923abf27cd5 0a749a959f714a51bd52649e2ab05997 - - 6db9dc8d0b9c40f4b7b92e967ac96eb1 6db9dc8d0b9c40f4b7b92e967ac96eb1] 199.19.213.23 "GET /allocations/ca506b24-f467-4ce4-92e7-a1272dbd8c02" status: 200 len: 245 microversion: 1.28 [pid: 8|app: 0|req: 565/1130] 199.19.213.23 () {34 vars in 862 bytes} [Mon Mar 2 22:32:31 2026] GET /allocations/ca506b24-f467-4ce4-92e7-a1272dbd8c02 => generated 245 bytes in 10 msecs (HTTP/1.1 200) 8 headers in 296 bytes (1 switches on core 0)
2026-03-02 22:32:31.845 7 INFO placement.requestlog [req-270a9322-24e4-4f37-847f-bc017682e156 req-d01bb87b-c49b-4ca5-8751-5f57eb72a35b 79806b350fd3419dbe8c7923abf27cd5 0a749a959f714a51bd52649e2ab05997 - - 6db9dc8d0b9c40f4b7b92e967ac96eb1 6db9dc8d0b9c40f4b7b92e967ac96eb1] 199.19.213.23 "GET /allocations/d181c68e-44bd-4f4c-b318-59a500b42f3d" status: 200 len: 258 microversion: 1.28 [pid: 7|app: 0|req: 566/1131] 199.19.213.23 () {34 vars in 862 bytes} [Mon Mar 2 22:32:31 2026] GET /allocations/d181c68e-44bd-4f4c-b318-59a500b42f3d => generated 258 bytes in 13 msecs (HTTP/1.1 200) 8 headers in 296 bytes (1 switches on core 0)
2026-03-02 22:32:33.463 8 INFO placement.requestlog [None req-2c8ae4e2-e26c-4b94-90c0-5349d257a6e1 - - - - - -] 10.0.0.44 "GET /" status: 200 len: 136 microversion: 1.0
2026-03-02 22:32:33.465 7 INFO placement.requestlog [None req-276418bf-eab4-4078-9934-53f3e2330d75 - - - - - -] 10.0.0.44 "GET /" status: 200 len: 136 microversion: 1.0
2026-03-02 22:32:43.464 8 INFO placement.requestlog [None req-daaf236a-ea7f-41a7-a03d-728cb7e439ab - - - - - -] 10.0.0.44 "GET /" status: 200 len: 136 microversion: 1.0
2026-03-02 22:32:43.464 7 INFO placement.requestlog [None req-7ca7d7d1-caf2-42ef-8bb6-ee6df63ea0e7 - - - - - -] 10.0.0.44 "GET /" status: 200 len: 136 microversion: 1.0
2026-03-02 22:32:47.846 7 INFO placement.requestlog [None req-ad2364eb-5717-4c9a-89fc-52925aa79eab 6195e1ae26dd4545ad79c346fe9666a7 a6d2f78b96a4433b9cd04218abadbfcd - - default default] 10.0.0.208 "GET /resource_providers" status: 200 len: 406 microversion: 1.0 [pid: 7|app: 0|req: 569/1136] 10.0.0.208 () {28 vars in 593 bytes} [Mon Mar 2 22:32:47 2026] GET /resource_providers => generated 406 bytes in 107 msecs (HTTP/1.1 200) 6 headers in 224 bytes (1 switches on core 0)
2026-03-02 22:32:47.884 8 INFO placement.requestlog [None req-ccfcfa16-7b1e-44a0-83dc-cb1c7513b94e 6195e1ae26dd4545ad79c346fe9666a7 a6d2f78b96a4433b9cd04218abadbfcd - - default default] 10.0.0.208 "GET /resource_providers/37c1dbeb-ec2e-4a5f-8809-af6e6b082cab/inventories" status: 200 len: 401 microversion: 1.0 [pid: 8|app: 0|req: 568/1137] 10.0.0.208 () {28 vars in 691 bytes} [Mon Mar 2 22:32:47 2026] GET /resource_providers/37c1dbeb-ec2e-4a5f-8809-af6e6b082cab/inventories => generated 401 bytes in 39 msecs (HTTP/1.1 200) 6 headers in 224 bytes (1 switches on core 0)
2026-03-02 22:32:47.911 7 INFO placement.requestlog [None req-6d10d895-c1a5-4ec9-8a97-6a2f2f5a2e22 6195e1ae26dd4545ad79c346fe9666a7 a6d2f78b96a4433b9cd04218abadbfcd - - default default] 10.0.0.208 "GET /resource_providers/37c1dbeb-ec2e-4a5f-8809-af6e6b082cab/usages" status: 200 len: 92 microversion: 1.0 [pid: 7|app: 0|req: 570/1138] 10.0.0.208 () {28 vars in 681 bytes} [Mon Mar 2 22:32:47 2026] GET /resource_providers/37c1dbeb-ec2e-4a5f-8809-af6e6b082cab/usages => generated 92 bytes in 16 msecs (HTTP/1.1 200) 6 headers in 223 bytes (1 switches on core 0)
2026-03-02 22:32:53.464 7 INFO placement.requestlog [None req-51af32ee-7da9-44b3-8f46-25eecaf2c40a - - - - - -] 10.0.0.44 "GET /" status: 200 len: 136 microversion: 1.0
2026-03-02 22:32:53.465 8 INFO placement.requestlog [None req-72d9237c-c650-4a3e-a0f6-3863d5aab6ca - - - - - -] 10.0.0.44 "GET /" status: 200 len: 136 microversion: 1.0
2026-03-02 22:33:03.464 7 INFO placement.requestlog [None req-93c855c3-86b5-4077-9f9b-2fb5f4083001 - - - - - -] 10.0.0.44 "GET /" status: 200 len: 136 microversion: 1.0
2026-03-02 22:33:03.464 8 INFO placement.requestlog [None req-3a818cbe-35c0-43f9-96ba-b08e7be5e65c - - - - - -] 10.0.0.44 "GET /" status: 200 len: 136 microversion: 1.0
2026-03-02 22:33:12.057 7 INFO placement.requestlog [req-4aa94755-6d04-460a-91e5-7b6bd55def4d req-3ad4c46f-988b-4755-ac54-e127d6e0f5bc 79806b350fd3419dbe8c7923abf27cd5 0a749a959f714a51bd52649e2ab05997 - - 6db9dc8d0b9c40f4b7b92e967ac96eb1 6db9dc8d0b9c40f4b7b92e967ac96eb1] 199.19.213.23 "GET /resource_providers/37c1dbeb-ec2e-4a5f-8809-af6e6b082cab/allocations" status: 200 len: 340 microversion: 1.0 [pid: 7|app: 0|req: 573/1143] 199.19.213.23 () {32 vars in 856 bytes} [Mon Mar 2 22:33:11 2026] GET /resource_providers/37c1dbeb-ec2e-4a5f-8809-af6e6b082cab/allocations => generated 340 bytes in 78 msecs (HTTP/1.1 200) 6 headers in 224 bytes (1 switches on core 0)
2026-03-02 22:33:12.082 8 INFO placement.requestlog [req-4aa94755-6d04-460a-91e5-7b6bd55def4d req-9b31257d-b494-465e-8163-52570cc81fec 79806b350fd3419dbe8c7923abf27cd5 0a749a959f714a51bd52649e2ab05997 - - 6db9dc8d0b9c40f4b7b92e967ac96eb1 6db9dc8d0b9c40f4b7b92e967ac96eb1] 199.19.213.23 "GET /resource_providers?in_tree=37c1dbeb-ec2e-4a5f-8809-af6e6b082cab" status: 200 len: 798 microversion: 1.14 [pid: 8|app: 0|req: 571/1144] 199.19.213.23 () {34 vars in 891 bytes} [Mon Mar 2 22:33:12 2026] GET /resource_providers?in_tree=37c1dbeb-ec2e-4a5f-8809-af6e6b082cab => generated 798 bytes in 19 msecs (HTTP/1.1 200) 6 headers in 225 bytes (1 switches on core 0)
2026-03-02 22:33:12.106 7 INFO placement.requestlog [req-4aa94755-6d04-460a-91e5-7b6bd55def4d req-a99a9109-4244-411e-83fb-7cd6a71ed822 79806b350fd3419dbe8c7923abf27cd5 0a749a959f714a51bd52649e2ab05997 - - 6db9dc8d0b9c40f4b7b92e967ac96eb1 6db9dc8d0b9c40f4b7b92e967ac96eb1] 199.19.213.23 "GET /resource_providers/37c1dbeb-ec2e-4a5f-8809-af6e6b082cab/inventories" status: 200 len: 401 microversion: 1.0 [pid: 7|app: 0|req: 574/1145] 199.19.213.23 () {32 vars in 856 bytes} [Mon Mar 2 22:33:12 2026] GET /resource_providers/37c1dbeb-ec2e-4a5f-8809-af6e6b082cab/inventories => generated 401 bytes in 16 msecs (HTTP/1.1 200) 6 headers in 224 bytes (1 switches on core 0)
2026-03-02 22:33:12.121 8 INFO placement.requestlog [req-4aa94755-6d04-460a-91e5-7b6bd55def4d req-1464f659-5f3a-4cd6-96f0-001d23b0b682 79806b350fd3419dbe8c7923abf27cd5 0a749a959f714a51bd52649e2ab05997 - - 6db9dc8d0b9c40f4b7b92e967ac96eb1 6db9dc8d0b9c40f4b7b92e967ac96eb1] 199.19.213.23 "GET /resource_providers/37c1dbeb-ec2e-4a5f-8809-af6e6b082cab/aggregates" status: 200 len: 54 microversion: 1.19 [pid: 8|app: 0|req: 572/1146] 199.19.213.23 () {34 vars in 898 bytes} [Mon Mar 2 22:33:12 2026] GET /resource_providers/37c1dbeb-ec2e-4a5f-8809-af6e6b082cab/aggregates => generated 54 bytes in 10 msecs (HTTP/1.1 200) 8 headers in 295 bytes (1 switches on core 0)
2026-03-02 22:33:12.148 7 INFO placement.requestlog [req-4aa94755-6d04-460a-91e5-7b6bd55def4d req-371ba054-d647-419f-b6f9-80211eb278ed 79806b350fd3419dbe8c7923abf27cd5 0a749a959f714a51bd52649e2ab05997 - - 6db9dc8d0b9c40f4b7b92e967ac96eb1 6db9dc8d0b9c40f4b7b92e967ac96eb1] 199.19.213.23 "GET /resource_providers/37c1dbeb-ec2e-4a5f-8809-af6e6b082cab/traits" status: 200 len: 1753 microversion: 1.6 [pid: 7|app: 0|req: 575/1147] 199.19.213.23 () {34 vars in 889 bytes} [Mon Mar 2 22:33:12 2026] GET /resource_providers/37c1dbeb-ec2e-4a5f-8809-af6e6b082cab/traits => generated 1753 bytes in 20 msecs (HTTP/1.1 200) 6 headers in 225 bytes (1 switches on core 0)
2026-03-02 22:33:12.173 8 INFO placement.requestlog [req-4aa94755-6d04-460a-91e5-7b6bd55def4d req-3ad038e8-023f-45c9-a2be-db4bd80254e9 79806b350fd3419dbe8c7923abf27cd5 0a749a959f714a51bd52649e2ab05997 - - 6db9dc8d0b9c40f4b7b92e967ac96eb1 6db9dc8d0b9c40f4b7b92e967ac96eb1] 199.19.213.23 "GET /resource_providers/37c1dbeb-ec2e-4a5f-8809-af6e6b082cab/allocations" status: 200 len: 340 microversion: 1.0 [pid: 8|app: 0|req: 573/1148] 199.19.213.23 () {32 vars in 856 bytes} [Mon Mar 2 22:33:12 2026] GET /resource_providers/37c1dbeb-ec2e-4a5f-8809-af6e6b082cab/allocations => generated 340 bytes in 19 msecs (HTTP/1.1 200) 6 headers in 224 bytes (1 switches on core 0)
2026-03-02 22:33:12.190 7 INFO placement.requestlog [req-4aa94755-6d04-460a-91e5-7b6bd55def4d req-e975d453-ba5a-4a10-af47-41050c5c3ef9 79806b350fd3419dbe8c7923abf27cd5 0a749a959f714a51bd52649e2ab05997 - - 6db9dc8d0b9c40f4b7b92e967ac96eb1 6db9dc8d0b9c40f4b7b92e967ac96eb1] 199.19.213.23 "GET /allocations/4ebd3d2c-a50f-4faa-a8e3-280363d42446" status: 200 len: 258 microversion: 1.28 [pid: 7|app: 0|req: 576/1149] 199.19.213.23 () {34 vars in 862 bytes} [Mon Mar 2 22:33:12 2026] GET /allocations/4ebd3d2c-a50f-4faa-a8e3-280363d42446 => generated 258 bytes in 11 msecs (HTTP/1.1 200) 8 headers in 296 bytes (1 switches on core 0)
2026-03-02 22:33:12.207 8 INFO placement.requestlog [req-4aa94755-6d04-460a-91e5-7b6bd55def4d req-b153e7a6-05e3-4214-a4c2-4b8f084ccdc9 79806b350fd3419dbe8c7923abf27cd5 0a749a959f714a51bd52649e2ab05997 - - 6db9dc8d0b9c40f4b7b92e967ac96eb1 6db9dc8d0b9c40f4b7b92e967ac96eb1] 199.19.213.23 "GET /allocations/ca506b24-f467-4ce4-92e7-a1272dbd8c02" status: 200 len: 245 microversion: 1.28 [pid: 8|app: 0|req: 574/1150] 199.19.213.23 () {34 vars in 862 bytes} [Mon Mar 2 22:33:12 2026] GET /allocations/ca506b24-f467-4ce4-92e7-a1272dbd8c02 => generated 245 bytes in 12 msecs (HTTP/1.1 200) 8 headers in 296 bytes (1 switches on core 0)
2026-03-02 22:33:12.226 7 INFO placement.requestlog [req-4aa94755-6d04-460a-91e5-7b6bd55def4d req-15b2d5a3-e660-4aba-8836-db62bfdae745 79806b350fd3419dbe8c7923abf27cd5 0a749a959f714a51bd52649e2ab05997 - - 6db9dc8d0b9c40f4b7b92e967ac96eb1 6db9dc8d0b9c40f4b7b92e967ac96eb1] 199.19.213.23 "GET /allocations/d181c68e-44bd-4f4c-b318-59a500b42f3d" status: 200 len: 258 microversion: 1.28 [pid: 7|app: 0|req: 577/1151] 199.19.213.23 () {34 vars in 862 bytes} [Mon Mar 2 22:33:12 2026] GET /allocations/d181c68e-44bd-4f4c-b318-59a500b42f3d => generated 258 bytes in 13 msecs (HTTP/1.1 200) 8 headers in 296 bytes (1 switches on core 0)
2026-03-02 22:33:13.465 8 INFO placement.requestlog [None req-fb82711d-135c-4544-991e-19581e215da9 - - - - - -] 10.0.0.44 "GET /" status: 200 len: 136 microversion: 1.0
2026-03-02 22:33:13.465 7 INFO placement.requestlog [None req-7cf3b373-f29b-450b-9a83-20422b6de07f - - - - - -] 10.0.0.44 "GET /" status: 200 len: 136 microversion: 1.0
2026-03-02 22:33:23.464 7 INFO placement.requestlog [None req-7ed353a8-5e87-498a-977e-adf97e9391bc - - - - - -] 10.0.0.44 "GET /" status: 200 len: 136 microversion: 1.0
2026-03-02 22:33:23.465 8 INFO placement.requestlog [None req-33a1752b-99b1-4804-b1d5-6dfade1c1b2e - - - - - -] 10.0.0.44 "GET /" status: 200 len: 136 microversion: 1.0
2026-03-02 22:33:33.464 7 INFO placement.requestlog [None req-bf53b4f5-bde6-4615-8675-1585c83d9388 - - - - - -] 10.0.0.44 "GET /" status: 200 len: 136 microversion: 1.0
2026-03-02 22:33:33.465 8 INFO placement.requestlog [None req-930c89c8-392a-4a6f-b07c-8a9e6e1a9ce8 - - - - - -] 10.0.0.44 "GET /" status: 200 len: 136 microversion: 1.0
2026-03-02 22:33:43.465 7 INFO placement.requestlog [None req-e3902349-bc69-4128-8b14-5abfce9e4724 - - - - - -] 10.0.0.44 "GET /" status: 200 len: 136 microversion: 1.0
2026-03-02 22:33:43.465 8 INFO placement.requestlog [None req-61d974b9-dd1c-4da8-a3ec-b0ae064b4a90 - - - - - -] 10.0.0.44 "GET /" status: 200 len: 136 microversion: 1.0
2026-03-02 22:33:47.734 7 INFO placement.requestlog [None req-9022db5a-8c8a-42e6-9813-79cd9a497433 6195e1ae26dd4545ad79c346fe9666a7 a6d2f78b96a4433b9cd04218abadbfcd - - default default] 10.0.0.208 "GET /resource_providers" status: 200 len: 406 microversion: 1.0 [pid: 7|app: 0|req: 582/1160] 10.0.0.208 () {28 vars in 593 bytes} [Mon Mar 2 22:33:47 2026] GET /resource_providers => generated 406 bytes in 68 msecs (HTTP/1.1 200) 6 headers in 224 bytes (1 switches on core 0)
2026-03-02 22:33:47.782 8 INFO placement.requestlog [None req-e88cee54-4835-4961-993a-9b71d2b7e90c 6195e1ae26dd4545ad79c346fe9666a7 a6d2f78b96a4433b9cd04218abadbfcd - - default default] 10.0.0.208 "GET /resource_providers/37c1dbeb-ec2e-4a5f-8809-af6e6b082cab/inventories" status: 200 len: 401 microversion: 1.0 [pid: 8|app: 0|req: 579/1161] 10.0.0.208 () {28 vars in 691 bytes} [Mon Mar 2 22:33:47 2026] GET /resource_providers/37c1dbeb-ec2e-4a5f-8809-af6e6b082cab/inventories => generated 401 bytes in 40 msecs (HTTP/1.1 200) 6 headers in 224 bytes (1 switches on core 0)
2026-03-02 22:33:47.804 7 INFO placement.requestlog [None req-efe02afe-3cd7-4806-bdd3-77eb86b46cc2 6195e1ae26dd4545ad79c346fe9666a7 a6d2f78b96a4433b9cd04218abadbfcd - - default default] 10.0.0.208 "GET /resource_providers/37c1dbeb-ec2e-4a5f-8809-af6e6b082cab/usages" status: 200 len: 92 microversion: 1.0 [pid: 7|app: 0|req: 583/1162] 10.0.0.208 () {28 vars in 681 bytes} [Mon Mar 2 22:33:47 2026] GET /resource_providers/37c1dbeb-ec2e-4a5f-8809-af6e6b082cab/usages => generated 92 bytes in 15 msecs (HTTP/1.1 200) 6 headers in 223 bytes (1 switches on core 0)
2026-03-02 22:33:53.464 8 INFO placement.requestlog [None req-5216a7f9-4393-4ecb-973b-cf2e075e528d - - - - - -] 10.0.0.44 "GET /" status: 200 len: 136 microversion: 1.0
2026-03-02 22:33:53.464 7 INFO placement.requestlog [None req-cccfad4b-3fe1-4200-b8b5-52701f4a9a87 - - - - - -] 10.0.0.44 "GET /" status: 200 len: 136 microversion: 1.0
2026-03-02 22:34:03.465 7 INFO placement.requestlog [None req-73b294c4-dbf9-4a84-9b57-ec04d1441f87 - - - - - -] 10.0.0.44 "GET /" status: 200 len: 136 microversion: 1.0
2026-03-02 22:34:03.465 8 INFO placement.requestlog [None req-5b13ed50-d997-4f41-9d33-21e1c8034739 - - - - - -] 10.0.0.44 "GET /" status: 200 len: 136 microversion: 1.0
2026-03-02 22:34:11.909 8 INFO placement.requestlog [req-6e52110b-77b2-49ae-ad76-ae3aaa31d4fe req-6ec64d8c-03b7-4ef3-9ab4-cab62835ae66 79806b350fd3419dbe8c7923abf27cd5 0a749a959f714a51bd52649e2ab05997 - - 6db9dc8d0b9c40f4b7b92e967ac96eb1 6db9dc8d0b9c40f4b7b92e967ac96eb1] 199.19.213.23 "GET /resource_providers/37c1dbeb-ec2e-4a5f-8809-af6e6b082cab/allocations" status: 200 len: 340 microversion: 1.0 [pid: 8|app: 0|req: 582/1167] 199.19.213.23 () {32 vars in 856 bytes} [Mon Mar 2 22:34:11 2026] GET /resource_providers/37c1dbeb-ec2e-4a5f-8809-af6e6b082cab/allocations => generated 340 bytes in 18 msecs (HTTP/1.1 200) 6 headers in 224 bytes (1 switches on core 0)
2026-03-02 22:34:11.945 7 INFO placement.requestlog [req-6e52110b-77b2-49ae-ad76-ae3aaa31d4fe req-1cf8bb16-0d4a-4031-bb96-14c886536881 79806b350fd3419dbe8c7923abf27cd5 0a749a959f714a51bd52649e2ab05997 - - 6db9dc8d0b9c40f4b7b92e967ac96eb1 6db9dc8d0b9c40f4b7b92e967ac96eb1] 199.19.213.23 "GET /resource_providers/37c1dbeb-ec2e-4a5f-8809-af6e6b082cab/allocations" status: 200 len: 340 microversion: 1.0 [pid: 7|app: 0|req: 586/1168] 199.19.213.23 () {32 vars in 856 bytes} [Mon Mar 2 22:34:11 2026] GET /resource_providers/37c1dbeb-ec2e-4a5f-8809-af6e6b082cab/allocations => generated 340 bytes in 25 msecs (HTTP/1.1 200) 6 headers in 224 bytes (1 switches on core 0)
2026-03-02 22:34:11.968 8 INFO placement.requestlog [req-6e52110b-77b2-49ae-ad76-ae3aaa31d4fe req-d156ef31-91aa-442d-94ff-c4a23f46b16f 79806b350fd3419dbe8c7923abf27cd5 0a749a959f714a51bd52649e2ab05997 - - 6db9dc8d0b9c40f4b7b92e967ac96eb1 6db9dc8d0b9c40f4b7b92e967ac96eb1] 199.19.213.23 "GET /allocations/4ebd3d2c-a50f-4faa-a8e3-280363d42446" status: 200 len: 258 microversion: 1.28 [pid: 8|app: 0|req: 583/1169] 199.19.213.23 () {34 vars in 862 bytes} [Mon Mar 2 22:34:11 2026] GET /allocations/4ebd3d2c-a50f-4faa-a8e3-280363d42446 => generated 258 bytes in 14 msecs (HTTP/1.1 200) 8 headers in 296 bytes (1 switches on core 0)
2026-03-02 22:34:11.990 7 INFO placement.requestlog [req-6e52110b-77b2-49ae-ad76-ae3aaa31d4fe req-1d960afa-c9ba-404a-b265-dfbdd98e124d 79806b350fd3419dbe8c7923abf27cd5 0a749a959f714a51bd52649e2ab05997 - - 6db9dc8d0b9c40f4b7b92e967ac96eb1 6db9dc8d0b9c40f4b7b92e967ac96eb1] 199.19.213.23 "GET /allocations/ca506b24-f467-4ce4-92e7-a1272dbd8c02" status: 200 len: 245 microversion: 1.28 [pid: 7|app: 0|req: 587/1170] 199.19.213.23 () {34 vars in 862 bytes} [Mon Mar 2 22:34:11 2026] GET /allocations/ca506b24-f467-4ce4-92e7-a1272dbd8c02 => generated 245 bytes in 14 msecs (HTTP/1.1 200) 8 headers in 296 bytes (1 switches on core 0)
2026-03-02 22:34:12.011 8 INFO placement.requestlog [req-6e52110b-77b2-49ae-ad76-ae3aaa31d4fe req-60dee3a3-9e46-493f-a5f3-6a29936fc021 79806b350fd3419dbe8c7923abf27cd5 0a749a959f714a51bd52649e2ab05997 - - 6db9dc8d0b9c40f4b7b92e967ac96eb1 6db9dc8d0b9c40f4b7b92e967ac96eb1] 199.19.213.23 "GET /allocations/d181c68e-44bd-4f4c-b318-59a500b42f3d" status: 200 len: 258 microversion: 1.28 [pid: 8|app: 0|req: 584/1171] 199.19.213.23 () {34 vars in 862 bytes} [Mon Mar 2 22:34:11 2026] GET /allocations/d181c68e-44bd-4f4c-b318-59a500b42f3d => generated 258 bytes in 15 msecs (HTTP/1.1 200) 8 headers in 296 bytes (1 switches on core 0)
2026-03-02 22:34:13.464 7 INFO placement.requestlog [None req-7daf2ffa-ddb4-4f84-829c-c829a8e352d9 - - - - - -] 10.0.0.44 "GET /" status: 200 len: 136 microversion: 1.0
2026-03-02 22:34:13.464 8 INFO placement.requestlog [None req-a2f9050c-59cc-4097-a312-adc46eee6b1c - - - - - -] 10.0.0.44 "GET /" status: 200 len: 136 microversion: 1.0
2026-03-02 22:34:23.464 7 INFO placement.requestlog [None req-b87b61be-183a-4187-98a7-8ab945a0aa5b - - - - - -] 10.0.0.44 "GET /" status: 200 len: 136 microversion: 1.0
2026-03-02 22:34:23.464 8 INFO placement.requestlog [None req-5555c149-e4f5-4c14-93bb-c4d1eb047459 - - - - - -] 10.0.0.44 "GET /" status: 200 len: 136 microversion: 1.0
2026-03-02 22:34:33.464 7 INFO placement.requestlog [None req-b9942e0a-e02e-4237-9936-29c4a0365b58 - - - - - -] 10.0.0.44 "GET /" status: 200 len: 136 microversion: 1.0
2026-03-02 22:34:33.465 8 INFO placement.requestlog [None req-dd50b600-a58d-4c8c-b3d3-4954b2ee9c3c - - - - - -] 10.0.0.44 "GET /" status: 200 len: 136 microversion: 1.0
2026-03-02 22:34:43.464 7 INFO placement.requestlog [None req-f9302834-4182-48e6-995a-a4cd43977cd9 - - - - - -] 10.0.0.44 "GET /" status: 200 len: 136 microversion: 1.0
2026-03-02 22:34:43.464 8 INFO placement.requestlog [None req-6dba786f-d253-42db-aa16-8c153a6848ea - - - - - -] 10.0.0.44 "GET /" status: 200 len: 136 microversion: 1.0
2026-03-02 22:34:47.732 7 INFO placement.requestlog [None req-142d8905-76bd-41d0-9818-3c76f9f18a62 6195e1ae26dd4545ad79c346fe9666a7 a6d2f78b96a4433b9cd04218abadbfcd - - default default] 10.0.0.208 "GET /resource_providers" status: 200 len: 406 microversion: 1.0 [pid: 7|app: 0|req: 592/1180] 10.0.0.208 () {28 vars in 593 bytes} [Mon Mar 2 22:34:47 2026] GET /resource_providers => generated 406 bytes in 55 msecs (HTTP/1.1 200) 6 headers in 224 bytes (1 switches on core 0)
2026-03-02 22:34:47.778 8 INFO placement.requestlog [None req-e47d132b-58ac-44a4-9d89-cf21a0ee2e03 6195e1ae26dd4545ad79c346fe9666a7 a6d2f78b96a4433b9cd04218abadbfcd - - default default] 10.0.0.208 "GET /resource_providers/37c1dbeb-ec2e-4a5f-8809-af6e6b082cab/inventories" status: 200 len: 401 microversion: 1.0 [pid: 8|app: 0|req: 589/1181] 10.0.0.208 () {28 vars in 691 bytes} [Mon Mar 2 22:34:47 2026] GET /resource_providers/37c1dbeb-ec2e-4a5f-8809-af6e6b082cab/inventories => generated 401 bytes in 32 msecs (HTTP/1.1 200) 6 headers in 224 bytes (1 switches on core 0)
2026-03-02 22:34:47.809 7 INFO placement.requestlog [None req-9c9f0e55-a137-422c-b5d5-5b822b4af4f8 6195e1ae26dd4545ad79c346fe9666a7 a6d2f78b96a4433b9cd04218abadbfcd - - default default] 10.0.0.208 "GET /resource_providers/37c1dbeb-ec2e-4a5f-8809-af6e6b082cab/usages" status: 200 len: 92 microversion: 1.0 [pid: 7|app: 0|req: 593/1182] 10.0.0.208 () {28 vars in 681 bytes} [Mon Mar 2 22:34:47 2026] GET /resource_providers/37c1dbeb-ec2e-4a5f-8809-af6e6b082cab/usages => generated 92 bytes in 21 msecs (HTTP/1.1 200) 6 headers in 223 bytes (1 switches on core 0)
2026-03-02 22:34:53.464 8 INFO placement.requestlog [None req-960977fa-d896-4a64-b2d2-20a22ca60fd0 - - - - - -] 10.0.0.44 "GET /" status: 200 len: 136 microversion: 1.0
2026-03-02 22:34:53.467 7 INFO placement.requestlog [None req-098b6d6b-3f0e-44d2-9d0e-09b82cc6ee52 - - - - - -] 10.0.0.44 "GET /" status: 200 len: 136 microversion: 1.0
2026-03-02 22:35:03.465 7 INFO placement.requestlog [None req-0bed7385-9b60-4ade-9cbc-141bddac2539 - - - - - -] 10.0.0.44 "GET /" status: 200 len: 136 microversion: 1.0
2026-03-02 22:35:03.465 8 INFO placement.requestlog [None req-21fc1758-b199-46d5-9e46-868c6b9661d9 - - - - - -] 10.0.0.44 "GET /" status: 200 len: 136 microversion: 1.0
2026-03-02 22:35:12.912 7 INFO placement.requestlog [req-5e1bd836-4005-44d0-9f6b-4ef68537b9d2 req-279f4e2a-7a4f-4b44-a97e-590736871007 79806b350fd3419dbe8c7923abf27cd5 0a749a959f714a51bd52649e2ab05997 - - 6db9dc8d0b9c40f4b7b92e967ac96eb1 6db9dc8d0b9c40f4b7b92e967ac96eb1] 199.19.213.23 "GET /resource_providers/37c1dbeb-ec2e-4a5f-8809-af6e6b082cab/allocations" status: 200 len: 340 microversion: 1.0 [pid: 7|app: 0|req: 596/1187] 199.19.213.23 () {32 vars in 856 bytes} [Mon Mar 2 22:35:12 2026] GET /resource_providers/37c1dbeb-ec2e-4a5f-8809-af6e6b082cab/allocations => generated 340 bytes in 18 msecs (HTTP/1.1 200) 6 headers in 224 bytes (1 switches on core 0)
2026-03-02 22:35:12.939 8 INFO placement.requestlog [req-5e1bd836-4005-44d0-9f6b-4ef68537b9d2 req-c8046e4d-327f-47e2-b3d4-f2e8353877b3 79806b350fd3419dbe8c7923abf27cd5 0a749a959f714a51bd52649e2ab05997 - - 6db9dc8d0b9c40f4b7b92e967ac96eb1 6db9dc8d0b9c40f4b7b92e967ac96eb1] 199.19.213.23 "GET /resource_providers/37c1dbeb-ec2e-4a5f-8809-af6e6b082cab/allocations" status: 200 len: 340 microversion: 1.0 [pid: 8|app: 0|req: 592/1188] 199.19.213.23 () {32 vars in 856 bytes} [Mon Mar 2 22:35:12 2026] GET /resource_providers/37c1dbeb-ec2e-4a5f-8809-af6e6b082cab/allocations => generated 340 bytes in 18 msecs (HTTP/1.1 200) 6 headers in 224 bytes (1 switches on core 0)
2026-03-02 22:35:12.963 7 INFO placement.requestlog [req-5e1bd836-4005-44d0-9f6b-4ef68537b9d2 req-b9813b94-825c-4f01-a69a-3048d77e132d 79806b350fd3419dbe8c7923abf27cd5 0a749a959f714a51bd52649e2ab05997 - - 6db9dc8d0b9c40f4b7b92e967ac96eb1 6db9dc8d0b9c40f4b7b92e967ac96eb1] 199.19.213.23 "GET /allocations/4ebd3d2c-a50f-4faa-a8e3-280363d42446" status: 200 len: 258 microversion: 1.28 [pid: 7|app: 0|req: 597/1189] 199.19.213.23 () {34 vars in 862 bytes} [Mon Mar 2 22:35:12 2026] GET /allocations/4ebd3d2c-a50f-4faa-a8e3-280363d42446 => generated 258 bytes in 17 msecs (HTTP/1.1 200) 8 headers in 296 bytes (1 switches on core 0)
2026-03-02 22:35:12.988 8 INFO placement.requestlog [req-5e1bd836-4005-44d0-9f6b-4ef68537b9d2 req-5f5ae33f-6ebc-44b3-ae58-3e081f6f0adc 79806b350fd3419dbe8c7923abf27cd5 0a749a959f714a51bd52649e2ab05997 - - 6db9dc8d0b9c40f4b7b92e967ac96eb1 6db9dc8d0b9c40f4b7b92e967ac96eb1] 199.19.213.23 "GET /allocations/ca506b24-f467-4ce4-92e7-a1272dbd8c02" status: 200 len: 245 microversion: 1.28 [pid: 8|app: 0|req: 593/1190] 199.19.213.23 () {34 vars in 862 bytes} [Mon Mar 2 22:35:12 2026] GET /allocations/ca506b24-f467-4ce4-92e7-a1272dbd8c02 => generated 245 bytes in 14 msecs (HTTP/1.1 200) 8 headers in 296 bytes (1 switches on core 0)
2026-03-02 22:35:13.007 7 INFO placement.requestlog [req-5e1bd836-4005-44d0-9f6b-4ef68537b9d2 req-7b700fc3-66fe-4e01-a19b-f9dee98cb895 79806b350fd3419dbe8c7923abf27cd5 0a749a959f714a51bd52649e2ab05997 - - 6db9dc8d0b9c40f4b7b92e967ac96eb1 6db9dc8d0b9c40f4b7b92e967ac96eb1] 199.19.213.23 "GET /allocations/d181c68e-44bd-4f4c-b318-59a500b42f3d" status: 200 len: 258 microversion: 1.28 [pid: 7|app: 0|req: 598/1191] 199.19.213.23 () {34 vars in 862 bytes} [Mon Mar 2 22:35:12 2026] GET /allocations/d181c68e-44bd-4f4c-b318-59a500b42f3d => generated 258 bytes in 13 msecs (HTTP/1.1 200) 8 headers in 296 bytes (1 switches on core 0)
2026-03-02 22:35:13.464 8 INFO placement.requestlog [None req-78b2be9a-8d1c-4cd6-86d8-df0793ee2ef2 - - - - - -] 10.0.0.44 "GET /" status: 200 len: 136 microversion: 1.0
2026-03-02 22:35:13.465 7 INFO placement.requestlog [None req-c029723c-7b55-49fe-acbf-828e03bc9de2 - - - - - -] 10.0.0.44 "GET /" status: 200 len: 136 microversion: 1.0
2026-03-02 22:35:23.464 7 INFO placement.requestlog [None req-5dae206b-6944-4c44-8fb9-12f7baebd6e7 - - - - - -] 10.0.0.44 "GET /" status: 200 len: 136 microversion: 1.0
2026-03-02 22:35:23.464 8 INFO placement.requestlog [None req-f3b92f39-aa6a-4bfc-aeb8-df9b28cf67ef - - - - - -] 10.0.0.44 "GET /" status: 200 len: 136 microversion: 1.0
2026-03-02 22:35:25.581 7 INFO placement.requestlog [req-ba4c7506-23e8-43ea-859c-3962553e4ab5 req-2674129d-ec63-444b-98fb-119dec956e51 79806b350fd3419dbe8c7923abf27cd5 0a749a959f714a51bd52649e2ab05997 - - 6db9dc8d0b9c40f4b7b92e967ac96eb1 6db9dc8d0b9c40f4b7b92e967ac96eb1] 199.19.213.23 "GET /resource_providers/37c1dbeb-ec2e-4a5f-8809-af6e6b082cab/allocations" status: 200 len: 340 microversion: 1.0 [pid: 7|app: 0|req: 601/1196] 199.19.213.23 () {32 vars in 856 bytes} [Mon Mar 2 22:35:25 2026] GET /resource_providers/37c1dbeb-ec2e-4a5f-8809-af6e6b082cab/allocations => generated 340 bytes in 31 msecs (HTTP/1.1 200) 6 headers in 224 bytes (1 switches on core 0)
2026-03-02 22:35:25.602 8 INFO placement.requestlog [req-ba4c7506-23e8-43ea-859c-3962553e4ab5 req-58e2c4ae-cc18-415b-b212-0bb99a3634e1 79806b350fd3419dbe8c7923abf27cd5 0a749a959f714a51bd52649e2ab05997 - - 6db9dc8d0b9c40f4b7b92e967ac96eb1 6db9dc8d0b9c40f4b7b92e967ac96eb1] 199.19.213.23 "GET /allocations/4ebd3d2c-a50f-4faa-a8e3-280363d42446" status: 200 len: 258 microversion: 1.28 [pid: 8|app: 0|req: 596/1197] 199.19.213.23 () {34 vars in 862 bytes} [Mon Mar 2 22:35:25 2026] GET /allocations/4ebd3d2c-a50f-4faa-a8e3-280363d42446 => generated 258 bytes in 16 msecs (HTTP/1.1 200) 8 headers in 296 bytes (1 switches on core 0)
2026-03-02 22:35:25.629 7 INFO placement.requestlog [req-ba4c7506-23e8-43ea-859c-3962553e4ab5 req-0e765fef-0bfb-47ce-9e4e-d5f64e7e0dbe 79806b350fd3419dbe8c7923abf27cd5 0a749a959f714a51bd52649e2ab05997 - - 6db9dc8d0b9c40f4b7b92e967ac96eb1 6db9dc8d0b9c40f4b7b92e967ac96eb1] 199.19.213.23 "GET /allocations/ca506b24-f467-4ce4-92e7-a1272dbd8c02" status: 200 len: 245 microversion: 1.28 [pid: 7|app: 0|req: 602/1198] 199.19.213.23 () {34 vars in 862 bytes} [Mon Mar 2 22:35:25 2026] GET /allocations/ca506b24-f467-4ce4-92e7-a1272dbd8c02 => generated 245 bytes in 18 msecs (HTTP/1.1 200) 8 headers in 296 bytes (1 switches on core 0)
2026-03-02 22:35:25.657 8 INFO placement.requestlog [req-ba4c7506-23e8-43ea-859c-3962553e4ab5 req-86cf93d1-cdfb-42ec-8f55-ba6c74facc6b 79806b350fd3419dbe8c7923abf27cd5 0a749a959f714a51bd52649e2ab05997 - - 6db9dc8d0b9c40f4b7b92e967ac96eb1 6db9dc8d0b9c40f4b7b92e967ac96eb1] 199.19.213.23 "GET /allocations/d181c68e-44bd-4f4c-b318-59a500b42f3d" status: 200 len: 258 microversion: 1.28 [pid: 8|app: 0|req: 597/1199] 199.19.213.23 () {34 vars in 862 bytes} [Mon Mar 2 22:35:25 2026] GET /allocations/d181c68e-44bd-4f4c-b318-59a500b42f3d => generated 258 bytes in 15 msecs (HTTP/1.1 200) 8 headers in 296 bytes (1 switches on core 0)
2026-03-02 22:35:25.747 7 INFO placement.requestlog [req-ba4c7506-23e8-43ea-859c-3962553e4ab5 req-55f88aef-965c-42ab-b0a1-1aed4fb4283a 79806b350fd3419dbe8c7923abf27cd5 0a749a959f714a51bd52649e2ab05997 - - 6db9dc8d0b9c40f4b7b92e967ac96eb1 6db9dc8d0b9c40f4b7b92e967ac96eb1] 199.19.213.23 "DELETE /allocations/ca506b24-f467-4ce4-92e7-a1272dbd8c02" status: 204 len: 0 microversion: 1.0 [pid: 7|app: 0|req: 603/1200] 199.19.213.23 () {34 vars in 840 bytes} [Mon Mar 2 22:35:25 2026] DELETE /allocations/ca506b24-f467-4ce4-92e7-a1272dbd8c02 => generated 0 bytes in 30 msecs (HTTP/1.1 204) 5 headers in 198 bytes (1 switches on core 0)
2026-03-02 22:35:26.566 8 INFO placement.requestlog [req-134b9dcc-9dad-4456-a038-df2d0b7487a0 req-57dd478e-ecef-41da-8dc3-878f8ceda627 79806b350fd3419dbe8c7923abf27cd5 0a749a959f714a51bd52649e2ab05997 - - 6db9dc8d0b9c40f4b7b92e967ac96eb1 6db9dc8d0b9c40f4b7b92e967ac96eb1] 199.19.213.23 "GET /resource_providers/37c1dbeb-ec2e-4a5f-8809-af6e6b082cab/allocations" status: 200 len: 253 microversion: 1.0 [pid: 8|app: 0|req: 598/1201] 199.19.213.23 () {32 vars in 856 bytes} [Mon Mar 2 22:35:26 2026] GET /resource_providers/37c1dbeb-ec2e-4a5f-8809-af6e6b082cab/allocations => generated 253 bytes in 20 msecs (HTTP/1.1 200) 6 headers in 224 bytes (1 switches on core 0)
2026-03-02 22:35:26.583 7 INFO placement.requestlog [req-134b9dcc-9dad-4456-a038-df2d0b7487a0 req-cf39ea99-0f89-498e-b808-bd9875e7a357 79806b350fd3419dbe8c7923abf27cd5 0a749a959f714a51bd52649e2ab05997 - - 6db9dc8d0b9c40f4b7b92e967ac96eb1 6db9dc8d0b9c40f4b7b92e967ac96eb1] 199.19.213.23 "GET /allocations/4ebd3d2c-a50f-4faa-a8e3-280363d42446" status: 200 len: 258 microversion: 1.28 [pid: 7|app: 0|req: 604/1202] 199.19.213.23 () {34 vars in 862 bytes} [Mon Mar 2 22:35:26 2026] GET /allocations/4ebd3d2c-a50f-4faa-a8e3-280363d42446 => generated 258 bytes in 12 msecs (HTTP/1.1 200) 8 headers in 296 bytes (1 switches on core 0)
2026-03-02 22:35:26.601 8 INFO placement.requestlog [req-134b9dcc-9dad-4456-a038-df2d0b7487a0 req-2b228594-5c45-4583-8cdf-0d35e1a34a44 79806b350fd3419dbe8c7923abf27cd5 0a749a959f714a51bd52649e2ab05997 - - 6db9dc8d0b9c40f4b7b92e967ac96eb1 6db9dc8d0b9c40f4b7b92e967ac96eb1] 199.19.213.23 "GET /allocations/d181c68e-44bd-4f4c-b318-59a500b42f3d" status: 200 len: 258 microversion: 1.28 [pid: 8|app: 0|req: 599/1203] 199.19.213.23 () {34 vars in 862 bytes} [Mon Mar 2 22:35:26 2026] GET /allocations/d181c68e-44bd-4f4c-b318-59a500b42f3d => generated 258 bytes in 13 msecs (HTTP/1.1 200) 8 headers in 296 bytes (1 switches on core 0)
2026-03-02 22:35:26.679 7 INFO placement.requestlog [req-134b9dcc-9dad-4456-a038-df2d0b7487a0 req-3844c27d-beed-44e9-a9d8-6fc36655522f 79806b350fd3419dbe8c7923abf27cd5 0a749a959f714a51bd52649e2ab05997 - - 6db9dc8d0b9c40f4b7b92e967ac96eb1 6db9dc8d0b9c40f4b7b92e967ac96eb1] 199.19.213.23 "DELETE /allocations/4ebd3d2c-a50f-4faa-a8e3-280363d42446" status: 204 len: 0 microversion: 1.0 [pid: 7|app: 0|req: 605/1204] 199.19.213.23 () {34 vars in 840 bytes} [Mon Mar 2 22:35:26 2026] DELETE /allocations/4ebd3d2c-a50f-4faa-a8e3-280363d42446 => generated 0 bytes in 30 msecs (HTTP/1.1 204) 5 headers in 198 bytes (1 switches on core 0)
2026-03-02 22:35:32.521 8 INFO placement.requestlog [req-f4756bd7-fd59-4586-b1c3-7accda8fa120 req-488a23c7-42ea-439b-9cfd-a503726a3c0c 79806b350fd3419dbe8c7923abf27cd5 0a749a959f714a51bd52649e2ab05997 - - 6db9dc8d0b9c40f4b7b92e967ac96eb1 6db9dc8d0b9c40f4b7b92e967ac96eb1] 199.19.213.23 "GET /resource_providers/37c1dbeb-ec2e-4a5f-8809-af6e6b082cab/allocations" status: 200 len: 153 microversion: 1.0 [pid: 8|app: 0|req: 600/1205] 199.19.213.23 () {32 vars in 856 bytes} [Mon Mar 2 22:35:32 2026] GET /resource_providers/37c1dbeb-ec2e-4a5f-8809-af6e6b082cab/allocations => generated 153 bytes in 15 msecs (HTTP/1.1 200) 6 headers in 224 bytes (1 switches on core 0)
2026-03-02 22:35:32.544 7 INFO placement.requestlog [req-f4756bd7-fd59-4586-b1c3-7accda8fa120 req-668d626c-3b89-45e4-ad8f-46479d0a36bc 79806b350fd3419dbe8c7923abf27cd5 0a749a959f714a51bd52649e2ab05997 - - 6db9dc8d0b9c40f4b7b92e967ac96eb1 6db9dc8d0b9c40f4b7b92e967ac96eb1] 199.19.213.23 "GET /allocations/d181c68e-44bd-4f4c-b318-59a500b42f3d" status: 200 len: 258 microversion: 1.28 [pid: 7|app: 0|req: 606/1206] 199.19.213.23 () {34 vars in 862 bytes} [Mon Mar 2 22:35:32 2026] GET /allocations/d181c68e-44bd-4f4c-b318-59a500b42f3d => generated 258 bytes in 15 msecs (HTTP/1.1 200) 8 headers in 296 bytes (1 switches on core 0)
