2026-03-02 22:27:30.204 10 INFO neutron.wsgi [None req-83b4a01e-e520-46bd-91c9-8fdf19f5a879 6195e1ae26dd4545ad79c346fe9666a7 a6d2f78b96a4433b9cd04218abadbfcd - - default default] 10.0.0.47 "POST /v2.0/networks HTTP/1.1" status: 201 len: 950 time: 0.9699183
2026-03-02 22:27:30.312 10 INFO neutron.wsgi [req-770e28f3-f9ba-4b4a-81b7-dd9cc180ccf4 req-018a5af1-96d5-4ee5-864b-970206d4ea65 ecd3e27ab3c5400480ca947c4619f703 a5007fb76874411d9447a146fa1d7a6c - - default default] 10.0.0.169 "GET /v2.0/ports?device_id=9c5a81d6-ed23-433f-a4ca-69d883330b7f HTTP/1.1" status: 200 len: 1170 time: 0.1065712
2026-03-02 22:27:30.411 10 WARNING neutron.scheduler.dhcp_agent_scheduler [None req-36d970c8-32d7-4d8e-a6cd-85880ec7a150 6195e1ae26dd4545ad79c346fe9666a7 a6d2f78b96a4433b9cd04218abadbfcd - - default default] No more DHCP agents
2026-03-02 22:27:30.412 10 WARNING neutron.api.rpc.agentnotifiers.dhcp_rpc_agent_api [None req-36d970c8-32d7-4d8e-a6cd-85880ec7a150 6195e1ae26dd4545ad79c346fe9666a7 a6d2f78b96a4433b9cd04218abadbfcd - - default default] Unable to schedule network 25177ba3-4e22-4fc0-96e3-f7da951f9a93: no agents available; will retry on subsequent port and subnet creation events.
2026-03-02 22:27:30.904 10 INFO neutron.db.ovn_revision_numbers_db [None req-36d970c8-32d7-4d8e-a6cd-85880ec7a150 6195e1ae26dd4545ad79c346fe9666a7 a6d2f78b96a4433b9cd04218abadbfcd - - default default] Successfully bumped revision number for resource d5997cef-f26b-434b-bb78-2e36cee88a01 (type: ports) to 2
2026-03-02 22:27:30.913 9 WARNING neutron.plugins.ml2.drivers.ovn.mech_driver.ovsdb.ovn_client [None req-1bacd6f4-064d-49e4-9198-f6b55c310d6c - - - - - -] No hosting information found for port 7c0d9d67-8217-4944-b408-72e35fea671f: RuntimeError: No hosting information found for port 7c0d9d67-8217-4944-b408-72e35fea671f
2026-03-02 22:27:30.935 10 INFO neutron.db.ovn_revision_numbers_db [None req-36d970c8-32d7-4d8e-a6cd-85880ec7a150 6195e1ae26dd4545ad79c346fe9666a7 a6d2f78b96a4433b9cd04218abadbfcd - - default default] Successfully bumped revision number for resource ecf8a5af-6d00-467b-852f-f6c2a05c6c3e (type: subnets) to 0
2026-03-02 22:27:30.950 10 INFO neutron.wsgi [None req-36d970c8-32d7-4d8e-a6cd-85880ec7a150 6195e1ae26dd4545ad79c346fe9666a7 a6d2f78b96a4433b9cd04218abadbfcd - - default default] 10.0.0.47 "POST /v2.0/subnets HTTP/1.1" status: 201 len: 870 time: 0.7375584
2026-03-02 22:27:30.971 9 INFO neutron.db.ovn_revision_numbers_db [None req-4fcac3ee-c5c8-4f1c-be1d-3399a27055c4 abfe2009d2b2409fb89cb0cd959cfd2f 4fbf767ee413413d949723f6856cb1fc - - default default] Successfully bumped revision number for resource ba9da4dc-06bf-411e-9102-164bfcd97dbd (type: floatingips) to 1
2026-03-02 22:27:31.199 9 INFO neutron.db.ovn_revision_numbers_db [None req-4fcac3ee-c5c8-4f1c-be1d-3399a27055c4 abfe2009d2b2409fb89cb0cd959cfd2f 4fbf767ee413413d949723f6856cb1fc - - default default] Successfully bumped revision number for resource ba9da4dc-06bf-411e-9102-164bfcd97dbd (type: floatingips) to 2
2026-03-02 22:27:31.199 9 INFO neutron.db.l3_db [None req-4fcac3ee-c5c8-4f1c-be1d-3399a27055c4 abfe2009d2b2409fb89cb0cd959cfd2f 4fbf767ee413413d949723f6856cb1fc - - default default] Floating IP ba9da4dc-06bf-411e-9102-164bfcd97dbd associated. External IP: 10.96.250.217, port: e693b75c-cc45-45bb-b3f9-5e2c92e6eefb.
2026-03-02 22:27:31.231 9 INFO neutron.wsgi [None req-4fcac3ee-c5c8-4f1c-be1d-3399a27055c4 abfe2009d2b2409fb89cb0cd959cfd2f 4fbf767ee413413d949723f6856cb1fc - - default default] 10.0.0.47 "PUT /v2.0/floatingips/ba9da4dc-06bf-411e-9102-164bfcd97dbd HTTP/1.1" status: 200 len: 1050 time: 1.3455915
2026-03-02 22:27:31.236 9 INFO neutron.db.ovn_revision_numbers_db [None req-4f179c67-2da9-4016-8193-4d06bca87a6a ecd3e27ab3c5400480ca947c4619f703 a5007fb76874411d9447a146fa1d7a6c - - default default] Successfully bumped revision number for resource 2bd6567e-77dc-4f87-9eed-074bb650c61d (type: floatingips) to 1 /var/lib/openstack/lib/python3.10/site-packages/pycadf/identifier.py:71: UserWarning: Invalid uuid: neutron. To ensure interoperability, identifiers should be a valid uuid. warnings.warn(('Invalid uuid: %s. To ensure interoperability, '
2026-03-02 22:27:31.338 10 INFO neutron.wsgi [req-9a546785-7869-4b36-a52f-a768b9f8c5f5 req-fe25173f-7bfe-44bf-b26c-af479dd04700 abfe2009d2b2409fb89cb0cd959cfd2f 4fbf767ee413413d949723f6856cb1fc - - default default] 10.0.0.169 "GET /v2.0/ports?device_id=9cd6edba-7853-4090-8ab4-b3cebb8e98f5 HTTP/1.1" status: 200 len: 1174 time: 0.0660958
2026-03-02 22:27:31.356 10 INFO neutron.wsgi [req-c6b71efc-f928-434b-b5c5-79fa2aec355f req-903d0fdb-a483-4a31-8b97-ce09e2df22af b7dc578550d64fb3bc4bc791034c51e6 0a749a959f714a51bd52649e2ab05997 - - 6db9dc8d0b9c40f4b7b92e967ac96eb1 6db9dc8d0b9c40f4b7b92e967ac96eb1] 199.19.213.23 "GET /v2.0/ports?tenant_id=4fbf767ee413413d949723f6856cb1fc&device_id=9cd6edba-7853-4090-8ab4-b3cebb8e98f5 HTTP/1.1" status: 200 len: 1413 time: 0.0599530
2026-03-02 22:27:31.421 9 INFO neutron.notifiers.nova [-] Nova event matching ['req-e7b38186-cd31-401f-a086-2086868e911d'] response: {'name': 'network-changed', 'server_uuid': '9cd6edba-7853-4090-8ab4-b3cebb8e98f5', 'tag': 'e693b75c-cc45-45bb-b3f9-5e2c92e6eefb', 'status': 'completed', 'code': 200}
2026-03-02 22:27:31.441 10 INFO neutron.wsgi [req-9a546785-7869-4b36-a52f-a768b9f8c5f5 req-6b63691a-0407-426b-8231-20af8e17ed0a abfe2009d2b2409fb89cb0cd959cfd2f 4fbf767ee413413d949723f6856cb1fc - - default default] 10.0.0.169 "GET /v2.0/security-groups?id=a89d711e-37d0-42e6-b818-7e11f3e11e0b&fields=id&fields=name HTTP/1.1" status: 200 len: 313 time: 0.0899222
2026-03-02 22:27:31.462 10 INFO neutron.wsgi [req-c6b71efc-f928-434b-b5c5-79fa2aec355f req-8fbdb8ea-fd40-401a-8e5d-4d32b9fdaca3 b7dc578550d64fb3bc4bc791034c51e6 0a749a959f714a51bd52649e2ab05997 - - 6db9dc8d0b9c40f4b7b92e967ac96eb1 6db9dc8d0b9c40f4b7b92e967ac96eb1] 199.19.213.23 "GET /v2.0/networks?id=3b141ff5-da79-48be-8c08-f2fa33b73fea HTTP/1.1" status: 200 len: 981 time: 0.0983849
2026-03-02 22:27:31.607 9 INFO neutron.db.ovn_revision_numbers_db [None req-4f179c67-2da9-4016-8193-4d06bca87a6a ecd3e27ab3c5400480ca947c4619f703 a5007fb76874411d9447a146fa1d7a6c - - default default] Successfully bumped revision number for resource 2bd6567e-77dc-4f87-9eed-074bb650c61d (type: floatingips) to 2
2026-03-02 22:27:31.608 9 INFO neutron.db.l3_db [None req-4f179c67-2da9-4016-8193-4d06bca87a6a ecd3e27ab3c5400480ca947c4619f703 a5007fb76874411d9447a146fa1d7a6c - - default default] Floating IP 2bd6567e-77dc-4f87-9eed-074bb650c61d associated. External IP: 10.96.250.202, port: 8a6d2fda-cd4d-4c86-99ea-5ea0c5a91d76.
2026-03-02 22:27:31.639 9 INFO neutron.wsgi [None req-4f179c67-2da9-4016-8193-4d06bca87a6a ecd3e27ab3c5400480ca947c4619f703 a5007fb76874411d9447a146fa1d7a6c - - default default] 10.0.0.47 "PUT /v2.0/floatingips/2bd6567e-77dc-4f87-9eed-074bb650c61d HTTP/1.1" status: 200 len: 1049 time: 1.3108885
2026-03-02 22:27:31.763 10 INFO neutron.wsgi [req-c6b71efc-f928-434b-b5c5-79fa2aec355f req-9f202e8a-d29b-4def-a8fe-c7c2f15e01e1 b7dc578550d64fb3bc4bc791034c51e6 0a749a959f714a51bd52649e2ab05997 - - 6db9dc8d0b9c40f4b7b92e967ac96eb1 6db9dc8d0b9c40f4b7b92e967ac96eb1] 199.19.213.23 "GET /v2.0/floatingips?fixed_ip_address=10.100.0.14&port_id=e693b75c-cc45-45bb-b3f9-5e2c92e6eefb HTTP/1.1" status: 200 len: 1060 time: 0.2959709
2026-03-02 22:27:31.819 10 INFO neutron.wsgi [req-8b97ef06-0c53-49c8-8221-b28bcb7cb2d2 req-39527d14-8057-44e2-88f7-d8e6d9c49ec9 ecd3e27ab3c5400480ca947c4619f703 a5007fb76874411d9447a146fa1d7a6c - - default default] 10.0.0.169 "GET /v2.0/ports?device_id=9c5a81d6-ed23-433f-a4ca-69d883330b7f HTTP/1.1" status: 200 len: 1170 time: 0.0680323
2026-03-02 22:27:31.846 10 INFO neutron.wsgi [req-c6b71efc-f928-434b-b5c5-79fa2aec355f req-5cafcb6e-2558-4e5b-94e6-332dc4a1cccc b7dc578550d64fb3bc4bc791034c51e6 0a749a959f714a51bd52649e2ab05997 - - 6db9dc8d0b9c40f4b7b92e967ac96eb1 6db9dc8d0b9c40f4b7b92e967ac96eb1] 199.19.213.23 "GET /v2.0/subnets?id=51c9303a-3d7a-4c45-9b33-f4926be84953 HTTP/1.1" status: 200 len: 876 time: 0.0693541
2026-03-02 22:27:31.869 9 INFO neutron.wsgi [-] 10.0.0.44 "GET / HTTP/1.1" status: 200 len: 247 time: 0.0022235
2026-03-02 22:27:31.871 9 INFO neutron.wsgi [-] 10.0.0.44 "GET / HTTP/1.1" status: 200 len: 247 time: 0.0015187
2026-03-02 22:27:31.887 10 INFO neutron.wsgi [req-c6b71efc-f928-434b-b5c5-79fa2aec355f req-eca2e822-1d71-4515-a88d-a8046f22b1f2 b7dc578550d64fb3bc4bc791034c51e6 0a749a959f714a51bd52649e2ab05997 - - 6db9dc8d0b9c40f4b7b92e967ac96eb1 6db9dc8d0b9c40f4b7b92e967ac96eb1] 199.19.213.23 "GET /v2.0/ports?network_id=3b141ff5-da79-48be-8c08-f2fa33b73fea&device_owner=network%3Adhcp HTTP/1.1" status: 200 len: 210 time: 0.0325079
2026-03-02 22:27:31.940 10 INFO neutron.wsgi [req-8b97ef06-0c53-49c8-8221-b28bcb7cb2d2 req-de856943-ee22-4d7d-8e9b-646176a04361 ecd3e27ab3c5400480ca947c4619f703 a5007fb76874411d9447a146fa1d7a6c - - default default] 10.0.0.169 "GET /v2.0/security-groups?id=68cdfde1-fe1e-4a59-9c7b-2fdd0fabfd0f&fields=id&fields=name HTTP/1.1" status: 200 len: 313 time: 0.1102612
2026-03-02 22:27:31.988 10 WARNING neutron.scheduler.dhcp_agent_scheduler [None req-10350d14-8463-4e69-ad67-8d8df36ff263 6195e1ae26dd4545ad79c346fe9666a7 a6d2f78b96a4433b9cd04218abadbfcd - - default default] No more DHCP agents
2026-03-02 22:27:31.994 10 WARNING neutron.api.rpc.agentnotifiers.dhcp_rpc_agent_api [None req-10350d14-8463-4e69-ad67-8d8df36ff263 6195e1ae26dd4545ad79c346fe9666a7 a6d2f78b96a4433b9cd04218abadbfcd - - default default] Unable to schedule network 18fd1d39-8d58-4e81-ba70-1091a48a5800: no agents available; will retry on subsequent port and subnet creation events.
2026-03-02 22:27:32.004 10 INFO neutron.wsgi [req-c6b71efc-f928-434b-b5c5-79fa2aec355f req-d2dceba9-3830-48ec-b2be-e523fdfb8e26 b7dc578550d64fb3bc4bc791034c51e6 0a749a959f714a51bd52649e2ab05997 - - 6db9dc8d0b9c40f4b7b92e967ac96eb1 6db9dc8d0b9c40f4b7b92e967ac96eb1] 199.19.213.23 "GET /v2.0/networks/3b141ff5-da79-48be-8c08-f2fa33b73fea?fields=segments HTTP/1.1" status: 200 len: 212 time: 0.0982044
2026-03-02 22:27:32.081 10 INFO neutron.wsgi [req-c6b71efc-f928-434b-b5c5-79fa2aec355f req-65589c72-fbb8-4366-8cb6-0d52ad958f55 b7dc578550d64fb3bc4bc791034c51e6 0a749a959f714a51bd52649e2ab05997 - - 6db9dc8d0b9c40f4b7b92e967ac96eb1 6db9dc8d0b9c40f4b7b92e967ac96eb1] 199.19.213.23 "GET /v2.0/networks/3b141ff5-da79-48be-8c08-f2fa33b73fea?fields=provider%3Aphysical_network&fields=provider%3Anetwork_type HTTP/1.1" status: 200 len: 277 time: 0.0700336
2026-03-02 22:27:32.185 10 INFO neutron.db.ovn_revision_numbers_db [None req-10350d14-8463-4e69-ad67-8d8df36ff263 6195e1ae26dd4545ad79c346fe9666a7 a6d2f78b96a4433b9cd04218abadbfcd - - default default] Successfully bumped revision number for resource 96f2c4cb-6ae8-47fc-aeae-a927bf5c2aee (type: ports) to 1
2026-03-02 22:27:32.395 10 INFO neutron.plugins.ml2.drivers.ovn.mech_driver.mech_driver [None req-ab6bebf8-81d7-4154-9122-b25a1953607a - - - - - -] OVN reports status down for port: 8a6d2fda-cd4d-4c86-99ea-5ea0c5a91d76
2026-03-02 22:27:32.441 10 INFO neutron.wsgi [req-a3947ad2-a81f-4bb2-8499-abacab5a2b19 req-031dc729-b28b-40b8-9833-13a055712e3d ecd3e27ab3c5400480ca947c4619f703 a5007fb76874411d9447a146fa1d7a6c - - default default] 10.0.0.169 "GET /v2.0/ports?device_id=9c5a81d6-ed23-433f-a4ca-69d883330b7f HTTP/1.1" status: 200 len: 1170 time: 0.0983953
2026-03-02 22:27:32.545 10 INFO neutron.wsgi [req-a3947ad2-a81f-4bb2-8499-abacab5a2b19 req-e2d920a5-db95-47e5-8833-a0ed2f84af6b ecd3e27ab3c5400480ca947c4619f703 a5007fb76874411d9447a146fa1d7a6c - - default default] 10.0.0.169 "GET /v2.0/security-groups?id=68cdfde1-fe1e-4a59-9c7b-2fdd0fabfd0f&fields=id&fields=name HTTP/1.1" status: 200 len: 313 time: 0.0995891
2026-03-02 22:27:32.626 10 INFO neutron.db.ovn_revision_numbers_db [None req-0d6397b5-2e09-498f-9301-d885c171ed31 6195e1ae26dd4545ad79c346fe9666a7 a6d2f78b96a4433b9cd04218abadbfcd - - default default] Successfully bumped revision number for resource 1d5cdbd6-3585-4228-9e2a-052bd43e36de (type: security_groups) to 1
2026-03-02 22:27:32.649 10 INFO neutron.notifiers.nova [-] Nova event matching ['req-7feef9ff-289e-4a6c-ab84-341820506300'] response: {'server_uuid': '9c5a81d6-ed23-433f-a4ca-69d883330b7f', 'name': 'network-vif-unplugged', 'status': 'completed', 'tag': '8a6d2fda-cd4d-4c86-99ea-5ea0c5a91d76', 'code': 200}
2026-03-02 22:27:32.666 10 INFO neutron.db.ovn_revision_numbers_db [None req-0d6397b5-2e09-498f-9301-d885c171ed31 6195e1ae26dd4545ad79c346fe9666a7 a6d2f78b96a4433b9cd04218abadbfcd - - default default] Successfully bumped revision number for resource 261c196f-889d-493e-a1ac-cd82abd8e83e (type: security_group_rules) to 0
2026-03-02 22:27:32.689 10 INFO neutron.db.ovn_revision_numbers_db [None req-0d6397b5-2e09-498f-9301-d885c171ed31 6195e1ae26dd4545ad79c346fe9666a7 a6d2f78b96a4433b9cd04218abadbfcd - - default default] Successfully bumped revision number for resource 72582e04-5f0a-4920-b916-ccef2a995b7a (type: security_group_rules) to 0
2026-03-02 22:27:32.710 10 INFO neutron.db.ovn_revision_numbers_db [None req-0d6397b5-2e09-498f-9301-d885c171ed31 6195e1ae26dd4545ad79c346fe9666a7 a6d2f78b96a4433b9cd04218abadbfcd - - default default] Successfully bumped revision number for resource bb8d32de-7f87-4f75-8e2e-e9b505fe2dca (type: security_group_rules) to 0
2026-03-02 22:27:32.761 10 INFO neutron.db.ovn_revision_numbers_db [None req-0d6397b5-2e09-498f-9301-d885c171ed31 6195e1ae26dd4545ad79c346fe9666a7 a6d2f78b96a4433b9cd04218abadbfcd - - default default] Successfully bumped revision number for resource f7eee9a4-0df2-4ea0-a01d-5536f192486b (type: security_group_rules) to 0
2026-03-02 22:27:32.799 10 INFO neutron.wsgi [None req-0d6397b5-2e09-498f-9301-d885c171ed31 6195e1ae26dd4545ad79c346fe9666a7 a6d2f78b96a4433b9cd04218abadbfcd - - default default] 10.0.0.47 "GET /v2.0/security-groups?tenant_id=d46d349216f84013b34044c4188302d1&name=default HTTP/1.1" status: 200 len: 3120 time: 0.6592762 /var/lib/openstack/lib/python3.10/site-packages/pycadf/identifier.py:71: UserWarning: Invalid uuid: neutron. To ensure interoperability, identifiers should be a valid uuid. warnings.warn(('Invalid uuid: %s. To ensure interoperability, '
2026-03-02 22:27:32.816 10 INFO neutron.wsgi [req-dccb9872-52ec-49c7-a28f-d2f1e2a02949 req-ed67bd92-c7bd-4963-b249-f6dedbaeaff2 ecd3e27ab3c5400480ca947c4619f703 a5007fb76874411d9447a146fa1d7a6c - - default default] 199.19.213.23 "GET /v2.0/ports?device_id=9c5a81d6-ed23-433f-a4ca-69d883330b7f HTTP/1.1" status: 200 len: 1168 time: 0.0992653
2026-03-02 22:27:33.044 9 INFO neutron.wsgi [None req-7d5705c0-dde3-43a1-a6b3-76ce51cbb43a 6195e1ae26dd4545ad79c346fe9666a7 a6d2f78b96a4433b9cd04218abadbfcd - - default default] 10.0.0.47 "DELETE /v2.0/security-groups/1d5cdbd6-3585-4228-9e2a-052bd43e36de HTTP/1.1" status: 204 len: 168 time: 0.2397926
2026-03-02 22:27:33.171 10 INFO neutron.db.ovn_revision_numbers_db [None req-ab6bebf8-81d7-4154-9122-b25a1953607a - - - - - -] Successfully bumped revision number for resource 8a6d2fda-cd4d-4c86-99ea-5ea0c5a91d76 (type: ports) to 5
2026-03-02 22:27:33.213 9 INFO neutron.db.ovn_revision_numbers_db [None req-10d1d0f0-2ef7-4f5b-937b-369a4e00db96 6195e1ae26dd4545ad79c346fe9666a7 a6d2f78b96a4433b9cd04218abadbfcd - - default default] Successfully bumped revision number for resource 50e82d30-6555-4ff5-aa19-5ca495700306 (type: security_groups) to 1
2026-03-02 22:27:33.228 9 INFO neutron.db.ovn_revision_numbers_db [None req-10d1d0f0-2ef7-4f5b-937b-369a4e00db96 6195e1ae26dd4545ad79c346fe9666a7 a6d2f78b96a4433b9cd04218abadbfcd - - default default] Successfully bumped revision number for resource 3aed59c9-971c-4da7-a56a-e70e90af12a9 (type: security_group_rules) to 0
2026-03-02 22:27:33.239 9 INFO neutron.db.ovn_revision_numbers_db [None req-10d1d0f0-2ef7-4f5b-937b-369a4e00db96 6195e1ae26dd4545ad79c346fe9666a7 a6d2f78b96a4433b9cd04218abadbfcd - - default default] Successfully bumped revision number for resource 8b0698e8-c47c-478a-973f-5d5c8c0f71b4 (type: security_group_rules) to 0
2026-03-02 22:27:33.253 9 INFO neutron.db.ovn_revision_numbers_db [None req-10d1d0f0-2ef7-4f5b-937b-369a4e00db96 6195e1ae26dd4545ad79c346fe9666a7 a6d2f78b96a4433b9cd04218abadbfcd - - default default] Successfully bumped revision number for resource c00ed94b-0b03-4675-9c37-15148ec5872f (type: security_group_rules) to 0
2026-03-02 22:27:33.264 9 INFO neutron.db.ovn_revision_numbers_db [None req-10d1d0f0-2ef7-4f5b-937b-369a4e00db96 6195e1ae26dd4545ad79c346fe9666a7 a6d2f78b96a4433b9cd04218abadbfcd - - default default] Successfully bumped revision number for resource e29c3218-b12d-40cc-9ff6-7a492c85a099 (type: security_group_rules) to 0
2026-03-02 22:27:33.284 9 INFO neutron.wsgi [None req-10d1d0f0-2ef7-4f5b-937b-369a4e00db96 6195e1ae26dd4545ad79c346fe9666a7 a6d2f78b96a4433b9cd04218abadbfcd - - default default] 10.0.0.47 "GET /v2.0/security-groups?tenant_id=36277e719ad7461d810fd6f5b5f8b9c8&name=default HTTP/1.1" status: 200 len: 3120 time: 0.1636267
2026-03-02 22:27:33.410 10 INFO neutron.plugins.ml2.drivers.ovn.mech_driver.ovsdb.commands [None req-9d248676-dd58-43cd-b59c-719402e3512e - - - - - -] Schedule LRP lrp-96f2c4cb-6ae8-47fc-aeae-a927bf5c2aee on gateway 7351793c-a468-4dbe-94d0-8d221358f5bc with priority 1
2026-03-02 22:27:33.427 9 INFO neutron.plugins.ml2.drivers.ovn.mech_driver.mech_driver [None req-1bacd6f4-064d-49e4-9198-f6b55c310d6c - - - - - -] OVN reports status up for port: 96f2c4cb-6ae8-47fc-aeae-a927bf5c2aee
2026-03-02 22:27:33.447 9 INFO neutron.plugins.ml2.plugin [None req-1bacd6f4-064d-49e4-9198-f6b55c310d6c - - - - - -] Attempt 1 to provision port 96f2c4cb-6ae8-47fc-aeae-a927bf5c2aee
2026-03-02 22:27:33.452 10 INFO neutron.plugins.ml2.drivers.ovn.mech_driver.ovsdb.ovsdb_monitor [None req-e4fef20e-0487-4f7d-aa22-39565f7014f4 - - - - - -] Router 8a1fa5de-a077-4e26-9646-d33c009818d0 is bound to host instance
2026-03-02 22:27:33.468 9 INFO neutron.notifiers.nova [-] Nova event matching ['req-7d19f533-9da3-4471-ad72-1d3a6fe5d30c'] response: {'name': 'network-changed', 'server_uuid': '9c5a81d6-ed23-433f-a4ca-69d883330b7f', 'tag': '8a6d2fda-cd4d-4c86-99ea-5ea0c5a91d76', 'status': 'completed', 'code': 200}
2026-03-02 22:27:33.519 10 INFO neutron.db.ovn_revision_numbers_db [None req-10350d14-8463-4e69-ad67-8d8df36ff263 6195e1ae26dd4545ad79c346fe9666a7 a6d2f78b96a4433b9cd04218abadbfcd - - default default] Successfully bumped revision number for resource 96f2c4cb-6ae8-47fc-aeae-a927bf5c2aee (type: router_ports) to 1
2026-03-02 22:27:33.543 9 INFO neutron.wsgi [req-0c5e3384-6bbd-48aa-ba75-56005eccae62 req-ea4e6a0d-6779-4c1c-bfd4-7d03fea4aacf b7dc578550d64fb3bc4bc791034c51e6 0a749a959f714a51bd52649e2ab05997 - - 6db9dc8d0b9c40f4b7b92e967ac96eb1 6db9dc8d0b9c40f4b7b92e967ac96eb1] 199.19.213.23 "GET /v2.0/ports?tenant_id=a5007fb76874411d9447a146fa1d7a6c&device_id=9c5a81d6-ed23-433f-a4ca-69d883330b7f HTTP/1.1" status: 200 len: 1407 time: 0.0522230
2026-03-02 22:27:33.604 9 INFO neutron.wsgi [req-0c5e3384-6bbd-48aa-ba75-56005eccae62 req-74ac4538-023c-470d-8712-f281ff5f787a b7dc578550d64fb3bc4bc791034c51e6 0a749a959f714a51bd52649e2ab05997 - - 6db9dc8d0b9c40f4b7b92e967ac96eb1 6db9dc8d0b9c40f4b7b92e967ac96eb1] 199.19.213.23 "GET /v2.0/networks?id=8a74d505-847c-49b0-8c58-a420cdf86128 HTTP/1.1" status: 200 len: 968 time: 0.0536745 /var/lib/openstack/lib/python3.10/site-packages/pycadf/identifier.py:71: UserWarning: Invalid uuid: neutron. To ensure interoperability, identifiers should be a valid uuid. warnings.warn(('Invalid uuid: %s. To ensure interoperability, '
2026-03-02 22:27:33.643 9 INFO neutron.wsgi [None req-b5bcf23c-840d-4bbe-a162-dc59b9c72ea8 6195e1ae26dd4545ad79c346fe9666a7 a6d2f78b96a4433b9cd04218abadbfcd - - default default] 10.0.0.47 "DELETE /v2.0/security-groups/50e82d30-6555-4ff5-aa19-5ca495700306 HTTP/1.1" status: 204 len: 168 time: 0.3529708
2026-03-02 22:27:33.678 9 INFO neutron.wsgi [req-0c5e3384-6bbd-48aa-ba75-56005eccae62 req-4a634b2c-2e3f-4b64-a333-a6330c5ccf7e b7dc578550d64fb3bc4bc791034c51e6 0a749a959f714a51bd52649e2ab05997 - - 6db9dc8d0b9c40f4b7b92e967ac96eb1 6db9dc8d0b9c40f4b7b92e967ac96eb1] 199.19.213.23 "GET /v2.0/floatingips?fixed_ip_address=10.100.0.8&port_id=8a6d2fda-cd4d-4c86-99ea-5ea0c5a91d76 HTTP/1.1" status: 200 len: 1057 time: 0.0696394
2026-03-02 22:27:33.719 9 INFO neutron.wsgi [req-0c5e3384-6bbd-48aa-ba75-56005eccae62 req-b652b461-f02b-4cf3-b8dd-9048796af734 b7dc578550d64fb3bc4bc791034c51e6 0a749a959f714a51bd52649e2ab05997 - - 6db9dc8d0b9c40f4b7b92e967ac96eb1 6db9dc8d0b9c40f4b7b92e967ac96eb1] 199.19.213.23 "GET /v2.0/subnets?id=27e9b358-6d3b-4a7e-8d9f-db6e388a15a0 HTTP/1.1" status: 200 len: 863 time: 0.0273454
2026-03-02 22:27:33.735 10 INFO neutron.wsgi [req-a0ddb1c0-d2ad-42ab-a3b4-1a6d67e4896b req-42a4dd48-7d3e-4e14-b835-e7212ec187d7 ecd3e27ab3c5400480ca947c4619f703 a5007fb76874411d9447a146fa1d7a6c - - default default] 10.0.0.169 "GET /v2.0/ports?device_id=9c5a81d6-ed23-433f-a4ca-69d883330b7f HTTP/1.1" status: 200 len: 1168 time: 0.1249390
2026-03-02 22:27:33.743 9 INFO neutron.wsgi [req-0c5e3384-6bbd-48aa-ba75-56005eccae62 req-5238db48-a631-412d-bca1-5f9df1455e33 b7dc578550d64fb3bc4bc791034c51e6 0a749a959f714a51bd52649e2ab05997 - - 6db9dc8d0b9c40f4b7b92e967ac96eb1 6db9dc8d0b9c40f4b7b92e967ac96eb1] 199.19.213.23 "GET /v2.0/ports?network_id=8a74d505-847c-49b0-8c58-a420cdf86128&device_owner=network%3Adhcp HTTP/1.1" status: 200 len: 210 time: 0.0202718 /var/lib/openstack/lib/python3.10/site-packages/pycadf/identifier.py:71: UserWarning: Invalid uuid: neutron. To ensure interoperability, identifiers should be a valid uuid. warnings.warn(('Invalid uuid: %s. To ensure interoperability, '
2026-03-02 22:27:33.759 10 INFO neutron.db.ovn_revision_numbers_db [None req-10350d14-8463-4e69-ad67-8d8df36ff263 6195e1ae26dd4545ad79c346fe9666a7 a6d2f78b96a4433b9cd04218abadbfcd - - default default] Successfully bumped revision number for resource 8a1fa5de-a077-4e26-9646-d33c009818d0 (type: routers) to 2
2026-03-02 22:27:33.809 9 INFO neutron.wsgi [req-0c5e3384-6bbd-48aa-ba75-56005eccae62 req-f1c6a276-36be-420c-b051-1c23d7cf0f75 b7dc578550d64fb3bc4bc791034c51e6 0a749a959f714a51bd52649e2ab05997 - - 6db9dc8d0b9c40f4b7b92e967ac96eb1 6db9dc8d0b9c40f4b7b92e967ac96eb1] 199.19.213.23 "GET /v2.0/networks/8a74d505-847c-49b0-8c58-a420cdf86128?fields=segments HTTP/1.1" status: 200 len: 212 time: 0.0587316
2026-03-02 22:27:33.816 10 INFO neutron.wsgi [None req-10350d14-8463-4e69-ad67-8d8df36ff263 6195e1ae26dd4545ad79c346fe9666a7 a6d2f78b96a4433b9cd04218abadbfcd - - default default] 10.0.0.47 "POST /v2.0/routers HTTP/1.1" status: 201 len: 1172 time: 2.8584952
2026-03-02 22:27:33.821 10 INFO neutron.db.l3_db [req-dccb9872-52ec-49c7-a28f-d2f1e2a02949 req-40636720-ab41-4faa-aca0-3947a2877b5c ecd3e27ab3c5400480ca947c4619f703 a5007fb76874411d9447a146fa1d7a6c - - default default] Floating IP 2bd6567e-77dc-4f87-9eed-074bb650c61d disassociated. External IP: 10.96.250.202, port: 8a6d2fda-cd4d-4c86-99ea-5ea0c5a91d76.
2026-03-02 22:27:33.856 10 INFO neutron.wsgi [req-a0ddb1c0-d2ad-42ab-a3b4-1a6d67e4896b req-8cacaf89-4277-424c-afd3-38e0024c0a9e ecd3e27ab3c5400480ca947c4619f703 a5007fb76874411d9447a146fa1d7a6c - - default default] 10.0.0.169 "GET /v2.0/security-groups?id=68cdfde1-fe1e-4a59-9c7b-2fdd0fabfd0f&fields=id&fields=name HTTP/1.1" status: 200 len: 313 time: 0.1082945
2026-03-02 22:27:33.930 9 INFO neutron.wsgi [req-0c5e3384-6bbd-48aa-ba75-56005eccae62 req-0cda2420-28a2-4045-bd6b-c5bfde6b8d16 b7dc578550d64fb3bc4bc791034c51e6 0a749a959f714a51bd52649e2ab05997 - - 6db9dc8d0b9c40f4b7b92e967ac96eb1 6db9dc8d0b9c40f4b7b92e967ac96eb1] 199.19.213.23 "GET /v2.0/networks/8a74d505-847c-49b0-8c58-a420cdf86128?fields=provider%3Aphysical_network&fields=provider%3Anetwork_type HTTP/1.1" status: 200 len: 277 time: 0.1148353
2026-03-02 22:27:34.006 10 INFO neutron.wsgi [req-dccb9872-52ec-49c7-a28f-d2f1e2a02949 req-40636720-ab41-4faa-aca0-3947a2877b5c ecd3e27ab3c5400480ca947c4619f703 a5007fb76874411d9447a146fa1d7a6c - - default default] 199.19.213.23 "DELETE /v2.0/ports/8a6d2fda-cd4d-4c86-99ea-5ea0c5a91d76 HTTP/1.1" status: 204 len: 173 time: 1.1822674
2026-03-02 22:27:34.422 9 WARNING neutron.scheduler.dhcp_agent_scheduler [None req-b501f239-933f-4dfb-a435-5cad9bbaf795 6195e1ae26dd4545ad79c346fe9666a7 a6d2f78b96a4433b9cd04218abadbfcd - - default default] No more DHCP agents
2026-03-02 22:27:34.424 9 WARNING neutron.api.rpc.agentnotifiers.dhcp_rpc_agent_api [None req-b501f239-933f-4dfb-a435-5cad9bbaf795 6195e1ae26dd4545ad79c346fe9666a7 a6d2f78b96a4433b9cd04218abadbfcd - - default default] Unable to schedule network 25177ba3-4e22-4fc0-96e3-f7da951f9a93: no agents available; will retry on subsequent port and subnet creation events.
2026-03-02 22:27:34.590 10 INFO neutron.db.ovn_revision_numbers_db [None req-e4fef20e-0487-4f7d-aa22-39565f7014f4 - - - - - -] Successfully bumped revision number for resource 96f2c4cb-6ae8-47fc-aeae-a927bf5c2aee (type: ports) to 1
2026-03-02 22:27:34.608 9 INFO neutron.db.ovn_revision_numbers_db [None req-b501f239-933f-4dfb-a435-5cad9bbaf795 6195e1ae26dd4545ad79c346fe9666a7 a6d2f78b96a4433b9cd04218abadbfcd - - default default] Successfully bumped revision number for resource 6c236f0f-7234-4227-8c9a-769912b95dfa (type: ports) to 1
2026-03-02 22:27:34.688 10 INFO neutron.notifiers.nova [-] Nova event matching ['req-c8209cf3-d4bc-4d09-9648-ba6c3f124afa'] response: {'server_uuid': '9c5a81d6-ed23-433f-a4ca-69d883330b7f', 'name': 'network-vif-unplugged', 'status': 'completed', 'tag': '8a6d2fda-cd4d-4c86-99ea-5ea0c5a91d76', 'code': 200}
2026-03-02 22:27:34.689 10 INFO neutron.notifiers.nova [-] Nova event matching ['req-c8209cf3-d4bc-4d09-9648-ba6c3f124afa'] response: {'server_uuid': '9c5a81d6-ed23-433f-a4ca-69d883330b7f', 'name': 'network-vif-deleted', 'tag': '8a6d2fda-cd4d-4c86-99ea-5ea0c5a91d76', 'status': 'completed', 'code': 200}
2026-03-02 22:27:35.008 10 INFO neutron.db.ovn_revision_numbers_db [None req-e4fef20e-0487-4f7d-aa22-39565f7014f4 - - - - - -] Successfully bumped revision number for resource 96f2c4cb-6ae8-47fc-aeae-a927bf5c2aee (type: router_ports) to 3
2026-03-02 22:27:35.098 9 ERROR ovsdbapp.backend.ovs_idl.command [None req-b501f239-933f-4dfb-a435-5cad9bbaf795 6195e1ae26dd4545ad79c346fe9666a7 a6d2f78b96a4433b9cd04218abadbfcd - - default default] Error executing command (DbGetCommand): ovsdbapp.backend.ovs_idl.idlutils.RowNotFound: Cannot find Logical_Router_Port with name=lrp-6c236f0f-7234-4227-8c9a-769912b95dfa
2026-03-02 22:27:35.098 9 ERROR ovsdbapp.backend.ovs_idl.command
Traceback (most recent call last):
2026-03-02 22:27:35.098 9 ERROR ovsdbapp.backend.ovs_idl.command
File "/var/lib/openstack/lib/python3.10/site-packages/ovsdbapp/backend/ovs_idl/command.py", line 47, in execute
2026-03-02 22:27:35.098 9 ERROR ovsdbapp.backend.ovs_idl.command self.run_idl(None)
2026-03-02 22:27:35.098 9 ERROR ovsdbapp.backend.ovs_idl.command
File "/var/lib/openstack/lib/python3.10/site-packages/ovsdbapp/backend/ovs_idl/command.py", line 235, in run_idl
2026-03-02 22:27:35.098 9 ERROR ovsdbapp.backend.ovs_idl.command record = self.api.lookup(self.table, self.record)
2026-03-02 22:27:35.098 9 ERROR ovsdbapp.backend.ovs_idl.command
File "/var/lib/openstack/lib/python3.10/site-packages/ovsdbapp/backend/ovs_idl/__init__.py", line 184, in lookup
2026-03-02 22:27:35.098 9 ERROR ovsdbapp.backend.ovs_idl.command return self._lookup(table, record)
2026-03-02 22:27:35.098 9 ERROR ovsdbapp.backend.ovs_idl.command
File "/var/lib/openstack/lib/python3.10/site-packages/ovsdbapp/backend/ovs_idl/__init__.py", line 235, in _lookup
2026-03-02 22:27:35.098 9 ERROR ovsdbapp.backend.ovs_idl.command row = idlutils.row_by_value(self, rl.table, rl.column, record)
2026-03-02 22:27:35.098 9 ERROR ovsdbapp.backend.ovs_idl.command
File "/var/lib/openstack/lib/python3.10/site-packages/ovsdbapp/backend/ovs_idl/idlutils.py", line 114, in row_by_value
2026-03-02 22:27:35.098 9 ERROR ovsdbapp.backend.ovs_idl.command raise RowNotFound(table=table, col=column, match=match)
2026-03-02 22:27:35.098 9 ERROR ovsdbapp.backend.ovs_idl.command ovsdbapp.backend.ovs_idl.idlutils.RowNotFound: Cannot find Logical_Router_Port with name=lrp-6c236f0f-7234-4227-8c9a-769912b95dfa
2026-03-02 22:27:35.098 9 ERROR ovsdbapp.backend.ovs_idl.command 
2026-03-02 22:27:35.099 9 ERROR neutron_lib.callbacks.manager [None req-b501f239-933f-4dfb-a435-5cad9bbaf795 6195e1ae26dd4545ad79c346fe9666a7 a6d2f78b96a4433b9cd04218abadbfcd - - default default] Error during notification for neutron.services.ovn_l3.plugin.OVNL3RouterPlugin._port_update-8771042332399 port, after_update: ovsdbapp.backend.ovs_idl.idlutils.RowNotFound: Cannot find Logical_Router_Port with name=lrp-6c236f0f-7234-4227-8c9a-769912b95dfa
2026-03-02 22:27:35.099 9 ERROR neutron_lib.callbacks.manager
Traceback (most recent call last):
2026-03-02 22:27:35.099 9 ERROR neutron_lib.callbacks.manager
File "/var/lib/openstack/lib/python3.10/site-packages/neutron_lib/callbacks/manager.py", line 189, in _notify_loop
2026-03-02 22:27:35.099 9 ERROR neutron_lib.callbacks.manager callback.method(resource, event, trigger, payload=payload)
2026-03-02 22:27:35.099 9 ERROR neutron_lib.callbacks.manager
File "/var/lib/openstack/lib/python3.10/site-packages/neutron/services/ovn_l3/plugin.py", line 391, in _port_update
2026-03-02 22:27:35.099 9 ERROR neutron_lib.callbacks.manager l3plugin._ovn_client.update_router_port(context,
2026-03-02 22:27:35.099 9 ERROR neutron_lib.callbacks.manager
File "/var/lib/openstack/lib/python3.10/site-packages/neutron/plugins/ml2/drivers/ovn/mech_driver/ovsdb/ovn_client.py", line 1878, in update_router_port
2026-03-02 22:27:35.099 9 ERROR neutron_lib.callbacks.manager self._update_lrouter_port(context, port, if_exists=if_exists,
2026-03-02 22:27:35.099 9 ERROR neutron_lib.callbacks.manager
File "/var/lib/openstack/lib/python3.10/site-packages/neutron/plugins/ml2/drivers/ovn/mech_driver/ovsdb/ovn_client.py", line 1855, in _update_lrouter_port
2026-03-02 22:27:35.099 9 ERROR neutron_lib.callbacks.manager external_ids = self._nb_idl.db_get(
2026-03-02 22:27:35.099 9 ERROR neutron_lib.callbacks.manager
File "/var/lib/openstack/lib/python3.10/site-packages/ovsdbapp/backend/ovs_idl/command.py", line 47, in execute
2026-03-02 22:27:35.099 9 ERROR neutron_lib.callbacks.manager self.run_idl(None)
2026-03-02 22:27:35.099 9 ERROR neutron_lib.callbacks.manager
File "/var/lib/openstack/lib/python3.10/site-packages/ovsdbapp/backend/ovs_idl/command.py", line 235, in run_idl
2026-03-02 22:27:35.099 9 ERROR neutron_lib.callbacks.manager record = self.api.lookup(self.table, self.record)
2026-03-02 22:27:35.099 9 ERROR neutron_lib.callbacks.manager
File "/var/lib/openstack/lib/python3.10/site-packages/ovsdbapp/backend/ovs_idl/__init__.py", line 184, in lookup
2026-03-02 22:27:35.099 9 ERROR neutron_lib.callbacks.manager return self._lookup(table, record)
2026-03-02 22:27:35.099 9 ERROR neutron_lib.callbacks.manager
File "/var/lib/openstack/lib/python3.10/site-packages/ovsdbapp/backend/ovs_idl/__init__.py", line 235, in _lookup
2026-03-02 22:27:35.099 9 ERROR neutron_lib.callbacks.manager row = idlutils.row_by_value(self, rl.table, rl.column, record)
2026-03-02 22:27:35.099 9 ERROR neutron_lib.callbacks.manager
File "/var/lib/openstack/lib/python3.10/site-packages/ovsdbapp/backend/ovs_idl/idlutils.py", line 114, in row_by_value
2026-03-02 22:27:35.099 9 ERROR neutron_lib.callbacks.manager raise RowNotFound(table=table, col=column, match=match)
2026-03-02 22:27:35.099 9 ERROR neutron_lib.callbacks.manager ovsdbapp.backend.ovs_idl.idlutils.RowNotFound: Cannot find Logical_Router_Port with name=lrp-6c236f0f-7234-4227-8c9a-769912b95dfa
2026-03-02 22:27:35.099 9 ERROR neutron_lib.callbacks.manager 
2026-03-02 22:27:35.119 10 INFO neutron.wsgi [None req-0db82c58-a041-4b2f-8a09-8a7cb9d65fce ecd3e27ab3c5400480ca947c4619f703 a5007fb76874411d9447a146fa1d7a6c - - default default] 10.0.0.47 "DELETE /v2.0/security-groups/68cdfde1-fe1e-4a59-9c7b-2fdd0fabfd0f HTTP/1.1" status: 204 len: 168 time: 0.1742692
2026-03-02 22:27:35.141 9 INFO neutron.api.v2.resource [None req-18ecf5ed-1a44-405c-a7fa-5336fd0a3b6d ecd3e27ab3c5400480ca947c4619f703 a5007fb76874411d9447a146fa1d7a6c - - default default] show failed (client error): The resource could not be found.
2026-03-02 22:27:35.142 9 INFO neutron.wsgi [None req-18ecf5ed-1a44-405c-a7fa-5336fd0a3b6d ecd3e27ab3c5400480ca947c4619f703 a5007fb76874411d9447a146fa1d7a6c - - default default] 10.0.0.47 "GET /v2.0/security-groups/68cdfde1-fe1e-4a59-9c7b-2fdd0fabfd0f HTTP/1.1" status: 404 len: 347 time: 0.0146699
2026-03-02 22:27:35.286 10 INFO neutron.db.ovn_revision_numbers_db [None req-e4fef20e-0487-4f7d-aa22-39565f7014f4 - - - - - -] Successfully bumped revision number for resource 96f2c4cb-6ae8-47fc-aeae-a927bf5c2aee (type: ports) to 2
2026-03-02 22:27:35.321 10 INFO neutron.plugins.ml2.drivers.ovn.mech_driver.mech_driver [None req-ab6bebf8-81d7-4154-9122-b25a1953607a - - - - - -] OVN reports status up for port: 6c236f0f-7234-4227-8c9a-769912b95dfa
2026-03-02 22:27:35.339 9 INFO neutron.db.ovn_revision_numbers_db [None req-b501f239-933f-4dfb-a435-5cad9bbaf795 6195e1ae26dd4545ad79c346fe9666a7 a6d2f78b96a4433b9cd04218abadbfcd - - default default] Successfully bumped revision number for resource 6c236f0f-7234-4227-8c9a-769912b95dfa (type: ports) to 1
2026-03-02 22:27:35.341 10 INFO neutron.plugins.ml2.plugin [None req-ab6bebf8-81d7-4154-9122-b25a1953607a - - - - - -] Attempt 1 to provision port 6c236f0f-7234-4227-8c9a-769912b95dfa
2026-03-02 22:27:35.402 9 WARNING neutron.scheduler.dhcp_agent_scheduler [None req-b501f239-933f-4dfb-a435-5cad9bbaf795 6195e1ae26dd4545ad79c346fe9666a7 a6d2f78b96a4433b9cd04218abadbfcd - - default default] No more DHCP agents
2026-03-02 22:27:35.403 9 WARNING neutron.api.rpc.agentnotifiers.dhcp_rpc_agent_api [None req-b501f239-933f-4dfb-a435-5cad9bbaf795 6195e1ae26dd4545ad79c346fe9666a7 a6d2f78b96a4433b9cd04218abadbfcd - - default default] Unable to schedule network 25177ba3-4e22-4fc0-96e3-f7da951f9a93: no agents available; will retry on subsequent port and subnet creation events.
2026-03-02 22:27:35.689 10 INFO neutron.wsgi [None req-e5e83374-102c-4d02-8570-8c9223c1d661 ecd3e27ab3c5400480ca947c4619f703 a5007fb76874411d9447a146fa1d7a6c - - default default] 10.0.0.47 "DELETE /v2.0/floatingips/2bd6567e-77dc-4f87-9eed-074bb650c61d HTTP/1.1" status: 204 len: 168 time: 0.5373211
2026-03-02 22:27:35.894 10 INFO neutron.db.ovn_revision_numbers_db [None req-e4fef20e-0487-4f7d-aa22-39565f7014f4 - - - - - -] Successfully bumped revision number for resource 96f2c4cb-6ae8-47fc-aeae-a927bf5c2aee (type: ports) to 4
2026-03-02 22:27:36.079 9 INFO neutron.db.ovn_revision_numbers_db [None req-b501f239-933f-4dfb-a435-5cad9bbaf795 6195e1ae26dd4545ad79c346fe9666a7 a6d2f78b96a4433b9cd04218abadbfcd - - default default] Successfully bumped revision number for resource 6c236f0f-7234-4227-8c9a-769912b95dfa (type: router_ports) to 1
2026-03-02 22:27:36.086 9 INFO neutron.wsgi [None req-b501f239-933f-4dfb-a435-5cad9bbaf795 6195e1ae26dd4545ad79c346fe9666a7 a6d2f78b96a4433b9cd04218abadbfcd - - default default] 10.0.0.47 "PUT /v2.0/routers/8a1fa5de-a077-4e26-9646-d33c009818d0/add_router_interface HTTP/1.1" status: 200 len: 503 time: 2.2637582
2026-03-02 22:27:36.295 10 INFO neutron.db.ovn_revision_numbers_db [None req-ab6bebf8-81d7-4154-9122-b25a1953607a - - - - - -] Successfully bumped revision number for resource 6c236f0f-7234-4227-8c9a-769912b95dfa (type: ports) to 2
2026-03-02 22:27:36.538 10 INFO neutron.db.ovn_revision_numbers_db [None req-ab6bebf8-81d7-4154-9122-b25a1953607a - - - - - -] Successfully bumped revision number for resource 6c236f0f-7234-4227-8c9a-769912b95dfa (type: router_ports) to 2
2026-03-02 22:27:36.583 10 INFO neutron.db.ovn_revision_numbers_db [None req-e4fef20e-0487-4f7d-aa22-39565f7014f4 - - - - - -] Successfully bumped revision number for resource 96f2c4cb-6ae8-47fc-aeae-a927bf5c2aee (type: router_ports) to 4
2026-03-02 22:27:36.631 9 WARNING neutron_lib.context [None req-a185630d-3e95-4fe4-ac78-1805abd8c8bc cf3b1aa33049425ca3c5ac10f0dc9df4 bff5c98d564f405f82e09306726cd82b - - default default] Method 'is_advsvc' is deprecated since 2023.2 release (neutron-lib 3.8.0) and will be removed once support for the old RBAC API policies will be removed from Neutron. Please use method 'is_service_role' instead.
2026-03-02 22:27:36.768 9 INFO neutron.db.ovn_revision_numbers_db [None req-a185630d-3e95-4fe4-ac78-1805abd8c8bc cf3b1aa33049425ca3c5ac10f0dc9df4 bff5c98d564f405f82e09306726cd82b - - default default] Successfully bumped revision number for resource 0fbbe2ac-aa53-419f-a25e-6d6216ab56ef (type: security_groups) to 1
2026-03-02 22:27:36.789 9 INFO neutron.db.ovn_revision_numbers_db [None req-a185630d-3e95-4fe4-ac78-1805abd8c8bc cf3b1aa33049425ca3c5ac10f0dc9df4 bff5c98d564f405f82e09306726cd82b - - default default] Successfully bumped revision number for resource 0370eab4-00fe-4fb4-8907-d54ae21642ef (type: security_group_rules) to 0
2026-03-02 22:27:36.805 9 INFO neutron.db.ovn_revision_numbers_db [None req-a185630d-3e95-4fe4-ac78-1805abd8c8bc cf3b1aa33049425ca3c5ac10f0dc9df4 bff5c98d564f405f82e09306726cd82b - - default default] Successfully bumped revision number for resource 9986890f-55a4-467e-bdae-b51f215df4c7 (type: security_group_rules) to 0
2026-03-02 22:27:36.832 9 INFO neutron.wsgi [None req-a185630d-3e95-4fe4-ac78-1805abd8c8bc cf3b1aa33049425ca3c5ac10f0dc9df4 bff5c98d564f405f82e09306726cd82b - - default default] 10.0.0.47 "POST /v2.0/security-groups HTTP/1.1" status: 201 len: 1860 time: 0.2087398
2026-03-02 22:27:36.841 9 WARNING neutron_lib.context [None req-ecd4d4d9-c5d5-43b0-b93b-7da225a2681f cf3b1aa33049425ca3c5ac10f0dc9df4 bff5c98d564f405f82e09306726cd82b - - default default] Method 'is_advsvc' is deprecated since 2023.2 release (neutron-lib 3.8.0) and will be removed once support for the old RBAC API policies will be removed from Neutron. Please use method 'is_service_role' instead.
2026-03-02 22:27:36.976 9 INFO neutron.db.ovn_revision_numbers_db [None req-ecd4d4d9-c5d5-43b0-b93b-7da225a2681f cf3b1aa33049425ca3c5ac10f0dc9df4 bff5c98d564f405f82e09306726cd82b - - default default] Successfully bumped revision number for resource 5b2e27c8-977d-40fd-a83a-767010194288 (type: security_group_rules) to 0
2026-03-02 22:27:37.004 9 INFO neutron.wsgi [None req-ecd4d4d9-c5d5-43b0-b93b-7da225a2681f cf3b1aa33049425ca3c5ac10f0dc9df4 bff5c98d564f405f82e09306726cd82b - - default default] 10.0.0.47 "POST /v2.0/security-group-rules HTTP/1.1" status: 201 len: 796 time: 0.1676159
2026-03-02 22:27:37.014 9 WARNING neutron_lib.context [None req-3f9faad3-0692-4f6a-8842-c3293d86b622 cf3b1aa33049425ca3c5ac10f0dc9df4 bff5c98d564f405f82e09306726cd82b - - default default] Method 'is_advsvc' is deprecated since 2023.2 release (neutron-lib 3.8.0) and will be removed once support for the old RBAC API policies will be removed from Neutron. Please use method 'is_service_role' instead.
2026-03-02 22:27:37.134 9 INFO neutron.db.ovn_revision_numbers_db [None req-3f9faad3-0692-4f6a-8842-c3293d86b622 cf3b1aa33049425ca3c5ac10f0dc9df4 bff5c98d564f405f82e09306726cd82b - - default default] Successfully bumped revision number for resource 02e25b2c-eca7-4630-8163-dfa362ec7b10 (type: security_group_rules) to 0
2026-03-02 22:27:37.163 9 INFO neutron.wsgi [None req-3f9faad3-0692-4f6a-8842-c3293d86b622 cf3b1aa33049425ca3c5ac10f0dc9df4 bff5c98d564f405f82e09306726cd82b - - default default] 10.0.0.47 "POST /v2.0/security-group-rules HTTP/1.1" status: 201 len: 801 time: 0.1538420
2026-03-02 22:27:37.173 9 WARNING neutron_lib.context [None req-2b1973dd-87cd-4ae1-a436-cf8e4325a4fc cf3b1aa33049425ca3c5ac10f0dc9df4 bff5c98d564f405f82e09306726cd82b - - default default] Method 'is_advsvc' is deprecated since 2023.2 release (neutron-lib 3.8.0) and will be removed once support for the old RBAC API policies will be removed from Neutron. Please use method 'is_service_role' instead.
2026-03-02 22:27:37.502 10 INFO neutron.wsgi [None req-d03f2608-3576-44ad-94d1-23c94edd41e9 6195e1ae26dd4545ad79c346fe9666a7 a6d2f78b96a4433b9cd04218abadbfcd - - default default] 10.0.0.47 "PUT /v2.0/routers/34a5418a-f0c5-429a-9784-6157e76f80f4/remove_router_interface HTTP/1.1" status: 200 len: 503 time: 1.7993050 /var/lib/openstack/lib/python3.10/site-packages/pycadf/identifier.py:71: UserWarning: Invalid uuid: neutron. To ensure interoperability, identifiers should be a valid uuid. warnings.warn(('Invalid uuid: %s. To ensure interoperability, '
2026-03-02 22:27:37.628 9 WARNING neutron.scheduler.dhcp_agent_scheduler [None req-2b1973dd-87cd-4ae1-a436-cf8e4325a4fc cf3b1aa33049425ca3c5ac10f0dc9df4 bff5c98d564f405f82e09306726cd82b - - default default] No more DHCP agents
2026-03-02 22:27:37.632 9 WARNING neutron.api.rpc.agentnotifiers.dhcp_rpc_agent_api [None req-2b1973dd-87cd-4ae1-a436-cf8e4325a4fc cf3b1aa33049425ca3c5ac10f0dc9df4 bff5c98d564f405f82e09306726cd82b - - default default] Unable to schedule network 18fd1d39-8d58-4e81-ba70-1091a48a5800: no agents available; will retry on subsequent port and subnet creation events.
2026-03-02 22:27:37.910 10 INFO neutron.db.ovn_revision_numbers_db [None req-9a49b430-b3a4-4b61-85ff-c6da3d78fb74 6195e1ae26dd4545ad79c346fe9666a7 a6d2f78b96a4433b9cd04218abadbfcd - - default default] Successfully bumped revision number for resource 0efb5482-ed76-404c-af46-47a8c7deb81d (type: security_groups) to 1
2026-03-02 22:27:37.932 10 INFO neutron.db.ovn_revision_numbers_db [None req-9a49b430-b3a4-4b61-85ff-c6da3d78fb74 6195e1ae26dd4545ad79c346fe9666a7 a6d2f78b96a4433b9cd04218abadbfcd - - default default] Successfully bumped revision number for resource 1b62d535-9ad4-4935-8741-13930b4613ca (type: security_group_rules) to 0
2026-03-02 22:27:37.952 10 INFO neutron.db.ovn_revision_numbers_db [None req-9a49b430-b3a4-4b61-85ff-c6da3d78fb74 6195e1ae26dd4545ad79c346fe9666a7 a6d2f78b96a4433b9cd04218abadbfcd - - default default] Successfully bumped revision number for resource 27cb3f40-01bb-401a-bfbf-f62330c5597c (type: security_group_rules) to 0
2026-03-02 22:27:37.972 9 INFO neutron.wsgi [None req-2b1973dd-87cd-4ae1-a436-cf8e4325a4fc cf3b1aa33049425ca3c5ac10f0dc9df4 bff5c98d564f405f82e09306726cd82b - - default default] 10.0.0.47 "POST /v2.0/floatingips HTTP/1.1" status: 201 len: 751 time: 0.8050034
2026-03-02 22:27:37.981 10 INFO neutron.db.ovn_revision_numbers_db [None req-9a49b430-b3a4-4b61-85ff-c6da3d78fb74 6195e1ae26dd4545ad79c346fe9666a7 a6d2f78b96a4433b9cd04218abadbfcd - - default default] Successfully bumped revision number for resource 33d412a6-c234-48d7-9057-feb1c8b3c154 (type: security_group_rules) to 0
2026-03-02 22:27:37.998 10 INFO neutron.db.ovn_revision_numbers_db [None req-9a49b430-b3a4-4b61-85ff-c6da3d78fb74 6195e1ae26dd4545ad79c346fe9666a7 a6d2f78b96a4433b9cd04218abadbfcd - - default default] Successfully bumped revision number for resource e9d0e6f4-7814-4abf-b24e-6c32479b18ed (type: security_group_rules) to 0
2026-03-02 22:27:38.034 10 INFO neutron.wsgi [None req-9a49b430-b3a4-4b61-85ff-c6da3d78fb74 6195e1ae26dd4545ad79c346fe9666a7 a6d2f78b96a4433b9cd04218abadbfcd - - default default] 10.0.0.47 "GET /v2.0/security-groups?tenant_id=72b3a8519db6400a8777077f3801c9d0&name=default HTTP/1.1" status: 200 len: 3120 time: 0.4857311
2026-03-02 22:27:38.443 10 INFO neutron.wsgi [None req-913cebe1-c0b3-4c26-82f9-5b2823c03851 6195e1ae26dd4545ad79c346fe9666a7 a6d2f78b96a4433b9cd04218abadbfcd - - default default] 10.0.0.47 "DELETE /v2.0/security-groups/0efb5482-ed76-404c-af46-47a8c7deb81d HTTP/1.1" status: 204 len: 168 time: 0.4052768
2026-03-02 22:27:38.477 10 INFO neutron.wsgi [None req-037b2fb6-042c-4c6f-a4ce-f956d197882e 6195e1ae26dd4545ad79c346fe9666a7 a6d2f78b96a4433b9cd04218abadbfcd - - default default] 10.0.0.47 "DELETE /v2.0/routers/34a5418a-f0c5-429a-9784-6157e76f80f4 HTTP/1.1" status: 204 len: 168 time: 0.9712973
2026-03-02 22:27:38.665 9 INFO neutron.db.ovn_revision_numbers_db [None req-acc1d7ed-bb0c-4876-b286-c7e78d5153da 6195e1ae26dd4545ad79c346fe9666a7 a6d2f78b96a4433b9cd04218abadbfcd - - default default] Successfully bumped revision number for resource 39a410d2-6153-40b1-bab4-1fbe800d766c (type: security_groups) to 1
2026-03-02 22:27:38.680 9 INFO neutron.db.ovn_revision_numbers_db [None req-acc1d7ed-bb0c-4876-b286-c7e78d5153da 6195e1ae26dd4545ad79c346fe9666a7 a6d2f78b96a4433b9cd04218abadbfcd - - default default] Successfully bumped revision number for resource 2dbc978e-2f96-4145-9d4d-0115e41d90e2 (type: security_group_rules) to 0
2026-03-02 22:27:38.695 9 INFO neutron.db.ovn_revision_numbers_db [None req-acc1d7ed-bb0c-4876-b286-c7e78d5153da 6195e1ae26dd4545ad79c346fe9666a7 a6d2f78b96a4433b9cd04218abadbfcd - - default default] Successfully bumped revision number for resource 4adee06f-50c3-4e00-a2fb-ed0e80611228 (type: security_group_rules) to 0
2026-03-02 22:27:38.710 9 INFO neutron.db.ovn_revision_numbers_db [None req-acc1d7ed-bb0c-4876-b286-c7e78d5153da 6195e1ae26dd4545ad79c346fe9666a7 a6d2f78b96a4433b9cd04218abadbfcd - - default default] Successfully bumped revision number for resource 7297eed3-3028-452c-81fb-a78bd78b6ade (type: security_group_rules) to 0
2026-03-02 22:27:38.723 9 INFO neutron.db.ovn_revision_numbers_db [None req-acc1d7ed-bb0c-4876-b286-c7e78d5153da 6195e1ae26dd4545ad79c346fe9666a7 a6d2f78b96a4433b9cd04218abadbfcd - - default default] Successfully bumped revision number for resource 89ed2b75-b6b8-486a-9db7-5a8707052750 (type: security_group_rules) to 0
2026-03-02 22:27:38.745 9 INFO neutron.wsgi [None req-acc1d7ed-bb0c-4876-b286-c7e78d5153da 6195e1ae26dd4545ad79c346fe9666a7 a6d2f78b96a4433b9cd04218abadbfcd - - default default] 10.0.0.47 "GET /v2.0/security-groups?tenant_id=fa209d4667444a3d98f5dc49383c9509&name=default HTTP/1.1" status: 200 len: 3120 time: 0.2064607
2026-03-02 22:27:38.889 10 INFO neutron.wsgi [None req-87986035-9bb3-4c92-9232-b4172971377a 6195e1ae26dd4545ad79c346fe9666a7 a6d2f78b96a4433b9cd04218abadbfcd - - default default] 10.0.0.47 "DELETE /v2.0/subnets/27e9b358-6d3b-4a7e-8d9f-db6e388a15a0 HTTP/1.1" status: 204 len: 168 time: 0.4086292
2026-03-02 22:27:38.963 9 INFO neutron.wsgi [None req-a7057184-16e5-4f7a-b44b-ee074932ba72 6195e1ae26dd4545ad79c346fe9666a7 a6d2f78b96a4433b9cd04218abadbfcd - - default default] 10.0.0.47 "DELETE /v2.0/security-groups/39a410d2-6153-40b1-bab4-1fbe800d766c HTTP/1.1" status: 204 len: 168 time: 0.2123871
2026-03-02 22:27:39.258 10 INFO neutron.services.segments.plugin [-] Segment 363269cb-00bd-47de-ab70-d9cddcebeefd resource provider aggregate not found
2026-03-02 22:27:39.262 10 INFO neutron.services.segments.plugin [-] Segment 363269cb-00bd-47de-ab70-d9cddcebeefd resource provider aggregate not found
2026-03-02 22:27:39.277 10 INFO neutron.services.segments.plugin [-] Segment 363269cb-00bd-47de-ab70-d9cddcebeefd resource provider not found; error: Placement Client Error (4xx): {"errors": [{"status": 404, "title": "Not Found", "detail": "The resource could not be found.\n\n No resource provider with uuid 363269cb-00bd-47de-ab70-d9cddcebeefd found for delete ", "request_id": "req-da3ef3ed-1c6c-4ae5-a7b4-ad1c027072d3"}]}
2026-03-02 22:27:39.282 10 INFO neutron.services.segments.plugin [-] Segment 363269cb-00bd-47de-ab70-d9cddcebeefd resource provider not found; error: Placement Client Error (4xx): {"errors": [{"status": 404, "title": "Not Found", "detail": "The resource could not be found.\n\n No resource provider with uuid 363269cb-00bd-47de-ab70-d9cddcebeefd found for delete ", "request_id": "req-e92f3b3e-c0bc-41e8-9b9e-7794f3ac318f"}]}
2026-03-02 22:27:39.302 10 INFO neutron.wsgi [None req-b6c3328a-be69-4d33-9eaf-ad8b285d2813 6195e1ae26dd4545ad79c346fe9666a7 a6d2f78b96a4433b9cd04218abadbfcd - - default default] 10.0.0.47 "DELETE /v2.0/networks/8a74d505-847c-49b0-8c58-a420cdf86128 HTTP/1.1" status: 204 len: 168 time: 0.4077249
2026-03-02 22:27:39.520 10 INFO neutron.wsgi [None req-127add95-2727-476b-9ac9-67cb440879ee 6195e1ae26dd4545ad79c346fe9666a7 a6d2f78b96a4433b9cd04218abadbfcd - - default default] 10.0.0.47 "GET /v2.0/security-groups?tenant_id=a5007fb76874411d9447a146fa1d7a6c&name=default HTTP/1.1" status: 200 len: 3116 time: 0.0417709
2026-03-02 22:27:39.782 10 INFO neutron.wsgi [None req-17297726-b1ed-44f5-a4cd-f8520e05cdc9 6195e1ae26dd4545ad79c346fe9666a7 a6d2f78b96a4433b9cd04218abadbfcd - - default default] 10.0.0.47 "DELETE /v2.0/security-groups/5fe6665f-cc71-4674-82e6-ae4cf316b45c HTTP/1.1" status: 204 len: 168 time: 0.2577326
2026-03-02 22:27:41.416 10 INFO neutron.db.ovn_revision_numbers_db [None req-98ac83e2-9dad-498f-a214-0416f91a662e 6195e1ae26dd4545ad79c346fe9666a7 a6d2f78b96a4433b9cd04218abadbfcd - - default default] Successfully bumped revision number for resource 23208cc0-dc1d-4600-a831-303895b5c02e (type: security_groups) to 1
2026-03-02 22:27:41.431 10 INFO neutron.db.ovn_revision_numbers_db [None req-98ac83e2-9dad-498f-a214-0416f91a662e 6195e1ae26dd4545ad79c346fe9666a7 a6d2f78b96a4433b9cd04218abadbfcd - - default default] Successfully bumped revision number for resource 52f1620c-183d-4e82-91c4-032c41d3d05d (type: security_group_rules) to 0
2026-03-02 22:27:41.445 10 INFO neutron.db.ovn_revision_numbers_db [None req-98ac83e2-9dad-498f-a214-0416f91a662e 6195e1ae26dd4545ad79c346fe9666a7 a6d2f78b96a4433b9cd04218abadbfcd - - default default] Successfully bumped revision number for resource 58de7cb6-b44c-48ab-834a-4cc22acdc03d (type: security_group_rules) to 0
2026-03-02 22:27:41.459 10 INFO neutron.db.ovn_revision_numbers_db [None req-98ac83e2-9dad-498f-a214-0416f91a662e 6195e1ae26dd4545ad79c346fe9666a7 a6d2f78b96a4433b9cd04218abadbfcd - - default default] Successfully bumped revision number for resource 615da5b0-7d34-4b91-9d53-d6ecd3bdf7d7 (type: security_group_rules) to 0
