2026-03-02 22:31:44.909 10 INFO neutron.db.ovn_revision_numbers_db [None req-cb1b2b0f-1808-4d33-9f54-5ec0a14452b6 e767bcac1d014eb38cebb2c223d0fef8 5aa0c9bcaebd470caa0f061537c2237e - - default default] Successfully bumped revision number for resource a56ef134-ce19-4356-a95e-c2d8ae17204c (type: security_group_rules) to 0
2026-03-02 22:31:44.921 10 INFO neutron.db.ovn_revision_numbers_db [None req-cb1b2b0f-1808-4d33-9f54-5ec0a14452b6 e767bcac1d014eb38cebb2c223d0fef8 5aa0c9bcaebd470caa0f061537c2237e - - default default] Successfully bumped revision number for resource d3b30add-99f0-470d-9e91-90513b0aed07 (type: security_group_rules) to 0
2026-03-02 22:31:44.968 10 INFO neutron.db.segments_db [None req-cb1b2b0f-1808-4d33-9f54-5ec0a14452b6 e767bcac1d014eb38cebb2c223d0fef8 5aa0c9bcaebd470caa0f061537c2237e - - default default] Added segment 09804fa8-18db-4f19-83a7-e708d7890e4e of type geneve for network 31ad2c46-f16e-45a8-b26e-3d47dc7a2aee
2026-03-02 22:31:45.115 10 INFO neutron.db.ovn_revision_numbers_db [None req-cb1b2b0f-1808-4d33-9f54-5ec0a14452b6 e767bcac1d014eb38cebb2c223d0fef8 5aa0c9bcaebd470caa0f061537c2237e - - default default] Successfully bumped revision number for resource 31ad2c46-f16e-45a8-b26e-3d47dc7a2aee (type: networks) to 1
2026-03-02 22:31:45.182 9 ERROR ovsdbapp.backend.ovs_idl.command [None req-c0bcf699-c384-4141-b00a-c703d032a86d b38dc441244f43b0bde7b31152462702 2aef40f86f6d4bf8a2ae9e41b8c751a0 - - default default] Error executing command (DbGetCommand): ovsdbapp.backend.ovs_idl.idlutils.RowNotFound: Cannot find Logical_Router_Port with name=lrp-b0843b23-0acb-4fd4-b6bf-f447fffb2469
2026-03-02 22:31:45.182 9 ERROR ovsdbapp.backend.ovs_idl.command
Traceback (most recent call last):
2026-03-02 22:31:45.182 9 ERROR ovsdbapp.backend.ovs_idl.command
File "/var/lib/openstack/lib/python3.10/site-packages/ovsdbapp/backend/ovs_idl/command.py", line 47, in execute
2026-03-02 22:31:45.182 9 ERROR ovsdbapp.backend.ovs_idl.command self.run_idl(None)
2026-03-02 22:31:45.182 9 ERROR ovsdbapp.backend.ovs_idl.command
File "/var/lib/openstack/lib/python3.10/site-packages/ovsdbapp/backend/ovs_idl/command.py", line 235, in run_idl
2026-03-02 22:31:45.182 9 ERROR ovsdbapp.backend.ovs_idl.command record = self.api.lookup(self.table, self.record)
2026-03-02 22:31:45.182 9 ERROR ovsdbapp.backend.ovs_idl.command
File "/var/lib/openstack/lib/python3.10/site-packages/ovsdbapp/backend/ovs_idl/__init__.py", line 184, in lookup
2026-03-02 22:31:45.182 9 ERROR ovsdbapp.backend.ovs_idl.command return self._lookup(table, record)
2026-03-02 22:31:45.182 9 ERROR ovsdbapp.backend.ovs_idl.command
File "/var/lib/openstack/lib/python3.10/site-packages/ovsdbapp/backend/ovs_idl/__init__.py", line 235, in _lookup
2026-03-02 22:31:45.182 9 ERROR ovsdbapp.backend.ovs_idl.command row = idlutils.row_by_value(self, rl.table, rl.column, record)
2026-03-02 22:31:45.182 9 ERROR ovsdbapp.backend.ovs_idl.command
File "/var/lib/openstack/lib/python3.10/site-packages/ovsdbapp/backend/ovs_idl/idlutils.py", line 114, in row_by_value
2026-03-02 22:31:45.182 9 ERROR ovsdbapp.backend.ovs_idl.command raise RowNotFound(table=table, col=column, match=match)
2026-03-02 22:31:45.182 9 ERROR ovsdbapp.backend.ovs_idl.command ovsdbapp.backend.ovs_idl.idlutils.RowNotFound: Cannot find Logical_Router_Port with name=lrp-b0843b23-0acb-4fd4-b6bf-f447fffb2469
2026-03-02 22:31:45.182 9 ERROR ovsdbapp.backend.ovs_idl.command 
2026-03-02 22:31:45.183 9 ERROR neutron_lib.callbacks.manager [None req-c0bcf699-c384-4141-b00a-c703d032a86d b38dc441244f43b0bde7b31152462702 2aef40f86f6d4bf8a2ae9e41b8c751a0 - - default default] Error during notification for neutron.services.ovn_l3.plugin.OVNL3RouterPlugin._port_update-8771042332399 port, after_update: ovsdbapp.backend.ovs_idl.idlutils.RowNotFound: Cannot find Logical_Router_Port with name=lrp-b0843b23-0acb-4fd4-b6bf-f447fffb2469
2026-03-02 22:31:45.183 9 ERROR neutron_lib.callbacks.manager
Traceback (most recent call last):
2026-03-02 22:31:45.183 9 ERROR neutron_lib.callbacks.manager
File "/var/lib/openstack/lib/python3.10/site-packages/neutron_lib/callbacks/manager.py", line 189, in _notify_loop
2026-03-02 22:31:45.183 9 ERROR neutron_lib.callbacks.manager callback.method(resource, event, trigger, payload=payload)
2026-03-02 22:31:45.183 9 ERROR neutron_lib.callbacks.manager
File "/var/lib/openstack/lib/python3.10/site-packages/neutron/services/ovn_l3/plugin.py", line 391, in _port_update
2026-03-02 22:31:45.183 9 ERROR neutron_lib.callbacks.manager l3plugin._ovn_client.update_router_port(context,
2026-03-02 22:31:45.183 9 ERROR neutron_lib.callbacks.manager
File "/var/lib/openstack/lib/python3.10/site-packages/neutron/plugins/ml2/drivers/ovn/mech_driver/ovsdb/ovn_client.py", line 1878, in update_router_port
2026-03-02 22:31:45.183 9 ERROR neutron_lib.callbacks.manager self._update_lrouter_port(context, port, if_exists=if_exists,
2026-03-02 22:31:45.183 9 ERROR neutron_lib.callbacks.manager
File "/var/lib/openstack/lib/python3.10/site-packages/neutron/plugins/ml2/drivers/ovn/mech_driver/ovsdb/ovn_client.py", line 1855, in _update_lrouter_port
2026-03-02 22:31:45.183 9 ERROR neutron_lib.callbacks.manager external_ids = self._nb_idl.db_get(
2026-03-02 22:31:45.183 9 ERROR neutron_lib.callbacks.manager
File "/var/lib/openstack/lib/python3.10/site-packages/ovsdbapp/backend/ovs_idl/command.py", line 47, in execute
2026-03-02 22:31:45.183 9 ERROR neutron_lib.callbacks.manager self.run_idl(None)
2026-03-02 22:31:45.183 9 ERROR neutron_lib.callbacks.manager
File "/var/lib/openstack/lib/python3.10/site-packages/ovsdbapp/backend/ovs_idl/command.py", line 235, in run_idl
2026-03-02 22:31:45.183 9 ERROR neutron_lib.callbacks.manager record = self.api.lookup(self.table, self.record)
2026-03-02 22:31:45.183 9 ERROR neutron_lib.callbacks.manager
File "/var/lib/openstack/lib/python3.10/site-packages/ovsdbapp/backend/ovs_idl/__init__.py", line 184, in lookup
2026-03-02 22:31:45.183 9 ERROR neutron_lib.callbacks.manager return self._lookup(table, record)
2026-03-02 22:31:45.183 9 ERROR neutron_lib.callbacks.manager
File "/var/lib/openstack/lib/python3.10/site-packages/ovsdbapp/backend/ovs_idl/__init__.py", line 235, in _lookup
2026-03-02 22:31:45.183 9 ERROR neutron_lib.callbacks.manager row = idlutils.row_by_value(self, rl.table, rl.column, record)
2026-03-02 22:31:45.183 9 ERROR neutron_lib.callbacks.manager
File "/var/lib/openstack/lib/python3.10/site-packages/ovsdbapp/backend/ovs_idl/idlutils.py", line 114, in row_by_value
2026-03-02 22:31:45.183 9 ERROR neutron_lib.callbacks.manager raise RowNotFound(table=table, col=column, match=match)
2026-03-02 22:31:45.183 9 ERROR neutron_lib.callbacks.manager ovsdbapp.backend.ovs_idl.idlutils.RowNotFound: Cannot find Logical_Router_Port with name=lrp-b0843b23-0acb-4fd4-b6bf-f447fffb2469
2026-03-02 22:31:45.183 9 ERROR neutron_lib.callbacks.manager 
2026-03-02 22:31:45.326 10 WARNING neutron.scheduler.dhcp_agent_scheduler [None req-cb1b2b0f-1808-4d33-9f54-5ec0a14452b6 e767bcac1d014eb38cebb2c223d0fef8 5aa0c9bcaebd470caa0f061537c2237e - - default default] No more DHCP agents
2026-03-02 22:31:45.329 10 WARNING neutron.api.rpc.agentnotifiers.dhcp_rpc_agent_api [None req-cb1b2b0f-1808-4d33-9f54-5ec0a14452b6 e767bcac1d014eb38cebb2c223d0fef8 5aa0c9bcaebd470caa0f061537c2237e - - default default] Unable to schedule network 31ad2c46-f16e-45a8-b26e-3d47dc7a2aee: no agents available; will retry on subsequent port and subnet creation events.
2026-03-02 22:31:45.410 10 INFO neutron.db.ovn_revision_numbers_db [None req-cb1b2b0f-1808-4d33-9f54-5ec0a14452b6 e767bcac1d014eb38cebb2c223d0fef8 5aa0c9bcaebd470caa0f061537c2237e - - default default] Successfully bumped revision number for resource 4bef20f9-f35d-4d25-81db-b6b56c2edbb7 (type: ports) to 1
2026-03-02 22:31:45.429 9 INFO neutron.db.ovn_revision_numbers_db [None req-c0bcf699-c384-4141-b00a-c703d032a86d b38dc441244f43b0bde7b31152462702 2aef40f86f6d4bf8a2ae9e41b8c751a0 - - default default] Successfully bumped revision number for resource b0843b23-0acb-4fd4-b6bf-f447fffb2469 (type: ports) to 1
2026-03-02 22:31:45.431 10 INFO neutron.wsgi [None req-cb1b2b0f-1808-4d33-9f54-5ec0a14452b6 e767bcac1d014eb38cebb2c223d0fef8 5aa0c9bcaebd470caa0f061537c2237e - - default default] 10.0.0.47 "POST /v2.0/networks HTTP/1.1" status: 201 len: 830 time: 0.8596270
2026-03-02 22:31:45.442 10 WARNING neutron_lib.context [None req-7726e07e-5074-4791-b4ee-1da47c4d389a e767bcac1d014eb38cebb2c223d0fef8 5aa0c9bcaebd470caa0f061537c2237e - - default default] Method 'is_advsvc' is deprecated since 2023.2 release (neutron-lib 3.8.0) and will be removed once support for the old RBAC API policies will be removed from Neutron. Please use method 'is_service_role' instead.
2026-03-02 22:31:45.502 9 WARNING neutron.scheduler.dhcp_agent_scheduler [None req-c0bcf699-c384-4141-b00a-c703d032a86d b38dc441244f43b0bde7b31152462702 2aef40f86f6d4bf8a2ae9e41b8c751a0 - - default default] No more DHCP agents
2026-03-02 22:31:45.503 9 WARNING neutron.api.rpc.agentnotifiers.dhcp_rpc_agent_api [None req-c0bcf699-c384-4141-b00a-c703d032a86d b38dc441244f43b0bde7b31152462702 2aef40f86f6d4bf8a2ae9e41b8c751a0 - - default default] Unable to schedule network aab0409c-1e86-45a5-81a4-958035cbe00a: no agents available; will retry on subsequent port and subnet creation events.
2026-03-02 22:31:45.691 10 WARNING neutron.scheduler.dhcp_agent_scheduler [None req-7726e07e-5074-4791-b4ee-1da47c4d389a e767bcac1d014eb38cebb2c223d0fef8 5aa0c9bcaebd470caa0f061537c2237e - - default default] No more DHCP agents
2026-03-02 22:31:45.692 10 WARNING neutron.api.rpc.agentnotifiers.dhcp_rpc_agent_api [None req-7726e07e-5074-4791-b4ee-1da47c4d389a e767bcac1d014eb38cebb2c223d0fef8 5aa0c9bcaebd470caa0f061537c2237e - - default default] Unable to schedule network 31ad2c46-f16e-45a8-b26e-3d47dc7a2aee: no agents available; will retry on subsequent port and subnet creation events.
2026-03-02 22:31:45.771 10 INFO neutron.db.ovn_revision_numbers_db [None req-7726e07e-5074-4791-b4ee-1da47c4d389a e767bcac1d014eb38cebb2c223d0fef8 5aa0c9bcaebd470caa0f061537c2237e - - default default] Successfully bumped revision number for resource 97a210a7-e4d0-41cc-a294-324adde97430 (type: ports) to 1
2026-03-02 22:31:45.798 10 INFO neutron.wsgi [None req-7726e07e-5074-4791-b4ee-1da47c4d389a e767bcac1d014eb38cebb2c223d0fef8 5aa0c9bcaebd470caa0f061537c2237e - - default default] 10.0.0.47 "POST /v2.0/ports HTTP/1.1" status: 201 len: 942 time: 0.3605797 /var/lib/openstack/lib/python3.10/site-packages/pycadf/identifier.py:71: UserWarning: Invalid uuid: neutron. To ensure interoperability, identifiers should be a valid uuid. warnings.warn(('Invalid uuid: %s. To ensure interoperability, '
2026-03-02 22:31:45.808 10 WARNING neutron_lib.context [None req-1263df66-0705-4657-81a5-2e09d38f1592 e767bcac1d014eb38cebb2c223d0fef8 5aa0c9bcaebd470caa0f061537c2237e - - default default] Method 'is_advsvc' is deprecated since 2023.2 release (neutron-lib 3.8.0) and will be removed once support for the old RBAC API policies will be removed from Neutron. Please use method 'is_service_role' instead.
2026-03-02 22:31:45.812 9 INFO neutron.db.ovn_revision_numbers_db [None req-c0bcf699-c384-4141-b00a-c703d032a86d b38dc441244f43b0bde7b31152462702 2aef40f86f6d4bf8a2ae9e41b8c751a0 - - default default] Successfully bumped revision number for resource b0843b23-0acb-4fd4-b6bf-f447fffb2469 (type: router_ports) to 1
2026-03-02 22:31:45.818 9 INFO neutron.wsgi [None req-c0bcf699-c384-4141-b00a-c703d032a86d b38dc441244f43b0bde7b31152462702 2aef40f86f6d4bf8a2ae9e41b8c751a0 - - default default] 10.0.0.47 "PUT /v2.0/routers/252408fe-e849-415f-8111-8ac9981da633/add_router_interface HTTP/1.1" status: 200 len: 503 time: 2.0939600
2026-03-02 22:31:45.845 10 WARNING neutron.plugins.ml2.drivers.ovn.mech_driver.ovsdb.ovn_client [None req-ab6bebf8-81d7-4154-9122-b25a1953607a - - - - - -] No hosting information found for port efd39ed8-14a2-46df-b911-0f6881c393cb: RuntimeError: No hosting information found for port efd39ed8-14a2-46df-b911-0f6881c393cb
2026-03-02 22:31:45.846 10 INFO neutron.plugins.ml2.drivers.ovn.mech_driver.mech_driver [None req-ab6bebf8-81d7-4154-9122-b25a1953607a - - - - - -] OVN reports status up for port: b0843b23-0acb-4fd4-b6bf-f447fffb2469
2026-03-02 22:31:45.855 10 INFO neutron.plugins.ml2.plugin [None req-ab6bebf8-81d7-4154-9122-b25a1953607a - - - - - -] Attempt 1 to provision port b0843b23-0acb-4fd4-b6bf-f447fffb2469
2026-03-02 22:31:45.874 9 WARNING neutron_lib.context [None req-e21c86b6-2296-455d-9a28-f02f8634ecbc b38dc441244f43b0bde7b31152462702 2aef40f86f6d4bf8a2ae9e41b8c751a0 - - default default] Method 'is_advsvc' is deprecated since 2023.2 release (neutron-lib 3.8.0) and will be removed once support for the old RBAC API policies will be removed from Neutron. Please use method 'is_service_role' instead.
2026-03-02 22:31:46.010 9 INFO neutron.db.ovn_revision_numbers_db [None req-e21c86b6-2296-455d-9a28-f02f8634ecbc b38dc441244f43b0bde7b31152462702 2aef40f86f6d4bf8a2ae9e41b8c751a0 - - default default] Successfully bumped revision number for resource 21216ada-a9df-44bc-9f25-47672b95efdb (type: security_groups) to 1
2026-03-02 22:31:46.026 9 INFO neutron.db.ovn_revision_numbers_db [None req-e21c86b6-2296-455d-9a28-f02f8634ecbc b38dc441244f43b0bde7b31152462702 2aef40f86f6d4bf8a2ae9e41b8c751a0 - - default default] Successfully bumped revision number for resource 0653a6a3-a0c4-4776-bc7b-0e3f4c5eb45a (type: security_group_rules) to 0
2026-03-02 22:31:46.049 9 INFO neutron.db.ovn_revision_numbers_db [None req-e21c86b6-2296-455d-9a28-f02f8634ecbc b38dc441244f43b0bde7b31152462702 2aef40f86f6d4bf8a2ae9e41b8c751a0 - - default default] Successfully bumped revision number for resource 99e35217-d14e-4a0b-84c7-c39c6ad7dacb (type: security_group_rules) to 0
2026-03-02 22:31:46.079 9 INFO neutron.wsgi [None req-e21c86b6-2296-455d-9a28-f02f8634ecbc b38dc441244f43b0bde7b31152462702 2aef40f86f6d4bf8a2ae9e41b8c751a0 - - default default] 10.0.0.47 "POST /v2.0/security-groups HTTP/1.1" status: 201 len: 1829 time: 0.2124252
2026-03-02 22:31:46.095 9 WARNING neutron_lib.context [None req-daaf6cba-e730-4280-bee1-33cc9c2be5c8 b38dc441244f43b0bde7b31152462702 2aef40f86f6d4bf8a2ae9e41b8c751a0 - - default default] Method 'is_advsvc' is deprecated since 2023.2 release (neutron-lib 3.8.0) and will be removed once support for the old RBAC API policies will be removed from Neutron. Please use method 'is_service_role' instead.
2026-03-02 22:31:46.234 9 INFO neutron.db.ovn_revision_numbers_db [None req-daaf6cba-e730-4280-bee1-33cc9c2be5c8 b38dc441244f43b0bde7b31152462702 2aef40f86f6d4bf8a2ae9e41b8c751a0 - - default default] Successfully bumped revision number for resource 8b9a1205-a13b-40ce-8b39-4c654857c285 (type: security_group_rules) to 0
2026-03-02 22:31:46.262 9 INFO neutron.wsgi [None req-daaf6cba-e730-4280-bee1-33cc9c2be5c8 b38dc441244f43b0bde7b31152462702 2aef40f86f6d4bf8a2ae9e41b8c751a0 - - default default] 10.0.0.47 "POST /v2.0/security-group-rules HTTP/1.1" status: 201 len: 796 time: 0.1719236
2026-03-02 22:31:46.272 9 WARNING neutron_lib.context [None req-70160554-38b1-42fa-9bc8-f4690b6eaac1 b38dc441244f43b0bde7b31152462702 2aef40f86f6d4bf8a2ae9e41b8c751a0 - - default default] Method 'is_advsvc' is deprecated since 2023.2 release (neutron-lib 3.8.0) and will be removed once support for the old RBAC API policies will be removed from Neutron. Please use method 'is_service_role' instead.
2026-03-02 22:31:46.371 10 INFO neutron.wsgi [None req-1263df66-0705-4657-81a5-2e09d38f1592 e767bcac1d014eb38cebb2c223d0fef8 5aa0c9bcaebd470caa0f061537c2237e - - default default] 10.0.0.47 "POST /v2.0/trunks HTTP/1.1" status: 201 len: 608 time: 0.5684085
2026-03-02 22:31:46.383 10 WARNING neutron_lib.context [None req-3d17fbfd-d448-4d25-825f-00f92c3d41f8 e767bcac1d014eb38cebb2c223d0fef8 5aa0c9bcaebd470caa0f061537c2237e - - default default] Method 'is_advsvc' is deprecated since 2023.2 release (neutron-lib 3.8.0) and will be removed once support for the old RBAC API policies will be removed from Neutron. Please use method 'is_service_role' instead.
2026-03-02 22:31:46.413 9 INFO neutron.db.ovn_revision_numbers_db [None req-70160554-38b1-42fa-9bc8-f4690b6eaac1 b38dc441244f43b0bde7b31152462702 2aef40f86f6d4bf8a2ae9e41b8c751a0 - - default default] Successfully bumped revision number for resource 21663f9d-e81b-41e9-ac61-fa9001310a60 (type: security_group_rules) to 0
2026-03-02 22:31:46.443 9 INFO neutron.wsgi [None req-70160554-38b1-42fa-9bc8-f4690b6eaac1 b38dc441244f43b0bde7b31152462702 2aef40f86f6d4bf8a2ae9e41b8c751a0 - - default default] 10.0.0.47 "POST /v2.0/security-group-rules HTTP/1.1" status: 201 len: 796 time: 0.1760728
2026-03-02 22:31:46.453 9 WARNING neutron_lib.context [None req-0d8421e9-b1cb-4899-8b11-c523912546f1 b38dc441244f43b0bde7b31152462702 2aef40f86f6d4bf8a2ae9e41b8c751a0 - - default default] Method 'is_advsvc' is deprecated since 2023.2 release (neutron-lib 3.8.0) and will be removed once support for the old RBAC API policies will be removed from Neutron. Please use method 'is_service_role' instead.
2026-03-02 22:31:46.490 10 INFO neutron.db.segments_db [None req-3d17fbfd-d448-4d25-825f-00f92c3d41f8 e767bcac1d014eb38cebb2c223d0fef8 5aa0c9bcaebd470caa0f061537c2237e - - default default] Added segment 161ca2eb-1fdb-4288-b4f0-132b5c5deae7 of type geneve for network 71f196d9-c934-4250-860b-1f8236a09eda
2026-03-02 22:31:46.586 9 INFO neutron.db.ovn_revision_numbers_db [None req-0d8421e9-b1cb-4899-8b11-c523912546f1 b38dc441244f43b0bde7b31152462702 2aef40f86f6d4bf8a2ae9e41b8c751a0 - - default default] Successfully bumped revision number for resource 7b75e4bf-a9d7-4aa6-aaee-673e0be5e9f0 (type: security_group_rules) to 0
2026-03-02 22:31:46.614 9 INFO neutron.wsgi [None req-0d8421e9-b1cb-4899-8b11-c523912546f1 b38dc441244f43b0bde7b31152462702 2aef40f86f6d4bf8a2ae9e41b8c751a0 - - default default] 10.0.0.47 "POST /v2.0/security-group-rules HTTP/1.1" status: 201 len: 798 time: 0.1667743
2026-03-02 22:31:46.623 9 WARNING neutron_lib.context [None req-04d7caac-54c6-472e-95be-c644c14cd6d7 b38dc441244f43b0bde7b31152462702 2aef40f86f6d4bf8a2ae9e41b8c751a0 - - default default] Method 'is_advsvc' is deprecated since 2023.2 release (neutron-lib 3.8.0) and will be removed once support for the old RBAC API policies will be removed from Neutron. Please use method 'is_service_role' instead.
2026-03-02 22:31:46.681 10 INFO neutron.db.ovn_revision_numbers_db [None req-3d17fbfd-d448-4d25-825f-00f92c3d41f8 e767bcac1d014eb38cebb2c223d0fef8 5aa0c9bcaebd470caa0f061537c2237e - - default default] Successfully bumped revision number for resource 71f196d9-c934-4250-860b-1f8236a09eda (type: networks) to 1
2026-03-02 22:31:46.759 10 INFO neutron.db.ovn_revision_numbers_db [None req-ab6bebf8-81d7-4154-9122-b25a1953607a - - - - - -] Successfully bumped revision number for resource b0843b23-0acb-4fd4-b6bf-f447fffb2469 (type: ports) to 2
2026-03-02 22:31:46.765 9 INFO neutron.db.ovn_revision_numbers_db [None req-04d7caac-54c6-472e-95be-c644c14cd6d7 b38dc441244f43b0bde7b31152462702 2aef40f86f6d4bf8a2ae9e41b8c751a0 - - default default] Successfully bumped revision number for resource 1b43ad5e-4986-4ccf-ae78-9bab55dd5691 (type: security_group_rules) to 0
2026-03-02 22:31:46.866 10 INFO neutron.wsgi [-] 10.0.0.44 "GET / HTTP/1.1" status: 200 len: 247 time: 0.0014858
2026-03-02 22:31:46.868 10 INFO neutron.wsgi [-] 10.0.0.44 "GET / HTTP/1.1" status: 200 len: 247 time: 0.0009995
2026-03-02 22:31:46.953 10 WARNING neutron.scheduler.dhcp_agent_scheduler [None req-3d17fbfd-d448-4d25-825f-00f92c3d41f8 e767bcac1d014eb38cebb2c223d0fef8 5aa0c9bcaebd470caa0f061537c2237e - - default default] No more DHCP agents
2026-03-02 22:31:46.958 10 WARNING neutron.api.rpc.agentnotifiers.dhcp_rpc_agent_api [None req-3d17fbfd-d448-4d25-825f-00f92c3d41f8 e767bcac1d014eb38cebb2c223d0fef8 5aa0c9bcaebd470caa0f061537c2237e - - default default] Unable to schedule network 71f196d9-c934-4250-860b-1f8236a09eda: no agents available; will retry on subsequent port and subnet creation events.
2026-03-02 22:31:46.971 10 INFO neutron.db.ovn_revision_numbers_db [None req-ab6bebf8-81d7-4154-9122-b25a1953607a - - - - - -] Successfully bumped revision number for resource b0843b23-0acb-4fd4-b6bf-f447fffb2469 (type: router_ports) to 2
2026-03-02 22:31:47.047 9 INFO neutron.wsgi [None req-04d7caac-54c6-472e-95be-c644c14cd6d7 b38dc441244f43b0bde7b31152462702 2aef40f86f6d4bf8a2ae9e41b8c751a0 - - default default] 10.0.0.47 "POST /v2.0/security-group-rules HTTP/1.1" status: 201 len: 800 time: 0.4283025
2026-03-02 22:31:47.055 9 WARNING neutron_lib.context [None req-60b3882e-614c-41f3-8454-5ffb42f1e721 b38dc441244f43b0bde7b31152462702 2aef40f86f6d4bf8a2ae9e41b8c751a0 - - default default] Method 'is_advsvc' is deprecated since 2023.2 release (neutron-lib 3.8.0) and will be removed once support for the old RBAC API policies will be removed from Neutron. Please use method 'is_service_role' instead.
2026-03-02 22:31:47.073 10 INFO neutron.db.ovn_revision_numbers_db [None req-3d17fbfd-d448-4d25-825f-00f92c3d41f8 e767bcac1d014eb38cebb2c223d0fef8 5aa0c9bcaebd470caa0f061537c2237e - - default default] Successfully bumped revision number for resource 1e5f6d4e-49b4-4ee2-a938-7c778504f12c (type: ports) to 1
2026-03-02 22:31:47.093 10 INFO neutron.wsgi [None req-3d17fbfd-d448-4d25-825f-00f92c3d41f8 e767bcac1d014eb38cebb2c223d0fef8 5aa0c9bcaebd470caa0f061537c2237e - - default default] 10.0.0.47 "POST /v2.0/networks HTTP/1.1" status: 201 len: 830 time: 0.7154949
2026-03-02 22:31:47.102 9 WARNING neutron_lib.context [None req-8b3010bb-16f9-46b0-afbd-717a5b70fc25 e767bcac1d014eb38cebb2c223d0fef8 5aa0c9bcaebd470caa0f061537c2237e - - default default] Method 'is_advsvc' is deprecated since 2023.2 release (neutron-lib 3.8.0) and will be removed once support for the old RBAC API policies will be removed from Neutron. Please use method 'is_service_role' instead.
2026-03-02 22:31:47.222 9 INFO neutron.db.ovn_revision_numbers_db [None req-60b3882e-614c-41f3-8454-5ffb42f1e721 b38dc441244f43b0bde7b31152462702 2aef40f86f6d4bf8a2ae9e41b8c751a0 - - default default] Successfully bumped revision number for resource 896118f1-0c81-469c-b83a-0227fbee748b (type: security_group_rules) to 0
2026-03-02 22:31:47.255 9 INFO neutron.wsgi [None req-60b3882e-614c-41f3-8454-5ffb42f1e721 b38dc441244f43b0bde7b31152462702 2aef40f86f6d4bf8a2ae9e41b8c751a0 - - default default] 10.0.0.47 "POST /v2.0/security-group-rules HTTP/1.1" status: 201 len: 800 time: 0.2048571
2026-03-02 22:31:47.265 10 WARNING neutron_lib.context [None req-42912ce3-24d8-43b9-8750-3203326d9420 b38dc441244f43b0bde7b31152462702 2aef40f86f6d4bf8a2ae9e41b8c751a0 - - default default] Method 'is_advsvc' is deprecated since 2023.2 release (neutron-lib 3.8.0) and will be removed once support for the old RBAC API policies will be removed from Neutron. Please use method 'is_service_role' instead.
2026-03-02 22:31:47.355 9 WARNING neutron.scheduler.dhcp_agent_scheduler [None req-8b3010bb-16f9-46b0-afbd-717a5b70fc25 e767bcac1d014eb38cebb2c223d0fef8 5aa0c9bcaebd470caa0f061537c2237e - - default default] No more DHCP agents
2026-03-02 22:31:47.356 9 WARNING neutron.api.rpc.agentnotifiers.dhcp_rpc_agent_api [None req-8b3010bb-16f9-46b0-afbd-717a5b70fc25 e767bcac1d014eb38cebb2c223d0fef8 5aa0c9bcaebd470caa0f061537c2237e - - default default] Unable to schedule network 71f196d9-c934-4250-860b-1f8236a09eda: no agents available; will retry on subsequent port and subnet creation events.
2026-03-02 22:31:47.426 10 INFO neutron.db.ovn_revision_numbers_db [None req-42912ce3-24d8-43b9-8750-3203326d9420 b38dc441244f43b0bde7b31152462702 2aef40f86f6d4bf8a2ae9e41b8c751a0 - - default default] Successfully bumped revision number for resource 73c575d6-b743-450a-a24a-eb004b1562d9 (type: security_group_rules) to 0
2026-03-02 22:31:47.436 9 INFO neutron.db.ovn_revision_numbers_db [None req-8b3010bb-16f9-46b0-afbd-717a5b70fc25 e767bcac1d014eb38cebb2c223d0fef8 5aa0c9bcaebd470caa0f061537c2237e - - default default] Successfully bumped revision number for resource bc18534d-15b5-475c-89c6-1b5de4e45331 (type: ports) to 1
2026-03-02 22:31:47.458 10 INFO neutron.wsgi [None req-42912ce3-24d8-43b9-8750-3203326d9420 b38dc441244f43b0bde7b31152462702 2aef40f86f6d4bf8a2ae9e41b8c751a0 - - default default] 10.0.0.47 "POST /v2.0/security-group-rules HTTP/1.1" status: 201 len: 796 time: 0.1970055
2026-03-02 22:31:47.467 9 INFO neutron.wsgi [None req-8b3010bb-16f9-46b0-afbd-717a5b70fc25 e767bcac1d014eb38cebb2c223d0fef8 5aa0c9bcaebd470caa0f061537c2237e - - default default] 10.0.0.47 "POST /v2.0/ports HTTP/1.1" status: 201 len: 942 time: 0.3702579
2026-03-02 22:31:47.471 10 WARNING neutron_lib.context [None req-2e921784-e96a-4d64-b043-3904d0200dff b38dc441244f43b0bde7b31152462702 2aef40f86f6d4bf8a2ae9e41b8c751a0 - - default default] Method 'is_advsvc' is deprecated since 2023.2 release (neutron-lib 3.8.0) and will be removed once support for the old RBAC API policies will be removed from Neutron. Please use method 'is_service_role' instead. /var/lib/openstack/lib/python3.10/site-packages/pycadf/identifier.py:71: UserWarning: Invalid uuid: neutron. To ensure interoperability, identifiers should be a valid uuid. warnings.warn(('Invalid uuid: %s. To ensure interoperability, '
2026-03-02 22:31:47.475 9 WARNING neutron_lib.context [None req-617c3438-90be-49a6-933f-9a13ee76b391 e767bcac1d014eb38cebb2c223d0fef8 5aa0c9bcaebd470caa0f061537c2237e - - default default] Method 'is_advsvc' is deprecated since 2023.2 release (neutron-lib 3.8.0) and will be removed once support for the old RBAC API policies will be removed from Neutron. Please use method 'is_service_role' instead.
2026-03-02 22:31:47.605 10 INFO neutron.db.ovn_revision_numbers_db [None req-2e921784-e96a-4d64-b043-3904d0200dff b38dc441244f43b0bde7b31152462702 2aef40f86f6d4bf8a2ae9e41b8c751a0 - - default default] Successfully bumped revision number for resource 7eb94208-2c68-4e10-a801-ce9481078683 (type: security_group_rules) to 0
2026-03-02 22:31:47.632 10 INFO neutron.wsgi [None req-2e921784-e96a-4d64-b043-3904d0200dff b38dc441244f43b0bde7b31152462702 2aef40f86f6d4bf8a2ae9e41b8c751a0 - - default default] 10.0.0.47 "POST /v2.0/security-group-rules HTTP/1.1" status: 201 len: 796 time: 0.1657810
2026-03-02 22:31:47.642 10 WARNING neutron_lib.context [None req-731e5c47-a49e-4011-bb02-6a4f67586cc0 b38dc441244f43b0bde7b31152462702 2aef40f86f6d4bf8a2ae9e41b8c751a0 - - default default] Method 'is_advsvc' is deprecated since 2023.2 release (neutron-lib 3.8.0) and will be removed once support for the old RBAC API policies will be removed from Neutron. Please use method 'is_service_role' instead.
2026-03-02 22:31:47.678 9 INFO neutron.wsgi [None req-617c3438-90be-49a6-933f-9a13ee76b391 e767bcac1d014eb38cebb2c223d0fef8 5aa0c9bcaebd470caa0f061537c2237e - - default default] 10.0.0.47 "POST /v2.0/trunks HTTP/1.1" status: 201 len: 608 time: 0.2069273
2026-03-02 22:31:47.689 10 WARNING neutron_lib.context [None req-e0a4d29b-691f-487a-96ef-bf50066fb93d e767bcac1d014eb38cebb2c223d0fef8 5aa0c9bcaebd470caa0f061537c2237e - - default default] Method 'is_advsvc' is deprecated since 2023.2 release (neutron-lib 3.8.0) and will be removed once support for the old RBAC API policies will be removed from Neutron. Please use method 'is_service_role' instead.
2026-03-02 22:31:47.787 10 INFO neutron.db.segments_db [None req-e0a4d29b-691f-487a-96ef-bf50066fb93d e767bcac1d014eb38cebb2c223d0fef8 5aa0c9bcaebd470caa0f061537c2237e - - default default] Added segment 332122e0-e744-4a37-a9dc-a8d1058f733a of type geneve for network 402976b1-9d59-427f-90bd-02d96ef88a82
2026-03-02 22:31:47.840 10 INFO neutron.db.ovn_revision_numbers_db [None req-731e5c47-a49e-4011-bb02-6a4f67586cc0 b38dc441244f43b0bde7b31152462702 2aef40f86f6d4bf8a2ae9e41b8c751a0 - - default default] Successfully bumped revision number for resource d4b089cb-834c-4bdd-b657-09454a528813 (type: security_group_rules) to 0
2026-03-02 22:31:47.873 10 INFO neutron.wsgi [None req-731e5c47-a49e-4011-bb02-6a4f67586cc0 b38dc441244f43b0bde7b31152462702 2aef40f86f6d4bf8a2ae9e41b8c751a0 - - default default] 10.0.0.47 "POST /v2.0/security-group-rules HTTP/1.1" status: 201 len: 796 time: 0.2355592
2026-03-02 22:31:47.884 9 WARNING neutron_lib.context [None req-9643f04d-3d01-4aa2-947b-45efb59867f1 b38dc441244f43b0bde7b31152462702 2aef40f86f6d4bf8a2ae9e41b8c751a0 - - default default] Method 'is_advsvc' is deprecated since 2023.2 release (neutron-lib 3.8.0) and will be removed once support for the old RBAC API policies will be removed from Neutron. Please use method 'is_service_role' instead.
2026-03-02 22:31:47.928 9 INFO neutron.wsgi [None req-f95dc2b3-3ae1-4fc1-813b-c8162ee3fc25 6195e1ae26dd4545ad79c346fe9666a7 a6d2f78b96a4433b9cd04218abadbfcd - - default default] 10.0.0.208 "GET /v2.0/agents HTTP/1.1" status: 200 len: 1390 time: 0.1484401
2026-03-02 22:31:47.947 10 INFO neutron.db.ovn_revision_numbers_db [None req-e0a4d29b-691f-487a-96ef-bf50066fb93d e767bcac1d014eb38cebb2c223d0fef8 5aa0c9bcaebd470caa0f061537c2237e - - default default] Successfully bumped revision number for resource 402976b1-9d59-427f-90bd-02d96ef88a82 (type: networks) to 1
2026-03-02 22:31:47.961 9 INFO neutron.wsgi [None req-9e281d3f-41aa-4fa2-af62-798453823b13 6195e1ae26dd4545ad79c346fe9666a7 a6d2f78b96a4433b9cd04218abadbfcd - - default default] 10.0.0.208 "GET /v2.0/network-ip-availabilities HTTP/1.1" status: 200 len: 4162 time: 0.0200806
2026-03-02 22:31:48.018 9 INFO neutron.wsgi [None req-37d9f571-1753-4028-a898-fff1c4f51cab 6195e1ae26dd4545ad79c346fe9666a7 a6d2f78b96a4433b9cd04218abadbfcd - - default default] 10.0.0.208 "GET /v2.0/subnets HTTP/1.1" status: 200 len: 5495 time: 0.0558355
2026-03-02 22:31:48.035 9 INFO neutron.wsgi [None req-bac39c85-122a-406a-a6b1-89e8a0e61937 6195e1ae26dd4545ad79c346fe9666a7 a6d2f78b96a4433b9cd04218abadbfcd - - default default] 10.0.0.208 "GET /v2.0/subnetpools HTTP/1.1" status: 200 len: 193 time: 0.0126495
2026-03-02 22:31:48.133 10 WARNING neutron.scheduler.dhcp_agent_scheduler [None req-e0a4d29b-691f-487a-96ef-bf50066fb93d e767bcac1d014eb38cebb2c223d0fef8 5aa0c9bcaebd470caa0f061537c2237e - - default default] No more DHCP agents
2026-03-02 22:31:48.135 10 WARNING neutron.api.rpc.agentnotifiers.dhcp_rpc_agent_api [None req-e0a4d29b-691f-487a-96ef-bf50066fb93d e767bcac1d014eb38cebb2c223d0fef8 5aa0c9bcaebd470caa0f061537c2237e - - default default] Unable to schedule network 402976b1-9d59-427f-90bd-02d96ef88a82: no agents available; will retry on subsequent port and subnet creation events.
2026-03-02 22:31:48.139 9 INFO neutron.wsgi [None req-d03ed6bc-7541-4783-b3e9-5a3b2d6600b7 6195e1ae26dd4545ad79c346fe9666a7 a6d2f78b96a4433b9cd04218abadbfcd - - default default] 10.0.0.208 "GET /v2.0/networks HTTP/1.1" status: 200 len: 6836 time: 0.1032119
2026-03-02 22:31:48.233 9 INFO neutron.db.ovn_revision_numbers_db [None req-9643f04d-3d01-4aa2-947b-45efb59867f1 b38dc441244f43b0bde7b31152462702 2aef40f86f6d4bf8a2ae9e41b8c751a0 - - default default] Successfully bumped revision number for resource 6301ec74-63c3-46ed-b244-53d13a2148fe (type: security_group_rules) to 0
2026-03-02 22:31:48.234 10 INFO neutron.db.ovn_revision_numbers_db [None req-e0a4d29b-691f-487a-96ef-bf50066fb93d e767bcac1d014eb38cebb2c223d0fef8 5aa0c9bcaebd470caa0f061537c2237e - - default default] Successfully bumped revision number for resource ac055ae6-cb53-4c3c-99ac-f6acc4f50f7d (type: ports) to 1
2026-03-02 22:31:48.258 10 INFO neutron.wsgi [None req-e0a4d29b-691f-487a-96ef-bf50066fb93d e767bcac1d014eb38cebb2c223d0fef8 5aa0c9bcaebd470caa0f061537c2237e - - default default] 10.0.0.47 "POST /v2.0/networks HTTP/1.1" status: 201 len: 830 time: 0.5733573
2026-03-02 22:31:48.273 9 INFO neutron.wsgi [None req-9643f04d-3d01-4aa2-947b-45efb59867f1 b38dc441244f43b0bde7b31152462702 2aef40f86f6d4bf8a2ae9e41b8c751a0 - - default default] 10.0.0.47 "POST /v2.0/security-group-rules HTTP/1.1" status: 201 len: 798 time: 0.3958497
2026-03-02 22:31:48.275 9 INFO neutron.wsgi [None req-7968d7ba-7f06-4b92-9054-c1dda4bd2641 6195e1ae26dd4545ad79c346fe9666a7 a6d2f78b96a4433b9cd04218abadbfcd - - default default] 10.0.0.208 "GET /v2.0/routers HTTP/1.1" status: 200 len: 1140 time: 0.1291478
2026-03-02 22:31:48.279 10 WARNING neutron_lib.context [None req-7d9d7e74-6c26-4d3b-858d-e1f7eacfbe0e e767bcac1d014eb38cebb2c223d0fef8 5aa0c9bcaebd470caa0f061537c2237e - - default default] Method 'is_advsvc' is deprecated since 2023.2 release (neutron-lib 3.8.0) and will be removed once support for the old RBAC API policies will be removed from Neutron. Please use method 'is_service_role' instead.
2026-03-02 22:31:48.285 9 WARNING neutron_lib.context [None req-fc61bb15-ea18-4972-8ec2-03cac7aa0185 b38dc441244f43b0bde7b31152462702 2aef40f86f6d4bf8a2ae9e41b8c751a0 - - default default] Method 'is_advsvc' is deprecated since 2023.2 release (neutron-lib 3.8.0) and will be removed once support for the old RBAC API policies will be removed from Neutron. Please use method 'is_service_role' instead.
2026-03-02 22:31:48.290 9 INFO neutron.wsgi [None req-d3783257-c9c7-450d-ba71-7feebd55b5d1 6195e1ae26dd4545ad79c346fe9666a7 a6d2f78b96a4433b9cd04218abadbfcd - - default default] 10.0.0.208 "GET /v2.0/agents?binary=ovn-controller HTTP/1.1" status: 200 len: 591 time: 0.0141671
2026-03-02 22:31:48.322 9 INFO neutron.wsgi [None req-445a2238-3d1b-40e8-a59c-285ee61ba436 6195e1ae26dd4545ad79c346fe9666a7 a6d2f78b96a4433b9cd04218abadbfcd - - default default] 10.0.0.208 "GET /v2.0/floatingips HTTP/1.1" status: 200 len: 193 time: 0.0296988
2026-03-02 22:31:48.426 9 INFO neutron.wsgi [None req-41da850a-42d6-4c81-a48b-fd7bc5005dd1 6195e1ae26dd4545ad79c346fe9666a7 a6d2f78b96a4433b9cd04218abadbfcd - - default default] 10.0.0.208 "GET /v2.0/ports HTTP/1.1" status: 200 len: 17245 time: 0.1024668
2026-03-02 22:31:48.487 9 INFO neutron.wsgi [None req-f3be69c9-844a-4d1f-bf0b-e3834a607c9b 6195e1ae26dd4545ad79c346fe9666a7 a6d2f78b96a4433b9cd04218abadbfcd - - default default] 10.0.0.208 "GET /v2.0/subnets HTTP/1.1" status: 200 len: 5495 time: 0.0466976
2026-03-02 22:31:48.540 9 INFO neutron.wsgi [None req-441ffb9e-5144-4092-9175-4e6ecbf89f8d 6195e1ae26dd4545ad79c346fe9666a7 a6d2f78b96a4433b9cd04218abadbfcd - - default default] 10.0.0.208 "GET /v2.0/security-groups HTTP/1.1" status: 200 len: 30515 time: 0.0508609
2026-03-02 22:31:48.549 10 WARNING neutron.scheduler.dhcp_agent_scheduler [None req-7d9d7e74-6c26-4d3b-858d-e1f7eacfbe0e e767bcac1d014eb38cebb2c223d0fef8 5aa0c9bcaebd470caa0f061537c2237e - - default default] No more DHCP agents
2026-03-02 22:31:48.552 10 WARNING neutron.api.rpc.agentnotifiers.dhcp_rpc_agent_api [None req-7d9d7e74-6c26-4d3b-858d-e1f7eacfbe0e e767bcac1d014eb38cebb2c223d0fef8 5aa0c9bcaebd470caa0f061537c2237e - - default default] Unable to schedule network 402976b1-9d59-427f-90bd-02d96ef88a82: no agents available; will retry on subsequent port and subnet creation events.
2026-03-02 22:31:48.615 9 INFO neutron.db.ovn_revision_numbers_db [None req-fc61bb15-ea18-4972-8ec2-03cac7aa0185 b38dc441244f43b0bde7b31152462702 2aef40f86f6d4bf8a2ae9e41b8c751a0 - - default default] Successfully bumped revision number for resource 48bcee45-bd92-46b1-91f5-8ecf7ed818f3 (type: security_group_rules) to 0
2026-03-02 22:31:48.633 10 INFO neutron.db.ovn_revision_numbers_db [None req-7d9d7e74-6c26-4d3b-858d-e1f7eacfbe0e e767bcac1d014eb38cebb2c223d0fef8 5aa0c9bcaebd470caa0f061537c2237e - - default default] Successfully bumped revision number for resource 64bca215-01d8-4118-bfb5-7c4740bf3ebf (type: ports) to 1
2026-03-02 22:31:48.638 9 INFO neutron.wsgi [None req-fc61bb15-ea18-4972-8ec2-03cac7aa0185 b38dc441244f43b0bde7b31152462702 2aef40f86f6d4bf8a2ae9e41b8c751a0 - - default default] 10.0.0.47 "POST /v2.0/security-group-rules HTTP/1.1" status: 201 len: 800 time: 0.3574035
2026-03-02 22:31:48.647 9 WARNING neutron_lib.context [None req-bf62cb45-aea6-434f-ac4c-a7e1739dea72 b38dc441244f43b0bde7b31152462702 2aef40f86f6d4bf8a2ae9e41b8c751a0 - - default default] Method 'is_advsvc' is deprecated since 2023.2 release (neutron-lib 3.8.0) and will be removed once support for the old RBAC API policies will be removed from Neutron. Please use method 'is_service_role' instead.
2026-03-02 22:31:48.657 10 INFO neutron.wsgi [None req-7d9d7e74-6c26-4d3b-858d-e1f7eacfbe0e e767bcac1d014eb38cebb2c223d0fef8 5aa0c9bcaebd470caa0f061537c2237e - - default default] 10.0.0.47 "POST /v2.0/ports HTTP/1.1" status: 201 len: 942 time: 0.3838396 /var/lib/openstack/lib/python3.10/site-packages/pycadf/identifier.py:71: UserWarning: Invalid uuid: neutron. To ensure interoperability, identifiers should be a valid uuid. warnings.warn(('Invalid uuid: %s. To ensure interoperability, '
2026-03-02 22:31:48.667 10 WARNING neutron_lib.context [None req-f4d272f8-e894-4c56-86a4-7230681721e9 e767bcac1d014eb38cebb2c223d0fef8 5aa0c9bcaebd470caa0f061537c2237e - - default default] Method 'is_advsvc' is deprecated since 2023.2 release (neutron-lib 3.8.0) and will be removed once support for the old RBAC API policies will be removed from Neutron. Please use method 'is_service_role' instead.
2026-03-02 22:31:48.794 9 INFO neutron.db.ovn_revision_numbers_db [None req-bf62cb45-aea6-434f-ac4c-a7e1739dea72 b38dc441244f43b0bde7b31152462702 2aef40f86f6d4bf8a2ae9e41b8c751a0 - - default default] Successfully bumped revision number for resource 830bdf95-c9b4-40c6-8ad4-3f98ee6037bc (type: security_group_rules) to 0
2026-03-02 22:31:48.816 9 INFO neutron.wsgi [None req-bf62cb45-aea6-434f-ac4c-a7e1739dea72 b38dc441244f43b0bde7b31152462702 2aef40f86f6d4bf8a2ae9e41b8c751a0 - - default default] 10.0.0.47 "POST /v2.0/security-group-rules HTTP/1.1" status: 201 len: 796 time: 0.1738007
2026-03-02 22:31:48.844 10 INFO neutron.wsgi [None req-f4d272f8-e894-4c56-86a4-7230681721e9 e767bcac1d014eb38cebb2c223d0fef8 5aa0c9bcaebd470caa0f061537c2237e - - default default] 10.0.0.47 "POST /v2.0/trunks HTTP/1.1" status: 201 len: 608 time: 0.1819308
2026-03-02 22:31:48.853 10 WARNING neutron_lib.context [None req-7ca534c1-7173-491f-a1f6-5c7f668d0fea e767bcac1d014eb38cebb2c223d0fef8 5aa0c9bcaebd470caa0f061537c2237e - - default default] Method 'is_advsvc' is deprecated since 2023.2 release (neutron-lib 3.8.0) and will be removed once support for the old RBAC API policies will be removed from Neutron. Please use method 'is_service_role' instead.
2026-03-02 22:31:48.939 10 INFO neutron.db.segments_db [None req-7ca534c1-7173-491f-a1f6-5c7f668d0fea e767bcac1d014eb38cebb2c223d0fef8 5aa0c9bcaebd470caa0f061537c2237e - - default default] Added segment eae05a2f-f93f-42cf-b3da-7ad282eec344 of type geneve for network 6e8f3ec5-f26f-4c27-8797-affe19195016
2026-03-02 22:31:49.025 9 WARNING neutron.plugins.ml2.drivers.ovn.mech_driver.ovsdb.ovn_client [None req-1bacd6f4-064d-49e4-9198-f6b55c310d6c - - - - - -] No hosting information found for port 70b19d9f-92fa-4c2f-bc6f-e0f5d69da5d3: RuntimeError: No hosting information found for port 70b19d9f-92fa-4c2f-bc6f-e0f5d69da5d3
2026-03-02 22:31:49.066 10 INFO neutron.db.ovn_revision_numbers_db [None req-7ca534c1-7173-491f-a1f6-5c7f668d0fea e767bcac1d014eb38cebb2c223d0fef8 5aa0c9bcaebd470caa0f061537c2237e - - default default] Successfully bumped revision number for resource 6e8f3ec5-f26f-4c27-8797-affe19195016 (type: networks) to 1
2026-03-02 22:31:49.125 10 INFO neutron.wsgi [req-e1ac4891-0be7-4fe4-a623-1cad5befde72 req-de3fb685-f143-4bc7-9ced-de6e4731b41b b38dc441244f43b0bde7b31152462702 2aef40f86f6d4bf8a2ae9e41b8c751a0 - - default default] 10.0.0.169 "GET /v2.0/security-groups?name=tempest-lb_member_SG-624545503&fields=id&tenant_id=2aef40f86f6d4bf8a2ae9e41b8c751a0 HTTP/1.1" status: 200 len: 267 time: 0.0470409
2026-03-02 22:31:49.250 10 INFO neutron.wsgi [req-e1ac4891-0be7-4fe4-a623-1cad5befde72 req-7202000b-a356-4fe4-bdb8-3cfbf3e1c1fb b38dc441244f43b0bde7b31152462702 2aef40f86f6d4bf8a2ae9e41b8c751a0 - - default default] 10.0.0.169 "GET /v2.0/networks?id=0a0bf958-3187-4832-873b-e28e6af5dcbd HTTP/1.1" status: 200 len: 904 time: 0.1196907
2026-03-02 22:31:49.277 10 INFO neutron.wsgi [req-e1ac4891-0be7-4fe4-a623-1cad5befde72 req-28bda7b5-b379-48e6-9ed3-c02f0b2273e8 b38dc441244f43b0bde7b31152462702 2aef40f86f6d4bf8a2ae9e41b8c751a0 - - default default] 10.0.0.169 "GET /v2.0/quotas/2aef40f86f6d4bf8a2ae9e41b8c751a0 HTTP/1.1" status: 200 len: 491 time: 0.0217688
2026-03-02 22:31:49.361 10 WARNING neutron.scheduler.dhcp_agent_scheduler [None req-7ca534c1-7173-491f-a1f6-5c7f668d0fea e767bcac1d014eb38cebb2c223d0fef8 5aa0c9bcaebd470caa0f061537c2237e - - default default] No more DHCP agents
2026-03-02 22:31:49.365 10 WARNING neutron.api.rpc.agentnotifiers.dhcp_rpc_agent_api [None req-7ca534c1-7173-491f-a1f6-5c7f668d0fea e767bcac1d014eb38cebb2c223d0fef8 5aa0c9bcaebd470caa0f061537c2237e - - default default] Unable to schedule network 6e8f3ec5-f26f-4c27-8797-affe19195016: no agents available; will retry on subsequent port and subnet creation events.
2026-03-02 22:31:49.469 10 INFO neutron.db.ovn_revision_numbers_db [None req-7ca534c1-7173-491f-a1f6-5c7f668d0fea e767bcac1d014eb38cebb2c223d0fef8 5aa0c9bcaebd470caa0f061537c2237e - - default default] Successfully bumped revision number for resource f2fde0cb-f642-4c0f-ad42-002d9425b1b3 (type: ports) to 1
2026-03-02 22:31:49.497 10 INFO neutron.wsgi [None req-7ca534c1-7173-491f-a1f6-5c7f668d0fea e767bcac1d014eb38cebb2c223d0fef8 5aa0c9bcaebd470caa0f061537c2237e - - default default] 10.0.0.47 "POST /v2.0/networks HTTP/1.1" status: 201 len: 831 time: 0.6483631
2026-03-02 22:31:49.506 10 WARNING neutron_lib.context [None req-066f2cd6-5d83-4696-b05a-8a36a97fc1cf e767bcac1d014eb38cebb2c223d0fef8 5aa0c9bcaebd470caa0f061537c2237e - - default default] Method 'is_advsvc' is deprecated since 2023.2 release (neutron-lib 3.8.0) and will be removed once support for the old RBAC API policies will be removed from Neutron. Please use method 'is_service_role' instead.
2026-03-02 22:31:49.539 10 INFO neutron.wsgi [req-e1ac4891-0be7-4fe4-a623-1cad5befde72 req-0c754118-2dee-4f28-8396-7e855946dcb8 b38dc441244f43b0bde7b31152462702 2aef40f86f6d4bf8a2ae9e41b8c751a0 - - default default] 10.0.0.169 "GET /v2.0/ports?tenant_id=2aef40f86f6d4bf8a2ae9e41b8c751a0&fields=id HTTP/1.1" status: 200 len: 486 time: 0.2582986
2026-03-02 22:31:49.625 10 INFO neutron.wsgi [req-e1ac4891-0be7-4fe4-a623-1cad5befde72 req-fbf682e2-96af-4371-bfa4-7f6411fd8a2f b7dc578550d64fb3bc4bc791034c51e6 0a749a959f714a51bd52649e2ab05997 - - 6db9dc8d0b9c40f4b7b92e967ac96eb1 6db9dc8d0b9c40f4b7b92e967ac96eb1] 10.0.0.169 "GET /v2.0/networks/0a0bf958-3187-4832-873b-e28e6af5dcbd?fields=segments HTTP/1.1" status: 200 len: 212 time: 0.0731573
2026-03-02 22:31:49.707 10 INFO neutron.wsgi [req-e1ac4891-0be7-4fe4-a623-1cad5befde72 req-21b06cd6-e403-421d-a964-4e8d3a1e6fb9 b7dc578550d64fb3bc4bc791034c51e6 0a749a959f714a51bd52649e2ab05997 - - 6db9dc8d0b9c40f4b7b92e967ac96eb1 6db9dc8d0b9c40f4b7b92e967ac96eb1] 10.0.0.169 "GET /v2.0/networks/0a0bf958-3187-4832-873b-e28e6af5dcbd?fields=provider%3Aphysical_network&fields=provider%3Anetwork_type HTTP/1.1" status: 200 len: 277 time: 0.0742426
2026-03-02 22:31:49.778 10 WARNING neutron.scheduler.dhcp_agent_scheduler [None req-066f2cd6-5d83-4696-b05a-8a36a97fc1cf e767bcac1d014eb38cebb2c223d0fef8 5aa0c9bcaebd470caa0f061537c2237e - - default default] No more DHCP agents
2026-03-02 22:31:49.785 10 WARNING neutron.api.rpc.agentnotifiers.dhcp_rpc_agent_api [None req-066f2cd6-5d83-4696-b05a-8a36a97fc1cf e767bcac1d014eb38cebb2c223d0fef8 5aa0c9bcaebd470caa0f061537c2237e - - default default] Unable to schedule network 6e8f3ec5-f26f-4c27-8797-affe19195016: no agents available; will retry on subsequent port and subnet creation events. /var/lib/openstack/lib/python3.10/site-packages/pycadf/identifier.py:71: UserWarning: Invalid uuid: neutron. To ensure interoperability, identifiers should be a valid uuid. warnings.warn(('Invalid uuid: %s. To ensure interoperability, '
2026-03-02 22:31:49.841 10 INFO neutron.wsgi [req-ddd89fb1-9164-4af1-86b4-62683bcf8d79 req-c2c630f8-6301-4c1d-82a0-429cdb1805b9 b38dc441244f43b0bde7b31152462702 2aef40f86f6d4bf8a2ae9e41b8c751a0 - - default default] 10.0.0.169 "GET /v2.0/ports?device_id=d181c68e-44bd-4f4c-b318-59a500b42f3d HTTP/1.1" status: 200 len: 210 time: 0.0320868
2026-03-02 22:31:49.890 10 INFO neutron.db.ovn_revision_numbers_db [None req-066f2cd6-5d83-4696-b05a-8a36a97fc1cf e767bcac1d014eb38cebb2c223d0fef8 5aa0c9bcaebd470caa0f061537c2237e - - default default] Successfully bumped revision number for resource ae7d2e19-6026-43be-b050-4d113f695292 (type: ports) to 1
2026-03-02 22:31:49.911 10 INFO neutron.wsgi [None req-066f2cd6-5d83-4696-b05a-8a36a97fc1cf e767bcac1d014eb38cebb2c223d0fef8 5aa0c9bcaebd470caa0f061537c2237e - - default default] 10.0.0.47 "POST /v2.0/ports HTTP/1.1" status: 201 len: 942 time: 0.4101486
2026-03-02 22:31:49.922 10 WARNING neutron_lib.context [None req-b54962b7-bca2-4052-9109-25aaaea78f73 e767bcac1d014eb38cebb2c223d0fef8 5aa0c9bcaebd470caa0f061537c2237e - - default default] Method 'is_advsvc' is deprecated since 2023.2 release (neutron-lib 3.8.0) and will be removed once support for the old RBAC API policies will be removed from Neutron. Please use method 'is_service_role' instead.
2026-03-02 22:31:50.366 10 INFO neutron.wsgi [None req-b54962b7-bca2-4052-9109-25aaaea78f73 e767bcac1d014eb38cebb2c223d0fef8 5aa0c9bcaebd470caa0f061537c2237e - - default default] 10.0.0.47 "POST /v2.0/trunks HTTP/1.1" status: 201 len: 608 time: 0.4483550
2026-03-02 22:31:50.375 10 WARNING neutron_lib.context [None req-73f2ac6e-2357-449c-a018-1d14c88af3f6 e767bcac1d014eb38cebb2c223d0fef8 5aa0c9bcaebd470caa0f061537c2237e - - default default] Method 'is_advsvc' is deprecated since 2023.2 release (neutron-lib 3.8.0) and will be removed once support for the old RBAC API policies will be removed from Neutron. Please use method 'is_service_role' instead.
2026-03-02 22:31:50.452 10 INFO neutron.db.segments_db [None req-73f2ac6e-2357-449c-a018-1d14c88af3f6 e767bcac1d014eb38cebb2c223d0fef8 5aa0c9bcaebd470caa0f061537c2237e - - default default] Added segment 1b36e61e-347b-4068-bbe3-479f03ff6506 of type geneve for network 942b5004-1d69-4d76-95c7-05c08e47b890
2026-03-02 22:31:50.534 9 INFO neutron.wsgi [req-e1ac4891-0be7-4fe4-a623-1cad5befde72 req-cd6b7757-9b80-422d-929d-8a2767ad7e40 b38dc441244f43b0bde7b31152462702 2aef40f86f6d4bf8a2ae9e41b8c751a0 - - default default] 199.19.213.23 "GET /v2.0/networks?id=0a0bf958-3187-4832-873b-e28e6af5dcbd HTTP/1.1" status: 200 len: 904 time: 0.0916691
2026-03-02 22:31:50.595 9 INFO neutron.wsgi [req-e1ac4891-0be7-4fe4-a623-1cad5befde72 req-d44560ca-49e5-47cc-8a42-8a9528ea68b8 b38dc441244f43b0bde7b31152462702 2aef40f86f6d4bf8a2ae9e41b8c751a0 - - default default] 199.19.213.23 "GET /v2.0/security-groups?fields=id&fields=name&tenant_id=2aef40f86f6d4bf8a2ae9e41b8c751a0 HTTP/1.1" status: 200 len: 377 time: 0.0563428
2026-03-02 22:31:50.601 10 INFO neutron.db.ovn_revision_numbers_db [None req-73f2ac6e-2357-449c-a018-1d14c88af3f6 e767bcac1d014eb38cebb2c223d0fef8 5aa0c9bcaebd470caa0f061537c2237e - - default default] Successfully bumped revision number for resource 942b5004-1d69-4d76-95c7-05c08e47b890 (type: networks) to 1
2026-03-02 22:31:50.617 9 WARNING neutron_lib.context [req-e1ac4891-0be7-4fe4-a623-1cad5befde72 req-de1106b8-f48d-48ba-bbd8-62df2af9b5b5 b38dc441244f43b0bde7b31152462702 2aef40f86f6d4bf8a2ae9e41b8c751a0 - - default default] Method 'is_advsvc' is deprecated since 2023.2 release (neutron-lib 3.8.0) and will be removed once support for the old RBAC API policies will be removed from Neutron. Please use method 'is_service_role' instead.
2026-03-02 22:31:50.782 10 WARNING neutron.scheduler.dhcp_agent_scheduler [None req-73f2ac6e-2357-449c-a018-1d14c88af3f6 e767bcac1d014eb38cebb2c223d0fef8 5aa0c9bcaebd470caa0f061537c2237e - - default default] No more DHCP agents
2026-03-02 22:31:50.783 10 WARNING neutron.api.rpc.agentnotifiers.dhcp_rpc_agent_api [None req-73f2ac6e-2357-449c-a018-1d14c88af3f6 e767bcac1d014eb38cebb2c223d0fef8 5aa0c9bcaebd470caa0f061537c2237e - - default default] Unable to schedule network 942b5004-1d69-4d76-95c7-05c08e47b890: no agents available; will retry on subsequent port and subnet creation events.
2026-03-02 22:31:50.863 10 INFO neutron.db.ovn_revision_numbers_db [None req-73f2ac6e-2357-449c-a018-1d14c88af3f6 e767bcac1d014eb38cebb2c223d0fef8 5aa0c9bcaebd470caa0f061537c2237e - - default default] Successfully bumped revision number for resource 9c8f61dd-dd34-46dc-a469-e1b605446225 (type: ports) to 1
2026-03-02 22:31:50.884 10 INFO neutron.wsgi [None req-73f2ac6e-2357-449c-a018-1d14c88af3f6 e767bcac1d014eb38cebb2c223d0fef8 5aa0c9bcaebd470caa0f061537c2237e - - default default] 10.0.0.47 "POST /v2.0/networks HTTP/1.1" status: 201 len: 831 time: 0.5133257
2026-03-02 22:31:50.894 10 WARNING neutron_lib.context [None req-5f5b7e33-f8a8-460f-82d4-514bc4c9f95b e767bcac1d014eb38cebb2c223d0fef8 5aa0c9bcaebd470caa0f061537c2237e - - default default] Method 'is_advsvc' is deprecated since 2023.2 release (neutron-lib 3.8.0) and will be removed once support for the old RBAC API policies will be removed from Neutron. Please use method 'is_service_role' instead.
2026-03-02 22:31:51.023 9 WARNING neutron.scheduler.dhcp_agent_scheduler [req-e1ac4891-0be7-4fe4-a623-1cad5befde72 req-de1106b8-f48d-48ba-bbd8-62df2af9b5b5 b38dc441244f43b0bde7b31152462702 2aef40f86f6d4bf8a2ae9e41b8c751a0 - - default default] No more DHCP agents
2026-03-02 22:31:51.026 9 WARNING neutron.api.rpc.agentnotifiers.dhcp_rpc_agent_api [req-e1ac4891-0be7-4fe4-a623-1cad5befde72 req-de1106b8-f48d-48ba-bbd8-62df2af9b5b5 b38dc441244f43b0bde7b31152462702 2aef40f86f6d4bf8a2ae9e41b8c751a0 - - default default] Unable to schedule network 0a0bf958-3187-4832-873b-e28e6af5dcbd: no agents available; will retry on subsequent port and subnet creation events.
