2026-03-02 22:27:41.470 10 INFO neutron.db.ovn_revision_numbers_db [None req-98ac83e2-9dad-498f-a214-0416f91a662e 6195e1ae26dd4545ad79c346fe9666a7 a6d2f78b96a4433b9cd04218abadbfcd - - default default] Successfully bumped revision number for resource 70915e3e-f663-4772-8298-a5bb13c53de2 (type: security_group_rules) to 0
2026-03-02 22:27:41.501 10 INFO neutron.wsgi [None req-98ac83e2-9dad-498f-a214-0416f91a662e 6195e1ae26dd4545ad79c346fe9666a7 a6d2f78b96a4433b9cd04218abadbfcd - - default default] 10.0.0.47 "GET /v2.0/security-groups?tenant_id=b3960af7362c45098e103ffb8e7d7022&name=default HTTP/1.1" status: 200 len: 3120 time: 0.4051459
2026-03-02 22:27:41.741 10 INFO neutron.wsgi [None req-c299f9e0-34e4-48d9-a26c-6cda9ca847c1 6195e1ae26dd4545ad79c346fe9666a7 a6d2f78b96a4433b9cd04218abadbfcd - - default default] 10.0.0.47 "DELETE /v2.0/security-groups/23208cc0-dc1d-4600-a831-303895b5c02e HTTP/1.1" status: 204 len: 168 time: 0.2338057
2026-03-02 22:27:41.961 9 INFO neutron.wsgi [req-4c8053a1-11d9-4ec5-9149-2d6ed6f984b0 req-429a93b3-3676-477e-becc-90a2044712a8 b7dc578550d64fb3bc4bc791034c51e6 0a749a959f714a51bd52649e2ab05997 - - 6db9dc8d0b9c40f4b7b92e967ac96eb1 6db9dc8d0b9c40f4b7b92e967ac96eb1] 10.0.0.57 "GET /v2.0/ports?device_id=9cd6edba-7853-4090-8ab4-b3cebb8e98f5 HTTP/1.1" status: 200 len: 1413 time: 0.2061162
2026-03-02 22:27:42.003 9 INFO neutron.wsgi [req-4c8053a1-11d9-4ec5-9149-2d6ed6f984b0 req-f755144d-1f59-40f9-beff-bf95be5f837c b7dc578550d64fb3bc4bc791034c51e6 0a749a959f714a51bd52649e2ab05997 - - 6db9dc8d0b9c40f4b7b92e967ac96eb1 6db9dc8d0b9c40f4b7b92e967ac96eb1] 10.0.0.57 "GET /v2.0/security-groups?id=a89d711e-37d0-42e6-b818-7e11f3e11e0b&fields=id&fields=name HTTP/1.1" status: 200 len: 313 time: 0.0338838
2026-03-02 22:27:42.245 10 WARNING neutron.plugins.ml2.drivers.ovn.mech_driver.ovsdb.ovn_client [None req-ab6bebf8-81d7-4154-9122-b25a1953607a - - - - - -] No hosting information found for port 6c236f0f-7234-4227-8c9a-769912b95dfa: RuntimeError: No hosting information found for port 6c236f0f-7234-4227-8c9a-769912b95dfa
2026-03-02 22:27:42.794 10 INFO neutron.wsgi [req-f27de728-4a1d-4215-a0d6-662258125120 req-4941363a-80e7-493b-99b5-2b6d4fdb4f32 cf3b1aa33049425ca3c5ac10f0dc9df4 bff5c98d564f405f82e09306726cd82b - - default default] 10.0.0.169 "GET /v2.0/security-groups?name=tempest-securitygroup--2116184401&fields=id&tenant_id=bff5c98d564f405f82e09306726cd82b HTTP/1.1" status: 200 len: 267 time: 0.0367990
2026-03-02 22:27:42.873 10 INFO neutron.wsgi [req-f27de728-4a1d-4215-a0d6-662258125120 req-31bebc4b-4528-4a93-a94a-8febeae8b8e1 cf3b1aa33049425ca3c5ac10f0dc9df4 bff5c98d564f405f82e09306726cd82b - - default default] 10.0.0.169 "GET /v2.0/networks?id=25177ba3-4e22-4fc0-96e3-f7da951f9a93 HTTP/1.1" status: 200 len: 879 time: 0.0713317
2026-03-02 22:27:42.890 10 INFO neutron.wsgi [req-f27de728-4a1d-4215-a0d6-662258125120 req-41a8a26f-349c-4420-8353-e56fc629ff3b cf3b1aa33049425ca3c5ac10f0dc9df4 bff5c98d564f405f82e09306726cd82b - - default default] 10.0.0.169 "GET /v2.0/quotas/bff5c98d564f405f82e09306726cd82b HTTP/1.1" status: 200 len: 491 time: 0.0101268
2026-03-02 22:27:42.994 10 INFO neutron.wsgi [req-f27de728-4a1d-4215-a0d6-662258125120 req-ddb330a4-031b-44bb-bef4-788e5ec0ccc6 cf3b1aa33049425ca3c5ac10f0dc9df4 bff5c98d564f405f82e09306726cd82b - - default default] 10.0.0.169 "GET /v2.0/ports?tenant_id=bff5c98d564f405f82e09306726cd82b&fields=id HTTP/1.1" status: 200 len: 302 time: 0.0965815
2026-03-02 22:27:43.017 10 INFO neutron.db.ovn_revision_numbers_db [None req-f4f7ec8a-7ade-4dec-8e4a-5406fefa0765 6195e1ae26dd4545ad79c346fe9666a7 a6d2f78b96a4433b9cd04218abadbfcd - - default default] Successfully bumped revision number for resource 51a278a3-3d71-48aa-bb2a-d9c349976092 (type: security_groups) to 1
2026-03-02 22:27:43.046 10 INFO neutron.db.ovn_revision_numbers_db [None req-f4f7ec8a-7ade-4dec-8e4a-5406fefa0765 6195e1ae26dd4545ad79c346fe9666a7 a6d2f78b96a4433b9cd04218abadbfcd - - default default] Successfully bumped revision number for resource 47005430-95b5-4c08-a2ad-34a69a79c12c (type: security_group_rules) to 0
2026-03-02 22:27:43.064 10 INFO neutron.db.ovn_revision_numbers_db [None req-f4f7ec8a-7ade-4dec-8e4a-5406fefa0765 6195e1ae26dd4545ad79c346fe9666a7 a6d2f78b96a4433b9cd04218abadbfcd - - default default] Successfully bumped revision number for resource 7908da0f-4c7f-4739-ab4c-745eee3342a8 (type: security_group_rules) to 0
2026-03-02 22:27:43.068 10 INFO neutron.wsgi [req-f27de728-4a1d-4215-a0d6-662258125120 req-5ed444de-ce3f-413d-bceb-332695a30f99 b7dc578550d64fb3bc4bc791034c51e6 0a749a959f714a51bd52649e2ab05997 - - 6db9dc8d0b9c40f4b7b92e967ac96eb1 6db9dc8d0b9c40f4b7b92e967ac96eb1] 10.0.0.169 "GET /v2.0/networks/25177ba3-4e22-4fc0-96e3-f7da951f9a93?fields=segments HTTP/1.1" status: 200 len: 212 time: 0.0574570
2026-03-02 22:27:43.085 10 INFO neutron.db.ovn_revision_numbers_db [None req-f4f7ec8a-7ade-4dec-8e4a-5406fefa0765 6195e1ae26dd4545ad79c346fe9666a7 a6d2f78b96a4433b9cd04218abadbfcd - - default default] Successfully bumped revision number for resource 7f7bd62f-e5b3-4f8b-b66e-86015db36cf9 (type: security_group_rules) to 0
2026-03-02 22:27:43.113 10 INFO neutron.db.ovn_revision_numbers_db [None req-f4f7ec8a-7ade-4dec-8e4a-5406fefa0765 6195e1ae26dd4545ad79c346fe9666a7 a6d2f78b96a4433b9cd04218abadbfcd - - default default] Successfully bumped revision number for resource a8564d26-378b-4977-ad43-4b4997f368d5 (type: security_group_rules) to 0
2026-03-02 22:27:43.142 10 INFO neutron.wsgi [None req-f4f7ec8a-7ade-4dec-8e4a-5406fefa0765 6195e1ae26dd4545ad79c346fe9666a7 a6d2f78b96a4433b9cd04218abadbfcd - - default default] 10.0.0.47 "GET /v2.0/security-groups?tenant_id=a86b759ec4ab407c92e41b210a9f04bc&name=default HTTP/1.1" status: 200 len: 3120 time: 0.5021882
2026-03-02 22:27:43.153 10 INFO neutron.wsgi [req-f27de728-4a1d-4215-a0d6-662258125120 req-401e6171-4677-4466-a925-6a813ef737cf b7dc578550d64fb3bc4bc791034c51e6 0a749a959f714a51bd52649e2ab05997 - - 6db9dc8d0b9c40f4b7b92e967ac96eb1 6db9dc8d0b9c40f4b7b92e967ac96eb1] 10.0.0.169 "GET /v2.0/networks/25177ba3-4e22-4fc0-96e3-f7da951f9a93?fields=provider%3Aphysical_network&fields=provider%3Anetwork_type HTTP/1.1" status: 200 len: 277 time: 0.0755315
2026-03-02 22:27:43.381 9 INFO neutron.wsgi [None req-3dd931d3-8215-4f72-9f23-13d9094562cd 6195e1ae26dd4545ad79c346fe9666a7 a6d2f78b96a4433b9cd04218abadbfcd - - default default] 10.0.0.47 "DELETE /v2.0/security-groups/51a278a3-3d71-48aa-bb2a-d9c349976092 HTTP/1.1" status: 204 len: 168 time: 0.2336874
2026-03-02 22:27:43.471 10 INFO neutron.wsgi [req-74214ed9-aaf1-4e4e-bceb-89cc5500ee9e req-3d64bf00-f34f-425e-9459-b333a6e67c17 cf3b1aa33049425ca3c5ac10f0dc9df4 bff5c98d564f405f82e09306726cd82b - - default default] 10.0.0.169 "GET /v2.0/ports?device_id=86847832-b813-4de1-be2e-0c9ff4e11d4f HTTP/1.1" status: 200 len: 210 time: 0.0337045
2026-03-02 22:27:43.670 9 INFO neutron.wsgi [None req-c4ce5060-93dd-4429-b2ea-aa6954da5dc4 d03284ac973743b0ab7e169f6e0b35eb 1337403503d247439adf376114f8e18d - - default default] 10.0.0.47 "GET /v2.0/extensions HTTP/1.1" status: 200 len: 18678 time: 0.1583676
2026-03-02 22:27:43.679 9 INFO neutron.wsgi [None req-0b36316e-d9e7-4840-a443-1585cfedf8db d03284ac973743b0ab7e169f6e0b35eb 1337403503d247439adf376114f8e18d - - default default] 10.0.0.47 "GET /v2.0/extensions/address-group HTTP/1.1" status: 200 len: 353 time: 0.0035298
2026-03-02 22:27:43.687 9 INFO neutron.wsgi [None req-db7d48ee-99c1-4955-b4ae-307b942610c8 d03284ac973743b0ab7e169f6e0b35eb 1337403503d247439adf376114f8e18d - - default default] 10.0.0.47 "GET /v2.0/extensions/address-scope HTTP/1.1" status: 200 len: 357 time: 0.0051050
2026-03-02 22:27:43.696 9 INFO neutron.wsgi [None req-13328278-87bb-4aa1-a190-b65820490da9 d03284ac973743b0ab7e169f6e0b35eb 1337403503d247439adf376114f8e18d - - default default] 10.0.0.47 "GET /v2.0/extensions/agent HTTP/1.1" status: 200 len: 347 time: 0.0040538
2026-03-02 22:27:43.704 9 INFO neutron.wsgi [None req-61a926be-c466-4ac9-a41d-ea3722813a31 d03284ac973743b0ab7e169f6e0b35eb 1337403503d247439adf376114f8e18d - - default default] 10.0.0.47 "GET /v2.0/extensions/allowed-address-pairs HTTP/1.1" status: 200 len: 378 time: 0.0043001
2026-03-02 22:27:43.711 9 INFO neutron.wsgi [None req-d15b8805-7ce6-4fed-90b1-51f3ab4042a2 d03284ac973743b0ab7e169f6e0b35eb 1337403503d247439adf376114f8e18d - - default default] 10.0.0.47 "GET /v2.0/extensions/auto-allocated-topology HTTP/1.1" status: 200 len: 394 time: 0.0046110
2026-03-02 22:27:43.719 9 INFO neutron.wsgi [None req-15998923-f28c-4164-b8e3-159bb1c2664b d03284ac973743b0ab7e169f6e0b35eb 1337403503d247439adf376114f8e18d - - default default] 10.0.0.47 "GET /v2.0/extensions/availability_zone HTTP/1.1" status: 200 len: 372 time: 0.0045128
2026-03-02 22:27:43.728 9 INFO neutron.wsgi [None req-a7cc5476-f54a-4ac4-8f96-9f50acbecf74 d03284ac973743b0ab7e169f6e0b35eb 1337403503d247439adf376114f8e18d - - default default] 10.0.0.47 "GET /v2.0/extensions/default-subnetpools HTTP/1.1" status: 200 len: 405 time: 0.0051396
2026-03-02 22:27:43.740 10 INFO neutron.wsgi [None req-0a67491e-022c-4d5b-a830-d1517c2d5801 d03284ac973743b0ab7e169f6e0b35eb 1337403503d247439adf376114f8e18d - - default default] 10.0.0.47 "GET /v2.0/extensions/dhcp_agent_scheduler HTTP/1.1" status: 200 len: 381 time: 0.0077488
2026-03-02 22:27:43.746 10 INFO neutron.wsgi [None req-9c8f28b8-1db3-41b2-989c-80889eabefac d03284ac973743b0ab7e169f6e0b35eb 1337403503d247439adf376114f8e18d - - default default] 10.0.0.47 "GET /v2.0/extensions/dns-integration HTTP/1.1" status: 200 len: 366 time: 0.0035870
2026-03-02 22:27:43.754 10 INFO neutron.wsgi [None req-bf426e27-b28f-4d4e-85b5-51fc656a1ef8 d03284ac973743b0ab7e169f6e0b35eb 1337403503d247439adf376114f8e18d - - default default] 10.0.0.47 "GET /v2.0/extensions/dns-domain-ports HTTP/1.1" status: 200 len: 399 time: 0.0039513
2026-03-02 22:27:43.762 10 INFO neutron.wsgi [None req-a415a455-d9b3-406d-9b1d-77b370743b82 d03284ac973743b0ab7e169f6e0b35eb 1337403503d247439adf376114f8e18d - - default default] 10.0.0.47 "GET /v2.0/extensions/dns-integration-domain-keywords HTTP/1.1" status: 200 len: 477 time: 0.0044501
2026-03-02 22:27:43.768 10 INFO neutron.wsgi [None req-93682190-5210-41b5-97b3-34103fbbb531 d03284ac973743b0ab7e169f6e0b35eb 1337403503d247439adf376114f8e18d - - default default] 10.0.0.47 "GET /v2.0/extensions/empty-string-filtering HTTP/1.1" status: 200 len: 413 time: 0.0035400
2026-03-02 22:27:43.774 10 INFO neutron.wsgi [None req-0a7aba7e-3de7-40dd-936c-cd08de4741d8 d03284ac973743b0ab7e169f6e0b35eb 1337403503d247439adf376114f8e18d - - default default] 10.0.0.47 "GET /v2.0/extensions/external-net HTTP/1.1" status: 200 len: 394 time: 0.0029345
2026-03-02 22:27:43.797 10 INFO neutron.wsgi [None req-dafbe692-5d4a-4e44-8fec-659eb384c3e1 d03284ac973743b0ab7e169f6e0b35eb 1337403503d247439adf376114f8e18d - - default default] 10.0.0.47 "GET /v2.0/extensions/extra_dhcp_opt HTTP/1.1" status: 200 len: 498 time: 0.0087240
2026-03-02 22:27:43.806 10 INFO neutron.wsgi [None req-ef9bf4a9-5075-4f21-bc5b-1f113d370d77 d03284ac973743b0ab7e169f6e0b35eb 1337403503d247439adf376114f8e18d - - default default] 10.0.0.47 "GET /v2.0/extensions/extraroute HTTP/1.1" status: 200 len: 375 time: 0.0042624
2026-03-02 22:27:43.815 10 INFO neutron.wsgi [None req-9803fb55-4e49-4841-aa47-b8b79d4d12a1 d03284ac973743b0ab7e169f6e0b35eb 1337403503d247439adf376114f8e18d - - default default] 10.0.0.47 "GET /v2.0/extensions/floating-ip-port-forwarding-detail HTTP/1.1" status: 200 len: 465 time: 0.0053217
2026-03-02 22:27:43.826 9 INFO neutron.wsgi [None req-4868c345-b05b-4b4c-98f4-7944c905b381 d03284ac973743b0ab7e169f6e0b35eb 1337403503d247439adf376114f8e18d - - default default] 10.0.0.47 "GET /v2.0/extensions/fip-port-details HTTP/1.1" status: 200 len: 406 time: 0.0059447
2026-03-02 22:27:43.834 10 INFO neutron.wsgi [None req-a03e9e9d-a7d4-4c19-ac10-3e3ac54843bc d03284ac973743b0ab7e169f6e0b35eb 1337403503d247439adf376114f8e18d - - default default] 10.0.0.47 "GET /v2.0/extensions/flavors HTTP/1.1" status: 200 len: 387 time: 0.0042906
2026-03-02 22:27:43.842 10 INFO neutron.wsgi [None req-4dd16aa5-ae96-498a-8a0c-b7a8f3633e52 d03284ac973743b0ab7e169f6e0b35eb 1337403503d247439adf376114f8e18d - - default default] 10.0.0.47 "GET /v2.0/extensions/floatingip-pools HTTP/1.1" status: 200 len: 382 time: 0.0042715
2026-03-02 22:27:43.849 10 INFO neutron.wsgi [None req-cb548d9d-ffd9-4b25-ae2c-8832b065238e d03284ac973743b0ab7e169f6e0b35eb 1337403503d247439adf376114f8e18d - - default default] 10.0.0.47 "GET /v2.0/extensions/ip_allocation HTTP/1.1" status: 200 len: 356 time: 0.0047674
2026-03-02 22:27:43.857 10 INFO neutron.wsgi [None req-73be2219-a0f3-45a6-83b8-22d251e7f6ab d03284ac973743b0ab7e169f6e0b35eb 1337403503d247439adf376114f8e18d - - default default] 10.0.0.47 "GET /v2.0/extensions/l2_adjacency HTTP/1.1" status: 200 len: 372 time: 0.0041902
2026-03-02 22:27:43.864 10 INFO neutron.wsgi [None req-86f7fd7b-8caf-429e-a441-fdc96eaefe16 d03284ac973743b0ab7e169f6e0b35eb 1337403503d247439adf376114f8e18d - - default default] 10.0.0.47 "GET /v2.0/extensions/router HTTP/1.1" status: 200 len: 450 time: 0.0043304
2026-03-02 22:27:43.872 10 INFO neutron.wsgi [None req-36dccd0a-9449-439d-bcab-7dcfe1d08cd1 d03284ac973743b0ab7e169f6e0b35eb 1337403503d247439adf376114f8e18d - - default default] 10.0.0.47 "GET /v2.0/extensions/enable-default-route-bfd HTTP/1.1" status: 200 len: 406 time: 0.0052452
2026-03-02 22:27:43.880 10 INFO neutron.wsgi [None req-8a83c1d3-d232-45d7-a0e8-c742d25648d4 d03284ac973743b0ab7e169f6e0b35eb 1337403503d247439adf376114f8e18d - - default default] 10.0.0.47 "GET /v2.0/extensions/enable-default-route-ecmp HTTP/1.1" status: 200 len: 409 time: 0.0042665
2026-03-02 22:27:43.886 10 INFO neutron.wsgi [None req-57bd9005-990b-41a3-b805-e43d36391bd8 d03284ac973743b0ab7e169f6e0b35eb 1337403503d247439adf376114f8e18d - - default default] 10.0.0.47 "GET /v2.0/extensions/ext-gw-mode HTTP/1.1" status: 200 len: 462 time: 0.0030267
2026-03-02 22:27:43.893 10 INFO neutron.wsgi [None req-244316c9-87d5-4de1-ab73-f3e0a3480753 d03284ac973743b0ab7e169f6e0b35eb 1337403503d247439adf376114f8e18d - - default default] 10.0.0.47 "GET /v2.0/extensions/l3-ha HTTP/1.1" status: 200 len: 360 time: 0.0041451
2026-03-02 22:27:43.901 10 INFO neutron.wsgi [None req-8bb443a0-3ea8-4e14-9077-9cf9f885c45c d03284ac973743b0ab7e169f6e0b35eb 1337403503d247439adf376114f8e18d - - default default] 10.0.0.47 "GET /v2.0/extensions/external-gateway-multihoming HTTP/1.1" status: 200 len: 421 time: 0.0051405
2026-03-02 22:27:43.910 10 INFO neutron.wsgi [None req-af7befca-a654-4c9b-9272-28bb28444c02 d03284ac973743b0ab7e169f6e0b35eb 1337403503d247439adf376114f8e18d - - default default] 10.0.0.47 "GET /v2.0/extensions/l3-flavors HTTP/1.1" status: 200 len: 366 time: 0.0051026
2026-03-02 22:27:43.919 10 INFO neutron.wsgi [None req-1589e50a-b35c-462e-9441-e446b6c5d4c2 d03284ac973743b0ab7e169f6e0b35eb 1337403503d247439adf376114f8e18d - - default default] 10.0.0.47 "GET /v2.0/extensions/logging HTTP/1.1" status: 200 len: 407 time: 0.0052037
2026-03-02 22:27:43.933 9 INFO neutron.wsgi [None req-b79c7f88-3c3a-46f4-8d8e-2885d98cd28b d03284ac973743b0ab7e169f6e0b35eb 1337403503d247439adf376114f8e18d - - default default] 10.0.0.47 "GET /v2.0/extensions/multi-provider HTTP/1.1" status: 200 len: 406 time: 0.0100698
2026-03-02 22:27:43.941 9 INFO neutron.wsgi [None req-4fd7f352-116b-4d1b-bc45-fca466124d29 d03284ac973743b0ab7e169f6e0b35eb 1337403503d247439adf376114f8e18d - - default default] 10.0.0.47 "GET /v2.0/extensions/net-mtu HTTP/1.1" status: 200 len: 370 time: 0.0055311
2026-03-02 22:27:43.950 9 INFO neutron.wsgi [None req-1fd3f165-91b4-4576-8ea0-1ec5c4f8611c d03284ac973743b0ab7e169f6e0b35eb 1337403503d247439adf376114f8e18d - - default default] 10.0.0.47 "GET /v2.0/extensions/net-mtu-writable HTTP/1.1" status: 200 len: 401 time: 0.0056286
2026-03-02 22:27:43.959 9 INFO neutron.wsgi [None req-c29ce3cd-4111-4f2f-82bf-4b19c0bac05c d03284ac973743b0ab7e169f6e0b35eb 1337403503d247439adf376114f8e18d - - default default] 10.0.0.47 "GET /v2.0/extensions/network_availability_zone HTTP/1.1" status: 200 len: 394 time: 0.0046580
2026-03-02 22:27:43.970 9 INFO neutron.wsgi [None req-f99f35bd-e349-47e1-98c2-8ce77b1160fb d03284ac973743b0ab7e169f6e0b35eb 1337403503d247439adf376114f8e18d - - default default] 10.0.0.47 "GET /v2.0/extensions/network-ip-availability HTTP/1.1" status: 200 len: 410 time: 0.0056844
2026-03-02 22:27:43.990 10 INFO neutron.wsgi [None req-fcc73e1f-ba17-4eb7-aff7-bd7a663afa3e d03284ac973743b0ab7e169f6e0b35eb 1337403503d247439adf376114f8e18d - - default default] 10.0.0.47 "GET /v2.0/extensions/pagination HTTP/1.1" status: 200 len: 386 time: 0.0092969
2026-03-02 22:27:44.006 9 INFO neutron.wsgi [None req-80de9fb5-21c4-475b-ae21-b14c2e918dba d03284ac973743b0ab7e169f6e0b35eb 1337403503d247439adf376114f8e18d - - default default] 10.0.0.47 "GET /v2.0/extensions/port-device-profile HTTP/1.1" status: 200 len: 383 time: 0.0076501
2026-03-02 22:27:44.017 9 INFO neutron.wsgi [None req-253e0b93-e2cf-449a-ac74-25ad111161e8 d03284ac973743b0ab7e169f6e0b35eb 1337403503d247439adf376114f8e18d - - default default] 10.0.0.47 "GET /v2.0/extensions/port-mac-address-regenerate HTTP/1.1" status: 200 len: 403 time: 0.0070758
2026-03-02 22:27:44.025 9 INFO neutron.wsgi [None req-bf5c1fe0-d2c1-49e2-9b55-96a3e403153a d03284ac973743b0ab7e169f6e0b35eb 1337403503d247439adf376114f8e18d - - default default] 10.0.0.47 "GET /v2.0/extensions/port-numa-affinity-policy HTTP/1.1" status: 200 len: 392 time: 0.0054498
2026-03-02 22:27:44.033 9 INFO neutron.wsgi [None req-d0c99f3e-141f-473c-be4b-00415a3886e1 d03284ac973743b0ab7e169f6e0b35eb 1337403503d247439adf376114f8e18d - - default default] 10.0.0.47 "GET /v2.0/extensions/port-resource-request HTTP/1.1" status: 200 len: 379 time: 0.0042806
2026-03-02 22:27:44.040 9 INFO neutron.wsgi [None req-192ecee8-794c-4442-873b-731aa6488266 d03284ac973743b0ab7e169f6e0b35eb 1337403503d247439adf376114f8e18d - - default default] 10.0.0.47 "GET /v2.0/extensions/port-resource-request-groups HTTP/1.1" status: 200 len: 465 time: 0.0042369
2026-03-02 22:27:44.048 9 INFO neutron.wsgi [None req-8157ee73-022d-4b6c-801a-31095ee408b9 d03284ac973743b0ab7e169f6e0b35eb 1337403503d247439adf376114f8e18d - - default default] 10.0.0.47 "GET /v2.0/extensions/binding HTTP/1.1" status: 200 len: 387 time: 0.0047190
2026-03-02 22:27:44.057 9 INFO neutron.wsgi [None req-80fe879e-0eee-4daa-b72f-c39f9c08d34c d03284ac973743b0ab7e169f6e0b35eb 1337403503d247439adf376114f8e18d - - default default] 10.0.0.47 "GET /v2.0/extensions/binding-extended HTTP/1.1" status: 200 len: 406 time: 0.0048704
2026-03-02 22:27:44.066 9 INFO neutron.wsgi [None req-033df13b-a496-4759-99c9-d9fe9e1149e8 d03284ac973743b0ab7e169f6e0b35eb 1337403503d247439adf376114f8e18d - - default default] 10.0.0.47 "GET /v2.0/extensions/port-security HTTP/1.1" status: 200 len: 354 time: 0.0048821
2026-03-02 22:27:44.075 9 INFO neutron.wsgi [None req-57154ba9-674c-40e9-9ca6-e4689b08f221 d03284ac973743b0ab7e169f6e0b35eb 1337403503d247439adf376114f8e18d - - default default] 10.0.0.47 "GET /v2.0/extensions/project-id HTTP/1.1" status: 200 len: 398 time: 0.0043151
2026-03-02 22:27:44.082 9 INFO neutron.wsgi [None req-1b144b1a-b3cc-4885-9bbc-06b89f3a829c d03284ac973743b0ab7e169f6e0b35eb 1337403503d247439adf376114f8e18d - - default default] 10.0.0.47 "GET /v2.0/extensions/provider HTTP/1.1" status: 200 len: 385 time: 0.0048056
2026-03-02 22:27:44.090 9 INFO neutron.wsgi [None req-c06107a6-dfd5-4e79-8db1-1e2f876c517e d03284ac973743b0ab7e169f6e0b35eb 1337403503d247439adf376114f8e18d - - default default] 10.0.0.47 "GET /v2.0/extensions/qos HTTP/1.1" status: 200 len: 360 time: 0.0046153
2026-03-02 22:27:44.107 9 INFO neutron.wsgi [None req-09331864-1ddf-4c65-a84e-805087d9fdb4 d03284ac973743b0ab7e169f6e0b35eb 1337403503d247439adf376114f8e18d - - default default] 10.0.0.47 "GET /v2.0/extensions/qos-bw-limit-direction HTTP/1.1" status: 200 len: 452 time: 0.0060749
2026-03-02 22:27:44.115 10 INFO neutron.wsgi [None req-65c9eca1-7d39-49fd-af6f-296b87a05e7e d03284ac973743b0ab7e169f6e0b35eb 1337403503d247439adf376114f8e18d - - default default] 10.0.0.47 "GET /v2.0/extensions/qos-bw-minimum-ingress HTTP/1.1" status: 200 len: 445 time: 0.0044396
2026-03-02 22:27:44.124 10 INFO neutron.wsgi [None req-966c077b-bf66-4f76-ab67-9a419bd9d866 d03284ac973743b0ab7e169f6e0b35eb 1337403503d247439adf376114f8e18d - - default default] 10.0.0.47 "GET /v2.0/extensions/qos-default HTTP/1.1" status: 200 len: 377 time: 0.0046926
2026-03-02 22:27:44.130 10 INFO neutron.wsgi [None req-ef7a203f-99b1-42c1-9910-7e22ff12eac5 d03284ac973743b0ab7e169f6e0b35eb 1337403503d247439adf376114f8e18d - - default default] 10.0.0.47 "GET /v2.0/extensions/qos-fip HTTP/1.1" status: 200 len: 372 time: 0.0041387
2026-03-02 22:27:44.139 10 INFO neutron.wsgi [None req-614caadc-fe2e-47ca-9fbf-40613ed14dbd d03284ac973743b0ab7e169f6e0b35eb 1337403503d247439adf376114f8e18d - - default default] 10.0.0.47 "GET /v2.0/extensions/qos-gateway-ip HTTP/1.1" status: 200 len: 391 time: 0.0047600
2026-03-02 22:27:44.146 10 INFO neutron.wsgi [None req-1356264c-e979-451b-ab61-a2dc52e161c2 d03284ac973743b0ab7e169f6e0b35eb 1337403503d247439adf376114f8e18d - - default default] 10.0.0.47 "GET /v2.0/extensions/qos-port-network-policy HTTP/1.1" status: 200 len: 403 time: 0.0041800
2026-03-02 22:27:44.156 10 INFO neutron.wsgi [None req-5ede1b3e-084b-4387-9007-f251ef67b5ed d03284ac973743b0ab7e169f6e0b35eb 1337403503d247439adf376114f8e18d - - default default] 10.0.0.47 "GET /v2.0/extensions/qos-pps-minimum HTTP/1.1" status: 200 len: 397 time: 0.0074701
2026-03-02 22:27:44.168 9 INFO neutron.wsgi [None req-44c14085-79f4-4be2-82f3-08d90e8fb6bd d03284ac973743b0ab7e169f6e0b35eb 1337403503d247439adf376114f8e18d - - default default] 10.0.0.47 "GET /v2.0/extensions/qos-pps-minimum-rule-alias HTTP/1.1" status: 200 len: 471 time: 0.0077586
2026-03-02 22:27:44.177 10 INFO neutron.wsgi [None req-f7b709ff-8009-4488-be5b-721b51519fff d03284ac973743b0ab7e169f6e0b35eb 1337403503d247439adf376114f8e18d - - default default] 10.0.0.47 "GET /v2.0/extensions/qos-pps HTTP/1.1" status: 200 len: 389 time: 0.0049529
2026-03-02 22:27:44.188 9 INFO neutron.wsgi [None req-13ec5750-3bf1-4b87-9187-ef7975b8a4bf d03284ac973743b0ab7e169f6e0b35eb 1337403503d247439adf376114f8e18d - - default default] 10.0.0.47 "GET /v2.0/extensions/qos-rule-type-details HTTP/1.1" status: 200 len: 423 time: 0.0072505
2026-03-02 22:27:44.194 9 INFO neutron.wsgi [None req-edc642cb-f249-4d9c-8364-530ecf99eef6 d03284ac973743b0ab7e169f6e0b35eb 1337403503d247439adf376114f8e18d - - default default] 10.0.0.47 "GET /v2.0/extensions/qos-rule-type-filter HTTP/1.1" status: 200 len: 567 time: 0.0028374
2026-03-02 22:27:44.209 9 INFO neutron.wsgi [None req-f17703b4-e7b2-41bc-930d-fb388d9cd91c d03284ac973743b0ab7e169f6e0b35eb 1337403503d247439adf376114f8e18d - - default default] 10.0.0.47 "GET /v2.0/extensions/qos-rules-alias HTTP/1.1" status: 200 len: 448 time: 0.0041089
2026-03-02 22:27:44.218 9 INFO neutron.wsgi [None req-38ab4f1d-f680-4355-82ce-e87cd25db0c0 d03284ac973743b0ab7e169f6e0b35eb 1337403503d247439adf376114f8e18d - - default default] 10.0.0.47 "GET /v2.0/extensions/quota-check-limit HTTP/1.1" status: 200 len: 420 time: 0.0039921
2026-03-02 22:27:44.226 9 INFO neutron.wsgi [None req-238b1da5-5e8e-4562-a66c-5bd3bc7a3a85 d03284ac973743b0ab7e169f6e0b35eb 1337403503d247439adf376114f8e18d - - default default] 10.0.0.47 "GET /v2.0/extensions/quotas HTTP/1.1" status: 200 len: 386 time: 0.0050056
2026-03-02 22:27:44.233 9 INFO neutron.wsgi [None req-cd62aee9-f363-46d3-9ff6-ff3f5adc271e d03284ac973743b0ab7e169f6e0b35eb 1337403503d247439adf376114f8e18d - - default default] 10.0.0.47 "GET /v2.0/extensions/quota_details HTTP/1.1" status: 200 len: 407 time: 0.0041084
2026-03-02 22:27:44.241 9 INFO neutron.wsgi [None req-9b34a3cc-f7e0-417d-a119-dc36e9de5f7b d03284ac973743b0ab7e169f6e0b35eb 1337403503d247439adf376114f8e18d - - default default] 10.0.0.47 "GET /v2.0/extensions/rbac-policies HTTP/1.1" status: 200 len: 417 time: 0.0039744
2026-03-02 22:27:44.248 9 INFO neutron.wsgi [None req-fb96cd83-50c6-4ace-8b91-e4a92a82b099 d03284ac973743b0ab7e169f6e0b35eb 1337403503d247439adf376114f8e18d - - default default] 10.0.0.47 "GET /v2.0/extensions/rbac-address-scope HTTP/1.1" status: 200 len: 384 time: 0.0039320
2026-03-02 22:27:44.256 9 INFO neutron.wsgi [None req-1ab2561c-c8ae-4ab0-ad31-6d9329db8461 d03284ac973743b0ab7e169f6e0b35eb 1337403503d247439adf376114f8e18d - - default default] 10.0.0.47 "GET /v2.0/extensions/rbac-security-groups HTTP/1.1" status: 200 len: 404 time: 0.0049148
2026-03-02 22:27:44.262 10 INFO neutron.wsgi [req-f27de728-4a1d-4215-a0d6-662258125120 req-99290b09-9f5d-4d34-b4f5-e54d18f41889 cf3b1aa33049425ca3c5ac10f0dc9df4 bff5c98d564f405f82e09306726cd82b - - default default] 199.19.213.23 "GET /v2.0/networks?id=25177ba3-4e22-4fc0-96e3-f7da951f9a93 HTTP/1.1" status: 200 len: 879 time: 0.1103868
2026-03-02 22:27:44.264 9 INFO neutron.wsgi [None req-d57900a2-240d-485f-a334-42ae5f873d27 d03284ac973743b0ab7e169f6e0b35eb 1337403503d247439adf376114f8e18d - - default default] 10.0.0.47 "GET /v2.0/extensions/revision-if-match HTTP/1.1" status: 200 len: 441 time: 0.0042174
2026-03-02 22:27:44.272 9 INFO neutron.wsgi [None req-5fb080b6-e825-4076-90fe-5d67bbb4f659 d03284ac973743b0ab7e169f6e0b35eb 1337403503d247439adf376114f8e18d - - default default] 10.0.0.47 "GET /v2.0/extensions/standard-attr-revisions HTTP/1.1" status: 200 len: 423 time: 0.0040562
2026-03-02 22:27:44.279 9 INFO neutron.wsgi [None req-1e187f7d-df4f-4ebb-ab82-6a9d80c375eb d03284ac973743b0ab7e169f6e0b35eb 1337403503d247439adf376114f8e18d - - default default] 10.0.0.47 "GET /v2.0/extensions/router_availability_zone HTTP/1.1" status: 200 len: 391 time: 0.0038891
2026-03-02 22:27:44.287 9 INFO neutron.wsgi [None req-16dc4688-9a14-49bc-9399-24cce4277020 d03284ac973743b0ab7e169f6e0b35eb 1337403503d247439adf376114f8e18d - - default default] 10.0.0.47 "GET /v2.0/extensions/security-groups-default-rules HTTP/1.1" status: 200 len: 456 time: 0.0042183
2026-03-02 22:27:44.295 10 INFO neutron.wsgi [None req-64295e7b-b836-4c86-a44f-93f8a630ee5c d03284ac973743b0ab7e169f6e0b35eb 1337403503d247439adf376114f8e18d - - default default] 10.0.0.47 "GET /v2.0/extensions/security-groups-normalized-cidr HTTP/1.1" status: 200 len: 445 time: 0.0048912
2026-03-02 22:27:44.304 9 INFO neutron.wsgi [None req-f6305edb-94e4-4068-bba6-84124e718f6b d03284ac973743b0ab7e169f6e0b35eb 1337403503d247439adf376114f8e18d - - default default] 10.0.0.47 "GET /v2.0/extensions/security-groups-remote-address-group HTTP/1.1" status: 200 len: 448 time: 0.0059438
2026-03-02 22:27:44.311 9 INFO neutron.wsgi [None req-a539150c-ae27-4ac1-a459-eb500aeb7f84 d03284ac973743b0ab7e169f6e0b35eb 1337403503d247439adf376114f8e18d - - default default] 10.0.0.47 "GET /v2.0/extensions/security-groups-rules-belongs-to-default-sg HTTP/1.1" status: 200 len: 508 time: 0.0032251
2026-03-02 22:27:44.318 9 INFO neutron.wsgi [None req-a3096870-e0d5-4189-8e66-2761ab5be0a1 d03284ac973743b0ab7e169f6e0b35eb 1337403503d247439adf376114f8e18d - - default default] 10.0.0.47 "GET /v2.0/extensions/security-groups-shared-filtering HTTP/1.1" status: 200 len: 435 time: 0.0030236
2026-03-02 22:27:44.325 9 INFO neutron.wsgi [None req-e34110b8-e726-49fc-93be-17c796bc60fe d03284ac973743b0ab7e169f6e0b35eb 1337403503d247439adf376114f8e18d - - default default] 10.0.0.47 "GET /v2.0/extensions/security-group HTTP/1.1" status: 200 len: 364 time: 0.0039263
2026-03-02 22:27:44.332 9 INFO neutron.wsgi [None req-124fdd02-c50d-450c-8a71-3c3276610c67 d03284ac973743b0ab7e169f6e0b35eb 1337403503d247439adf376114f8e18d - - default default] 10.0.0.47 "GET /v2.0/extensions/segment HTTP/1.1" status: 200 len: 339 time: 0.0042849
2026-03-02 22:27:44.338 10 INFO neutron.wsgi [req-f27de728-4a1d-4215-a0d6-662258125120 req-90600d61-0efc-4314-82e0-94252844165b cf3b1aa33049425ca3c5ac10f0dc9df4 bff5c98d564f405f82e09306726cd82b - - default default] 199.19.213.23 "GET /v2.0/security-groups?fields=id&fields=name&tenant_id=bff5c98d564f405f82e09306726cd82b HTTP/1.1" status: 200 len: 380 time: 0.0420654
2026-03-02 22:27:44.340 9 INFO neutron.wsgi [None req-d0d33d2f-f66a-4269-b87b-5fe1ca4390a5 d03284ac973743b0ab7e169f6e0b35eb 1337403503d247439adf376114f8e18d - - default default] 10.0.0.47 "GET /v2.0/extensions/segments-peer-subnet-host-routes HTTP/1.1" status: 200 len: 427 time: 0.0044439
2026-03-02 22:27:44.346 9 INFO neutron.wsgi [None req-8726a111-eab9-4a4b-98c3-04464369a9ab d03284ac973743b0ab7e169f6e0b35eb 1337403503d247439adf376114f8e18d - - default default] 10.0.0.47 "GET /v2.0/extensions/service-type HTTP/1.1" status: 200 len: 415 time: 0.0031469
2026-03-02 22:27:44.347 10 WARNING neutron_lib.context [req-f27de728-4a1d-4215-a0d6-662258125120 req-582e7b42-47cf-453c-8cc2-65f78d5f9a3f cf3b1aa33049425ca3c5ac10f0dc9df4 bff5c98d564f405f82e09306726cd82b - - default default] Method 'is_advsvc' is deprecated since 2023.2 release (neutron-lib 3.8.0) and will be removed once support for the old RBAC API policies will be removed from Neutron. Please use method 'is_service_role' instead.
2026-03-02 22:27:44.352 9 INFO neutron.wsgi [None req-0b9ca744-1cb8-4c80-b50d-754a4a1ec448 d03284ac973743b0ab7e169f6e0b35eb 1337403503d247439adf376114f8e18d - - default default] 10.0.0.47 "GET /v2.0/extensions/sorting HTTP/1.1" status: 200 len: 377 time: 0.0031734
2026-03-02 22:27:44.360 9 INFO neutron.wsgi [None req-387b7659-8abb-460c-a0b6-99e0a1d3a341 d03284ac973743b0ab7e169f6e0b35eb 1337403503d247439adf376114f8e18d - - default default] 10.0.0.47 "GET /v2.0/extensions/standard-attr-segment HTTP/1.1" status: 200 len: 406 time: 0.0042198
2026-03-02 22:27:44.367 9 INFO neutron.wsgi [None req-2a30211b-1888-4725-b891-75562811b10f d03284ac973743b0ab7e169f6e0b35eb 1337403503d247439adf376114f8e18d - - default default] 10.0.0.47 "GET /v2.0/extensions/standard-attr-description HTTP/1.1" status: 200 len: 408 time: 0.0039523
2026-03-02 22:27:44.376 9 INFO neutron.wsgi [None req-89393c74-6a96-4da7-8bbc-cbf09c31ae33 d03284ac973743b0ab7e169f6e0b35eb 1337403503d247439adf376114f8e18d - - default default] 10.0.0.47 "GET /v2.0/extensions/stateful-security-group HTTP/1.1" status: 200 len: 402 time: 0.0060732
2026-03-02 22:27:44.387 9 INFO neutron.wsgi [None req-719443c1-e6f8-4266-99bb-4f82b6d42534 d03284ac973743b0ab7e169f6e0b35eb 1337403503d247439adf376114f8e18d - - default default] 10.0.0.47 "GET /v2.0/extensions/subnet-dns-publish-fixed-ip HTTP/1.1" status: 200 len: 421 time: 0.0065274
2026-03-02 22:27:44.395 9 INFO neutron.wsgi [None req-ca15e28a-b3db-4c2f-8522-a74f9069fe2a d03284ac973743b0ab7e169f6e0b35eb 1337403503d247439adf376114f8e18d - - default default] 10.0.0.47 "GET /v2.0/extensions/subnet-segmentid-writable HTTP/1.1" status: 200 len: 421 time: 0.0047500
2026-03-02 22:27:44.402 9 INFO neutron.wsgi [None req-43d9b84e-4eeb-4549-be06-6032c847e772 d03284ac973743b0ab7e169f6e0b35eb 1337403503d247439adf376114f8e18d - - default default] 10.0.0.47 "GET /v2.0/extensions/subnet-service-types HTTP/1.1" status: 200 len: 400 time: 0.0032747
2026-03-02 22:27:44.410 9 INFO neutron.wsgi [None req-c33a019e-0079-46f5-b001-f854f8733a93 d03284ac973743b0ab7e169f6e0b35eb 1337403503d247439adf376114f8e18d - - default default] 10.0.0.47 "GET /v2.0/extensions/subnet_allocation HTTP/1.1" status: 200 len: 388 time: 0.0042026
2026-03-02 22:27:44.418 9 INFO neutron.wsgi [None req-f215e47f-8f56-4d3b-9054-2c31887aa40e d03284ac973743b0ab7e169f6e0b35eb 1337403503d247439adf376114f8e18d - - default default] 10.0.0.47 "GET /v2.0/extensions/subnetpool-prefix-ops HTTP/1.1" status: 200 len: 418 time: 0.0052984
2026-03-02 22:27:44.428 10 INFO neutron.wsgi [None req-9a2ac0e8-ff9f-4014-831f-f9bb9b95dbc6 d03284ac973743b0ab7e169f6e0b35eb 1337403503d247439adf376114f8e18d - - default default] 10.0.0.47 "GET /v2.0/extensions/standard-attr-tag HTTP/1.1" status: 200 len: 537 time: 0.0059717
2026-03-02 22:27:44.437 9 INFO neutron.wsgi [None req-e24e92a7-2ecb-493b-bf48-57953624ab2a d03284ac973743b0ab7e169f6e0b35eb 1337403503d247439adf376114f8e18d - - default default] 10.0.0.47 "GET /v2.0/extensions/standard-attr-timestamp HTTP/1.1" status: 200 len: 449 time: 0.0064960
2026-03-02 22:27:44.448 10 INFO neutron.wsgi [None req-81d41207-ddd2-4094-8b70-eb7e992a5333 d03284ac973743b0ab7e169f6e0b35eb 1337403503d247439adf376114f8e18d - - default default] 10.0.0.47 "GET /v2.0/extensions/trunk HTTP/1.1" status: 200 len: 358 time: 0.0075684
2026-03-02 22:27:44.459 9 INFO neutron.wsgi [None req-54de3afa-97fb-4b97-8a1f-0a19fd79c4b1 d03284ac973743b0ab7e169f6e0b35eb 1337403503d247439adf376114f8e18d - - default default] 10.0.0.47 "GET /v2.0/extensions/trunk-details HTTP/1.1" status: 200 len: 362 time: 0.0069239
2026-03-02 22:27:44.466 9 INFO neutron.wsgi [None req-bc3c1a52-855b-4be9-be52-df5b4116d4da d03284ac973743b0ab7e169f6e0b35eb 1337403503d247439adf376114f8e18d - - default default] 10.0.0.47 "GET /v2.0/extensions/vpn-agent-scheduler HTTP/1.1" status: 200 len: 393 time: 0.0043490
2026-03-02 22:27:44.475 10 INFO neutron.wsgi [None req-155160e7-e356-4efb-9ace-850e1d143321 d03284ac973743b0ab7e169f6e0b35eb 1337403503d247439adf376114f8e18d - - default default] 10.0.0.47 "GET /v2.0/extensions/vpn-endpoint-groups HTTP/1.1" status: 200 len: 371 time: 0.0040264
2026-03-02 22:27:44.486 9 INFO neutron.wsgi [None req-0f45053c-b6d8-4f03-b4fe-019d1c34bbb9 d03284ac973743b0ab7e169f6e0b35eb 1337403503d247439adf376114f8e18d - - default default] 10.0.0.47 "GET /v2.0/extensions/vpn-flavors HTTP/1.1" status: 200 len: 376 time: 0.0077970
2026-03-02 22:27:44.495 9 INFO neutron.wsgi [None req-27562e6b-e89b-4b7c-b252-dc137a0316b8 d03284ac973743b0ab7e169f6e0b35eb 1337403503d247439adf376114f8e18d - - default default] 10.0.0.47 "GET /v2.0/extensions/vpnaas HTTP/1.1" status: 200 len: 348 time: 0.0047147
2026-03-02 22:27:44.622 10 INFO neutron.wsgi [req-11dab23f-8b44-4776-b16e-048ca3191603 req-fe6b1ed3-a87f-4d35-9203-54e85e3212a6 cf3b1aa33049425ca3c5ac10f0dc9df4 bff5c98d564f405f82e09306726cd82b - - default default] 10.0.0.169 "GET /v2.0/ports?device_id=86847832-b813-4de1-be2e-0c9ff4e11d4f HTTP/1.1" status: 200 len: 210 time: 0.0318964
2026-03-02 22:27:44.768 10 WARNING neutron.scheduler.dhcp_agent_scheduler [req-f27de728-4a1d-4215-a0d6-662258125120 req-582e7b42-47cf-453c-8cc2-65f78d5f9a3f cf3b1aa33049425ca3c5ac10f0dc9df4 bff5c98d564f405f82e09306726cd82b - - default default] No more DHCP agents
2026-03-02 22:27:44.769 10 WARNING neutron.api.rpc.agentnotifiers.dhcp_rpc_agent_api [req-f27de728-4a1d-4215-a0d6-662258125120 req-582e7b42-47cf-453c-8cc2-65f78d5f9a3f cf3b1aa33049425ca3c5ac10f0dc9df4 bff5c98d564f405f82e09306726cd82b - - default default] Unable to schedule network 25177ba3-4e22-4fc0-96e3-f7da951f9a93: no agents available; will retry on subsequent port and subnet creation events.
2026-03-02 22:27:44.936 10 INFO neutron.db.ovn_revision_numbers_db [req-f27de728-4a1d-4215-a0d6-662258125120 req-582e7b42-47cf-453c-8cc2-65f78d5f9a3f cf3b1aa33049425ca3c5ac10f0dc9df4 bff5c98d564f405f82e09306726cd82b - - default default] Successfully bumped revision number for resource 463c4773-f0d3-4bd8-97f0-045aef6e734a (type: ports) to 1
2026-03-02 22:27:44.973 10 INFO neutron.wsgi [req-f27de728-4a1d-4215-a0d6-662258125120 req-582e7b42-47cf-453c-8cc2-65f78d5f9a3f cf3b1aa33049425ca3c5ac10f0dc9df4 bff5c98d564f405f82e09306726cd82b - - default default] 199.19.213.23 "POST /v2.0/ports HTTP/1.1" status: 201 len: 1162 time: 0.6307929 /var/lib/openstack/lib/python3.10/site-packages/pycadf/identifier.py:71: UserWarning: Invalid uuid: neutron. To ensure interoperability, identifiers should be a valid uuid. warnings.warn(('Invalid uuid: %s. To ensure interoperability, '
2026-03-02 22:27:45.297 9 INFO neutron.db.ovn_revision_numbers_db [None req-b5f558bf-b26c-4ec4-a89f-17c7dbf4fbde 6195e1ae26dd4545ad79c346fe9666a7 a6d2f78b96a4433b9cd04218abadbfcd - - default default] Successfully bumped revision number for resource 4a656aa2-9f66-401e-aef7-401927ba5107 (type: security_groups) to 1
2026-03-02 22:27:45.315 9 INFO neutron.db.ovn_revision_numbers_db [None req-b5f558bf-b26c-4ec4-a89f-17c7dbf4fbde 6195e1ae26dd4545ad79c346fe9666a7 a6d2f78b96a4433b9cd04218abadbfcd - - default default] Successfully bumped revision number for resource 7a6fac2e-1df9-4d39-a5fc-2321f6ff87b4 (type: security_group_rules) to 0
2026-03-02 22:27:45.328 9 INFO neutron.db.ovn_revision_numbers_db [None req-b5f558bf-b26c-4ec4-a89f-17c7dbf4fbde 6195e1ae26dd4545ad79c346fe9666a7 a6d2f78b96a4433b9cd04218abadbfcd - - default default] Successfully bumped revision number for resource 867bffea-d409-48b2-a3d7-52505f9eeb5d (type: security_group_rules) to 0
2026-03-02 22:27:45.374 9 INFO neutron.db.ovn_revision_numbers_db [None req-b5f558bf-b26c-4ec4-a89f-17c7dbf4fbde 6195e1ae26dd4545ad79c346fe9666a7 a6d2f78b96a4433b9cd04218abadbfcd - - default default] Successfully bumped revision number for resource bcc7a3ac-e46a-4d9d-abf9-0e2990841a49 (type: security_group_rules) to 0
2026-03-02 22:27:45.386 10 INFO neutron.db.ovn_revision_numbers_db [req-f27de728-4a1d-4215-a0d6-662258125120 req-6b90ee12-2411-4f1b-ae1e-db535eb452f2 b7dc578550d64fb3bc4bc791034c51e6 0a749a959f714a51bd52649e2ab05997 - - 6db9dc8d0b9c40f4b7b92e967ac96eb1 6db9dc8d0b9c40f4b7b92e967ac96eb1] Successfully bumped revision number for resource 463c4773-f0d3-4bd8-97f0-045aef6e734a (type: ports) to 2
2026-03-02 22:27:45.395 9 INFO neutron.db.ovn_revision_numbers_db [None req-b5f558bf-b26c-4ec4-a89f-17c7dbf4fbde 6195e1ae26dd4545ad79c346fe9666a7 a6d2f78b96a4433b9cd04218abadbfcd - - default default] Successfully bumped revision number for resource f121b874-fa85-466b-b550-d799b964051c (type: security_group_rules) to 0
2026-03-02 22:27:45.421 9 INFO neutron.wsgi [None req-b5f558bf-b26c-4ec4-a89f-17c7dbf4fbde 6195e1ae26dd4545ad79c346fe9666a7 a6d2f78b96a4433b9cd04218abadbfcd - - default default] 10.0.0.47 "GET /v2.0/security-groups?tenant_id=1337403503d247439adf376114f8e18d&name=default HTTP/1.1" status: 200 len: 3120 time: 0.3418102 /var/lib/openstack/lib/python3.10/site-packages/pycadf/identifier.py:71: UserWarning: Invalid uuid: neutron. To ensure interoperability, identifiers should be a valid uuid. warnings.warn(('Invalid uuid: %s. To ensure interoperability, '
2026-03-02 22:27:45.633 10 INFO neutron.db.ovn_revision_numbers_db [req-f27de728-4a1d-4215-a0d6-662258125120 req-6b90ee12-2411-4f1b-ae1e-db535eb452f2 b7dc578550d64fb3bc4bc791034c51e6 0a749a959f714a51bd52649e2ab05997 - - 6db9dc8d0b9c40f4b7b92e967ac96eb1 6db9dc8d0b9c40f4b7b92e967ac96eb1] Successfully bumped revision number for resource 463c4773-f0d3-4bd8-97f0-045aef6e734a (type: ports) to 2
2026-03-02 22:27:45.649 10 INFO neutron.wsgi [req-f27de728-4a1d-4215-a0d6-662258125120 req-6b90ee12-2411-4f1b-ae1e-db535eb452f2 b7dc578550d64fb3bc4bc791034c51e6 0a749a959f714a51bd52649e2ab05997 - - 6db9dc8d0b9c40f4b7b92e967ac96eb1 6db9dc8d0b9c40f4b7b92e967ac96eb1] 199.19.213.23 "PUT /v2.0/ports/463c4773-f0d3-4bd8-97f0-045aef6e734a HTTP/1.1" status: 200 len: 1380 time: 0.6683292
2026-03-02 22:27:45.682 10 INFO neutron.notifiers.nova [-] Nova event matching ['req-525bca1c-5d2c-4019-9ba8-e45b03e75e06'] response: {'name': 'network-changed', 'server_uuid': '86847832-b813-4de1-be2e-0c9ff4e11d4f', 'tag': '463c4773-f0d3-4bd8-97f0-045aef6e734a', 'status': 'completed', 'code': 200} /var/lib/openstack/lib/python3.10/site-packages/pycadf/identifier.py:71: UserWarning: Invalid uuid: neutron. To ensure interoperability, identifiers should be a valid uuid. warnings.warn(('Invalid uuid: %s. To ensure interoperability, '
2026-03-02 22:27:45.715 10 INFO neutron.wsgi [None req-8f0634bf-80c3-463f-aaa2-5078c9fed3ae 6195e1ae26dd4545ad79c346fe9666a7 a6d2f78b96a4433b9cd04218abadbfcd - - default default] 10.0.0.47 "DELETE /v2.0/security-groups/4a656aa2-9f66-401e-aef7-401927ba5107 HTTP/1.1" status: 204 len: 168 time: 0.2869866
2026-03-02 22:27:45.739 10 INFO neutron.wsgi [req-894d0535-cda9-44f4-84da-0c085af47b61 req-5e4e2afa-ee13-413f-94bc-69c8f39437b4 cf3b1aa33049425ca3c5ac10f0dc9df4 bff5c98d564f405f82e09306726cd82b - - default default] 10.0.0.169 "GET /v2.0/ports?device_id=86847832-b813-4de1-be2e-0c9ff4e11d4f HTTP/1.1" status: 200 len: 1172 time: 0.0514612
2026-03-02 22:27:45.757 10 INFO neutron.wsgi [req-f27de728-4a1d-4215-a0d6-662258125120 req-400734cb-2051-4c75-92df-9e6aaab4d39b b7dc578550d64fb3bc4bc791034c51e6 0a749a959f714a51bd52649e2ab05997 - - 6db9dc8d0b9c40f4b7b92e967ac96eb1 6db9dc8d0b9c40f4b7b92e967ac96eb1] 199.19.213.23 "GET /v2.0/ports?tenant_id=bff5c98d564f405f82e09306726cd82b&device_id=86847832-b813-4de1-be2e-0c9ff4e11d4f HTTP/1.1" status: 200 len: 1411 time: 0.0404637
2026-03-02 22:27:45.787 10 INFO neutron.wsgi [req-f27de728-4a1d-4215-a0d6-662258125120 req-8937ecac-a192-4514-b3a3-203997681b50 b7dc578550d64fb3bc4bc791034c51e6 0a749a959f714a51bd52649e2ab05997 - - 6db9dc8d0b9c40f4b7b92e967ac96eb1 6db9dc8d0b9c40f4b7b92e967ac96eb1] 199.19.213.23 "GET /v2.0/floatingips?fixed_ip_address=10.100.0.13&port_id=463c4773-f0d3-4bd8-97f0-045aef6e734a HTTP/1.1" status: 200 len: 217 time: 0.0226543
2026-03-02 22:27:45.796 10 INFO neutron.wsgi [req-894d0535-cda9-44f4-84da-0c085af47b61 req-541097c5-4b86-452e-a7a4-2407c47b3d03 cf3b1aa33049425ca3c5ac10f0dc9df4 bff5c98d564f405f82e09306726cd82b - - default default] 10.0.0.169 "GET /v2.0/security-groups?id=0fbbe2ac-aa53-419f-a25e-6d6216ab56ef&fields=id&fields=name HTTP/1.1" status: 200 len: 313 time: 0.0510917
2026-03-02 22:27:45.832 10 INFO neutron.wsgi [req-f27de728-4a1d-4215-a0d6-662258125120 req-6185221f-8e5f-46db-b2e6-406806130865 b7dc578550d64fb3bc4bc791034c51e6 0a749a959f714a51bd52649e2ab05997 - - 6db9dc8d0b9c40f4b7b92e967ac96eb1 6db9dc8d0b9c40f4b7b92e967ac96eb1] 199.19.213.23 "GET /v2.0/subnets?id=ecf8a5af-6d00-467b-852f-f6c2a05c6c3e HTTP/1.1" status: 200 len: 873 time: 0.0290468
2026-03-02 22:27:45.863 10 INFO neutron.wsgi [req-f27de728-4a1d-4215-a0d6-662258125120 req-4c2a19fb-c3cf-4649-8beb-a94026210a20 b7dc578550d64fb3bc4bc791034c51e6 0a749a959f714a51bd52649e2ab05997 - - 6db9dc8d0b9c40f4b7b92e967ac96eb1 6db9dc8d0b9c40f4b7b92e967ac96eb1] 199.19.213.23 "GET /v2.0/ports?network_id=25177ba3-4e22-4fc0-96e3-f7da951f9a93&device_owner=network%3Adhcp HTTP/1.1" status: 200 len: 210 time: 0.0242267
2026-03-02 22:27:45.930 10 INFO neutron.wsgi [req-f27de728-4a1d-4215-a0d6-662258125120 req-559d159b-184c-4a01-a66b-0bcfa80383a7 b7dc578550d64fb3bc4bc791034c51e6 0a749a959f714a51bd52649e2ab05997 - - 6db9dc8d0b9c40f4b7b92e967ac96eb1 6db9dc8d0b9c40f4b7b92e967ac96eb1] 199.19.213.23 "GET /v2.0/networks/25177ba3-4e22-4fc0-96e3-f7da951f9a93?fields=segments HTTP/1.1" status: 200 len: 212 time: 0.0575950
2026-03-02 22:27:46.009 10 INFO neutron.wsgi [req-f27de728-4a1d-4215-a0d6-662258125120 req-659ca279-969e-4251-adb3-38993aa8ccc1 b7dc578550d64fb3bc4bc791034c51e6 0a749a959f714a51bd52649e2ab05997 - - 6db9dc8d0b9c40f4b7b92e967ac96eb1 6db9dc8d0b9c40f4b7b92e967ac96eb1] 199.19.213.23 "GET /v2.0/networks/25177ba3-4e22-4fc0-96e3-f7da951f9a93?fields=provider%3Aphysical_network&fields=provider%3Anetwork_type HTTP/1.1" status: 200 len: 277 time: 0.0715404
2026-03-02 22:27:46.099 10 INFO neutron.wsgi [req-f2669d68-803e-40b7-a152-ffc280024d1b req-efdc778b-d274-4faf-8e8e-042cf01e0293 b7dc578550d64fb3bc4bc791034c51e6 0a749a959f714a51bd52649e2ab05997 - - 6db9dc8d0b9c40f4b7b92e967ac96eb1 6db9dc8d0b9c40f4b7b92e967ac96eb1] 199.19.213.23 "GET /v2.0/ports?tenant_id=bff5c98d564f405f82e09306726cd82b&device_id=86847832-b813-4de1-be2e-0c9ff4e11d4f HTTP/1.1" status: 200 len: 1411 time: 0.0426772
2026-03-02 22:27:46.168 10 INFO neutron.wsgi [req-f2669d68-803e-40b7-a152-ffc280024d1b req-3c434023-5d1d-4c14-a10e-e42dc9af279d b7dc578550d64fb3bc4bc791034c51e6 0a749a959f714a51bd52649e2ab05997 - - 6db9dc8d0b9c40f4b7b92e967ac96eb1 6db9dc8d0b9c40f4b7b92e967ac96eb1] 199.19.213.23 "GET /v2.0/networks?id=25177ba3-4e22-4fc0-96e3-f7da951f9a93 HTTP/1.1" status: 200 len: 978 time: 0.0627668
2026-03-02 22:27:46.199 10 INFO neutron.wsgi [req-f2669d68-803e-40b7-a152-ffc280024d1b req-44b6eda6-fa5c-433c-8723-f190ef34c6f0 b7dc578550d64fb3bc4bc791034c51e6 0a749a959f714a51bd52649e2ab05997 - - 6db9dc8d0b9c40f4b7b92e967ac96eb1 6db9dc8d0b9c40f4b7b92e967ac96eb1] 199.19.213.23 "GET /v2.0/floatingips?fixed_ip_address=10.100.0.13&port_id=463c4773-f0d3-4bd8-97f0-045aef6e734a HTTP/1.1" status: 200 len: 217 time: 0.0231020
2026-03-02 22:27:46.236 10 INFO neutron.wsgi [req-f2669d68-803e-40b7-a152-ffc280024d1b req-6f34bf1c-752e-4e3a-99ef-7f459a5c9f29 b7dc578550d64fb3bc4bc791034c51e6 0a749a959f714a51bd52649e2ab05997 - - 6db9dc8d0b9c40f4b7b92e967ac96eb1 6db9dc8d0b9c40f4b7b92e967ac96eb1] 199.19.213.23 "GET /v2.0/subnets?id=ecf8a5af-6d00-467b-852f-f6c2a05c6c3e HTTP/1.1" status: 200 len: 873 time: 0.0295947
2026-03-02 22:27:46.266 10 INFO neutron.wsgi [req-f2669d68-803e-40b7-a152-ffc280024d1b req-da9c1721-caa1-4cf5-a2b0-931b1d7d637e b7dc578550d64fb3bc4bc791034c51e6 0a749a959f714a51bd52649e2ab05997 - - 6db9dc8d0b9c40f4b7b92e967ac96eb1 6db9dc8d0b9c40f4b7b92e967ac96eb1] 199.19.213.23 "GET /v2.0/ports?network_id=25177ba3-4e22-4fc0-96e3-f7da951f9a93&device_owner=network%3Adhcp HTTP/1.1" status: 200 len: 210 time: 0.0234332
2026-03-02 22:27:46.338 10 INFO neutron.wsgi [req-f2669d68-803e-40b7-a152-ffc280024d1b req-f874c716-fae1-4536-8c2e-ba13bdcb38f1 b7dc578550d64fb3bc4bc791034c51e6 0a749a959f714a51bd52649e2ab05997 - - 6db9dc8d0b9c40f4b7b92e967ac96eb1 6db9dc8d0b9c40f4b7b92e967ac96eb1] 199.19.213.23 "GET /v2.0/networks/25177ba3-4e22-4fc0-96e3-f7da951f9a93?fields=segments HTTP/1.1" status: 200 len: 212 time: 0.0634966
2026-03-02 22:27:46.402 10 INFO neutron.wsgi [req-f2669d68-803e-40b7-a152-ffc280024d1b req-5ff6f05b-64c5-4ef5-8bf9-bd61ab067014 b7dc578550d64fb3bc4bc791034c51e6 0a749a959f714a51bd52649e2ab05997 - - 6db9dc8d0b9c40f4b7b92e967ac96eb1 6db9dc8d0b9c40f4b7b92e967ac96eb1] 199.19.213.23 "GET /v2.0/networks/25177ba3-4e22-4fc0-96e3-f7da951f9a93?fields=provider%3Aphysical_network&fields=provider%3Anetwork_type HTTP/1.1" status: 200 len: 277 time: 0.0601335
2026-03-02 22:27:46.869 9 INFO neutron.wsgi [-] 10.0.0.44 "GET / HTTP/1.1" status: 200 len: 247 time: 0.0034642
2026-03-02 22:27:46.880 9 INFO neutron.wsgi [-] 10.0.0.44 "GET / HTTP/1.1" status: 200 len: 247 time: 0.0094016
2026-03-02 22:27:46.885 9 INFO neutron.plugins.ml2.drivers.ovn.mech_driver.mech_driver [None req-1bacd6f4-064d-49e4-9198-f6b55c310d6c - - - - - -] OVN reports status up for port: 463c4773-f0d3-4bd8-97f0-045aef6e734a
2026-03-02 22:27:46.900 9 INFO neutron.plugins.ml2.plugin [None req-1bacd6f4-064d-49e4-9198-f6b55c310d6c - - - - - -] Attempt 1 to provision port 463c4773-f0d3-4bd8-97f0-045aef6e734a
2026-03-02 22:27:46.920 10 INFO neutron.wsgi [req-db4ae519-2950-479b-a874-6be72822fc8b req-6f9833c8-2fa2-41aa-9a09-6eb2287fbb00 cf3b1aa33049425ca3c5ac10f0dc9df4 bff5c98d564f405f82e09306726cd82b - - default default] 10.0.0.169 "GET /v2.0/ports?device_id=86847832-b813-4de1-be2e-0c9ff4e11d4f HTTP/1.1" status: 200 len: 1172 time: 0.0473597
2026-03-02 22:27:46.984 10 INFO neutron.wsgi [req-db4ae519-2950-479b-a874-6be72822fc8b req-71c69313-4971-412f-8fe5-9924cab7326b cf3b1aa33049425ca3c5ac10f0dc9df4 bff5c98d564f405f82e09306726cd82b - - default default] 10.0.0.169 "GET /v2.0/security-groups?id=0fbbe2ac-aa53-419f-a25e-6d6216ab56ef&fields=id&fields=name HTTP/1.1" status: 200 len: 313 time: 0.0567508
2026-03-02 22:27:47.073 9 INFO neutron.notifiers.nova [-] Nova event matching ['req-8febe17a-db7c-4018-b8ad-9e15520ea581'] response: {'server_uuid': '86847832-b813-4de1-be2e-0c9ff4e11d4f', 'name': 'network-vif-plugged', 'status': 'completed', 'tag': '463c4773-f0d3-4bd8-97f0-045aef6e734a', 'code': 200}
2026-03-02 22:27:47.130 10 INFO neutron.wsgi [req-51abdfa0-1b5a-42ea-8933-2585bcef1581 req-e680c3d6-22b1-4ba2-9d6e-7369a9158736 abfe2009d2b2409fb89cb0cd959cfd2f 4fbf767ee413413d949723f6856cb1fc - - default default] 10.0.0.169 "GET /v2.0/ports?device_id=9cd6edba-7853-4090-8ab4-b3cebb8e98f5 HTTP/1.1" status: 200 len: 1174 time: 0.0944643
2026-03-02 22:27:47.215 9 INFO neutron.db.ovn_revision_numbers_db [None req-1bacd6f4-064d-49e4-9198-f6b55c310d6c - - - - - -] Successfully bumped revision number for resource 463c4773-f0d3-4bd8-97f0-045aef6e734a (type: ports) to 4
2026-03-02 22:27:47.243 10 INFO neutron.wsgi [req-6746b26d-5ed5-405f-af51-75392d7542fa req-22a86b61-357b-4771-9987-a132acf3ee5a abfe2009d2b2409fb89cb0cd959cfd2f 4fbf767ee413413d949723f6856cb1fc - - default default] 10.0.0.169 "GET /v2.0/ports/e693b75c-cc45-45bb-b3f9-5e2c92e6eefb HTTP/1.1" status: 200 len: 1171 time: 0.0490577
2026-03-02 22:27:47.465 10 INFO neutron.wsgi [req-b6e50d4d-dc5b-45a7-a0b0-ae7c3618d6b3 req-641226fe-be28-4da5-ae83-3b78d03e9152 abfe2009d2b2409fb89cb0cd959cfd2f 4fbf767ee413413d949723f6856cb1fc - - default default] 199.19.213.23 "GET /v2.0/subnets?network_id=3b141ff5-da79-48be-8c08-f2fa33b73fea HTTP/1.1" status: 200 len: 858 time: 0.0825348
2026-03-02 22:27:47.533 10 INFO neutron.wsgi [req-b6e50d4d-dc5b-45a7-a0b0-ae7c3618d6b3 req-c00f7107-ec38-4215-b65d-920f9bfad822 abfe2009d2b2409fb89cb0cd959cfd2f 4fbf767ee413413d949723f6856cb1fc - - default default] 199.19.213.23 "GET /v2.0/ports?device_id=9cd6edba-7853-4090-8ab4-b3cebb8e98f5&device_owner=compute%3Anova&network_id=3b141ff5-da79-48be-8c08-f2fa33b73fea HTTP/1.1" status: 200 len: 1174 time: 0.0616512
