File "/var/lib/openstack/lib/python3.10/site-packages/oslo_utils/excutils.py", line 200, in force_reraise
2026-03-02 22:30:45.348 9 ERROR neutron_lib.callbacks.manager raise self.value
2026-03-02 22:30:45.348 9 ERROR neutron_lib.callbacks.manager
File "/var/lib/openstack/lib/python3.10/site-packages/neutron_lib/db/api.py", line 135, in wrapped
2026-03-02 22:30:45.348 9 ERROR neutron_lib.callbacks.manager return f(*args, **kwargs)
2026-03-02 22:30:45.348 9 ERROR neutron_lib.callbacks.manager
File "/var/lib/openstack/lib/python3.10/site-packages/oslo_db/api.py", line 144, in wrapper
2026-03-02 22:30:45.348 9 ERROR neutron_lib.callbacks.manager with excutils.save_and_reraise_exception() as ectxt:
2026-03-02 22:30:45.348 9 ERROR neutron_lib.callbacks.manager
File "/var/lib/openstack/lib/python3.10/site-packages/oslo_utils/excutils.py", line 227, in __exit__
2026-03-02 22:30:45.348 9 ERROR neutron_lib.callbacks.manager self.force_reraise()
2026-03-02 22:30:45.348 9 ERROR neutron_lib.callbacks.manager
File "/var/lib/openstack/lib/python3.10/site-packages/oslo_utils/excutils.py", line 200, in force_reraise
2026-03-02 22:30:45.348 9 ERROR neutron_lib.callbacks.manager raise self.value
2026-03-02 22:30:45.348 9 ERROR neutron_lib.callbacks.manager
File "/var/lib/openstack/lib/python3.10/site-packages/oslo_db/api.py", line 142, in wrapper
2026-03-02 22:30:45.348 9 ERROR neutron_lib.callbacks.manager return f(*args, **kwargs)
2026-03-02 22:30:45.348 9 ERROR neutron_lib.callbacks.manager
File "/var/lib/openstack/lib/python3.10/site-packages/neutron_lib/db/api.py", line 183, in wrapped
2026-03-02 22:30:45.348 9 ERROR neutron_lib.callbacks.manager with excutils.save_and_reraise_exception():
2026-03-02 22:30:45.348 9 ERROR neutron_lib.callbacks.manager
File "/var/lib/openstack/lib/python3.10/site-packages/oslo_utils/excutils.py", line 227, in __exit__
2026-03-02 22:30:45.348 9 ERROR neutron_lib.callbacks.manager self.force_reraise()
2026-03-02 22:30:45.348 9 ERROR neutron_lib.callbacks.manager
File "/var/lib/openstack/lib/python3.10/site-packages/oslo_utils/excutils.py", line 200, in force_reraise
2026-03-02 22:30:45.348 9 ERROR neutron_lib.callbacks.manager raise self.value
2026-03-02 22:30:45.348 9 ERROR neutron_lib.callbacks.manager
File "/var/lib/openstack/lib/python3.10/site-packages/neutron_lib/db/api.py", line 181, in wrapped
2026-03-02 22:30:45.348 9 ERROR neutron_lib.callbacks.manager return f(*dup_args, **dup_kwargs)
2026-03-02 22:30:45.348 9 ERROR neutron_lib.callbacks.manager
File "/var/lib/openstack/lib/python3.10/site-packages/neutron/db/ovn_revision_numbers_db.py", line 192, in bump_revision
2026-03-02 22:30:45.348 9 ERROR neutron_lib.callbacks.manager std_attr_id = _get_standard_attr_id(context, resource['id'],
2026-03-02 22:30:45.348 9 ERROR neutron_lib.callbacks.manager
File "/var/lib/openstack/lib/python3.10/site-packages/neutron/db/ovn_revision_numbers_db.py", line 109, in _get_standard_attr_id
2026-03-02 22:30:45.348 9 ERROR neutron_lib.callbacks.manager raise StandardAttributeIDNotFound(resource_uuid=resource_uuid)
2026-03-02 22:30:45.348 9 ERROR neutron_lib.callbacks.manager neutron.db.ovn_revision_numbers_db.StandardAttributeIDNotFound: Standard attribute ID not found for d91ba761-2c69-4415-9a0c-e34ff2527103
2026-03-02 22:30:45.348 9 ERROR neutron_lib.callbacks.manager 
2026-03-02 22:30:45.362 9 INFO neutron.wsgi [None req-e7e948e1-3460-49af-a3b3-feb384c0518b d8b95481a66f41d38e4958d3bdd56938 8e0ffd58be89455385cf072494fc8864 - - default default] 10.0.0.47 "POST /v2.0/networks HTTP/1.1" status: 201 len: 830 time: 1.7659669
2026-03-02 22:30:45.365 10 INFO neutron.wsgi [req-f2db52b1-04df-4928-9e0c-71cba3fae11e req-8af7814c-8a41-4b26-a17d-0d257c7d630c bf8e4e329f604559ad9b0d28f360a671 ec09ec1941244bb786589a2657d2c4cd - - default default] 10.0.0.169 "GET /v2.0/ports?device_id=57e84d2a-958e-4f03-bed5-affc41258879 HTTP/1.1" status: 200 len: 210 time: 0.0293527
2026-03-02 22:30:45.377 10 WARNING neutron_lib.context [None req-e09db6c2-9cfc-4d9a-aa74-c5113badbae1 d8b95481a66f41d38e4958d3bdd56938 8e0ffd58be89455385cf072494fc8864 - - default default] Method 'is_advsvc' is deprecated since 2023.2 release (neutron-lib 3.8.0) and will be removed once support for the old RBAC API policies will be removed from Neutron. Please use method 'is_service_role' instead.
2026-03-02 22:30:45.730 9 INFO neutron.wsgi [req-30c74c08-2c39-41cd-8b9d-7ee4cbf875b7 req-beaf56ab-e310-4a32-80a3-c43dd0d774a1 bf8e4e329f604559ad9b0d28f360a671 ec09ec1941244bb786589a2657d2c4cd - - default default] 199.19.213.23 "GET /v2.0/security-groups?fields=id&fields=name&tenant_id=ec09ec1941244bb786589a2657d2c4cd HTTP/1.1" status: 200 len: 471 time: 0.3864212
2026-03-02 22:30:45.743 10 WARNING neutron.scheduler.dhcp_agent_scheduler [None req-e09db6c2-9cfc-4d9a-aa74-c5113badbae1 d8b95481a66f41d38e4958d3bdd56938 8e0ffd58be89455385cf072494fc8864 - - default default] No more DHCP agents
2026-03-02 22:30:45.745 10 WARNING neutron.api.rpc.agentnotifiers.dhcp_rpc_agent_api [None req-e09db6c2-9cfc-4d9a-aa74-c5113badbae1 d8b95481a66f41d38e4958d3bdd56938 8e0ffd58be89455385cf072494fc8864 - - default default] Unable to schedule network 4df33272-4dc3-4866-aa7e-ee6f6b5b61c1: no agents available; will retry on subsequent port and subnet creation events.
2026-03-02 22:30:45.746 9 WARNING neutron_lib.context [req-30c74c08-2c39-41cd-8b9d-7ee4cbf875b7 req-914960b6-345f-4817-8ac6-5b455096c816 bf8e4e329f604559ad9b0d28f360a671 ec09ec1941244bb786589a2657d2c4cd - - default default] Method 'is_advsvc' is deprecated since 2023.2 release (neutron-lib 3.8.0) and will be removed once support for the old RBAC API policies will be removed from Neutron. Please use method 'is_service_role' instead.
2026-03-02 22:30:45.839 10 INFO neutron.db.ovn_revision_numbers_db [None req-e09db6c2-9cfc-4d9a-aa74-c5113badbae1 d8b95481a66f41d38e4958d3bdd56938 8e0ffd58be89455385cf072494fc8864 - - default default] Successfully bumped revision number for resource bc54956f-f181-4641-8c3d-5380124516f0 (type: ports) to 1
2026-03-02 22:30:45.862 10 INFO neutron.wsgi [None req-e09db6c2-9cfc-4d9a-aa74-c5113badbae1 d8b95481a66f41d38e4958d3bdd56938 8e0ffd58be89455385cf072494fc8864 - - default default] 10.0.0.47 "POST /v2.0/ports HTTP/1.1" status: 201 len: 942 time: 0.4910352 /var/lib/openstack/lib/python3.10/site-packages/pycadf/identifier.py:71: UserWarning: Invalid uuid: neutron. To ensure interoperability, identifiers should be a valid uuid. warnings.warn(('Invalid uuid: %s. To ensure interoperability, '
2026-03-02 22:30:45.927 10 INFO neutron.wsgi [None req-93d26fda-9f78-421b-898f-c5a2b474dd62 d8b95481a66f41d38e4958d3bdd56938 8e0ffd58be89455385cf072494fc8864 - - default default] 10.0.0.47 "PUT /v2.0/ports/bc54956f-f181-4641-8c3d-5380124516f0/tags HTTP/1.1" status: 200 len: 218 time: 0.0601795
2026-03-02 22:30:45.969 10 INFO neutron.wsgi [None req-2906cbf7-2334-40ec-ad5d-b6b5cb06df0f d8b95481a66f41d38e4958d3bdd56938 8e0ffd58be89455385cf072494fc8864 - - default default] 10.0.0.47 "GET /v2.0/ports/bc54956f-f181-4641-8c3d-5380124516f0/tags HTTP/1.1" status: 200 len: 218 time: 0.0342736
2026-03-02 22:30:46.026 10 INFO neutron.wsgi [None req-41d6bed0-d70d-4ee5-a98b-ddf2a3c55228 d8b95481a66f41d38e4958d3bdd56938 8e0ffd58be89455385cf072494fc8864 - - default default] 10.0.0.47 "PUT /v2.0/ports/bc54956f-f181-4641-8c3d-5380124516f0/tags/green HTTP/1.1" status: 201 len: 201 time: 0.0524545
2026-03-02 22:30:46.069 10 INFO neutron.wsgi [None req-e8dac77a-8a0e-42d9-9f79-49639b0f8568 d8b95481a66f41d38e4958d3bdd56938 8e0ffd58be89455385cf072494fc8864 - - default default] 10.0.0.47 "GET /v2.0/ports/bc54956f-f181-4641-8c3d-5380124516f0/tags HTTP/1.1" status: 200 len: 227 time: 0.0360432
2026-03-02 22:30:46.115 10 INFO neutron.wsgi [None req-8cbab357-02c2-4703-aafe-d4bd7017667e d8b95481a66f41d38e4958d3bdd56938 8e0ffd58be89455385cf072494fc8864 - - default default] 10.0.0.47 "PUT /v2.0/ports/bc54956f-f181-4641-8c3d-5380124516f0/tags/red HTTP/1.1" status: 201 len: 201 time: 0.0410414
2026-03-02 22:30:46.162 10 INFO neutron.wsgi [None req-83cb397e-6448-4647-9411-e2116c0ab6dc d8b95481a66f41d38e4958d3bdd56938 8e0ffd58be89455385cf072494fc8864 - - default default] 10.0.0.47 "GET /v2.0/ports/bc54956f-f181-4641-8c3d-5380124516f0/tags HTTP/1.1" status: 200 len: 227 time: 0.0377843
2026-03-02 22:30:46.185 9 WARNING neutron.scheduler.dhcp_agent_scheduler [req-0e0c8128-4096-4c39-b6c4-435d35fea3ed req-bff1c5da-bcec-453c-a931-b89bc941986a e1468e71c349491f819c4dddfb384b32 9c4bffe7d5fe4de792814b71c2bcdde0 - - default default] No more DHCP agents
2026-03-02 22:30:46.192 9 WARNING neutron.api.rpc.agentnotifiers.dhcp_rpc_agent_api [req-0e0c8128-4096-4c39-b6c4-435d35fea3ed req-bff1c5da-bcec-453c-a931-b89bc941986a e1468e71c349491f819c4dddfb384b32 9c4bffe7d5fe4de792814b71c2bcdde0 - - default default] Unable to schedule network ee6a70a9-b0fe-4fc7-b221-716b10fc6df0: no agents available; will retry on subsequent port and subnet creation events.
2026-03-02 22:30:46.216 10 INFO neutron.wsgi [req-a3518875-3ab2-4230-bed8-bd91757b2e6e req-b1eb5d06-3ebf-46f0-9023-4d8d8b9a63a0 e1468e71c349491f819c4dddfb384b32 9c4bffe7d5fe4de792814b71c2bcdde0 - - default default] 10.0.0.169 "GET /v2.0/ports?device_id=ce4ad1bf-b38b-44d3-85bb-40444f4d1800 HTTP/1.1" status: 200 len: 1200 time: 0.0526750
2026-03-02 22:30:46.248 10 INFO neutron.wsgi [None req-e9b22e25-ec34-4921-b6aa-463add676fe2 d8b95481a66f41d38e4958d3bdd56938 8e0ffd58be89455385cf072494fc8864 - - default default] 10.0.0.47 "PUT /v2.0/ports/bc54956f-f181-4641-8c3d-5380124516f0/tags/black.or.white HTTP/1.1" status: 201 len: 201 time: 0.0775847
2026-03-02 22:30:46.278 10 INFO neutron.wsgi [req-a3518875-3ab2-4230-bed8-bd91757b2e6e req-76724cc2-f974-4a3c-b322-5f9b62656a6e e1468e71c349491f819c4dddfb384b32 9c4bffe7d5fe4de792814b71c2bcdde0 - - default default] 10.0.0.169 "GET /v2.0/security-groups?id=811e1158-88f7-48ce-b3ec-daa7de9e29ba&id=f5929f08-e67e-4a74-a597-d4236666f027&fields=id&fields=name HTTP/1.1" status: 200 len: 405 time: 0.0555253
2026-03-02 22:30:46.312 10 INFO neutron.wsgi [None req-08c889e1-28c0-4d56-90e1-3246d2c558b7 d8b95481a66f41d38e4958d3bdd56938 8e0ffd58be89455385cf072494fc8864 - - default default] 10.0.0.47 "GET /v2.0/ports/bc54956f-f181-4641-8c3d-5380124516f0/tags HTTP/1.1" status: 200 len: 245 time: 0.0544219
2026-03-02 22:30:46.361 9 WARNING neutron.scheduler.dhcp_agent_scheduler [req-30c74c08-2c39-41cd-8b9d-7ee4cbf875b7 req-914960b6-345f-4817-8ac6-5b455096c816 bf8e4e329f604559ad9b0d28f360a671 ec09ec1941244bb786589a2657d2c4cd - - default default] No more DHCP agents
2026-03-02 22:30:46.369 9 WARNING neutron.api.rpc.agentnotifiers.dhcp_rpc_agent_api [req-30c74c08-2c39-41cd-8b9d-7ee4cbf875b7 req-914960b6-345f-4817-8ac6-5b455096c816 bf8e4e329f604559ad9b0d28f360a671 ec09ec1941244bb786589a2657d2c4cd - - default default] Unable to schedule network f2258961-c062-44aa-bb70-569f55b45de1: no agents available; will retry on subsequent port and subnet creation events.
2026-03-02 22:30:46.370 10 INFO neutron.wsgi [None req-c54ff67b-eebb-4d9e-b93f-6919f9551ebe d8b95481a66f41d38e4958d3bdd56938 8e0ffd58be89455385cf072494fc8864 - - default default] 10.0.0.47 "PUT /v2.0/ports/bc54956f-f181-4641-8c3d-5380124516f0/tags HTTP/1.1" status: 200 len: 230 time: 0.0485106
2026-03-02 22:30:46.411 10 INFO neutron.wsgi [None req-6a83d408-a10d-417d-8294-cffcac82d27c d8b95481a66f41d38e4958d3bdd56938 8e0ffd58be89455385cf072494fc8864 - - default default] 10.0.0.47 "GET /v2.0/ports/bc54956f-f181-4641-8c3d-5380124516f0/tags HTTP/1.1" status: 200 len: 230 time: 0.0365913
2026-03-02 22:30:46.473 10 INFO neutron.wsgi [None req-9fa46bf4-a4b7-4d82-93fe-2e8d5fbd6cbf d8b95481a66f41d38e4958d3bdd56938 8e0ffd58be89455385cf072494fc8864 - - default default] 10.0.0.47 "GET /v2.0/ports/bc54956f-f181-4641-8c3d-5380124516f0/tags/red HTTP/1.1" status: 204 len: 168 time: 0.0570555
2026-03-02 22:30:46.485 10 INFO neutron.wsgi [req-d3a4bd38-b85e-482e-83eb-251280c6dffa req-420c3d5b-3313-4f62-b6f4-2714616e10f8 bf8e4e329f604559ad9b0d28f360a671 ec09ec1941244bb786589a2657d2c4cd - - default default] 10.0.0.169 "GET /v2.0/ports?device_id=57e84d2a-958e-4f03-bed5-affc41258879 HTTP/1.1" status: 200 len: 1160 time: 0.0595374
2026-03-02 22:30:46.522 10 INFO neutron.api.v2.resource [None req-65637bdf-7111-46e3-90ca-c5bbcb8a6c3d d8b95481a66f41d38e4958d3bdd56938 8e0ffd58be89455385cf072494fc8864 - - default default] show failed (client error): The resource could not be found.
2026-03-02 22:30:46.523 10 INFO neutron.wsgi [None req-65637bdf-7111-46e3-90ca-c5bbcb8a6c3d d8b95481a66f41d38e4958d3bdd56938 8e0ffd58be89455385cf072494fc8864 - - default default] 10.0.0.47 "GET /v2.0/ports/bc54956f-f181-4641-8c3d-5380124516f0/tags/green HTTP/1.1" status: 404 len: 299 time: 0.0375688
2026-03-02 22:30:46.540 9 INFO neutron.db.ovn_revision_numbers_db [req-0e0c8128-4096-4c39-b6c4-435d35fea3ed req-bff1c5da-bcec-453c-a931-b89bc941986a e1468e71c349491f819c4dddfb384b32 9c4bffe7d5fe4de792814b71c2bcdde0 - - default default] Successfully bumped revision number for resource 9fd4925e-9fe5-430f-9d02-019b517d341c (type: ports) to 1
2026-03-02 22:30:46.545 10 INFO neutron.wsgi [req-d3a4bd38-b85e-482e-83eb-251280c6dffa req-350f9ef3-8001-41a7-8e21-dc408524cfb4 bf8e4e329f604559ad9b0d28f360a671 ec09ec1941244bb786589a2657d2c4cd - - default default] 10.0.0.169 "GET /v2.0/security-groups?id=9570b961-3601-4403-ab57-b8f6ff79b1dd&fields=id&fields=name HTTP/1.1" status: 200 len: 312 time: 0.0521853 /var/lib/openstack/lib/python3.10/site-packages/pycadf/identifier.py:71: UserWarning: Invalid uuid: neutron. To ensure interoperability, identifiers should be a valid uuid. warnings.warn(('Invalid uuid: %s. To ensure interoperability, '
2026-03-02 22:30:46.615 9 INFO neutron.wsgi [req-0e0c8128-4096-4c39-b6c4-435d35fea3ed req-bff1c5da-bcec-453c-a931-b89bc941986a e1468e71c349491f819c4dddfb384b32 9c4bffe7d5fe4de792814b71c2bcdde0 - - default default] 199.19.213.23 "POST /v2.0/ports HTTP/1.1" status: 201 len: 1201 time: 1.4114544
2026-03-02 22:30:46.687 9 INFO neutron.wsgi [None req-6fb63b96-a687-4937-b564-75d47534e066 d8b95481a66f41d38e4958d3bdd56938 8e0ffd58be89455385cf072494fc8864 - - default default] 10.0.0.47 "DELETE /v2.0/ports/bc54956f-f181-4641-8c3d-5380124516f0/tags/red HTTP/1.1" status: 204 len: 168 time: 0.1492839
2026-03-02 22:30:46.707 9 INFO neutron.db.ovn_revision_numbers_db [req-30c74c08-2c39-41cd-8b9d-7ee4cbf875b7 req-914960b6-345f-4817-8ac6-5b455096c816 bf8e4e329f604559ad9b0d28f360a671 ec09ec1941244bb786589a2657d2c4cd - - default default] Successfully bumped revision number for resource 8f550e7a-1800-41d5-a252-1181f390d3dc (type: ports) to 1
2026-03-02 22:30:46.740 10 INFO neutron.wsgi [None req-51a61b0f-c988-4330-8479-9d9b1a1640bc d8b95481a66f41d38e4958d3bdd56938 8e0ffd58be89455385cf072494fc8864 - - default default] 10.0.0.47 "GET /v2.0/ports/bc54956f-f181-4641-8c3d-5380124516f0/tags HTTP/1.1" status: 200 len: 223 time: 0.0405064
2026-03-02 22:30:46.767 9 INFO neutron.wsgi [req-30c74c08-2c39-41cd-8b9d-7ee4cbf875b7 req-914960b6-345f-4817-8ac6-5b455096c816 bf8e4e329f604559ad9b0d28f360a671 ec09ec1941244bb786589a2657d2c4cd - - default default] 199.19.213.23 "POST /v2.0/ports HTTP/1.1" status: 201 len: 1162 time: 1.0312753
2026-03-02 22:30:46.795 10 INFO neutron.api.v2.resource [None req-702e3547-a662-4dfe-ba36-80fa15466d4b d8b95481a66f41d38e4958d3bdd56938 8e0ffd58be89455385cf072494fc8864 - - default default] delete failed (client error): The resource could not be found.
2026-03-02 22:30:46.797 10 INFO neutron.wsgi [None req-702e3547-a662-4dfe-ba36-80fa15466d4b d8b95481a66f41d38e4958d3bdd56938 8e0ffd58be89455385cf072494fc8864 - - default default] 10.0.0.47 "DELETE /v2.0/ports/bc54956f-f181-4641-8c3d-5380124516f0/tags/green HTTP/1.1" status: 404 len: 299 time: 0.0532730
2026-03-02 22:30:46.867 10 INFO neutron.wsgi [-] 10.0.0.44 "GET / HTTP/1.1" status: 200 len: 247 time: 0.0024865
2026-03-02 22:30:46.870 10 INFO neutron.wsgi [-] 10.0.0.44 "GET / HTTP/1.1" status: 200 len: 247 time: 0.0013397
2026-03-02 22:30:46.874 10 INFO neutron.wsgi [None req-dbc8c5db-6357-48ef-a1da-546b7efc17a9 d8b95481a66f41d38e4958d3bdd56938 8e0ffd58be89455385cf072494fc8864 - - default default] 10.0.0.47 "DELETE /v2.0/ports/bc54956f-f181-4641-8c3d-5380124516f0/tags HTTP/1.1" status: 204 len: 168 time: 0.0723274
2026-03-02 22:30:46.916 10 INFO neutron.wsgi [None req-7a172905-86c5-41dc-8741-c9102d5665ec d8b95481a66f41d38e4958d3bdd56938 8e0ffd58be89455385cf072494fc8864 - - default default] 10.0.0.47 "GET /v2.0/ports/bc54956f-f181-4641-8c3d-5380124516f0/tags HTTP/1.1" status: 200 len: 205 time: 0.0380979
2026-03-02 22:30:47.268 10 INFO neutron.wsgi [None req-a366831f-ba48-48ff-982c-119dee4b00f3 d8b95481a66f41d38e4958d3bdd56938 8e0ffd58be89455385cf072494fc8864 - - default default] 10.0.0.47 "DELETE /v2.0/ports/bc54956f-f181-4641-8c3d-5380124516f0 HTTP/1.1" status: 204 len: 168 time: 0.3431828
2026-03-02 22:30:47.389 10 INFO neutron.wsgi [req-89eae966-86b8-4cd8-a325-381d1ecfb217 req-ec8b2703-02fc-4f37-a0a6-de56ad19d762 e1468e71c349491f819c4dddfb384b32 9c4bffe7d5fe4de792814b71c2bcdde0 - - default default] 10.0.0.169 "GET /v2.0/ports?device_id=ce4ad1bf-b38b-44d3-85bb-40444f4d1800 HTTP/1.1" status: 200 len: 1200 time: 0.0360003
2026-03-02 22:30:47.472 10 INFO neutron.wsgi [req-89eae966-86b8-4cd8-a325-381d1ecfb217 req-863fffcd-710e-4157-bdeb-1fa57c5cfb81 e1468e71c349491f819c4dddfb384b32 9c4bffe7d5fe4de792814b71c2bcdde0 - - default default] 10.0.0.169 "GET /v2.0/security-groups?id=811e1158-88f7-48ce-b3ec-daa7de9e29ba&id=f5929f08-e67e-4a74-a597-d4236666f027&fields=id&fields=name HTTP/1.1" status: 200 len: 405 time: 0.0744591
2026-03-02 22:30:47.668 10 INFO neutron.wsgi [req-1bbea859-f9c0-4dd9-812d-49ca1cd6884e req-3fe99f02-7286-4635-92fd-25f5367fa2e8 bf8e4e329f604559ad9b0d28f360a671 ec09ec1941244bb786589a2657d2c4cd - - default default] 10.0.0.169 "GET /v2.0/ports?device_id=57e84d2a-958e-4f03-bed5-affc41258879 HTTP/1.1" status: 200 len: 1172 time: 0.0516987
2026-03-02 22:30:47.717 9 INFO neutron.db.ovn_revision_numbers_db [req-0e0c8128-4096-4c39-b6c4-435d35fea3ed req-ba28ac93-3547-4e3d-9f73-b1d3ddee7fa8 b7dc578550d64fb3bc4bc791034c51e6 0a749a959f714a51bd52649e2ab05997 - - 6db9dc8d0b9c40f4b7b92e967ac96eb1 6db9dc8d0b9c40f4b7b92e967ac96eb1] Successfully bumped revision number for resource 9fd4925e-9fe5-430f-9d02-019b517d341c (type: ports) to 2
2026-03-02 22:30:47.729 10 INFO neutron.services.segments.plugin [-] Segment 1039132a-d9b3-4a9e-8f54-7d4ecc1c2ec2 resource provider aggregate not found
2026-03-02 22:30:47.734 10 INFO neutron.services.segments.plugin [-] Segment 1039132a-d9b3-4a9e-8f54-7d4ecc1c2ec2 resource provider aggregate not found
2026-03-02 22:30:47.749 10 INFO neutron.wsgi [req-1bbea859-f9c0-4dd9-812d-49ca1cd6884e req-c689a5ea-9d73-48f5-91dd-f37a0f553320 bf8e4e329f604559ad9b0d28f360a671 ec09ec1941244bb786589a2657d2c4cd - - default default] 10.0.0.169 "GET /v2.0/security-groups?id=9570b961-3601-4403-ab57-b8f6ff79b1dd&fields=id&fields=name HTTP/1.1" status: 200 len: 312 time: 0.0753913
2026-03-02 22:30:47.750 10 INFO neutron.services.segments.plugin [-] Segment 1039132a-d9b3-4a9e-8f54-7d4ecc1c2ec2 resource provider not found; error: Placement Client Error (4xx): {"errors": [{"status": 404, "title": "Not Found", "detail": "The resource could not be found.\n\n No resource provider with uuid 1039132a-d9b3-4a9e-8f54-7d4ecc1c2ec2 found for delete ", "request_id": "req-500d719c-e668-4e1f-bef7-5926d940c895"}]}
2026-03-02 22:30:47.757 10 INFO neutron.services.segments.plugin [-] Segment 1039132a-d9b3-4a9e-8f54-7d4ecc1c2ec2 resource provider not found; error: Placement Client Error (4xx): {"errors": [{"status": 404, "title": "Not Found", "detail": "The resource could not be found.\n\n No resource provider with uuid 1039132a-d9b3-4a9e-8f54-7d4ecc1c2ec2 found for delete ", "request_id": "req-ae7c0c5b-b3d6-4585-89c8-6d4ba41cecfd"}]}
2026-03-02 22:30:47.768 9 INFO neutron.db.ovn_revision_numbers_db [req-30c74c08-2c39-41cd-8b9d-7ee4cbf875b7 req-d65826b9-1657-45c7-a715-4ca52d831e82 b7dc578550d64fb3bc4bc791034c51e6 0a749a959f714a51bd52649e2ab05997 - - 6db9dc8d0b9c40f4b7b92e967ac96eb1 6db9dc8d0b9c40f4b7b92e967ac96eb1] Successfully bumped revision number for resource 8f550e7a-1800-41d5-a252-1181f390d3dc (type: ports) to 2
2026-03-02 22:30:47.776 10 INFO neutron.wsgi [None req-c725e373-79ea-4580-859d-7aba62d463ad d8b95481a66f41d38e4958d3bdd56938 8e0ffd58be89455385cf072494fc8864 - - default default] 10.0.0.47 "DELETE /v2.0/networks/4df33272-4dc3-4866-aa7e-ee6f6b5b61c1 HTTP/1.1" status: 204 len: 168 time: 0.5031853
2026-03-02 22:30:48.209 9 INFO neutron.db.ovn_revision_numbers_db [req-0e0c8128-4096-4c39-b6c4-435d35fea3ed req-ba28ac93-3547-4e3d-9f73-b1d3ddee7fa8 b7dc578550d64fb3bc4bc791034c51e6 0a749a959f714a51bd52649e2ab05997 - - 6db9dc8d0b9c40f4b7b92e967ac96eb1 6db9dc8d0b9c40f4b7b92e967ac96eb1] Successfully bumped revision number for resource 9fd4925e-9fe5-430f-9d02-019b517d341c (type: ports) to 2
2026-03-02 22:30:48.258 9 INFO neutron.db.ovn_revision_numbers_db [req-30c74c08-2c39-41cd-8b9d-7ee4cbf875b7 req-d65826b9-1657-45c7-a715-4ca52d831e82 b7dc578550d64fb3bc4bc791034c51e6 0a749a959f714a51bd52649e2ab05997 - - 6db9dc8d0b9c40f4b7b92e967ac96eb1 6db9dc8d0b9c40f4b7b92e967ac96eb1] Successfully bumped revision number for resource 8f550e7a-1800-41d5-a252-1181f390d3dc (type: ports) to 2
2026-03-02 22:30:48.265 9 INFO neutron.wsgi [req-0e0c8128-4096-4c39-b6c4-435d35fea3ed req-ba28ac93-3547-4e3d-9f73-b1d3ddee7fa8 b7dc578550d64fb3bc4bc791034c51e6 0a749a959f714a51bd52649e2ab05997 - - 6db9dc8d0b9c40f4b7b92e967ac96eb1 6db9dc8d0b9c40f4b7b92e967ac96eb1] 199.19.213.23 "PUT /v2.0/ports/9fd4925e-9fe5-430f-9d02-019b517d341c HTTP/1.1" status: 200 len: 1419 time: 1.6330616
2026-03-02 22:30:48.311 9 INFO neutron.notifiers.nova [-] Nova event matching ['req-20df7663-6ae1-4a21-915a-ab249039a7a6'] response: {'name': 'network-changed', 'server_uuid': 'ce4ad1bf-b38b-44d3-85bb-40444f4d1800', 'tag': '9fd4925e-9fe5-430f-9d02-019b517d341c', 'status': 'completed', 'code': 200} /var/lib/openstack/lib/python3.10/site-packages/pycadf/identifier.py:71: UserWarning: Invalid uuid: neutron. To ensure interoperability, identifiers should be a valid uuid. warnings.warn(('Invalid uuid: %s. To ensure interoperability, '
2026-03-02 22:30:48.325 9 INFO neutron.wsgi [req-30c74c08-2c39-41cd-8b9d-7ee4cbf875b7 req-d65826b9-1657-45c7-a715-4ca52d831e82 b7dc578550d64fb3bc4bc791034c51e6 0a749a959f714a51bd52649e2ab05997 - - 6db9dc8d0b9c40f4b7b92e967ac96eb1 6db9dc8d0b9c40f4b7b92e967ac96eb1] 199.19.213.23 "PUT /v2.0/ports/8f550e7a-1800-41d5-a252-1181f390d3dc HTTP/1.1" status: 200 len: 1380 time: 1.5501468
2026-03-02 22:30:48.348 10 INFO neutron.wsgi [req-306028ee-ae8f-49f1-8f1a-d18a6d237fa7 req-a0f30a7a-c23a-4ab3-8633-660b6a36a46a 6195e1ae26dd4545ad79c346fe9666a7 a6d2f78b96a4433b9cd04218abadbfcd - - default default] 10.0.0.169 "GET /v2.0/ports?device_id=57e84d2a-958e-4f03-bed5-affc41258879&device_id=ce4ad1bf-b38b-44d3-85bb-40444f4d1800&device_id=f9d4923e-785a-45fb-aa66-1359f7531e02 HTTP/1.1" status: 200 len: 3852 time: 0.0923946
2026-03-02 22:30:48.357 9 INFO neutron.wsgi [req-0e0c8128-4096-4c39-b6c4-435d35fea3ed req-f97b162e-0bf7-4327-9aeb-f71cdccd5498 b7dc578550d64fb3bc4bc791034c51e6 0a749a959f714a51bd52649e2ab05997 - - 6db9dc8d0b9c40f4b7b92e967ac96eb1 6db9dc8d0b9c40f4b7b92e967ac96eb1] 199.19.213.23 "GET /v2.0/ports?tenant_id=9c4bffe7d5fe4de792814b71c2bcdde0&device_id=ce4ad1bf-b38b-44d3-85bb-40444f4d1800 HTTP/1.1" status: 200 len: 1450 time: 0.0535018
2026-03-02 22:30:48.434 9 INFO neutron.wsgi [req-0e0c8128-4096-4c39-b6c4-435d35fea3ed req-980be46b-c34d-4b58-9983-f53cc2ccbeb8 b7dc578550d64fb3bc4bc791034c51e6 0a749a959f714a51bd52649e2ab05997 - - 6db9dc8d0b9c40f4b7b92e967ac96eb1 6db9dc8d0b9c40f4b7b92e967ac96eb1] 199.19.213.23 "GET /v2.0/floatingips?fixed_ip_address=10.100.0.11&port_id=9fd4925e-9fe5-430f-9d02-019b517d341c HTTP/1.1" status: 200 len: 217 time: 0.0638926
2026-03-02 22:30:48.501 9 INFO neutron.wsgi [req-30c74c08-2c39-41cd-8b9d-7ee4cbf875b7 req-c1a98e71-9f40-4e2d-b70c-8e911b6caf1c b7dc578550d64fb3bc4bc791034c51e6 0a749a959f714a51bd52649e2ab05997 - - 6db9dc8d0b9c40f4b7b92e967ac96eb1 6db9dc8d0b9c40f4b7b92e967ac96eb1] 199.19.213.23 "GET /v2.0/ports?tenant_id=ec09ec1941244bb786589a2657d2c4cd&device_id=57e84d2a-958e-4f03-bed5-affc41258879 HTTP/1.1" status: 200 len: 1411 time: 0.1298006
2026-03-02 22:30:48.542 9 INFO neutron.wsgi [req-30c74c08-2c39-41cd-8b9d-7ee4cbf875b7 req-e7050cb6-7a76-48a7-82b5-97132d17638c b7dc578550d64fb3bc4bc791034c51e6 0a749a959f714a51bd52649e2ab05997 - - 6db9dc8d0b9c40f4b7b92e967ac96eb1 6db9dc8d0b9c40f4b7b92e967ac96eb1] 199.19.213.23 "GET /v2.0/floatingips?fixed_ip_address=10.100.0.12&port_id=8f550e7a-1800-41d5-a252-1181f390d3dc HTTP/1.1" status: 200 len: 217 time: 0.0341625
2026-03-02 22:30:48.552 9 INFO neutron.wsgi [req-0e0c8128-4096-4c39-b6c4-435d35fea3ed req-40c7a780-227b-4409-9d4c-d0f4732a2d4d b7dc578550d64fb3bc4bc791034c51e6 0a749a959f714a51bd52649e2ab05997 - - 6db9dc8d0b9c40f4b7b92e967ac96eb1 6db9dc8d0b9c40f4b7b92e967ac96eb1] 199.19.213.23 "GET /v2.0/subnets?id=fff07795-322d-448b-83e8-e486deb1fd57 HTTP/1.1" status: 200 len: 865 time: 0.0989838
2026-03-02 22:30:48.591 9 INFO neutron.wsgi [None req-85a81bfa-0ef2-4d08-92cc-6161b9cb6ad0 6195e1ae26dd4545ad79c346fe9666a7 a6d2f78b96a4433b9cd04218abadbfcd - - default default] 10.0.0.208 "GET /v2.0/networks HTTP/1.1" status: 200 len: 8209 time: 0.6690512
2026-03-02 22:30:48.627 9 INFO neutron.wsgi [req-0e0c8128-4096-4c39-b6c4-435d35fea3ed req-ae4dfbf6-e043-4401-a643-669e1f10a6f1 b7dc578550d64fb3bc4bc791034c51e6 0a749a959f714a51bd52649e2ab05997 - - 6db9dc8d0b9c40f4b7b92e967ac96eb1 6db9dc8d0b9c40f4b7b92e967ac96eb1] 199.19.213.23 "GET /v2.0/ports?network_id=ee6a70a9-b0fe-4fc7-b221-716b10fc6df0&device_owner=network%3Adhcp HTTP/1.1" status: 200 len: 210 time: 0.0599630
2026-03-02 22:30:48.637 10 INFO neutron.wsgi [req-fcdb915d-8fc9-437b-b2d1-de85794bba4e req-6946d3fc-3d5a-42f4-aaf2-35eaf0dc47b1 e1468e71c349491f819c4dddfb384b32 9c4bffe7d5fe4de792814b71c2bcdde0 - - default default] 10.0.0.169 "GET /v2.0/ports?device_id=ce4ad1bf-b38b-44d3-85bb-40444f4d1800 HTTP/1.1" status: 200 len: 1212 time: 0.0509911
2026-03-02 22:30:48.646 10 INFO neutron.wsgi [req-306028ee-ae8f-49f1-8f1a-d18a6d237fa7 req-1b1b5511-c0cd-4b34-acdc-389849544ebd 6195e1ae26dd4545ad79c346fe9666a7 a6d2f78b96a4433b9cd04218abadbfcd - - default default] 10.0.0.169 "GET /v2.0/security-groups?id=5d7a5716-3609-4596-a8a0-b9b95d174b6b&id=811e1158-88f7-48ce-b3ec-daa7de9e29ba&id=f5929f08-e67e-4a74-a597-d4236666f027&id=9570b961-3601-4403-ab57-b8f6ff79b1dd&fields=id&fields=name HTTP/1.1" status: 200 len: 589 time: 0.2887220
2026-03-02 22:30:48.654 9 INFO neutron.wsgi [req-30c74c08-2c39-41cd-8b9d-7ee4cbf875b7 req-704c3f5a-bc22-4a76-8323-b6c67b5ee39c b7dc578550d64fb3bc4bc791034c51e6 0a749a959f714a51bd52649e2ab05997 - - 6db9dc8d0b9c40f4b7b92e967ac96eb1 6db9dc8d0b9c40f4b7b92e967ac96eb1] 199.19.213.23 "GET /v2.0/subnets?id=d535378b-bdf0-4537-9504-8df46f6762ab HTTP/1.1" status: 200 len: 852 time: 0.1012876
2026-03-02 22:30:48.695 10 INFO neutron.wsgi [req-fcdb915d-8fc9-437b-b2d1-de85794bba4e req-470e7294-0115-4d13-a42d-16d7d085820e e1468e71c349491f819c4dddfb384b32 9c4bffe7d5fe4de792814b71c2bcdde0 - - default default] 10.0.0.169 "GET /v2.0/security-groups?id=811e1158-88f7-48ce-b3ec-daa7de9e29ba&id=f5929f08-e67e-4a74-a597-d4236666f027&fields=id&fields=name HTTP/1.1" status: 200 len: 405 time: 0.0490255
2026-03-02 22:30:48.717 9 INFO neutron.wsgi [req-30c74c08-2c39-41cd-8b9d-7ee4cbf875b7 req-dd39732d-e6be-431f-9148-c5997ff35804 b7dc578550d64fb3bc4bc791034c51e6 0a749a959f714a51bd52649e2ab05997 - - 6db9dc8d0b9c40f4b7b92e967ac96eb1 6db9dc8d0b9c40f4b7b92e967ac96eb1] 199.19.213.23 "GET /v2.0/ports?network_id=f2258961-c062-44aa-bb70-569f55b45de1&device_owner=network%3Adhcp HTTP/1.1" status: 200 len: 210 time: 0.0422423
2026-03-02 22:30:48.734 9 INFO neutron.wsgi [None req-66ae4a7a-ba5b-46d0-8d21-802a1a8b54a0 6195e1ae26dd4545ad79c346fe9666a7 a6d2f78b96a4433b9cd04218abadbfcd - - default default] 10.0.0.208 "GET /v2.0/security-groups HTTP/1.1" status: 200 len: 50983 time: 0.1307862
2026-03-02 22:30:48.816 9 INFO neutron.wsgi [req-0e0c8128-4096-4c39-b6c4-435d35fea3ed req-1e532af7-375b-4dec-9354-4db88b4da0ba b7dc578550d64fb3bc4bc791034c51e6 0a749a959f714a51bd52649e2ab05997 - - 6db9dc8d0b9c40f4b7b92e967ac96eb1 6db9dc8d0b9c40f4b7b92e967ac96eb1] 199.19.213.23 "GET /v2.0/networks/ee6a70a9-b0fe-4fc7-b221-716b10fc6df0?fields=segments HTTP/1.1" status: 200 len: 212 time: 0.1785319
2026-03-02 22:30:48.888 10 INFO neutron.wsgi [req-ec8f0bc6-843a-41fd-bf7e-aedf94e90772 req-6169c898-bdba-40df-8daa-39c84d3494de bf8e4e329f604559ad9b0d28f360a671 ec09ec1941244bb786589a2657d2c4cd - - default default] 10.0.0.169 "GET /v2.0/ports?device_id=57e84d2a-958e-4f03-bed5-affc41258879 HTTP/1.1" status: 200 len: 1172 time: 0.0679076
2026-03-02 22:30:48.892 10 INFO neutron.db.ovn_revision_numbers_db [None req-7bb8723a-151a-4cd8-b85e-434a6cb896df 6195e1ae26dd4545ad79c346fe9666a7 a6d2f78b96a4433b9cd04218abadbfcd - - default default] Successfully bumped revision number for resource fb3bfc80-19ec-4a2d-9d16-91eb78b40448 (type: security_groups) to 1
2026-03-02 22:30:48.911 10 INFO neutron.db.ovn_revision_numbers_db [None req-7bb8723a-151a-4cd8-b85e-434a6cb896df 6195e1ae26dd4545ad79c346fe9666a7 a6d2f78b96a4433b9cd04218abadbfcd - - default default] Successfully bumped revision number for resource 1aed4be3-97ba-4654-a9a0-7d02129a405c (type: security_group_rules) to 0
2026-03-02 22:30:48.928 10 INFO neutron.db.ovn_revision_numbers_db [None req-7bb8723a-151a-4cd8-b85e-434a6cb896df 6195e1ae26dd4545ad79c346fe9666a7 a6d2f78b96a4433b9cd04218abadbfcd - - default default] Successfully bumped revision number for resource 784d327e-595f-4d45-9c02-83922badfdaf (type: security_group_rules) to 0
2026-03-02 22:30:48.934 10 INFO neutron.wsgi [req-ec8f0bc6-843a-41fd-bf7e-aedf94e90772 req-072d4bdf-0623-4c16-90bb-321bea027ccb bf8e4e329f604559ad9b0d28f360a671 ec09ec1941244bb786589a2657d2c4cd - - default default] 10.0.0.169 "GET /v2.0/security-groups?id=9570b961-3601-4403-ab57-b8f6ff79b1dd&fields=id&fields=name HTTP/1.1" status: 200 len: 312 time: 0.0368633
2026-03-02 22:30:48.944 10 INFO neutron.db.ovn_revision_numbers_db [None req-7bb8723a-151a-4cd8-b85e-434a6cb896df 6195e1ae26dd4545ad79c346fe9666a7 a6d2f78b96a4433b9cd04218abadbfcd - - default default] Successfully bumped revision number for resource a5661132-1666-40c4-9acd-1c2c0dfa76a6 (type: security_group_rules) to 0
2026-03-02 22:30:48.964 10 INFO neutron.db.ovn_revision_numbers_db [None req-7bb8723a-151a-4cd8-b85e-434a6cb896df 6195e1ae26dd4545ad79c346fe9666a7 a6d2f78b96a4433b9cd04218abadbfcd - - default default] Successfully bumped revision number for resource ad87b96d-1f79-4076-a0ab-0f60ec5b0672 (type: security_group_rules) to 0
2026-03-02 22:30:48.984 10 INFO neutron.wsgi [None req-7bb8723a-151a-4cd8-b85e-434a6cb896df 6195e1ae26dd4545ad79c346fe9666a7 a6d2f78b96a4433b9cd04218abadbfcd - - default default] 10.0.0.47 "GET /v2.0/security-groups?tenant_id=5c498203c75f46c2af4c596bdfe94d56&name=default HTTP/1.1" status: 200 len: 3120 time: 0.3879769
2026-03-02 22:30:49.176 10 INFO neutron.wsgi [None req-e67ef2a8-a2f0-4430-8fc8-e65f2c7fac65 6195e1ae26dd4545ad79c346fe9666a7 a6d2f78b96a4433b9cd04218abadbfcd - - default default] 10.0.0.47 "DELETE /v2.0/security-groups/fb3bfc80-19ec-4a2d-9d16-91eb78b40448 HTTP/1.1" status: 204 len: 168 time: 0.1867373
2026-03-02 22:30:49.230 9 INFO neutron.wsgi [req-30c74c08-2c39-41cd-8b9d-7ee4cbf875b7 req-c0643b0d-0aa2-4312-beaa-db191a4ad028 b7dc578550d64fb3bc4bc791034c51e6 0a749a959f714a51bd52649e2ab05997 - - 6db9dc8d0b9c40f4b7b92e967ac96eb1 6db9dc8d0b9c40f4b7b92e967ac96eb1] 199.19.213.23 "GET /v2.0/networks/f2258961-c062-44aa-bb70-569f55b45de1?fields=segments HTTP/1.1" status: 200 len: 212 time: 0.4941986
2026-03-02 22:30:49.274 9 INFO neutron.wsgi [req-0e0c8128-4096-4c39-b6c4-435d35fea3ed req-cdd09c4c-80e8-413c-80c0-d206d37ad5a9 b7dc578550d64fb3bc4bc791034c51e6 0a749a959f714a51bd52649e2ab05997 - - 6db9dc8d0b9c40f4b7b92e967ac96eb1 6db9dc8d0b9c40f4b7b92e967ac96eb1] 199.19.213.23 "GET /v2.0/networks/ee6a70a9-b0fe-4fc7-b221-716b10fc6df0?fields=provider%3Aphysical_network&fields=provider%3Anetwork_type HTTP/1.1" status: 200 len: 277 time: 0.4443452
2026-03-02 22:30:49.315 9 INFO neutron.wsgi [None req-f3ec2623-967d-4f17-a6b2-92088040d0a4 6195e1ae26dd4545ad79c346fe9666a7 a6d2f78b96a4433b9cd04218abadbfcd - - default default] 10.0.0.208 "GET /v2.0/routers HTTP/1.1" status: 200 len: 6015 time: 0.5685792
2026-03-02 22:30:49.329 10 INFO neutron.wsgi [None req-9de2f3f1-517e-4251-930a-ea6f507ee4c7 6195e1ae26dd4545ad79c346fe9666a7 a6d2f78b96a4433b9cd04218abadbfcd - - default default] 10.0.0.47 "GET /v2.0/security-groups?tenant_id=8e0ffd58be89455385cf072494fc8864&name=default HTTP/1.1" status: 200 len: 3120 time: 0.0409389
2026-03-02 22:30:49.352 9 INFO neutron.wsgi [None req-077a4fc4-613c-4ed7-a4d4-572233073894 6195e1ae26dd4545ad79c346fe9666a7 a6d2f78b96a4433b9cd04218abadbfcd - - default default] 10.0.0.208 "GET /v2.0/agents?binary=ovn-controller HTTP/1.1" status: 200 len: 591 time: 0.0343797
2026-03-02 22:30:49.412 9 INFO neutron.wsgi [req-dc1ded2e-8f04-4fec-bf30-ff34f92f4cd1 req-1f191dac-26c6-4585-9924-483eea79144a b7dc578550d64fb3bc4bc791034c51e6 0a749a959f714a51bd52649e2ab05997 - - 6db9dc8d0b9c40f4b7b92e967ac96eb1 6db9dc8d0b9c40f4b7b92e967ac96eb1] 199.19.213.23 "GET /v2.0/ports?tenant_id=9c4bffe7d5fe4de792814b71c2bcdde0&device_id=ce4ad1bf-b38b-44d3-85bb-40444f4d1800 HTTP/1.1" status: 200 len: 1450 time: 0.0929501
2026-03-02 22:30:49.422 9 INFO neutron.wsgi [req-30c74c08-2c39-41cd-8b9d-7ee4cbf875b7 req-1e94a5f4-3b6a-421f-a773-9e70f748f4e1 b7dc578550d64fb3bc4bc791034c51e6 0a749a959f714a51bd52649e2ab05997 - - 6db9dc8d0b9c40f4b7b92e967ac96eb1 6db9dc8d0b9c40f4b7b92e967ac96eb1] 199.19.213.23 "GET /v2.0/networks/f2258961-c062-44aa-bb70-569f55b45de1?fields=provider%3Aphysical_network&fields=provider%3Anetwork_type HTTP/1.1" status: 200 len: 277 time: 0.1849725
2026-03-02 22:30:49.452 9 INFO neutron.wsgi [None req-552e7cb6-f08f-4096-bb25-bf2520ca2a22 6195e1ae26dd4545ad79c346fe9666a7 a6d2f78b96a4433b9cd04218abadbfcd - - default default] 10.0.0.208 "GET /v2.0/subnets HTTP/1.1" status: 200 len: 5889 time: 0.0958600
2026-03-02 22:30:49.575 9 INFO neutron.wsgi [req-63b5e344-cc41-44b1-882e-56f12e598ea0 req-a3071bff-8b4b-480c-9088-2c0f78368b35 b7dc578550d64fb3bc4bc791034c51e6 0a749a959f714a51bd52649e2ab05997 - - 6db9dc8d0b9c40f4b7b92e967ac96eb1 6db9dc8d0b9c40f4b7b92e967ac96eb1] 199.19.213.23 "GET /v2.0/ports?device_id=ce4ad1bf-b38b-44d3-85bb-40444f4d1800 HTTP/1.1" status: 200 len: 1450 time: 0.1233702
2026-03-02 22:30:49.611 10 INFO neutron.wsgi [None req-8aa2c1ae-c59c-4686-a198-500d24f68086 6195e1ae26dd4545ad79c346fe9666a7 a6d2f78b96a4433b9cd04218abadbfcd - - default default] 10.0.0.47 "DELETE /v2.0/security-groups/e8a23c64-a8a9-4082-a3ea-505e78388350 HTTP/1.1" status: 204 len: 168 time: 0.2763803
2026-03-02 22:30:49.669 9 INFO neutron.wsgi [None req-829aa313-54ae-4d3e-add5-309950fc5aec 6195e1ae26dd4545ad79c346fe9666a7 a6d2f78b96a4433b9cd04218abadbfcd - - default default] 10.0.0.208 "GET /v2.0/ports HTTP/1.1" status: 200 len: 34177 time: 0.2121439
2026-03-02 22:30:49.724 9 INFO neutron.wsgi [None req-0eafda30-b457-48d0-9ae0-0ff33ba4f9b6 6195e1ae26dd4545ad79c346fe9666a7 a6d2f78b96a4433b9cd04218abadbfcd - - default default] 10.0.0.208 "GET /v2.0/agents HTTP/1.1" status: 200 len: 1390 time: 0.0252666
2026-03-02 22:30:49.736 9 INFO neutron.wsgi [req-dc1ded2e-8f04-4fec-bf30-ff34f92f4cd1 req-7c0c297a-8a73-44db-bf20-dffd8f4b9170 b7dc578550d64fb3bc4bc791034c51e6 0a749a959f714a51bd52649e2ab05997 - - 6db9dc8d0b9c40f4b7b92e967ac96eb1 6db9dc8d0b9c40f4b7b92e967ac96eb1] 199.19.213.23 "GET /v2.0/networks?id=ee6a70a9-b0fe-4fc7-b221-716b10fc6df0 HTTP/1.1" status: 200 len: 970 time: 0.3112464
2026-03-02 22:30:49.757 9 INFO neutron.wsgi [None req-483413c0-8ece-478e-8d11-611d9e72b96c 6195e1ae26dd4545ad79c346fe9666a7 a6d2f78b96a4433b9cd04218abadbfcd - - default default] 10.0.0.208 "GET /v2.0/network-ip-availabilities HTTP/1.1" status: 200 len: 4567 time: 0.0298715
2026-03-02 22:30:49.793 9 INFO neutron.wsgi [req-dc1ded2e-8f04-4fec-bf30-ff34f92f4cd1 req-2e2f59f0-2618-427f-830e-5e3e5af1c4cc b7dc578550d64fb3bc4bc791034c51e6 0a749a959f714a51bd52649e2ab05997 - - 6db9dc8d0b9c40f4b7b92e967ac96eb1 6db9dc8d0b9c40f4b7b92e967ac96eb1] 199.19.213.23 "GET /v2.0/floatingips?fixed_ip_address=10.100.0.11&port_id=9fd4925e-9fe5-430f-9d02-019b517d341c HTTP/1.1" status: 200 len: 217 time: 0.0490994
2026-03-02 22:30:49.797 9 INFO neutron.wsgi [req-63b5e344-cc41-44b1-882e-56f12e598ea0 req-e1bdc396-eb31-4fef-92bf-db37ac04f467 b7dc578550d64fb3bc4bc791034c51e6 0a749a959f714a51bd52649e2ab05997 - - 6db9dc8d0b9c40f4b7b92e967ac96eb1 6db9dc8d0b9c40f4b7b92e967ac96eb1] 199.19.213.23 "GET /v2.0/security-groups?id=811e1158-88f7-48ce-b3ec-daa7de9e29ba&id=f5929f08-e67e-4a74-a597-d4236666f027&fields=id&fields=name HTTP/1.1" status: 200 len: 405 time: 0.1250293
2026-03-02 22:30:49.851 9 INFO neutron.wsgi [None req-e052cf1b-a76a-4674-b4aa-d40ffa6fca49 6195e1ae26dd4545ad79c346fe9666a7 a6d2f78b96a4433b9cd04218abadbfcd - - default default] 10.0.0.208 "GET /v2.0/floatingips HTTP/1.1" status: 200 len: 1269 time: 0.0904863
2026-03-02 22:30:49.892 9 INFO neutron.wsgi [req-dc1ded2e-8f04-4fec-bf30-ff34f92f4cd1 req-b589cd48-c8b3-4d2d-ac64-bee7bc6db916 b7dc578550d64fb3bc4bc791034c51e6 0a749a959f714a51bd52649e2ab05997 - - 6db9dc8d0b9c40f4b7b92e967ac96eb1 6db9dc8d0b9c40f4b7b92e967ac96eb1] 199.19.213.23 "GET /v2.0/subnets?id=fff07795-322d-448b-83e8-e486deb1fd57 HTTP/1.1" status: 200 len: 865 time: 0.0812416
2026-03-02 22:30:49.925 10 INFO neutron.wsgi [req-c0ae1651-3ddc-4b7b-92be-bfcae1ed8fbf req-f6916b77-2c24-46f4-a818-9fafe3d8928a e1468e71c349491f819c4dddfb384b32 9c4bffe7d5fe4de792814b71c2bcdde0 - - default default] 10.0.0.169 "GET /v2.0/ports?device_id=ce4ad1bf-b38b-44d3-85bb-40444f4d1800 HTTP/1.1" status: 200 len: 1212 time: 0.1532598
2026-03-02 22:30:49.946 9 INFO neutron.wsgi [None req-46411206-99ee-4d17-8f6d-7d3cd1ee6e69 6195e1ae26dd4545ad79c346fe9666a7 a6d2f78b96a4433b9cd04218abadbfcd - - default default] 10.0.0.208 "GET /v2.0/subnets HTTP/1.1" status: 200 len: 5889 time: 0.0918097
2026-03-02 22:30:49.949 9 INFO neutron.wsgi [req-dc1ded2e-8f04-4fec-bf30-ff34f92f4cd1 req-91f2ee13-ff14-4988-bf72-0ae61610ff6d b7dc578550d64fb3bc4bc791034c51e6 0a749a959f714a51bd52649e2ab05997 - - 6db9dc8d0b9c40f4b7b92e967ac96eb1 6db9dc8d0b9c40f4b7b92e967ac96eb1] 199.19.213.23 "GET /v2.0/ports?network_id=ee6a70a9-b0fe-4fc7-b221-716b10fc6df0&device_owner=network%3Adhcp HTTP/1.1" status: 200 len: 210 time: 0.0458500
2026-03-02 22:30:49.970 9 INFO neutron.wsgi [None req-9cf93196-bb2a-4906-8ecd-51da7db9dd91 6195e1ae26dd4545ad79c346fe9666a7 a6d2f78b96a4433b9cd04218abadbfcd - - default default] 10.0.0.208 "GET /v2.0/subnetpools HTTP/1.1" status: 200 len: 193 time: 0.0213122
2026-03-02 22:30:49.987 10 INFO neutron.wsgi [req-c0ae1651-3ddc-4b7b-92be-bfcae1ed8fbf req-32dbcabf-8798-42b9-96b0-43df1bdc19b4 e1468e71c349491f819c4dddfb384b32 9c4bffe7d5fe4de792814b71c2bcdde0 - - default default] 10.0.0.169 "GET /v2.0/security-groups?id=811e1158-88f7-48ce-b3ec-daa7de9e29ba&id=f5929f08-e67e-4a74-a597-d4236666f027&fields=id&fields=name HTTP/1.1" status: 200 len: 405 time: 0.0535007
2026-03-02 22:30:50.041 9 INFO neutron.services.segments.plugin [-] Segment f5e38126-c34b-4b62-a48f-f774ec9fc5d3 resource provider aggregate not found
2026-03-02 22:30:50.053 9 INFO neutron.services.segments.plugin [-] Segment f5e38126-c34b-4b62-a48f-f774ec9fc5d3 resource provider aggregate not found
2026-03-02 22:30:50.057 9 INFO neutron.services.segments.plugin [-] Segment f5e38126-c34b-4b62-a48f-f774ec9fc5d3 resource provider not found; error: Placement Client Error (4xx): {"errors": [{"status": 404, "title": "Not Found", "detail": "The resource could not be found.\n\n No resource provider with uuid f5e38126-c34b-4b62-a48f-f774ec9fc5d3 found for delete ", "request_id": "req-01e4a869-b938-4fe3-8cd2-65fe1dac3530"}]}
2026-03-02 22:30:50.066 9 INFO neutron.wsgi [req-dc1ded2e-8f04-4fec-bf30-ff34f92f4cd1 req-c60d498c-3e8e-4154-868f-07393c03c974 b7dc578550d64fb3bc4bc791034c51e6 0a749a959f714a51bd52649e2ab05997 - - 6db9dc8d0b9c40f4b7b92e967ac96eb1 6db9dc8d0b9c40f4b7b92e967ac96eb1] 199.19.213.23 "GET /v2.0/networks/ee6a70a9-b0fe-4fc7-b221-716b10fc6df0?fields=segments HTTP/1.1" status: 200 len: 212 time: 0.1096969
2026-03-02 22:30:50.072 9 INFO neutron.services.segments.plugin [-] Segment f5e38126-c34b-4b62-a48f-f774ec9fc5d3 resource provider not found; error: Placement Client Error (4xx): {"errors": [{"status": 404, "title": "Not Found", "detail": "The resource could not be found.\n\n No resource provider with uuid f5e38126-c34b-4b62-a48f-f774ec9fc5d3 found for delete ", "request_id": "req-928f60f1-c87f-4252-ac06-a69c36b3f54a"}]}
2026-03-02 22:30:50.100 9 INFO neutron.wsgi [None req-5cf3781c-81d3-4069-a374-f5a03ddda6aa 88cf227b274d433f8733306e4380efdd dce0014bb1af4ac190ac3f9fe7dad274 - - default default] 10.0.0.47 "DELETE /v2.0/vpn/vpnservices/4a996050-4358-4ff7-a1ff-c4e4de244bb2 HTTP/1.1" status: 204 len: 168 time: 6.9906209
2026-03-02 22:30:50.116 9 INFO neutron.wsgi [None req-ac4f3e34-05f0-4088-8b02-48c5619effd3 88cf227b274d433f8733306e4380efdd dce0014bb1af4ac190ac3f9fe7dad274 - - default default] 10.0.0.47 "GET /v2.0/vpn/vpnservices HTTP/1.1" status: 200 len: 1049 time: 0.0102963
2026-03-02 22:30:50.133 10 WARNING neutron_lib.context [None req-26061ff6-0605-4926-a71f-64f0940b990a 88cf227b274d433f8733306e4380efdd dce0014bb1af4ac190ac3f9fe7dad274 - - default default] Method 'is_advsvc' is deprecated since 2023.2 release (neutron-lib 3.8.0) and will be removed once support for the old RBAC API policies will be removed from Neutron. Please use method 'is_service_role' instead.
2026-03-02 22:30:50.134 9 INFO neutron.wsgi [req-dc1ded2e-8f04-4fec-bf30-ff34f92f4cd1 req-7024c7e8-40c0-4ee1-bd57-53906bfd3244 b7dc578550d64fb3bc4bc791034c51e6 0a749a959f714a51bd52649e2ab05997 - - 6db9dc8d0b9c40f4b7b92e967ac96eb1 6db9dc8d0b9c40f4b7b92e967ac96eb1] 199.19.213.23 "GET /v2.0/networks/ee6a70a9-b0fe-4fc7-b221-716b10fc6df0?fields=provider%3Aphysical_network&fields=provider%3Anetwork_type HTTP/1.1" status: 200 len: 277 time: 0.0608811
2026-03-02 22:30:50.163 9 WARNING neutron.plugins.ml2.drivers.ovn.mech_driver.ovsdb.ovn_client [None req-1bacd6f4-064d-49e4-9198-f6b55c310d6c - - - - - -] No port found with ID d91ba761-2c69-4415-9a0c-e34ff2527103: RuntimeError: No port found with ID d91ba761-2c69-4415-9a0c-e34ff2527103
2026-03-02 22:30:50.164 9 INFO neutron.plugins.ml2.drivers.ovn.mech_driver.mech_driver [None req-1bacd6f4-064d-49e4-9198-f6b55c310d6c - - - - - -] OVN reports status up for port: 8f550e7a-1800-41d5-a252-1181f390d3dc
2026-03-02 22:30:50.171 10 INFO neutron.wsgi [req-30d0055c-8ed3-4305-8708-8968ea52c2dc req-79e09d33-4bc4-4d4d-8064-746ac65aa0ee bf8e4e329f604559ad9b0d28f360a671 ec09ec1941244bb786589a2657d2c4cd - - default default] 10.0.0.169 "GET /v2.0/ports?device_id=57e84d2a-958e-4f03-bed5-affc41258879 HTTP/1.1" status: 200 len: 1172 time: 0.1589305
2026-03-02 22:30:50.204 9 INFO neutron.plugins.ml2.plugin [None req-1bacd6f4-064d-49e4-9198-f6b55c310d6c - - - - - -] Attempt 1 to provision port 8f550e7a-1800-41d5-a252-1181f390d3dc
2026-03-02 22:30:50.244 10 INFO neutron.wsgi [req-30d0055c-8ed3-4305-8708-8968ea52c2dc req-d7bdfd12-c19c-418b-84a2-b175fa1cef66 bf8e4e329f604559ad9b0d28f360a671 ec09ec1941244bb786589a2657d2c4cd - - default default] 10.0.0.169 "GET /v2.0/security-groups?id=9570b961-3601-4403-ab57-b8f6ff79b1dd&fields=id&fields=name HTTP/1.1" status: 200 len: 312 time: 0.0646474
2026-03-02 22:30:50.264 10 INFO neutron.api.v2.resource [None req-26061ff6-0605-4926-a71f-64f0940b990a 88cf227b274d433f8733306e4380efdd dce0014bb1af4ac190ac3f9fe7dad274 - - default default] create failed (client error): The server could not comply with the request since it is either malformed or otherwise incorrect.
2026-03-02 22:30:50.265 10 INFO neutron.wsgi [None req-26061ff6-0605-4926-a71f-64f0940b990a 88cf227b274d433f8733306e4380efdd dce0014bb1af4ac190ac3f9fe7dad274 - - default default] 10.0.0.47 "POST /v2.0/vpn/ipsec-site-connections HTTP/1.1" status: 400 len: 330 time: 0.1415279
2026-03-02 22:30:50.274 9 WARNING neutron_lib.context [None req-843280ec-18e7-4fe4-afa7-e213ffe708a0 88cf227b274d433f8733306e4380efdd dce0014bb1af4ac190ac3f9fe7dad274 - - default default] Method 'is_advsvc' is deprecated since 2023.2 release (neutron-lib 3.8.0) and will be removed once support for the old RBAC API policies will be removed from Neutron. Please use method 'is_service_role' instead.
2026-03-02 22:30:50.366 9 INFO neutron.api.v2.resource [None req-843280ec-18e7-4fe4-afa7-e213ffe708a0 88cf227b274d433f8733306e4380efdd dce0014bb1af4ac190ac3f9fe7dad274 - - default default] create failed (client error): The server could not comply with the request since it is either malformed or otherwise incorrect.
2026-03-02 22:30:50.368 9 INFO neutron.wsgi [None req-843280ec-18e7-4fe4-afa7-e213ffe708a0 88cf227b274d433f8733306e4380efdd dce0014bb1af4ac190ac3f9fe7dad274 - - default default] 10.0.0.47 "POST /v2.0/vpn/ipsec-site-connections HTTP/1.1" status: 400 len: 339 time: 0.0973563
2026-03-02 22:30:50.373 9 INFO neutron.notifiers.nova [-] Nova event matching ['req-c5cb9280-f38e-4f9f-8aca-3628a5bfc670'] response: {'name': 'network-changed', 'server_uuid': '57e84d2a-958e-4f03-bed5-affc41258879', 'tag': '8f550e7a-1800-41d5-a252-1181f390d3dc', 'status': 'completed', 'code': 200}
2026-03-02 22:30:50.373 9 INFO neutron.notifiers.nova [-] Nova event matching ['req-c5cb9280-f38e-4f9f-8aca-3628a5bfc670'] response: {'server_uuid': '57e84d2a-958e-4f03-bed5-affc41258879', 'name': 'network-vif-plugged', 'status': 'completed', 'tag': '8f550e7a-1800-41d5-a252-1181f390d3dc', 'code': 200}
2026-03-02 22:30:50.384 10 WARNING neutron.api.v2.base [None req-90924dcb-0b33-4871-a765-d30cc27edd92 88cf227b274d433f8733306e4380efdd dce0014bb1af4ac190ac3f9fe7dad274 - - default default] An exception happened while processing the request body. The exception message is [Invalid input for dpd. Reason: '59' is not a dictionary.].: webob.exc.HTTPBadRequest: Invalid input for dpd. Reason: '59' is not a dictionary.
2026-03-02 22:30:50.385 10 INFO neutron.api.v2.resource [None req-90924dcb-0b33-4871-a765-d30cc27edd92 88cf227b274d433f8733306e4380efdd dce0014bb1af4ac190ac3f9fe7dad274 - - default default] create failed (client error): Invalid input for dpd. Reason: '59' is not a dictionary.
2026-03-02 22:30:50.386 10 INFO neutron.wsgi [None req-90924dcb-0b33-4871-a765-d30cc27edd92 88cf227b274d433f8733306e4380efdd dce0014bb1af4ac190ac3f9fe7dad274 - - default default] 10.0.0.47 "POST /v2.0/vpn/ipsec-site-connections HTTP/1.1" status: 400 len: 332 time: 0.0112491
2026-03-02 22:30:50.399 9 WARNING neutron_lib.context [None req-63370de6-62e5-4117-ae1a-19137bc8215d 88cf227b274d433f8733306e4380efdd dce0014bb1af4ac190ac3f9fe7dad274 - - default default] Method 'is_advsvc' is deprecated since 2023.2 release (neutron-lib 3.8.0) and will be removed once support for the old RBAC API policies will be removed from Neutron. Please use method 'is_service_role' instead.
2026-03-02 22:30:50.454 9 INFO neutron.wsgi [req-49f12cf7-0245-4326-aab7-d36f66bb7591 req-787f8704-99e3-419e-864b-3e3556e4401d b7dc578550d64fb3bc4bc791034c51e6 0a749a959f714a51bd52649e2ab05997 - - 6db9dc8d0b9c40f4b7b92e967ac96eb1 6db9dc8d0b9c40f4b7b92e967ac96eb1] 199.19.213.23 "GET /v2.0/ports?tenant_id=ec09ec1941244bb786589a2657d2c4cd&device_id=57e84d2a-958e-4f03-bed5-affc41258879 HTTP/1.1" status: 200 len: 1413 time: 0.0479019
2026-03-02 22:30:50.480 9 INFO neutron.wsgi [None req-63370de6-62e5-4117-ae1a-19137bc8215d 88cf227b274d433f8733306e4380efdd dce0014bb1af4ac190ac3f9fe7dad274 - - default default] 10.0.0.47 "POST /v2.0/vpn/endpoint-groups HTTP/1.1" status: 201 len: 491 time: 0.0884230
2026-03-02 22:30:50.499 10 WARNING neutron_lib.context [None req-54ea8251-956c-42dc-b373-4e5bf12bfcc6 88cf227b274d433f8733306e4380efdd dce0014bb1af4ac190ac3f9fe7dad274 - - default default] Method 'is_advsvc' is deprecated since 2023.2 release (neutron-lib 3.8.0) and will be removed once support for the old RBAC API policies will be removed from Neutron. Please use method 'is_service_role' instead.
2026-03-02 22:30:50.551 9 INFO neutron.wsgi [req-49f12cf7-0245-4326-aab7-d36f66bb7591 req-cb30c24e-de4d-4f0a-9526-bf215ddd9418 b7dc578550d64fb3bc4bc791034c51e6 0a749a959f714a51bd52649e2ab05997 - - 6db9dc8d0b9c40f4b7b92e967ac96eb1 6db9dc8d0b9c40f4b7b92e967ac96eb1] 199.19.213.23 "GET /v2.0/networks?id=f2258961-c062-44aa-bb70-569f55b45de1 HTTP/1.1" status: 200 len: 959 time: 0.0890877
2026-03-02 22:30:50.552 10 INFO neutron.api.v2.resource [None req-54ea8251-956c-42dc-b373-4e5bf12bfcc6 88cf227b274d433f8733306e4380efdd dce0014bb1af4ac190ac3f9fe7dad274 - - default default] create failed (client error): The server could not comply with the request since it is either malformed or otherwise incorrect.
2026-03-02 22:30:50.554 10 INFO neutron.wsgi [None req-54ea8251-956c-42dc-b373-4e5bf12bfcc6 88cf227b274d433f8733306e4380efdd dce0014bb1af4ac190ac3f9fe7dad274 - - default default] 10.0.0.47 "POST /v2.0/vpn/ipsec-site-connections HTTP/1.1" status: 400 len: 352 time: 0.0660260
2026-03-02 22:30:50.580 9 INFO neutron.wsgi [req-49f12cf7-0245-4326-aab7-d36f66bb7591 req-52fadae5-1021-45e2-b045-627ef4fcb9fe b7dc578550d64fb3bc4bc791034c51e6 0a749a959f714a51bd52649e2ab05997 - - 6db9dc8d0b9c40f4b7b92e967ac96eb1 6db9dc8d0b9c40f4b7b92e967ac96eb1] 199.19.213.23 "GET /v2.0/floatingips?fixed_ip_address=10.100.0.12&port_id=8f550e7a-1800-41d5-a252-1181f390d3dc HTTP/1.1" status: 200 len: 217 time: 0.0247869
