2026-03-02 22:29:03.349 9 INFO neutron.wsgi [None req-935b9aa2-adf2-43fa-b543-35ef76ad25e5 5f7a3244a16a4ac59404711d546d8fe3 6f07c9a3a5944c0a814a6f13a1b34deb - - default default] 10.0.0.47 "POST /v2.0/networks HTTP/1.1" status: 201 len: 833 time: 0.6200922
2026-03-02 22:29:03.361 10 WARNING neutron_lib.context [None req-8879547c-da34-4892-9da7-c53be28129bc 5f7a3244a16a4ac59404711d546d8fe3 6f07c9a3a5944c0a814a6f13a1b34deb - - default default] Method 'is_advsvc' is deprecated since 2023.2 release (neutron-lib 3.8.0) and will be removed once support for the old RBAC API policies will be removed from Neutron. Please use method 'is_service_role' instead.
2026-03-02 22:29:03.369 10 INFO neutron.db.ovn_revision_numbers_db [None req-cbc1c8b9-bbd2-4180-8416-3cfcdfacccb8 6195e1ae26dd4545ad79c346fe9666a7 a6d2f78b96a4433b9cd04218abadbfcd - - default default] Successfully bumped revision number for resource 132b9bac-e58c-4de9-8e89-fa96b2481220 (type: security_group_rules) to 0
2026-03-02 22:29:03.401 10 INFO neutron.db.ovn_revision_numbers_db [None req-cbc1c8b9-bbd2-4180-8416-3cfcdfacccb8 6195e1ae26dd4545ad79c346fe9666a7 a6d2f78b96a4433b9cd04218abadbfcd - - default default] Successfully bumped revision number for resource 266bd804-2f6b-45ce-bf05-8bd7177948d0 (type: security_group_rules) to 0
2026-03-02 22:29:03.419 10 INFO neutron.db.ovn_revision_numbers_db [None req-cbc1c8b9-bbd2-4180-8416-3cfcdfacccb8 6195e1ae26dd4545ad79c346fe9666a7 a6d2f78b96a4433b9cd04218abadbfcd - - default default] Successfully bumped revision number for resource c34ba769-1f86-4cfa-9101-ab6857233154 (type: security_group_rules) to 0
2026-03-02 22:29:03.447 10 INFO neutron.db.ovn_revision_numbers_db [None req-cbc1c8b9-bbd2-4180-8416-3cfcdfacccb8 6195e1ae26dd4545ad79c346fe9666a7 a6d2f78b96a4433b9cd04218abadbfcd - - default default] Successfully bumped revision number for resource e4eef0a3-2e26-4969-8732-b76a6a3dce71 (type: security_group_rules) to 0
2026-03-02 22:29:03.477 10 INFO neutron.wsgi [None req-cbc1c8b9-bbd2-4180-8416-3cfcdfacccb8 6195e1ae26dd4545ad79c346fe9666a7 a6d2f78b96a4433b9cd04218abadbfcd - - default default] 10.0.0.47 "GET /v2.0/security-groups?tenant_id=40789663c43f441d8018df29f9b69b68&name=default HTTP/1.1" status: 200 len: 3120 time: 0.3136661
2026-03-02 22:29:03.637 10 WARNING neutron.scheduler.dhcp_agent_scheduler [None req-8879547c-da34-4892-9da7-c53be28129bc 5f7a3244a16a4ac59404711d546d8fe3 6f07c9a3a5944c0a814a6f13a1b34deb - - default default] No more DHCP agents
2026-03-02 22:29:03.639 10 WARNING neutron.api.rpc.agentnotifiers.dhcp_rpc_agent_api [None req-8879547c-da34-4892-9da7-c53be28129bc 5f7a3244a16a4ac59404711d546d8fe3 6f07c9a3a5944c0a814a6f13a1b34deb - - default default] Unable to schedule network 7820a213-861a-4590-889e-307df53de6c9: no agents available; will retry on subsequent port and subnet creation events.
2026-03-02 22:29:03.669 10 INFO neutron.db.ovn_revision_numbers_db [None req-8879547c-da34-4892-9da7-c53be28129bc 5f7a3244a16a4ac59404711d546d8fe3 6f07c9a3a5944c0a814a6f13a1b34deb - - default default] Successfully bumped revision number for resource 71aa4be5-f60a-45b9-a5f4-6b41ca3db816 (type: subnets) to 0
2026-03-02 22:29:03.691 10 INFO neutron.wsgi [None req-8879547c-da34-4892-9da7-c53be28129bc 5f7a3244a16a4ac59404711d546d8fe3 6f07c9a3a5944c0a814a6f13a1b34deb - - default default] 10.0.0.47 "POST /v2.0/subnets HTTP/1.1" status: 201 len: 821 time: 0.3360853
2026-03-02 22:29:03.702 9 WARNING neutron_lib.context [None req-4f308f69-1dd9-40d2-9c35-1e23657e82a4 5f7a3244a16a4ac59404711d546d8fe3 6f07c9a3a5944c0a814a6f13a1b34deb - - default default] Method 'is_advsvc' is deprecated since 2023.2 release (neutron-lib 3.8.0) and will be removed once support for the old RBAC API policies will be removed from Neutron. Please use method 'is_service_role' instead.
2026-03-02 22:29:03.725 9 INFO neutron.wsgi [None req-36fa7102-4087-47a4-a985-b72bd067d9f5 6195e1ae26dd4545ad79c346fe9666a7 a6d2f78b96a4433b9cd04218abadbfcd - - default default] 10.0.0.47 "DELETE /v2.0/security-groups/64a44c82-1951-4afe-b4d2-2363234e5480 HTTP/1.1" status: 204 len: 168 time: 0.2435262
2026-03-02 22:29:04.063 9 INFO neutron.db.ovn_revision_numbers_db [None req-4f308f69-1dd9-40d2-9c35-1e23657e82a4 5f7a3244a16a4ac59404711d546d8fe3 6f07c9a3a5944c0a814a6f13a1b34deb - - default default] Successfully bumped revision number for resource 54da1d66-c0f6-4994-87b2-7ceaf3db7831 (type: routers) to 1
2026-03-02 22:29:04.077 9 INFO neutron.wsgi [None req-4f308f69-1dd9-40d2-9c35-1e23657e82a4 5f7a3244a16a4ac59404711d546d8fe3 6f07c9a3a5944c0a814a6f13a1b34deb - - default default] 10.0.0.47 "POST /v2.0/routers HTTP/1.1" status: 201 len: 806 time: 0.3805134
2026-03-02 22:29:04.514 9 WARNING neutron.scheduler.dhcp_agent_scheduler [None req-8a9d69aa-2e25-486b-b320-101b0738eb36 5f7a3244a16a4ac59404711d546d8fe3 6f07c9a3a5944c0a814a6f13a1b34deb - - default default] No more DHCP agents
2026-03-02 22:29:04.516 9 WARNING neutron.api.rpc.agentnotifiers.dhcp_rpc_agent_api [None req-8a9d69aa-2e25-486b-b320-101b0738eb36 5f7a3244a16a4ac59404711d546d8fe3 6f07c9a3a5944c0a814a6f13a1b34deb - - default default] Unable to schedule network 7820a213-861a-4590-889e-307df53de6c9: no agents available; will retry on subsequent port and subnet creation events.
2026-03-02 22:29:04.628 9 INFO neutron.db.ovn_revision_numbers_db [None req-8a9d69aa-2e25-486b-b320-101b0738eb36 5f7a3244a16a4ac59404711d546d8fe3 6f07c9a3a5944c0a814a6f13a1b34deb - - default default] Successfully bumped revision number for resource f108d155-4684-4ff8-8378-b4e668fb7dba (type: ports) to 1
2026-03-02 22:29:05.034 9 ERROR ovsdbapp.backend.ovs_idl.command [None req-8a9d69aa-2e25-486b-b320-101b0738eb36 5f7a3244a16a4ac59404711d546d8fe3 6f07c9a3a5944c0a814a6f13a1b34deb - - default default] Error executing command (DbGetCommand): ovsdbapp.backend.ovs_idl.idlutils.RowNotFound: Cannot find Logical_Router_Port with name=lrp-f108d155-4684-4ff8-8378-b4e668fb7dba
2026-03-02 22:29:05.034 9 ERROR ovsdbapp.backend.ovs_idl.command
Traceback (most recent call last):
2026-03-02 22:29:05.034 9 ERROR ovsdbapp.backend.ovs_idl.command
File "/var/lib/openstack/lib/python3.10/site-packages/ovsdbapp/backend/ovs_idl/command.py", line 47, in execute
2026-03-02 22:29:05.034 9 ERROR ovsdbapp.backend.ovs_idl.command self.run_idl(None)
2026-03-02 22:29:05.034 9 ERROR ovsdbapp.backend.ovs_idl.command
File "/var/lib/openstack/lib/python3.10/site-packages/ovsdbapp/backend/ovs_idl/command.py", line 235, in run_idl
2026-03-02 22:29:05.034 9 ERROR ovsdbapp.backend.ovs_idl.command record = self.api.lookup(self.table, self.record)
2026-03-02 22:29:05.034 9 ERROR ovsdbapp.backend.ovs_idl.command
File "/var/lib/openstack/lib/python3.10/site-packages/ovsdbapp/backend/ovs_idl/__init__.py", line 184, in lookup
2026-03-02 22:29:05.034 9 ERROR ovsdbapp.backend.ovs_idl.command return self._lookup(table, record)
2026-03-02 22:29:05.034 9 ERROR ovsdbapp.backend.ovs_idl.command
File "/var/lib/openstack/lib/python3.10/site-packages/ovsdbapp/backend/ovs_idl/__init__.py", line 235, in _lookup
2026-03-02 22:29:05.034 9 ERROR ovsdbapp.backend.ovs_idl.command row = idlutils.row_by_value(self, rl.table, rl.column, record)
2026-03-02 22:29:05.034 9 ERROR ovsdbapp.backend.ovs_idl.command
File "/var/lib/openstack/lib/python3.10/site-packages/ovsdbapp/backend/ovs_idl/idlutils.py", line 114, in row_by_value
2026-03-02 22:29:05.034 9 ERROR ovsdbapp.backend.ovs_idl.command raise RowNotFound(table=table, col=column, match=match)
2026-03-02 22:29:05.034 9 ERROR ovsdbapp.backend.ovs_idl.command ovsdbapp.backend.ovs_idl.idlutils.RowNotFound: Cannot find Logical_Router_Port with name=lrp-f108d155-4684-4ff8-8378-b4e668fb7dba
2026-03-02 22:29:05.034 9 ERROR ovsdbapp.backend.ovs_idl.command 
2026-03-02 22:29:05.034 9 ERROR neutron_lib.callbacks.manager [None req-8a9d69aa-2e25-486b-b320-101b0738eb36 5f7a3244a16a4ac59404711d546d8fe3 6f07c9a3a5944c0a814a6f13a1b34deb - - default default] Error during notification for neutron.services.ovn_l3.plugin.OVNL3RouterPlugin._port_update-8771042332399 port, after_update: ovsdbapp.backend.ovs_idl.idlutils.RowNotFound: Cannot find Logical_Router_Port with name=lrp-f108d155-4684-4ff8-8378-b4e668fb7dba
2026-03-02 22:29:05.034 9 ERROR neutron_lib.callbacks.manager
Traceback (most recent call last):
2026-03-02 22:29:05.034 9 ERROR neutron_lib.callbacks.manager
File "/var/lib/openstack/lib/python3.10/site-packages/neutron_lib/callbacks/manager.py", line 189, in _notify_loop
2026-03-02 22:29:05.034 9 ERROR neutron_lib.callbacks.manager callback.method(resource, event, trigger, payload=payload)
2026-03-02 22:29:05.034 9 ERROR neutron_lib.callbacks.manager
File "/var/lib/openstack/lib/python3.10/site-packages/neutron/services/ovn_l3/plugin.py", line 391, in _port_update
2026-03-02 22:29:05.034 9 ERROR neutron_lib.callbacks.manager l3plugin._ovn_client.update_router_port(context,
2026-03-02 22:29:05.034 9 ERROR neutron_lib.callbacks.manager
File "/var/lib/openstack/lib/python3.10/site-packages/neutron/plugins/ml2/drivers/ovn/mech_driver/ovsdb/ovn_client.py", line 1878, in update_router_port
2026-03-02 22:29:05.034 9 ERROR neutron_lib.callbacks.manager self._update_lrouter_port(context, port, if_exists=if_exists,
2026-03-02 22:29:05.034 9 ERROR neutron_lib.callbacks.manager
File "/var/lib/openstack/lib/python3.10/site-packages/neutron/plugins/ml2/drivers/ovn/mech_driver/ovsdb/ovn_client.py", line 1855, in _update_lrouter_port
2026-03-02 22:29:05.034 9 ERROR neutron_lib.callbacks.manager external_ids = self._nb_idl.db_get(
2026-03-02 22:29:05.034 9 ERROR neutron_lib.callbacks.manager
File "/var/lib/openstack/lib/python3.10/site-packages/ovsdbapp/backend/ovs_idl/command.py", line 47, in execute
2026-03-02 22:29:05.034 9 ERROR neutron_lib.callbacks.manager self.run_idl(None)
2026-03-02 22:29:05.034 9 ERROR neutron_lib.callbacks.manager
File "/var/lib/openstack/lib/python3.10/site-packages/ovsdbapp/backend/ovs_idl/command.py", line 235, in run_idl
2026-03-02 22:29:05.034 9 ERROR neutron_lib.callbacks.manager record = self.api.lookup(self.table, self.record)
2026-03-02 22:29:05.034 9 ERROR neutron_lib.callbacks.manager
File "/var/lib/openstack/lib/python3.10/site-packages/ovsdbapp/backend/ovs_idl/__init__.py", line 184, in lookup
2026-03-02 22:29:05.034 9 ERROR neutron_lib.callbacks.manager return self._lookup(table, record)
2026-03-02 22:29:05.034 9 ERROR neutron_lib.callbacks.manager
File "/var/lib/openstack/lib/python3.10/site-packages/ovsdbapp/backend/ovs_idl/__init__.py", line 235, in _lookup
2026-03-02 22:29:05.034 9 ERROR neutron_lib.callbacks.manager row = idlutils.row_by_value(self, rl.table, rl.column, record)
2026-03-02 22:29:05.034 9 ERROR neutron_lib.callbacks.manager
File "/var/lib/openstack/lib/python3.10/site-packages/ovsdbapp/backend/ovs_idl/idlutils.py", line 114, in row_by_value
2026-03-02 22:29:05.034 9 ERROR neutron_lib.callbacks.manager raise RowNotFound(table=table, col=column, match=match)
2026-03-02 22:29:05.034 9 ERROR neutron_lib.callbacks.manager ovsdbapp.backend.ovs_idl.idlutils.RowNotFound: Cannot find Logical_Router_Port with name=lrp-f108d155-4684-4ff8-8378-b4e668fb7dba
2026-03-02 22:29:05.034 9 ERROR neutron_lib.callbacks.manager 
2026-03-02 22:29:05.178 9 WARNING neutron.plugins.ml2.drivers.ovn.mech_driver.ovsdb.ovn_client [None req-1bacd6f4-064d-49e4-9198-f6b55c310d6c - - - - - -] No port found with ID 5d7bba61-40db-4032-b3ee-e1aaddd5806c: RuntimeError: No port found with ID 5d7bba61-40db-4032-b3ee-e1aaddd5806c
2026-03-02 22:29:05.178 9 INFO neutron.plugins.ml2.drivers.ovn.mech_driver.mech_driver [None req-1bacd6f4-064d-49e4-9198-f6b55c310d6c - - - - - -] OVN reports status up for port: f108d155-4684-4ff8-8378-b4e668fb7dba
2026-03-02 22:29:05.187 9 INFO neutron.plugins.ml2.plugin [None req-1bacd6f4-064d-49e4-9198-f6b55c310d6c - - - - - -] Attempt 1 to provision port f108d155-4684-4ff8-8378-b4e668fb7dba
2026-03-02 22:29:05.188 9 INFO neutron.db.ovn_revision_numbers_db [None req-8a9d69aa-2e25-486b-b320-101b0738eb36 5f7a3244a16a4ac59404711d546d8fe3 6f07c9a3a5944c0a814a6f13a1b34deb - - default default] Successfully bumped revision number for resource f108d155-4684-4ff8-8378-b4e668fb7dba (type: ports) to 1
2026-03-02 22:29:05.277 9 WARNING neutron.scheduler.dhcp_agent_scheduler [None req-8a9d69aa-2e25-486b-b320-101b0738eb36 5f7a3244a16a4ac59404711d546d8fe3 6f07c9a3a5944c0a814a6f13a1b34deb - - default default] No more DHCP agents
2026-03-02 22:29:05.280 9 WARNING neutron.api.rpc.agentnotifiers.dhcp_rpc_agent_api [None req-8a9d69aa-2e25-486b-b320-101b0738eb36 5f7a3244a16a4ac59404711d546d8fe3 6f07c9a3a5944c0a814a6f13a1b34deb - - default default] Unable to schedule network 7820a213-861a-4590-889e-307df53de6c9: no agents available; will retry on subsequent port and subnet creation events.
2026-03-02 22:29:05.471 9 INFO neutron.db.ovn_revision_numbers_db [None req-8a9d69aa-2e25-486b-b320-101b0738eb36 5f7a3244a16a4ac59404711d546d8fe3 6f07c9a3a5944c0a814a6f13a1b34deb - - default default] Successfully bumped revision number for resource f108d155-4684-4ff8-8378-b4e668fb7dba (type: router_ports) to 1
2026-03-02 22:29:05.476 9 INFO neutron.wsgi [None req-8a9d69aa-2e25-486b-b320-101b0738eb36 5f7a3244a16a4ac59404711d546d8fe3 6f07c9a3a5944c0a814a6f13a1b34deb - - default default] 10.0.0.47 "PUT /v2.0/routers/54da1d66-c0f6-4994-87b2-7ceaf3db7831/add_router_interface HTTP/1.1" status: 200 len: 503 time: 1.3933692
2026-03-02 22:29:05.498 10 WARNING neutron_lib.context [None req-c5be01dd-f003-41af-a391-2f73e94ee301 c540d2154583405aa39a58a6885d1241 3f42d6f02c8346efb906941e7093d34e - - default default] Method 'is_advsvc' is deprecated since 2023.2 release (neutron-lib 3.8.0) and will be removed once support for the old RBAC API policies will be removed from Neutron. Please use method 'is_service_role' instead.
2026-03-02 22:29:05.532 10 INFO neutron.wsgi [None req-a11ffcf6-44d2-48ee-8321-12269682183f 5f7a3244a16a4ac59404711d546d8fe3 6f07c9a3a5944c0a814a6f13a1b34deb - - default default] 10.0.0.47 "GET /v2.0/ports/f108d155-4684-4ff8-8378-b4e668fb7dba HTTP/1.1" status: 200 len: 1141 time: 0.0503628
2026-03-02 22:29:05.581 10 INFO neutron.wsgi [None req-868baa3e-6bb6-4e5b-8244-ed507c28f8d3 5f7a3244a16a4ac59404711d546d8fe3 6f07c9a3a5944c0a814a6f13a1b34deb - - default default] 10.0.0.47 "GET /v2.0/ports/f108d155-4684-4ff8-8378-b4e668fb7dba HTTP/1.1" status: 200 len: 1141 time: 0.0444555
2026-03-02 22:29:05.612 9 INFO neutron.db.ovn_revision_numbers_db [None req-1bacd6f4-064d-49e4-9198-f6b55c310d6c - - - - - -] Successfully bumped revision number for resource f108d155-4684-4ff8-8378-b4e668fb7dba (type: ports) to 2
2026-03-02 22:29:05.618 10 INFO neutron.wsgi [None req-c5be01dd-f003-41af-a391-2f73e94ee301 c540d2154583405aa39a58a6885d1241 3f42d6f02c8346efb906941e7093d34e - - default default] 10.0.0.47 "POST /v2.0/subnetpools HTTP/1.1" status: 201 len: 715 time: 0.3013966
2026-03-02 22:29:05.647 10 WARNING neutron_lib.context [None req-aebe0015-6ab9-4424-bc74-5d9b0c622258 c540d2154583405aa39a58a6885d1241 3f42d6f02c8346efb906941e7093d34e - - default default] Method 'is_advsvc' is deprecated since 2023.2 release (neutron-lib 3.8.0) and will be removed once support for the old RBAC API policies will be removed from Neutron. Please use method 'is_service_role' instead.
2026-03-02 22:29:05.709 10 INFO neutron.wsgi [None req-aebe0015-6ab9-4424-bc74-5d9b0c622258 c540d2154583405aa39a58a6885d1241 3f42d6f02c8346efb906941e7093d34e - - default default] 10.0.0.47 "POST /v2.0/subnetpools HTTP/1.1" status: 201 len: 715 time: 0.0835190
2026-03-02 22:29:05.720 10 WARNING neutron_lib.context [None req-b914eaa9-100b-4957-9b09-cb581e644e8c c540d2154583405aa39a58a6885d1241 3f42d6f02c8346efb906941e7093d34e - - default default] Method 'is_advsvc' is deprecated since 2023.2 release (neutron-lib 3.8.0) and will be removed once support for the old RBAC API policies will be removed from Neutron. Please use method 'is_service_role' instead.
2026-03-02 22:29:05.742 9 INFO neutron.db.ovn_revision_numbers_db [None req-1bacd6f4-064d-49e4-9198-f6b55c310d6c - - - - - -] Successfully bumped revision number for resource f108d155-4684-4ff8-8378-b4e668fb7dba (type: router_ports) to 2
2026-03-02 22:29:05.790 10 INFO neutron.wsgi [None req-b914eaa9-100b-4957-9b09-cb581e644e8c c540d2154583405aa39a58a6885d1241 3f42d6f02c8346efb906941e7093d34e - - default default] 10.0.0.47 "POST /v2.0/subnetpools HTTP/1.1" status: 201 len: 715 time: 0.0763500
2026-03-02 22:29:05.800 9 WARNING neutron_lib.context [None req-0671030a-c4b2-4d32-a028-7bad6db391bd c540d2154583405aa39a58a6885d1241 3f42d6f02c8346efb906941e7093d34e - - default default] Method 'is_advsvc' is deprecated since 2023.2 release (neutron-lib 3.8.0) and will be removed once support for the old RBAC API policies will be removed from Neutron. Please use method 'is_service_role' instead.
2026-03-02 22:29:05.807 9 WARNING neutron_lib.context [None req-b9c52eb3-2d56-4375-bce5-c8a62e7a3bd6 283fef5faaf944739809f32aea610e05 1f95436387c447ef96b447a746c62e7f - - default default] Method 'is_advsvc' is deprecated since 2023.2 release (neutron-lib 3.8.0) and will be removed once support for the old RBAC API policies will be removed from Neutron. Please use method 'is_service_role' instead.
2026-03-02 22:29:05.808 9 WARNING neutron_lib.context [None req-b9c52eb3-2d56-4375-bce5-c8a62e7a3bd6 283fef5faaf944739809f32aea610e05 1f95436387c447ef96b447a746c62e7f - - default default] Method 'is_advsvc' is deprecated since 2023.2 release (neutron-lib 3.8.0) and will be removed once support for the old RBAC API policies will be removed from Neutron. Please use method 'is_service_role' instead.
2026-03-02 22:29:05.860 9 INFO neutron.wsgi [None req-0671030a-c4b2-4d32-a028-7bad6db391bd c540d2154583405aa39a58a6885d1241 3f42d6f02c8346efb906941e7093d34e - - default default] 10.0.0.47 "POST /v2.0/subnetpools HTTP/1.1" status: 201 len: 715 time: 0.0653393
2026-03-02 22:29:05.870 10 WARNING neutron_lib.context [None req-60f4b5e5-2836-4399-af8a-d65f1a5ea1e0 c540d2154583405aa39a58a6885d1241 3f42d6f02c8346efb906941e7093d34e - - default default] Method 'is_advsvc' is deprecated since 2023.2 release (neutron-lib 3.8.0) and will be removed once support for the old RBAC API policies will be removed from Neutron. Please use method 'is_service_role' instead.
2026-03-02 22:29:05.944 10 INFO neutron.wsgi [None req-60f4b5e5-2836-4399-af8a-d65f1a5ea1e0 c540d2154583405aa39a58a6885d1241 3f42d6f02c8346efb906941e7093d34e - - default default] 10.0.0.47 "POST /v2.0/subnetpools HTTP/1.1" status: 201 len: 715 time: 0.0794344
2026-03-02 22:29:05.948 9 INFO neutron.db.ovn_revision_numbers_db [None req-b9c52eb3-2d56-4375-bce5-c8a62e7a3bd6 283fef5faaf944739809f32aea610e05 1f95436387c447ef96b447a746c62e7f - - default default] Successfully bumped revision number for resource 827b6b51-88b2-4ec1-a93b-aa0547202a25 (type: security_groups) to 1
2026-03-02 22:29:05.962 9 INFO neutron.db.ovn_revision_numbers_db [None req-b9c52eb3-2d56-4375-bce5-c8a62e7a3bd6 283fef5faaf944739809f32aea610e05 1f95436387c447ef96b447a746c62e7f - - default default] Successfully bumped revision number for resource 264f2cbb-f6a8-43f0-a291-0854b35f99d0 (type: security_group_rules) to 0
2026-03-02 22:29:05.980 9 INFO neutron.db.ovn_revision_numbers_db [None req-b9c52eb3-2d56-4375-bce5-c8a62e7a3bd6 283fef5faaf944739809f32aea610e05 1f95436387c447ef96b447a746c62e7f - - default default] Successfully bumped revision number for resource 6dcc6c03-8d87-4aa0-baa7-4b24a980e233 (type: security_group_rules) to 0
2026-03-02 22:29:06.008 9 INFO neutron.db.ovn_revision_numbers_db [None req-b9c52eb3-2d56-4375-bce5-c8a62e7a3bd6 283fef5faaf944739809f32aea610e05 1f95436387c447ef96b447a746c62e7f - - default default] Successfully bumped revision number for resource c98bbc32-a4c4-4523-bf01-f6c80d607eb8 (type: security_group_rules) to 0
2026-03-02 22:29:06.015 10 INFO neutron.wsgi [None req-d1e55dde-bfd2-4e86-8ecf-67216e2d5701 c540d2154583405aa39a58a6885d1241 3f42d6f02c8346efb906941e7093d34e - - default default] 10.0.0.47 "PUT /v2.0/subnetpools/461d7c39-6167-4d60-9a63-ce6b3650417b/tags HTTP/1.1" status: 200 len: 210 time: 0.0654950
2026-03-02 22:29:06.028 9 INFO neutron.db.ovn_revision_numbers_db [None req-b9c52eb3-2d56-4375-bce5-c8a62e7a3bd6 283fef5faaf944739809f32aea610e05 1f95436387c447ef96b447a746c62e7f - - default default] Successfully bumped revision number for resource edca36f0-f7ae-4f8d-91e4-60cfee606488 (type: security_group_rules) to 0
2026-03-02 22:29:06.088 9 INFO neutron.wsgi [None req-a1e3a37e-6047-49b3-a440-b4b6b29f3b35 c540d2154583405aa39a58a6885d1241 3f42d6f02c8346efb906941e7093d34e - - default default] 10.0.0.47 "PUT /v2.0/subnetpools/ec04f3a8-a259-404d-ae87-08179c441043/tags HTTP/1.1" status: 200 len: 218 time: 0.0659764
2026-03-02 22:29:06.120 9 INFO neutron.db.segments_db [None req-b9c52eb3-2d56-4375-bce5-c8a62e7a3bd6 283fef5faaf944739809f32aea610e05 1f95436387c447ef96b447a746c62e7f - - default default] Added segment 959d539e-6238-48a0-9bc8-10c126e4d81e of type geneve for network a2a63465-83bf-4bf5-8ca0-2543fc9f55f1
2026-03-02 22:29:06.135 9 INFO neutron.wsgi [None req-07e764c0-c6c6-4791-b94e-e3f27437f11c c540d2154583405aa39a58a6885d1241 3f42d6f02c8346efb906941e7093d34e - - default default] 10.0.0.47 "PUT /v2.0/subnetpools/171690ce-e3f5-479f-b05e-037cb1d0c40c/tags HTTP/1.1" status: 200 len: 227 time: 0.0415804
2026-03-02 22:29:06.163 10 INFO neutron.db.ovn_revision_numbers_db [None req-02d3110f-feba-4d2c-9357-5660f0df77fa 6195e1ae26dd4545ad79c346fe9666a7 a6d2f78b96a4433b9cd04218abadbfcd - - default default] Successfully bumped revision number for resource c0ca2b65-cbfc-439d-980f-f4cb1500bc39 (type: security_groups) to 1
2026-03-02 22:29:06.190 10 INFO neutron.db.ovn_revision_numbers_db [None req-02d3110f-feba-4d2c-9357-5660f0df77fa 6195e1ae26dd4545ad79c346fe9666a7 a6d2f78b96a4433b9cd04218abadbfcd - - default default] Successfully bumped revision number for resource 05ec0581-f7a6-4667-be6f-40d643fa5c09 (type: security_group_rules) to 0
2026-03-02 22:29:06.197 9 INFO neutron.wsgi [None req-17e89159-4740-4819-859a-ebe9a59b6cbf c540d2154583405aa39a58a6885d1241 3f42d6f02c8346efb906941e7093d34e - - default default] 10.0.0.47 "PUT /v2.0/subnetpools/4cd0e997-7fa0-408c-91ad-61b978452fc8/tags HTTP/1.1" status: 200 len: 212 time: 0.0508366
2026-03-02 22:29:06.232 9 INFO neutron.wsgi [None req-6a35d858-d12e-4c81-becd-42f4ef26dde4 c540d2154583405aa39a58a6885d1241 3f42d6f02c8346efb906941e7093d34e - - default default] 10.0.0.47 "GET /v2.0/subnetpools?tags=red HTTP/1.1" status: 200 len: 1758 time: 0.0304129
2026-03-02 22:29:06.235 10 INFO neutron.db.ovn_revision_numbers_db [None req-02d3110f-feba-4d2c-9357-5660f0df77fa 6195e1ae26dd4545ad79c346fe9666a7 a6d2f78b96a4433b9cd04218abadbfcd - - default default] Successfully bumped revision number for resource 1b46d831-1a55-4e6c-85e0-a549af352d44 (type: security_group_rules) to 0
2026-03-02 22:29:06.255 10 INFO neutron.db.ovn_revision_numbers_db [None req-02d3110f-feba-4d2c-9357-5660f0df77fa 6195e1ae26dd4545ad79c346fe9666a7 a6d2f78b96a4433b9cd04218abadbfcd - - default default] Successfully bumped revision number for resource 33844c21-e060-42e6-9438-9d60a87544e2 (type: security_group_rules) to 0
2026-03-02 22:29:06.257 9 INFO neutron.db.segments_db [None req-b9c52eb3-2d56-4375-bce5-c8a62e7a3bd6 283fef5faaf944739809f32aea610e05 1f95436387c447ef96b447a746c62e7f - - default default] Added segment 268383e6-7a5a-4430-86a8-6a527e8a3b30 of type geneve for network fe582d95-5ddd-44ef-b7b0-136256116eac
2026-03-02 22:29:06.263 9 INFO neutron.wsgi [None req-50e0fd2a-1ef2-4153-9478-35b817ba5b69 c540d2154583405aa39a58a6885d1241 3f42d6f02c8346efb906941e7093d34e - - default default] 10.0.0.47 "GET /v2.0/subnetpools?tags=red%2Cblue HTTP/1.1" status: 200 len: 1251 time: 0.0278230
2026-03-02 22:29:06.292 10 INFO neutron.db.ovn_revision_numbers_db [None req-02d3110f-feba-4d2c-9357-5660f0df77fa 6195e1ae26dd4545ad79c346fe9666a7 a6d2f78b96a4433b9cd04218abadbfcd - - default default] Successfully bumped revision number for resource 50099127-c8e5-44b3-8494-c91157f85fff (type: security_group_rules) to 0
2026-03-02 22:29:06.295 9 INFO neutron.wsgi [None req-5c64e371-0a23-453c-93ce-f0318afc5b82 c540d2154583405aa39a58a6885d1241 3f42d6f02c8346efb906941e7093d34e - - default default] 10.0.0.47 "GET /v2.0/subnetpools?tags-any=blue HTTP/1.1" status: 200 len: 1251 time: 0.0245888
2026-03-02 22:29:06.321 10 INFO neutron.wsgi [None req-02d3110f-feba-4d2c-9357-5660f0df77fa 6195e1ae26dd4545ad79c346fe9666a7 a6d2f78b96a4433b9cd04218abadbfcd - - default default] 10.0.0.47 "GET /v2.0/security-groups?tenant_id=7d71129fb4384e49a8db5e5960bb1b8e&name=default HTTP/1.1" status: 200 len: 3120 time: 0.3509691
2026-03-02 22:29:06.331 9 INFO neutron.wsgi [None req-aad59ecd-3284-4dd2-a8fa-05fce25becbc c540d2154583405aa39a58a6885d1241 3f42d6f02c8346efb906941e7093d34e - - default default] 10.0.0.47 "GET /v2.0/subnetpools?tags-any=red%2Cblue HTTP/1.1" status: 200 len: 1758 time: 0.0302935
2026-03-02 22:29:06.357 10 INFO neutron.wsgi [None req-acb21f39-e40b-4cf9-bd55-68ddd20e9969 5f7a3244a16a4ac59404711d546d8fe3 6f07c9a3a5944c0a814a6f13a1b34deb - - default default] 10.0.0.47 "PUT /v2.0/routers/54da1d66-c0f6-4994-87b2-7ceaf3db7831/remove_router_interface HTTP/1.1" status: 200 len: 503 time: 0.7712414 /var/lib/openstack/lib/python3.10/site-packages/pycadf/identifier.py:71: UserWarning: Invalid uuid: neutron. To ensure interoperability, identifiers should be a valid uuid. warnings.warn(('Invalid uuid: %s. To ensure interoperability, '
2026-03-02 22:29:06.379 9 INFO neutron.wsgi [None req-f2f4088c-5351-4921-9c93-3d733b6b433b c540d2154583405aa39a58a6885d1241 3f42d6f02c8346efb906941e7093d34e - - default default] 10.0.0.47 "GET /v2.0/subnetpools?not-tags=red HTTP/1.1" status: 200 len: 1223 time: 0.0419745
2026-03-02 22:29:06.381 10 INFO neutron.wsgi [None req-549c374f-b97a-4ebf-b395-38668d7e80d0 5f7a3244a16a4ac59404711d546d8fe3 6f07c9a3a5944c0a814a6f13a1b34deb - - default default] 10.0.0.47 "GET /v2.0/ports?device_id=54da1d66-c0f6-4994-87b2-7ceaf3db7831 HTTP/1.1" status: 200 len: 205 time: 0.0189378
2026-03-02 22:29:06.410 10 INFO neutron.wsgi [None req-55416273-1ecd-4a8d-92d9-a9cd061276e4 c540d2154583405aa39a58a6885d1241 3f42d6f02c8346efb906941e7093d34e - - default default] 10.0.0.47 "GET /v2.0/subnetpools?not-tags=red%2Cblue HTTP/1.1" status: 200 len: 1730 time: 0.0278227
2026-03-02 22:29:06.445 10 INFO neutron.wsgi [None req-e069a739-e6d5-41b8-b2ec-b0395da25c6f c540d2154583405aa39a58a6885d1241 3f42d6f02c8346efb906941e7093d34e - - default default] 10.0.0.47 "GET /v2.0/subnetpools?not-tags-any=blue HTTP/1.1" status: 200 len: 1730 time: 0.0307765
2026-03-02 22:29:06.479 10 INFO neutron.wsgi [None req-c7cc64ac-f723-47bb-a93c-8e1baaa02bc2 c540d2154583405aa39a58a6885d1241 3f42d6f02c8346efb906941e7093d34e - - default default] 10.0.0.47 "GET /v2.0/subnetpools?not-tags-any=red%2Cblue HTTP/1.1" status: 200 len: 1223 time: 0.0252423
2026-03-02 22:29:06.528 9 INFO neutron.db.ovn_revision_numbers_db [None req-b9c52eb3-2d56-4375-bce5-c8a62e7a3bd6 283fef5faaf944739809f32aea610e05 1f95436387c447ef96b447a746c62e7f - - default default] Successfully bumped revision number for resource a2a63465-83bf-4bf5-8ca0-2543fc9f55f1 (type: networks) to 1
2026-03-02 22:29:06.544 10 INFO neutron.wsgi [None req-574f2b12-8726-4684-a6e4-2f7077cf28fa c540d2154583405aa39a58a6885d1241 3f42d6f02c8346efb906941e7093d34e - - default default] 10.0.0.47 "DELETE /v2.0/subnetpools/461d7c39-6167-4d60-9a63-ce6b3650417b HTTP/1.1" status: 204 len: 168 time: 0.0594110
2026-03-02 22:29:06.596 10 INFO neutron.wsgi [None req-6d871f64-0818-46a8-96eb-3dc5e1e38fe7 c540d2154583405aa39a58a6885d1241 3f42d6f02c8346efb906941e7093d34e - - default default] 10.0.0.47 "DELETE /v2.0/subnetpools/ec04f3a8-a259-404d-ae87-08179c441043 HTTP/1.1" status: 204 len: 168 time: 0.0475945
2026-03-02 22:29:06.657 10 INFO neutron.wsgi [None req-65981825-a7b1-484f-abf8-253b82935a82 c540d2154583405aa39a58a6885d1241 3f42d6f02c8346efb906941e7093d34e - - default default] 10.0.0.47 "DELETE /v2.0/subnetpools/171690ce-e3f5-479f-b05e-037cb1d0c40c HTTP/1.1" status: 204 len: 168 time: 0.0544925
2026-03-02 22:29:06.713 10 INFO neutron.wsgi [None req-80a81ec4-6531-454e-bc30-ab384b9f75b1 c540d2154583405aa39a58a6885d1241 3f42d6f02c8346efb906941e7093d34e - - default default] 10.0.0.47 "DELETE /v2.0/subnetpools/4cd0e997-7fa0-408c-91ad-61b978452fc8 HTTP/1.1" status: 204 len: 168 time: 0.0508988
2026-03-02 22:29:06.773 10 INFO neutron.wsgi [None req-409ea52d-d3ba-4b26-ab21-8fbe1eec54d1 c540d2154583405aa39a58a6885d1241 3f42d6f02c8346efb906941e7093d34e - - default default] 10.0.0.47 "DELETE /v2.0/subnetpools/93708c04-8fd9-4171-97c1-a68d2de1060f HTTP/1.1" status: 204 len: 168 time: 0.0555310
2026-03-02 22:29:06.994 9 INFO neutron.wsgi [None req-7c4e7a88-ec1a-4792-81b1-0282e61ad01c 5f7a3244a16a4ac59404711d546d8fe3 6f07c9a3a5944c0a814a6f13a1b34deb - - default default] 10.0.0.47 "DELETE /v2.0/routers/54da1d66-c0f6-4994-87b2-7ceaf3db7831 HTTP/1.1" status: 204 len: 168 time: 0.6071973
2026-03-02 22:29:07.034 9 WARNING neutron.scheduler.dhcp_agent_scheduler [None req-b9c52eb3-2d56-4375-bce5-c8a62e7a3bd6 283fef5faaf944739809f32aea610e05 1f95436387c447ef96b447a746c62e7f - - default default] No more DHCP agents
2026-03-02 22:29:07.036 9 WARNING neutron.api.rpc.agentnotifiers.dhcp_rpc_agent_api [None req-b9c52eb3-2d56-4375-bce5-c8a62e7a3bd6 283fef5faaf944739809f32aea610e05 1f95436387c447ef96b447a746c62e7f - - default default] Unable to schedule network a2a63465-83bf-4bf5-8ca0-2543fc9f55f1: no agents available; will retry on subsequent port and subnet creation events.
2026-03-02 22:29:07.055 9 INFO neutron.wsgi [None req-2bde7e3b-bd85-4a90-99ce-3fec7eac557f 6195e1ae26dd4545ad79c346fe9666a7 a6d2f78b96a4433b9cd04218abadbfcd - - default default] 10.0.0.47 "DELETE /v2.0/security-groups/c0ca2b65-cbfc-439d-980f-f4cb1500bc39 HTTP/1.1" status: 204 len: 168 time: 0.7291064
2026-03-02 22:29:07.133 9 INFO neutron.db.ovn_revision_numbers_db [None req-b9c52eb3-2d56-4375-bce5-c8a62e7a3bd6 283fef5faaf944739809f32aea610e05 1f95436387c447ef96b447a746c62e7f - - default default] Successfully bumped revision number for resource 7c4a4f30-6ce3-4fa5-b76e-c1aaafb68093 (type: ports) to 1
2026-03-02 22:29:07.199 10 INFO neutron.wsgi [None req-0ab43467-98b5-441b-801e-79cfd76a272b 5f7a3244a16a4ac59404711d546d8fe3 6f07c9a3a5944c0a814a6f13a1b34deb - - default default] 10.0.0.47 "DELETE /v2.0/subnets/71aa4be5-f60a-45b9-a5f4-6b41ca3db816 HTTP/1.1" status: 204 len: 168 time: 0.2004025
2026-03-02 22:29:07.203 9 INFO neutron.db.ovn_revision_numbers_db [None req-b9c52eb3-2d56-4375-bce5-c8a62e7a3bd6 283fef5faaf944739809f32aea610e05 1f95436387c447ef96b447a746c62e7f - - default default] Successfully bumped revision number for resource fe582d95-5ddd-44ef-b7b0-136256116eac (type: networks) to 1
2026-03-02 22:29:07.358 10 INFO neutron.db.ovn_revision_numbers_db [None req-274f558b-ae13-46eb-b57e-433cb35cbad0 6195e1ae26dd4545ad79c346fe9666a7 a6d2f78b96a4433b9cd04218abadbfcd - - default default] Successfully bumped revision number for resource bbafe804-dfbc-415f-a0f2-9ae63e086cce (type: security_groups) to 1
2026-03-02 22:29:07.375 10 INFO neutron.db.ovn_revision_numbers_db [None req-274f558b-ae13-46eb-b57e-433cb35cbad0 6195e1ae26dd4545ad79c346fe9666a7 a6d2f78b96a4433b9cd04218abadbfcd - - default default] Successfully bumped revision number for resource 6b5488ad-baa2-4102-9490-d0e8c367aebc (type: security_group_rules) to 0
2026-03-02 22:29:07.376 9 WARNING neutron.scheduler.dhcp_agent_scheduler [None req-b9c52eb3-2d56-4375-bce5-c8a62e7a3bd6 283fef5faaf944739809f32aea610e05 1f95436387c447ef96b447a746c62e7f - - default default] No more DHCP agents
2026-03-02 22:29:07.377 9 WARNING neutron.api.rpc.agentnotifiers.dhcp_rpc_agent_api [None req-b9c52eb3-2d56-4375-bce5-c8a62e7a3bd6 283fef5faaf944739809f32aea610e05 1f95436387c447ef96b447a746c62e7f - - default default] Unable to schedule network fe582d95-5ddd-44ef-b7b0-136256116eac: no agents available; will retry on subsequent port and subnet creation events.
2026-03-02 22:29:07.403 10 INFO neutron.db.ovn_revision_numbers_db [None req-274f558b-ae13-46eb-b57e-433cb35cbad0 6195e1ae26dd4545ad79c346fe9666a7 a6d2f78b96a4433b9cd04218abadbfcd - - default default] Successfully bumped revision number for resource 6b9fe835-3b0c-4517-9b93-af29177c6693 (type: security_group_rules) to 0
2026-03-02 22:29:07.437 10 INFO neutron.db.ovn_revision_numbers_db [None req-274f558b-ae13-46eb-b57e-433cb35cbad0 6195e1ae26dd4545ad79c346fe9666a7 a6d2f78b96a4433b9cd04218abadbfcd - - default default] Successfully bumped revision number for resource a8de584e-e972-43be-80f7-7a8adb7fad84 (type: security_group_rules) to 0
2026-03-02 22:29:07.462 9 INFO neutron.db.ovn_revision_numbers_db [None req-b9c52eb3-2d56-4375-bce5-c8a62e7a3bd6 283fef5faaf944739809f32aea610e05 1f95436387c447ef96b447a746c62e7f - - default default] Successfully bumped revision number for resource 8fad5e62-1577-4f85-a23c-8a443c5d1a2b (type: ports) to 1
2026-03-02 22:29:07.463 10 INFO neutron.db.ovn_revision_numbers_db [None req-274f558b-ae13-46eb-b57e-433cb35cbad0 6195e1ae26dd4545ad79c346fe9666a7 a6d2f78b96a4433b9cd04218abadbfcd - - default default] Successfully bumped revision number for resource e7a09359-e756-4781-9285-29ae9a22f52a (type: security_group_rules) to 0
2026-03-02 22:29:07.488 10 INFO neutron.wsgi [None req-274f558b-ae13-46eb-b57e-433cb35cbad0 6195e1ae26dd4545ad79c346fe9666a7 a6d2f78b96a4433b9cd04218abadbfcd - - default default] 10.0.0.47 "GET /v2.0/security-groups?tenant_id=893a97f5828e415b81694858bc63bcf0&name=default HTTP/1.1" status: 200 len: 3120 time: 0.3149242
2026-03-02 22:29:07.490 9 INFO neutron.wsgi [None req-b9c52eb3-2d56-4375-bce5-c8a62e7a3bd6 283fef5faaf944739809f32aea610e05 1f95436387c447ef96b447a746c62e7f - - default default] 10.0.0.47 "POST /v2.0/networks HTTP/1.1" status: 201 len: 1446 time: 1.7677872
2026-03-02 22:29:07.615 10 INFO neutron.wsgi [None req-a361c57c-87c2-4465-8124-63a2a0df9072 283fef5faaf944739809f32aea610e05 1f95436387c447ef96b447a746c62e7f - - default default] 10.0.0.47 "GET /v2.0/networks HTTP/1.1" status: 200 len: 2052 time: 0.1171994
2026-03-02 22:29:07.728 10 INFO neutron.services.segments.plugin [-] Segment 2700f031-bf64-4a8b-89bb-32c03af46e89 resource provider aggregate not found
2026-03-02 22:29:07.732 10 INFO neutron.services.segments.plugin [-] Segment 2700f031-bf64-4a8b-89bb-32c03af46e89 resource provider aggregate not found
2026-03-02 22:29:07.755 10 INFO neutron.services.segments.plugin [-] Segment 2700f031-bf64-4a8b-89bb-32c03af46e89 resource provider not found; error: Placement Client Error (4xx): {"errors": [{"status": 404, "title": "Not Found", "detail": "The resource could not be found.\n\n No resource provider with uuid 2700f031-bf64-4a8b-89bb-32c03af46e89 found for delete ", "request_id": "req-94634c1e-4d96-4527-bb5f-8934f277d898"}]}
2026-03-02 22:29:07.764 10 INFO neutron.services.segments.plugin [-] Segment 2700f031-bf64-4a8b-89bb-32c03af46e89 resource provider not found; error: Placement Client Error (4xx): {"errors": [{"status": 404, "title": "Not Found", "detail": "The resource could not be found.\n\n No resource provider with uuid 2700f031-bf64-4a8b-89bb-32c03af46e89 found for delete ", "request_id": "req-4058e7ca-be0b-41c6-83e8-7b919dd43bc2"}]}
2026-03-02 22:29:07.772 10 INFO neutron.wsgi [None req-48eb8378-778f-4ff7-a5e7-c68f90cbe191 5f7a3244a16a4ac59404711d546d8fe3 6f07c9a3a5944c0a814a6f13a1b34deb - - default default] 10.0.0.47 "DELETE /v2.0/networks/7820a213-861a-4590-889e-307df53de6c9 HTTP/1.1" status: 204 len: 168 time: 0.5662608
2026-03-02 22:29:07.783 10 WARNING neutron_lib.context [None req-89c5d744-50f4-4bf8-95bd-e492bda1965c 5f7a3244a16a4ac59404711d546d8fe3 6f07c9a3a5944c0a814a6f13a1b34deb - - default default] Method 'is_advsvc' is deprecated since 2023.2 release (neutron-lib 3.8.0) and will be removed once support for the old RBAC API policies will be removed from Neutron. Please use method 'is_service_role' instead.
2026-03-02 22:29:07.786 9 INFO neutron.wsgi [None req-89f3b3ca-15b2-4027-a942-bfd805650426 6195e1ae26dd4545ad79c346fe9666a7 a6d2f78b96a4433b9cd04218abadbfcd - - default default] 10.0.0.47 "DELETE /v2.0/security-groups/bbafe804-dfbc-415f-a0f2-9ae63e086cce HTTP/1.1" status: 204 len: 168 time: 0.2919886
2026-03-02 22:29:07.947 9 INFO neutron.db.ovn_revision_numbers_db [None req-9cc4af5d-63e2-45d3-862b-8ccf784651f0 6195e1ae26dd4545ad79c346fe9666a7 a6d2f78b96a4433b9cd04218abadbfcd - - default default] Successfully bumped revision number for resource d4df7396-bd3d-4b0e-841e-fe760de9b6c9 (type: security_groups) to 1
2026-03-02 22:29:07.976 9 INFO neutron.db.ovn_revision_numbers_db [None req-9cc4af5d-63e2-45d3-862b-8ccf784651f0 6195e1ae26dd4545ad79c346fe9666a7 a6d2f78b96a4433b9cd04218abadbfcd - - default default] Successfully bumped revision number for resource 5b73826b-3795-483e-b46d-c6ae6130485c (type: security_group_rules) to 0
2026-03-02 22:29:07.995 9 INFO neutron.db.ovn_revision_numbers_db [None req-9cc4af5d-63e2-45d3-862b-8ccf784651f0 6195e1ae26dd4545ad79c346fe9666a7 a6d2f78b96a4433b9cd04218abadbfcd - - default default] Successfully bumped revision number for resource 771d188c-0a1d-478e-acf8-c53ad3dad846 (type: security_group_rules) to 0
2026-03-02 22:29:08.022 9 INFO neutron.db.ovn_revision_numbers_db [None req-9cc4af5d-63e2-45d3-862b-8ccf784651f0 6195e1ae26dd4545ad79c346fe9666a7 a6d2f78b96a4433b9cd04218abadbfcd - - default default] Successfully bumped revision number for resource 9be2028c-eac9-40b6-93fd-d931aa5c5329 (type: security_group_rules) to 0
2026-03-02 22:29:08.067 9 INFO neutron.services.segments.plugin [-] Segment 959d539e-6238-48a0-9bc8-10c126e4d81e resource provider aggregate not found
2026-03-02 22:29:08.071 9 INFO neutron.services.segments.plugin [-] Segment 959d539e-6238-48a0-9bc8-10c126e4d81e resource provider aggregate not found
2026-03-02 22:29:08.075 9 INFO neutron.db.ovn_revision_numbers_db [None req-9cc4af5d-63e2-45d3-862b-8ccf784651f0 6195e1ae26dd4545ad79c346fe9666a7 a6d2f78b96a4433b9cd04218abadbfcd - - default default] Successfully bumped revision number for resource c90ae008-7bc5-45e3-85dc-236bbb5b9979 (type: security_group_rules) to 0
2026-03-02 22:29:08.086 9 INFO neutron.services.segments.plugin [-] Segment 959d539e-6238-48a0-9bc8-10c126e4d81e resource provider not found; error: Placement Client Error (4xx): {"errors": [{"status": 404, "title": "Not Found", "detail": "The resource could not be found.\n\n No resource provider with uuid 959d539e-6238-48a0-9bc8-10c126e4d81e found for delete ", "request_id": "req-ebddbcb9-4cf1-454f-8506-baf9f65ffc04"}]}
2026-03-02 22:29:08.088 9 INFO neutron.services.segments.plugin [-] Segment 959d539e-6238-48a0-9bc8-10c126e4d81e resource provider not found; error: Placement Client Error (4xx): {"errors": [{"status": 404, "title": "Not Found", "detail": "The resource could not be found.\n\n No resource provider with uuid 959d539e-6238-48a0-9bc8-10c126e4d81e found for delete ", "request_id": "req-f56eb38b-5f36-4044-a0d5-3a944e7d5107"}]}
2026-03-02 22:29:08.102 9 INFO neutron.wsgi [None req-9cc4af5d-63e2-45d3-862b-8ccf784651f0 6195e1ae26dd4545ad79c346fe9666a7 a6d2f78b96a4433b9cd04218abadbfcd - - default default] 10.0.0.47 "GET /v2.0/security-groups?tenant_id=f33267f1aeb84bcc905c8f99fcbff39a&name=default HTTP/1.1" status: 200 len: 3120 time: 0.5706639
2026-03-02 22:29:08.125 9 INFO neutron.wsgi [None req-a4dd163b-d20c-4ecf-80d4-0b22c9217ea5 283fef5faaf944739809f32aea610e05 1f95436387c447ef96b447a746c62e7f - - default default] 10.0.0.47 "DELETE /v2.0/networks/a2a63465-83bf-4bf5-8ca0-2543fc9f55f1 HTTP/1.1" status: 204 len: 168 time: 0.5032573
2026-03-02 22:29:08.309 10 WARNING neutron.scheduler.dhcp_agent_scheduler [None req-89c5d744-50f4-4bf8-95bd-e492bda1965c 5f7a3244a16a4ac59404711d546d8fe3 6f07c9a3a5944c0a814a6f13a1b34deb - - default default] No more DHCP agents
2026-03-02 22:29:08.313 10 WARNING neutron.api.rpc.agentnotifiers.dhcp_rpc_agent_api [None req-89c5d744-50f4-4bf8-95bd-e492bda1965c 5f7a3244a16a4ac59404711d546d8fe3 6f07c9a3a5944c0a814a6f13a1b34deb - - default default] Unable to schedule network 18fd1d39-8d58-4e81-ba70-1091a48a5800: no agents available; will retry on subsequent port and subnet creation events.
2026-03-02 22:29:08.397 9 INFO neutron.wsgi [None req-3db92953-7dda-46f4-b0c2-f9fe4c83c81c 6195e1ae26dd4545ad79c346fe9666a7 a6d2f78b96a4433b9cd04218abadbfcd - - default default] 10.0.0.47 "DELETE /v2.0/security-groups/d4df7396-bd3d-4b0e-841e-fe760de9b6c9 HTTP/1.1" status: 204 len: 168 time: 0.2892256
2026-03-02 22:29:08.485 10 INFO neutron.db.ovn_revision_numbers_db [None req-89c5d744-50f4-4bf8-95bd-e492bda1965c 5f7a3244a16a4ac59404711d546d8fe3 6f07c9a3a5944c0a814a6f13a1b34deb - - default default] Successfully bumped revision number for resource b5b4a078-7e00-4f97-a8be-21217d1d3ce8 (type: ports) to 1
2026-03-02 22:29:08.573 9 INFO neutron.wsgi [None req-fc941d9d-0aed-4e04-9e0f-7370e42d4a65 283fef5faaf944739809f32aea610e05 1f95436387c447ef96b447a746c62e7f - - default default] 10.0.0.47 "DELETE /v2.0/networks/fe582d95-5ddd-44ef-b7b0-136256116eac HTTP/1.1" status: 204 len: 168 time: 0.4433978
2026-03-02 22:29:08.644 9 INFO neutron.wsgi [None req-a1f013b0-f9fc-4b72-95e9-8b11e1dd7d1a 283fef5faaf944739809f32aea610e05 1f95436387c447ef96b447a746c62e7f - - default default] 10.0.0.47 "GET /v2.0/networks HTTP/1.1" status: 200 len: 845 time: 0.0638826
2026-03-02 22:29:08.654 9 WARNING neutron_lib.context [None req-4e766ad1-b1a6-4f87-956b-59023a87f0ca 283fef5faaf944739809f32aea610e05 1f95436387c447ef96b447a746c62e7f - - default default] Method 'is_advsvc' is deprecated since 2023.2 release (neutron-lib 3.8.0) and will be removed once support for the old RBAC API policies will be removed from Neutron. Please use method 'is_service_role' instead.
2026-03-02 22:29:08.727 9 INFO neutron.db.segments_db [None req-4e766ad1-b1a6-4f87-956b-59023a87f0ca 283fef5faaf944739809f32aea610e05 1f95436387c447ef96b447a746c62e7f - - default default] Added segment 6714b83b-e7d8-438e-be41-e1e8e376daba of type geneve for network 0ec1cdbe-236b-4fa3-9320-9a2cb1ec1384
2026-03-02 22:29:08.872 9 INFO neutron.db.ovn_revision_numbers_db [None req-4e766ad1-b1a6-4f87-956b-59023a87f0ca 283fef5faaf944739809f32aea610e05 1f95436387c447ef96b447a746c62e7f - - default default] Successfully bumped revision number for resource 0ec1cdbe-236b-4fa3-9320-9a2cb1ec1384 (type: networks) to 1
2026-03-02 22:29:08.942 10 INFO neutron.db.ovn_revision_numbers_db [None req-be77f0e4-765d-4bd8-9545-fea2b3648497 6195e1ae26dd4545ad79c346fe9666a7 a6d2f78b96a4433b9cd04218abadbfcd - - default default] Successfully bumped revision number for resource 7ffc7b05-8666-4f28-8ac6-b1f640ebc321 (type: security_groups) to 1
2026-03-02 22:29:08.958 10 INFO neutron.db.ovn_revision_numbers_db [None req-be77f0e4-765d-4bd8-9545-fea2b3648497 6195e1ae26dd4545ad79c346fe9666a7 a6d2f78b96a4433b9cd04218abadbfcd - - default default] Successfully bumped revision number for resource 3957baca-fc22-471c-926f-7ab426baa8f2 (type: security_group_rules) to 0
2026-03-02 22:29:08.983 10 INFO neutron.db.ovn_revision_numbers_db [None req-be77f0e4-765d-4bd8-9545-fea2b3648497 6195e1ae26dd4545ad79c346fe9666a7 a6d2f78b96a4433b9cd04218abadbfcd - - default default] Successfully bumped revision number for resource 5464f6c6-791b-4748-aecb-9173a5044d58 (type: security_group_rules) to 0
2026-03-02 22:29:09.009 10 INFO neutron.db.ovn_revision_numbers_db [None req-be77f0e4-765d-4bd8-9545-fea2b3648497 6195e1ae26dd4545ad79c346fe9666a7 a6d2f78b96a4433b9cd04218abadbfcd - - default default] Successfully bumped revision number for resource c179f3dc-495a-4f86-bd0f-2399295cb5e8 (type: security_group_rules) to 0
2026-03-02 22:29:09.033 10 INFO neutron.db.ovn_revision_numbers_db [None req-be77f0e4-765d-4bd8-9545-fea2b3648497 6195e1ae26dd4545ad79c346fe9666a7 a6d2f78b96a4433b9cd04218abadbfcd - - default default] Successfully bumped revision number for resource e64e4a50-8238-4039-a688-b1b69abbea02 (type: security_group_rules) to 0
2026-03-02 22:29:09.049 9 WARNING neutron.scheduler.dhcp_agent_scheduler [None req-4e766ad1-b1a6-4f87-956b-59023a87f0ca 283fef5faaf944739809f32aea610e05 1f95436387c447ef96b447a746c62e7f - - default default] No more DHCP agents
2026-03-02 22:29:09.050 9 WARNING neutron.api.rpc.agentnotifiers.dhcp_rpc_agent_api [None req-4e766ad1-b1a6-4f87-956b-59023a87f0ca 283fef5faaf944739809f32aea610e05 1f95436387c447ef96b447a746c62e7f - - default default] Unable to schedule network 0ec1cdbe-236b-4fa3-9320-9a2cb1ec1384: no agents available; will retry on subsequent port and subnet creation events.
2026-03-02 22:29:09.057 10 INFO neutron.wsgi [None req-be77f0e4-765d-4bd8-9545-fea2b3648497 6195e1ae26dd4545ad79c346fe9666a7 a6d2f78b96a4433b9cd04218abadbfcd - - default default] 10.0.0.47 "GET /v2.0/security-groups?tenant_id=3f42d6f02c8346efb906941e7093d34e&name=default HTTP/1.1" status: 200 len: 3120 time: 0.5423367
2026-03-02 22:29:09.155 9 INFO neutron.db.ovn_revision_numbers_db [None req-4e766ad1-b1a6-4f87-956b-59023a87f0ca 283fef5faaf944739809f32aea610e05 1f95436387c447ef96b447a746c62e7f - - default default] Successfully bumped revision number for resource 543c464f-e9e5-4118-b574-452ecf0ba34f (type: ports) to 1
2026-03-02 22:29:09.181 9 INFO neutron.wsgi [None req-4e766ad1-b1a6-4f87-956b-59023a87f0ca 283fef5faaf944739809f32aea610e05 1f95436387c447ef96b447a746c62e7f - - default default] 10.0.0.47 "POST /v2.0/networks HTTP/1.1" status: 201 len: 852 time: 0.5311644
2026-03-02 22:29:09.195 9 WARNING neutron_lib.context [None req-767e9009-8055-45c3-ad4c-5d7b7da98747 283fef5faaf944739809f32aea610e05 1f95436387c447ef96b447a746c62e7f - - default default] Method 'is_advsvc' is deprecated since 2023.2 release (neutron-lib 3.8.0) and will be removed once support for the old RBAC API policies will be removed from Neutron. Please use method 'is_service_role' instead.
2026-03-02 22:29:09.291 9 INFO neutron.db.segments_db [None req-767e9009-8055-45c3-ad4c-5d7b7da98747 283fef5faaf944739809f32aea610e05 1f95436387c447ef96b447a746c62e7f - - default default] Added segment d98dc952-ba3f-44bb-9ed1-1056d81f4dd6 of type geneve for network d3c015c4-ffda-4aad-92aa-1da0d4687a21
2026-03-02 22:29:09.368 9 INFO neutron.wsgi [None req-c22debe6-9e23-4785-b2a9-2e405b8204ec 6195e1ae26dd4545ad79c346fe9666a7 a6d2f78b96a4433b9cd04218abadbfcd - - default default] 10.0.0.47 "DELETE /v2.0/security-groups/7ffc7b05-8666-4f28-8ac6-b1f640ebc321 HTTP/1.1" status: 204 len: 168 time: 0.3057179
2026-03-02 22:29:09.412 10 INFO neutron.plugins.ml2.drivers.ovn.mech_driver.ovsdb.commands [None req-9d248676-dd58-43cd-b59c-719402e3512e - - - - - -] Schedule LRP lrp-b5b4a078-7e00-4f97-a8be-21217d1d3ce8 on gateway 7351793c-a468-4dbe-94d0-8d221358f5bc with priority 1
2026-03-02 22:29:09.435 9 INFO neutron.db.ovn_revision_numbers_db [None req-767e9009-8055-45c3-ad4c-5d7b7da98747 283fef5faaf944739809f32aea610e05 1f95436387c447ef96b447a746c62e7f - - default default] Successfully bumped revision number for resource d3c015c4-ffda-4aad-92aa-1da0d4687a21 (type: networks) to 1
2026-03-02 22:29:09.452 10 INFO neutron.db.ovn_revision_numbers_db [None req-89c5d744-50f4-4bf8-95bd-e492bda1965c 5f7a3244a16a4ac59404711d546d8fe3 6f07c9a3a5944c0a814a6f13a1b34deb - - default default] Successfully bumped revision number for resource b5b4a078-7e00-4f97-a8be-21217d1d3ce8 (type: router_ports) to 1
2026-03-02 22:29:09.528 10 INFO neutron.db.ovn_revision_numbers_db [None req-89c5d744-50f4-4bf8-95bd-e492bda1965c 5f7a3244a16a4ac59404711d546d8fe3 6f07c9a3a5944c0a814a6f13a1b34deb - - default default] Successfully bumped revision number for resource 571681b3-fa20-4dec-8339-85134cf19ee5 (type: routers) to 2
2026-03-02 22:29:09.553 10 INFO neutron.wsgi [None req-89c5d744-50f4-4bf8-95bd-e492bda1965c 5f7a3244a16a4ac59404711d546d8fe3 6f07c9a3a5944c0a814a6f13a1b34deb - - default default] 10.0.0.47 "POST /v2.0/routers HTTP/1.1" status: 201 len: 1151 time: 1.7755170
2026-03-02 22:29:09.665 9 INFO neutron.wsgi [None req-2b1162e9-1390-4111-ba8b-a3a187470e5c 5f7a3244a16a4ac59404711d546d8fe3 6f07c9a3a5944c0a814a6f13a1b34deb - - default default] 10.0.0.47 "GET /v2.0/routers/571681b3-fa20-4dec-8339-85134cf19ee5 HTTP/1.1" status: 200 len: 1152 time: 0.0985775
2026-03-02 22:29:09.681 9 WARNING neutron.scheduler.dhcp_agent_scheduler [None req-767e9009-8055-45c3-ad4c-5d7b7da98747 283fef5faaf944739809f32aea610e05 1f95436387c447ef96b447a746c62e7f - - default default] No more DHCP agents
2026-03-02 22:29:09.684 9 WARNING neutron.api.rpc.agentnotifiers.dhcp_rpc_agent_api [None req-767e9009-8055-45c3-ad4c-5d7b7da98747 283fef5faaf944739809f32aea610e05 1f95436387c447ef96b447a746c62e7f - - default default] Unable to schedule network d3c015c4-ffda-4aad-92aa-1da0d4687a21: no agents available; will retry on subsequent port and subnet creation events.
2026-03-02 22:29:09.713 10 INFO neutron.db.ovn_revision_numbers_db [None req-45ee1711-e2e9-418b-aa1e-06dbafe4fd12 6195e1ae26dd4545ad79c346fe9666a7 a6d2f78b96a4433b9cd04218abadbfcd - - default default] Successfully bumped revision number for resource 3a627e80-3f15-4ed6-a072-a0449d369343 (type: security_groups) to 1
2026-03-02 22:29:09.739 10 INFO neutron.db.ovn_revision_numbers_db [None req-45ee1711-e2e9-418b-aa1e-06dbafe4fd12 6195e1ae26dd4545ad79c346fe9666a7 a6d2f78b96a4433b9cd04218abadbfcd - - default default] Successfully bumped revision number for resource 1f9e56b1-2b16-40f5-91ab-55003446ec55 (type: security_group_rules) to 0
2026-03-02 22:29:09.762 9 INFO neutron.db.ovn_revision_numbers_db [None req-767e9009-8055-45c3-ad4c-5d7b7da98747 283fef5faaf944739809f32aea610e05 1f95436387c447ef96b447a746c62e7f - - default default] Successfully bumped revision number for resource f65c0c67-4c0d-4e9b-8ecd-1006c6ffad0d (type: ports) to 1
