2026-03-02 22:30:25.939 9 INFO neutron.db.ovn_revision_numbers_db [None req-c41f8b41-932a-4ae6-9b50-64e50e65553c 689ec61660ad44bf9d646b0153d3ab2d 0a7a465ea1854c15919cda22e6524b41 - - default default] Successfully bumped revision number for resource 0d6280d9-2f09-407a-ae4d-a87f34465640 (type: subnets) to 0
2026-03-02 22:30:25.955 9 INFO neutron.api.v2.resource [None req-5fe2239e-8738-448c-80ce-0f868cd2d1df 88cf227b274d433f8733306e4380efdd dce0014bb1af4ac190ac3f9fe7dad274 - - default default] delete failed (client error): The resource could not be found.
2026-03-02 22:30:25.956 9 INFO neutron.wsgi [None req-5fe2239e-8738-448c-80ce-0f868cd2d1df 88cf227b274d433f8733306e4380efdd dce0014bb1af4ac190ac3f9fe7dad274 - - default default] 10.0.0.47 "DELETE /v2.0/vpn/ipsec-site-connections/aef3623c-552e-4d20-a434-f364bd972ae6 HTTP/1.1" status: 404 len: 355 time: 0.0134778
2026-03-02 22:30:25.959 9 INFO neutron.wsgi [None req-c41f8b41-932a-4ae6-9b50-64e50e65553c 689ec61660ad44bf9d646b0153d3ab2d 0a7a465ea1854c15919cda22e6524b41 - - default default] 10.0.0.47 "POST /v2.0/subnets HTTP/1.1" status: 201 len: 804 time: 1.4557755
2026-03-02 22:30:25.967 9 WARNING neutron_lib.context [None req-bd105906-3f8e-4525-a2e7-c366ec98288c 88cf227b274d433f8733306e4380efdd dce0014bb1af4ac190ac3f9fe7dad274 - - default default] Method 'is_advsvc' is deprecated since 2023.2 release (neutron-lib 3.8.0) and will be removed once support for the old RBAC API policies will be removed from Neutron. Please use method 'is_service_role' instead.
2026-03-02 22:30:25.967 10 WARNING neutron_lib.context [None req-a2449651-b10d-4f41-8153-4564d5ea8c95 689ec61660ad44bf9d646b0153d3ab2d 0a7a465ea1854c15919cda22e6524b41 - - default default] Method 'is_advsvc' is deprecated since 2023.2 release (neutron-lib 3.8.0) and will be removed once support for the old RBAC API policies will be removed from Neutron. Please use method 'is_service_role' instead.
2026-03-02 22:30:26.003 9 INFO neutron.wsgi [None req-bd105906-3f8e-4525-a2e7-c366ec98288c 88cf227b274d433f8733306e4380efdd dce0014bb1af4ac190ac3f9fe7dad274 - - default default] 10.0.0.47 "POST /v2.0/vpn/endpoint-groups HTTP/1.1" status: 201 len: 489 time: 0.0397913
2026-03-02 22:30:26.024 9 INFO neutron.wsgi [None req-a63d0d11-d4ba-4a5d-a0ed-6dd0c465960c 88cf227b274d433f8733306e4380efdd dce0014bb1af4ac190ac3f9fe7dad274 - - default default] 10.0.0.47 "PUT /v2.0/vpn/endpoint-groups/48a2a263-a4ca-4f5a-b029-b0948c9bf6a4 HTTP/1.1" status: 200 len: 484 time: 0.0167556
2026-03-02 22:30:26.039 9 INFO neutron.wsgi [None req-71a34c81-8683-49a4-be41-7273758fcf15 88cf227b274d433f8733306e4380efdd dce0014bb1af4ac190ac3f9fe7dad274 - - default default] 10.0.0.47 "GET /v2.0/vpn/endpoint-groups/48a2a263-a4ca-4f5a-b029-b0948c9bf6a4 HTTP/1.1" status: 200 len: 484 time: 0.0107989
2026-03-02 22:30:26.076 10 INFO neutron.db.segments_db [None req-a2449651-b10d-4f41-8153-4564d5ea8c95 689ec61660ad44bf9d646b0153d3ab2d 0a7a465ea1854c15919cda22e6524b41 - - default default] Added segment 3426f7cc-1342-428a-a143-1edd44e54812 of type geneve for network fbef6f66-1202-4efe-800c-2b9fa9823455
2026-03-02 22:30:26.104 10 INFO neutron.wsgi [None req-2435665c-4230-42aa-bdf8-90de2a5f2039 88cf227b274d433f8733306e4380efdd dce0014bb1af4ac190ac3f9fe7dad274 - - default default] 10.0.0.47 "DELETE /v2.0/vpn/endpoint-groups/48a2a263-a4ca-4f5a-b029-b0948c9bf6a4 HTTP/1.1" status: 204 len: 168 time: 0.0602508
2026-03-02 22:30:26.105 9 INFO neutron.notifiers.nova [-] Nova event matching ['req-d5d9be74-6a2d-4df2-a17c-3f3f7359e3d8'] response: {'server_uuid': 'f9d4923e-785a-45fb-aa66-1359f7531e02', 'name': 'network-vif-plugged', 'status': 'completed', 'tag': '62643af4-7836-4700-ab66-11eb1216c042', 'code': 200}
2026-03-02 22:30:26.108 9 INFO neutron.notifiers.nova [-] Nova event matching ['req-d5d9be74-6a2d-4df2-a17c-3f3f7359e3d8'] response: {'server_uuid': 'f9d4923e-785a-45fb-aa66-1359f7531e02', 'name': 'network-vif-plugged', 'status': 'completed', 'tag': '62643af4-7836-4700-ab66-11eb1216c042', 'code': 200}
2026-03-02 22:30:26.128 9 INFO neutron.wsgi [None req-ae8eaf58-7f37-47a2-88a6-2216806fd571 88cf227b274d433f8733306e4380efdd dce0014bb1af4ac190ac3f9fe7dad274 - - default default] 10.0.0.47 "GET /v2.0/vpn/endpoint-groups HTTP/1.1" status: 200 len: 827 time: 0.0171494
2026-03-02 22:30:26.153 9 INFO neutron.wsgi [None req-d63ea06b-c1be-4e65-a4d3-56ad259b654e 88cf227b274d433f8733306e4380efdd dce0014bb1af4ac190ac3f9fe7dad274 - - default default] 10.0.0.47 "GET /v2.0/vpn/endpoint-groups HTTP/1.1" status: 200 len: 827 time: 0.0214481
2026-03-02 22:30:26.161 9 WARNING neutron_lib.context [None req-1a629577-d0fc-49b3-9e1f-eaf8859dd1a9 88cf227b274d433f8733306e4380efdd dce0014bb1af4ac190ac3f9fe7dad274 - - default default] Method 'is_advsvc' is deprecated since 2023.2 release (neutron-lib 3.8.0) and will be removed once support for the old RBAC API policies will be removed from Neutron. Please use method 'is_service_role' instead.
2026-03-02 22:30:26.228 9 INFO neutron.wsgi [None req-1a629577-d0fc-49b3-9e1f-eaf8859dd1a9 88cf227b274d433f8733306e4380efdd dce0014bb1af4ac190ac3f9fe7dad274 - - default default] 10.0.0.47 "POST /v2.0/vpn/ikepolicies HTTP/1.1" status: 201 len: 602 time: 0.0707400
2026-03-02 22:30:26.271 10 INFO neutron.wsgi [None req-bc8d82c1-32be-49b6-8145-0da9c28d4769 88cf227b274d433f8733306e4380efdd dce0014bb1af4ac190ac3f9fe7dad274 - - default default] 10.0.0.47 "PUT /v2.0/vpn/ikepolicies/8868075d-5318-4570-a93a-6abb99d01bb4 HTTP/1.1" status: 200 len: 612 time: 0.0394101
2026-03-02 22:30:26.273 10 INFO neutron.db.ovn_revision_numbers_db [None req-a2449651-b10d-4f41-8153-4564d5ea8c95 689ec61660ad44bf9d646b0153d3ab2d 0a7a465ea1854c15919cda22e6524b41 - - default default] Successfully bumped revision number for resource fbef6f66-1202-4efe-800c-2b9fa9823455 (type: networks) to 1
2026-03-02 22:30:26.295 9 INFO neutron.wsgi [None req-2471cb95-a55c-4ca3-8b96-0afd8a88b933 88cf227b274d433f8733306e4380efdd dce0014bb1af4ac190ac3f9fe7dad274 - - default default] 10.0.0.47 "GET /v2.0/vpn/ikepolicies/8868075d-5318-4570-a93a-6abb99d01bb4 HTTP/1.1" status: 200 len: 612 time: 0.0156364
2026-03-02 22:30:26.335 9 INFO neutron.wsgi [None req-e2b7960a-83e7-4910-9f98-f3525d5bfb54 88cf227b274d433f8733306e4380efdd dce0014bb1af4ac190ac3f9fe7dad274 - - default default] 10.0.0.47 "DELETE /v2.0/vpn/ikepolicies/8868075d-5318-4570-a93a-6abb99d01bb4 HTTP/1.1" status: 204 len: 168 time: 0.0347064
2026-03-02 22:30:26.353 9 INFO neutron.wsgi [None req-eca23750-17d0-451a-9fd9-58411a0d97ef 88cf227b274d433f8733306e4380efdd dce0014bb1af4ac190ac3f9fe7dad274 - - default default] 10.0.0.47 "GET /v2.0/vpn/ikepolicies HTTP/1.1" status: 200 len: 602 time: 0.0131516
2026-03-02 22:30:26.366 9 INFO neutron.wsgi [None req-55df1867-6886-4bf6-9005-3fc7d2e7430c 88cf227b274d433f8733306e4380efdd dce0014bb1af4ac190ac3f9fe7dad274 - - default default] 10.0.0.47 "GET /v2.0/vpn/ikepolicies HTTP/1.1" status: 200 len: 602 time: 0.0077188
2026-03-02 22:30:26.375 9 WARNING neutron_lib.context [None req-43dfa7cc-50a2-4aff-86c8-2e39cd428637 88cf227b274d433f8733306e4380efdd dce0014bb1af4ac190ac3f9fe7dad274 - - default default] Method 'is_advsvc' is deprecated since 2023.2 release (neutron-lib 3.8.0) and will be removed once support for the old RBAC API policies will be removed from Neutron. Please use method 'is_service_role' instead.
2026-03-02 22:30:26.413 9 INFO neutron.wsgi [None req-43dfa7cc-50a2-4aff-86c8-2e39cd428637 88cf227b274d433f8733306e4380efdd dce0014bb1af4ac190ac3f9fe7dad274 - - default default] 10.0.0.47 "POST /v2.0/vpn/ipsecpolicies HTTP/1.1" status: 201 len: 611 time: 0.0414183
2026-03-02 22:30:26.455 9 INFO neutron.wsgi [None req-4d0ab3b4-ee0e-42b5-be51-f36e17e5cb92 88cf227b274d433f8733306e4380efdd dce0014bb1af4ac190ac3f9fe7dad274 - - default default] 10.0.0.47 "PUT /v2.0/vpn/ipsecpolicies/7e2e29d9-d276-47dd-b57b-99f6fbb82922 HTTP/1.1" status: 200 len: 625 time: 0.0347650
2026-03-02 22:30:26.489 9 INFO neutron.wsgi [None req-87e03049-8746-4cb8-a506-33d60a8bf703 88cf227b274d433f8733306e4380efdd dce0014bb1af4ac190ac3f9fe7dad274 - - default default] 10.0.0.47 "DELETE /v2.0/vpn/ipsecpolicies/7e2e29d9-d276-47dd-b57b-99f6fbb82922 HTTP/1.1" status: 204 len: 168 time: 0.0292225
2026-03-02 22:30:26.504 9 INFO neutron.api.v2.resource [None req-3a5b7bc0-0ce9-4f50-bcb4-e7b9d715a18f 88cf227b274d433f8733306e4380efdd dce0014bb1af4ac190ac3f9fe7dad274 - - default default] delete failed (client error): The resource could not be found.
2026-03-02 22:30:26.505 9 INFO neutron.wsgi [None req-3a5b7bc0-0ce9-4f50-bcb4-e7b9d715a18f 88cf227b274d433f8733306e4380efdd dce0014bb1af4ac190ac3f9fe7dad274 - - default default] 10.0.0.47 "DELETE /v2.0/vpn/ipsecpolicies/7e2e29d9-d276-47dd-b57b-99f6fbb82922 HTTP/1.1" status: 404 len: 346 time: 0.0109382
2026-03-02 22:30:26.512 10 WARNING neutron.scheduler.dhcp_agent_scheduler [None req-a2449651-b10d-4f41-8153-4564d5ea8c95 689ec61660ad44bf9d646b0153d3ab2d 0a7a465ea1854c15919cda22e6524b41 - - default default] No more DHCP agents
2026-03-02 22:30:26.516 10 WARNING neutron.api.rpc.agentnotifiers.dhcp_rpc_agent_api [None req-a2449651-b10d-4f41-8153-4564d5ea8c95 689ec61660ad44bf9d646b0153d3ab2d 0a7a465ea1854c15919cda22e6524b41 - - default default] Unable to schedule network fbef6f66-1202-4efe-800c-2b9fa9823455: no agents available; will retry on subsequent port and subnet creation events.
2026-03-02 22:30:26.521 9 INFO neutron.api.v2.resource [None req-6bef021d-db11-426d-81a4-0d9e5387d22f 88cf227b274d433f8733306e4380efdd dce0014bb1af4ac190ac3f9fe7dad274 - - default default] delete failed (client error): The resource could not be found.
2026-03-02 22:30:26.522 9 INFO neutron.wsgi [None req-6bef021d-db11-426d-81a4-0d9e5387d22f 88cf227b274d433f8733306e4380efdd dce0014bb1af4ac190ac3f9fe7dad274 - - default default] 10.0.0.47 "DELETE /v2.0/vpn/ipsecpolicies/7e2e29d9-d276-47dd-b57b-99f6fbb82922 HTTP/1.1" status: 404 len: 346 time: 0.0132740
2026-03-02 22:30:26.535 9 WARNING neutron_lib.context [None req-733e169a-ff66-44e0-9dc0-9b3a64a17ed7 88cf227b274d433f8733306e4380efdd dce0014bb1af4ac190ac3f9fe7dad274 - - default default] Method 'is_advsvc' is deprecated since 2023.2 release (neutron-lib 3.8.0) and will be removed once support for the old RBAC API policies will be removed from Neutron. Please use method 'is_service_role' instead.
2026-03-02 22:30:26.627 9 INFO neutron.db.segments_db [None req-733e169a-ff66-44e0-9dc0-9b3a64a17ed7 88cf227b274d433f8733306e4380efdd dce0014bb1af4ac190ac3f9fe7dad274 - - default default] Added segment e3c6748a-121f-4544-afd7-e9c6b50e67c6 of type geneve for network 7b09e2b9-275c-411f-8a5b-73732a786e3a
2026-03-02 22:30:26.627 10 INFO neutron.db.ovn_revision_numbers_db [None req-a2449651-b10d-4f41-8153-4564d5ea8c95 689ec61660ad44bf9d646b0153d3ab2d 0a7a465ea1854c15919cda22e6524b41 - - default default] Successfully bumped revision number for resource ccbbddd8-3108-4e85-b5a8-3a441204c044 (type: ports) to 1
2026-03-02 22:30:26.637 10 INFO neutron.plugins.ml2.drivers.ovn.mech_driver.ovsdb.commands [None req-9d248676-dd58-43cd-b59c-719402e3512e - - - - - -] Schedule LRP lrp-a9601170-abb7-4c68-b470-b8b29e39a05a on gateway 7351793c-a468-4dbe-94d0-8d221358f5bc with priority 1
2026-03-02 22:30:26.667 10 INFO neutron.wsgi [None req-a2449651-b10d-4f41-8153-4564d5ea8c95 689ec61660ad44bf9d646b0153d3ab2d 0a7a465ea1854c15919cda22e6524b41 - - default default] 10.0.0.47 "POST /v2.0/networks HTTP/1.1" status: 201 len: 831 time: 0.7043316
2026-03-02 22:30:26.668 9 INFO neutron.plugins.ml2.drivers.ovn.mech_driver.mech_driver [None req-1bacd6f4-064d-49e4-9198-f6b55c310d6c - - - - - -] OVN reports status up for port: a9601170-abb7-4c68-b470-b8b29e39a05a
2026-03-02 22:30:26.677 10 WARNING neutron_lib.context [None req-0737e666-0fc6-48a4-862d-6a778b85271b 689ec61660ad44bf9d646b0153d3ab2d 0a7a465ea1854c15919cda22e6524b41 - - default default] Method 'is_advsvc' is deprecated since 2023.2 release (neutron-lib 3.8.0) and will be removed once support for the old RBAC API policies will be removed from Neutron. Please use method 'is_service_role' instead.
2026-03-02 22:30:26.679 9 INFO neutron.plugins.ml2.drivers.ovn.mech_driver.ovsdb.ovsdb_monitor [None req-43460d1a-036a-4ef1-ba9a-5fdd5324119f - - - - - -] Router 415ecd12-6bda-4a18-808a-af11de3ade97 is bound to host instance
2026-03-02 22:30:26.699 10 INFO neutron.db.ovn_revision_numbers_db [None req-d6d56c4f-2174-4bdc-934c-4557f016047a 6195e1ae26dd4545ad79c346fe9666a7 a6d2f78b96a4433b9cd04218abadbfcd - - default default] Successfully bumped revision number for resource a9601170-abb7-4c68-b470-b8b29e39a05a (type: router_ports) to 1
2026-03-02 22:30:26.699 9 INFO neutron.plugins.ml2.plugin [None req-1bacd6f4-064d-49e4-9198-f6b55c310d6c - - - - - -] Attempt 1 to provision port a9601170-abb7-4c68-b470-b8b29e39a05a
2026-03-02 22:30:26.776 10 INFO neutron.wsgi [req-0916121b-8c13-4ce9-a355-8b1b80d9dd35 req-258cc518-19fa-4aee-b6b1-850218cf8909 bf8e4e329f604559ad9b0d28f360a671 ec09ec1941244bb786589a2657d2c4cd - - default default] 10.0.0.169 "GET /v2.0/ports?device_id=f9d4923e-785a-45fb-aa66-1359f7531e02 HTTP/1.1" status: 200 len: 1174 time: 0.0916917
2026-03-02 22:30:26.834 10 INFO neutron.db.ovn_revision_numbers_db [None req-d6d56c4f-2174-4bdc-934c-4557f016047a 6195e1ae26dd4545ad79c346fe9666a7 a6d2f78b96a4433b9cd04218abadbfcd - - default default] Successfully bumped revision number for resource 415ecd12-6bda-4a18-808a-af11de3ade97 (type: routers) to 2
2026-03-02 22:30:26.853 10 INFO neutron.wsgi [req-0916121b-8c13-4ce9-a355-8b1b80d9dd35 req-67e7aa37-7025-4969-86f8-11c974164e88 bf8e4e329f604559ad9b0d28f360a671 ec09ec1941244bb786589a2657d2c4cd - - default default] 10.0.0.169 "GET /v2.0/security-groups?id=5d7a5716-3609-4596-a8a0-b9b95d174b6b&fields=id&fields=name HTTP/1.1" status: 200 len: 312 time: 0.0694830
2026-03-02 22:30:26.862 10 INFO neutron.wsgi [None req-d6d56c4f-2174-4bdc-934c-4557f016047a 6195e1ae26dd4545ad79c346fe9666a7 a6d2f78b96a4433b9cd04218abadbfcd - - default default] 10.0.0.47 "POST /v2.0/routers HTTP/1.1" status: 201 len: 1164 time: 2.4020858
2026-03-02 22:30:26.924 9 INFO neutron.db.ovn_revision_numbers_db [None req-733e169a-ff66-44e0-9dc0-9b3a64a17ed7 88cf227b274d433f8733306e4380efdd dce0014bb1af4ac190ac3f9fe7dad274 - - default default] Successfully bumped revision number for resource 7b09e2b9-275c-411f-8a5b-73732a786e3a (type: networks) to 1
2026-03-02 22:30:27.168 9 WARNING neutron.scheduler.dhcp_agent_scheduler [None req-733e169a-ff66-44e0-9dc0-9b3a64a17ed7 88cf227b274d433f8733306e4380efdd dce0014bb1af4ac190ac3f9fe7dad274 - - default default] No more DHCP agents
2026-03-02 22:30:27.172 9 WARNING neutron.api.rpc.agentnotifiers.dhcp_rpc_agent_api [None req-733e169a-ff66-44e0-9dc0-9b3a64a17ed7 88cf227b274d433f8733306e4380efdd dce0014bb1af4ac190ac3f9fe7dad274 - - default default] Unable to schedule network 7b09e2b9-275c-411f-8a5b-73732a786e3a: no agents available; will retry on subsequent port and subnet creation events.
2026-03-02 22:30:27.210 10 INFO neutron.wsgi [req-c7e878fc-d514-4af3-8c67-791ccb34c810 req-49bc144e-0360-4b44-8758-3d7710d65f3b bf8e4e329f604559ad9b0d28f360a671 ec09ec1941244bb786589a2657d2c4cd - - default default] 10.0.0.169 "GET /v2.0/ports?device_id=f9d4923e-785a-45fb-aa66-1359f7531e02 HTTP/1.1" status: 200 len: 1174 time: 0.2910783
2026-03-02 22:30:27.299 9 INFO neutron.db.ovn_revision_numbers_db [None req-733e169a-ff66-44e0-9dc0-9b3a64a17ed7 88cf227b274d433f8733306e4380efdd dce0014bb1af4ac190ac3f9fe7dad274 - - default default] Successfully bumped revision number for resource dc023eb0-81ec-4cc3-9a17-b661ac64c3e0 (type: ports) to 1
2026-03-02 22:30:27.312 10 INFO neutron.wsgi [req-c7e878fc-d514-4af3-8c67-791ccb34c810 req-93c1bf3f-ca20-46b9-8109-3fb583fb150b bf8e4e329f604559ad9b0d28f360a671 ec09ec1941244bb786589a2657d2c4cd - - default default] 10.0.0.169 "GET /v2.0/security-groups?id=5d7a5716-3609-4596-a8a0-b9b95d174b6b&fields=id&fields=name HTTP/1.1" status: 200 len: 312 time: 0.0903749
2026-03-02 22:30:27.317 10 WARNING neutron.scheduler.dhcp_agent_scheduler [None req-0737e666-0fc6-48a4-862d-6a778b85271b 689ec61660ad44bf9d646b0153d3ab2d 0a7a465ea1854c15919cda22e6524b41 - - default default] No more DHCP agents
2026-03-02 22:30:27.319 10 WARNING neutron.api.rpc.agentnotifiers.dhcp_rpc_agent_api [None req-0737e666-0fc6-48a4-862d-6a778b85271b 689ec61660ad44bf9d646b0153d3ab2d 0a7a465ea1854c15919cda22e6524b41 - - default default] Unable to schedule network fbef6f66-1202-4efe-800c-2b9fa9823455: no agents available; will retry on subsequent port and subnet creation events.
2026-03-02 22:30:27.338 9 INFO neutron.wsgi [None req-733e169a-ff66-44e0-9dc0-9b3a64a17ed7 88cf227b274d433f8733306e4380efdd dce0014bb1af4ac190ac3f9fe7dad274 - - default default] 10.0.0.47 "POST /v2.0/networks HTTP/1.1" status: 201 len: 831 time: 0.8093421
2026-03-02 22:30:27.348 10 WARNING neutron_lib.context [None req-dd37674f-65cb-4b89-a61b-405ad734b5ac 88cf227b274d433f8733306e4380efdd dce0014bb1af4ac190ac3f9fe7dad274 - - default default] Method 'is_advsvc' is deprecated since 2023.2 release (neutron-lib 3.8.0) and will be removed once support for the old RBAC API policies will be removed from Neutron. Please use method 'is_service_role' instead.
2026-03-02 22:30:27.397 9 INFO neutron.wsgi [None req-86cbdbe5-72c3-43f4-8015-d82312b63452 858b3f3501524075858b2740d1b90535 6f74335acb31423abbfc6f0bd8f96059 - - default default] 10.0.0.47 "GET /v2.0/ports?device_id=f9d4923e-785a-45fb-aa66-1359f7531e02 HTTP/1.1" status: 200 len: 1408 time: 0.0625124
2026-03-02 22:30:27.413 9 WARNING neutron_lib.context [None req-33ea410f-13f4-4aed-be89-ef6e42fce717 bf8e4e329f604559ad9b0d28f360a671 ec09ec1941244bb786589a2657d2c4cd - - default default] Method 'is_advsvc' is deprecated since 2023.2 release (neutron-lib 3.8.0) and will be removed once support for the old RBAC API policies will be removed from Neutron. Please use method 'is_service_role' instead.
2026-03-02 22:30:27.781 9 INFO neutron.db.ovn_revision_numbers_db [None req-43460d1a-036a-4ef1-ba9a-5fdd5324119f - - - - - -] Successfully bumped revision number for resource a9601170-abb7-4c68-b470-b8b29e39a05a (type: ports) to 1
2026-03-02 22:30:27.782 10 WARNING neutron.scheduler.dhcp_agent_scheduler [None req-dd37674f-65cb-4b89-a61b-405ad734b5ac 88cf227b274d433f8733306e4380efdd dce0014bb1af4ac190ac3f9fe7dad274 - - default default] No more DHCP agents
2026-03-02 22:30:27.788 10 WARNING neutron.api.rpc.agentnotifiers.dhcp_rpc_agent_api [None req-dd37674f-65cb-4b89-a61b-405ad734b5ac 88cf227b274d433f8733306e4380efdd dce0014bb1af4ac190ac3f9fe7dad274 - - default default] Unable to schedule network 7b09e2b9-275c-411f-8a5b-73732a786e3a: no agents available; will retry on subsequent port and subnet creation events.
2026-03-02 22:30:27.866 9 WARNING neutron.scheduler.dhcp_agent_scheduler [None req-33ea410f-13f4-4aed-be89-ef6e42fce717 bf8e4e329f604559ad9b0d28f360a671 ec09ec1941244bb786589a2657d2c4cd - - default default] No more DHCP agents
2026-03-02 22:30:27.870 9 WARNING neutron.api.rpc.agentnotifiers.dhcp_rpc_agent_api [None req-33ea410f-13f4-4aed-be89-ef6e42fce717 bf8e4e329f604559ad9b0d28f360a671 ec09ec1941244bb786589a2657d2c4cd - - default default] Unable to schedule network 18fd1d39-8d58-4e81-ba70-1091a48a5800: no agents available; will retry on subsequent port and subnet creation events.
2026-03-02 22:30:28.016 10 WARNING neutron.scheduler.dhcp_agent_scheduler [None req-7a6a2edd-76d5-4237-ad9f-a76e70656447 6195e1ae26dd4545ad79c346fe9666a7 a6d2f78b96a4433b9cd04218abadbfcd - - default default] No more DHCP agents
2026-03-02 22:30:28.020 10 WARNING neutron.api.rpc.agentnotifiers.dhcp_rpc_agent_api [None req-7a6a2edd-76d5-4237-ad9f-a76e70656447 6195e1ae26dd4545ad79c346fe9666a7 a6d2f78b96a4433b9cd04218abadbfcd - - default default] Unable to schedule network ee6a70a9-b0fe-4fc7-b221-716b10fc6df0: no agents available; will retry on subsequent port and subnet creation events.
2026-03-02 22:30:28.285 10 INFO neutron.db.ovn_revision_numbers_db [None req-0737e666-0fc6-48a4-862d-6a778b85271b 689ec61660ad44bf9d646b0153d3ab2d 0a7a465ea1854c15919cda22e6524b41 - - default default] Successfully bumped revision number for resource ccbbddd8-3108-4e85-b5a8-3a441204c044 (type: ports) to 2
2026-03-02 22:30:28.288 10 INFO neutron.db.ovn_revision_numbers_db [None req-7a6a2edd-76d5-4237-ad9f-a76e70656447 6195e1ae26dd4545ad79c346fe9666a7 a6d2f78b96a4433b9cd04218abadbfcd - - default default] Successfully bumped revision number for resource ac529ba9-0180-49ad-a8c0-75d73d79d650 (type: ports) to 1
2026-03-02 22:30:28.359 10 INFO neutron.db.ovn_revision_numbers_db [None req-0737e666-0fc6-48a4-862d-6a778b85271b 689ec61660ad44bf9d646b0153d3ab2d 0a7a465ea1854c15919cda22e6524b41 - - default default] Successfully bumped revision number for resource 5554fc47-834e-4cfb-86d7-87d16a7f318a (type: subnets) to 0
2026-03-02 22:30:28.391 10 INFO neutron.wsgi [None req-0737e666-0fc6-48a4-862d-6a778b85271b 689ec61660ad44bf9d646b0153d3ab2d 0a7a465ea1854c15919cda22e6524b41 - - default default] 10.0.0.47 "POST /v2.0/subnets HTTP/1.1" status: 201 len: 804 time: 1.7197444
2026-03-02 22:30:28.412 10 WARNING neutron_lib.context [None req-69fac942-60bf-4ea3-bd02-b1d003c5a5af 689ec61660ad44bf9d646b0153d3ab2d 0a7a465ea1854c15919cda22e6524b41 - - default default] Method 'is_advsvc' is deprecated since 2023.2 release (neutron-lib 3.8.0) and will be removed once support for the old RBAC API policies will be removed from Neutron. Please use method 'is_service_role' instead.
2026-03-02 22:30:28.548 10 INFO neutron.db.segments_db [None req-69fac942-60bf-4ea3-bd02-b1d003c5a5af 689ec61660ad44bf9d646b0153d3ab2d 0a7a465ea1854c15919cda22e6524b41 - - default default] Added segment b4f3fb02-cefe-4136-8886-ec52ca93797f of type geneve for network 37d52d39-653b-4b94-9747-d46ef848a91f
2026-03-02 22:30:28.742 9 INFO neutron.db.ovn_revision_numbers_db [None req-43460d1a-036a-4ef1-ba9a-5fdd5324119f - - - - - -] Successfully bumped revision number for resource a9601170-abb7-4c68-b470-b8b29e39a05a (type: router_ports) to 3
2026-03-02 22:30:28.999 10 INFO neutron.db.ovn_revision_numbers_db [None req-dd37674f-65cb-4b89-a61b-405ad734b5ac 88cf227b274d433f8733306e4380efdd dce0014bb1af4ac190ac3f9fe7dad274 - - default default] Successfully bumped revision number for resource dc023eb0-81ec-4cc3-9a17-b661ac64c3e0 (type: ports) to 2
2026-03-02 22:30:29.009 10 INFO neutron.db.ovn_revision_numbers_db [None req-69fac942-60bf-4ea3-bd02-b1d003c5a5af 689ec61660ad44bf9d646b0153d3ab2d 0a7a465ea1854c15919cda22e6524b41 - - default default] Successfully bumped revision number for resource 37d52d39-653b-4b94-9747-d46ef848a91f (type: networks) to 1
2026-03-02 22:30:29.063 9 INFO neutron.db.ovn_revision_numbers_db [None req-43460d1a-036a-4ef1-ba9a-5fdd5324119f - - - - - -] Successfully bumped revision number for resource a9601170-abb7-4c68-b470-b8b29e39a05a (type: ports) to 2
2026-03-02 22:30:29.068 10 INFO neutron.db.ovn_revision_numbers_db [None req-dd37674f-65cb-4b89-a61b-405ad734b5ac 88cf227b274d433f8733306e4380efdd dce0014bb1af4ac190ac3f9fe7dad274 - - default default] Successfully bumped revision number for resource 7a9efae5-ffc7-42d0-a87c-558b7cfc4e49 (type: subnets) to 0
2026-03-02 22:30:29.108 10 INFO neutron.wsgi [None req-dd37674f-65cb-4b89-a61b-405ad734b5ac 88cf227b274d433f8733306e4380efdd dce0014bb1af4ac190ac3f9fe7dad274 - - default default] 10.0.0.47 "POST /v2.0/subnets HTTP/1.1" status: 201 len: 804 time: 1.7644846
2026-03-02 22:30:29.122 9 WARNING neutron_lib.context [None req-d6574bca-e4bd-4a3e-b372-a8383df42acf 88cf227b274d433f8733306e4380efdd dce0014bb1af4ac190ac3f9fe7dad274 - - default default] Method 'is_advsvc' is deprecated since 2023.2 release (neutron-lib 3.8.0) and will be removed once support for the old RBAC API policies will be removed from Neutron. Please use method 'is_service_role' instead.
2026-03-02 22:30:29.338 10 WARNING neutron.scheduler.dhcp_agent_scheduler [None req-69fac942-60bf-4ea3-bd02-b1d003c5a5af 689ec61660ad44bf9d646b0153d3ab2d 0a7a465ea1854c15919cda22e6524b41 - - default default] No more DHCP agents
2026-03-02 22:30:29.342 10 WARNING neutron.api.rpc.agentnotifiers.dhcp_rpc_agent_api [None req-69fac942-60bf-4ea3-bd02-b1d003c5a5af 689ec61660ad44bf9d646b0153d3ab2d 0a7a465ea1854c15919cda22e6524b41 - - default default] Unable to schedule network 37d52d39-653b-4b94-9747-d46ef848a91f: no agents available; will retry on subsequent port and subnet creation events.
2026-03-02 22:30:29.345 10 ERROR ovsdbapp.backend.ovs_idl.command [None req-7a6a2edd-76d5-4237-ad9f-a76e70656447 6195e1ae26dd4545ad79c346fe9666a7 a6d2f78b96a4433b9cd04218abadbfcd - - default default] Error executing command (DbGetCommand): ovsdbapp.backend.ovs_idl.idlutils.RowNotFound: Cannot find Logical_Router_Port with name=lrp-ac529ba9-0180-49ad-a8c0-75d73d79d650
2026-03-02 22:30:29.345 10 ERROR ovsdbapp.backend.ovs_idl.command
Traceback (most recent call last):
2026-03-02 22:30:29.345 10 ERROR ovsdbapp.backend.ovs_idl.command
File "/var/lib/openstack/lib/python3.10/site-packages/ovsdbapp/backend/ovs_idl/command.py", line 47, in execute
2026-03-02 22:30:29.345 10 ERROR ovsdbapp.backend.ovs_idl.command self.run_idl(None)
2026-03-02 22:30:29.345 10 ERROR ovsdbapp.backend.ovs_idl.command
File "/var/lib/openstack/lib/python3.10/site-packages/ovsdbapp/backend/ovs_idl/command.py", line 235, in run_idl
2026-03-02 22:30:29.345 10 ERROR ovsdbapp.backend.ovs_idl.command record = self.api.lookup(self.table, self.record)
2026-03-02 22:30:29.345 10 ERROR ovsdbapp.backend.ovs_idl.command
File "/var/lib/openstack/lib/python3.10/site-packages/ovsdbapp/backend/ovs_idl/__init__.py", line 184, in lookup
2026-03-02 22:30:29.345 10 ERROR ovsdbapp.backend.ovs_idl.command return self._lookup(table, record)
2026-03-02 22:30:29.345 10 ERROR ovsdbapp.backend.ovs_idl.command
File "/var/lib/openstack/lib/python3.10/site-packages/ovsdbapp/backend/ovs_idl/__init__.py", line 235, in _lookup
2026-03-02 22:30:29.345 10 ERROR ovsdbapp.backend.ovs_idl.command row = idlutils.row_by_value(self, rl.table, rl.column, record)
2026-03-02 22:30:29.345 10 ERROR ovsdbapp.backend.ovs_idl.command
File "/var/lib/openstack/lib/python3.10/site-packages/ovsdbapp/backend/ovs_idl/idlutils.py", line 114, in row_by_value
2026-03-02 22:30:29.345 10 ERROR ovsdbapp.backend.ovs_idl.command raise RowNotFound(table=table, col=column, match=match)
2026-03-02 22:30:29.345 10 ERROR ovsdbapp.backend.ovs_idl.command ovsdbapp.backend.ovs_idl.idlutils.RowNotFound: Cannot find Logical_Router_Port with name=lrp-ac529ba9-0180-49ad-a8c0-75d73d79d650
2026-03-02 22:30:29.345 10 ERROR ovsdbapp.backend.ovs_idl.command 
2026-03-02 22:30:29.346 10 ERROR neutron_lib.callbacks.manager [None req-7a6a2edd-76d5-4237-ad9f-a76e70656447 6195e1ae26dd4545ad79c346fe9666a7 a6d2f78b96a4433b9cd04218abadbfcd - - default default] Error during notification for neutron.services.ovn_l3.plugin.OVNL3RouterPlugin._port_update-8771042332399 port, after_update: ovsdbapp.backend.ovs_idl.idlutils.RowNotFound: Cannot find Logical_Router_Port with name=lrp-ac529ba9-0180-49ad-a8c0-75d73d79d650
2026-03-02 22:30:29.346 10 ERROR neutron_lib.callbacks.manager
Traceback (most recent call last):
2026-03-02 22:30:29.346 10 ERROR neutron_lib.callbacks.manager
File "/var/lib/openstack/lib/python3.10/site-packages/neutron_lib/callbacks/manager.py", line 189, in _notify_loop
2026-03-02 22:30:29.346 10 ERROR neutron_lib.callbacks.manager callback.method(resource, event, trigger, payload=payload)
2026-03-02 22:30:29.346 10 ERROR neutron_lib.callbacks.manager
File "/var/lib/openstack/lib/python3.10/site-packages/neutron/services/ovn_l3/plugin.py", line 391, in _port_update
2026-03-02 22:30:29.346 10 ERROR neutron_lib.callbacks.manager l3plugin._ovn_client.update_router_port(context,
2026-03-02 22:30:29.346 10 ERROR neutron_lib.callbacks.manager
File "/var/lib/openstack/lib/python3.10/site-packages/neutron/plugins/ml2/drivers/ovn/mech_driver/ovsdb/ovn_client.py", line 1878, in update_router_port
2026-03-02 22:30:29.346 10 ERROR neutron_lib.callbacks.manager self._update_lrouter_port(context, port, if_exists=if_exists,
2026-03-02 22:30:29.346 10 ERROR neutron_lib.callbacks.manager
File "/var/lib/openstack/lib/python3.10/site-packages/neutron/plugins/ml2/drivers/ovn/mech_driver/ovsdb/ovn_client.py", line 1855, in _update_lrouter_port
2026-03-02 22:30:29.346 10 ERROR neutron_lib.callbacks.manager external_ids = self._nb_idl.db_get(
2026-03-02 22:30:29.346 10 ERROR neutron_lib.callbacks.manager
File "/var/lib/openstack/lib/python3.10/site-packages/ovsdbapp/backend/ovs_idl/command.py", line 47, in execute
2026-03-02 22:30:29.346 10 ERROR neutron_lib.callbacks.manager self.run_idl(None)
2026-03-02 22:30:29.346 10 ERROR neutron_lib.callbacks.manager
File "/var/lib/openstack/lib/python3.10/site-packages/ovsdbapp/backend/ovs_idl/command.py", line 235, in run_idl
2026-03-02 22:30:29.346 10 ERROR neutron_lib.callbacks.manager record = self.api.lookup(self.table, self.record)
2026-03-02 22:30:29.346 10 ERROR neutron_lib.callbacks.manager
File "/var/lib/openstack/lib/python3.10/site-packages/ovsdbapp/backend/ovs_idl/__init__.py", line 184, in lookup
2026-03-02 22:30:29.346 10 ERROR neutron_lib.callbacks.manager return self._lookup(table, record)
2026-03-02 22:30:29.346 10 ERROR neutron_lib.callbacks.manager
File "/var/lib/openstack/lib/python3.10/site-packages/ovsdbapp/backend/ovs_idl/__init__.py", line 235, in _lookup
2026-03-02 22:30:29.346 10 ERROR neutron_lib.callbacks.manager row = idlutils.row_by_value(self, rl.table, rl.column, record)
2026-03-02 22:30:29.346 10 ERROR neutron_lib.callbacks.manager
File "/var/lib/openstack/lib/python3.10/site-packages/ovsdbapp/backend/ovs_idl/idlutils.py", line 114, in row_by_value
2026-03-02 22:30:29.346 10 ERROR neutron_lib.callbacks.manager raise RowNotFound(table=table, col=column, match=match)
2026-03-02 22:30:29.346 10 ERROR neutron_lib.callbacks.manager ovsdbapp.backend.ovs_idl.idlutils.RowNotFound: Cannot find Logical_Router_Port with name=lrp-ac529ba9-0180-49ad-a8c0-75d73d79d650
2026-03-02 22:30:29.346 10 ERROR neutron_lib.callbacks.manager 
2026-03-02 22:30:29.457 10 INFO neutron.db.ovn_revision_numbers_db [None req-69fac942-60bf-4ea3-bd02-b1d003c5a5af 689ec61660ad44bf9d646b0153d3ab2d 0a7a465ea1854c15919cda22e6524b41 - - default default] Successfully bumped revision number for resource 81479e6f-442b-49d0-bed9-d8c666fcfd6f (type: ports) to 1
2026-03-02 22:30:29.486 10 INFO neutron.wsgi [None req-69fac942-60bf-4ea3-bd02-b1d003c5a5af 689ec61660ad44bf9d646b0153d3ab2d 0a7a465ea1854c15919cda22e6524b41 - - default default] 10.0.0.47 "POST /v2.0/networks HTTP/1.1" status: 201 len: 830 time: 1.0789807 /var/lib/openstack/lib/python3.10/site-packages/pycadf/identifier.py:71: UserWarning: Invalid uuid: neutron. To ensure interoperability, identifiers should be a valid uuid. warnings.warn(('Invalid uuid: %s. To ensure interoperability, '
2026-03-02 22:30:29.495 10 WARNING neutron_lib.context [None req-28085671-dc8a-4bd6-96ee-253c5bca4fd0 689ec61660ad44bf9d646b0153d3ab2d 0a7a465ea1854c15919cda22e6524b41 - - default default] Method 'is_advsvc' is deprecated since 2023.2 release (neutron-lib 3.8.0) and will be removed once support for the old RBAC API policies will be removed from Neutron. Please use method 'is_service_role' instead.
2026-03-02 22:30:29.503 9 INFO neutron.db.ovn_revision_numbers_db [None req-33ea410f-13f4-4aed-be89-ef6e42fce717 bf8e4e329f604559ad9b0d28f360a671 ec09ec1941244bb786589a2657d2c4cd - - default default] Successfully bumped revision number for resource 90e128bd-3cef-453c-a342-89db9b08101c (type: floatingips) to -1
2026-03-02 22:30:29.655 10 INFO neutron.db.ovn_revision_numbers_db [None req-7a6a2edd-76d5-4237-ad9f-a76e70656447 6195e1ae26dd4545ad79c346fe9666a7 a6d2f78b96a4433b9cd04218abadbfcd - - default default] Successfully bumped revision number for resource ac529ba9-0180-49ad-a8c0-75d73d79d650 (type: ports) to 1
2026-03-02 22:30:29.691 9 INFO neutron.plugins.ml2.drivers.ovn.mech_driver.mech_driver [None req-1bacd6f4-064d-49e4-9198-f6b55c310d6c - - - - - -] OVN reports status up for port: ac529ba9-0180-49ad-a8c0-75d73d79d650
2026-03-02 22:30:29.708 9 INFO neutron.plugins.ml2.plugin [None req-1bacd6f4-064d-49e4-9198-f6b55c310d6c - - - - - -] Attempt 1 to provision port ac529ba9-0180-49ad-a8c0-75d73d79d650
2026-03-02 22:30:29.740 10 WARNING neutron.scheduler.dhcp_agent_scheduler [None req-7a6a2edd-76d5-4237-ad9f-a76e70656447 6195e1ae26dd4545ad79c346fe9666a7 a6d2f78b96a4433b9cd04218abadbfcd - - default default] No more DHCP agents
2026-03-02 22:30:29.742 10 WARNING neutron.api.rpc.agentnotifiers.dhcp_rpc_agent_api [None req-7a6a2edd-76d5-4237-ad9f-a76e70656447 6195e1ae26dd4545ad79c346fe9666a7 a6d2f78b96a4433b9cd04218abadbfcd - - default default] Unable to schedule network ee6a70a9-b0fe-4fc7-b221-716b10fc6df0: no agents available; will retry on subsequent port and subnet creation events.
2026-03-02 22:30:29.784 10 WARNING neutron.scheduler.dhcp_agent_scheduler [None req-28085671-dc8a-4bd6-96ee-253c5bca4fd0 689ec61660ad44bf9d646b0153d3ab2d 0a7a465ea1854c15919cda22e6524b41 - - default default] No more DHCP agents
2026-03-02 22:30:29.801 10 WARNING neutron.api.rpc.agentnotifiers.dhcp_rpc_agent_api [None req-28085671-dc8a-4bd6-96ee-253c5bca4fd0 689ec61660ad44bf9d646b0153d3ab2d 0a7a465ea1854c15919cda22e6524b41 - - default default] Unable to schedule network 37d52d39-653b-4b94-9747-d46ef848a91f: no agents available; will retry on subsequent port and subnet creation events.
2026-03-02 22:30:29.860 9 INFO neutron.db.ovn_revision_numbers_db [None req-33ea410f-13f4-4aed-be89-ef6e42fce717 bf8e4e329f604559ad9b0d28f360a671 ec09ec1941244bb786589a2657d2c4cd - - default default] Successfully bumped revision number for resource 90e128bd-3cef-453c-a342-89db9b08101c (type: floatingips) to 1
2026-03-02 22:30:29.860 9 INFO neutron.db.l3_db [None req-33ea410f-13f4-4aed-be89-ef6e42fce717 bf8e4e329f604559ad9b0d28f360a671 ec09ec1941244bb786589a2657d2c4cd - - default default] Floating IP 90e128bd-3cef-453c-a342-89db9b08101c associated. External IP: 10.96.250.209, port: 62643af4-7836-4700-ab66-11eb1216c042.
2026-03-02 22:30:29.999 9 INFO neutron.wsgi [None req-33ea410f-13f4-4aed-be89-ef6e42fce717 bf8e4e329f604559ad9b0d28f360a671 ec09ec1941244bb786589a2657d2c4cd - - default default] 10.0.0.47 "POST /v2.0/floatingips HTTP/1.1" status: 201 len: 1055 time: 2.5925987
2026-03-02 22:30:30.053 9 INFO neutron.notifiers.nova [-] Nova event matching ['req-ea70d79d-2426-4d65-bdbf-7d76af9e9060'] response: {'name': 'network-changed', 'server_uuid': 'f9d4923e-785a-45fb-aa66-1359f7531e02', 'tag': '62643af4-7836-4700-ab66-11eb1216c042', 'status': 'completed', 'code': 200}
2026-03-02 22:30:30.109 10 INFO neutron.wsgi [None req-e42a98a9-9f78-4cf8-b45f-2816d212b464 bf8e4e329f604559ad9b0d28f360a671 ec09ec1941244bb786589a2657d2c4cd - - default default] 10.0.0.47 "GET /v2.0/floatingips/90e128bd-3cef-453c-a342-89db9b08101c HTTP/1.1" status: 200 len: 1052 time: 0.0971591
2026-03-02 22:30:30.157 9 INFO neutron.wsgi [req-784afeaf-0e3a-4b43-bd46-5740f463011e req-d8c51c90-0a10-4c3f-a18a-927cb5796e13 b7dc578550d64fb3bc4bc791034c51e6 0a749a959f714a51bd52649e2ab05997 - - 6db9dc8d0b9c40f4b7b92e967ac96eb1 6db9dc8d0b9c40f4b7b92e967ac96eb1] 199.19.213.23 "GET /v2.0/ports?tenant_id=ec09ec1941244bb786589a2657d2c4cd&device_id=f9d4923e-785a-45fb-aa66-1359f7531e02 HTTP/1.1" status: 200 len: 1413 time: 0.0934691
2026-03-02 22:30:30.202 9 INFO neutron.db.ovn_revision_numbers_db [None req-43460d1a-036a-4ef1-ba9a-5fdd5324119f - - - - - -] Successfully bumped revision number for resource a9601170-abb7-4c68-b470-b8b29e39a05a (type: ports) to 4
2026-03-02 22:30:30.300 9 INFO neutron.wsgi [req-784afeaf-0e3a-4b43-bd46-5740f463011e req-b2746b7e-e842-4746-a424-520aa4b88cbc b7dc578550d64fb3bc4bc791034c51e6 0a749a959f714a51bd52649e2ab05997 - - 6db9dc8d0b9c40f4b7b92e967ac96eb1 6db9dc8d0b9c40f4b7b92e967ac96eb1] 199.19.213.23 "GET /v2.0/networks?id=f2258961-c062-44aa-bb70-569f55b45de1 HTTP/1.1" status: 200 len: 959 time: 0.1368198
2026-03-02 22:30:30.683 9 INFO neutron.wsgi [req-784afeaf-0e3a-4b43-bd46-5740f463011e req-59300c2d-e4c7-4ffd-a237-af9380de3642 b7dc578550d64fb3bc4bc791034c51e6 0a749a959f714a51bd52649e2ab05997 - - 6db9dc8d0b9c40f4b7b92e967ac96eb1 6db9dc8d0b9c40f4b7b92e967ac96eb1] 199.19.213.23 "GET /v2.0/floatingips?fixed_ip_address=10.100.0.10&port_id=62643af4-7836-4700-ab66-11eb1216c042 HTTP/1.1" status: 200 len: 1060 time: 0.3706896
2026-03-02 22:30:30.759 9 WARNING neutron.scheduler.dhcp_agent_scheduler [None req-d6574bca-e4bd-4a3e-b372-a8383df42acf 88cf227b274d433f8733306e4380efdd dce0014bb1af4ac190ac3f9fe7dad274 - - default default] No more DHCP agents
2026-03-02 22:30:30.764 9 WARNING neutron.api.rpc.agentnotifiers.dhcp_rpc_agent_api [None req-d6574bca-e4bd-4a3e-b372-a8383df42acf 88cf227b274d433f8733306e4380efdd dce0014bb1af4ac190ac3f9fe7dad274 - - default default] Unable to schedule network 18fd1d39-8d58-4e81-ba70-1091a48a5800: no agents available; will retry on subsequent port and subnet creation events.
2026-03-02 22:30:30.820 9 INFO neutron.wsgi [req-784afeaf-0e3a-4b43-bd46-5740f463011e req-20d692a2-1209-496f-8e58-8c91d7b9c2b2 b7dc578550d64fb3bc4bc791034c51e6 0a749a959f714a51bd52649e2ab05997 - - 6db9dc8d0b9c40f4b7b92e967ac96eb1 6db9dc8d0b9c40f4b7b92e967ac96eb1] 199.19.213.23 "GET /v2.0/subnets?id=d535378b-bdf0-4537-9504-8df46f6762ab HTTP/1.1" status: 200 len: 852 time: 0.0860574
2026-03-02 22:30:30.820 10 INFO neutron.db.ovn_revision_numbers_db [None req-28085671-dc8a-4bd6-96ee-253c5bca4fd0 689ec61660ad44bf9d646b0153d3ab2d 0a7a465ea1854c15919cda22e6524b41 - - default default] Successfully bumped revision number for resource 81479e6f-442b-49d0-bed9-d8c666fcfd6f (type: ports) to 2
2026-03-02 22:30:30.871 9 INFO neutron.wsgi [req-784afeaf-0e3a-4b43-bd46-5740f463011e req-e13768cf-ca17-4dec-9dc0-97c525c26003 b7dc578550d64fb3bc4bc791034c51e6 0a749a959f714a51bd52649e2ab05997 - - 6db9dc8d0b9c40f4b7b92e967ac96eb1 6db9dc8d0b9c40f4b7b92e967ac96eb1] 199.19.213.23 "GET /v2.0/ports?network_id=f2258961-c062-44aa-bb70-569f55b45de1&device_owner=network%3Adhcp HTTP/1.1" status: 200 len: 210 time: 0.0400198
2026-03-02 22:30:30.883 10 INFO neutron.db.ovn_revision_numbers_db [None req-28085671-dc8a-4bd6-96ee-253c5bca4fd0 689ec61660ad44bf9d646b0153d3ab2d 0a7a465ea1854c15919cda22e6524b41 - - default default] Successfully bumped revision number for resource 4180017e-91cf-4ca0-b1ff-85a3e9b60565 (type: subnets) to 0
2026-03-02 22:30:30.917 10 INFO neutron.wsgi [None req-28085671-dc8a-4bd6-96ee-253c5bca4fd0 689ec61660ad44bf9d646b0153d3ab2d 0a7a465ea1854c15919cda22e6524b41 - - default default] 10.0.0.47 "POST /v2.0/subnets HTTP/1.1" status: 201 len: 804 time: 1.4268227
2026-03-02 22:30:31.003 10 INFO neutron.wsgi [None req-c6ba08cc-35ea-4ba4-b95c-38986a9fabcb 689ec61660ad44bf9d646b0153d3ab2d 0a7a465ea1854c15919cda22e6524b41 - - default default] 10.0.0.47 "PUT /v2.0/subnets/c0a2bb9a-b4e2-48e3-8ed6-4c3ef3f76faf/tags HTTP/1.1" status: 200 len: 210 time: 0.0808580
2026-03-02 22:30:31.005 9 INFO neutron.wsgi [req-784afeaf-0e3a-4b43-bd46-5740f463011e req-69d26a2f-fa30-468c-9451-f6aba1dadf31 b7dc578550d64fb3bc4bc791034c51e6 0a749a959f714a51bd52649e2ab05997 - - 6db9dc8d0b9c40f4b7b92e967ac96eb1 6db9dc8d0b9c40f4b7b92e967ac96eb1] 199.19.213.23 "GET /v2.0/networks/f2258961-c062-44aa-bb70-569f55b45de1?fields=segments HTTP/1.1" status: 200 len: 212 time: 0.1276150
2026-03-02 22:30:31.033 9 INFO neutron.db.ovn_revision_numbers_db [None req-1bacd6f4-064d-49e4-9198-f6b55c310d6c - - - - - -] Successfully bumped revision number for resource ac529ba9-0180-49ad-a8c0-75d73d79d650 (type: ports) to 2
2026-03-02 22:30:31.080 10 INFO neutron.wsgi [None req-edff0aad-9674-4cea-a674-f011f1906c7e 689ec61660ad44bf9d646b0153d3ab2d 0a7a465ea1854c15919cda22e6524b41 - - default default] 10.0.0.47 "PUT /v2.0/subnets/7f609435-9c4a-49be-835d-a5e0bc1cdfcb/tags HTTP/1.1" status: 200 len: 218 time: 0.0620215
2026-03-02 22:30:31.101 9 INFO neutron.db.ovn_revision_numbers_db [None req-43460d1a-036a-4ef1-ba9a-5fdd5324119f - - - - - -] Successfully bumped revision number for resource a9601170-abb7-4c68-b470-b8b29e39a05a (type: router_ports) to 4
2026-03-02 22:30:31.150 10 INFO neutron.db.ovn_revision_numbers_db [None req-7a6a2edd-76d5-4237-ad9f-a76e70656447 6195e1ae26dd4545ad79c346fe9666a7 a6d2f78b96a4433b9cd04218abadbfcd - - default default] Successfully bumped revision number for resource ac529ba9-0180-49ad-a8c0-75d73d79d650 (type: router_ports) to 1
2026-03-02 22:30:31.155 10 INFO neutron.wsgi [None req-7a6a2edd-76d5-4237-ad9f-a76e70656447 6195e1ae26dd4545ad79c346fe9666a7 a6d2f78b96a4433b9cd04218abadbfcd - - default default] 10.0.0.47 "PUT /v2.0/routers/415ecd12-6bda-4a18-808a-af11de3ade97/add_router_interface HTTP/1.1" status: 200 len: 503 time: 4.2731643
2026-03-02 22:30:31.161 10 INFO neutron.wsgi [None req-a7c16295-a00b-4581-81ff-543862d2c4b9 689ec61660ad44bf9d646b0153d3ab2d 0a7a465ea1854c15919cda22e6524b41 - - default default] 10.0.0.47 "PUT /v2.0/subnets/0d6280d9-2f09-407a-ae4d-a87f34465640/tags HTTP/1.1" status: 200 len: 227 time: 0.0766661
2026-03-02 22:30:31.179 9 INFO neutron.wsgi [req-784afeaf-0e3a-4b43-bd46-5740f463011e req-3e715041-4680-48c1-894e-c6a52c57b0d8 b7dc578550d64fb3bc4bc791034c51e6 0a749a959f714a51bd52649e2ab05997 - - 6db9dc8d0b9c40f4b7b92e967ac96eb1 6db9dc8d0b9c40f4b7b92e967ac96eb1] 199.19.213.23 "GET /v2.0/networks/f2258961-c062-44aa-bb70-569f55b45de1?fields=provider%3Aphysical_network&fields=provider%3Anetwork_type HTTP/1.1" status: 200 len: 277 time: 0.1642854
2026-03-02 22:30:31.211 9 INFO neutron.db.ovn_revision_numbers_db [None req-d6574bca-e4bd-4a3e-b372-a8383df42acf 88cf227b274d433f8733306e4380efdd dce0014bb1af4ac190ac3f9fe7dad274 - - default default] Successfully bumped revision number for resource 6f4c2b1a-f562-41e5-8f82-5d00340778c7 (type: ports) to 1
2026-03-02 22:30:31.215 10 INFO neutron.wsgi [None req-548cfd3d-d9be-4ee3-9244-6e6b602e8a86 689ec61660ad44bf9d646b0153d3ab2d 0a7a465ea1854c15919cda22e6524b41 - - default default] 10.0.0.47 "PUT /v2.0/subnets/5554fc47-834e-4cfb-86d7-87d16a7f318a/tags HTTP/1.1" status: 200 len: 212 time: 0.0491946
2026-03-02 22:30:31.287 9 INFO neutron.db.ovn_revision_numbers_db [None req-1bacd6f4-064d-49e4-9198-f6b55c310d6c - - - - - -] Successfully bumped revision number for resource ac529ba9-0180-49ad-a8c0-75d73d79d650 (type: router_ports) to 2
2026-03-02 22:30:31.292 10 INFO neutron.wsgi [None req-6ea35afb-2175-4c37-8564-c28cc5303ebf 689ec61660ad44bf9d646b0153d3ab2d 0a7a465ea1854c15919cda22e6524b41 - - default default] 10.0.0.47 "GET /v2.0/subnets?tags=red HTTP/1.1" status: 200 len: 2027 time: 0.0673416
2026-03-02 22:30:31.349 10 INFO neutron.wsgi [None req-1ddb1e37-1165-4032-ad9b-4c8ce45c0619 689ec61660ad44bf9d646b0153d3ab2d 0a7a465ea1854c15919cda22e6524b41 - - default default] 10.0.0.47 "GET /v2.0/subnets?tags=red%2Cblue HTTP/1.1" status: 200 len: 1430 time: 0.0510063
2026-03-02 22:30:31.408 10 INFO neutron.wsgi [None req-4e7f665c-bf0a-46c0-9ab3-6e2bc7a5dd8b 689ec61660ad44bf9d646b0153d3ab2d 0a7a465ea1854c15919cda22e6524b41 - - default default] 10.0.0.47 "GET /v2.0/subnets?tags-any=blue HTTP/1.1" status: 200 len: 1430 time: 0.0527244
2026-03-02 22:30:31.456 10 INFO neutron.wsgi [None req-f982f297-88a6-464a-82bc-3d17e7c7c9b1 689ec61660ad44bf9d646b0153d3ab2d 0a7a465ea1854c15919cda22e6524b41 - - default default] 10.0.0.47 "GET /v2.0/subnets?tags-any=red%2Cblue HTTP/1.1" status: 200 len: 2027 time: 0.0430322
2026-03-02 22:30:31.530 10 INFO neutron.wsgi [None req-7f0444ca-7dd0-4a83-98b4-de847fc1d4fd 689ec61660ad44bf9d646b0153d3ab2d 0a7a465ea1854c15919cda22e6524b41 - - default default] 10.0.0.47 "GET /v2.0/subnets?not-tags=red HTTP/1.1" status: 200 len: 2018 time: 0.0670233
2026-03-02 22:30:31.612 10 INFO neutron.wsgi [None req-f57a6758-d33f-4715-bec8-040c8b1bdcd2 689ec61660ad44bf9d646b0153d3ab2d 0a7a465ea1854c15919cda22e6524b41 - - default default] 10.0.0.47 "GET /v2.0/subnets?not-tags=red%2Cblue HTTP/1.1" status: 200 len: 2615 time: 0.0784276
2026-03-02 22:30:31.681 10 INFO neutron.wsgi [None req-3fd237f4-6aa2-4dea-9e86-c05356917d2b 689ec61660ad44bf9d646b0153d3ab2d 0a7a465ea1854c15919cda22e6524b41 - - default default] 10.0.0.47 "GET /v2.0/subnets?not-tags-any=blue HTTP/1.1" status: 200 len: 2615 time: 0.0626967
2026-03-02 22:30:31.722 10 INFO neutron.wsgi [None req-ebd2d249-b4ad-4c1d-bd92-706e28e636b8 689ec61660ad44bf9d646b0153d3ab2d 0a7a465ea1854c15919cda22e6524b41 - - default default] 10.0.0.47 "GET /v2.0/subnets?not-tags-any=red%2Cblue HTTP/1.1" status: 200 len: 2018 time: 0.0366585
2026-03-02 22:30:31.868 10 INFO neutron.wsgi [-] 10.0.0.44 "GET / HTTP/1.1" status: 200 len: 247 time: 0.0031700
2026-03-02 22:30:31.871 10 INFO neutron.wsgi [-] 10.0.0.44 "GET / HTTP/1.1" status: 200 len: 247 time: 0.0019951
2026-03-02 22:30:32.053 9 INFO neutron.wsgi [None req-64bb64b4-c484-45ca-90e8-5b2c74d8eb57 689ec61660ad44bf9d646b0153d3ab2d 0a7a465ea1854c15919cda22e6524b41 - - default default] 10.0.0.47 "DELETE /v2.0/subnets/c0a2bb9a-b4e2-48e3-8ed6-4c3ef3f76faf HTTP/1.1" status: 204 len: 168 time: 0.3214922
2026-03-02 22:30:32.269 9 INFO neutron.plugins.ml2.drivers.ovn.mech_driver.ovsdb.commands [None req-ca4ccb4b-b582-44bc-aa67-f8028d8602ba - - - - - -] Schedule LRP lrp-6f4c2b1a-f562-41e5-8f82-5d00340778c7 on gateway 7351793c-a468-4dbe-94d0-8d221358f5bc with priority 1
2026-03-02 22:30:32.281 10 INFO neutron.plugins.ml2.drivers.ovn.mech_driver.mech_driver [None req-ab6bebf8-81d7-4154-9122-b25a1953607a - - - - - -] OVN reports status up for port: 6f4c2b1a-f562-41e5-8f82-5d00340778c7
2026-03-02 22:30:32.298 10 INFO neutron.plugins.ml2.plugin [None req-ab6bebf8-81d7-4154-9122-b25a1953607a - - - - - -] Attempt 1 to provision port 6f4c2b1a-f562-41e5-8f82-5d00340778c7
2026-03-02 22:30:32.321 9 INFO neutron.db.ovn_revision_numbers_db [None req-d6574bca-e4bd-4a3e-b372-a8383df42acf 88cf227b274d433f8733306e4380efdd dce0014bb1af4ac190ac3f9fe7dad274 - - default default] Successfully bumped revision number for resource 6f4c2b1a-f562-41e5-8f82-5d00340778c7 (type: router_ports) to 1
2026-03-02 22:30:32.323 10 INFO neutron.wsgi [None req-5f3298d3-53d6-4437-b5c2-9057a83a73cd 689ec61660ad44bf9d646b0153d3ab2d 0a7a465ea1854c15919cda22e6524b41 - - default default] 10.0.0.47 "DELETE /v2.0/subnets/7f609435-9c4a-49be-835d-a5e0bc1cdfcb HTTP/1.1" status: 204 len: 168 time: 0.2664528
2026-03-02 22:30:32.379 10 INFO neutron.db.ovn_revision_numbers_db [None req-ad5eab66-b4ed-446b-b2db-e36e3a34f1e2 6195e1ae26dd4545ad79c346fe9666a7 a6d2f78b96a4433b9cd04218abadbfcd - - default default] Successfully bumped revision number for resource e071fa29-1185-432e-8943-c16c4922be37 (type: security_groups) to 1
2026-03-02 22:30:32.402 9 INFO neutron.db.ovn_revision_numbers_db [None req-d6574bca-e4bd-4a3e-b372-a8383df42acf 88cf227b274d433f8733306e4380efdd dce0014bb1af4ac190ac3f9fe7dad274 - - default default] Successfully bumped revision number for resource f5721654-36ec-4da9-8a2e-9e00f28abd3b (type: routers) to 2
2026-03-02 22:30:32.411 10 INFO neutron.db.ovn_revision_numbers_db [None req-ad5eab66-b4ed-446b-b2db-e36e3a34f1e2 6195e1ae26dd4545ad79c346fe9666a7 a6d2f78b96a4433b9cd04218abadbfcd - - default default] Successfully bumped revision number for resource 6a4308fe-4693-468b-b735-f02e25babddf (type: security_group_rules) to 0
2026-03-02 22:30:32.418 9 INFO neutron.wsgi [None req-d6574bca-e4bd-4a3e-b372-a8383df42acf 88cf227b274d433f8733306e4380efdd dce0014bb1af4ac190ac3f9fe7dad274 - - default default] 10.0.0.47 "POST /v2.0/routers HTTP/1.1" status: 201 len: 1135 time: 3.3044398
2026-03-02 22:30:32.432 10 INFO neutron.db.ovn_revision_numbers_db [None req-ad5eab66-b4ed-446b-b2db-e36e3a34f1e2 6195e1ae26dd4545ad79c346fe9666a7 a6d2f78b96a4433b9cd04218abadbfcd - - default default] Successfully bumped revision number for resource 89d3aa17-1cbc-4349-9bfd-f89643fbe7c6 (type: security_group_rules) to 0
2026-03-02 22:30:32.452 10 INFO neutron.db.ovn_revision_numbers_db [None req-ad5eab66-b4ed-446b-b2db-e36e3a34f1e2 6195e1ae26dd4545ad79c346fe9666a7 a6d2f78b96a4433b9cd04218abadbfcd - - default default] Successfully bumped revision number for resource c06ad536-f9da-410b-a99a-f9b58dedc6ac (type: security_group_rules) to 0
2026-03-02 22:30:32.468 10 INFO neutron.db.ovn_revision_numbers_db [None req-ad5eab66-b4ed-446b-b2db-e36e3a34f1e2 6195e1ae26dd4545ad79c346fe9666a7 a6d2f78b96a4433b9cd04218abadbfcd - - default default] Successfully bumped revision number for resource fe0ea925-3794-4759-98ae-6a169b6205ea (type: security_group_rules) to 0
2026-03-02 22:30:32.528 10 INFO neutron.db.segments_db [None req-ad5eab66-b4ed-446b-b2db-e36e3a34f1e2 6195e1ae26dd4545ad79c346fe9666a7 a6d2f78b96a4433b9cd04218abadbfcd - - default default] Added segment df2eaea9-a134-4d44-9006-29cb405b855f of type geneve for network 71b72ec4-a993-495a-8067-80c96ef8ed82
2026-03-02 22:30:32.575 10 INFO neutron.wsgi [None req-cdfef40a-d068-4750-b570-82cf6b303710 689ec61660ad44bf9d646b0153d3ab2d 0a7a465ea1854c15919cda22e6524b41 - - default default] 10.0.0.47 "DELETE /v2.0/subnets/0d6280d9-2f09-407a-ae4d-a87f34465640 HTTP/1.1" status: 204 len: 168 time: 0.2429750
2026-03-02 22:30:32.654 15 INFO neutron.plugins.ml2.drivers.ovn.mech_driver.ovsdb.maintenance [None req-6bca66f4-45c3-484a-90b9-67d04ba05afd - - - - - -] Maintenance task: Synchronization completed (took 1.58 seconds)
2026-03-02 22:30:32.679 10 INFO neutron.db.ovn_revision_numbers_db [None req-ad5eab66-b4ed-446b-b2db-e36e3a34f1e2 6195e1ae26dd4545ad79c346fe9666a7 a6d2f78b96a4433b9cd04218abadbfcd - - default default] Successfully bumped revision number for resource 71b72ec4-a993-495a-8067-80c96ef8ed82 (type: networks) to 1
2026-03-02 22:30:32.845 9 INFO neutron.wsgi [None req-5c7c8d0c-7b34-4229-9ed7-4de4b2d5d8be 689ec61660ad44bf9d646b0153d3ab2d 0a7a465ea1854c15919cda22e6524b41 - - default default] 10.0.0.47 "DELETE /v2.0/subnets/5554fc47-834e-4cfb-86d7-87d16a7f318a HTTP/1.1" status: 204 len: 168 time: 0.2640829
