2026-03-02 22:30:11.889 10 ERROR ovsdbapp.backend.ovs_idl.command
File "/var/lib/openstack/lib/python3.10/site-packages/ovsdbapp/backend/ovs_idl/idlutils.py", line 114, in row_by_value
2026-03-02 22:30:11.889 10 ERROR ovsdbapp.backend.ovs_idl.command raise RowNotFound(table=table, col=column, match=match)
2026-03-02 22:30:11.889 10 ERROR ovsdbapp.backend.ovs_idl.command ovsdbapp.backend.ovs_idl.idlutils.RowNotFound: Cannot find Logical_Router_Port with name=lrp-370ee701-2b99-4d56-9225-94a741bb0703
2026-03-02 22:30:11.889 10 ERROR ovsdbapp.backend.ovs_idl.command 
2026-03-02 22:30:11.890 10 ERROR neutron_lib.callbacks.manager [None req-c690d903-e5d1-4955-a8d5-03531df2272c 59b92e6ba164498390a3fdbc4e1e5073 f75af3bb7a4b43f98bd0659ad167766c - - default default] Error during notification for neutron.services.ovn_l3.plugin.OVNL3RouterPlugin._port_update-8771042332399 port, after_update: ovsdbapp.backend.ovs_idl.idlutils.RowNotFound: Cannot find Logical_Router_Port with name=lrp-370ee701-2b99-4d56-9225-94a741bb0703
2026-03-02 22:30:11.890 10 ERROR neutron_lib.callbacks.manager
Traceback (most recent call last):
2026-03-02 22:30:11.890 10 ERROR neutron_lib.callbacks.manager
File "/var/lib/openstack/lib/python3.10/site-packages/neutron_lib/callbacks/manager.py", line 189, in _notify_loop
2026-03-02 22:30:11.890 10 ERROR neutron_lib.callbacks.manager callback.method(resource, event, trigger, payload=payload)
2026-03-02 22:30:11.890 10 ERROR neutron_lib.callbacks.manager
File "/var/lib/openstack/lib/python3.10/site-packages/neutron/services/ovn_l3/plugin.py", line 391, in _port_update
2026-03-02 22:30:11.890 10 ERROR neutron_lib.callbacks.manager l3plugin._ovn_client.update_router_port(context,
2026-03-02 22:30:11.890 10 ERROR neutron_lib.callbacks.manager
File "/var/lib/openstack/lib/python3.10/site-packages/neutron/plugins/ml2/drivers/ovn/mech_driver/ovsdb/ovn_client.py", line 1878, in update_router_port
2026-03-02 22:30:11.890 10 ERROR neutron_lib.callbacks.manager self._update_lrouter_port(context, port, if_exists=if_exists,
2026-03-02 22:30:11.890 10 ERROR neutron_lib.callbacks.manager
File "/var/lib/openstack/lib/python3.10/site-packages/neutron/plugins/ml2/drivers/ovn/mech_driver/ovsdb/ovn_client.py", line 1855, in _update_lrouter_port
2026-03-02 22:30:11.890 10 ERROR neutron_lib.callbacks.manager external_ids = self._nb_idl.db_get(
2026-03-02 22:30:11.890 10 ERROR neutron_lib.callbacks.manager
File "/var/lib/openstack/lib/python3.10/site-packages/ovsdbapp/backend/ovs_idl/command.py", line 47, in execute
2026-03-02 22:30:11.890 10 ERROR neutron_lib.callbacks.manager self.run_idl(None)
2026-03-02 22:30:11.890 10 ERROR neutron_lib.callbacks.manager
File "/var/lib/openstack/lib/python3.10/site-packages/ovsdbapp/backend/ovs_idl/command.py", line 235, in run_idl
2026-03-02 22:30:11.890 10 ERROR neutron_lib.callbacks.manager record = self.api.lookup(self.table, self.record)
2026-03-02 22:30:11.890 10 ERROR neutron_lib.callbacks.manager
File "/var/lib/openstack/lib/python3.10/site-packages/ovsdbapp/backend/ovs_idl/__init__.py", line 184, in lookup
2026-03-02 22:30:11.890 10 ERROR neutron_lib.callbacks.manager return self._lookup(table, record)
2026-03-02 22:30:11.890 10 ERROR neutron_lib.callbacks.manager
File "/var/lib/openstack/lib/python3.10/site-packages/ovsdbapp/backend/ovs_idl/__init__.py", line 235, in _lookup
2026-03-02 22:30:11.890 10 ERROR neutron_lib.callbacks.manager row = idlutils.row_by_value(self, rl.table, rl.column, record)
2026-03-02 22:30:11.890 10 ERROR neutron_lib.callbacks.manager
File "/var/lib/openstack/lib/python3.10/site-packages/ovsdbapp/backend/ovs_idl/idlutils.py", line 114, in row_by_value
2026-03-02 22:30:11.890 10 ERROR neutron_lib.callbacks.manager raise RowNotFound(table=table, col=column, match=match)
2026-03-02 22:30:11.890 10 ERROR neutron_lib.callbacks.manager ovsdbapp.backend.ovs_idl.idlutils.RowNotFound: Cannot find Logical_Router_Port with name=lrp-370ee701-2b99-4d56-9225-94a741bb0703
2026-03-02 22:30:11.890 10 ERROR neutron_lib.callbacks.manager 
2026-03-02 22:30:11.898 10 INFO neutron.db.ovn_revision_numbers_db [None req-d7ff4d77-6db5-40be-b872-9f20ae00804b bf8e4e329f604559ad9b0d28f360a671 ec09ec1941244bb786589a2657d2c4cd - - default default] Successfully bumped revision number for resource 74a9e95d-ed6a-4a58-95bc-40c882676e2a (type: routers) to 2
2026-03-02 22:30:11.915 10 INFO neutron.wsgi [None req-d7ff4d77-6db5-40be-b872-9f20ae00804b bf8e4e329f604559ad9b0d28f360a671 ec09ec1941244bb786589a2657d2c4cd - - default default] 10.0.0.47 "POST /v2.0/routers HTTP/1.1" status: 201 len: 1153 time: 2.4345362
2026-03-02 22:30:12.092 10 INFO neutron.wsgi [None req-01bdc56e-75a9-4f34-909f-d57a26c9b920 858b3f3501524075858b2740d1b90535 6f74335acb31423abbfc6f0bd8f96059 - - default default] 10.0.0.47 "GET /v2.0/subnets?project_id=ec09ec1941244bb786589a2657d2c4cd&cidr=10.100.0.0%2F28 HTTP/1.1" status: 200 len: 207 time: 0.1700318
2026-03-02 22:30:12.143 10 INFO neutron.db.ovn_revision_numbers_db [None req-c690d903-e5d1-4955-a8d5-03531df2272c 59b92e6ba164498390a3fdbc4e1e5073 f75af3bb7a4b43f98bd0659ad167766c - - default default] Successfully bumped revision number for resource 370ee701-2b99-4d56-9225-94a741bb0703 (type: ports) to 1
2026-03-02 22:30:12.191 9 INFO neutron.wsgi [None req-5ffc4549-58dd-4ab4-b029-636e41f5d4b5 858b3f3501524075858b2740d1b90535 6f74335acb31423abbfc6f0bd8f96059 - - default default] 10.0.0.47 "GET /v2.0/networks?router%3Aexternal=True HTTP/1.1" status: 200 len: 947 time: 0.0933378
2026-03-02 22:30:12.229 10 INFO neutron.wsgi [None req-4e6c9f84-8fd6-4dd2-a403-bddb07d447bb 858b3f3501524075858b2740d1b90535 6f74335acb31423abbfc6f0bd8f96059 - - default default] 10.0.0.47 "GET /v2.0/subnets?network_id=18fd1d39-8d58-4e81-ba70-1091a48a5800&cidr=10.100.0.0%2F28 HTTP/1.1" status: 200 len: 207 time: 0.0254247
2026-03-02 22:30:12.239 10 WARNING neutron_lib.context [None req-6618a005-75b2-411f-994e-69e29873ad06 bf8e4e329f604559ad9b0d28f360a671 ec09ec1941244bb786589a2657d2c4cd - - default default] Method 'is_advsvc' is deprecated since 2023.2 release (neutron-lib 3.8.0) and will be removed once support for the old RBAC API policies will be removed from Neutron. Please use method 'is_service_role' instead.
2026-03-02 22:30:12.251 10 WARNING neutron.scheduler.dhcp_agent_scheduler [None req-c690d903-e5d1-4955-a8d5-03531df2272c 59b92e6ba164498390a3fdbc4e1e5073 f75af3bb7a4b43f98bd0659ad167766c - - default default] No more DHCP agents
2026-03-02 22:30:12.263 10 WARNING neutron.api.rpc.agentnotifiers.dhcp_rpc_agent_api [None req-c690d903-e5d1-4955-a8d5-03531df2272c 59b92e6ba164498390a3fdbc4e1e5073 f75af3bb7a4b43f98bd0659ad167766c - - default default] Unable to schedule network c4f6e899-5627-4e8d-9d2d-53dc0d697d2a: no agents available; will retry on subsequent port and subnet creation events.
2026-03-02 22:30:12.525 9 INFO neutron.db.ovn_revision_numbers_db [None req-43460d1a-036a-4ef1-ba9a-5fdd5324119f - - - - - -] Successfully bumped revision number for resource b863ba57-f982-45ae-989a-3ce63a690c31 (type: ports) to 1
2026-03-02 22:30:12.645 10 WARNING neutron.scheduler.dhcp_agent_scheduler [None req-6618a005-75b2-411f-994e-69e29873ad06 bf8e4e329f604559ad9b0d28f360a671 ec09ec1941244bb786589a2657d2c4cd - - default default] No more DHCP agents
2026-03-02 22:30:12.649 10 WARNING neutron.api.rpc.agentnotifiers.dhcp_rpc_agent_api [None req-6618a005-75b2-411f-994e-69e29873ad06 bf8e4e329f604559ad9b0d28f360a671 ec09ec1941244bb786589a2657d2c4cd - - default default] Unable to schedule network f2258961-c062-44aa-bb70-569f55b45de1: no agents available; will retry on subsequent port and subnet creation events.
2026-03-02 22:30:12.672 10 INFO neutron.db.ovn_revision_numbers_db [None req-cf2ec104-7133-4c75-8dc6-310234e7889b 6195e1ae26dd4545ad79c346fe9666a7 a6d2f78b96a4433b9cd04218abadbfcd - - default default] Successfully bumped revision number for resource 2ad186c4-124b-4ee3-8c27-f33afecb4d02 (type: security_groups) to 1
2026-03-02 22:30:12.717 10 INFO neutron.db.ovn_revision_numbers_db [None req-cf2ec104-7133-4c75-8dc6-310234e7889b 6195e1ae26dd4545ad79c346fe9666a7 a6d2f78b96a4433b9cd04218abadbfcd - - default default] Successfully bumped revision number for resource 5c729a2d-49ee-4c9b-af8c-991b7e4697d1 (type: security_group_rules) to 0
2026-03-02 22:30:12.748 10 INFO neutron.db.ovn_revision_numbers_db [None req-cf2ec104-7133-4c75-8dc6-310234e7889b 6195e1ae26dd4545ad79c346fe9666a7 a6d2f78b96a4433b9cd04218abadbfcd - - default default] Successfully bumped revision number for resource 810e86f1-ff61-454f-b076-343ef997228b (type: security_group_rules) to 0
2026-03-02 22:30:12.788 10 INFO neutron.db.ovn_revision_numbers_db [None req-cf2ec104-7133-4c75-8dc6-310234e7889b 6195e1ae26dd4545ad79c346fe9666a7 a6d2f78b96a4433b9cd04218abadbfcd - - default default] Successfully bumped revision number for resource a021af8f-a6d1-43fd-9f8d-977b3f39c2ea (type: security_group_rules) to 0
2026-03-02 22:30:12.817 10 INFO neutron.db.ovn_revision_numbers_db [None req-cf2ec104-7133-4c75-8dc6-310234e7889b 6195e1ae26dd4545ad79c346fe9666a7 a6d2f78b96a4433b9cd04218abadbfcd - - default default] Successfully bumped revision number for resource d16c702f-860a-4a26-a4d2-53697bb98139 (type: security_group_rules) to 0
2026-03-02 22:30:12.858 9 INFO neutron.db.ovn_revision_numbers_db [None req-43460d1a-036a-4ef1-ba9a-5fdd5324119f - - - - - -] Successfully bumped revision number for resource b863ba57-f982-45ae-989a-3ce63a690c31 (type: router_ports) to 3
2026-03-02 22:30:12.867 10 INFO neutron.wsgi [None req-cf2ec104-7133-4c75-8dc6-310234e7889b 6195e1ae26dd4545ad79c346fe9666a7 a6d2f78b96a4433b9cd04218abadbfcd - - default default] 10.0.0.47 "GET /v2.0/security-groups?tenant_id=cd673d61e23149fe9738c50fe6e124ca&name=default HTTP/1.1" status: 200 len: 3120 time: 0.6083677
2026-03-02 22:30:13.140 9 INFO neutron.db.ovn_revision_numbers_db [None req-43460d1a-036a-4ef1-ba9a-5fdd5324119f - - - - - -] Successfully bumped revision number for resource b863ba57-f982-45ae-989a-3ce63a690c31 (type: ports) to 2
2026-03-02 22:30:13.200 9 INFO neutron.wsgi [None req-6130d147-88bf-4bbe-adea-a3a664e98e15 6195e1ae26dd4545ad79c346fe9666a7 a6d2f78b96a4433b9cd04218abadbfcd - - default default] 10.0.0.47 "DELETE /v2.0/security-groups/2ad186c4-124b-4ee3-8c27-f33afecb4d02 HTTP/1.1" status: 204 len: 168 time: 0.3248591
2026-03-02 22:30:13.223 10 WARNING neutron.plugins.ml2.drivers.ovn.mech_driver.ovsdb.ovn_client [None req-ab6bebf8-81d7-4154-9122-b25a1953607a - - - - - -] No hosting information found for port 62ed5ac6-3712-46b7-95c8-58047b559cd5: RuntimeError: No hosting information found for port 62ed5ac6-3712-46b7-95c8-58047b559cd5
2026-03-02 22:30:13.223 10 INFO neutron.plugins.ml2.drivers.ovn.mech_driver.mech_driver [None req-ab6bebf8-81d7-4154-9122-b25a1953607a - - - - - -] OVN reports status up for port: b863ba57-f982-45ae-989a-3ce63a690c31
2026-03-02 22:30:13.285 10 INFO neutron.plugins.ml2.plugin [None req-ab6bebf8-81d7-4154-9122-b25a1953607a - - - - - -] Attempt 1 to provision port b863ba57-f982-45ae-989a-3ce63a690c31
2026-03-02 22:30:13.333 10 INFO neutron.db.ovn_revision_numbers_db [None req-c690d903-e5d1-4955-a8d5-03531df2272c 59b92e6ba164498390a3fdbc4e1e5073 f75af3bb7a4b43f98bd0659ad167766c - - default default] Successfully bumped revision number for resource 370ee701-2b99-4d56-9225-94a741bb0703 (type: router_ports) to 1
2026-03-02 22:30:13.447 10 INFO neutron.db.ovn_revision_numbers_db [None req-6618a005-75b2-411f-994e-69e29873ad06 bf8e4e329f604559ad9b0d28f360a671 ec09ec1941244bb786589a2657d2c4cd - - default default] Successfully bumped revision number for resource 1f7f1d1b-35bc-45a1-abe3-de84596d72aa (type: ports) to 2
2026-03-02 22:30:13.454 10 INFO neutron.plugins.ml2.drivers.ovn.mech_driver.mech_driver [None req-ab6bebf8-81d7-4154-9122-b25a1953607a - - - - - -] OVN reports status up for port: 370ee701-2b99-4d56-9225-94a741bb0703
2026-03-02 22:30:13.471 10 INFO neutron.plugins.ml2.plugin [None req-ab6bebf8-81d7-4154-9122-b25a1953607a - - - - - -] Attempt 1 to provision port 370ee701-2b99-4d56-9225-94a741bb0703
2026-03-02 22:30:13.508 10 INFO neutron.db.ovn_revision_numbers_db [None req-6618a005-75b2-411f-994e-69e29873ad06 bf8e4e329f604559ad9b0d28f360a671 ec09ec1941244bb786589a2657d2c4cd - - default default] Successfully bumped revision number for resource d535378b-bdf0-4537-9504-8df46f6762ab (type: subnets) to 0
2026-03-02 22:30:13.543 10 INFO neutron.wsgi [None req-6618a005-75b2-411f-994e-69e29873ad06 bf8e4e329f604559ad9b0d28f360a671 ec09ec1941244bb786589a2657d2c4cd - - default default] 10.0.0.47 "POST /v2.0/subnets HTTP/1.1" status: 201 len: 831 time: 1.3076022
2026-03-02 22:30:13.572 9 INFO neutron.db.ovn_revision_numbers_db [None req-43460d1a-036a-4ef1-ba9a-5fdd5324119f - - - - - -] Successfully bumped revision number for resource b863ba57-f982-45ae-989a-3ce63a690c31 (type: ports) to 4
2026-03-02 22:30:13.582 9 INFO neutron.db.ovn_revision_numbers_db [None req-395155d1-63aa-4efa-8dcc-a29626e7cfc0 6195e1ae26dd4545ad79c346fe9666a7 a6d2f78b96a4433b9cd04218abadbfcd - - default default] Successfully bumped revision number for resource c51f358a-23af-4cf7-884a-7fd31b5a6bac (type: security_groups) to 1
2026-03-02 22:30:13.633 9 INFO neutron.db.ovn_revision_numbers_db [None req-395155d1-63aa-4efa-8dcc-a29626e7cfc0 6195e1ae26dd4545ad79c346fe9666a7 a6d2f78b96a4433b9cd04218abadbfcd - - default default] Successfully bumped revision number for resource 28cfc1cd-a5bc-44da-8408-d35d1dde8f69 (type: security_group_rules) to 0
2026-03-02 22:30:13.662 10 WARNING neutron.scheduler.dhcp_agent_scheduler [None req-6ffd9539-82c7-4dbc-a555-23671ba91591 - - - - - -] No more DHCP agents
2026-03-02 22:30:13.665 10 WARNING neutron.api.rpc.agentnotifiers.dhcp_rpc_agent_api [None req-6ffd9539-82c7-4dbc-a555-23671ba91591 - - - - - -] Unable to schedule network c4f6e899-5627-4e8d-9d2d-53dc0d697d2a: no agents available; will retry on subsequent port and subnet creation events.
2026-03-02 22:30:13.679 9 INFO neutron.db.ovn_revision_numbers_db [None req-395155d1-63aa-4efa-8dcc-a29626e7cfc0 6195e1ae26dd4545ad79c346fe9666a7 a6d2f78b96a4433b9cd04218abadbfcd - - default default] Successfully bumped revision number for resource 49febba2-4223-413a-b091-9ea772e1e008 (type: security_group_rules) to 0
2026-03-02 22:30:13.724 9 INFO neutron.db.ovn_revision_numbers_db [None req-395155d1-63aa-4efa-8dcc-a29626e7cfc0 6195e1ae26dd4545ad79c346fe9666a7 a6d2f78b96a4433b9cd04218abadbfcd - - default default] Successfully bumped revision number for resource 59a7ef89-29fe-4600-b3e2-65c1f3b269ff (type: security_group_rules) to 0
2026-03-02 22:30:13.769 9 INFO neutron.db.ovn_revision_numbers_db [None req-395155d1-63aa-4efa-8dcc-a29626e7cfc0 6195e1ae26dd4545ad79c346fe9666a7 a6d2f78b96a4433b9cd04218abadbfcd - - default default] Successfully bumped revision number for resource 8ed62f08-5e84-42b7-883f-1becbb3569cb (type: security_group_rules) to 0
2026-03-02 22:30:13.810 9 INFO neutron.wsgi [None req-395155d1-63aa-4efa-8dcc-a29626e7cfc0 6195e1ae26dd4545ad79c346fe9666a7 a6d2f78b96a4433b9cd04218abadbfcd - - default default] 10.0.0.47 "GET /v2.0/security-groups?tenant_id=af4d13a3647343788aefb66b0b2b25ae&name=default HTTP/1.1" status: 200 len: 3120 time: 0.4428079
2026-03-02 22:30:13.991 9 INFO neutron.db.ovn_revision_numbers_db [None req-43460d1a-036a-4ef1-ba9a-5fdd5324119f - - - - - -] Successfully bumped revision number for resource b863ba57-f982-45ae-989a-3ce63a690c31 (type: router_ports) to 4
2026-03-02 22:30:14.181 10 INFO neutron.db.ovn_revision_numbers_db [None req-6ffd9539-82c7-4dbc-a555-23671ba91591 - - - - - -] Successfully bumped revision number for resource a0e3c8a7-ede1-4e92-8383-22415a58bf30 (type: ports) to 1
2026-03-02 22:30:14.198 9 INFO neutron.wsgi [None req-f8ca4bfe-2ed6-444f-9229-3d3fd6593002 6195e1ae26dd4545ad79c346fe9666a7 a6d2f78b96a4433b9cd04218abadbfcd - - default default] 10.0.0.47 "DELETE /v2.0/security-groups/c51f358a-23af-4cf7-884a-7fd31b5a6bac HTTP/1.1" status: 204 len: 168 time: 0.3781939
2026-03-02 22:30:14.323 10 INFO neutron.db.ovn_revision_numbers_db [None req-ab6bebf8-81d7-4154-9122-b25a1953607a - - - - - -] Successfully bumped revision number for resource 370ee701-2b99-4d56-9225-94a741bb0703 (type: ports) to 2
2026-03-02 22:30:14.463 9 WARNING neutron.scheduler.dhcp_agent_scheduler [None req-04a2c42b-d511-4f4c-8b7f-33cbd4da7d78 bf8e4e329f604559ad9b0d28f360a671 ec09ec1941244bb786589a2657d2c4cd - - default default] No more DHCP agents
2026-03-02 22:30:14.470 9 WARNING neutron.api.rpc.agentnotifiers.dhcp_rpc_agent_api [None req-04a2c42b-d511-4f4c-8b7f-33cbd4da7d78 bf8e4e329f604559ad9b0d28f360a671 ec09ec1941244bb786589a2657d2c4cd - - default default] Unable to schedule network f2258961-c062-44aa-bb70-569f55b45de1: no agents available; will retry on subsequent port and subnet creation events.
2026-03-02 22:30:14.538 10 INFO neutron.db.ovn_revision_numbers_db [None req-ab6bebf8-81d7-4154-9122-b25a1953607a - - - - - -] Successfully bumped revision number for resource 370ee701-2b99-4d56-9225-94a741bb0703 (type: router_ports) to 2
2026-03-02 22:30:14.552 10 INFO neutron.db.ovn_revision_numbers_db [None req-6ffd9539-82c7-4dbc-a555-23671ba91591 - - - - - -] Successfully bumped revision number for resource a0e3c8a7-ede1-4e92-8383-22415a58bf30 (type: ports) to 1
2026-03-02 22:30:14.561 9 WARNING neutron.plugins.ml2.drivers.ovn.mech_driver.ovsdb.ovn_client [None req-1bacd6f4-064d-49e4-9198-f6b55c310d6c - - - - - -] No hosting information found for port 860eea17-7da0-4785-a540-5de0a82e9e25: RuntimeError: No hosting information found for port 860eea17-7da0-4785-a540-5de0a82e9e25
2026-03-02 22:30:14.621 9 INFO neutron.db.ovn_revision_numbers_db [None req-3365b6f6-85d3-4c8f-b5c9-771cc2b4bc27 6195e1ae26dd4545ad79c346fe9666a7 a6d2f78b96a4433b9cd04218abadbfcd - - default default] Successfully bumped revision number for resource ce3cfad8-031e-4b16-9817-4abdd947b82b (type: security_groups) to 1
2026-03-02 22:30:14.672 9 INFO neutron.db.ovn_revision_numbers_db [None req-3365b6f6-85d3-4c8f-b5c9-771cc2b4bc27 6195e1ae26dd4545ad79c346fe9666a7 a6d2f78b96a4433b9cd04218abadbfcd - - default default] Successfully bumped revision number for resource 1e63e589-b67a-40da-bbb5-2409e8a15cfb (type: security_group_rules) to 0
2026-03-02 22:30:14.708 9 INFO neutron.db.ovn_revision_numbers_db [None req-3365b6f6-85d3-4c8f-b5c9-771cc2b4bc27 6195e1ae26dd4545ad79c346fe9666a7 a6d2f78b96a4433b9cd04218abadbfcd - - default default] Successfully bumped revision number for resource 431f3450-96fb-412b-9216-7bd01f99cf02 (type: security_group_rules) to 0
2026-03-02 22:30:14.735 9 INFO neutron.db.ovn_revision_numbers_db [None req-3365b6f6-85d3-4c8f-b5c9-771cc2b4bc27 6195e1ae26dd4545ad79c346fe9666a7 a6d2f78b96a4433b9cd04218abadbfcd - - default default] Successfully bumped revision number for resource 6e0b0434-4907-4916-b2d5-61e15f94c232 (type: security_group_rules) to 0
2026-03-02 22:30:14.754 9 INFO neutron.db.ovn_revision_numbers_db [None req-04a2c42b-d511-4f4c-8b7f-33cbd4da7d78 bf8e4e329f604559ad9b0d28f360a671 ec09ec1941244bb786589a2657d2c4cd - - default default] Successfully bumped revision number for resource df81fc1e-1362-481a-a99c-fbd00a43182c (type: ports) to 1
2026-03-02 22:30:14.756 9 INFO neutron.db.ovn_revision_numbers_db [None req-3365b6f6-85d3-4c8f-b5c9-771cc2b4bc27 6195e1ae26dd4545ad79c346fe9666a7 a6d2f78b96a4433b9cd04218abadbfcd - - default default] Successfully bumped revision number for resource fd1eef70-5ba0-43ed-9292-6ef17ea4040c (type: security_group_rules) to 0
2026-03-02 22:30:14.776 9 INFO neutron.wsgi [None req-3365b6f6-85d3-4c8f-b5c9-771cc2b4bc27 6195e1ae26dd4545ad79c346fe9666a7 a6d2f78b96a4433b9cd04218abadbfcd - - default default] 10.0.0.47 "GET /v2.0/security-groups?tenant_id=497b827a75ee4c02a51d4e0de890488d&name=default HTTP/1.1" status: 200 len: 3120 time: 0.3853340
2026-03-02 22:30:14.914 10 INFO neutron.wsgi [None req-c690d903-e5d1-4955-a8d5-03531df2272c 59b92e6ba164498390a3fdbc4e1e5073 f75af3bb7a4b43f98bd0659ad167766c - - default default] 10.0.0.47 "POST /v2.0/vpn/vpnservices HTTP/1.1" status: 201 len: 656 time: 7.0362797
2026-03-02 22:30:14.933 9 INFO neutron.wsgi [None req-d7d4c883-ce30-45ad-a317-e4b2cf54f8a3 88cf227b274d433f8733306e4380efdd dce0014bb1af4ac190ac3f9fe7dad274 - - default default] 10.0.0.47 "GET /v2.0/vpn/vpnservices HTTP/1.1" status: 200 len: 1501 time: 0.0151918
2026-03-02 22:30:15.072 10 INFO neutron.wsgi [None req-622aa056-850f-48e9-8d71-7f0aafbf9ab0 6195e1ae26dd4545ad79c346fe9666a7 a6d2f78b96a4433b9cd04218abadbfcd - - default default] 10.0.0.47 "DELETE /v2.0/security-groups/ce3cfad8-031e-4b16-9817-4abdd947b82b HTTP/1.1" status: 204 len: 168 time: 0.2847993
2026-03-02 22:30:15.706 10 INFO neutron.db.ovn_revision_numbers_db [None req-ee855d7a-1fd3-400a-b868-3dcd51a5eb74 6195e1ae26dd4545ad79c346fe9666a7 a6d2f78b96a4433b9cd04218abadbfcd - - default default] Successfully bumped revision number for resource e2ad5943-f2de-424a-8d28-ccda7bb5920c (type: security_groups) to 1
2026-03-02 22:30:15.720 10 INFO neutron.db.ovn_revision_numbers_db [None req-ee855d7a-1fd3-400a-b868-3dcd51a5eb74 6195e1ae26dd4545ad79c346fe9666a7 a6d2f78b96a4433b9cd04218abadbfcd - - default default] Successfully bumped revision number for resource 72647df6-63cf-4409-9c7f-c72c3221aa59 (type: security_group_rules) to 0
2026-03-02 22:30:15.736 10 INFO neutron.db.ovn_revision_numbers_db [None req-ee855d7a-1fd3-400a-b868-3dcd51a5eb74 6195e1ae26dd4545ad79c346fe9666a7 a6d2f78b96a4433b9cd04218abadbfcd - - default default] Successfully bumped revision number for resource b85700d2-f26b-4611-be1f-e997bac9ed3d (type: security_group_rules) to 0
2026-03-02 22:30:15.750 10 INFO neutron.db.ovn_revision_numbers_db [None req-ee855d7a-1fd3-400a-b868-3dcd51a5eb74 6195e1ae26dd4545ad79c346fe9666a7 a6d2f78b96a4433b9cd04218abadbfcd - - default default] Successfully bumped revision number for resource c6b30338-cffc-4d24-a108-5411c9dc5ae1 (type: security_group_rules) to 0
2026-03-02 22:30:15.762 10 INFO neutron.db.ovn_revision_numbers_db [None req-ee855d7a-1fd3-400a-b868-3dcd51a5eb74 6195e1ae26dd4545ad79c346fe9666a7 a6d2f78b96a4433b9cd04218abadbfcd - - default default] Successfully bumped revision number for resource cffe9573-e5db-447a-a603-d2049f42f9e4 (type: security_group_rules) to 0
2026-03-02 22:30:15.788 10 INFO neutron.wsgi [None req-ee855d7a-1fd3-400a-b868-3dcd51a5eb74 6195e1ae26dd4545ad79c346fe9666a7 a6d2f78b96a4433b9cd04218abadbfcd - - default default] 10.0.0.47 "GET /v2.0/security-groups?tenant_id=547e29fb0dcb4e18a29aaa09001447ef&name=default HTTP/1.1" status: 200 len: 3120 time: 0.3487513
2026-03-02 22:30:15.825 9 ERROR ovsdbapp.backend.ovs_idl.command [None req-04a2c42b-d511-4f4c-8b7f-33cbd4da7d78 bf8e4e329f604559ad9b0d28f360a671 ec09ec1941244bb786589a2657d2c4cd - - default default] Error executing command (DbGetCommand): ovsdbapp.backend.ovs_idl.idlutils.RowNotFound: Cannot find Logical_Router_Port with name=lrp-df81fc1e-1362-481a-a99c-fbd00a43182c
2026-03-02 22:30:15.825 9 ERROR ovsdbapp.backend.ovs_idl.command
Traceback (most recent call last):
2026-03-02 22:30:15.825 9 ERROR ovsdbapp.backend.ovs_idl.command
File "/var/lib/openstack/lib/python3.10/site-packages/ovsdbapp/backend/ovs_idl/command.py", line 47, in execute
2026-03-02 22:30:15.825 9 ERROR ovsdbapp.backend.ovs_idl.command self.run_idl(None)
2026-03-02 22:30:15.825 9 ERROR ovsdbapp.backend.ovs_idl.command
File "/var/lib/openstack/lib/python3.10/site-packages/ovsdbapp/backend/ovs_idl/command.py", line 235, in run_idl
2026-03-02 22:30:15.825 9 ERROR ovsdbapp.backend.ovs_idl.command record = self.api.lookup(self.table, self.record)
2026-03-02 22:30:15.825 9 ERROR ovsdbapp.backend.ovs_idl.command
File "/var/lib/openstack/lib/python3.10/site-packages/ovsdbapp/backend/ovs_idl/__init__.py", line 184, in lookup
2026-03-02 22:30:15.825 9 ERROR ovsdbapp.backend.ovs_idl.command return self._lookup(table, record)
2026-03-02 22:30:15.825 9 ERROR ovsdbapp.backend.ovs_idl.command
File "/var/lib/openstack/lib/python3.10/site-packages/ovsdbapp/backend/ovs_idl/__init__.py", line 235, in _lookup
2026-03-02 22:30:15.825 9 ERROR ovsdbapp.backend.ovs_idl.command row = idlutils.row_by_value(self, rl.table, rl.column, record)
2026-03-02 22:30:15.825 9 ERROR ovsdbapp.backend.ovs_idl.command
File "/var/lib/openstack/lib/python3.10/site-packages/ovsdbapp/backend/ovs_idl/idlutils.py", line 114, in row_by_value
2026-03-02 22:30:15.825 9 ERROR ovsdbapp.backend.ovs_idl.command raise RowNotFound(table=table, col=column, match=match)
2026-03-02 22:30:15.825 9 ERROR ovsdbapp.backend.ovs_idl.command ovsdbapp.backend.ovs_idl.idlutils.RowNotFound: Cannot find Logical_Router_Port with name=lrp-df81fc1e-1362-481a-a99c-fbd00a43182c
2026-03-02 22:30:15.825 9 ERROR ovsdbapp.backend.ovs_idl.command 
2026-03-02 22:30:15.826 9 ERROR neutron_lib.callbacks.manager [None req-04a2c42b-d511-4f4c-8b7f-33cbd4da7d78 bf8e4e329f604559ad9b0d28f360a671 ec09ec1941244bb786589a2657d2c4cd - - default default] Error during notification for neutron.services.ovn_l3.plugin.OVNL3RouterPlugin._port_update-8771042332399 port, after_update: ovsdbapp.backend.ovs_idl.idlutils.RowNotFound: Cannot find Logical_Router_Port with name=lrp-df81fc1e-1362-481a-a99c-fbd00a43182c
2026-03-02 22:30:15.826 9 ERROR neutron_lib.callbacks.manager
Traceback (most recent call last):
2026-03-02 22:30:15.826 9 ERROR neutron_lib.callbacks.manager
File "/var/lib/openstack/lib/python3.10/site-packages/neutron_lib/callbacks/manager.py", line 189, in _notify_loop
2026-03-02 22:30:15.826 9 ERROR neutron_lib.callbacks.manager callback.method(resource, event, trigger, payload=payload)
2026-03-02 22:30:15.826 9 ERROR neutron_lib.callbacks.manager
File "/var/lib/openstack/lib/python3.10/site-packages/neutron/services/ovn_l3/plugin.py", line 391, in _port_update
2026-03-02 22:30:15.826 9 ERROR neutron_lib.callbacks.manager l3plugin._ovn_client.update_router_port(context,
2026-03-02 22:30:15.826 9 ERROR neutron_lib.callbacks.manager
File "/var/lib/openstack/lib/python3.10/site-packages/neutron/plugins/ml2/drivers/ovn/mech_driver/ovsdb/ovn_client.py", line 1878, in update_router_port
2026-03-02 22:30:15.826 9 ERROR neutron_lib.callbacks.manager self._update_lrouter_port(context, port, if_exists=if_exists,
2026-03-02 22:30:15.826 9 ERROR neutron_lib.callbacks.manager
File "/var/lib/openstack/lib/python3.10/site-packages/neutron/plugins/ml2/drivers/ovn/mech_driver/ovsdb/ovn_client.py", line 1855, in _update_lrouter_port
2026-03-02 22:30:15.826 9 ERROR neutron_lib.callbacks.manager external_ids = self._nb_idl.db_get(
2026-03-02 22:30:15.826 9 ERROR neutron_lib.callbacks.manager
File "/var/lib/openstack/lib/python3.10/site-packages/ovsdbapp/backend/ovs_idl/command.py", line 47, in execute
2026-03-02 22:30:15.826 9 ERROR neutron_lib.callbacks.manager self.run_idl(None)
2026-03-02 22:30:15.826 9 ERROR neutron_lib.callbacks.manager
File "/var/lib/openstack/lib/python3.10/site-packages/ovsdbapp/backend/ovs_idl/command.py", line 235, in run_idl
2026-03-02 22:30:15.826 9 ERROR neutron_lib.callbacks.manager record = self.api.lookup(self.table, self.record)
2026-03-02 22:30:15.826 9 ERROR neutron_lib.callbacks.manager
File "/var/lib/openstack/lib/python3.10/site-packages/ovsdbapp/backend/ovs_idl/__init__.py", line 184, in lookup
2026-03-02 22:30:15.826 9 ERROR neutron_lib.callbacks.manager return self._lookup(table, record)
2026-03-02 22:30:15.826 9 ERROR neutron_lib.callbacks.manager
File "/var/lib/openstack/lib/python3.10/site-packages/ovsdbapp/backend/ovs_idl/__init__.py", line 235, in _lookup
2026-03-02 22:30:15.826 9 ERROR neutron_lib.callbacks.manager row = idlutils.row_by_value(self, rl.table, rl.column, record)
2026-03-02 22:30:15.826 9 ERROR neutron_lib.callbacks.manager
File "/var/lib/openstack/lib/python3.10/site-packages/ovsdbapp/backend/ovs_idl/idlutils.py", line 114, in row_by_value
2026-03-02 22:30:15.826 9 ERROR neutron_lib.callbacks.manager raise RowNotFound(table=table, col=column, match=match)
2026-03-02 22:30:15.826 9 ERROR neutron_lib.callbacks.manager ovsdbapp.backend.ovs_idl.idlutils.RowNotFound: Cannot find Logical_Router_Port with name=lrp-df81fc1e-1362-481a-a99c-fbd00a43182c
2026-03-02 22:30:15.826 9 ERROR neutron_lib.callbacks.manager 
2026-03-02 22:30:16.006 10 INFO neutron.wsgi [None req-fa01f9c0-7af1-4807-b141-21ade3409d5e 6195e1ae26dd4545ad79c346fe9666a7 a6d2f78b96a4433b9cd04218abadbfcd - - default default] 10.0.0.47 "DELETE /v2.0/security-groups/e2ad5943-f2de-424a-8d28-ccda7bb5920c HTTP/1.1" status: 204 len: 168 time: 0.2091959
2026-03-02 22:30:16.120 9 INFO neutron.db.ovn_revision_numbers_db [None req-04a2c42b-d511-4f4c-8b7f-33cbd4da7d78 bf8e4e329f604559ad9b0d28f360a671 ec09ec1941244bb786589a2657d2c4cd - - default default] Successfully bumped revision number for resource df81fc1e-1362-481a-a99c-fbd00a43182c (type: ports) to 1
2026-03-02 22:30:16.212 9 WARNING neutron.scheduler.dhcp_agent_scheduler [None req-04a2c42b-d511-4f4c-8b7f-33cbd4da7d78 bf8e4e329f604559ad9b0d28f360a671 ec09ec1941244bb786589a2657d2c4cd - - default default] No more DHCP agents
2026-03-02 22:30:16.213 9 WARNING neutron.api.rpc.agentnotifiers.dhcp_rpc_agent_api [None req-04a2c42b-d511-4f4c-8b7f-33cbd4da7d78 bf8e4e329f604559ad9b0d28f360a671 ec09ec1941244bb786589a2657d2c4cd - - default default] Unable to schedule network f2258961-c062-44aa-bb70-569f55b45de1: no agents available; will retry on subsequent port and subnet creation events.
2026-03-02 22:30:16.717 9 INFO neutron.db.ovn_revision_numbers_db [None req-04a2c42b-d511-4f4c-8b7f-33cbd4da7d78 bf8e4e329f604559ad9b0d28f360a671 ec09ec1941244bb786589a2657d2c4cd - - default default] Successfully bumped revision number for resource df81fc1e-1362-481a-a99c-fbd00a43182c (type: router_ports) to 1
2026-03-02 22:30:16.722 9 INFO neutron.wsgi [None req-04a2c42b-d511-4f4c-8b7f-33cbd4da7d78 bf8e4e329f604559ad9b0d28f360a671 ec09ec1941244bb786589a2657d2c4cd - - default default] 10.0.0.47 "PUT /v2.0/routers/74a9e95d-ed6a-4a58-95bc-40c882676e2a/add_router_interface HTTP/1.1" status: 200 len: 503 time: 3.1721325
2026-03-02 22:30:16.861 10 INFO neutron.wsgi [None req-5971d2fb-15df-4a5b-a009-fb4033670c65 858b3f3501524075858b2740d1b90535 6f74335acb31423abbfc6f0bd8f96059 - - default default] 10.0.0.47 "GET /v2.0/networks HTTP/1.1" status: 200 len: 6007 time: 0.1337821
2026-03-02 22:30:16.865 10 INFO neutron.wsgi [-] 10.0.0.44 "GET / HTTP/1.1" status: 200 len: 247 time: 0.0012894
2026-03-02 22:30:16.867 10 INFO neutron.wsgi [-] 10.0.0.44 "GET / HTTP/1.1" status: 200 len: 247 time: 0.0009286
2026-03-02 22:30:16.932 10 INFO neutron.wsgi [None req-0314f3ad-607d-4417-b7c4-e1d3fe69ea31 858b3f3501524075858b2740d1b90535 6f74335acb31423abbfc6f0bd8f96059 - - default default] 10.0.0.47 "GET /v2.0/subnets HTTP/1.1" status: 200 len: 4659 time: 0.0637047
2026-03-02 22:30:17.263 10 INFO neutron.wsgi [None req-9c77c530-8b4f-4783-b201-3ad38da63c52 858b3f3501524075858b2740d1b90535 6f74335acb31423abbfc6f0bd8f96059 - - default default] 10.0.0.47 "GET /v2.0/routers HTTP/1.1" status: 200 len: 3168 time: 0.3279054
2026-03-02 22:30:17.329 10 WARNING neutron_lib.context [None req-6c53b439-1249-47d6-a53e-d873e7a64744 bf8e4e329f604559ad9b0d28f360a671 ec09ec1941244bb786589a2657d2c4cd - - default default] Method 'is_advsvc' is deprecated since 2023.2 release (neutron-lib 3.8.0) and will be removed once support for the old RBAC API policies will be removed from Neutron. Please use method 'is_service_role' instead.
2026-03-02 22:30:17.428 10 INFO neutron.db.ovn_revision_numbers_db [None req-6c53b439-1249-47d6-a53e-d873e7a64744 bf8e4e329f604559ad9b0d28f360a671 ec09ec1941244bb786589a2657d2c4cd - - default default] Successfully bumped revision number for resource 5d7a5716-3609-4596-a8a0-b9b95d174b6b (type: security_groups) to 1
2026-03-02 22:30:17.440 10 INFO neutron.db.ovn_revision_numbers_db [None req-6c53b439-1249-47d6-a53e-d873e7a64744 bf8e4e329f604559ad9b0d28f360a671 ec09ec1941244bb786589a2657d2c4cd - - default default] Successfully bumped revision number for resource 0604bae7-b113-4e91-99c8-086a449f974c (type: security_group_rules) to 0
2026-03-02 22:30:17.452 10 INFO neutron.db.ovn_revision_numbers_db [None req-6c53b439-1249-47d6-a53e-d873e7a64744 bf8e4e329f604559ad9b0d28f360a671 ec09ec1941244bb786589a2657d2c4cd - - default default] Successfully bumped revision number for resource 09970dd4-ca0a-4601-a84c-7767f1c589b0 (type: security_group_rules) to 0
2026-03-02 22:30:17.469 10 INFO neutron.wsgi [None req-6c53b439-1249-47d6-a53e-d873e7a64744 bf8e4e329f604559ad9b0d28f360a671 ec09ec1941244bb786589a2657d2c4cd - - default default] 10.0.0.47 "POST /v2.0/security-groups HTTP/1.1" status: 201 len: 1873 time: 0.1466775
2026-03-02 22:30:17.477 9 WARNING neutron_lib.context [None req-e6fe4f93-18ba-44f7-aed6-03f08eef4ea5 bf8e4e329f604559ad9b0d28f360a671 ec09ec1941244bb786589a2657d2c4cd - - default default] Method 'is_advsvc' is deprecated since 2023.2 release (neutron-lib 3.8.0) and will be removed once support for the old RBAC API policies will be removed from Neutron. Please use method 'is_service_role' instead.
2026-03-02 22:30:17.692 9 INFO neutron.db.ovn_revision_numbers_db [None req-e6fe4f93-18ba-44f7-aed6-03f08eef4ea5 bf8e4e329f604559ad9b0d28f360a671 ec09ec1941244bb786589a2657d2c4cd - - default default] Successfully bumped revision number for resource 2acb3556-8bd6-4f1c-99d4-20e84cd03fea (type: security_group_rules) to 0
2026-03-02 22:30:17.730 9 INFO neutron.wsgi [None req-e6fe4f93-18ba-44f7-aed6-03f08eef4ea5 bf8e4e329f604559ad9b0d28f360a671 ec09ec1941244bb786589a2657d2c4cd - - default default] 10.0.0.47 "POST /v2.0/security-group-rules HTTP/1.1" status: 201 len: 796 time: 0.2572451
2026-03-02 22:30:17.737 9 WARNING neutron_lib.context [None req-955da3f6-dbf9-4c7e-a6b9-64b089747673 bf8e4e329f604559ad9b0d28f360a671 ec09ec1941244bb786589a2657d2c4cd - - default default] Method 'is_advsvc' is deprecated since 2023.2 release (neutron-lib 3.8.0) and will be removed once support for the old RBAC API policies will be removed from Neutron. Please use method 'is_service_role' instead.
2026-03-02 22:30:17.910 9 INFO neutron.db.ovn_revision_numbers_db [None req-955da3f6-dbf9-4c7e-a6b9-64b089747673 bf8e4e329f604559ad9b0d28f360a671 ec09ec1941244bb786589a2657d2c4cd - - default default] Successfully bumped revision number for resource a4b6078b-fdcb-423f-b092-2e5a2e1d7a44 (type: security_group_rules) to 0
2026-03-02 22:30:17.944 9 INFO neutron.wsgi [None req-955da3f6-dbf9-4c7e-a6b9-64b089747673 bf8e4e329f604559ad9b0d28f360a671 ec09ec1941244bb786589a2657d2c4cd - - default default] 10.0.0.47 "POST /v2.0/security-group-rules HTTP/1.1" status: 201 len: 795 time: 0.2101853
2026-03-02 22:30:17.955 10 WARNING neutron_lib.context [None req-5d8d7fd7-217f-496c-891d-a2373f794058 bf8e4e329f604559ad9b0d28f360a671 ec09ec1941244bb786589a2657d2c4cd - - default default] Method 'is_advsvc' is deprecated since 2023.2 release (neutron-lib 3.8.0) and will be removed once support for the old RBAC API policies will be removed from Neutron. Please use method 'is_service_role' instead.
2026-03-02 22:30:18.078 10 INFO neutron.db.ovn_revision_numbers_db [None req-5d8d7fd7-217f-496c-891d-a2373f794058 bf8e4e329f604559ad9b0d28f360a671 ec09ec1941244bb786589a2657d2c4cd - - default default] Successfully bumped revision number for resource 8dd8cd12-3824-4004-b258-0c4305f8e9d5 (type: security_group_rules) to 0
2026-03-02 22:30:18.102 10 INFO neutron.wsgi [None req-5d8d7fd7-217f-496c-891d-a2373f794058 bf8e4e329f604559ad9b0d28f360a671 ec09ec1941244bb786589a2657d2c4cd - - default default] 10.0.0.47 "POST /v2.0/security-group-rules HTTP/1.1" status: 201 len: 801 time: 0.1531456
2026-03-02 22:30:18.112 10 WARNING neutron_lib.context [None req-69d3f7c8-c4a6-490f-b864-2adbd09a9e07 bf8e4e329f604559ad9b0d28f360a671 ec09ec1941244bb786589a2657d2c4cd - - default default] Method 'is_advsvc' is deprecated since 2023.2 release (neutron-lib 3.8.0) and will be removed once support for the old RBAC API policies will be removed from Neutron. Please use method 'is_service_role' instead.
2026-03-02 22:30:18.255 10 INFO neutron.db.ovn_revision_numbers_db [None req-69d3f7c8-c4a6-490f-b864-2adbd09a9e07 bf8e4e329f604559ad9b0d28f360a671 ec09ec1941244bb786589a2657d2c4cd - - default default] Successfully bumped revision number for resource 8070f5b9-e8e7-4ed2-b4c7-c1d240c5211b (type: security_group_rules) to 0
2026-03-02 22:30:18.285 10 INFO neutron.wsgi [None req-69d3f7c8-c4a6-490f-b864-2adbd09a9e07 bf8e4e329f604559ad9b0d28f360a671 ec09ec1941244bb786589a2657d2c4cd - - default default] 10.0.0.47 "POST /v2.0/security-group-rules HTTP/1.1" status: 201 len: 800 time: 0.1774011
2026-03-02 22:30:18.296 10 WARNING neutron_lib.context [None req-4b32af5f-6de7-47db-86f8-9333e24d22de bf8e4e329f604559ad9b0d28f360a671 ec09ec1941244bb786589a2657d2c4cd - - default default] Method 'is_advsvc' is deprecated since 2023.2 release (neutron-lib 3.8.0) and will be removed once support for the old RBAC API policies will be removed from Neutron. Please use method 'is_service_role' instead.
2026-03-02 22:30:18.340 10 INFO neutron.db.securitygroups_db [None req-4b32af5f-6de7-47db-86f8-9333e24d22de bf8e4e329f604559ad9b0d28f360a671 ec09ec1941244bb786589a2657d2c4cd - - default default] Project ec09ec1941244bb786589a2657d2c4cd added a security group rule with legacy IPv6 ICMP protocol name icmp, ipv6-icmp should be used instead. It was automatically converted.
2026-03-02 22:30:18.451 10 INFO neutron.db.ovn_revision_numbers_db [None req-4b32af5f-6de7-47db-86f8-9333e24d22de bf8e4e329f604559ad9b0d28f360a671 ec09ec1941244bb786589a2657d2c4cd - - default default] Successfully bumped revision number for resource cd030694-0d69-41b2-93e6-2b868ad91649 (type: security_group_rules) to 0
2026-03-02 22:30:18.486 10 INFO neutron.wsgi [None req-4b32af5f-6de7-47db-86f8-9333e24d22de bf8e4e329f604559ad9b0d28f360a671 ec09ec1941244bb786589a2657d2c4cd - - default default] 10.0.0.47 "POST /v2.0/security-group-rules HTTP/1.1" status: 201 len: 806 time: 0.1946933
2026-03-02 22:30:18.496 10 WARNING neutron_lib.context [None req-383d7069-3113-480d-9d72-64a843009d5d bf8e4e329f604559ad9b0d28f360a671 ec09ec1941244bb786589a2657d2c4cd - - default default] Method 'is_advsvc' is deprecated since 2023.2 release (neutron-lib 3.8.0) and will be removed once support for the old RBAC API policies will be removed from Neutron. Please use method 'is_service_role' instead.
2026-03-02 22:30:18.537 10 INFO neutron.db.securitygroups_db [None req-383d7069-3113-480d-9d72-64a843009d5d bf8e4e329f604559ad9b0d28f360a671 ec09ec1941244bb786589a2657d2c4cd - - default default] Project ec09ec1941244bb786589a2657d2c4cd added a security group rule with legacy IPv6 ICMP protocol name icmp, ipv6-icmp should be used instead. It was automatically converted.
2026-03-02 22:30:18.584 9 INFO neutron.services.segments.plugin [-] Segment ecde4047-71b0-45fa-9458-dbc1727dd2b2 resource provider aggregate not found
2026-03-02 22:30:18.592 9 INFO neutron.services.segments.plugin [-] Segment ecde4047-71b0-45fa-9458-dbc1727dd2b2 resource provider aggregate not found
2026-03-02 22:30:18.600 9 INFO neutron.services.segments.plugin [-] Segment ecde4047-71b0-45fa-9458-dbc1727dd2b2 resource provider not found; error: Placement Client Error (4xx): {"errors": [{"status": 404, "title": "Not Found", "detail": "The resource could not be found.\n\n No resource provider with uuid ecde4047-71b0-45fa-9458-dbc1727dd2b2 found for delete ", "request_id": "req-9f50623b-de21-4917-b2b8-fa89cc697be9"}]}
2026-03-02 22:30:18.616 9 INFO neutron.services.segments.plugin [-] Segment ecde4047-71b0-45fa-9458-dbc1727dd2b2 resource provider not found; error: Placement Client Error (4xx): {"errors": [{"status": 404, "title": "Not Found", "detail": "The resource could not be found.\n\n No resource provider with uuid ecde4047-71b0-45fa-9458-dbc1727dd2b2 found for delete ", "request_id": "req-ed5fc0ce-433d-4f91-889d-055558038944"}]}
2026-03-02 22:30:18.636 9 INFO neutron.wsgi [None req-0a71953a-fb32-42d5-b9cc-7aa30445907e 59b92e6ba164498390a3fdbc4e1e5073 f75af3bb7a4b43f98bd0659ad167766c - - default default] 10.0.0.47 "DELETE /v2.0/vpn/vpnservices/9745327f-fd8d-404a-905c-427cfd78b0a0 HTTP/1.1" status: 204 len: 168 time: 3.6996448
2026-03-02 22:30:18.649 10 WARNING neutron_lib.context [None req-5005268d-2d60-43c7-a8c4-2ff361bfcf09 88cf227b274d433f8733306e4380efdd dce0014bb1af4ac190ac3f9fe7dad274 - - default default] Method 'is_advsvc' is deprecated since 2023.2 release (neutron-lib 3.8.0) and will be removed once support for the old RBAC API policies will be removed from Neutron. Please use method 'is_service_role' instead.
2026-03-02 22:30:18.656 10 INFO neutron.db.ovn_revision_numbers_db [None req-383d7069-3113-480d-9d72-64a843009d5d bf8e4e329f604559ad9b0d28f360a671 ec09ec1941244bb786589a2657d2c4cd - - default default] Successfully bumped revision number for resource afe1aea2-330c-4d27-a8bf-bb3775be6f20 (type: security_group_rules) to 0
2026-03-02 22:30:18.692 10 INFO neutron.wsgi [None req-383d7069-3113-480d-9d72-64a843009d5d bf8e4e329f604559ad9b0d28f360a671 ec09ec1941244bb786589a2657d2c4cd - - default default] 10.0.0.47 "POST /v2.0/security-group-rules HTTP/1.1" status: 201 len: 805 time: 0.2012882
2026-03-02 22:30:18.746 10 INFO neutron.wsgi [None req-5005268d-2d60-43c7-a8c4-2ff361bfcf09 88cf227b274d433f8733306e4380efdd dce0014bb1af4ac190ac3f9fe7dad274 - - default default] 10.0.0.47 "POST /v2.0/vpn/endpoint-groups HTTP/1.1" status: 201 len: 501 time: 0.1014957
2026-03-02 22:30:18.757 10 WARNING neutron_lib.context [None req-31d5f5e9-a7cd-4e61-9704-09acaac5d49d 88cf227b274d433f8733306e4380efdd dce0014bb1af4ac190ac3f9fe7dad274 - - default default] Method 'is_advsvc' is deprecated since 2023.2 release (neutron-lib 3.8.0) and will be removed once support for the old RBAC API policies will be removed from Neutron. Please use method 'is_service_role' instead.
2026-03-02 22:30:18.808 10 INFO neutron.wsgi [None req-31d5f5e9-a7cd-4e61-9704-09acaac5d49d 88cf227b274d433f8733306e4380efdd dce0014bb1af4ac190ac3f9fe7dad274 - - default default] 10.0.0.47 "POST /v2.0/vpn/endpoint-groups HTTP/1.1" status: 201 len: 493 time: 0.0559766 /var/lib/openstack/lib/python3.10/site-packages/pycadf/identifier.py:71: UserWarning: Invalid uuid: neutron. To ensure interoperability, identifiers should be a valid uuid. warnings.warn(('Invalid uuid: %s. To ensure interoperability, '
2026-03-02 22:30:18.823 9 WARNING neutron.api.v2.base [None req-1ec9b53c-178a-45f0-a68a-c004a4d2d448 88cf227b274d433f8733306e4380efdd dce0014bb1af4ac190ac3f9fe7dad274 - - default default] An exception happened while processing the request body. The exception message is [Unrecognized attribute(s) 'peer_cidr'].: webob.exc.HTTPBadRequest: Unrecognized attribute(s) 'peer_cidr'
2026-03-02 22:30:18.824 9 INFO neutron.api.v2.resource [None req-1ec9b53c-178a-45f0-a68a-c004a4d2d448 88cf227b274d433f8733306e4380efdd dce0014bb1af4ac190ac3f9fe7dad274 - - default default] create failed (client error): Unrecognized attribute(s) 'peer_cidr'
2026-03-02 22:30:18.826 9 INFO neutron.wsgi [None req-1ec9b53c-178a-45f0-a68a-c004a4d2d448 88cf227b274d433f8733306e4380efdd dce0014bb1af4ac190ac3f9fe7dad274 - - default default] 10.0.0.47 "POST /v2.0/vpn/ipsec-site-connections HTTP/1.1" status: 400 len: 313 time: 0.0096834
2026-03-02 22:30:18.848 9 INFO neutron.wsgi [None req-eb5133b6-f8a6-4b94-a687-b878009f9f1f 88cf227b274d433f8733306e4380efdd dce0014bb1af4ac190ac3f9fe7dad274 - - default default] 10.0.0.47 "GET /v2.0/vpn/endpoint-groups HTTP/1.1" status: 200 len: 1388 time: 0.0142305
2026-03-02 22:30:18.883 9 INFO neutron.wsgi [None req-e0fa39e2-bc6e-4d0f-9416-1a34f8565e11 88cf227b274d433f8733306e4380efdd dce0014bb1af4ac190ac3f9fe7dad274 - - default default] 10.0.0.47 "DELETE /v2.0/vpn/endpoint-groups/69ce308d-a1fe-4273-bd3c-68c151704be3 HTTP/1.1" status: 204 len: 168 time: 0.0307717
2026-03-02 22:30:18.900 9 INFO neutron.wsgi [None req-7f74e304-5e4b-4a0f-acd7-76a05c2047f8 88cf227b274d433f8733306e4380efdd dce0014bb1af4ac190ac3f9fe7dad274 - - default default] 10.0.0.47 "GET /v2.0/vpn/endpoint-groups HTTP/1.1" status: 200 len: 1111 time: 0.0117233
2026-03-02 22:30:18.915 9 INFO neutron.wsgi [None req-5949a6b0-1ba7-4ac0-b567-b40a87421cee 88cf227b274d433f8733306e4380efdd dce0014bb1af4ac190ac3f9fe7dad274 - - default default] 10.0.0.47 "GET /v2.0/vpn/endpoint-groups HTTP/1.1" status: 200 len: 1111 time: 0.0109758
2026-03-02 22:30:18.940 9 INFO neutron.wsgi [None req-65720e60-b287-476b-8c5e-a2bfce1832b2 88cf227b274d433f8733306e4380efdd dce0014bb1af4ac190ac3f9fe7dad274 - - default default] 10.0.0.47 "DELETE /v2.0/vpn/endpoint-groups/40b7feef-56ec-4d02-aa35-243a2df46e7a HTTP/1.1" status: 204 len: 168 time: 0.0203240
2026-03-02 22:30:18.954 9 INFO neutron.wsgi [None req-46047449-97ef-42f0-b19f-683e8cd401c6 88cf227b274d433f8733306e4380efdd dce0014bb1af4ac190ac3f9fe7dad274 - - default default] 10.0.0.47 "GET /v2.0/vpn/endpoint-groups HTTP/1.1" status: 200 len: 827 time: 0.0102282
2026-03-02 22:30:18.963 9 WARNING neutron_lib.context [None req-8d52fa89-ff8a-48df-915e-2ddfb31dc847 88cf227b274d433f8733306e4380efdd dce0014bb1af4ac190ac3f9fe7dad274 - - default default] Method 'is_advsvc' is deprecated since 2023.2 release (neutron-lib 3.8.0) and will be removed once support for the old RBAC API policies will be removed from Neutron. Please use method 'is_service_role' instead.
2026-03-02 22:30:19.022 9 INFO neutron.wsgi [None req-8d52fa89-ff8a-48df-915e-2ddfb31dc847 88cf227b274d433f8733306e4380efdd dce0014bb1af4ac190ac3f9fe7dad274 - - default default] 10.0.0.47 "POST /v2.0/vpn/endpoint-groups HTTP/1.1" status: 201 len: 500 time: 0.0633171
2026-03-02 22:30:19.035 10 WARNING neutron.plugins.ml2.drivers.ovn.mech_driver.ovsdb.ovn_client [None req-ab6bebf8-81d7-4154-9122-b25a1953607a - - - - - -] No port found with ID 370ee701-2b99-4d56-9225-94a741bb0703: RuntimeError: No port found with ID 370ee701-2b99-4d56-9225-94a741bb0703
2026-03-02 22:30:19.035 9 WARNING neutron_lib.context [None req-14632fae-1379-4748-b814-d05d19d082eb 88cf227b274d433f8733306e4380efdd dce0014bb1af4ac190ac3f9fe7dad274 - - default default] Method 'is_advsvc' is deprecated since 2023.2 release (neutron-lib 3.8.0) and will be removed once support for the old RBAC API policies will be removed from Neutron. Please use method 'is_service_role' instead.
2026-03-02 22:30:19.036 10 INFO neutron.plugins.ml2.drivers.ovn.mech_driver.mech_driver [None req-ab6bebf8-81d7-4154-9122-b25a1953607a - - - - - -] OVN reports status up for port: df81fc1e-1362-481a-a99c-fbd00a43182c
2026-03-02 22:30:19.041 10 INFO neutron.plugins.ml2.plugin [None req-ab6bebf8-81d7-4154-9122-b25a1953607a - - - - - -] Attempt 1 to provision port df81fc1e-1362-481a-a99c-fbd00a43182c
2026-03-02 22:30:19.077 9 INFO neutron.wsgi [None req-14632fae-1379-4748-b814-d05d19d082eb 88cf227b274d433f8733306e4380efdd dce0014bb1af4ac190ac3f9fe7dad274 - - default default] 10.0.0.47 "POST /v2.0/vpn/endpoint-groups HTTP/1.1" status: 201 len: 492 time: 0.0470088
2026-03-02 22:30:19.087 9 WARNING neutron_lib.context [None req-2be7b922-5a87-4c3e-b432-d63dc381130c 88cf227b274d433f8733306e4380efdd dce0014bb1af4ac190ac3f9fe7dad274 - - default default] Method 'is_advsvc' is deprecated since 2023.2 release (neutron-lib 3.8.0) and will be removed once support for the old RBAC API policies will be removed from Neutron. Please use method 'is_service_role' instead.
2026-03-02 22:30:19.169 9 INFO neutron.api.v2.resource [None req-2be7b922-5a87-4c3e-b432-d63dc381130c 88cf227b274d433f8733306e4380efdd dce0014bb1af4ac190ac3f9fe7dad274 - - default default] create failed (client error): The server could not comply with the request since it is either malformed or otherwise incorrect.
2026-03-02 22:30:19.171 9 INFO neutron.wsgi [None req-2be7b922-5a87-4c3e-b432-d63dc381130c 88cf227b274d433f8733306e4380efdd dce0014bb1af4ac190ac3f9fe7dad274 - - default default] 10.0.0.47 "POST /v2.0/vpn/ipsec-site-connections HTTP/1.1" status: 400 len: 373 time: 0.0889001
2026-03-02 22:30:19.205 10 INFO neutron.wsgi [None req-ed68249a-9a67-43a7-bc94-b5ba2ea714c7 88cf227b274d433f8733306e4380efdd dce0014bb1af4ac190ac3f9fe7dad274 - - default default] 10.0.0.47 "GET /v2.0/vpn/endpoint-groups HTTP/1.1" status: 200 len: 1386 time: 0.0287673
2026-03-02 22:30:19.245 10 WARNING neutron_lib.context [None req-45c3df0b-e84b-4f51-98db-30f4a45f9d22 689ec61660ad44bf9d646b0153d3ab2d 0a7a465ea1854c15919cda22e6524b41 - - default default] Method 'is_advsvc' is deprecated since 2023.2 release (neutron-lib 3.8.0) and will be removed once support for the old RBAC API policies will be removed from Neutron. Please use method 'is_service_role' instead.
2026-03-02 22:30:19.263 9 INFO neutron.wsgi [None req-d3136e9b-e078-400a-97a9-a46dccc895c9 88cf227b274d433f8733306e4380efdd dce0014bb1af4ac190ac3f9fe7dad274 - - default default] 10.0.0.47 "DELETE /v2.0/vpn/endpoint-groups/af62ed1a-665f-45ae-9121-5f51854611ec HTTP/1.1" status: 204 len: 168 time: 0.0535018
2026-03-02 22:30:19.284 10 INFO neutron.wsgi [None req-c1c7155c-3709-465f-9c80-5571aaf42626 88cf227b274d433f8733306e4380efdd dce0014bb1af4ac190ac3f9fe7dad274 - - default default] 10.0.0.47 "GET /v2.0/vpn/endpoint-groups HTTP/1.1" status: 200 len: 1110 time: 0.0156271
2026-03-02 22:30:19.285 9 INFO neutron.wsgi [None req-1eba4279-8f9e-434d-b59c-de9cb318b854 bf8e4e329f604559ad9b0d28f360a671 ec09ec1941244bb786589a2657d2c4cd - - default default] 10.0.0.47 "GET /v2.0/networks HTTP/1.1" status: 200 len: 1493 time: 0.1905861
2026-03-02 22:30:19.306 10 INFO neutron.wsgi [None req-f1ca7f56-1fc7-489d-91dc-1fccaa73b782 88cf227b274d433f8733306e4380efdd dce0014bb1af4ac190ac3f9fe7dad274 - - default default] 10.0.0.47 "GET /v2.0/vpn/endpoint-groups HTTP/1.1" status: 200 len: 1110 time: 0.0156188
