2026-03-02 22:28:46.253 10 INFO neutron.plugins.ml2.drivers.ovn.mech_driver.mech_driver [None req-ab6bebf8-81d7-4154-9122-b25a1953607a - - - - - -] OVN reports status up for port: ceb1eb8b-cd12-47c7-bfe3-56b982870ed5
2026-03-02 22:28:46.272 10 INFO neutron.plugins.ml2.plugin [None req-ab6bebf8-81d7-4154-9122-b25a1953607a - - - - - -] Attempt 1 to provision port ceb1eb8b-cd12-47c7-bfe3-56b982870ed5
2026-03-02 22:28:46.292 10 INFO neutron.db.ovn_revision_numbers_db [None req-27556e78-0c48-4204-8965-672e4096549a 5f7a3244a16a4ac59404711d546d8fe3 6f07c9a3a5944c0a814a6f13a1b34deb - - default default] Successfully bumped revision number for resource ceb1eb8b-cd12-47c7-bfe3-56b982870ed5 (type: ports) to 1
2026-03-02 22:28:46.447 10 WARNING neutron.scheduler.dhcp_agent_scheduler [None req-27556e78-0c48-4204-8965-672e4096549a 5f7a3244a16a4ac59404711d546d8fe3 6f07c9a3a5944c0a814a6f13a1b34deb - - default default] No more DHCP agents
2026-03-02 22:28:46.456 10 WARNING neutron.api.rpc.agentnotifiers.dhcp_rpc_agent_api [None req-27556e78-0c48-4204-8965-672e4096549a 5f7a3244a16a4ac59404711d546d8fe3 6f07c9a3a5944c0a814a6f13a1b34deb - - default default] Unable to schedule network a00a614b-608d-4ecb-9d42-5ad947bf2061: no agents available; will retry on subsequent port and subnet creation events.
2026-03-02 22:28:46.603 9 INFO neutron.wsgi [None req-033cfaf1-1c30-40eb-a108-ec0d5c0afb0d 5cb92dda318b4519a5077bfd3e5874dd 622d0803e25246bfa447c09d0950a7de - - default default] 10.0.0.47 "DELETE /v2.0/floatingips/ad4f7d8d-1508-48ca-8762-221414cf81cc HTTP/1.1" status: 204 len: 168 time: 0.3479331
2026-03-02 22:28:46.724 10 INFO neutron.db.ovn_revision_numbers_db [None req-27556e78-0c48-4204-8965-672e4096549a 5f7a3244a16a4ac59404711d546d8fe3 6f07c9a3a5944c0a814a6f13a1b34deb - - default default] Successfully bumped revision number for resource ceb1eb8b-cd12-47c7-bfe3-56b982870ed5 (type: router_ports) to 1
2026-03-02 22:28:46.731 10 INFO neutron.wsgi [None req-27556e78-0c48-4204-8965-672e4096549a 5f7a3244a16a4ac59404711d546d8fe3 6f07c9a3a5944c0a814a6f13a1b34deb - - default default] 10.0.0.47 "PUT /v2.0/routers/f1fdea29-4c6f-4da7-b2bb-9e31b11218a1/add_router_interface HTTP/1.1" status: 200 len: 503 time: 1.9759533
2026-03-02 22:28:46.786 9 INFO neutron.wsgi [None req-c42d7367-cbe2-4aab-b7fc-10652efba4b8 5f7a3244a16a4ac59404711d546d8fe3 6f07c9a3a5944c0a814a6f13a1b34deb - - default default] 10.0.0.47 "GET /v2.0/ports/ceb1eb8b-cd12-47c7-bfe3-56b982870ed5 HTTP/1.1" status: 200 len: 1141 time: 0.0496042
2026-03-02 22:28:46.793 9 INFO neutron.notifiers.nova [-] Nova event matching ['req-545f6648-3776-4926-8c78-a20b8d4b9c60'] response: {'server_uuid': '25caa8ad-8045-462e-91a0-85210cafcb07', 'name': 'network-vif-deleted', 'tag': '4a643209-d56d-4635-a91f-f27c3066a92c', 'status': 'completed', 'code': 200}
2026-03-02 22:28:46.794 9 INFO neutron.notifiers.nova [-] Nova event matching ['req-545f6648-3776-4926-8c78-a20b8d4b9c60'] response: {'server_uuid': '7b275bc1-6337-4f48-a232-7b4db6af7962', 'name': 'network-vif-deleted', 'tag': '8b0ab2b3-ef39-4695-9a9a-308068a70d61', 'status': 'completed', 'code': 200}
2026-03-02 22:28:46.867 9 INFO neutron.wsgi [-] 10.0.0.44 "GET / HTTP/1.1" status: 200 len: 247 time: 0.0012181
2026-03-02 22:28:46.868 9 INFO neutron.wsgi [-] 10.0.0.44 "GET / HTTP/1.1" status: 200 len: 247 time: 0.0009694
2026-03-02 22:28:47.136 10 INFO neutron.db.ovn_revision_numbers_db [None req-ab6bebf8-81d7-4154-9122-b25a1953607a - - - - - -] Successfully bumped revision number for resource ceb1eb8b-cd12-47c7-bfe3-56b982870ed5 (type: ports) to 2
2026-03-02 22:28:47.293 10 INFO neutron.db.ovn_revision_numbers_db [None req-ab6bebf8-81d7-4154-9122-b25a1953607a - - - - - -] Successfully bumped revision number for resource ceb1eb8b-cd12-47c7-bfe3-56b982870ed5 (type: router_ports) to 2
2026-03-02 22:28:47.782 9 WARNING neutron.scheduler.dhcp_agent_scheduler [None req-63946051-4af9-431b-8d7c-1900f4298dd8 5f7a3244a16a4ac59404711d546d8fe3 6f07c9a3a5944c0a814a6f13a1b34deb - - default default] No more DHCP agents
2026-03-02 22:28:47.787 9 WARNING neutron.api.rpc.agentnotifiers.dhcp_rpc_agent_api [None req-63946051-4af9-431b-8d7c-1900f4298dd8 5f7a3244a16a4ac59404711d546d8fe3 6f07c9a3a5944c0a814a6f13a1b34deb - - default default] Unable to schedule network 13d6e8d8-5940-4cec-88be-0ef4c7a48b3d: no agents available; will retry on subsequent port and subnet creation events.
2026-03-02 22:28:47.835 10 INFO neutron.wsgi [None req-fcc84c35-de83-4949-8a1f-628d57967f65 6195e1ae26dd4545ad79c346fe9666a7 a6d2f78b96a4433b9cd04218abadbfcd - - default default] 10.0.0.47 "PUT /v2.0/routers/1b6eb753-5f55-48a5-a5b5-65846eb7c252/remove_router_interface HTTP/1.1" status: 200 len: 503 time: 1.7238493 /var/lib/openstack/lib/python3.10/site-packages/pycadf/identifier.py:71: UserWarning: Invalid uuid: neutron. To ensure interoperability, identifiers should be a valid uuid. warnings.warn(('Invalid uuid: %s. To ensure interoperability, '
2026-03-02 22:28:47.985 9 INFO neutron.db.ovn_revision_numbers_db [None req-63946051-4af9-431b-8d7c-1900f4298dd8 5f7a3244a16a4ac59404711d546d8fe3 6f07c9a3a5944c0a814a6f13a1b34deb - - default default] Successfully bumped revision number for resource a793e821-ea7a-4061-8898-8faed5f88696 (type: ports) to 1
2026-03-02 22:28:48.458 9 INFO neutron.wsgi [None req-b7c8a6b2-4120-434b-a891-b759ea991b3c 6195e1ae26dd4545ad79c346fe9666a7 a6d2f78b96a4433b9cd04218abadbfcd - - default default] 10.0.0.208 "GET /v2.0/floatingips HTTP/1.1" status: 200 len: 193 time: 0.4016488
2026-03-02 22:28:48.638 9 INFO neutron.wsgi [None req-9f129e7a-913f-4bd4-a66a-aac727941ede 6195e1ae26dd4545ad79c346fe9666a7 a6d2f78b96a4433b9cd04218abadbfcd - - default default] 10.0.0.208 "GET /v2.0/networks HTTP/1.1" status: 200 len: 5365 time: 0.1795847 /var/lib/openstack/lib/python3.10/site-packages/pycadf/identifier.py:71: UserWarning: Invalid uuid: neutron. To ensure interoperability, identifiers should be a valid uuid. warnings.warn(('Invalid uuid: %s. To ensure interoperability, '
2026-03-02 22:28:48.723 9 INFO neutron.wsgi [None req-2582d144-f547-42d4-827b-9481eaf0c9ce 6195e1ae26dd4545ad79c346fe9666a7 a6d2f78b96a4433b9cd04218abadbfcd - - default default] 10.0.0.47 "PUT /v2.0/routers/00c54699-8e45-4f30-bbda-929b1caf6cc0/remove_router_interface HTTP/1.1" status: 200 len: 503 time: 2.1139405
2026-03-02 22:28:48.744 9 INFO neutron.wsgi [None req-8c2c7011-1946-4976-a765-e9d26c79919c 6195e1ae26dd4545ad79c346fe9666a7 a6d2f78b96a4433b9cd04218abadbfcd - - default default] 10.0.0.208 "GET /v2.0/agents HTTP/1.1" status: 200 len: 1390 time: 0.0668163
2026-03-02 22:28:48.861 9 INFO neutron.wsgi [None req-00358030-223e-4a55-bf54-81b889375bbf 6195e1ae26dd4545ad79c346fe9666a7 a6d2f78b96a4433b9cd04218abadbfcd - - default default] 10.0.0.208 "GET /v2.0/security-groups HTTP/1.1" status: 200 len: 26290 time: 0.1142726
2026-03-02 22:28:48.907 10 INFO neutron.wsgi [None req-22a3e15c-b8fe-4511-a5da-bb3f4140a115 6195e1ae26dd4545ad79c346fe9666a7 a6d2f78b96a4433b9cd04218abadbfcd - - default default] 10.0.0.47 "DELETE /v2.0/routers/1b6eb753-5f55-48a5-a5b5-65846eb7c252 HTTP/1.1" status: 204 len: 168 time: 1.0687144
2026-03-02 22:28:48.990 9 INFO neutron.wsgi [None req-14fc34e8-cc0c-4d71-8483-ec69943c133b 6195e1ae26dd4545ad79c346fe9666a7 a6d2f78b96a4433b9cd04218abadbfcd - - default default] 10.0.0.208 "GET /v2.0/ports HTTP/1.1" status: 200 len: 12449 time: 0.1148407
2026-03-02 22:28:49.420 9 INFO neutron.wsgi [None req-db6a84cc-9f68-42ea-9e50-b5b429993ae8 6195e1ae26dd4545ad79c346fe9666a7 a6d2f78b96a4433b9cd04218abadbfcd - - default default] 10.0.0.208 "GET /v2.0/routers HTTP/1.1" status: 200 len: 1768 time: 0.4185677
2026-03-02 22:28:49.440 9 INFO neutron.wsgi [None req-d5ab6704-fcc9-4410-a649-e2b6d73f3db3 6195e1ae26dd4545ad79c346fe9666a7 a6d2f78b96a4433b9cd04218abadbfcd - - default default] 10.0.0.208 "GET /v2.0/agents?binary=ovn-controller HTTP/1.1" status: 200 len: 591 time: 0.0136809
2026-03-02 22:28:49.452 9 ERROR ovsdbapp.backend.ovs_idl.command [None req-63946051-4af9-431b-8d7c-1900f4298dd8 5f7a3244a16a4ac59404711d546d8fe3 6f07c9a3a5944c0a814a6f13a1b34deb - - default default] Error executing command (DbGetCommand): ovsdbapp.backend.ovs_idl.idlutils.RowNotFound: Cannot find Logical_Router_Port with name=lrp-a793e821-ea7a-4061-8898-8faed5f88696
2026-03-02 22:28:49.452 9 ERROR ovsdbapp.backend.ovs_idl.command
Traceback (most recent call last):
2026-03-02 22:28:49.452 9 ERROR ovsdbapp.backend.ovs_idl.command
File "/var/lib/openstack/lib/python3.10/site-packages/ovsdbapp/backend/ovs_idl/command.py", line 47, in execute
2026-03-02 22:28:49.452 9 ERROR ovsdbapp.backend.ovs_idl.command self.run_idl(None)
2026-03-02 22:28:49.452 9 ERROR ovsdbapp.backend.ovs_idl.command
File "/var/lib/openstack/lib/python3.10/site-packages/ovsdbapp/backend/ovs_idl/command.py", line 235, in run_idl
2026-03-02 22:28:49.452 9 ERROR ovsdbapp.backend.ovs_idl.command record = self.api.lookup(self.table, self.record)
2026-03-02 22:28:49.452 9 ERROR ovsdbapp.backend.ovs_idl.command
File "/var/lib/openstack/lib/python3.10/site-packages/ovsdbapp/backend/ovs_idl/__init__.py", line 184, in lookup
2026-03-02 22:28:49.452 9 ERROR ovsdbapp.backend.ovs_idl.command return self._lookup(table, record)
2026-03-02 22:28:49.452 9 ERROR ovsdbapp.backend.ovs_idl.command
File "/var/lib/openstack/lib/python3.10/site-packages/ovsdbapp/backend/ovs_idl/__init__.py", line 235, in _lookup
2026-03-02 22:28:49.452 9 ERROR ovsdbapp.backend.ovs_idl.command row = idlutils.row_by_value(self, rl.table, rl.column, record)
2026-03-02 22:28:49.452 9 ERROR ovsdbapp.backend.ovs_idl.command
File "/var/lib/openstack/lib/python3.10/site-packages/ovsdbapp/backend/ovs_idl/idlutils.py", line 114, in row_by_value
2026-03-02 22:28:49.452 9 ERROR ovsdbapp.backend.ovs_idl.command raise RowNotFound(table=table, col=column, match=match)
2026-03-02 22:28:49.452 9 ERROR ovsdbapp.backend.ovs_idl.command ovsdbapp.backend.ovs_idl.idlutils.RowNotFound: Cannot find Logical_Router_Port with name=lrp-a793e821-ea7a-4061-8898-8faed5f88696
2026-03-02 22:28:49.452 9 ERROR ovsdbapp.backend.ovs_idl.command 
2026-03-02 22:28:49.452 9 ERROR neutron_lib.callbacks.manager [None req-63946051-4af9-431b-8d7c-1900f4298dd8 5f7a3244a16a4ac59404711d546d8fe3 6f07c9a3a5944c0a814a6f13a1b34deb - - default default] Error during notification for neutron.services.ovn_l3.plugin.OVNL3RouterPlugin._port_update-8771042332399 port, after_update: ovsdbapp.backend.ovs_idl.idlutils.RowNotFound: Cannot find Logical_Router_Port with name=lrp-a793e821-ea7a-4061-8898-8faed5f88696
2026-03-02 22:28:49.452 9 ERROR neutron_lib.callbacks.manager
Traceback (most recent call last):
2026-03-02 22:28:49.452 9 ERROR neutron_lib.callbacks.manager
File "/var/lib/openstack/lib/python3.10/site-packages/neutron_lib/callbacks/manager.py", line 189, in _notify_loop
2026-03-02 22:28:49.452 9 ERROR neutron_lib.callbacks.manager callback.method(resource, event, trigger, payload=payload)
2026-03-02 22:28:49.452 9 ERROR neutron_lib.callbacks.manager
File "/var/lib/openstack/lib/python3.10/site-packages/neutron/services/ovn_l3/plugin.py", line 391, in _port_update
2026-03-02 22:28:49.452 9 ERROR neutron_lib.callbacks.manager l3plugin._ovn_client.update_router_port(context,
2026-03-02 22:28:49.452 9 ERROR neutron_lib.callbacks.manager
File "/var/lib/openstack/lib/python3.10/site-packages/neutron/plugins/ml2/drivers/ovn/mech_driver/ovsdb/ovn_client.py", line 1878, in update_router_port
2026-03-02 22:28:49.452 9 ERROR neutron_lib.callbacks.manager self._update_lrouter_port(context, port, if_exists=if_exists,
2026-03-02 22:28:49.452 9 ERROR neutron_lib.callbacks.manager
File "/var/lib/openstack/lib/python3.10/site-packages/neutron/plugins/ml2/drivers/ovn/mech_driver/ovsdb/ovn_client.py", line 1855, in _update_lrouter_port
2026-03-02 22:28:49.452 9 ERROR neutron_lib.callbacks.manager external_ids = self._nb_idl.db_get(
2026-03-02 22:28:49.452 9 ERROR neutron_lib.callbacks.manager
File "/var/lib/openstack/lib/python3.10/site-packages/ovsdbapp/backend/ovs_idl/command.py", line 47, in execute
2026-03-02 22:28:49.452 9 ERROR neutron_lib.callbacks.manager self.run_idl(None)
2026-03-02 22:28:49.452 9 ERROR neutron_lib.callbacks.manager
File "/var/lib/openstack/lib/python3.10/site-packages/ovsdbapp/backend/ovs_idl/command.py", line 235, in run_idl
2026-03-02 22:28:49.452 9 ERROR neutron_lib.callbacks.manager record = self.api.lookup(self.table, self.record)
2026-03-02 22:28:49.452 9 ERROR neutron_lib.callbacks.manager
File "/var/lib/openstack/lib/python3.10/site-packages/ovsdbapp/backend/ovs_idl/__init__.py", line 184, in lookup
2026-03-02 22:28:49.452 9 ERROR neutron_lib.callbacks.manager return self._lookup(table, record)
2026-03-02 22:28:49.452 9 ERROR neutron_lib.callbacks.manager
File "/var/lib/openstack/lib/python3.10/site-packages/ovsdbapp/backend/ovs_idl/__init__.py", line 235, in _lookup
2026-03-02 22:28:49.452 9 ERROR neutron_lib.callbacks.manager row = idlutils.row_by_value(self, rl.table, rl.column, record)
2026-03-02 22:28:49.452 9 ERROR neutron_lib.callbacks.manager
File "/var/lib/openstack/lib/python3.10/site-packages/ovsdbapp/backend/ovs_idl/idlutils.py", line 114, in row_by_value
2026-03-02 22:28:49.452 9 ERROR neutron_lib.callbacks.manager raise RowNotFound(table=table, col=column, match=match)
2026-03-02 22:28:49.452 9 ERROR neutron_lib.callbacks.manager ovsdbapp.backend.ovs_idl.idlutils.RowNotFound: Cannot find Logical_Router_Port with name=lrp-a793e821-ea7a-4061-8898-8faed5f88696
2026-03-02 22:28:49.452 9 ERROR neutron_lib.callbacks.manager 
2026-03-02 22:28:49.457 10 INFO neutron.wsgi [None req-8744436f-8026-4049-8be4-ba2f19ceefc5 6195e1ae26dd4545ad79c346fe9666a7 a6d2f78b96a4433b9cd04218abadbfcd - - default default] 10.0.0.47 "DELETE /v2.0/subnets/f4ca99cc-b3b7-4cfa-aa21-eb8484efb5a5 HTTP/1.1" status: 204 len: 168 time: 0.5459008
2026-03-02 22:28:49.459 9 INFO neutron.wsgi [None req-474cec0f-fcda-4152-aca6-75444473f522 6195e1ae26dd4545ad79c346fe9666a7 a6d2f78b96a4433b9cd04218abadbfcd - - default default] 10.0.0.208 "GET /v2.0/network-ip-availabilities HTTP/1.1" status: 200 len: 2950 time: 0.0182230
2026-03-02 22:28:49.518 9 INFO neutron.wsgi [None req-8f74f33c-c1ae-4a8c-be30-7b5b02fd5bbd 6195e1ae26dd4545ad79c346fe9666a7 a6d2f78b96a4433b9cd04218abadbfcd - - default default] 10.0.0.208 "GET /v2.0/subnets HTTP/1.1" status: 200 len: 3363 time: 0.0534711
2026-03-02 22:28:49.571 10 INFO neutron.db.ovn_revision_numbers_db [None req-bec4a00e-9db9-4c60-8284-c86857bb2125 6536dec3271c4592a8832778d8c1c388 2f5f1225e14847879a9f7385c8cd8b40 - - default default] Successfully bumped revision number for resource 1897536f-675c-43ca-af56-1f7741d9bea2 (type: security_groups) to 1
2026-03-02 22:28:49.590 9 INFO neutron.wsgi [None req-d875f7b3-7a55-45d0-812a-0ba5257fd1d2 6195e1ae26dd4545ad79c346fe9666a7 a6d2f78b96a4433b9cd04218abadbfcd - - default default] 10.0.0.208 "GET /v2.0/subnets HTTP/1.1" status: 200 len: 3363 time: 0.0587962
2026-03-02 22:28:49.593 10 INFO neutron.db.ovn_revision_numbers_db [None req-bec4a00e-9db9-4c60-8284-c86857bb2125 6536dec3271c4592a8832778d8c1c388 2f5f1225e14847879a9f7385c8cd8b40 - - default default] Successfully bumped revision number for resource 79b48672-78b1-47e6-b88c-592b2c0f1a0b (type: security_group_rules) to 0
2026-03-02 22:28:49.604 9 INFO neutron.wsgi [None req-0e69357a-e73b-4dd0-9266-ebf03154b633 6195e1ae26dd4545ad79c346fe9666a7 a6d2f78b96a4433b9cd04218abadbfcd - - default default] 10.0.0.208 "GET /v2.0/subnetpools HTTP/1.1" status: 200 len: 193 time: 0.0114264
2026-03-02 22:28:49.627 10 INFO neutron.db.ovn_revision_numbers_db [None req-bec4a00e-9db9-4c60-8284-c86857bb2125 6536dec3271c4592a8832778d8c1c388 2f5f1225e14847879a9f7385c8cd8b40 - - default default] Successfully bumped revision number for resource 7baf484f-0917-4e38-8ab6-6b12abd4507d (type: security_group_rules) to 0
2026-03-02 22:28:49.659 10 INFO neutron.db.ovn_revision_numbers_db [None req-bec4a00e-9db9-4c60-8284-c86857bb2125 6536dec3271c4592a8832778d8c1c388 2f5f1225e14847879a9f7385c8cd8b40 - - default default] Successfully bumped revision number for resource 8b0ebafb-8ccc-4a7d-b557-24c454228ae5 (type: security_group_rules) to 0
2026-03-02 22:28:49.688 9 INFO neutron.db.ovn_revision_numbers_db [None req-63946051-4af9-431b-8d7c-1900f4298dd8 5f7a3244a16a4ac59404711d546d8fe3 6f07c9a3a5944c0a814a6f13a1b34deb - - default default] Successfully bumped revision number for resource a793e821-ea7a-4061-8898-8faed5f88696 (type: ports) to 1
2026-03-02 22:28:49.693 10 INFO neutron.db.ovn_revision_numbers_db [None req-bec4a00e-9db9-4c60-8284-c86857bb2125 6536dec3271c4592a8832778d8c1c388 2f5f1225e14847879a9f7385c8cd8b40 - - default default] Successfully bumped revision number for resource e914c95a-531f-4e97-b883-fe71d2b4341f (type: security_group_rules) to 0
2026-03-02 22:28:49.752 9 WARNING neutron.scheduler.dhcp_agent_scheduler [None req-63946051-4af9-431b-8d7c-1900f4298dd8 5f7a3244a16a4ac59404711d546d8fe3 6f07c9a3a5944c0a814a6f13a1b34deb - - default default] No more DHCP agents
2026-03-02 22:28:49.753 9 WARNING neutron.api.rpc.agentnotifiers.dhcp_rpc_agent_api [None req-63946051-4af9-431b-8d7c-1900f4298dd8 5f7a3244a16a4ac59404711d546d8fe3 6f07c9a3a5944c0a814a6f13a1b34deb - - default default] Unable to schedule network 13d6e8d8-5940-4cec-88be-0ef4c7a48b3d: no agents available; will retry on subsequent port and subnet creation events.
2026-03-02 22:28:49.763 10 INFO neutron.db.segments_db [None req-bec4a00e-9db9-4c60-8284-c86857bb2125 6536dec3271c4592a8832778d8c1c388 2f5f1225e14847879a9f7385c8cd8b40 - - default default] Added segment 2719b347-c5e7-4aa4-86f8-04424b025472 of type geneve for network d9533f3c-9a93-4ed7-9bf8-f0f7f2815d62
2026-03-02 22:28:49.905 9 INFO neutron.db.ovn_revision_numbers_db [None req-63946051-4af9-431b-8d7c-1900f4298dd8 5f7a3244a16a4ac59404711d546d8fe3 6f07c9a3a5944c0a814a6f13a1b34deb - - default default] Successfully bumped revision number for resource a793e821-ea7a-4061-8898-8faed5f88696 (type: router_ports) to 1
2026-03-02 22:28:49.913 9 INFO neutron.wsgi [None req-63946051-4af9-431b-8d7c-1900f4298dd8 5f7a3244a16a4ac59404711d546d8fe3 6f07c9a3a5944c0a814a6f13a1b34deb - - default default] 10.0.0.47 "PUT /v2.0/routers/f1fdea29-4c6f-4da7-b2bb-9e31b11218a1/add_router_interface HTTP/1.1" status: 200 len: 503 time: 3.1217380
2026-03-02 22:28:49.982 10 INFO neutron.db.ovn_revision_numbers_db [None req-bec4a00e-9db9-4c60-8284-c86857bb2125 6536dec3271c4592a8832778d8c1c388 2f5f1225e14847879a9f7385c8cd8b40 - - default default] Successfully bumped revision number for resource d9533f3c-9a93-4ed7-9bf8-f0f7f2815d62 (type: networks) to 1
2026-03-02 22:28:50.004 9 INFO neutron.wsgi [None req-27587e89-b976-46e8-a949-b87843084825 5f7a3244a16a4ac59404711d546d8fe3 6f07c9a3a5944c0a814a6f13a1b34deb - - default default] 10.0.0.47 "GET /v2.0/ports/a793e821-ea7a-4061-8898-8faed5f88696 HTTP/1.1" status: 200 len: 1147 time: 0.0875342
2026-03-02 22:28:50.045 9 INFO neutron.wsgi [None req-1955c317-8f42-4680-adb1-18eb153a574e 5f7a3244a16a4ac59404711d546d8fe3 6f07c9a3a5944c0a814a6f13a1b34deb - - default default] 10.0.0.47 "GET /v2.0/ports/a793e821-ea7a-4061-8898-8faed5f88696 HTTP/1.1" status: 200 len: 1147 time: 0.0357006
2026-03-02 22:28:50.251 10 INFO neutron.services.segments.plugin [-] Segment 802a08ad-0b6c-479e-a976-59f72c0429c3 resource provider aggregate not found
2026-03-02 22:28:50.255 10 INFO neutron.services.segments.plugin [-] Segment 802a08ad-0b6c-479e-a976-59f72c0429c3 resource provider aggregate not found
2026-03-02 22:28:50.274 10 INFO neutron.services.segments.plugin [-] Segment 802a08ad-0b6c-479e-a976-59f72c0429c3 resource provider not found; error: Placement Client Error (4xx): {"errors": [{"status": 404, "title": "Not Found", "detail": "The resource could not be found.\n\n No resource provider with uuid 802a08ad-0b6c-479e-a976-59f72c0429c3 found for delete ", "request_id": "req-b959ee51-8f8f-46f1-9b16-19373372de53"}]}
2026-03-02 22:28:50.276 10 INFO neutron.services.segments.plugin [-] Segment 802a08ad-0b6c-479e-a976-59f72c0429c3 resource provider not found; error: Placement Client Error (4xx): {"errors": [{"status": 404, "title": "Not Found", "detail": "The resource could not be found.\n\n No resource provider with uuid 802a08ad-0b6c-479e-a976-59f72c0429c3 found for delete ", "request_id": "req-14e48b50-aa40-4cbf-b1d6-6b4557e44849"}]}
2026-03-02 22:28:50.351 10 INFO neutron.wsgi [None req-bb587e16-ef7c-4fff-9b67-437a4271cc5c 6195e1ae26dd4545ad79c346fe9666a7 a6d2f78b96a4433b9cd04218abadbfcd - - default default] 10.0.0.47 "DELETE /v2.0/networks/50fd85a6-a163-4703-9dbb-041df3d38326 HTTP/1.1" status: 204 len: 168 time: 0.8864529
2026-03-02 22:28:50.376 10 INFO neutron.wsgi [None req-995226ed-1648-45e4-9f6d-df9e224de970 6195e1ae26dd4545ad79c346fe9666a7 a6d2f78b96a4433b9cd04218abadbfcd - - default default] 10.0.0.47 "DELETE /v2.0/routers/00c54699-8e45-4f30-bbda-929b1caf6cc0 HTTP/1.1" status: 204 len: 168 time: 1.6403279
2026-03-02 22:28:50.388 10 WARNING neutron.scheduler.dhcp_agent_scheduler [None req-bec4a00e-9db9-4c60-8284-c86857bb2125 6536dec3271c4592a8832778d8c1c388 2f5f1225e14847879a9f7385c8cd8b40 - - default default] No more DHCP agents
2026-03-02 22:28:50.391 10 WARNING neutron.api.rpc.agentnotifiers.dhcp_rpc_agent_api [None req-bec4a00e-9db9-4c60-8284-c86857bb2125 6536dec3271c4592a8832778d8c1c388 2f5f1225e14847879a9f7385c8cd8b40 - - default default] Unable to schedule network d9533f3c-9a93-4ed7-9bf8-f0f7f2815d62: no agents available; will retry on subsequent port and subnet creation events.
2026-03-02 22:28:50.500 10 INFO neutron.db.ovn_revision_numbers_db [None req-bec4a00e-9db9-4c60-8284-c86857bb2125 6536dec3271c4592a8832778d8c1c388 2f5f1225e14847879a9f7385c8cd8b40 - - default default] Successfully bumped revision number for resource 6fefc512-7326-48c5-a42a-ff26fc3f3d95 (type: ports) to 1
2026-03-02 22:28:50.525 10 INFO neutron.wsgi [None req-ddf2f2d0-6e56-4867-a350-ed1a931d9294 6195e1ae26dd4545ad79c346fe9666a7 a6d2f78b96a4433b9cd04218abadbfcd - - default default] 10.0.0.47 "GET /v2.0/security-groups?tenant_id=b31d0bca0eb548aeb54ecc03e55665b3&name=default HTTP/1.1" status: 200 len: 3120 time: 0.0413039
2026-03-02 22:28:50.528 10 INFO neutron.wsgi [None req-bec4a00e-9db9-4c60-8284-c86857bb2125 6536dec3271c4592a8832778d8c1c388 2f5f1225e14847879a9f7385c8cd8b40 - - default default] 10.0.0.47 "POST /v2.0/networks HTTP/1.1" status: 201 len: 929 time: 1.3070192
2026-03-02 22:28:50.593 9 INFO neutron.wsgi [None req-f3d1f39b-d3c8-4f5f-bb21-9687eef06fec 6195e1ae26dd4545ad79c346fe9666a7 a6d2f78b96a4433b9cd04218abadbfcd - - default default] 10.0.0.47 "DELETE /v2.0/subnets/f83b5525-8dab-469a-aba5-da3495c0b841 HTTP/1.1" status: 204 len: 168 time: 0.2114179
2026-03-02 22:28:50.722 10 WARNING neutron.scheduler.dhcp_agent_scheduler [None req-e254f744-b9ea-4f6f-bcbc-a87c2ca74678 6536dec3271c4592a8832778d8c1c388 2f5f1225e14847879a9f7385c8cd8b40 - - default default] No more DHCP agents
2026-03-02 22:28:50.727 10 WARNING neutron.api.rpc.agentnotifiers.dhcp_rpc_agent_api [None req-e254f744-b9ea-4f6f-bcbc-a87c2ca74678 6536dec3271c4592a8832778d8c1c388 2f5f1225e14847879a9f7385c8cd8b40 - - default default] Unable to schedule network d9533f3c-9a93-4ed7-9bf8-f0f7f2815d62: no agents available; will retry on subsequent port and subnet creation events.
2026-03-02 22:28:50.822 10 INFO neutron.wsgi [None req-7d64ef75-1cd4-4031-814b-6c1ebd8d6fe2 6195e1ae26dd4545ad79c346fe9666a7 a6d2f78b96a4433b9cd04218abadbfcd - - default default] 10.0.0.47 "DELETE /v2.0/security-groups/8d2eadf0-a31d-4826-8fbe-6f8fbc50dec1 HTTP/1.1" status: 204 len: 168 time: 0.2926290
2026-03-02 22:28:50.967 9 INFO neutron.services.segments.plugin [-] Segment 3aa1f3ca-ff20-4a99-87ee-74b632efc763 resource provider aggregate not found
2026-03-02 22:28:50.972 9 INFO neutron.services.segments.plugin [-] Segment 3aa1f3ca-ff20-4a99-87ee-74b632efc763 resource provider aggregate not found
2026-03-02 22:28:50.985 9 INFO neutron.services.segments.plugin [-] Segment 3aa1f3ca-ff20-4a99-87ee-74b632efc763 resource provider not found; error: Placement Client Error (4xx): {"errors": [{"status": 404, "title": "Not Found", "detail": "The resource could not be found.\n\n No resource provider with uuid 3aa1f3ca-ff20-4a99-87ee-74b632efc763 found for delete ", "request_id": "req-bc23318e-b45d-43bf-a1ec-39046a741ebc"}]}
2026-03-02 22:28:50.986 9 INFO neutron.services.segments.plugin [-] Segment 3aa1f3ca-ff20-4a99-87ee-74b632efc763 resource provider not found; error: Placement Client Error (4xx): {"errors": [{"status": 404, "title": "Not Found", "detail": "The resource could not be found.\n\n No resource provider with uuid 3aa1f3ca-ff20-4a99-87ee-74b632efc763 found for delete ", "request_id": "req-12222a8e-4f68-4789-814f-77f96e7864ec"}]}
2026-03-02 22:28:51.008 9 INFO neutron.wsgi [None req-132c5fd2-f52d-47ec-904e-5e7a6616418f 6195e1ae26dd4545ad79c346fe9666a7 a6d2f78b96a4433b9cd04218abadbfcd - - default default] 10.0.0.47 "DELETE /v2.0/networks/df4003f1-f8d8-4ba0-9573-7dbc1be19d47 HTTP/1.1" status: 204 len: 168 time: 0.4106512
2026-03-02 22:28:51.083 9 INFO neutron.wsgi [None req-8021b268-9f71-49aa-a7de-27ccf53dfc0d 5f7a3244a16a4ac59404711d546d8fe3 6f07c9a3a5944c0a814a6f13a1b34deb - - default default] 10.0.0.47 "GET /v2.0/ports/a793e821-ea7a-4061-8898-8faed5f88696 HTTP/1.1" status: 200 len: 1147 time: 0.0326223
2026-03-02 22:28:51.198 9 INFO neutron.wsgi [None req-f67f6141-157c-4f8d-8488-94214a7e40a2 6195e1ae26dd4545ad79c346fe9666a7 a6d2f78b96a4433b9cd04218abadbfcd - - default default] 10.0.0.47 "GET /v2.0/security-groups?tenant_id=622d0803e25246bfa447c09d0950a7de&name=default HTTP/1.1" status: 200 len: 3120 time: 0.0580859
2026-03-02 22:28:51.207 10 INFO neutron.db.ovn_revision_numbers_db [None req-e254f744-b9ea-4f6f-bcbc-a87c2ca74678 6536dec3271c4592a8832778d8c1c388 2f5f1225e14847879a9f7385c8cd8b40 - - default default] Successfully bumped revision number for resource 6fefc512-7326-48c5-a42a-ff26fc3f3d95 (type: ports) to 2
2026-03-02 22:28:51.242 10 INFO neutron.db.ovn_revision_numbers_db [None req-e254f744-b9ea-4f6f-bcbc-a87c2ca74678 6536dec3271c4592a8832778d8c1c388 2f5f1225e14847879a9f7385c8cd8b40 - - default default] Successfully bumped revision number for resource 95d8c4ee-1099-462a-96a5-5f1aa640aed9 (type: subnets) to 0
2026-03-02 22:28:51.256 10 INFO neutron.wsgi [None req-e254f744-b9ea-4f6f-bcbc-a87c2ca74678 6536dec3271c4592a8832778d8c1c388 2f5f1225e14847879a9f7385c8cd8b40 - - default default] 10.0.0.47 "POST /v2.0/subnets HTTP/1.1" status: 201 len: 819 time: 0.7211144
2026-03-02 22:28:51.265 10 WARNING neutron.api.v2.base [None req-6234d17a-508e-4b23-a277-3f49bda7c6bd 6536dec3271c4592a8832778d8c1c388 2f5f1225e14847879a9f7385c8cd8b40 - - default default] An exception happened while processing the request body. The exception message is [Invalid input for target_tenant. Reason: 'None' is not a valid string.].: webob.exc.HTTPBadRequest: Invalid input for target_tenant. Reason: 'None' is not a valid string.
2026-03-02 22:28:51.266 10 INFO neutron.api.v2.resource [None req-6234d17a-508e-4b23-a277-3f49bda7c6bd 6536dec3271c4592a8832778d8c1c388 2f5f1225e14847879a9f7385c8cd8b40 - - default default] create failed (client error): Invalid input for target_tenant. Reason: 'None' is not a valid string.
2026-03-02 22:28:51.267 10 INFO neutron.wsgi [None req-6234d17a-508e-4b23-a277-3f49bda7c6bd 6536dec3271c4592a8832778d8c1c388 2f5f1225e14847879a9f7385c8cd8b40 - - default default] 10.0.0.47 "POST /v2.0/rbac-policies HTTP/1.1" status: 400 len: 346 time: 0.0064361
2026-03-02 22:28:51.399 9 INFO neutron.wsgi [None req-50ceb8c9-fc3a-4a4a-ac77-c1bd7fa27fe3 6195e1ae26dd4545ad79c346fe9666a7 a6d2f78b96a4433b9cd04218abadbfcd - - default default] 10.0.0.47 "DELETE /v2.0/security-groups/1ce74966-d205-428b-9aa6-fabfbdabeba3 HTTP/1.1" status: 204 len: 168 time: 0.1969686
2026-03-02 22:28:51.787 10 INFO neutron.wsgi [None req-8a28ac3a-759f-45a1-adf2-0df699810829 6536dec3271c4592a8832778d8c1c388 2f5f1225e14847879a9f7385c8cd8b40 - - default default] 10.0.0.47 "DELETE /v2.0/networks/d9533f3c-9a93-4ed7-9bf8-f0f7f2815d62 HTTP/1.1" status: 204 len: 168 time: 0.5159822
2026-03-02 22:28:51.885 10 INFO neutron.db.segments_db [None req-f752a2b1-1950-4ac7-bca6-3a1cd1854951 6536dec3271c4592a8832778d8c1c388 2f5f1225e14847879a9f7385c8cd8b40 - - default default] Added segment 5b10fb0d-9baf-4af6-9cff-ae9e17c84b0c of type geneve for network e01aef9a-e93d-4a90-8e3b-ae71bcb738ce
2026-03-02 22:28:52.026 10 INFO neutron.db.ovn_revision_numbers_db [None req-f752a2b1-1950-4ac7-bca6-3a1cd1854951 6536dec3271c4592a8832778d8c1c388 2f5f1225e14847879a9f7385c8cd8b40 - - default default] Successfully bumped revision number for resource e01aef9a-e93d-4a90-8e3b-ae71bcb738ce (type: networks) to 1
2026-03-02 22:28:52.134 9 INFO neutron.wsgi [None req-107d8898-811d-48b2-86d3-4e620f5e17a5 5f7a3244a16a4ac59404711d546d8fe3 6f07c9a3a5944c0a814a6f13a1b34deb - - default default] 10.0.0.47 "GET /v2.0/ports/a793e821-ea7a-4061-8898-8faed5f88696 HTTP/1.1" status: 200 len: 1147 time: 0.0456324
2026-03-02 22:28:52.314 10 INFO neutron.services.segments.plugin [-] Segment 2719b347-c5e7-4aa4-86f8-04424b025472 resource provider aggregate not found
2026-03-02 22:28:52.318 10 INFO neutron.services.segments.plugin [-] Segment 2719b347-c5e7-4aa4-86f8-04424b025472 resource provider aggregate not found
2026-03-02 22:28:52.338 10 INFO neutron.services.segments.plugin [-] Segment 2719b347-c5e7-4aa4-86f8-04424b025472 resource provider not found; error: Placement Client Error (4xx): {"errors": [{"status": 404, "title": "Not Found", "detail": "The resource could not be found.\n\n No resource provider with uuid 2719b347-c5e7-4aa4-86f8-04424b025472 found for delete ", "request_id": "req-8b1e3dc4-1d57-4909-8e8d-4ceb1851d7f7"}]}
2026-03-02 22:28:52.339 10 INFO neutron.services.segments.plugin [-] Segment 2719b347-c5e7-4aa4-86f8-04424b025472 resource provider not found; error: Placement Client Error (4xx): {"errors": [{"status": 404, "title": "Not Found", "detail": "The resource could not be found.\n\n No resource provider with uuid 2719b347-c5e7-4aa4-86f8-04424b025472 found for delete ", "request_id": "req-fb97f42f-c376-423e-881e-af18ec7b4516"}]}
2026-03-02 22:28:52.349 10 WARNING neutron.plugins.ml2.drivers.ovn.mech_driver.ovsdb.ovn_client [None req-ab6bebf8-81d7-4154-9122-b25a1953607a - - - - - -] No hosting information found for port ceb1eb8b-cd12-47c7-bfe3-56b982870ed5: RuntimeError: No hosting information found for port ceb1eb8b-cd12-47c7-bfe3-56b982870ed5
2026-03-02 22:28:52.349 10 INFO neutron.plugins.ml2.drivers.ovn.mech_driver.mech_driver [None req-ab6bebf8-81d7-4154-9122-b25a1953607a - - - - - -] OVN reports status up for port: a793e821-ea7a-4061-8898-8faed5f88696
2026-03-02 22:28:52.362 10 INFO neutron.plugins.ml2.plugin [None req-ab6bebf8-81d7-4154-9122-b25a1953607a - - - - - -] Attempt 1 to provision port a793e821-ea7a-4061-8898-8faed5f88696
2026-03-02 22:28:52.501 10 WARNING neutron.scheduler.dhcp_agent_scheduler [None req-f752a2b1-1950-4ac7-bca6-3a1cd1854951 6536dec3271c4592a8832778d8c1c388 2f5f1225e14847879a9f7385c8cd8b40 - - default default] No more DHCP agents
2026-03-02 22:28:52.504 10 WARNING neutron.api.rpc.agentnotifiers.dhcp_rpc_agent_api [None req-f752a2b1-1950-4ac7-bca6-3a1cd1854951 6536dec3271c4592a8832778d8c1c388 2f5f1225e14847879a9f7385c8cd8b40 - - default default] Unable to schedule network e01aef9a-e93d-4a90-8e3b-ae71bcb738ce: no agents available; will retry on subsequent port and subnet creation events.
2026-03-02 22:28:52.639 10 INFO neutron.db.ovn_revision_numbers_db [None req-f752a2b1-1950-4ac7-bca6-3a1cd1854951 6536dec3271c4592a8832778d8c1c388 2f5f1225e14847879a9f7385c8cd8b40 - - default default] Successfully bumped revision number for resource 6a20211d-e128-4d85-baac-4e5d49519cb3 (type: ports) to 1
2026-03-02 22:28:52.668 10 INFO neutron.wsgi [None req-f752a2b1-1950-4ac7-bca6-3a1cd1854951 6536dec3271c4592a8832778d8c1c388 2f5f1225e14847879a9f7385c8cd8b40 - - default default] 10.0.0.47 "POST /v2.0/networks HTTP/1.1" status: 201 len: 928 time: 0.8713720
2026-03-02 22:28:52.872 10 INFO neutron.db.ovn_revision_numbers_db [None req-ab6bebf8-81d7-4154-9122-b25a1953607a - - - - - -] Successfully bumped revision number for resource a793e821-ea7a-4061-8898-8faed5f88696 (type: ports) to 2
2026-03-02 22:28:52.875 9 WARNING neutron.scheduler.dhcp_agent_scheduler [None req-c6c40af3-6f11-402a-a77a-cd0b1a8aba75 6536dec3271c4592a8832778d8c1c388 2f5f1225e14847879a9f7385c8cd8b40 - - default default] No more DHCP agents
2026-03-02 22:28:52.877 9 WARNING neutron.api.rpc.agentnotifiers.dhcp_rpc_agent_api [None req-c6c40af3-6f11-402a-a77a-cd0b1a8aba75 6536dec3271c4592a8832778d8c1c388 2f5f1225e14847879a9f7385c8cd8b40 - - default default] Unable to schedule network e01aef9a-e93d-4a90-8e3b-ae71bcb738ce: no agents available; will retry on subsequent port and subnet creation events.
2026-03-02 22:28:53.072 10 INFO neutron.db.ovn_revision_numbers_db [None req-ab6bebf8-81d7-4154-9122-b25a1953607a - - - - - -] Successfully bumped revision number for resource a793e821-ea7a-4061-8898-8faed5f88696 (type: router_ports) to 2
2026-03-02 22:28:53.258 10 INFO neutron.wsgi [None req-57407f0e-04ed-46ef-b739-76d9cd7791ff 5f7a3244a16a4ac59404711d546d8fe3 6f07c9a3a5944c0a814a6f13a1b34deb - - default default] 10.0.0.47 "GET /v2.0/ports/a793e821-ea7a-4061-8898-8faed5f88696 HTTP/1.1" status: 200 len: 1149 time: 0.1160088
2026-03-02 22:28:53.911 9 INFO neutron.db.ovn_revision_numbers_db [None req-c6c40af3-6f11-402a-a77a-cd0b1a8aba75 6536dec3271c4592a8832778d8c1c388 2f5f1225e14847879a9f7385c8cd8b40 - - default default] Successfully bumped revision number for resource 6a20211d-e128-4d85-baac-4e5d49519cb3 (type: ports) to 2
2026-03-02 22:28:53.973 9 INFO neutron.db.ovn_revision_numbers_db [None req-c6c40af3-6f11-402a-a77a-cd0b1a8aba75 6536dec3271c4592a8832778d8c1c388 2f5f1225e14847879a9f7385c8cd8b40 - - default default] Successfully bumped revision number for resource 6748cac3-c9cb-4d3c-b51e-b1feba9600a4 (type: subnets) to 0
2026-03-02 22:28:53.997 9 INFO neutron.wsgi [None req-c6c40af3-6f11-402a-a77a-cd0b1a8aba75 6536dec3271c4592a8832778d8c1c388 2f5f1225e14847879a9f7385c8cd8b40 - - default default] 10.0.0.47 "POST /v2.0/subnets HTTP/1.1" status: 201 len: 822 time: 1.3239264
2026-03-02 22:28:54.009 10 WARNING neutron.api.v2.base [None req-3b58fef4-daf1-470c-bf68-2603e4ada871 6536dec3271c4592a8832778d8c1c388 2f5f1225e14847879a9f7385c8cd8b40 - - default default] An exception happened while processing the request body. The exception message is [Invalid input for target_tenant. Reason: '1234123412341234123412341234123412341234123412341234123412341234123412341234123412341234123412341234123412341234123412341234123412341234123412341234123412341234123412341234123412341234123412341234123412341234123412341234123412341234123412341234123412341234123412341234123412341234123412341234123412341234123412341234123412341234123412341234123412341234123412341234123412341234123412341234123412341234' exceeds maximum length of 255.].: webob.exc.HTTPBadRequest: Invalid input for target_tenant. Reason: '1234123412341234123412341234123412341234123412341234123412341234123412341234123412341234123412341234123412341234123412341234123412341234123412341234123412341234123412341234123412341234123412341234123412341234123412341234123412341234123412341234123412341234123412341234123412341234123412341234123412341234123412341234123412341234123412341234123412341234123412341234123412341234123412341234123412341234' exceeds maximum length of 255.
2026-03-02 22:28:54.010 10 INFO neutron.api.v2.resource [None req-3b58fef4-daf1-470c-bf68-2603e4ada871 6536dec3271c4592a8832778d8c1c388 2f5f1225e14847879a9f7385c8cd8b40 - - default default] create failed (client error): Invalid input for target_tenant. Reason: '1234123412341234123412341234123412341234123412341234123412341234123412341234123412341234123412341234123412341234123412341234123412341234123412341234123412341234123412341234123412341234123412341234123412341234123412341234123412341234123412341234123412341234123412341234123412341234123412341234123412341234123412341234123412341234123412341234123412341234123412341234123412341234123412341234123412341234' exceeds maximum length of 255.
2026-03-02 22:28:54.011 10 INFO neutron.wsgi [None req-3b58fef4-daf1-470c-bf68-2603e4ada871 6536dec3271c4592a8832778d8c1c388 2f5f1225e14847879a9f7385c8cd8b40 - - default default] 10.0.0.47 "POST /v2.0/rbac-policies HTTP/1.1" status: 400 len: 750 time: 0.0088797
2026-03-02 22:28:54.373 9 INFO neutron.wsgi [None req-a78b5a03-f3a4-4fd8-9320-0d29639220aa 5f7a3244a16a4ac59404711d546d8fe3 6f07c9a3a5944c0a814a6f13a1b34deb - - default default] 10.0.0.47 "PUT /v2.0/routers/f1fdea29-4c6f-4da7-b2bb-9e31b11218a1/remove_router_interface HTTP/1.1" status: 200 len: 503 time: 1.1090493
2026-03-02 22:28:54.477 10 INFO neutron.wsgi [None req-0355d8ba-780e-4efb-bf42-1127508d62bf 5f7a3244a16a4ac59404711d546d8fe3 6f07c9a3a5944c0a814a6f13a1b34deb - - default default] 10.0.0.47 "GET /v2.0/ports/ceb1eb8b-cd12-47c7-bfe3-56b982870ed5 HTTP/1.1" status: 200 len: 1141 time: 0.0994604 /var/lib/openstack/lib/python3.10/site-packages/pycadf/identifier.py:71: UserWarning: Invalid uuid: neutron. To ensure interoperability, identifiers should be a valid uuid. warnings.warn(('Invalid uuid: %s. To ensure interoperability, '
2026-03-02 22:28:54.603 10 INFO neutron.services.segments.plugin [-] Segment 5b10fb0d-9baf-4af6-9cff-ae9e17c84b0c resource provider aggregate not found
2026-03-02 22:28:54.608 10 INFO neutron.services.segments.plugin [-] Segment 5b10fb0d-9baf-4af6-9cff-ae9e17c84b0c resource provider aggregate not found
2026-03-02 22:28:54.615 10 INFO neutron.services.segments.plugin [-] Segment 5b10fb0d-9baf-4af6-9cff-ae9e17c84b0c resource provider not found; error: Placement Client Error (4xx): {"errors": [{"status": 404, "title": "Not Found", "detail": "The resource could not be found.\n\n No resource provider with uuid 5b10fb0d-9baf-4af6-9cff-ae9e17c84b0c found for delete ", "request_id": "req-805ae183-71f9-467b-bde0-733097cff4de"}]}
2026-03-02 22:28:54.620 10 INFO neutron.services.segments.plugin [-] Segment 5b10fb0d-9baf-4af6-9cff-ae9e17c84b0c resource provider not found; error: Placement Client Error (4xx): {"errors": [{"status": 404, "title": "Not Found", "detail": "The resource could not be found.\n\n No resource provider with uuid 5b10fb0d-9baf-4af6-9cff-ae9e17c84b0c found for delete ", "request_id": "req-ec49ce79-48d4-4add-b3bf-c40a5244ae5a"}]}
2026-03-02 22:28:54.630 10 INFO neutron.wsgi [None req-0a8a488b-d35b-4e6a-8392-97f0af6693af 6536dec3271c4592a8832778d8c1c388 2f5f1225e14847879a9f7385c8cd8b40 - - default default] 10.0.0.47 "DELETE /v2.0/networks/e01aef9a-e93d-4a90-8e3b-ae71bcb738ce HTTP/1.1" status: 204 len: 168 time: 0.6140893
2026-03-02 22:28:54.759 9 INFO neutron.db.segments_db [None req-484203c7-a29b-4d2b-9080-0ca9ede78712 6536dec3271c4592a8832778d8c1c388 2f5f1225e14847879a9f7385c8cd8b40 - - default default] Added segment 97b5d9ca-656b-47fa-adfa-06ed356202f6 of type geneve for network 9b79807d-7401-430a-b767-961364007532
2026-03-02 22:28:54.961 9 INFO neutron.db.ovn_revision_numbers_db [None req-484203c7-a29b-4d2b-9080-0ca9ede78712 6536dec3271c4592a8832778d8c1c388 2f5f1225e14847879a9f7385c8cd8b40 - - default default] Successfully bumped revision number for resource 9b79807d-7401-430a-b767-961364007532 (type: networks) to 1
2026-03-02 22:28:55.204 9 WARNING neutron.scheduler.dhcp_agent_scheduler [None req-484203c7-a29b-4d2b-9080-0ca9ede78712 6536dec3271c4592a8832778d8c1c388 2f5f1225e14847879a9f7385c8cd8b40 - - default default] No more DHCP agents
2026-03-02 22:28:55.209 9 WARNING neutron.api.rpc.agentnotifiers.dhcp_rpc_agent_api [None req-484203c7-a29b-4d2b-9080-0ca9ede78712 6536dec3271c4592a8832778d8c1c388 2f5f1225e14847879a9f7385c8cd8b40 - - default default] Unable to schedule network 9b79807d-7401-430a-b767-961364007532: no agents available; will retry on subsequent port and subnet creation events.
2026-03-02 22:28:55.333 9 INFO neutron.wsgi [None req-02370d34-ec9f-4c5d-9845-1de9da2f62af 5f7a3244a16a4ac59404711d546d8fe3 6f07c9a3a5944c0a814a6f13a1b34deb - - default default] 10.0.0.47 "PUT /v2.0/routers/f1fdea29-4c6f-4da7-b2bb-9e31b11218a1/remove_router_interface HTTP/1.1" status: 200 len: 503 time: 0.8506057
2026-03-02 22:28:55.358 9 INFO neutron.db.ovn_revision_numbers_db [None req-484203c7-a29b-4d2b-9080-0ca9ede78712 6536dec3271c4592a8832778d8c1c388 2f5f1225e14847879a9f7385c8cd8b40 - - default default] Successfully bumped revision number for resource 9f38d840-8006-430c-805a-e3174de37ac7 (type: ports) to 1
2026-03-02 22:28:55.360 10 INFO neutron.wsgi [None req-22115c82-1076-4724-a9cf-7d6909d4c5be 5f7a3244a16a4ac59404711d546d8fe3 6f07c9a3a5944c0a814a6f13a1b34deb - - default default] 10.0.0.47 "GET /v2.0/ports?device_id=f1fdea29-4c6f-4da7-b2bb-9e31b11218a1 HTTP/1.1" status: 200 len: 205 time: 0.0210755
2026-03-02 22:28:55.382 9 INFO neutron.wsgi [None req-484203c7-a29b-4d2b-9080-0ca9ede78712 6536dec3271c4592a8832778d8c1c388 2f5f1225e14847879a9f7385c8cd8b40 - - default default] 10.0.0.47 "POST /v2.0/networks HTTP/1.1" status: 201 len: 929 time: 0.7453506 /var/lib/openstack/lib/python3.10/site-packages/pycadf/identifier.py:71: UserWarning: Invalid uuid: neutron. To ensure interoperability, identifiers should be a valid uuid. warnings.warn(('Invalid uuid: %s. To ensure interoperability, '
2026-03-02 22:28:55.533 9 WARNING neutron.scheduler.dhcp_agent_scheduler [None req-2abd08a7-d301-42dc-b10d-b81c16a124ab 6536dec3271c4592a8832778d8c1c388 2f5f1225e14847879a9f7385c8cd8b40 - - default default] No more DHCP agents
2026-03-02 22:28:55.535 9 WARNING neutron.api.rpc.agentnotifiers.dhcp_rpc_agent_api [None req-2abd08a7-d301-42dc-b10d-b81c16a124ab 6536dec3271c4592a8832778d8c1c388 2f5f1225e14847879a9f7385c8cd8b40 - - default default] Unable to schedule network 9b79807d-7401-430a-b767-961364007532: no agents available; will retry on subsequent port and subnet creation events.
2026-03-02 22:28:55.611 10 INFO neutron.wsgi [None req-fe493f1c-6434-48d3-b48e-928cccea2039 5f7a3244a16a4ac59404711d546d8fe3 6f07c9a3a5944c0a814a6f13a1b34deb - - default default] 10.0.0.47 "DELETE /v2.0/routers/f1fdea29-4c6f-4da7-b2bb-9e31b11218a1 HTTP/1.1" status: 204 len: 168 time: 0.2467804
2026-03-02 22:28:55.803 10 INFO neutron.wsgi [None req-42954907-642c-4250-a98a-f7a376dccdb2 5f7a3244a16a4ac59404711d546d8fe3 6f07c9a3a5944c0a814a6f13a1b34deb - - default default] 10.0.0.47 "DELETE /v2.0/subnets/27f9c748-9acb-4e84-8c77-b566fc6d923a HTTP/1.1" status: 204 len: 168 time: 0.1873085
2026-03-02 22:28:56.057 9 INFO neutron.wsgi [None req-fdecd9a4-db69-4609-8b8a-cf298eee0b07 5f7a3244a16a4ac59404711d546d8fe3 6f07c9a3a5944c0a814a6f13a1b34deb - - default default] 10.0.0.47 "DELETE /v2.0/subnets/5478da06-8e2c-4c63-9c39-d28018eee4d3 HTTP/1.1" status: 204 len: 168 time: 0.2479475
2026-03-02 22:28:56.106 9 INFO neutron.db.ovn_revision_numbers_db [None req-2abd08a7-d301-42dc-b10d-b81c16a124ab 6536dec3271c4592a8832778d8c1c388 2f5f1225e14847879a9f7385c8cd8b40 - - default default] Successfully bumped revision number for resource 9f38d840-8006-430c-805a-e3174de37ac7 (type: ports) to 2
2026-03-02 22:28:56.139 9 INFO neutron.db.ovn_revision_numbers_db [None req-2abd08a7-d301-42dc-b10d-b81c16a124ab 6536dec3271c4592a8832778d8c1c388 2f5f1225e14847879a9f7385c8cd8b40 - - default default] Successfully bumped revision number for resource 4ea9aed0-fee5-446c-94f1-604abbe90757 (type: subnets) to 0
2026-03-02 22:28:56.159 9 INFO neutron.wsgi [None req-2abd08a7-d301-42dc-b10d-b81c16a124ab 6536dec3271c4592a8832778d8c1c388 2f5f1225e14847879a9f7385c8cd8b40 - - default default] 10.0.0.47 "POST /v2.0/subnets HTTP/1.1" status: 201 len: 822 time: 0.7709188
2026-03-02 22:28:56.557 10 INFO neutron.wsgi [None req-1e7f22f3-de71-4fee-b53a-bcaafb706050 6536dec3271c4592a8832778d8c1c388 2f5f1225e14847879a9f7385c8cd8b40 - - default default] 10.0.0.47 "POST /v2.0/rbac-policies HTTP/1.1" status: 201 len: 523 time: 0.3935688
2026-03-02 22:28:56.636 10 INFO neutron.wsgi [None req-7c78c08f-fa80-4376-8925-1b755a0571ee 5f7a3244a16a4ac59404711d546d8fe3 6f07c9a3a5944c0a814a6f13a1b34deb - - default default] 10.0.0.47 "DELETE /v2.0/networks/13d6e8d8-5940-4cec-88be-0ef4c7a48b3d HTTP/1.1" status: 204 len: 168 time: 0.5731671
2026-03-02 22:28:56.638 10 INFO neutron.services.segments.plugin [-] Segment 6c02e9a2-2676-46ca-a442-4a53713d8eb0 resource provider aggregate not found
2026-03-02 22:28:56.642 10 INFO neutron.services.segments.plugin [-] Segment 6c02e9a2-2676-46ca-a442-4a53713d8eb0 resource provider aggregate not found
2026-03-02 22:28:56.656 10 INFO neutron.services.segments.plugin [-] Segment 6c02e9a2-2676-46ca-a442-4a53713d8eb0 resource provider not found; error: Placement Client Error (4xx): {"errors": [{"status": 404, "title": "Not Found", "detail": "The resource could not be found.\n\n No resource provider with uuid 6c02e9a2-2676-46ca-a442-4a53713d8eb0 found for delete ", "request_id": "req-777bbd32-7217-4eed-8fb6-2699172776b4"}]}
2026-03-02 22:28:56.669 10 INFO neutron.services.segments.plugin [-] Segment 6c02e9a2-2676-46ca-a442-4a53713d8eb0 resource provider not found; error: Placement Client Error (4xx): {"errors": [{"status": 404, "title": "Not Found", "detail": "The resource could not be found.\n\n No resource provider with uuid 6c02e9a2-2676-46ca-a442-4a53713d8eb0 found for delete ", "request_id": "req-16bc1b90-781e-4ebe-a9be-b90123d2e230"}]}
2026-03-02 22:28:57.018 9 INFO neutron.services.segments.plugin [-] Segment d66b6f40-faa9-4363-bdf3-5d9b4c531a0a resource provider aggregate not found
2026-03-02 22:28:57.022 9 INFO neutron.services.segments.plugin [-] Segment d66b6f40-faa9-4363-bdf3-5d9b4c531a0a resource provider aggregate not found
2026-03-02 22:28:57.041 9 INFO neutron.services.segments.plugin [-] Segment d66b6f40-faa9-4363-bdf3-5d9b4c531a0a resource provider not found; error: Placement Client Error (4xx): {"errors": [{"status": 404, "title": "Not Found", "detail": "The resource could not be found.\n\n No resource provider with uuid d66b6f40-faa9-4363-bdf3-5d9b4c531a0a found for delete ", "request_id": "req-8e7c6c69-39b4-4bdf-aa9e-5f4585a95370"}]}
2026-03-02 22:28:57.043 9 INFO neutron.services.segments.plugin [-] Segment d66b6f40-faa9-4363-bdf3-5d9b4c531a0a resource provider not found; error: Placement Client Error (4xx): {"errors": [{"status": 404, "title": "Not Found", "detail": "The resource could not be found.\n\n No resource provider with uuid d66b6f40-faa9-4363-bdf3-5d9b4c531a0a found for delete ", "request_id": "req-f6d47f72-acab-4b67-babb-a2c044b7677c"}]}
2026-03-02 22:28:57.058 9 INFO neutron.wsgi [None req-9ce18c5b-941a-4774-9f51-6e7280e604b0 5f7a3244a16a4ac59404711d546d8fe3 6f07c9a3a5944c0a814a6f13a1b34deb - - default default] 10.0.0.47 "DELETE /v2.0/networks/a00a614b-608d-4ecb-9d42-5ad947bf2061 HTTP/1.1" status: 204 len: 168 time: 0.4160254
2026-03-02 22:28:57.073 9 WARNING neutron_lib.context [None req-e1154465-63db-4340-b2ce-86ab16b77463 5f7a3244a16a4ac59404711d546d8fe3 6f07c9a3a5944c0a814a6f13a1b34deb - - default default] Method 'is_advsvc' is deprecated since 2023.2 release (neutron-lib 3.8.0) and will be removed once support for the old RBAC API policies will be removed from Neutron. Please use method 'is_service_role' instead.
2026-03-02 22:28:57.128 10 INFO neutron.db.ovn_revision_numbers_db [None req-9f64bdcc-61e0-4497-8bb8-d5dcf880f129 6195e1ae26dd4545ad79c346fe9666a7 a6d2f78b96a4433b9cd04218abadbfcd - - default default] Successfully bumped revision number for resource 04ab4fa6-33ff-48d7-8fa7-55280f5ba139 (type: security_groups) to 1
2026-03-02 22:28:57.149 10 INFO neutron.db.ovn_revision_numbers_db [None req-9f64bdcc-61e0-4497-8bb8-d5dcf880f129 6195e1ae26dd4545ad79c346fe9666a7 a6d2f78b96a4433b9cd04218abadbfcd - - default default] Successfully bumped revision number for resource 35a0760e-2b78-4b40-a7f4-06ee1f70b11c (type: security_group_rules) to 0
2026-03-02 22:28:57.156 9 INFO neutron.db.segments_db [None req-e1154465-63db-4340-b2ce-86ab16b77463 5f7a3244a16a4ac59404711d546d8fe3 6f07c9a3a5944c0a814a6f13a1b34deb - - default default] Added segment 0f9819f7-42ba-4aaa-b501-f1120c56d7d3 of type geneve for network fb40f224-04ce-4525-a66e-bf2a4fd09156
2026-03-02 22:28:57.166 10 INFO neutron.wsgi [None req-23331fdc-735f-47e1-9a1d-603a3e0b1303 5a05d761a8d242d394098b6ecf6299c3 224e4997ef0e41febce390b73b1b2420 - - default default] 10.0.0.47 "GET /v2.0/networks/9b79807d-7401-430a-b767-961364007532 HTTP/1.1" status: 200 len: 849 time: 0.2199962
2026-03-02 22:28:57.171 10 INFO neutron.db.ovn_revision_numbers_db [None req-9f64bdcc-61e0-4497-8bb8-d5dcf880f129 6195e1ae26dd4545ad79c346fe9666a7 a6d2f78b96a4433b9cd04218abadbfcd - - default default] Successfully bumped revision number for resource 3632f666-b740-4d5d-9815-2579bea9d08e (type: security_group_rules) to 0
2026-03-02 22:28:57.189 10 INFO neutron.db.ovn_revision_numbers_db [None req-9f64bdcc-61e0-4497-8bb8-d5dcf880f129 6195e1ae26dd4545ad79c346fe9666a7 a6d2f78b96a4433b9cd04218abadbfcd - - default default] Successfully bumped revision number for resource 502065b4-a9c8-433f-be50-2c46aed1b9c4 (type: security_group_rules) to 0
2026-03-02 22:28:57.203 10 INFO neutron.db.ovn_revision_numbers_db [None req-9f64bdcc-61e0-4497-8bb8-d5dcf880f129 6195e1ae26dd4545ad79c346fe9666a7 a6d2f78b96a4433b9cd04218abadbfcd - - default default] Successfully bumped revision number for resource 5df84a12-25cf-4079-9219-19a332504086 (type: security_group_rules) to 0
2026-03-02 22:28:57.225 10 INFO neutron.wsgi [None req-9f64bdcc-61e0-4497-8bb8-d5dcf880f129 6195e1ae26dd4545ad79c346fe9666a7 a6d2f78b96a4433b9cd04218abadbfcd - - default default] 10.0.0.47 "GET /v2.0/security-groups?tenant_id=6b22a271c31d47f5b0b9d3285a755384&name=default HTTP/1.1" status: 200 len: 3120 time: 0.4339664
