2026-03-02 22:30:40.098 9 ERROR neutron_lib.callbacks.manager [None req-f1bb7b03-0151-46d1-bf61-1e14acd0e2ba 88cf227b274d433f8733306e4380efdd dce0014bb1af4ac190ac3f9fe7dad274 - - default default] Error during notification for neutron.services.ovn_l3.plugin.OVNL3RouterPlugin._port_update-8771042332399 port, after_update: ovsdbapp.backend.ovs_idl.idlutils.RowNotFound: Cannot find Logical_Router_Port with name=lrp-d91ba761-2c69-4415-9a0c-e34ff2527103
2026-03-02 22:30:40.098 9 ERROR neutron_lib.callbacks.manager
Traceback (most recent call last):
2026-03-02 22:30:40.098 9 ERROR neutron_lib.callbacks.manager
File "/var/lib/openstack/lib/python3.10/site-packages/neutron_lib/callbacks/manager.py", line 189, in _notify_loop
2026-03-02 22:30:40.098 9 ERROR neutron_lib.callbacks.manager callback.method(resource, event, trigger, payload=payload)
2026-03-02 22:30:40.098 9 ERROR neutron_lib.callbacks.manager
File "/var/lib/openstack/lib/python3.10/site-packages/neutron/services/ovn_l3/plugin.py", line 391, in _port_update
2026-03-02 22:30:40.098 9 ERROR neutron_lib.callbacks.manager l3plugin._ovn_client.update_router_port(context,
2026-03-02 22:30:40.098 9 ERROR neutron_lib.callbacks.manager
File "/var/lib/openstack/lib/python3.10/site-packages/neutron/plugins/ml2/drivers/ovn/mech_driver/ovsdb/ovn_client.py", line 1878, in update_router_port
2026-03-02 22:30:40.098 9 ERROR neutron_lib.callbacks.manager self._update_lrouter_port(context, port, if_exists=if_exists,
2026-03-02 22:30:40.098 9 ERROR neutron_lib.callbacks.manager
File "/var/lib/openstack/lib/python3.10/site-packages/neutron/plugins/ml2/drivers/ovn/mech_driver/ovsdb/ovn_client.py", line 1855, in _update_lrouter_port
2026-03-02 22:30:40.098 9 ERROR neutron_lib.callbacks.manager external_ids = self._nb_idl.db_get(
2026-03-02 22:30:40.098 9 ERROR neutron_lib.callbacks.manager
File "/var/lib/openstack/lib/python3.10/site-packages/ovsdbapp/backend/ovs_idl/command.py", line 47, in execute
2026-03-02 22:30:40.098 9 ERROR neutron_lib.callbacks.manager self.run_idl(None)
2026-03-02 22:30:40.098 9 ERROR neutron_lib.callbacks.manager
File "/var/lib/openstack/lib/python3.10/site-packages/ovsdbapp/backend/ovs_idl/command.py", line 235, in run_idl
2026-03-02 22:30:40.098 9 ERROR neutron_lib.callbacks.manager record = self.api.lookup(self.table, self.record)
2026-03-02 22:30:40.098 9 ERROR neutron_lib.callbacks.manager
File "/var/lib/openstack/lib/python3.10/site-packages/ovsdbapp/backend/ovs_idl/__init__.py", line 184, in lookup
2026-03-02 22:30:40.098 9 ERROR neutron_lib.callbacks.manager return self._lookup(table, record)
2026-03-02 22:30:40.098 9 ERROR neutron_lib.callbacks.manager
File "/var/lib/openstack/lib/python3.10/site-packages/ovsdbapp/backend/ovs_idl/__init__.py", line 235, in _lookup
2026-03-02 22:30:40.098 9 ERROR neutron_lib.callbacks.manager row = idlutils.row_by_value(self, rl.table, rl.column, record)
2026-03-02 22:30:40.098 9 ERROR neutron_lib.callbacks.manager
File "/var/lib/openstack/lib/python3.10/site-packages/ovsdbapp/backend/ovs_idl/idlutils.py", line 114, in row_by_value
2026-03-02 22:30:40.098 9 ERROR neutron_lib.callbacks.manager raise RowNotFound(table=table, col=column, match=match)
2026-03-02 22:30:40.098 9 ERROR neutron_lib.callbacks.manager ovsdbapp.backend.ovs_idl.idlutils.RowNotFound: Cannot find Logical_Router_Port with name=lrp-d91ba761-2c69-4415-9a0c-e34ff2527103
2026-03-02 22:30:40.098 9 ERROR neutron_lib.callbacks.manager 
2026-03-02 22:30:40.128 9 INFO neutron.wsgi [req-a2633025-78f6-451d-adf2-ad5157b70c7f req-f0ae74d9-02e0-4093-90b5-32b3bdab8537 b7dc578550d64fb3bc4bc791034c51e6 0a749a959f714a51bd52649e2ab05997 - - 6db9dc8d0b9c40f4b7b92e967ac96eb1 6db9dc8d0b9c40f4b7b92e967ac96eb1] 199.19.213.23 "GET /v2.0/networks?id=f2258961-c062-44aa-bb70-569f55b45de1 HTTP/1.1" status: 200 len: 959 time: 0.1274943
2026-03-02 22:30:40.179 9 INFO neutron.wsgi [req-a2633025-78f6-451d-adf2-ad5157b70c7f req-fd4e8d94-8808-43fb-a562-e0cc4da3a545 b7dc578550d64fb3bc4bc791034c51e6 0a749a959f714a51bd52649e2ab05997 - - 6db9dc8d0b9c40f4b7b92e967ac96eb1 6db9dc8d0b9c40f4b7b92e967ac96eb1] 199.19.213.23 "GET /v2.0/floatingips?fixed_ip_address=10.100.0.10&port_id=62643af4-7836-4700-ab66-11eb1216c042 HTTP/1.1" status: 200 len: 217 time: 0.0407333
2026-03-02 22:30:40.247 9 INFO neutron.wsgi [req-a2633025-78f6-451d-adf2-ad5157b70c7f req-2a4be4d6-fcfa-4be3-9dfb-3949d208e9a2 b7dc578550d64fb3bc4bc791034c51e6 0a749a959f714a51bd52649e2ab05997 - - 6db9dc8d0b9c40f4b7b92e967ac96eb1 6db9dc8d0b9c40f4b7b92e967ac96eb1] 199.19.213.23 "GET /v2.0/subnets?id=d535378b-bdf0-4537-9504-8df46f6762ab HTTP/1.1" status: 200 len: 852 time: 0.0574524
2026-03-02 22:30:40.293 9 INFO neutron.wsgi [req-a2633025-78f6-451d-adf2-ad5157b70c7f req-f0050d2f-4bc2-4896-8b6f-fe9d15d6c8f0 b7dc578550d64fb3bc4bc791034c51e6 0a749a959f714a51bd52649e2ab05997 - - 6db9dc8d0b9c40f4b7b92e967ac96eb1 6db9dc8d0b9c40f4b7b92e967ac96eb1] 199.19.213.23 "GET /v2.0/ports?network_id=f2258961-c062-44aa-bb70-569f55b45de1&device_owner=network%3Adhcp HTTP/1.1" status: 200 len: 210 time: 0.0352175
2026-03-02 22:30:40.349 9 INFO neutron.db.ovn_revision_numbers_db [None req-2d7cf653-39b9-44cf-baa1-5797f5fce156 e1468e71c349491f819c4dddfb384b32 9c4bffe7d5fe4de792814b71c2bcdde0 - - default default] Successfully bumped revision number for resource 5e56b6c3-bbe8-41f4-b1f0-502873f66db7 (type: security_group_rules) to 0
2026-03-02 22:30:40.402 9 INFO neutron.wsgi [None req-2d7cf653-39b9-44cf-baa1-5797f5fce156 e1468e71c349491f819c4dddfb384b32 9c4bffe7d5fe4de792814b71c2bcdde0 - - default default] 10.0.0.47 "POST /v2.0/security-group-rules HTTP/1.1" status: 201 len: 796 time: 0.4068389
2026-03-02 22:30:40.415 10 WARNING neutron_lib.context [None req-49e523cf-f2d2-4085-9ddb-574c93b5258d e1468e71c349491f819c4dddfb384b32 9c4bffe7d5fe4de792814b71c2bcdde0 - - default default] Method 'is_advsvc' is deprecated since 2023.2 release (neutron-lib 3.8.0) and will be removed once support for the old RBAC API policies will be removed from Neutron. Please use method 'is_service_role' instead.
2026-03-02 22:30:40.418 9 INFO neutron.wsgi [req-a2633025-78f6-451d-adf2-ad5157b70c7f req-bc9a45f7-9c5a-4b75-ab14-137814ab800c b7dc578550d64fb3bc4bc791034c51e6 0a749a959f714a51bd52649e2ab05997 - - 6db9dc8d0b9c40f4b7b92e967ac96eb1 6db9dc8d0b9c40f4b7b92e967ac96eb1] 199.19.213.23 "GET /v2.0/networks/f2258961-c062-44aa-bb70-569f55b45de1?fields=segments HTTP/1.1" status: 200 len: 212 time: 0.1159627
2026-03-02 22:30:40.460 9 INFO neutron.wsgi [None req-b877ec0d-9977-4f85-b58b-f24a9c891646 6195e1ae26dd4545ad79c346fe9666a7 a6d2f78b96a4433b9cd04218abadbfcd - - default default] 10.0.0.47 "DELETE /v2.0/security-groups/6bd079a2-5e38-4655-a7e9-b5a16408215e HTTP/1.1" status: 204 len: 168 time: 0.8447313
2026-03-02 22:30:40.505 9 INFO neutron.wsgi [req-a2633025-78f6-451d-adf2-ad5157b70c7f req-d111d91b-93cc-4509-ab67-a32a23f9c161 b7dc578550d64fb3bc4bc791034c51e6 0a749a959f714a51bd52649e2ab05997 - - 6db9dc8d0b9c40f4b7b92e967ac96eb1 6db9dc8d0b9c40f4b7b92e967ac96eb1] 199.19.213.23 "GET /v2.0/networks/f2258961-c062-44aa-bb70-569f55b45de1?fields=provider%3Aphysical_network&fields=provider%3Anetwork_type HTTP/1.1" status: 200 len: 277 time: 0.0804853
2026-03-02 22:30:40.506 9 INFO neutron.db.ovn_revision_numbers_db [None req-f1bb7b03-0151-46d1-bf61-1e14acd0e2ba 88cf227b274d433f8733306e4380efdd dce0014bb1af4ac190ac3f9fe7dad274 - - default default] Successfully bumped revision number for resource d91ba761-2c69-4415-9a0c-e34ff2527103 (type: ports) to 1
2026-03-02 22:30:40.556 10 INFO neutron.db.ovn_revision_numbers_db [None req-49e523cf-f2d2-4085-9ddb-574c93b5258d e1468e71c349491f819c4dddfb384b32 9c4bffe7d5fe4de792814b71c2bcdde0 - - default default] Successfully bumped revision number for resource d14333f2-3f15-4649-98cc-f383e595215d (type: security_group_rules) to 0
2026-03-02 22:30:40.567 9 WARNING neutron.scheduler.dhcp_agent_scheduler [None req-f1bb7b03-0151-46d1-bf61-1e14acd0e2ba 88cf227b274d433f8733306e4380efdd dce0014bb1af4ac190ac3f9fe7dad274 - - default default] No more DHCP agents
2026-03-02 22:30:40.568 9 WARNING neutron.api.rpc.agentnotifiers.dhcp_rpc_agent_api [None req-f1bb7b03-0151-46d1-bf61-1e14acd0e2ba 88cf227b274d433f8733306e4380efdd dce0014bb1af4ac190ac3f9fe7dad274 - - default default] Unable to schedule network 1b872451-6cd6-42d8-85b8-d0c8cca854b8: no agents available; will retry on subsequent port and subnet creation events.
2026-03-02 22:30:40.588 10 INFO neutron.wsgi [None req-49e523cf-f2d2-4085-9ddb-574c93b5258d e1468e71c349491f819c4dddfb384b32 9c4bffe7d5fe4de792814b71c2bcdde0 - - default default] 10.0.0.47 "POST /v2.0/security-group-rules HTTP/1.1" status: 201 len: 795 time: 0.1811435
2026-03-02 22:30:40.598 10 WARNING neutron_lib.context [None req-7672c60e-4969-4352-b0c4-140db8f0341c e1468e71c349491f819c4dddfb384b32 9c4bffe7d5fe4de792814b71c2bcdde0 - - default default] Method 'is_advsvc' is deprecated since 2023.2 release (neutron-lib 3.8.0) and will be removed once support for the old RBAC API policies will be removed from Neutron. Please use method 'is_service_role' instead.
2026-03-02 22:30:40.713 10 INFO neutron.db.ovn_revision_numbers_db [None req-7672c60e-4969-4352-b0c4-140db8f0341c e1468e71c349491f819c4dddfb384b32 9c4bffe7d5fe4de792814b71c2bcdde0 - - default default] Successfully bumped revision number for resource 65b6e24c-c5ad-4e27-a15d-66c7c63d1b45 (type: security_group_rules) to 0
2026-03-02 22:30:40.737 10 INFO neutron.wsgi [None req-7672c60e-4969-4352-b0c4-140db8f0341c e1468e71c349491f819c4dddfb384b32 9c4bffe7d5fe4de792814b71c2bcdde0 - - default default] 10.0.0.47 "POST /v2.0/security-group-rules HTTP/1.1" status: 201 len: 801 time: 0.1442432
2026-03-02 22:30:40.747 10 WARNING neutron_lib.context [None req-05558d27-8f78-4c01-92c0-8187462697eb e1468e71c349491f819c4dddfb384b32 9c4bffe7d5fe4de792814b71c2bcdde0 - - default default] Method 'is_advsvc' is deprecated since 2023.2 release (neutron-lib 3.8.0) and will be removed once support for the old RBAC API policies will be removed from Neutron. Please use method 'is_service_role' instead.
2026-03-02 22:30:40.871 10 INFO neutron.db.ovn_revision_numbers_db [None req-05558d27-8f78-4c01-92c0-8187462697eb e1468e71c349491f819c4dddfb384b32 9c4bffe7d5fe4de792814b71c2bcdde0 - - default default] Successfully bumped revision number for resource 0ee0cb62-dc8f-4634-bcad-fc452aa2d7a7 (type: security_group_rules) to 0
2026-03-02 22:30:40.900 10 INFO neutron.wsgi [None req-05558d27-8f78-4c01-92c0-8187462697eb e1468e71c349491f819c4dddfb384b32 9c4bffe7d5fe4de792814b71c2bcdde0 - - default default] 10.0.0.47 "POST /v2.0/security-group-rules HTTP/1.1" status: 201 len: 800 time: 0.1569552
2026-03-02 22:30:40.914 10 WARNING neutron_lib.context [None req-297d9062-3e5c-4a86-8a85-56b571fb04dc e1468e71c349491f819c4dddfb384b32 9c4bffe7d5fe4de792814b71c2bcdde0 - - default default] Method 'is_advsvc' is deprecated since 2023.2 release (neutron-lib 3.8.0) and will be removed once support for the old RBAC API policies will be removed from Neutron. Please use method 'is_service_role' instead.
2026-03-02 22:30:40.943 9 WARNING neutron_lib.context [None req-0965846d-f72c-4961-9db0-7e1017ddcaa6 bf8e4e329f604559ad9b0d28f360a671 ec09ec1941244bb786589a2657d2c4cd - - default default] Method 'is_advsvc' is deprecated since 2023.2 release (neutron-lib 3.8.0) and will be removed once support for the old RBAC API policies will be removed from Neutron. Please use method 'is_service_role' instead.
2026-03-02 22:30:40.954 10 INFO neutron.db.securitygroups_db [None req-297d9062-3e5c-4a86-8a85-56b571fb04dc e1468e71c349491f819c4dddfb384b32 9c4bffe7d5fe4de792814b71c2bcdde0 - - default default] Project 9c4bffe7d5fe4de792814b71c2bcdde0 added a security group rule with legacy IPv6 ICMP protocol name icmp, ipv6-icmp should be used instead. It was automatically converted.
2026-03-02 22:30:41.056 10 INFO neutron.db.ovn_revision_numbers_db [None req-297d9062-3e5c-4a86-8a85-56b571fb04dc e1468e71c349491f819c4dddfb384b32 9c4bffe7d5fe4de792814b71c2bcdde0 - - default default] Successfully bumped revision number for resource d5297fa9-395d-42f0-9959-4355f58baad3 (type: security_group_rules) to 0
2026-03-02 22:30:41.080 10 INFO neutron.wsgi [None req-297d9062-3e5c-4a86-8a85-56b571fb04dc e1468e71c349491f819c4dddfb384b32 9c4bffe7d5fe4de792814b71c2bcdde0 - - default default] 10.0.0.47 "POST /v2.0/security-group-rules HTTP/1.1" status: 201 len: 806 time: 0.1741397
2026-03-02 22:30:41.089 10 WARNING neutron_lib.context [None req-df6cb22d-4305-4d9c-92bf-891781bb4c57 e1468e71c349491f819c4dddfb384b32 9c4bffe7d5fe4de792814b71c2bcdde0 - - default default] Method 'is_advsvc' is deprecated since 2023.2 release (neutron-lib 3.8.0) and will be removed once support for the old RBAC API policies will be removed from Neutron. Please use method 'is_service_role' instead.
2026-03-02 22:30:41.127 10 INFO neutron.db.securitygroups_db [None req-df6cb22d-4305-4d9c-92bf-891781bb4c57 e1468e71c349491f819c4dddfb384b32 9c4bffe7d5fe4de792814b71c2bcdde0 - - default default] Project 9c4bffe7d5fe4de792814b71c2bcdde0 added a security group rule with legacy IPv6 ICMP protocol name icmp, ipv6-icmp should be used instead. It was automatically converted.
2026-03-02 22:30:41.138 9 INFO neutron.db.ovn_revision_numbers_db [None req-0965846d-f72c-4961-9db0-7e1017ddcaa6 bf8e4e329f604559ad9b0d28f360a671 ec09ec1941244bb786589a2657d2c4cd - - default default] Successfully bumped revision number for resource 9570b961-3601-4403-ab57-b8f6ff79b1dd (type: security_groups) to 1
2026-03-02 22:30:41.160 9 INFO neutron.db.ovn_revision_numbers_db [None req-0965846d-f72c-4961-9db0-7e1017ddcaa6 bf8e4e329f604559ad9b0d28f360a671 ec09ec1941244bb786589a2657d2c4cd - - default default] Successfully bumped revision number for resource 170a4117-8efb-46ff-9865-50bb8aa7f69a (type: security_group_rules) to 0
2026-03-02 22:30:41.188 9 INFO neutron.db.ovn_revision_numbers_db [None req-0965846d-f72c-4961-9db0-7e1017ddcaa6 bf8e4e329f604559ad9b0d28f360a671 ec09ec1941244bb786589a2657d2c4cd - - default default] Successfully bumped revision number for resource 8cd39996-a33b-45a8-925c-e7d0454d8015 (type: security_group_rules) to 0
2026-03-02 22:30:41.211 9 INFO neutron.wsgi [None req-0965846d-f72c-4961-9db0-7e1017ddcaa6 bf8e4e329f604559ad9b0d28f360a671 ec09ec1941244bb786589a2657d2c4cd - - default default] 10.0.0.47 "POST /v2.0/security-groups HTTP/1.1" status: 201 len: 1873 time: 0.2736049
2026-03-02 22:30:41.225 10 WARNING neutron_lib.context [None req-536c522a-f5ff-4670-91e7-2fc2397957a2 bf8e4e329f604559ad9b0d28f360a671 ec09ec1941244bb786589a2657d2c4cd - - default default] Method 'is_advsvc' is deprecated since 2023.2 release (neutron-lib 3.8.0) and will be removed once support for the old RBAC API policies will be removed from Neutron. Please use method 'is_service_role' instead.
2026-03-02 22:30:41.256 10 INFO neutron.db.ovn_revision_numbers_db [None req-df6cb22d-4305-4d9c-92bf-891781bb4c57 e1468e71c349491f819c4dddfb384b32 9c4bffe7d5fe4de792814b71c2bcdde0 - - default default] Successfully bumped revision number for resource 9e13b181-0e51-4ddd-8aae-be27e16526e2 (type: security_group_rules) to 0
2026-03-02 22:30:41.302 10 INFO neutron.wsgi [None req-df6cb22d-4305-4d9c-92bf-891781bb4c57 e1468e71c349491f819c4dddfb384b32 9c4bffe7d5fe4de792814b71c2bcdde0 - - default default] 10.0.0.47 "POST /v2.0/security-group-rules HTTP/1.1" status: 201 len: 805 time: 0.2174406
2026-03-02 22:30:41.392 10 INFO neutron.db.ovn_revision_numbers_db [None req-536c522a-f5ff-4670-91e7-2fc2397957a2 bf8e4e329f604559ad9b0d28f360a671 ec09ec1941244bb786589a2657d2c4cd - - default default] Successfully bumped revision number for resource 238ebe86-818d-4a4a-9e6e-e34e4cf4c687 (type: security_group_rules) to 0
2026-03-02 22:30:41.422 10 INFO neutron.wsgi [None req-536c522a-f5ff-4670-91e7-2fc2397957a2 bf8e4e329f604559ad9b0d28f360a671 ec09ec1941244bb786589a2657d2c4cd - - default default] 10.0.0.47 "POST /v2.0/security-group-rules HTTP/1.1" status: 201 len: 796 time: 0.2024791
2026-03-02 22:30:41.431 9 WARNING neutron_lib.context [None req-242142b8-6431-481b-be3d-c58464de6818 bf8e4e329f604559ad9b0d28f360a671 ec09ec1941244bb786589a2657d2c4cd - - default default] Method 'is_advsvc' is deprecated since 2023.2 release (neutron-lib 3.8.0) and will be removed once support for the old RBAC API policies will be removed from Neutron. Please use method 'is_service_role' instead.
2026-03-02 22:30:41.622 9 INFO neutron.db.ovn_revision_numbers_db [None req-242142b8-6431-481b-be3d-c58464de6818 bf8e4e329f604559ad9b0d28f360a671 ec09ec1941244bb786589a2657d2c4cd - - default default] Successfully bumped revision number for resource 90c1ca38-b9d9-4837-8974-d1fab834a0df (type: security_group_rules) to 0
2026-03-02 22:30:41.675 9 INFO neutron.wsgi [None req-242142b8-6431-481b-be3d-c58464de6818 bf8e4e329f604559ad9b0d28f360a671 ec09ec1941244bb786589a2657d2c4cd - - default default] 10.0.0.47 "POST /v2.0/security-group-rules HTTP/1.1" status: 201 len: 795 time: 0.2481527
2026-03-02 22:30:41.689 9 WARNING neutron_lib.context [None req-ec924cdc-2a9f-481a-a381-12b9337ebbb7 bf8e4e329f604559ad9b0d28f360a671 ec09ec1941244bb786589a2657d2c4cd - - default default] Method 'is_advsvc' is deprecated since 2023.2 release (neutron-lib 3.8.0) and will be removed once support for the old RBAC API policies will be removed from Neutron. Please use method 'is_service_role' instead.
2026-03-02 22:30:41.711 9 WARNING neutron_lib.context [None req-fa98b89d-38eb-47f0-af82-bc0ccc2d1f04 e1468e71c349491f819c4dddfb384b32 9c4bffe7d5fe4de792814b71c2bcdde0 - - default default] Method 'is_advsvc' is deprecated since 2023.2 release (neutron-lib 3.8.0) and will be removed once support for the old RBAC API policies will be removed from Neutron. Please use method 'is_service_role' instead.
2026-03-02 22:30:41.785 9 INFO neutron.db.ovn_revision_numbers_db [None req-f1bb7b03-0151-46d1-bf61-1e14acd0e2ba 88cf227b274d433f8733306e4380efdd dce0014bb1af4ac190ac3f9fe7dad274 - - default default] Successfully bumped revision number for resource d91ba761-2c69-4415-9a0c-e34ff2527103 (type: router_ports) to 1
2026-03-02 22:30:41.933 9 INFO neutron.db.ovn_revision_numbers_db [None req-fa98b89d-38eb-47f0-af82-bc0ccc2d1f04 e1468e71c349491f819c4dddfb384b32 9c4bffe7d5fe4de792814b71c2bcdde0 - - default default] Successfully bumped revision number for resource f5929f08-e67e-4a74-a597-d4236666f027 (type: security_groups) to 1
2026-03-02 22:30:41.936 9 INFO neutron.db.ovn_revision_numbers_db [None req-ec924cdc-2a9f-481a-a381-12b9337ebbb7 bf8e4e329f604559ad9b0d28f360a671 ec09ec1941244bb786589a2657d2c4cd - - default default] Successfully bumped revision number for resource d2c4b018-491e-413a-ba03-a6ac59a9eb04 (type: security_group_rules) to 0
2026-03-02 22:30:41.963 9 INFO neutron.db.ovn_revision_numbers_db [None req-fa98b89d-38eb-47f0-af82-bc0ccc2d1f04 e1468e71c349491f819c4dddfb384b32 9c4bffe7d5fe4de792814b71c2bcdde0 - - default default] Successfully bumped revision number for resource 62131da1-6d19-49cf-ae9a-1405ade3a23a (type: security_group_rules) to 0
2026-03-02 22:30:41.981 9 INFO neutron.wsgi [None req-ec924cdc-2a9f-481a-a381-12b9337ebbb7 bf8e4e329f604559ad9b0d28f360a671 ec09ec1941244bb786589a2657d2c4cd - - default default] 10.0.0.47 "POST /v2.0/security-group-rules HTTP/1.1" status: 201 len: 801 time: 0.3003182
2026-03-02 22:30:41.990 9 INFO neutron.db.ovn_revision_numbers_db [None req-fa98b89d-38eb-47f0-af82-bc0ccc2d1f04 e1468e71c349491f819c4dddfb384b32 9c4bffe7d5fe4de792814b71c2bcdde0 - - default default] Successfully bumped revision number for resource 9e166de9-f375-40e3-9a48-9aad93f931ad (type: security_group_rules) to 0
2026-03-02 22:30:41.997 10 WARNING neutron_lib.context [None req-4337e81b-597f-4e9d-ba21-206bf23b6452 bf8e4e329f604559ad9b0d28f360a671 ec09ec1941244bb786589a2657d2c4cd - - default default] Method 'is_advsvc' is deprecated since 2023.2 release (neutron-lib 3.8.0) and will be removed once support for the old RBAC API policies will be removed from Neutron. Please use method 'is_service_role' instead.
2026-03-02 22:30:42.014 9 INFO neutron.wsgi [None req-fa98b89d-38eb-47f0-af82-bc0ccc2d1f04 e1468e71c349491f819c4dddfb384b32 9c4bffe7d5fe4de792814b71c2bcdde0 - - default default] 10.0.0.47 "POST /v2.0/security-groups HTTP/1.1" status: 201 len: 1860 time: 0.3088083
2026-03-02 22:30:42.027 10 WARNING neutron_lib.context [None req-f959a062-d59f-465f-a470-1842c519d0d6 e1468e71c349491f819c4dddfb384b32 9c4bffe7d5fe4de792814b71c2bcdde0 - - default default] Method 'is_advsvc' is deprecated since 2023.2 release (neutron-lib 3.8.0) and will be removed once support for the old RBAC API policies will be removed from Neutron. Please use method 'is_service_role' instead.
2026-03-02 22:30:42.077 9 WARNING neutron.scheduler.dhcp_agent_scheduler [None req-b721f780-cbdc-4801-b4bc-e66ad2b3d53a - - - - - -] No more DHCP agents
2026-03-02 22:30:42.078 9 WARNING neutron.api.rpc.agentnotifiers.dhcp_rpc_agent_api [None req-b721f780-cbdc-4801-b4bc-e66ad2b3d53a - - - - - -] Unable to schedule network 1b872451-6cd6-42d8-85b8-d0c8cca854b8: no agents available; will retry on subsequent port and subnet creation events.
2026-03-02 22:30:42.156 10 INFO neutron.db.ovn_revision_numbers_db [None req-4337e81b-597f-4e9d-ba21-206bf23b6452 bf8e4e329f604559ad9b0d28f360a671 ec09ec1941244bb786589a2657d2c4cd - - default default] Successfully bumped revision number for resource 745aaf75-d049-49b2-bb80-f039e77c7f3d (type: security_group_rules) to 0
2026-03-02 22:30:42.185 10 INFO neutron.wsgi [None req-4337e81b-597f-4e9d-ba21-206bf23b6452 bf8e4e329f604559ad9b0d28f360a671 ec09ec1941244bb786589a2657d2c4cd - - default default] 10.0.0.47 "POST /v2.0/security-group-rules HTTP/1.1" status: 201 len: 800 time: 0.1978707
2026-03-02 22:30:42.186 10 INFO neutron.db.ovn_revision_numbers_db [None req-f959a062-d59f-465f-a470-1842c519d0d6 e1468e71c349491f819c4dddfb384b32 9c4bffe7d5fe4de792814b71c2bcdde0 - - default default] Successfully bumped revision number for resource 825e8f57-4ca6-49f1-b37c-2b7b84c2a33c (type: security_group_rules) to 0
2026-03-02 22:30:42.197 9 WARNING neutron_lib.context [None req-9aa902ea-e18c-4479-ad1b-b4dac57838a7 bf8e4e329f604559ad9b0d28f360a671 ec09ec1941244bb786589a2657d2c4cd - - default default] Method 'is_advsvc' is deprecated since 2023.2 release (neutron-lib 3.8.0) and will be removed once support for the old RBAC API policies will be removed from Neutron. Please use method 'is_service_role' instead.
2026-03-02 22:30:42.210 10 INFO neutron.wsgi [None req-f959a062-d59f-465f-a470-1842c519d0d6 e1468e71c349491f819c4dddfb384b32 9c4bffe7d5fe4de792814b71c2bcdde0 - - default default] 10.0.0.47 "POST /v2.0/security-group-rules HTTP/1.1" status: 201 len: 796 time: 0.1911931
2026-03-02 22:30:42.220 10 WARNING neutron_lib.context [None req-8cdb21b6-df36-4cd1-ad2e-fe2279977037 e1468e71c349491f819c4dddfb384b32 9c4bffe7d5fe4de792814b71c2bcdde0 - - default default] Method 'is_advsvc' is deprecated since 2023.2 release (neutron-lib 3.8.0) and will be removed once support for the old RBAC API policies will be removed from Neutron. Please use method 'is_service_role' instead.
2026-03-02 22:30:42.257 9 INFO neutron.db.securitygroups_db [None req-9aa902ea-e18c-4479-ad1b-b4dac57838a7 bf8e4e329f604559ad9b0d28f360a671 ec09ec1941244bb786589a2657d2c4cd - - default default] Project ec09ec1941244bb786589a2657d2c4cd added a security group rule with legacy IPv6 ICMP protocol name icmp, ipv6-icmp should be used instead. It was automatically converted.
2026-03-02 22:30:42.263 9 INFO neutron.db.ovn_revision_numbers_db [None req-b721f780-cbdc-4801-b4bc-e66ad2b3d53a - - - - - -] Successfully bumped revision number for resource aa630a47-a403-4c03-adf9-3b7b9d2c5f8c (type: ports) to 1
2026-03-02 22:30:42.365 10 INFO neutron.db.ovn_revision_numbers_db [None req-8cdb21b6-df36-4cd1-ad2e-fe2279977037 e1468e71c349491f819c4dddfb384b32 9c4bffe7d5fe4de792814b71c2bcdde0 - - default default] Successfully bumped revision number for resource bae4d909-b7a2-4e62-b50b-3aa0a78d77b0 (type: security_group_rules) to 0
2026-03-02 22:30:42.392 10 INFO neutron.wsgi [None req-8cdb21b6-df36-4cd1-ad2e-fe2279977037 e1468e71c349491f819c4dddfb384b32 9c4bffe7d5fe4de792814b71c2bcdde0 - - default default] 10.0.0.47 "POST /v2.0/security-group-rules HTTP/1.1" status: 201 len: 801 time: 0.1775315
2026-03-02 22:30:42.405 9 INFO neutron.db.ovn_revision_numbers_db [None req-9aa902ea-e18c-4479-ad1b-b4dac57838a7 bf8e4e329f604559ad9b0d28f360a671 ec09ec1941244bb786589a2657d2c4cd - - default default] Successfully bumped revision number for resource 14e8995c-9d56-42d3-9945-4b42eabf9df3 (type: security_group_rules) to 0
2026-03-02 22:30:42.408 10 WARNING neutron_lib.context [None req-163cca2f-7d4e-4804-985b-899da4ce3a7d e1468e71c349491f819c4dddfb384b32 9c4bffe7d5fe4de792814b71c2bcdde0 - - default default] Method 'is_advsvc' is deprecated since 2023.2 release (neutron-lib 3.8.0) and will be removed once support for the old RBAC API policies will be removed from Neutron. Please use method 'is_service_role' instead.
2026-03-02 22:30:42.443 9 INFO neutron.wsgi [None req-9aa902ea-e18c-4479-ad1b-b4dac57838a7 bf8e4e329f604559ad9b0d28f360a671 ec09ec1941244bb786589a2657d2c4cd - - default default] 10.0.0.47 "POST /v2.0/security-group-rules HTTP/1.1" status: 201 len: 806 time: 0.2506037
2026-03-02 22:30:42.455 9 WARNING neutron_lib.context [None req-1530eae7-7af9-4ee5-b344-ba7fe50a2d18 bf8e4e329f604559ad9b0d28f360a671 ec09ec1941244bb786589a2657d2c4cd - - default default] Method 'is_advsvc' is deprecated since 2023.2 release (neutron-lib 3.8.0) and will be removed once support for the old RBAC API policies will be removed from Neutron. Please use method 'is_service_role' instead.
2026-03-02 22:30:42.505 9 INFO neutron.db.securitygroups_db [None req-1530eae7-7af9-4ee5-b344-ba7fe50a2d18 bf8e4e329f604559ad9b0d28f360a671 ec09ec1941244bb786589a2657d2c4cd - - default default] Project ec09ec1941244bb786589a2657d2c4cd added a security group rule with legacy IPv6 ICMP protocol name icmp, ipv6-icmp should be used instead. It was automatically converted.
2026-03-02 22:30:42.561 9 INFO neutron.db.ovn_revision_numbers_db [None req-b721f780-cbdc-4801-b4bc-e66ad2b3d53a - - - - - -] Successfully bumped revision number for resource aa630a47-a403-4c03-adf9-3b7b9d2c5f8c (type: ports) to 1
2026-03-02 22:30:42.698 10 WARNING neutron.scheduler.dhcp_agent_scheduler [None req-163cca2f-7d4e-4804-985b-899da4ce3a7d e1468e71c349491f819c4dddfb384b32 9c4bffe7d5fe4de792814b71c2bcdde0 - - default default] No more DHCP agents
2026-03-02 22:30:42.700 10 WARNING neutron.api.rpc.agentnotifiers.dhcp_rpc_agent_api [None req-163cca2f-7d4e-4804-985b-899da4ce3a7d e1468e71c349491f819c4dddfb384b32 9c4bffe7d5fe4de792814b71c2bcdde0 - - default default] Unable to schedule network 18fd1d39-8d58-4e81-ba70-1091a48a5800: no agents available; will retry on subsequent port and subnet creation events.
2026-03-02 22:30:42.891 12 ERROR oslo_messaging.rpc.server [None req-43636cb6-b001-465c-abda-434b905fb04b 88cf227b274d433f8733306e4380efdd dce0014bb1af4ac190ac3f9fe7dad274 - - default default] Exception during message handling: sqlalchemy.exc.PendingRollbackError: This Session's transaction has been rolled back due to a previous exception during flush. To begin a new transaction with this Session, first issue Session.rollback(). Original exception was: (pymysql.err.IntegrityError) (1062, "Duplicate entry 'f5721654-36ec-4da9-8a2e-9e00f28abd3b-2f023f74-eb9e-5a85-821e-fbd' for key 'routervpnagentbindings.PRIMARY'") [SQL: INSERT INTO routervpnagentbindings (router_id, vpn_agent_id) VALUES (%(router_id)s, %(vpn_agent_id)s)] [parameters: {'router_id': 'f5721654-36ec-4da9-8a2e-9e00f28abd3b', 'vpn_agent_id': '2f023f74-eb9e-5a85-821e-fbda3699ae26'}] (Background on this error at: https://sqlalche.me/e/14/gkpj) (Background on this error at: https://sqlalche.me/e/14/7s2a)
2026-03-02 22:30:42.891 12 ERROR oslo_messaging.rpc.server
Traceback (most recent call last):
2026-03-02 22:30:42.891 12 ERROR oslo_messaging.rpc.server
File "/var/lib/openstack/lib/python3.10/site-packages/oslo_messaging/rpc/server.py", line 165, in _process_incoming
2026-03-02 22:30:42.891 12 ERROR oslo_messaging.rpc.server res = self.dispatcher.dispatch(message)
2026-03-02 22:30:42.891 12 ERROR oslo_messaging.rpc.server
File "/var/lib/openstack/lib/python3.10/site-packages/oslo_messaging/rpc/dispatcher.py", line 309, in dispatch
2026-03-02 22:30:42.891 12 ERROR oslo_messaging.rpc.server return self._do_dispatch(endpoint, method, ctxt, args)
2026-03-02 22:30:42.891 12 ERROR oslo_messaging.rpc.server
File "/var/lib/openstack/lib/python3.10/site-packages/oslo_messaging/rpc/dispatcher.py", line 229, in _do_dispatch
2026-03-02 22:30:42.891 12 ERROR oslo_messaging.rpc.server result = func(ctxt, **new_args)
2026-03-02 22:30:42.891 12 ERROR oslo_messaging.rpc.server
File "/var/lib/openstack/lib/python3.10/site-packages/oslo_db/sqlalchemy/enginefacade.py", line 998, in wrapper
2026-03-02 22:30:42.891 12 ERROR oslo_messaging.rpc.server return fn(*args, **kwargs)
2026-03-02 22:30:42.891 12 ERROR oslo_messaging.rpc.server
File "/var/lib/openstack/lib/python3.10/site-packages/neutron_vpnaas/services/vpn/service_drivers/base_ipsec.py", line 80, in get_vpn_services_on_host
2026-03-02 22:30:42.891 12 ERROR oslo_messaging.rpc.server local_cidr_map = plugin._build_local_subnet_cidr_map(context)
2026-03-02 22:30:42.891 12 ERROR oslo_messaging.rpc.server
File "/var/lib/openstack/lib/python3.10/site-packages/neutron_vpnaas/db/vpn/vpn_db.py", line 729, in _build_local_subnet_cidr_map
2026-03-02 22:30:42.891 12 ERROR oslo_messaging.rpc.server return {sn.id: sn.cidr for sn in query.all()}
2026-03-02 22:30:42.891 12 ERROR oslo_messaging.rpc.server
File "/var/lib/openstack/lib/python3.10/site-packages/sqlalchemy/orm/query.py", line 2773, in all
2026-03-02 22:30:42.891 12 ERROR oslo_messaging.rpc.server return self._iter().all()
2026-03-02 22:30:42.891 12 ERROR oslo_messaging.rpc.server
File "/var/lib/openstack/lib/python3.10/site-packages/sqlalchemy/orm/query.py", line 2916, in _iter
2026-03-02 22:30:42.891 12 ERROR oslo_messaging.rpc.server result = self.session.execute(
2026-03-02 22:30:42.891 12 ERROR oslo_messaging.rpc.server
File "/var/lib/openstack/lib/python3.10/site-packages/sqlalchemy/orm/session.py", line 1716, in execute
2026-03-02 22:30:42.891 12 ERROR oslo_messaging.rpc.server conn = self._connection_for_bind(bind)
2026-03-02 22:30:42.891 12 ERROR oslo_messaging.rpc.server
File "/var/lib/openstack/lib/python3.10/site-packages/sqlalchemy/orm/session.py", line 1555, in _connection_for_bind
2026-03-02 22:30:42.891 12 ERROR oslo_messaging.rpc.server return self._transaction._connection_for_bind(
2026-03-02 22:30:42.891 12 ERROR oslo_messaging.rpc.server
File "/var/lib/openstack/lib/python3.10/site-packages/sqlalchemy/orm/session.py", line 724, in _connection_for_bind
2026-03-02 22:30:42.891 12 ERROR oslo_messaging.rpc.server self._assert_active()
2026-03-02 22:30:42.891 12 ERROR oslo_messaging.rpc.server
File "/var/lib/openstack/lib/python3.10/site-packages/sqlalchemy/orm/session.py", line 604, in _assert_active
2026-03-02 22:30:42.891 12 ERROR oslo_messaging.rpc.server raise sa_exc.PendingRollbackError(
2026-03-02 22:30:42.891 12 ERROR oslo_messaging.rpc.server sqlalchemy.exc.PendingRollbackError: This Session's transaction has been rolled back due to a previous exception during flush. To begin a new transaction with this Session, first issue Session.rollback(). Original exception was: (pymysql.err.IntegrityError) (1062, "Duplicate entry 'f5721654-36ec-4da9-8a2e-9e00f28abd3b-2f023f74-eb9e-5a85-821e-fbd' for key 'routervpnagentbindings.PRIMARY'")
2026-03-02 22:30:42.891 12 ERROR oslo_messaging.rpc.server [SQL: INSERT INTO routervpnagentbindings (router_id, vpn_agent_id) VALUES (%(router_id)s, %(vpn_agent_id)s)]
2026-03-02 22:30:42.891 12 ERROR oslo_messaging.rpc.server [parameters: {'router_id': 'f5721654-36ec-4da9-8a2e-9e00f28abd3b', 'vpn_agent_id': '2f023f74-eb9e-5a85-821e-fbda3699ae26'}]
2026-03-02 22:30:42.891 12 ERROR oslo_messaging.rpc.server (Background on this error at: https://sqlalche.me/e/14/gkpj) (Background on this error at: https://sqlalche.me/e/14/7s2a)
2026-03-02 22:30:42.891 12 ERROR oslo_messaging.rpc.server 
2026-03-02 22:30:42.923 9 INFO neutron.db.ovn_revision_numbers_db [None req-1530eae7-7af9-4ee5-b344-ba7fe50a2d18 bf8e4e329f604559ad9b0d28f360a671 ec09ec1941244bb786589a2657d2c4cd - - default default] Successfully bumped revision number for resource 7cc9145c-d3c6-4192-99d4-40869204813b (type: security_group_rules) to 0
2026-03-02 22:30:42.961 9 INFO neutron.wsgi [None req-1530eae7-7af9-4ee5-b344-ba7fe50a2d18 bf8e4e329f604559ad9b0d28f360a671 ec09ec1941244bb786589a2657d2c4cd - - default default] 10.0.0.47 "POST /v2.0/security-group-rules HTTP/1.1" status: 201 len: 805 time: 0.5118282
2026-03-02 22:30:43.091 9 INFO neutron.wsgi [None req-f1bb7b03-0151-46d1-bf61-1e14acd0e2ba 88cf227b274d433f8733306e4380efdd dce0014bb1af4ac190ac3f9fe7dad274 - - default default] 10.0.0.47 "POST /v2.0/vpn/vpnservices HTTP/1.1" status: 201 len: 658 time: 7.3983765
2026-03-02 22:30:43.107 9 INFO neutron.wsgi [None req-dfae9e21-48a2-4852-a232-8403c6914676 88cf227b274d433f8733306e4380efdd dce0014bb1af4ac190ac3f9fe7dad274 - - default default] 10.0.0.47 "GET /v2.0/vpn/vpnservices HTTP/1.1" status: 200 len: 1495 time: 0.0126967
2026-03-02 22:30:43.248 10 INFO neutron.wsgi [None req-163cca2f-7d4e-4804-985b-899da4ce3a7d e1468e71c349491f819c4dddfb384b32 9c4bffe7d5fe4de792814b71c2bcdde0 - - default default] 10.0.0.47 "POST /v2.0/floatingips HTTP/1.1" status: 201 len: 751 time: 0.8463142
2026-03-02 22:30:43.365 10 INFO neutron.wsgi [req-0e0c8128-4096-4c39-b6c4-435d35fea3ed req-966c83c9-2924-4395-97c1-2648ddd17b81 e1468e71c349491f819c4dddfb384b32 9c4bffe7d5fe4de792814b71c2bcdde0 - - default default] 10.0.0.169 "GET /v2.0/security-groups?name=tempest-securitygroup--1879031734&fields=id&tenant_id=9c4bffe7d5fe4de792814b71c2bcdde0 HTTP/1.1" status: 200 len: 267 time: 0.0409107
2026-03-02 22:30:43.413 10 INFO neutron.wsgi [req-0e0c8128-4096-4c39-b6c4-435d35fea3ed req-27f6ed98-a745-44ed-a23f-3d183fdcceed e1468e71c349491f819c4dddfb384b32 9c4bffe7d5fe4de792814b71c2bcdde0 - - default default] 10.0.0.169 "GET /v2.0/security-groups?name=tempest-secgroup-smoke-276406660&fields=id&tenant_id=9c4bffe7d5fe4de792814b71c2bcdde0 HTTP/1.1" status: 200 len: 267 time: 0.0408473
2026-03-02 22:30:43.561 10 INFO neutron.wsgi [req-0e0c8128-4096-4c39-b6c4-435d35fea3ed req-67a07a8f-dc3c-413e-9884-92e285b3d72b e1468e71c349491f819c4dddfb384b32 9c4bffe7d5fe4de792814b71c2bcdde0 - - default default] 10.0.0.169 "GET /v2.0/networks?id=ee6a70a9-b0fe-4fc7-b221-716b10fc6df0 HTTP/1.1" status: 200 len: 871 time: 0.1405513
2026-03-02 22:30:43.573 10 INFO neutron.wsgi [None req-465c7cf1-3fa9-4104-a2e8-2122cf07265d bf8e4e329f604559ad9b0d28f360a671 ec09ec1941244bb786589a2657d2c4cd - - default default] 10.0.0.47 "GET /v2.0/networks HTTP/1.1" status: 200 len: 1493 time: 0.2346499
2026-03-02 22:30:43.583 10 INFO neutron.wsgi [req-0e0c8128-4096-4c39-b6c4-435d35fea3ed req-cd213c0b-29b8-4568-96bd-7cd99320f406 e1468e71c349491f819c4dddfb384b32 9c4bffe7d5fe4de792814b71c2bcdde0 - - default default] 10.0.0.169 "GET /v2.0/quotas/9c4bffe7d5fe4de792814b71c2bcdde0 HTTP/1.1" status: 200 len: 491 time: 0.0094099
2026-03-02 22:30:43.681 9 WARNING neutron_lib.context [None req-e7e948e1-3460-49af-a3b3-feb384c0518b d8b95481a66f41d38e4958d3bdd56938 8e0ffd58be89455385cf072494fc8864 - - default default] Method 'is_advsvc' is deprecated since 2023.2 release (neutron-lib 3.8.0) and will be removed once support for the old RBAC API policies will be removed from Neutron. Please use method 'is_service_role' instead.
2026-03-02 22:30:43.703 10 INFO neutron.wsgi [req-0e0c8128-4096-4c39-b6c4-435d35fea3ed req-5790cc3c-60f9-4448-b524-2100b0c7ec1e e1468e71c349491f819c4dddfb384b32 9c4bffe7d5fe4de792814b71c2bcdde0 - - default default] 10.0.0.169 "GET /v2.0/ports?tenant_id=9c4bffe7d5fe4de792814b71c2bcdde0&fields=id HTTP/1.1" status: 200 len: 302 time: 0.1149983
2026-03-02 22:30:43.735 10 INFO neutron.wsgi [req-30c74c08-2c39-41cd-8b9d-7ee4cbf875b7 req-b8d2a03c-e483-4cae-b978-1e161050928b bf8e4e329f604559ad9b0d28f360a671 ec09ec1941244bb786589a2657d2c4cd - - default default] 10.0.0.169 "GET /v2.0/security-groups?name=tempest-secgroup-smoke-270348159&fields=id&tenant_id=ec09ec1941244bb786589a2657d2c4cd HTTP/1.1" status: 200 len: 267 time: 0.0677240
2026-03-02 22:30:43.797 10 INFO neutron.wsgi [req-0e0c8128-4096-4c39-b6c4-435d35fea3ed req-878e06e6-3cb8-4860-90a1-3a82eb8170de b7dc578550d64fb3bc4bc791034c51e6 0a749a959f714a51bd52649e2ab05997 - - 6db9dc8d0b9c40f4b7b92e967ac96eb1 6db9dc8d0b9c40f4b7b92e967ac96eb1] 10.0.0.169 "GET /v2.0/networks/ee6a70a9-b0fe-4fc7-b221-716b10fc6df0?fields=segments HTTP/1.1" status: 200 len: 212 time: 0.0742998
2026-03-02 22:30:43.830 10 INFO neutron.wsgi [req-30c74c08-2c39-41cd-8b9d-7ee4cbf875b7 req-26994380-76a3-477c-a0b3-f902825db3cc bf8e4e329f604559ad9b0d28f360a671 ec09ec1941244bb786589a2657d2c4cd - - default default] 10.0.0.169 "GET /v2.0/networks?id=f2258961-c062-44aa-bb70-569f55b45de1 HTTP/1.1" status: 200 len: 860 time: 0.0892818
2026-03-02 22:30:43.846 9 WARNING neutron.plugins.ml2.drivers.ovn.mech_driver.ovsdb.ovn_client [None req-1bacd6f4-064d-49e4-9198-f6b55c310d6c - - - - - -] No hosting information found for port 4ff823e2-3d11-4ff5-adcb-6b038f927c12: RuntimeError: No hosting information found for port 4ff823e2-3d11-4ff5-adcb-6b038f927c12
2026-03-02 22:30:43.846 9 INFO neutron.plugins.ml2.drivers.ovn.mech_driver.mech_driver [None req-1bacd6f4-064d-49e4-9198-f6b55c310d6c - - - - - -] OVN reports status up for port: d91ba761-2c69-4415-9a0c-e34ff2527103
2026-03-02 22:30:43.854 10 INFO neutron.wsgi [req-30c74c08-2c39-41cd-8b9d-7ee4cbf875b7 req-605e39b0-7bb9-4c1d-9b0b-06deb7900bb6 bf8e4e329f604559ad9b0d28f360a671 ec09ec1941244bb786589a2657d2c4cd - - default default] 10.0.0.169 "GET /v2.0/quotas/ec09ec1941244bb786589a2657d2c4cd HTTP/1.1" status: 200 len: 491 time: 0.0145929
2026-03-02 22:30:43.856 9 INFO neutron.plugins.ml2.plugin [None req-1bacd6f4-064d-49e4-9198-f6b55c310d6c - - - - - -] Attempt 1 to provision port d91ba761-2c69-4415-9a0c-e34ff2527103
2026-03-02 22:30:43.880 10 INFO neutron.wsgi [req-0e0c8128-4096-4c39-b6c4-435d35fea3ed req-16b4c633-0c47-46c8-ac4d-fa8b937b12e7 b7dc578550d64fb3bc4bc791034c51e6 0a749a959f714a51bd52649e2ab05997 - - 6db9dc8d0b9c40f4b7b92e967ac96eb1 6db9dc8d0b9c40f4b7b92e967ac96eb1] 10.0.0.169 "GET /v2.0/networks/ee6a70a9-b0fe-4fc7-b221-716b10fc6df0?fields=provider%3Aphysical_network&fields=provider%3Anetwork_type HTTP/1.1" status: 200 len: 277 time: 0.0776103
2026-03-02 22:30:43.936 9 INFO neutron.db.ovn_revision_numbers_db [None req-e7e948e1-3460-49af-a3b3-feb384c0518b d8b95481a66f41d38e4958d3bdd56938 8e0ffd58be89455385cf072494fc8864 - - default default] Successfully bumped revision number for resource e8a23c64-a8a9-4082-a3ea-505e78388350 (type: security_groups) to 1
2026-03-02 22:30:43.962 9 INFO neutron.db.ovn_revision_numbers_db [None req-e7e948e1-3460-49af-a3b3-feb384c0518b d8b95481a66f41d38e4958d3bdd56938 8e0ffd58be89455385cf072494fc8864 - - default default] Successfully bumped revision number for resource 3a2ba903-0e56-4df1-ab56-e364d3f238dc (type: security_group_rules) to 0
2026-03-02 22:30:43.966 10 INFO neutron.wsgi [req-30c74c08-2c39-41cd-8b9d-7ee4cbf875b7 req-4f41ea6e-af97-43ad-86a0-2e7573465b61 bf8e4e329f604559ad9b0d28f360a671 ec09ec1941244bb786589a2657d2c4cd - - default default] 10.0.0.169 "GET /v2.0/ports?tenant_id=ec09ec1941244bb786589a2657d2c4cd&fields=id HTTP/1.1" status: 200 len: 348 time: 0.0988264
2026-03-02 22:30:43.988 9 INFO neutron.db.ovn_revision_numbers_db [None req-e7e948e1-3460-49af-a3b3-feb384c0518b d8b95481a66f41d38e4958d3bdd56938 8e0ffd58be89455385cf072494fc8864 - - default default] Successfully bumped revision number for resource 4e6140d2-237c-44b5-8d40-aee57e42a346 (type: security_group_rules) to 0
2026-03-02 22:30:44.005 9 INFO neutron.db.ovn_revision_numbers_db [None req-e7e948e1-3460-49af-a3b3-feb384c0518b d8b95481a66f41d38e4958d3bdd56938 8e0ffd58be89455385cf072494fc8864 - - default default] Successfully bumped revision number for resource ca1e3c70-c79d-49e3-913f-dd200dd435e7 (type: security_group_rules) to 0
2026-03-02 22:30:44.018 9 INFO neutron.db.ovn_revision_numbers_db [None req-e7e948e1-3460-49af-a3b3-feb384c0518b d8b95481a66f41d38e4958d3bdd56938 8e0ffd58be89455385cf072494fc8864 - - default default] Successfully bumped revision number for resource f236b7b1-95c6-4e79-9bdf-ca1a6fb5c073 (type: security_group_rules) to 0
2026-03-02 22:30:44.028 10 INFO neutron.wsgi [req-b8d187c4-cec9-41d4-86af-69a26e8d2f00 req-5cfdda2f-8da8-4794-85dd-9de6d7949fc8 e1468e71c349491f819c4dddfb384b32 9c4bffe7d5fe4de792814b71c2bcdde0 - - default default] 10.0.0.169 "GET /v2.0/ports?device_id=ce4ad1bf-b38b-44d3-85bb-40444f4d1800 HTTP/1.1" status: 200 len: 210 time: 0.0268805
2026-03-02 22:30:44.056 10 INFO neutron.wsgi [req-30c74c08-2c39-41cd-8b9d-7ee4cbf875b7 req-84493379-c272-41b1-89b1-eaf5edfed3db b7dc578550d64fb3bc4bc791034c51e6 0a749a959f714a51bd52649e2ab05997 - - 6db9dc8d0b9c40f4b7b92e967ac96eb1 6db9dc8d0b9c40f4b7b92e967ac96eb1] 10.0.0.169 "GET /v2.0/networks/f2258961-c062-44aa-bb70-569f55b45de1?fields=segments HTTP/1.1" status: 200 len: 212 time: 0.0729098
2026-03-02 22:30:44.105 9 INFO neutron.db.segments_db [None req-e7e948e1-3460-49af-a3b3-feb384c0518b d8b95481a66f41d38e4958d3bdd56938 8e0ffd58be89455385cf072494fc8864 - - default default] Added segment 1039132a-d9b3-4a9e-8f54-7d4ecc1c2ec2 of type geneve for network 4df33272-4dc3-4866-aa7e-ee6f6b5b61c1
2026-03-02 22:30:44.120 10 INFO neutron.wsgi [req-30c74c08-2c39-41cd-8b9d-7ee4cbf875b7 req-7a02e958-86f5-405f-8e99-885d5d2f13ae b7dc578550d64fb3bc4bc791034c51e6 0a749a959f714a51bd52649e2ab05997 - - 6db9dc8d0b9c40f4b7b92e967ac96eb1 6db9dc8d0b9c40f4b7b92e967ac96eb1] 10.0.0.169 "GET /v2.0/networks/f2258961-c062-44aa-bb70-569f55b45de1?fields=provider%3Aphysical_network&fields=provider%3Anetwork_type HTTP/1.1" status: 200 len: 277 time: 0.0558498
2026-03-02 22:30:44.266 10 INFO neutron.wsgi [req-a5a621a4-daae-4251-aadb-3a7dfdc124d7 req-c716fed5-f07a-4798-9984-647540c6b92f bf8e4e329f604559ad9b0d28f360a671 ec09ec1941244bb786589a2657d2c4cd - - default default] 10.0.0.169 "GET /v2.0/ports?device_id=57e84d2a-958e-4f03-bed5-affc41258879 HTTP/1.1" status: 200 len: 210 time: 0.0252569
2026-03-02 22:30:44.593 9 INFO neutron.db.ovn_revision_numbers_db [None req-e7e948e1-3460-49af-a3b3-feb384c0518b d8b95481a66f41d38e4958d3bdd56938 8e0ffd58be89455385cf072494fc8864 - - default default] Successfully bumped revision number for resource 4df33272-4dc3-4866-aa7e-ee6f6b5b61c1 (type: networks) to 1
2026-03-02 22:30:44.996 9 INFO neutron.wsgi [req-0e0c8128-4096-4c39-b6c4-435d35fea3ed req-a455cb7c-63be-4681-b438-a393f54f8df5 e1468e71c349491f819c4dddfb384b32 9c4bffe7d5fe4de792814b71c2bcdde0 - - default default] 199.19.213.23 "GET /v2.0/networks?id=ee6a70a9-b0fe-4fc7-b221-716b10fc6df0 HTTP/1.1" status: 200 len: 871 time: 0.1779044
2026-03-02 22:30:45.012 9 INFO neutron.db.ovn_revision_numbers_db [None req-1bacd6f4-064d-49e4-9198-f6b55c310d6c - - - - - -] Successfully bumped revision number for resource d91ba761-2c69-4415-9a0c-e34ff2527103 (type: ports) to 2
2026-03-02 22:30:45.015 9 WARNING neutron.scheduler.dhcp_agent_scheduler [None req-e7e948e1-3460-49af-a3b3-feb384c0518b d8b95481a66f41d38e4958d3bdd56938 8e0ffd58be89455385cf072494fc8864 - - default default] No more DHCP agents
2026-03-02 22:30:45.025 9 WARNING neutron.api.rpc.agentnotifiers.dhcp_rpc_agent_api [None req-e7e948e1-3460-49af-a3b3-feb384c0518b d8b95481a66f41d38e4958d3bdd56938 8e0ffd58be89455385cf072494fc8864 - - default default] Unable to schedule network 4df33272-4dc3-4866-aa7e-ee6f6b5b61c1: no agents available; will retry on subsequent port and subnet creation events.
2026-03-02 22:30:45.109 10 INFO neutron.wsgi [req-34a267b7-76cc-446c-b210-b8c9a7c60459 req-985888c8-4e27-4918-8308-43c877a9faf9 e1468e71c349491f819c4dddfb384b32 9c4bffe7d5fe4de792814b71c2bcdde0 - - default default] 10.0.0.169 "GET /v2.0/ports?device_id=ce4ad1bf-b38b-44d3-85bb-40444f4d1800 HTTP/1.1" status: 200 len: 210 time: 0.0291011
2026-03-02 22:30:45.188 9 INFO neutron.wsgi [req-0e0c8128-4096-4c39-b6c4-435d35fea3ed req-c1787997-c84c-4850-874b-c6acd9aca55b e1468e71c349491f819c4dddfb384b32 9c4bffe7d5fe4de792814b71c2bcdde0 - - default default] 199.19.213.23 "GET /v2.0/security-groups?fields=id&fields=name&tenant_id=9c4bffe7d5fe4de792814b71c2bcdde0 HTTP/1.1" status: 200 len: 472 time: 0.1718204
2026-03-02 22:30:45.216 9 WARNING neutron_lib.context [req-0e0c8128-4096-4c39-b6c4-435d35fea3ed req-bff1c5da-bcec-453c-a931-b89bc941986a e1468e71c349491f819c4dddfb384b32 9c4bffe7d5fe4de792814b71c2bcdde0 - - default default] Method 'is_advsvc' is deprecated since 2023.2 release (neutron-lib 3.8.0) and will be removed once support for the old RBAC API policies will be removed from Neutron. Please use method 'is_service_role' instead.
2026-03-02 22:30:45.230 10 WARNING neutron.plugins.ml2.drivers.ovn.mech_driver.ovsdb.ovn_client [None req-ab6bebf8-81d7-4154-9122-b25a1953607a - - - - - -] No hosting information found for port 797da3f1-2230-4072-a81c-a811e07a3aae: RuntimeError: No hosting information found for port 797da3f1-2230-4072-a81c-a811e07a3aae
2026-03-02 22:30:45.300 9 INFO neutron.wsgi [req-30c74c08-2c39-41cd-8b9d-7ee4cbf875b7 req-c986ff20-8057-4f45-836a-39d95c2af2b2 bf8e4e329f604559ad9b0d28f360a671 ec09ec1941244bb786589a2657d2c4cd - - default default] 199.19.213.23 "GET /v2.0/networks?id=f2258961-c062-44aa-bb70-569f55b45de1 HTTP/1.1" status: 200 len: 860 time: 0.2597423
2026-03-02 22:30:45.309 9 INFO neutron.db.ovn_revision_numbers_db [None req-e7e948e1-3460-49af-a3b3-feb384c0518b d8b95481a66f41d38e4958d3bdd56938 8e0ffd58be89455385cf072494fc8864 - - default default] Successfully bumped revision number for resource 402f958b-2b86-4fc8-bf01-7600c552ab48 (type: ports) to 1 /var/lib/openstack/lib/python3.10/site-packages/pycadf/identifier.py:71: UserWarning: Invalid uuid: neutron. To ensure interoperability, identifiers should be a valid uuid. warnings.warn(('Invalid uuid: %s. To ensure interoperability, '
2026-03-02 22:30:45.348 9 ERROR neutron_lib.callbacks.manager [None req-1bacd6f4-064d-49e4-9198-f6b55c310d6c - - - - - -] Error during notification for neutron.services.ovn_l3.plugin.OVNL3RouterPlugin._port_update-8771042332399 port, after_update: neutron.db.ovn_revision_numbers_db.StandardAttributeIDNotFound: Standard attribute ID not found for d91ba761-2c69-4415-9a0c-e34ff2527103
2026-03-02 22:30:45.348 9 ERROR neutron_lib.callbacks.manager
Traceback (most recent call last):
2026-03-02 22:30:45.348 9 ERROR neutron_lib.callbacks.manager
File "/var/lib/openstack/lib/python3.10/site-packages/neutron/db/ovn_revision_numbers_db.py", line 106, in _get_standard_attr_id
2026-03-02 22:30:45.348 9 ERROR neutron_lib.callbacks.manager id=resource_uuid).one()
2026-03-02 22:30:45.348 9 ERROR neutron_lib.callbacks.manager
File "/var/lib/openstack/lib/python3.10/site-packages/sqlalchemy/orm/query.py", line 2870, in one
2026-03-02 22:30:45.348 9 ERROR neutron_lib.callbacks.manager return self._iter().one()
2026-03-02 22:30:45.348 9 ERROR neutron_lib.callbacks.manager
File "/var/lib/openstack/lib/python3.10/site-packages/sqlalchemy/engine/result.py", line 1522, in one
2026-03-02 22:30:45.348 9 ERROR neutron_lib.callbacks.manager return self._only_one_row(
2026-03-02 22:30:45.348 9 ERROR neutron_lib.callbacks.manager
File "/var/lib/openstack/lib/python3.10/site-packages/sqlalchemy/engine/result.py", line 562, in _only_one_row
2026-03-02 22:30:45.348 9 ERROR neutron_lib.callbacks.manager raise exc.NoResultFound(
2026-03-02 22:30:45.348 9 ERROR neutron_lib.callbacks.manager sqlalchemy.exc.NoResultFound: No row was found when one was required
2026-03-02 22:30:45.348 9 ERROR neutron_lib.callbacks.manager
2026-03-02 22:30:45.348 9 ERROR neutron_lib.callbacks.manager During handling of the above exception, another exception occurred:
2026-03-02 22:30:45.348 9 ERROR neutron_lib.callbacks.manager
2026-03-02 22:30:45.348 9 ERROR neutron_lib.callbacks.manager
Traceback (most recent call last):
2026-03-02 22:30:45.348 9 ERROR neutron_lib.callbacks.manager
File "/var/lib/openstack/lib/python3.10/site-packages/neutron_lib/callbacks/manager.py", line 189, in _notify_loop
2026-03-02 22:30:45.348 9 ERROR neutron_lib.callbacks.manager callback.method(resource, event, trigger, payload=payload)
2026-03-02 22:30:45.348 9 ERROR neutron_lib.callbacks.manager
File "/var/lib/openstack/lib/python3.10/site-packages/neutron/services/ovn_l3/plugin.py", line 391, in _port_update
2026-03-02 22:30:45.348 9 ERROR neutron_lib.callbacks.manager l3plugin._ovn_client.update_router_port(context,
2026-03-02 22:30:45.348 9 ERROR neutron_lib.callbacks.manager
File "/var/lib/openstack/lib/python3.10/site-packages/neutron/plugins/ml2/drivers/ovn/mech_driver/ovsdb/ovn_client.py", line 1882, in update_router_port
2026-03-02 22:30:45.348 9 ERROR neutron_lib.callbacks.manager db_rev.bump_revision(
2026-03-02 22:30:45.348 9 ERROR neutron_lib.callbacks.manager
File "/var/lib/openstack/lib/python3.10/site-packages/neutron_lib/db/api.py", line 223, in wrapped
2026-03-02 22:30:45.348 9 ERROR neutron_lib.callbacks.manager return f_with_retry(*args, **kwargs,
2026-03-02 22:30:45.348 9 ERROR neutron_lib.callbacks.manager
File "/var/lib/openstack/lib/python3.10/site-packages/neutron_lib/db/api.py", line 137, in wrapped
2026-03-02 22:30:45.348 9 ERROR neutron_lib.callbacks.manager with excutils.save_and_reraise_exception():
2026-03-02 22:30:45.348 9 ERROR neutron_lib.callbacks.manager
File "/var/lib/openstack/lib/python3.10/site-packages/oslo_utils/excutils.py", line 227, in __exit__
2026-03-02 22:30:45.348 9 ERROR neutron_lib.callbacks.manager self.force_reraise()
2026-03-02 22:30:45.348 9 ERROR neutron_lib.callbacks.manager
