2026-03-02 22:30:57.027 10 INFO neutron.db.ovn_revision_numbers_db [None req-ec82cd8e-6423-4cac-91cd-a6cc32c7093a 6195e1ae26dd4545ad79c346fe9666a7 a6d2f78b96a4433b9cd04218abadbfcd - - default default] Successfully bumped revision number for resource fcc06062-cfee-4b37-ab42-f65d6ff4b045 (type: security_group_rules) to 0
2026-03-02 22:30:57.062 10 INFO neutron.wsgi [None req-ec82cd8e-6423-4cac-91cd-a6cc32c7093a 6195e1ae26dd4545ad79c346fe9666a7 a6d2f78b96a4433b9cd04218abadbfcd - - default default] 10.0.0.47 "GET /v2.0/security-groups?tenant_id=16761a5543a64101bef7dafac802834d&name=default HTTP/1.1" status: 200 len: 3120 time: 0.3436909
2026-03-02 22:30:57.269 9 INFO neutron.wsgi [None req-9ac8c122-bbf9-458e-95cb-6e41723432f5 6195e1ae26dd4545ad79c346fe9666a7 a6d2f78b96a4433b9cd04218abadbfcd - - default default] 10.0.0.47 "DELETE /v2.0/security-groups/992f10c2-368d-4e70-be2a-1122d0bf71b3 HTTP/1.1" status: 204 len: 168 time: 0.2019281
2026-03-02 22:30:57.467 9 INFO neutron.db.ovn_revision_numbers_db [None req-bcca0fb6-82d0-47a4-b0af-f03dafb0186d 6195e1ae26dd4545ad79c346fe9666a7 a6d2f78b96a4433b9cd04218abadbfcd - - default default] Successfully bumped revision number for resource 8b8a6acf-3b1c-42d9-b3a7-2ab87753d123 (type: security_groups) to 1
2026-03-02 22:30:57.479 9 INFO neutron.db.ovn_revision_numbers_db [None req-bcca0fb6-82d0-47a4-b0af-f03dafb0186d 6195e1ae26dd4545ad79c346fe9666a7 a6d2f78b96a4433b9cd04218abadbfcd - - default default] Successfully bumped revision number for resource 1f22ae3e-5fb0-4e79-8de0-38b3535892be (type: security_group_rules) to 0
2026-03-02 22:30:57.495 9 INFO neutron.db.ovn_revision_numbers_db [None req-bcca0fb6-82d0-47a4-b0af-f03dafb0186d 6195e1ae26dd4545ad79c346fe9666a7 a6d2f78b96a4433b9cd04218abadbfcd - - default default] Successfully bumped revision number for resource 6369ea3b-b83a-4295-8801-51de840057b5 (type: security_group_rules) to 0
2026-03-02 22:30:57.509 9 INFO neutron.db.ovn_revision_numbers_db [None req-bcca0fb6-82d0-47a4-b0af-f03dafb0186d 6195e1ae26dd4545ad79c346fe9666a7 a6d2f78b96a4433b9cd04218abadbfcd - - default default] Successfully bumped revision number for resource 8a2ac95a-7f53-4140-8185-93e7436111fc (type: security_group_rules) to 0
2026-03-02 22:30:57.521 9 INFO neutron.db.ovn_revision_numbers_db [None req-bcca0fb6-82d0-47a4-b0af-f03dafb0186d 6195e1ae26dd4545ad79c346fe9666a7 a6d2f78b96a4433b9cd04218abadbfcd - - default default] Successfully bumped revision number for resource ce23f1e5-b7ef-4754-b682-356df55be078 (type: security_group_rules) to 0
2026-03-02 22:30:57.545 9 INFO neutron.wsgi [None req-bcca0fb6-82d0-47a4-b0af-f03dafb0186d 6195e1ae26dd4545ad79c346fe9666a7 a6d2f78b96a4433b9cd04218abadbfcd - - default default] 10.0.0.47 "GET /v2.0/security-groups?tenant_id=94580c5aefe748649040e8f9261323a7&name=default HTTP/1.1" status: 200 len: 3120 time: 0.1929963
2026-03-02 22:30:57.758 9 INFO neutron.wsgi [None req-d9ef8631-d9ad-4e24-8b83-a916b013bc39 6195e1ae26dd4545ad79c346fe9666a7 a6d2f78b96a4433b9cd04218abadbfcd - - default default] 10.0.0.47 "DELETE /v2.0/security-groups/8b8a6acf-3b1c-42d9-b3a7-2ab87753d123 HTTP/1.1" status: 204 len: 168 time: 0.2075565
2026-03-02 22:30:57.856 10 INFO neutron.db.ovn_revision_numbers_db [None req-dd007c6a-e531-4e73-a34c-107a7f65f1b2 88cf227b274d433f8733306e4380efdd dce0014bb1af4ac190ac3f9fe7dad274 - - default default] Successfully bumped revision number for resource 0d12fbf9-da81-489b-9f36-66d181fd9dac (type: routers) to 10
2026-03-02 22:30:57.881 10 INFO neutron.wsgi [None req-dd007c6a-e531-4e73-a34c-107a7f65f1b2 88cf227b274d433f8733306e4380efdd dce0014bb1af4ac190ac3f9fe7dad274 - - default default] 10.0.0.47 "DELETE /v2.0/vpn/ipsec-site-connections/875a724e-8585-4426-97b1-c8ecee51cd92 HTTP/1.1" status: 204 len: 168 time: 0.8496864
2026-03-02 22:30:57.909 10 INFO neutron.wsgi [None req-f7551969-c54d-4897-b2f1-21e16bc4a6ad 88cf227b274d433f8733306e4380efdd dce0014bb1af4ac190ac3f9fe7dad274 - - default default] 10.0.0.47 "DELETE /v2.0/vpn/endpoint-groups/180b100f-93f9-4ff3-b9a1-736acf3aa291 HTTP/1.1" status: 204 len: 168 time: 0.0230291
2026-03-02 22:30:57.947 9 INFO neutron.wsgi [None req-5580c55d-9653-4b40-9f19-46a4ba07eae9 88cf227b274d433f8733306e4380efdd dce0014bb1af4ac190ac3f9fe7dad274 - - default default] 10.0.0.47 "DELETE /v2.0/vpn/endpoint-groups/b8731c2a-f2be-47d2-a789-6ccadd31228b HTTP/1.1" status: 204 len: 168 time: 0.0322175
2026-03-02 22:30:57.986 9 INFO neutron.wsgi [None req-ac5234b0-6570-427b-a8ab-2b94034676c2 88cf227b274d433f8733306e4380efdd dce0014bb1af4ac190ac3f9fe7dad274 - - default default] 10.0.0.47 "DELETE /v2.0/vpn/ipsecpolicies/cc44f889-0b71-4e05-aa2e-f3bc8aca79d2 HTTP/1.1" status: 204 len: 168 time: 0.0347812
2026-03-02 22:30:58.028 9 INFO neutron.wsgi [None req-8fd3710f-4406-4229-b22d-cd8dd5c72bd8 88cf227b274d433f8733306e4380efdd dce0014bb1af4ac190ac3f9fe7dad274 - - default default] 10.0.0.47 "DELETE /v2.0/vpn/ikepolicies/6fbce37b-b748-4293-9fc0-d39fd6f53a3b HTTP/1.1" status: 204 len: 168 time: 0.0318804
2026-03-02 22:30:58.091 9 INFO neutron.wsgi [None req-e7ca1634-b7e4-4add-b898-c5a79142ac5e 88cf227b274d433f8733306e4380efdd dce0014bb1af4ac190ac3f9fe7dad274 - - default default] 10.0.0.47 "DELETE /v2.0/vpn/vpnservices/c257bf54-f8e7-4fc8-accc-a57674caa3b0 HTTP/1.1" status: 204 len: 168 time: 0.0567262
2026-03-02 22:30:59.640 9 WARNING neutron.plugins.ml2.drivers.ovn.mech_driver.ovsdb.ovn_client [None req-1bacd6f4-064d-49e4-9198-f6b55c310d6c - - - - - -] No port found with ID 3e862f60-5f8d-4a6c-990f-df13f0467c98: RuntimeError: No port found with ID 3e862f60-5f8d-4a6c-990f-df13f0467c98
2026-03-02 22:31:01.397 9 INFO neutron.services.segments.plugin [-] Segment 203e8151-f0ce-4c89-9f49-469c7f88e875 resource provider aggregate not found
2026-03-02 22:31:01.402 9 INFO neutron.services.segments.plugin [-] Segment 203e8151-f0ce-4c89-9f49-469c7f88e875 resource provider aggregate not found
2026-03-02 22:31:01.421 9 INFO neutron.services.segments.plugin [-] Segment 203e8151-f0ce-4c89-9f49-469c7f88e875 resource provider not found; error: Placement Client Error (4xx): {"errors": [{"status": 404, "title": "Not Found", "detail": "The resource could not be found.\n\n No resource provider with uuid 203e8151-f0ce-4c89-9f49-469c7f88e875 found for delete ", "request_id": "req-6a6f1698-0e37-46e3-b13f-355fc6990503"}]}
2026-03-02 22:31:01.421 9 INFO neutron.services.segments.plugin [-] Segment 203e8151-f0ce-4c89-9f49-469c7f88e875 resource provider not found; error: Placement Client Error (4xx): {"errors": [{"status": 404, "title": "Not Found", "detail": "The resource could not be found.\n\n No resource provider with uuid 203e8151-f0ce-4c89-9f49-469c7f88e875 found for delete ", "request_id": "req-658fb93f-4c05-416e-8805-9950be5e0d43"}]}
2026-03-02 22:31:01.454 9 INFO neutron.wsgi [None req-f59bc5d6-5a42-48ca-b3f6-d9f0f3e17066 88cf227b274d433f8733306e4380efdd dce0014bb1af4ac190ac3f9fe7dad274 - - default default] 10.0.0.47 "DELETE /v2.0/vpn/vpnservices/bb28b04d-f6f5-4c65-9299-fe5cb71b35ae HTTP/1.1" status: 204 len: 168 time: 3.3578722 /var/lib/openstack/lib/python3.10/site-packages/pycadf/identifier.py:71: UserWarning: Invalid uuid: neutron. To ensure interoperability, identifiers should be a valid uuid. warnings.warn(('Invalid uuid: %s. To ensure interoperability, '
2026-03-02 22:31:01.552 9 INFO neutron.wsgi [None req-8e81a1a5-1ffd-449d-a8cc-915cec6cc613 88cf227b274d433f8733306e4380efdd dce0014bb1af4ac190ac3f9fe7dad274 - - default default] 10.0.0.47 "GET /v2.0/routers/0d12fbf9-da81-489b-9f36-66d181fd9dac HTTP/1.1" status: 200 len: 1135 time: 0.0902710
2026-03-02 22:31:01.867 10 INFO neutron.wsgi [-] 10.0.0.44 "GET / HTTP/1.1" status: 200 len: 247 time: 0.0019751
2026-03-02 22:31:01.869 10 INFO neutron.wsgi [-] 10.0.0.44 "GET / HTTP/1.1" status: 200 len: 247 time: 0.0013647
2026-03-02 22:31:02.386 9 INFO neutron.db.ovn_revision_numbers_db [None req-340631a2-4156-401e-9d8f-d9b31972fd2b 88cf227b274d433f8733306e4380efdd dce0014bb1af4ac190ac3f9fe7dad274 - - default default] Successfully bumped revision number for resource 0d12fbf9-da81-489b-9f36-66d181fd9dac (type: routers) to 11
2026-03-02 22:31:02.393 9 INFO neutron.wsgi [None req-340631a2-4156-401e-9d8f-d9b31972fd2b 88cf227b274d433f8733306e4380efdd dce0014bb1af4ac190ac3f9fe7dad274 - - default default] 10.0.0.47 "PUT /v2.0/routers/0d12fbf9-da81-489b-9f36-66d181fd9dac HTTP/1.1" status: 200 len: 1135 time: 0.8335404
2026-03-02 22:31:02.491 9 INFO neutron.wsgi [None req-e39f1cf6-6e35-4b84-9bbe-ef3b93bcb5bc 88cf227b274d433f8733306e4380efdd dce0014bb1af4ac190ac3f9fe7dad274 - - default default] 10.0.0.47 "GET /v2.0/ports?device_id=0d12fbf9-da81-489b-9f36-66d181fd9dac HTTP/1.1" status: 200 len: 1140 time: 0.0912097
2026-03-02 22:31:03.120 9 INFO neutron.wsgi [req-ef288d7d-ca55-4d79-83f4-634b4219d293 req-4a6693e7-4794-4795-80a0-4fdbc54912d4 b7dc578550d64fb3bc4bc791034c51e6 0a749a959f714a51bd52649e2ab05997 - - 6db9dc8d0b9c40f4b7b92e967ac96eb1 6db9dc8d0b9c40f4b7b92e967ac96eb1] 10.0.0.57 "GET /v2.0/ports?device_id=57e84d2a-958e-4f03-bed5-affc41258879 HTTP/1.1" status: 200 len: 1413 time: 0.0553946
2026-03-02 22:31:03.189 9 INFO neutron.wsgi [req-ef288d7d-ca55-4d79-83f4-634b4219d293 req-e9772396-8261-41d1-b6f9-7490cedd364a b7dc578550d64fb3bc4bc791034c51e6 0a749a959f714a51bd52649e2ab05997 - - 6db9dc8d0b9c40f4b7b92e967ac96eb1 6db9dc8d0b9c40f4b7b92e967ac96eb1] 10.0.0.57 "GET /v2.0/security-groups?id=9570b961-3601-4403-ab57-b8f6ff79b1dd&fields=id&fields=name HTTP/1.1" status: 200 len: 312 time: 0.0479121
2026-03-02 22:31:03.421 9 INFO neutron.wsgi [None req-c42ccb8e-cfca-4cd0-852c-ccf859714995 88cf227b274d433f8733306e4380efdd dce0014bb1af4ac190ac3f9fe7dad274 - - default default] 10.0.0.47 "PUT /v2.0/routers/0d12fbf9-da81-489b-9f36-66d181fd9dac/remove_router_interface HTTP/1.1" status: 200 len: 503 time: 0.9244871 /var/lib/openstack/lib/python3.10/site-packages/pycadf/identifier.py:71: UserWarning: Invalid uuid: neutron. To ensure interoperability, identifiers should be a valid uuid. warnings.warn(('Invalid uuid: %s. To ensure interoperability, '
2026-03-02 22:31:03.949 9 INFO neutron.wsgi [req-d81fa352-db20-4372-831e-24ab50f9a38e req-e507e8d5-83a9-4665-bc1c-a68e225000ab b7dc578550d64fb3bc4bc791034c51e6 0a749a959f714a51bd52649e2ab05997 - - 6db9dc8d0b9c40f4b7b92e967ac96eb1 6db9dc8d0b9c40f4b7b92e967ac96eb1] 199.19.213.23 "GET /v2.0/ports?device_id=f9d4923e-785a-45fb-aa66-1359f7531e02&fields=binding%3Ahost_id&fields=binding%3Avif_type HTTP/1.1" status: 200 len: 265 time: 0.0439911
2026-03-02 22:31:04.047 9 INFO neutron.wsgi [req-d81fa352-db20-4372-831e-24ab50f9a38e req-f0a669d1-6b2b-4771-b060-a2020f60d0da b7dc578550d64fb3bc4bc791034c51e6 0a749a959f714a51bd52649e2ab05997 - - 6db9dc8d0b9c40f4b7b92e967ac96eb1 6db9dc8d0b9c40f4b7b92e967ac96eb1] 199.19.213.23 "GET /v2.0/ports?tenant_id=ec09ec1941244bb786589a2657d2c4cd&device_id=f9d4923e-785a-45fb-aa66-1359f7531e02 HTTP/1.1" status: 200 len: 1413 time: 0.0403156
2026-03-02 22:31:04.127 9 INFO neutron.wsgi [req-d81fa352-db20-4372-831e-24ab50f9a38e req-88bd4e74-871a-4af1-b906-319d3151859e b7dc578550d64fb3bc4bc791034c51e6 0a749a959f714a51bd52649e2ab05997 - - 6db9dc8d0b9c40f4b7b92e967ac96eb1 6db9dc8d0b9c40f4b7b92e967ac96eb1] 199.19.213.23 "GET /v2.0/networks?id=f2258961-c062-44aa-bb70-569f55b45de1 HTTP/1.1" status: 200 len: 959 time: 0.0605135
2026-03-02 22:31:04.160 9 INFO neutron.wsgi [req-d81fa352-db20-4372-831e-24ab50f9a38e req-614799a5-26a4-4e6d-bbbb-534a1b301501 b7dc578550d64fb3bc4bc791034c51e6 0a749a959f714a51bd52649e2ab05997 - - 6db9dc8d0b9c40f4b7b92e967ac96eb1 6db9dc8d0b9c40f4b7b92e967ac96eb1] 199.19.213.23 "GET /v2.0/floatingips?fixed_ip_address=10.100.0.10&port_id=62643af4-7836-4700-ab66-11eb1216c042 HTTP/1.1" status: 200 len: 217 time: 0.0235784
2026-03-02 22:31:04.198 9 INFO neutron.wsgi [req-d81fa352-db20-4372-831e-24ab50f9a38e req-a5e54806-d356-4550-89db-c964a38e5767 b7dc578550d64fb3bc4bc791034c51e6 0a749a959f714a51bd52649e2ab05997 - - 6db9dc8d0b9c40f4b7b92e967ac96eb1 6db9dc8d0b9c40f4b7b92e967ac96eb1] 199.19.213.23 "GET /v2.0/subnets?id=d535378b-bdf0-4537-9504-8df46f6762ab HTTP/1.1" status: 200 len: 852 time: 0.0322192
2026-03-02 22:31:04.234 9 INFO neutron.wsgi [req-d81fa352-db20-4372-831e-24ab50f9a38e req-028571e4-3a15-4426-97a0-12eed0c22d3b b7dc578550d64fb3bc4bc791034c51e6 0a749a959f714a51bd52649e2ab05997 - - 6db9dc8d0b9c40f4b7b92e967ac96eb1 6db9dc8d0b9c40f4b7b92e967ac96eb1] 199.19.213.23 "GET /v2.0/ports?network_id=f2258961-c062-44aa-bb70-569f55b45de1&device_owner=network%3Adhcp HTTP/1.1" status: 200 len: 210 time: 0.0297911
2026-03-02 22:31:04.264 10 INFO neutron.wsgi [None req-c658cdf3-e342-4d91-8613-ed600f1a92ef 88cf227b274d433f8733306e4380efdd dce0014bb1af4ac190ac3f9fe7dad274 - - default default] 10.0.0.47 "DELETE /v2.0/routers/0d12fbf9-da81-489b-9f36-66d181fd9dac HTTP/1.1" status: 204 len: 168 time: 0.8378003
2026-03-02 22:31:04.304 9 INFO neutron.wsgi [req-d81fa352-db20-4372-831e-24ab50f9a38e req-a09b4f6f-b2f5-4aae-aa7f-928dc5a9602f b7dc578550d64fb3bc4bc791034c51e6 0a749a959f714a51bd52649e2ab05997 - - 6db9dc8d0b9c40f4b7b92e967ac96eb1 6db9dc8d0b9c40f4b7b92e967ac96eb1] 199.19.213.23 "GET /v2.0/networks/f2258961-c062-44aa-bb70-569f55b45de1?fields=segments HTTP/1.1" status: 200 len: 212 time: 0.0650196
2026-03-02 22:31:04.358 10 INFO neutron.wsgi [None req-975bc1fa-3764-4b75-9003-8dcbce155f82 88cf227b274d433f8733306e4380efdd dce0014bb1af4ac190ac3f9fe7dad274 - - default default] 10.0.0.47 "GET /v2.0/routers/9bfef5cc-615a-4543-8a38-8a535cdbf193 HTTP/1.1" status: 200 len: 1136 time: 0.0900929
2026-03-02 22:31:04.369 9 INFO neutron.wsgi [req-d81fa352-db20-4372-831e-24ab50f9a38e req-d0952ec3-5f51-4a5e-a6b2-4dc343f3610d b7dc578550d64fb3bc4bc791034c51e6 0a749a959f714a51bd52649e2ab05997 - - 6db9dc8d0b9c40f4b7b92e967ac96eb1 6db9dc8d0b9c40f4b7b92e967ac96eb1] 199.19.213.23 "GET /v2.0/networks/f2258961-c062-44aa-bb70-569f55b45de1?fields=provider%3Aphysical_network&fields=provider%3Anetwork_type HTTP/1.1" status: 200 len: 277 time: 0.0605564
2026-03-02 22:31:05.399 10 INFO neutron.db.ovn_revision_numbers_db [None req-a7235e47-b626-42b0-8fce-07185cfa5303 88cf227b274d433f8733306e4380efdd dce0014bb1af4ac190ac3f9fe7dad274 - - default default] Successfully bumped revision number for resource 9bfef5cc-615a-4543-8a38-8a535cdbf193 (type: routers) to 5
2026-03-02 22:31:05.406 10 INFO neutron.wsgi [None req-a7235e47-b626-42b0-8fce-07185cfa5303 88cf227b274d433f8733306e4380efdd dce0014bb1af4ac190ac3f9fe7dad274 - - default default] 10.0.0.47 "PUT /v2.0/routers/9bfef5cc-615a-4543-8a38-8a535cdbf193 HTTP/1.1" status: 200 len: 1136 time: 1.0431011
2026-03-02 22:31:05.498 10 INFO neutron.wsgi [None req-ec99d59b-21cf-4a63-8767-c6f22ecfe76c 88cf227b274d433f8733306e4380efdd dce0014bb1af4ac190ac3f9fe7dad274 - - default default] 10.0.0.47 "GET /v2.0/ports?device_id=9bfef5cc-615a-4543-8a38-8a535cdbf193 HTTP/1.1" status: 200 len: 1144 time: 0.0867503
2026-03-02 22:31:05.760 9 INFO neutron.plugins.ml2.drivers.ovn.mech_driver.mech_driver [None req-1bacd6f4-064d-49e4-9198-f6b55c310d6c - - - - - -] OVN reports status down for port: 8f550e7a-1800-41d5-a252-1181f390d3dc
2026-03-02 22:31:05.797 10 INFO neutron.wsgi [req-003c3439-cbef-4f98-b5e8-9df32d41588d req-e7921f5d-97d5-4c95-afea-be0347883012 bf8e4e329f604559ad9b0d28f360a671 ec09ec1941244bb786589a2657d2c4cd - - default default] 10.0.0.169 "GET /v2.0/ports?device_id=57e84d2a-958e-4f03-bed5-affc41258879 HTTP/1.1" status: 200 len: 1174 time: 0.1169355
2026-03-02 22:31:05.850 10 INFO neutron.wsgi [req-003c3439-cbef-4f98-b5e8-9df32d41588d req-69975930-c637-4073-af7e-6e40df8d0d85 bf8e4e329f604559ad9b0d28f360a671 ec09ec1941244bb786589a2657d2c4cd - - default default] 10.0.0.169 "GET /v2.0/security-groups?id=9570b961-3601-4403-ab57-b8f6ff79b1dd&fields=id&fields=name HTTP/1.1" status: 200 len: 312 time: 0.0452371
2026-03-02 22:31:05.970 9 INFO neutron.notifiers.nova [-] Nova event matching ['req-55d45246-27dc-4aa0-a506-8f3b5e857eae'] response: {'server_uuid': '57e84d2a-958e-4f03-bed5-affc41258879', 'name': 'network-vif-unplugged', 'status': 'completed', 'tag': '8f550e7a-1800-41d5-a252-1181f390d3dc', 'code': 200}
2026-03-02 22:31:06.194 9 INFO neutron.wsgi [req-ee8c9a2b-bb37-471e-9c88-08ea558d605a req-7608cfb3-30a3-4fd0-b57c-f24bd8c78313 bf8e4e329f604559ad9b0d28f360a671 ec09ec1941244bb786589a2657d2c4cd - - default default] 199.19.213.23 "GET /v2.0/ports?device_id=57e84d2a-958e-4f03-bed5-affc41258879 HTTP/1.1" status: 200 len: 1172 time: 0.1575963
2026-03-02 22:31:06.286 9 INFO neutron.db.ovn_revision_numbers_db [None req-1bacd6f4-064d-49e4-9198-f6b55c310d6c - - - - - -] Successfully bumped revision number for resource 8f550e7a-1800-41d5-a252-1181f390d3dc (type: ports) to 5
2026-03-02 22:31:06.788 9 INFO neutron.db.l3_db [req-ee8c9a2b-bb37-471e-9c88-08ea558d605a req-79bc30e0-bc36-4f1b-8c79-5c4fb6950bb3 bf8e4e329f604559ad9b0d28f360a671 ec09ec1941244bb786589a2657d2c4cd - - default default] Floating IP 90e128bd-3cef-453c-a342-89db9b08101c disassociated. External IP: 10.96.250.209, port: 8f550e7a-1800-41d5-a252-1181f390d3dc. /var/lib/openstack/lib/python3.10/site-packages/pycadf/identifier.py:71: UserWarning: Invalid uuid: neutron. To ensure interoperability, identifiers should be a valid uuid. warnings.warn(('Invalid uuid: %s. To ensure interoperability, '
2026-03-02 22:31:06.943 10 INFO neutron.wsgi [req-d90c2502-d22f-43f8-ade1-de040c704629 req-177b6f1a-3cb0-4102-b5b7-1ca7bda682ce bf8e4e329f604559ad9b0d28f360a671 ec09ec1941244bb786589a2657d2c4cd - - default default] 10.0.0.169 "GET /v2.0/ports?device_id=57e84d2a-958e-4f03-bed5-affc41258879 HTTP/1.1" status: 200 len: 210 time: 0.0254316
2026-03-02 22:31:06.960 9 INFO neutron.wsgi [req-ee8c9a2b-bb37-471e-9c88-08ea558d605a req-79bc30e0-bc36-4f1b-8c79-5c4fb6950bb3 bf8e4e329f604559ad9b0d28f360a671 ec09ec1941244bb786589a2657d2c4cd - - default default] 199.19.213.23 "DELETE /v2.0/ports/8f550e7a-1800-41d5-a252-1181f390d3dc HTTP/1.1" status: 204 len: 173 time: 0.7575052
2026-03-02 22:31:07.095 9 INFO neutron.wsgi [None req-692d1619-6664-4c8f-b831-256f6985e614 88cf227b274d433f8733306e4380efdd dce0014bb1af4ac190ac3f9fe7dad274 - - default default] 10.0.0.47 "PUT /v2.0/routers/9bfef5cc-615a-4543-8a38-8a535cdbf193/remove_router_interface HTTP/1.1" status: 200 len: 503 time: 1.5917730
2026-03-02 22:31:07.896 10 INFO neutron.wsgi [None req-67889b5b-02be-4dad-8785-307ec41442bb 88cf227b274d433f8733306e4380efdd dce0014bb1af4ac190ac3f9fe7dad274 - - default default] 10.0.0.47 "DELETE /v2.0/routers/9bfef5cc-615a-4543-8a38-8a535cdbf193 HTTP/1.1" status: 204 len: 168 time: 0.7958283
2026-03-02 22:31:07.974 10 INFO neutron.wsgi [None req-428aaaaf-b0e7-45ff-98c0-b4093d5afa6a 88cf227b274d433f8733306e4380efdd dce0014bb1af4ac190ac3f9fe7dad274 - - default default] 10.0.0.47 "GET /v2.0/routers/f5721654-36ec-4da9-8a2e-9e00f28abd3b HTTP/1.1" status: 200 len: 1136 time: 0.0717211 /var/lib/openstack/lib/python3.10/site-packages/pycadf/identifier.py:71: UserWarning: Invalid uuid: neutron. To ensure interoperability, identifiers should be a valid uuid. warnings.warn(('Invalid uuid: %s. To ensure interoperability, '
2026-03-02 22:31:08.034 9 INFO neutron.notifiers.nova [-] Nova event matching ['req-13ca7789-8b15-471d-af46-faf7b25082c7'] response: {'server_uuid': '57e84d2a-958e-4f03-bed5-affc41258879', 'name': 'network-vif-unplugged', 'status': 'completed', 'tag': '8f550e7a-1800-41d5-a252-1181f390d3dc', 'code': 200}
2026-03-02 22:31:08.035 9 INFO neutron.notifiers.nova [-] Nova event matching ['req-13ca7789-8b15-471d-af46-faf7b25082c7'] response: {'server_uuid': '57e84d2a-958e-4f03-bed5-affc41258879', 'name': 'network-vif-deleted', 'tag': '8f550e7a-1800-41d5-a252-1181f390d3dc', 'status': 'completed', 'code': 200}
2026-03-02 22:31:08.183 9 INFO neutron.wsgi [None req-dc1266b7-fac4-4e71-8a8c-6ebe099437dc bf8e4e329f604559ad9b0d28f360a671 ec09ec1941244bb786589a2657d2c4cd - - default default] 10.0.0.47 "DELETE /v2.0/security-groups/9570b961-3601-4403-ab57-b8f6ff79b1dd HTTP/1.1" status: 204 len: 168 time: 0.1716766
2026-03-02 22:31:08.562 9 INFO neutron.wsgi [None req-94d3c225-ab64-4c82-8c69-327d8c7bebff bf8e4e329f604559ad9b0d28f360a671 ec09ec1941244bb786589a2657d2c4cd - - default default] 10.0.0.47 "DELETE /v2.0/floatingips/90e128bd-3cef-453c-a342-89db9b08101c HTTP/1.1" status: 204 len: 168 time: 0.3449829
2026-03-02 22:31:08.699 10 INFO neutron.db.ovn_revision_numbers_db [None req-1314ff47-4f5e-4f44-a307-eaa5ed5c4dc3 88cf227b274d433f8733306e4380efdd dce0014bb1af4ac190ac3f9fe7dad274 - - default default] Successfully bumped revision number for resource f5721654-36ec-4da9-8a2e-9e00f28abd3b (type: routers) to 5
2026-03-02 22:31:08.704 10 INFO neutron.wsgi [None req-1314ff47-4f5e-4f44-a307-eaa5ed5c4dc3 88cf227b274d433f8733306e4380efdd dce0014bb1af4ac190ac3f9fe7dad274 - - default default] 10.0.0.47 "PUT /v2.0/routers/f5721654-36ec-4da9-8a2e-9e00f28abd3b HTTP/1.1" status: 200 len: 1136 time: 0.7256823
2026-03-02 22:31:08.735 10 INFO neutron.wsgi [req-f9005722-50a0-4122-bd2a-7b3bd514eb20 req-6efece00-2fb7-4ffc-8b89-8e31d5fbc32b bf8e4e329f604559ad9b0d28f360a671 ec09ec1941244bb786589a2657d2c4cd - - default default] 10.0.0.169 "GET /v2.0/ports?device_id=f9d4923e-785a-45fb-aa66-1359f7531e02 HTTP/1.1" status: 200 len: 1174 time: 0.0347733
2026-03-02 22:31:08.781 9 INFO neutron.plugins.ml2.drivers.ovn.mech_driver.mech_driver [None req-1bacd6f4-064d-49e4-9198-f6b55c310d6c - - - - - -] OVN reports status down for port: 62643af4-7836-4700-ab66-11eb1216c042
2026-03-02 22:31:08.783 10 INFO neutron.wsgi [req-f9005722-50a0-4122-bd2a-7b3bd514eb20 req-3d19228d-c863-4a12-98e8-bbcde07adf52 bf8e4e329f604559ad9b0d28f360a671 ec09ec1941244bb786589a2657d2c4cd - - default default] 10.0.0.169 "GET /v2.0/security-groups?id=5d7a5716-3609-4596-a8a0-b9b95d174b6b&fields=id&fields=name HTTP/1.1" status: 200 len: 312 time: 0.0435238
2026-03-02 22:31:08.836 9 INFO neutron.wsgi [None req-cf7d4480-9501-4d1f-a557-ae4d5360ad94 88cf227b274d433f8733306e4380efdd dce0014bb1af4ac190ac3f9fe7dad274 - - default default] 10.0.0.47 "GET /v2.0/ports?device_id=f5721654-36ec-4da9-8a2e-9e00f28abd3b HTTP/1.1" status: 200 len: 1144 time: 0.1273682
2026-03-02 22:31:09.063 9 INFO neutron.wsgi [req-ef0ab297-a590-4fce-9d0b-8643b9f09614 req-3927c99b-665e-4186-813c-7d994da61cb0 bf8e4e329f604559ad9b0d28f360a671 ec09ec1941244bb786589a2657d2c4cd - - default default] 199.19.213.23 "GET /v2.0/ports?device_id=f9d4923e-785a-45fb-aa66-1359f7531e02 HTTP/1.1" status: 200 len: 1172 time: 0.0428233
2026-03-02 22:31:09.074 9 INFO neutron.db.ovn_revision_numbers_db [None req-1bacd6f4-064d-49e4-9198-f6b55c310d6c - - - - - -] Successfully bumped revision number for resource 62643af4-7836-4700-ab66-11eb1216c042 (type: ports) to 5
2026-03-02 22:31:09.628 9 INFO neutron.wsgi [req-ef0ab297-a590-4fce-9d0b-8643b9f09614 req-aab4d98d-25f1-4092-ab27-5d934b325532 bf8e4e329f604559ad9b0d28f360a671 ec09ec1941244bb786589a2657d2c4cd - - default default] 199.19.213.23 "DELETE /v2.0/ports/62643af4-7836-4700-ab66-11eb1216c042 HTTP/1.1" status: 204 len: 173 time: 0.5600948
2026-03-02 22:31:09.872 10 INFO neutron.wsgi [req-93ed591b-53bd-423f-8edb-d64bd9af9359 req-b5ecc8a8-09d4-4c4d-800d-60921d041dfa bf8e4e329f604559ad9b0d28f360a671 ec09ec1941244bb786589a2657d2c4cd - - default default] 10.0.0.169 "GET /v2.0/ports?device_id=f9d4923e-785a-45fb-aa66-1359f7531e02 HTTP/1.1" status: 200 len: 210 time: 0.0239451
2026-03-02 22:31:10.078 9 INFO neutron.notifiers.nova [-] Nova event matching ['req-bff01eb9-05bb-4598-98be-19d525186a25'] response: {'server_uuid': 'f9d4923e-785a-45fb-aa66-1359f7531e02', 'name': 'network-vif-unplugged', 'status': 'completed', 'tag': '62643af4-7836-4700-ab66-11eb1216c042', 'code': 200}
2026-03-02 22:31:10.078 9 INFO neutron.notifiers.nova [-] Nova event matching ['req-bff01eb9-05bb-4598-98be-19d525186a25'] response: {'server_uuid': 'f9d4923e-785a-45fb-aa66-1359f7531e02', 'name': 'network-vif-unplugged', 'status': 'completed', 'tag': '62643af4-7836-4700-ab66-11eb1216c042', 'code': 200}
2026-03-02 22:31:10.078 9 INFO neutron.notifiers.nova [-] Nova event matching ['req-bff01eb9-05bb-4598-98be-19d525186a25'] response: {'server_uuid': 'f9d4923e-785a-45fb-aa66-1359f7531e02', 'name': 'network-vif-deleted', 'tag': '62643af4-7836-4700-ab66-11eb1216c042', 'status': 'completed', 'code': 200}
2026-03-02 22:31:10.104 10 INFO neutron.wsgi [req-6eff99ca-1bf4-43bc-af51-acc1a1af9849 req-f14e21e0-44fd-45bb-8ed1-f7b6029f8523 e1468e71c349491f819c4dddfb384b32 9c4bffe7d5fe4de792814b71c2bcdde0 - - default default] 10.0.0.169 "GET /v2.0/ports?device_id=ce4ad1bf-b38b-44d3-85bb-40444f4d1800 HTTP/1.1" status: 200 len: 1214 time: 0.1134005 /var/lib/openstack/lib/python3.10/site-packages/pycadf/identifier.py:71: UserWarning: Invalid uuid: neutron. To ensure interoperability, identifiers should be a valid uuid. warnings.warn(('Invalid uuid: %s. To ensure interoperability, '
2026-03-02 22:31:10.166 10 INFO neutron.wsgi [None req-60df5e65-3923-4162-bbd2-21cffbe2279d 88cf227b274d433f8733306e4380efdd dce0014bb1af4ac190ac3f9fe7dad274 - - default default] 10.0.0.47 "PUT /v2.0/routers/f5721654-36ec-4da9-8a2e-9e00f28abd3b/remove_router_interface HTTP/1.1" status: 200 len: 503 time: 1.3222363 /var/lib/openstack/lib/python3.10/site-packages/pycadf/identifier.py:71: UserWarning: Invalid uuid: neutron. To ensure interoperability, identifiers should be a valid uuid. warnings.warn(('Invalid uuid: %s. To ensure interoperability, '
2026-03-02 22:31:10.195 10 INFO neutron.wsgi [req-6eff99ca-1bf4-43bc-af51-acc1a1af9849 req-7cf8d4db-efa5-4760-8d18-98c2353aed7d e1468e71c349491f819c4dddfb384b32 9c4bffe7d5fe4de792814b71c2bcdde0 - - default default] 10.0.0.169 "GET /v2.0/security-groups?id=811e1158-88f7-48ce-b3ec-daa7de9e29ba&id=f5929f08-e67e-4a74-a597-d4236666f027&fields=id&fields=name HTTP/1.1" status: 200 len: 405 time: 0.0687804
2026-03-02 22:31:10.434 10 INFO neutron.wsgi [None req-44d02f70-23ee-4823-93e0-eee9ec5e1247 f73afcd6b5c445988a081688f0247e38 1cf5f33d3aec4b60b68fd2f09ce71d3c - - default default] 10.0.0.47 "GET /v2.0/ports?device_id=ce4ad1bf-b38b-44d3-85bb-40444f4d1800 HTTP/1.1" status: 200 len: 1447 time: 0.2077816
2026-03-02 22:31:10.505 10 INFO neutron.wsgi [None req-69bf568c-74fe-4e51-bfdf-939d7f521e9e e1468e71c349491f819c4dddfb384b32 9c4bffe7d5fe4de792814b71c2bcdde0 - - default default] 10.0.0.47 "GET /v2.0/floatingips?floating_network_id=18fd1d39-8d58-4e81-ba70-1091a48a5800&port_id=9fd4925e-9fe5-430f-9d02-019b517d341c HTTP/1.1" status: 200 len: 1055 time: 0.0657847
2026-03-02 22:31:10.833 9 INFO neutron.wsgi [req-cacd7dcf-8132-4ea8-8fef-e4c2cc74a57e req-357b08dd-9fda-4656-b5dd-226be642039a b7dc578550d64fb3bc4bc791034c51e6 0a749a959f714a51bd52649e2ab05997 - - 6db9dc8d0b9c40f4b7b92e967ac96eb1 6db9dc8d0b9c40f4b7b92e967ac96eb1] 10.0.0.57 "GET /v2.0/ports?device_id=ce4ad1bf-b38b-44d3-85bb-40444f4d1800 HTTP/1.1" status: 200 len: 1452 time: 0.0927281
2026-03-02 22:31:10.946 9 INFO neutron.wsgi [req-cacd7dcf-8132-4ea8-8fef-e4c2cc74a57e req-325e1eaa-5fdd-4e89-ae57-e9e449dc776a b7dc578550d64fb3bc4bc791034c51e6 0a749a959f714a51bd52649e2ab05997 - - 6db9dc8d0b9c40f4b7b92e967ac96eb1 6db9dc8d0b9c40f4b7b92e967ac96eb1] 10.0.0.57 "GET /v2.0/security-groups?id=811e1158-88f7-48ce-b3ec-daa7de9e29ba&id=f5929f08-e67e-4a74-a597-d4236666f027&fields=id&fields=name HTTP/1.1" status: 200 len: 405 time: 0.1002259
2026-03-02 22:31:11.057 9 INFO neutron.wsgi [None req-49ea1599-23fc-45cb-9fd1-8d857eb5449e 88cf227b274d433f8733306e4380efdd dce0014bb1af4ac190ac3f9fe7dad274 - - default default] 10.0.0.47 "DELETE /v2.0/routers/f5721654-36ec-4da9-8a2e-9e00f28abd3b HTTP/1.1" status: 204 len: 168 time: 0.8852110
2026-03-02 22:31:11.086 9 INFO neutron.api.v2.resource [None req-8f6e6f12-bb30-46ea-b18e-3acfaf7362e8 88cf227b274d433f8733306e4380efdd dce0014bb1af4ac190ac3f9fe7dad274 - - default default] show failed (client error): The resource could not be found.
2026-03-02 22:31:11.087 9 INFO neutron.wsgi [None req-8f6e6f12-bb30-46ea-b18e-3acfaf7362e8 88cf227b274d433f8733306e4380efdd dce0014bb1af4ac190ac3f9fe7dad274 - - default default] 10.0.0.47 "GET /v2.0/routers/5889b924-35f8-46fe-bee3-855ccb403422 HTTP/1.1" status: 404 len: 336 time: 0.0251694
2026-03-02 22:31:11.122 10 INFO neutron.wsgi [None req-fa89d05d-137b-4d2e-91b8-511b1a446919 bf8e4e329f604559ad9b0d28f360a671 ec09ec1941244bb786589a2657d2c4cd - - default default] 10.0.0.47 "DELETE /v2.0/security-groups/5d7a5716-3609-4596-a8a0-b9b95d174b6b HTTP/1.1" status: 204 len: 168 time: 0.1934679
2026-03-02 22:31:11.319 9 INFO neutron.wsgi [None req-25fda943-f38e-4038-8519-aad3a235a10d 88cf227b274d433f8733306e4380efdd dce0014bb1af4ac190ac3f9fe7dad274 - - default default] 10.0.0.47 "DELETE /v2.0/subnets/1406cef4-3260-4cb2-a928-b8d9ba4d6110 HTTP/1.1" status: 204 len: 168 time: 0.2274222
2026-03-02 22:31:11.538 9 INFO neutron.wsgi [None req-17f6741e-90b2-40cc-9282-319b8d739a5e 88cf227b274d433f8733306e4380efdd dce0014bb1af4ac190ac3f9fe7dad274 - - default default] 10.0.0.47 "DELETE /v2.0/subnets/46556c8a-f036-4fc5-b1ad-9a28f6f5dfc3 HTTP/1.1" status: 204 len: 168 time: 0.2137623
2026-03-02 22:31:11.748 9 INFO neutron.wsgi [None req-fcc1e551-6d0f-4929-aab2-c1046c3b4fb0 88cf227b274d433f8733306e4380efdd dce0014bb1af4ac190ac3f9fe7dad274 - - default default] 10.0.0.47 "DELETE /v2.0/subnets/7a9efae5-ffc7-42d0-a87c-558b7cfc4e49 HTTP/1.1" status: 204 len: 168 time: 0.2054758
2026-03-02 22:31:11.766 9 INFO neutron.pecan_wsgi.hooks.translation [None req-51868e90-d05a-4f42-8295-35961ba7de6c 88cf227b274d433f8733306e4380efdd dce0014bb1af4ac190ac3f9fe7dad274 - - default default] DELETE failed (client error): The resource could not be found.
2026-03-02 22:31:11.768 9 INFO neutron.wsgi [None req-51868e90-d05a-4f42-8295-35961ba7de6c 88cf227b274d433f8733306e4380efdd dce0014bb1af4ac190ac3f9fe7dad274 - - default default] 10.0.0.47 "DELETE /v2.0/subnets/68d465f2-0ccc-41f9-a6ef-280dfb676873 HTTP/1.1" status: 404 len: 337 time: 0.0169740
2026-03-02 22:31:12.080 10 INFO neutron.wsgi [None req-6b63ab61-b23a-4b65-a5b9-7ef70e98253d bf8e4e329f604559ad9b0d28f360a671 ec09ec1941244bb786589a2657d2c4cd - - default default] 10.0.0.47 "PUT /v2.0/routers/74a9e95d-ed6a-4a58-95bc-40c882676e2a/remove_router_interface HTTP/1.1" status: 200 len: 503 time: 0.9245272
2026-03-02 22:31:12.153 9 INFO neutron.services.segments.plugin [-] Segment db419481-9715-4c15-bdad-dc1e850cd650 resource provider aggregate not found
2026-03-02 22:31:12.157 9 INFO neutron.services.segments.plugin [-] Segment db419481-9715-4c15-bdad-dc1e850cd650 resource provider aggregate not found
2026-03-02 22:31:12.173 9 INFO neutron.services.segments.plugin [-] Segment db419481-9715-4c15-bdad-dc1e850cd650 resource provider not found; error: Placement Client Error (4xx): {"errors": [{"status": 404, "title": "Not Found", "detail": "The resource could not be found.\n\n No resource provider with uuid db419481-9715-4c15-bdad-dc1e850cd650 found for delete ", "request_id": "req-e5686f3f-8ebe-4f6f-a902-58ae7e016e9e"}]}
2026-03-02 22:31:12.176 9 INFO neutron.services.segments.plugin [-] Segment db419481-9715-4c15-bdad-dc1e850cd650 resource provider not found; error: Placement Client Error (4xx): {"errors": [{"status": 404, "title": "Not Found", "detail": "The resource could not be found.\n\n No resource provider with uuid db419481-9715-4c15-bdad-dc1e850cd650 found for delete ", "request_id": "req-4e9e502a-5dcd-40fd-aace-d6900a3b9d16"}]}
2026-03-02 22:31:12.202 9 INFO neutron.wsgi [None req-a5688f23-b842-4cc5-9d80-9b4cf2990c37 88cf227b274d433f8733306e4380efdd dce0014bb1af4ac190ac3f9fe7dad274 - - default default] 10.0.0.47 "DELETE /v2.0/networks/40eb38ff-cd22-43fe-92cc-940609a4c3f4 HTTP/1.1" status: 204 len: 168 time: 0.4296889 /var/lib/openstack/lib/python3.10/site-packages/pycadf/identifier.py:71: UserWarning: Invalid uuid: neutron. To ensure interoperability, identifiers should be a valid uuid. warnings.warn(('Invalid uuid: %s. To ensure interoperability, '
2026-03-02 22:31:12.319 9 INFO neutron.wsgi [None req-77a88655-3aaa-48a8-801d-2bec80b1d455 bf8e4e329f604559ad9b0d28f360a671 ec09ec1941244bb786589a2657d2c4cd - - default default] 10.0.0.47 "DELETE /v2.0/subnets/d535378b-bdf0-4537-9504-8df46f6762ab HTTP/1.1" status: 204 len: 168 time: 0.2337692
2026-03-02 22:31:12.697 10 INFO neutron.services.segments.plugin [-] Segment c461c1bc-1ff0-4ef1-9736-540635c6303f resource provider aggregate not found
2026-03-02 22:31:12.702 10 INFO neutron.services.segments.plugin [-] Segment c461c1bc-1ff0-4ef1-9736-540635c6303f resource provider aggregate not found
2026-03-02 22:31:12.721 10 INFO neutron.wsgi [None req-8d51a3ca-6411-43e9-8f0b-d0ed6a97bea2 88cf227b274d433f8733306e4380efdd dce0014bb1af4ac190ac3f9fe7dad274 - - default default] 10.0.0.47 "DELETE /v2.0/networks/964acf5c-dc5f-4949-ae61-b6fe10fd1a82 HTTP/1.1" status: 204 len: 168 time: 0.5112092
2026-03-02 22:31:12.722 10 INFO neutron.services.segments.plugin [-] Segment c461c1bc-1ff0-4ef1-9736-540635c6303f resource provider not found; error: Placement Client Error (4xx): {"errors": [{"status": 404, "title": "Not Found", "detail": "The resource could not be found.\n\n No resource provider with uuid c461c1bc-1ff0-4ef1-9736-540635c6303f found for delete ", "request_id": "req-d70a387f-bb82-41a0-b2e9-d88848fd8354"}]}
2026-03-02 22:31:12.722 10 INFO neutron.services.segments.plugin [-] Segment c461c1bc-1ff0-4ef1-9736-540635c6303f resource provider not found; error: Placement Client Error (4xx): {"errors": [{"status": 404, "title": "Not Found", "detail": "The resource could not be found.\n\n No resource provider with uuid c461c1bc-1ff0-4ef1-9736-540635c6303f found for delete ", "request_id": "req-7839ecfb-0e43-48f3-9f98-a00796e2d250"}]}
2026-03-02 22:31:12.987 9 INFO neutron.plugins.ml2.drivers.ovn.mech_driver.mech_driver [None req-1bacd6f4-064d-49e4-9198-f6b55c310d6c - - - - - -] OVN reports status down for port: 9fd4925e-9fe5-430f-9d02-019b517d341c
2026-03-02 22:31:12.994 10 INFO neutron.wsgi [req-e1962af5-696a-4942-8a08-dcbbc17d6f58 req-3a82f8d3-8507-4e4b-ad68-79d4863da2a2 e1468e71c349491f819c4dddfb384b32 9c4bffe7d5fe4de792814b71c2bcdde0 - - default default] 10.0.0.169 "GET /v2.0/ports?device_id=ce4ad1bf-b38b-44d3-85bb-40444f4d1800 HTTP/1.1" status: 200 len: 1214 time: 0.0478010
2026-03-02 22:31:13.052 10 INFO neutron.wsgi [req-e1962af5-696a-4942-8a08-dcbbc17d6f58 req-8a9d863f-3be6-492f-9061-bbf2fbd139ec e1468e71c349491f819c4dddfb384b32 9c4bffe7d5fe4de792814b71c2bcdde0 - - default default] 10.0.0.169 "GET /v2.0/security-groups?id=811e1158-88f7-48ce-b3ec-daa7de9e29ba&id=f5929f08-e67e-4a74-a597-d4236666f027&fields=id&fields=name HTTP/1.1" status: 200 len: 405 time: 0.0535107
2026-03-02 22:31:13.191 9 INFO neutron.notifiers.nova [-] Nova event matching ['req-88f17559-08de-4513-ab0b-a5b9a0cdf500'] response: {'server_uuid': 'ce4ad1bf-b38b-44d3-85bb-40444f4d1800', 'name': 'network-vif-unplugged', 'status': 'completed', 'tag': '9fd4925e-9fe5-430f-9d02-019b517d341c', 'code': 200}
2026-03-02 22:31:13.270 9 INFO neutron.wsgi [None req-4c8d759e-5458-4608-8ba4-cec90d38de36 88cf227b274d433f8733306e4380efdd dce0014bb1af4ac190ac3f9fe7dad274 - - default default] 10.0.0.47 "DELETE /v2.0/networks/7b09e2b9-275c-411f-8a5b-73732a786e3a HTTP/1.1" status: 204 len: 168 time: 0.5438015
2026-03-02 22:31:13.310 9 INFO neutron.pecan_wsgi.hooks.translation [None req-1c6bc968-5c3a-4506-8ebe-4bebb1a53726 88cf227b274d433f8733306e4380efdd dce0014bb1af4ac190ac3f9fe7dad274 - - default default] DELETE failed (client error): The resource could not be found.
2026-03-02 22:31:13.313 9 INFO neutron.wsgi [None req-1c6bc968-5c3a-4506-8ebe-4bebb1a53726 88cf227b274d433f8733306e4380efdd dce0014bb1af4ac190ac3f9fe7dad274 - - default default] 10.0.0.47 "DELETE /v2.0/networks/9e44249c-8b52-429c-bc6b-1bc79835c479 HTTP/1.1" status: 404 len: 339 time: 0.0303862
2026-03-02 22:31:13.403 9 INFO neutron.wsgi [req-6feb539d-5d31-4119-b530-ca413f1efd61 req-82426117-88ca-4973-a17d-a4eb08a312c9 e1468e71c349491f819c4dddfb384b32 9c4bffe7d5fe4de792814b71c2bcdde0 - - default default] 199.19.213.23 "GET /v2.0/ports?device_id=ce4ad1bf-b38b-44d3-85bb-40444f4d1800 HTTP/1.1" status: 200 len: 1212 time: 0.1302147
2026-03-02 22:31:13.455 10 INFO neutron.wsgi [None req-2177173a-ca52-4f90-88f8-d131bd6c7a81 bf8e4e329f604559ad9b0d28f360a671 ec09ec1941244bb786589a2657d2c4cd - - default default] 10.0.0.47 "DELETE /v2.0/routers/74a9e95d-ed6a-4a58-95bc-40c882676e2a HTTP/1.1" status: 204 len: 168 time: 1.1314759
2026-03-02 22:31:13.464 9 INFO neutron.db.ovn_revision_numbers_db [None req-1bacd6f4-064d-49e4-9198-f6b55c310d6c - - - - - -] Successfully bumped revision number for resource 9fd4925e-9fe5-430f-9d02-019b517d341c (type: ports) to 5
2026-03-02 22:31:13.849 9 INFO neutron.db.l3_db [req-6feb539d-5d31-4119-b530-ca413f1efd61 req-e3dc8da1-d36d-4d3d-870f-ade5ba915461 e1468e71c349491f819c4dddfb384b32 9c4bffe7d5fe4de792814b71c2bcdde0 - - default default] Floating IP be8ad35d-a603-418e-8a93-830b0d5e0482 disassociated. External IP: 10.96.250.205, port: 9fd4925e-9fe5-430f-9d02-019b517d341c.
2026-03-02 22:31:13.868 10 INFO neutron.wsgi [None req-17274802-f7f4-4db8-84d1-742df9af5f84 bf8e4e329f604559ad9b0d28f360a671 ec09ec1941244bb786589a2657d2c4cd - - default default] 10.0.0.47 "DELETE /v2.0/networks/f2258961-c062-44aa-bb70-569f55b45de1 HTTP/1.1" status: 204 len: 168 time: 0.4079914
2026-03-02 22:31:14.138 10 INFO neutron.wsgi [req-741ec65c-55c6-43d9-8c52-6e65f548246d req-c62dc68d-ae83-40ff-a679-f7323f993e5d e1468e71c349491f819c4dddfb384b32 9c4bffe7d5fe4de792814b71c2bcdde0 - - default default] 10.0.0.169 "GET /v2.0/ports?device_id=ce4ad1bf-b38b-44d3-85bb-40444f4d1800 HTTP/1.1" status: 200 len: 210 time: 0.0261970
2026-03-02 22:31:14.256 9 INFO neutron.services.segments.plugin [-] Segment e3c6748a-121f-4544-afd7-e9c6b50e67c6 resource provider aggregate not found
2026-03-02 22:31:14.261 9 INFO neutron.services.segments.plugin [-] Segment e3c6748a-121f-4544-afd7-e9c6b50e67c6 resource provider aggregate not found
2026-03-02 22:31:14.270 9 INFO neutron.wsgi [req-6feb539d-5d31-4119-b530-ca413f1efd61 req-e3dc8da1-d36d-4d3d-870f-ade5ba915461 e1468e71c349491f819c4dddfb384b32 9c4bffe7d5fe4de792814b71c2bcdde0 - - default default] 199.19.213.23 "DELETE /v2.0/ports/9fd4925e-9fe5-430f-9d02-019b517d341c HTTP/1.1" status: 204 len: 173 time: 0.8593619
2026-03-02 22:31:14.275 9 INFO neutron.services.segments.plugin [-] Segment e3c6748a-121f-4544-afd7-e9c6b50e67c6 resource provider not found; error: Placement Client Error (4xx): {"errors": [{"status": 404, "title": "Not Found", "detail": "The resource could not be found.\n\n No resource provider with uuid e3c6748a-121f-4544-afd7-e9c6b50e67c6 found for delete ", "request_id": "req-781e3d46-c9df-46c3-b14d-b151e0ea248c"}]}
2026-03-02 22:31:14.283 9 INFO neutron.services.segments.plugin [-] Segment e3c6748a-121f-4544-afd7-e9c6b50e67c6 resource provider not found; error: Placement Client Error (4xx): {"errors": [{"status": 404, "title": "Not Found", "detail": "The resource could not be found.\n\n No resource provider with uuid e3c6748a-121f-4544-afd7-e9c6b50e67c6 found for delete ", "request_id": "req-33ed1367-4843-4239-9c35-14c98a57352b"}]}
2026-03-02 22:31:14.298 10 INFO neutron.db.ovn_revision_numbers_db [None req-196d5e84-5911-4514-9b80-c87172e8c984 6195e1ae26dd4545ad79c346fe9666a7 a6d2f78b96a4433b9cd04218abadbfcd - - default default] Successfully bumped revision number for resource c5d49a30-c744-4125-9dc1-ea4d8b1e759e (type: security_groups) to 1
2026-03-02 22:31:14.317 10 INFO neutron.db.ovn_revision_numbers_db [None req-196d5e84-5911-4514-9b80-c87172e8c984 6195e1ae26dd4545ad79c346fe9666a7 a6d2f78b96a4433b9cd04218abadbfcd - - default default] Successfully bumped revision number for resource 4eefd515-da7c-4bc9-8eef-721e2021a66c (type: security_group_rules) to 0
2026-03-02 22:31:14.334 10 INFO neutron.db.ovn_revision_numbers_db [None req-196d5e84-5911-4514-9b80-c87172e8c984 6195e1ae26dd4545ad79c346fe9666a7 a6d2f78b96a4433b9cd04218abadbfcd - - default default] Successfully bumped revision number for resource 54dd6ce4-3185-4eb0-883b-81a8a8b7d6d2 (type: security_group_rules) to 0
2026-03-02 22:31:14.352 10 INFO neutron.db.ovn_revision_numbers_db [None req-196d5e84-5911-4514-9b80-c87172e8c984 6195e1ae26dd4545ad79c346fe9666a7 a6d2f78b96a4433b9cd04218abadbfcd - - default default] Successfully bumped revision number for resource 5a10781f-05ae-4082-99bb-d565a65dd78e (type: security_group_rules) to 0
2026-03-02 22:31:14.365 10 INFO neutron.db.ovn_revision_numbers_db [None req-196d5e84-5911-4514-9b80-c87172e8c984 6195e1ae26dd4545ad79c346fe9666a7 a6d2f78b96a4433b9cd04218abadbfcd - - default default] Successfully bumped revision number for resource 6ee7cc4b-0cb0-45ee-9251-be22646a6654 (type: security_group_rules) to 0
2026-03-02 22:31:14.385 10 INFO neutron.wsgi [None req-196d5e84-5911-4514-9b80-c87172e8c984 6195e1ae26dd4545ad79c346fe9666a7 a6d2f78b96a4433b9cd04218abadbfcd - - default default] 10.0.0.47 "GET /v2.0/security-groups?tenant_id=f75af3bb7a4b43f98bd0659ad167766c&name=default HTTP/1.1" status: 200 len: 3120 time: 0.4160492 /var/lib/openstack/lib/python3.10/site-packages/pycadf/identifier.py:71: UserWarning: Invalid uuid: neutron. To ensure interoperability, identifiers should be a valid uuid. warnings.warn(('Invalid uuid: %s. To ensure interoperability, '
2026-03-02 22:31:14.619 9 INFO neutron.wsgi [None req-ff8e194a-bb27-44a3-854d-24f5c78b24b0 6195e1ae26dd4545ad79c346fe9666a7 a6d2f78b96a4433b9cd04218abadbfcd - - default default] 10.0.0.47 "DELETE /v2.0/security-groups/c5d49a30-c744-4125-9dc1-ea4d8b1e759e HTTP/1.1" status: 204 len: 168 time: 0.2240541
2026-03-02 22:31:14.743 10 INFO neutron.services.segments.plugin [-] Segment ca7a242c-4dd9-4799-b0ee-74fc3cefa500 resource provider aggregate not found
2026-03-02 22:31:14.751 10 INFO neutron.services.segments.plugin [-] Segment ca7a242c-4dd9-4799-b0ee-74fc3cefa500 resource provider aggregate not found
2026-03-02 22:31:14.751 9 INFO neutron.wsgi [None req-91788644-a23b-4253-a186-6784c6eaa670 6195e1ae26dd4545ad79c346fe9666a7 a6d2f78b96a4433b9cd04218abadbfcd - - default default] 10.0.0.47 "GET /v2.0/security-groups?tenant_id=dce0014bb1af4ac190ac3f9fe7dad274&name=default HTTP/1.1" status: 200 len: 3120 time: 0.0427282
2026-03-02 22:31:14.758 10 INFO neutron.services.segments.plugin [-] Segment ca7a242c-4dd9-4799-b0ee-74fc3cefa500 resource provider not found; error: Placement Client Error (4xx): {"errors": [{"status": 404, "title": "Not Found", "detail": "The resource could not be found.\n\n No resource provider with uuid ca7a242c-4dd9-4799-b0ee-74fc3cefa500 found for delete ", "request_id": "req-1be6fec3-f455-4a5e-810d-b3d0329e8e43"}]}
2026-03-02 22:31:14.772 10 INFO neutron.services.segments.plugin [-] Segment ca7a242c-4dd9-4799-b0ee-74fc3cefa500 resource provider not found; error: Placement Client Error (4xx): {"errors": [{"status": 404, "title": "Not Found", "detail": "The resource could not be found.\n\n No resource provider with uuid ca7a242c-4dd9-4799-b0ee-74fc3cefa500 found for delete ", "request_id": "req-c75abb85-ce70-4988-9df0-d22b303f6620"}]}
2026-03-02 22:31:14.807 10 INFO neutron.db.ovn_revision_numbers_db [None req-63be90a5-f906-4d16-9fc7-4e3507b1105c 6195e1ae26dd4545ad79c346fe9666a7 a6d2f78b96a4433b9cd04218abadbfcd - - default default] Successfully bumped revision number for resource adb1303d-259a-4a3f-8460-038ea8c66097 (type: security_groups) to 1
2026-03-02 22:31:14.820 10 INFO neutron.db.ovn_revision_numbers_db [None req-63be90a5-f906-4d16-9fc7-4e3507b1105c 6195e1ae26dd4545ad79c346fe9666a7 a6d2f78b96a4433b9cd04218abadbfcd - - default default] Successfully bumped revision number for resource 735ffb2b-6a2b-4d30-b1b7-11bbe63bcd4d (type: security_group_rules) to 0
2026-03-02 22:31:14.831 10 INFO neutron.db.ovn_revision_numbers_db [None req-63be90a5-f906-4d16-9fc7-4e3507b1105c 6195e1ae26dd4545ad79c346fe9666a7 a6d2f78b96a4433b9cd04218abadbfcd - - default default] Successfully bumped revision number for resource 746c6154-2b01-452a-b0e0-54e2a320191a (type: security_group_rules) to 0
2026-03-02 22:31:14.845 10 INFO neutron.db.ovn_revision_numbers_db [None req-63be90a5-f906-4d16-9fc7-4e3507b1105c 6195e1ae26dd4545ad79c346fe9666a7 a6d2f78b96a4433b9cd04218abadbfcd - - default default] Successfully bumped revision number for resource 837a2ec5-90ae-495c-bb7e-95c77478b136 (type: security_group_rules) to 0
2026-03-02 22:31:14.857 10 INFO neutron.db.ovn_revision_numbers_db [None req-63be90a5-f906-4d16-9fc7-4e3507b1105c 6195e1ae26dd4545ad79c346fe9666a7 a6d2f78b96a4433b9cd04218abadbfcd - - default default] Successfully bumped revision number for resource a2eccd8e-dbc9-4e51-822e-30ecc02d4cd4 (type: security_group_rules) to 0
2026-03-02 22:31:14.883 10 INFO neutron.wsgi [None req-63be90a5-f906-4d16-9fc7-4e3507b1105c 6195e1ae26dd4545ad79c346fe9666a7 a6d2f78b96a4433b9cd04218abadbfcd - - default default] 10.0.0.47 "GET /v2.0/security-groups?tenant_id=6f74335acb31423abbfc6f0bd8f96059&name=default HTTP/1.1" status: 200 len: 3120 time: 0.3275127
2026-03-02 22:31:14.976 9 INFO neutron.wsgi [None req-e96b55f7-5e44-4ec0-bb3e-400fbf309674 6195e1ae26dd4545ad79c346fe9666a7 a6d2f78b96a4433b9cd04218abadbfcd - - default default] 10.0.0.47 "DELETE /v2.0/security-groups/889ca2fb-1470-47bb-aa80-8a7a0f89e8d8 HTTP/1.1" status: 204 len: 168 time: 0.2205346
2026-03-02 22:31:15.101 10 INFO neutron.wsgi [None req-7931c47d-6be4-41f1-830d-5447c5d632c3 6195e1ae26dd4545ad79c346fe9666a7 a6d2f78b96a4433b9cd04218abadbfcd - - default default] 10.0.0.47 "DELETE /v2.0/security-groups/adb1303d-259a-4a3f-8460-038ea8c66097 HTTP/1.1" status: 204 len: 168 time: 0.2118511
2026-03-02 22:31:15.232 9 INFO neutron.notifiers.nova [-] Nova event matching ['req-76d4b262-d222-42da-8a22-6b1c64ddaed0'] response: {'server_uuid': 'ce4ad1bf-b38b-44d3-85bb-40444f4d1800', 'name': 'network-vif-unplugged', 'status': 'completed', 'tag': '9fd4925e-9fe5-430f-9d02-019b517d341c', 'code': 200}
2026-03-02 22:31:15.233 9 INFO neutron.notifiers.nova [-] Nova event matching ['req-76d4b262-d222-42da-8a22-6b1c64ddaed0'] response: {'server_uuid': 'ce4ad1bf-b38b-44d3-85bb-40444f4d1800', 'name': 'network-vif-deleted', 'tag': '9fd4925e-9fe5-430f-9d02-019b517d341c', 'status': 'completed', 'code': 200}
2026-03-02 22:31:15.295 9 INFO neutron.wsgi [None req-9dfc856f-af84-4577-bf1a-c6a1bd4f5de6 6195e1ae26dd4545ad79c346fe9666a7 a6d2f78b96a4433b9cd04218abadbfcd - - default default] 10.0.0.47 "GET /v2.0/security-groups?tenant_id=ec09ec1941244bb786589a2657d2c4cd&name=default HTTP/1.1" status: 200 len: 3120 time: 0.0546882
2026-03-02 22:31:15.405 10 INFO neutron.wsgi [None req-93f811f0-7418-43b2-9f18-14638465e165 e1468e71c349491f819c4dddfb384b32 9c4bffe7d5fe4de792814b71c2bcdde0 - - default default] 10.0.0.47 "DELETE /v2.0/security-groups/f5929f08-e67e-4a74-a597-d4236666f027 HTTP/1.1" status: 204 len: 168 time: 0.1183777
2026-03-02 22:31:15.420 10 INFO neutron.api.v2.resource [None req-d96d8565-1d70-4b06-a4d6-02b21b5cecbb e1468e71c349491f819c4dddfb384b32 9c4bffe7d5fe4de792814b71c2bcdde0 - - default default] show failed (client error): The resource could not be found.
2026-03-02 22:31:15.421 10 INFO neutron.wsgi [None req-d96d8565-1d70-4b06-a4d6-02b21b5cecbb e1468e71c349491f819c4dddfb384b32 9c4bffe7d5fe4de792814b71c2bcdde0 - - default default] 10.0.0.47 "GET /v2.0/security-groups/f5929f08-e67e-4a74-a597-d4236666f027 HTTP/1.1" status: 404 len: 347 time: 0.0112696
2026-03-02 22:31:15.516 9 INFO neutron.wsgi [None req-63661c55-ebc0-4b23-89f2-b1adaaf222b9 6195e1ae26dd4545ad79c346fe9666a7 a6d2f78b96a4433b9cd04218abadbfcd - - default default] 10.0.0.47 "DELETE /v2.0/security-groups/3bad1b82-ab44-481a-bb77-6caff8d8ca48 HTTP/1.1" status: 204 len: 168 time: 0.2167563
2026-03-02 22:31:15.745 10 INFO neutron.wsgi [None req-064fd5f4-5667-4dcc-ac79-afe8ab7d9b8a e1468e71c349491f819c4dddfb384b32 9c4bffe7d5fe4de792814b71c2bcdde0 - - default default] 10.0.0.47 "DELETE /v2.0/floatingips/be8ad35d-a603-418e-8a93-830b0d5e0482 HTTP/1.1" status: 204 len: 168 time: 0.3193746
2026-03-02 22:31:15.897 10 INFO neutron.wsgi [None req-07a734eb-1179-4263-a6f4-b84765a91dab e1468e71c349491f819c4dddfb384b32 9c4bffe7d5fe4de792814b71c2bcdde0 - - default default] 10.0.0.47 "DELETE /v2.0/security-groups/811e1158-88f7-48ce-b3ec-daa7de9e29ba HTTP/1.1" status: 204 len: 168 time: 0.1463451
2026-03-02 22:31:16.866 10 INFO neutron.wsgi [-] 10.0.0.44 "GET / HTTP/1.1" status: 200 len: 247 time: 0.0013027
2026-03-02 22:31:16.866 9 INFO neutron.wsgi [-] 10.0.0.44 "GET / HTTP/1.1" status: 200 len: 247 time: 0.0016210
2026-03-02 22:31:17.093 10 INFO neutron.wsgi [None req-25c93343-a83a-4dd7-9bd8-a0af98a9d46d 6195e1ae26dd4545ad79c346fe9666a7 a6d2f78b96a4433b9cd04218abadbfcd - - default default] 10.0.0.47 "PUT /v2.0/routers/415ecd12-6bda-4a18-808a-af11de3ade97/remove_router_interface HTTP/1.1" status: 200 len: 503 time: 1.1585217 /var/lib/openstack/lib/python3.10/site-packages/pycadf/identifier.py:71: UserWarning: Invalid uuid: neutron. To ensure interoperability, identifiers should be a valid uuid. warnings.warn(('Invalid uuid: %s. To ensure interoperability, '
2026-03-02 22:31:18.102 10 INFO neutron.wsgi [None req-27830f7f-01c0-4364-8d8a-ad7cecdb3fda 6195e1ae26dd4545ad79c346fe9666a7 a6d2f78b96a4433b9cd04218abadbfcd - - default default] 10.0.0.47 "DELETE /v2.0/routers/415ecd12-6bda-4a18-808a-af11de3ade97 HTTP/1.1" status: 204 len: 168 time: 1.0040624
2026-03-02 22:31:18.292 10 INFO neutron.wsgi [None req-14dfa96f-ba3e-4208-8bdc-2ff47ef07f9b 6195e1ae26dd4545ad79c346fe9666a7 a6d2f78b96a4433b9cd04218abadbfcd - - default default] 10.0.0.47 "DELETE /v2.0/subnets/fff07795-322d-448b-83e8-e486deb1fd57 HTTP/1.1" status: 204 len: 168 time: 0.1858366
2026-03-02 22:31:18.608 10 INFO neutron.services.segments.plugin [-] Segment f32cedee-8b8d-4ec6-92a5-1ebe88b76302 resource provider aggregate not found
2026-03-02 22:31:18.611 10 INFO neutron.services.segments.plugin [-] Segment f32cedee-8b8d-4ec6-92a5-1ebe88b76302 resource provider aggregate not found
