2026-03-02 22:31:51.128 10 WARNING neutron.scheduler.dhcp_agent_scheduler [None req-5f5b7e33-f8a8-460f-82d4-514bc4c9f95b e767bcac1d014eb38cebb2c223d0fef8 5aa0c9bcaebd470caa0f061537c2237e - - default default] No more DHCP agents
2026-03-02 22:31:51.130 10 WARNING neutron.api.rpc.agentnotifiers.dhcp_rpc_agent_api [None req-5f5b7e33-f8a8-460f-82d4-514bc4c9f95b e767bcac1d014eb38cebb2c223d0fef8 5aa0c9bcaebd470caa0f061537c2237e - - default default] Unable to schedule network 942b5004-1d69-4d76-95c7-05c08e47b890: no agents available; will retry on subsequent port and subnet creation events.
2026-03-02 22:31:51.201 9 INFO neutron.db.ovn_revision_numbers_db [req-e1ac4891-0be7-4fe4-a623-1cad5befde72 req-de1106b8-f48d-48ba-bbd8-62df2af9b5b5 b38dc441244f43b0bde7b31152462702 2aef40f86f6d4bf8a2ae9e41b8c751a0 - - default default] Successfully bumped revision number for resource 78ef53be-a1c2-418e-9b25-3dbca42e7a44 (type: ports) to 1
2026-03-02 22:31:51.210 10 INFO neutron.db.ovn_revision_numbers_db [None req-5f5b7e33-f8a8-460f-82d4-514bc4c9f95b e767bcac1d014eb38cebb2c223d0fef8 5aa0c9bcaebd470caa0f061537c2237e - - default default] Successfully bumped revision number for resource 4cd29fd8-5578-4476-b405-5f629d5fb8f6 (type: ports) to 1
2026-03-02 22:31:51.221 9 INFO neutron.wsgi [req-e1ac4891-0be7-4fe4-a623-1cad5befde72 req-de1106b8-f48d-48ba-bbd8-62df2af9b5b5 b38dc441244f43b0bde7b31152462702 2aef40f86f6d4bf8a2ae9e41b8c751a0 - - default default] 199.19.213.23 "POST /v2.0/ports HTTP/1.1" status: 201 len: 1384 time: 0.6105289 /var/lib/openstack/lib/python3.10/site-packages/pycadf/identifier.py:71: UserWarning: Invalid uuid: neutron. To ensure interoperability, identifiers should be a valid uuid. warnings.warn(('Invalid uuid: %s. To ensure interoperability, '
2026-03-02 22:31:51.232 10 INFO neutron.wsgi [None req-5f5b7e33-f8a8-460f-82d4-514bc4c9f95b e767bcac1d014eb38cebb2c223d0fef8 5aa0c9bcaebd470caa0f061537c2237e - - default default] 10.0.0.47 "POST /v2.0/ports HTTP/1.1" status: 201 len: 942 time: 0.3430800 /var/lib/openstack/lib/python3.10/site-packages/pycadf/identifier.py:71: UserWarning: Invalid uuid: neutron. To ensure interoperability, identifiers should be a valid uuid. warnings.warn(('Invalid uuid: %s. To ensure interoperability, '
2026-03-02 22:31:51.242 10 WARNING neutron_lib.context [None req-7ac7ee06-f81c-40cc-9427-a4914ba2a981 e767bcac1d014eb38cebb2c223d0fef8 5aa0c9bcaebd470caa0f061537c2237e - - default default] Method 'is_advsvc' is deprecated since 2023.2 release (neutron-lib 3.8.0) and will be removed once support for the old RBAC API policies will be removed from Neutron. Please use method 'is_service_role' instead.
2026-03-02 22:31:51.430 10 INFO neutron.wsgi [None req-7ac7ee06-f81c-40cc-9427-a4914ba2a981 e767bcac1d014eb38cebb2c223d0fef8 5aa0c9bcaebd470caa0f061537c2237e - - default default] 10.0.0.47 "POST /v2.0/trunks HTTP/1.1" status: 201 len: 608 time: 0.1927359
2026-03-02 22:31:51.714 9 INFO neutron.wsgi [None req-2eb5d91d-f482-4dad-a840-509fdcc1eb6d e767bcac1d014eb38cebb2c223d0fef8 5aa0c9bcaebd470caa0f061537c2237e - - default default] 10.0.0.47 "PUT /v2.0/trunks/13ae3294-2e97-4104-a646-33fcac665ec7/tags HTTP/1.1" status: 200 len: 210 time: 0.2790847
2026-03-02 22:31:51.751 10 INFO neutron.wsgi [None req-c59d2b24-6836-4e25-97df-afc6849665fe e767bcac1d014eb38cebb2c223d0fef8 5aa0c9bcaebd470caa0f061537c2237e - - default default] 10.0.0.47 "PUT /v2.0/trunks/ac9a1d7a-5200-4fdb-a4c4-3b070e3ad6f3/tags HTTP/1.1" status: 200 len: 218 time: 0.0326200
2026-03-02 22:31:51.787 10 INFO neutron.wsgi [None req-67d802b3-0302-4c6c-822f-60995f97d703 e767bcac1d014eb38cebb2c223d0fef8 5aa0c9bcaebd470caa0f061537c2237e - - default default] 10.0.0.47 "PUT /v2.0/trunks/d52de280-7f3d-4dc4-b543-f39ab699092e/tags HTTP/1.1" status: 200 len: 227 time: 0.0324628
2026-03-02 22:31:51.821 10 INFO neutron.wsgi [None req-2d86dcc3-09e6-4f57-bcb1-b0bb61464955 e767bcac1d014eb38cebb2c223d0fef8 5aa0c9bcaebd470caa0f061537c2237e - - default default] 10.0.0.47 "PUT /v2.0/trunks/18fe49ee-b9c8-4f6c-8e1e-a7f003573261/tags HTTP/1.1" status: 200 len: 212 time: 0.0295031
2026-03-02 22:31:51.845 9 INFO neutron.db.ovn_revision_numbers_db [req-e1ac4891-0be7-4fe4-a623-1cad5befde72 req-5a2b4d51-2b50-498a-8cce-b29dc3ec664e b7dc578550d64fb3bc4bc791034c51e6 0a749a959f714a51bd52649e2ab05997 - - 6db9dc8d0b9c40f4b7b92e967ac96eb1 6db9dc8d0b9c40f4b7b92e967ac96eb1] Successfully bumped revision number for resource 78ef53be-a1c2-418e-9b25-3dbca42e7a44 (type: ports) to 2
2026-03-02 22:31:51.856 10 INFO neutron.wsgi [None req-a828abb4-cb62-447f-9ae4-92e1c0e9c4c0 e767bcac1d014eb38cebb2c223d0fef8 5aa0c9bcaebd470caa0f061537c2237e - - default default] 10.0.0.47 "GET /v2.0/trunks?tags=red HTTP/1.1" status: 200 len: 1447 time: 0.0288117 /var/lib/openstack/lib/python3.10/site-packages/pycadf/identifier.py:71: UserWarning: Invalid uuid: neutron. To ensure interoperability, identifiers should be a valid uuid. warnings.warn(('Invalid uuid: %s. To ensure interoperability, '
2026-03-02 22:31:51.877 10 WARNING neutron.plugins.ml2.drivers.ovn.mech_driver.ovsdb.ovn_client [None req-ab6bebf8-81d7-4154-9122-b25a1953607a - - - - - -] No hosting information found for port b0843b23-0acb-4fd4-b6bf-f447fffb2469: RuntimeError: No hosting information found for port b0843b23-0acb-4fd4-b6bf-f447fffb2469
2026-03-02 22:31:51.886 9 INFO neutron.wsgi [None req-ec641c2c-cfc7-42ed-b452-b626ed4ea0a5 e767bcac1d014eb38cebb2c223d0fef8 5aa0c9bcaebd470caa0f061537c2237e - - default default] 10.0.0.47 "GET /v2.0/trunks?tags=red%2Cblue HTTP/1.1" status: 200 len: 1041 time: 0.0244427
2026-03-02 22:31:51.909 10 INFO neutron.wsgi [None req-ebb0d693-2a58-4539-b29b-f985db0be367 e767bcac1d014eb38cebb2c223d0fef8 5aa0c9bcaebd470caa0f061537c2237e - - default default] 10.0.0.47 "GET /v2.0/trunks?tags-any=blue HTTP/1.1" status: 200 len: 1041 time: 0.0190191
2026-03-02 22:31:51.932 10 INFO neutron.wsgi [None req-e812dffa-913b-4385-b304-a624cb4e4864 e767bcac1d014eb38cebb2c223d0fef8 5aa0c9bcaebd470caa0f061537c2237e - - default default] 10.0.0.47 "GET /v2.0/trunks?tags-any=red%2Cblue HTTP/1.1" status: 200 len: 1447 time: 0.0195682
2026-03-02 22:31:51.956 10 INFO neutron.wsgi [None req-f35a18cf-9c8d-477a-8fb3-606f0802e7f2 e767bcac1d014eb38cebb2c223d0fef8 5aa0c9bcaebd470caa0f061537c2237e - - default default] 10.0.0.47 "GET /v2.0/trunks?not-tags=red HTTP/1.1" status: 200 len: 1013 time: 0.0192080
2026-03-02 22:31:51.986 10 INFO neutron.wsgi [None req-c3720418-87d9-4d9c-b23c-3c915f32e02b e767bcac1d014eb38cebb2c223d0fef8 5aa0c9bcaebd470caa0f061537c2237e - - default default] 10.0.0.47 "GET /v2.0/trunks?not-tags=red%2Cblue HTTP/1.1" status: 200 len: 1419 time: 0.0255065
2026-03-02 22:31:52.017 10 INFO neutron.wsgi [None req-656b68e9-c30a-4409-a86c-a94e6c28ebe9 e767bcac1d014eb38cebb2c223d0fef8 5aa0c9bcaebd470caa0f061537c2237e - - default default] 10.0.0.47 "GET /v2.0/trunks?not-tags-any=blue HTTP/1.1" status: 200 len: 1419 time: 0.0258775
2026-03-02 22:31:52.041 10 INFO neutron.wsgi [None req-4ec7edec-80d8-410d-a322-1ad188bb8660 e767bcac1d014eb38cebb2c223d0fef8 5aa0c9bcaebd470caa0f061537c2237e - - default default] 10.0.0.47 "GET /v2.0/trunks?not-tags-any=red%2Cblue HTTP/1.1" status: 200 len: 1013 time: 0.0185256
2026-03-02 22:31:52.045 9 INFO neutron.db.ovn_revision_numbers_db [req-e1ac4891-0be7-4fe4-a623-1cad5befde72 req-5a2b4d51-2b50-498a-8cce-b29dc3ec664e b7dc578550d64fb3bc4bc791034c51e6 0a749a959f714a51bd52649e2ab05997 - - 6db9dc8d0b9c40f4b7b92e967ac96eb1 6db9dc8d0b9c40f4b7b92e967ac96eb1] Successfully bumped revision number for resource 78ef53be-a1c2-418e-9b25-3dbca42e7a44 (type: ports) to 2
2026-03-02 22:31:52.064 10 INFO neutron.wsgi [None req-6a5ca859-3a54-4b2d-a244-afb0abe95d9c e767bcac1d014eb38cebb2c223d0fef8 5aa0c9bcaebd470caa0f061537c2237e - - default default] 10.0.0.47 "GET /v2.0/trunks/13ae3294-2e97-4104-a646-33fcac665ec7 HTTP/1.1" status: 200 len: 608 time: 0.0161819
2026-03-02 22:31:52.065 9 INFO neutron.wsgi [req-e1ac4891-0be7-4fe4-a623-1cad5befde72 req-5a2b4d51-2b50-498a-8cce-b29dc3ec664e b7dc578550d64fb3bc4bc791034c51e6 0a749a959f714a51bd52649e2ab05997 - - 6db9dc8d0b9c40f4b7b92e967ac96eb1 6db9dc8d0b9c40f4b7b92e967ac96eb1] 199.19.213.23 "PUT /v2.0/ports/78ef53be-a1c2-418e-9b25-3dbca42e7a44 HTTP/1.1" status: 200 len: 1601 time: 0.8371243
2026-03-02 22:31:52.102 9 INFO neutron.notifiers.nova [-] Nova event matching ['req-a663cee4-4ab0-4990-a005-4c5949f101e6'] response: {'name': 'network-changed', 'server_uuid': 'd181c68e-44bd-4f4c-b318-59a500b42f3d', 'tag': '78ef53be-a1c2-418e-9b25-3dbca42e7a44', 'status': 'completed', 'code': 200} /var/lib/openstack/lib/python3.10/site-packages/pycadf/identifier.py:71: UserWarning: Invalid uuid: neutron. To ensure interoperability, identifiers should be a valid uuid. warnings.warn(('Invalid uuid: %s. To ensure interoperability, '
2026-03-02 22:31:52.166 10 INFO neutron.wsgi [None req-35e087aa-5871-4b44-a5ab-0f6c026cb021 e767bcac1d014eb38cebb2c223d0fef8 5aa0c9bcaebd470caa0f061537c2237e - - default default] 10.0.0.47 "GET /v2.0/ports/97a210a7-e4d0-41cc-a294-324adde97430 HTTP/1.1" status: 200 len: 1020 time: 0.0969470
2026-03-02 22:31:52.166 9 INFO neutron.wsgi [req-e1ac4891-0be7-4fe4-a623-1cad5befde72 req-8d1fa74c-35e0-4c20-91f9-f1957cb37ef4 b7dc578550d64fb3bc4bc791034c51e6 0a749a959f714a51bd52649e2ab05997 - - 6db9dc8d0b9c40f4b7b92e967ac96eb1 6db9dc8d0b9c40f4b7b92e967ac96eb1] 199.19.213.23 "GET /v2.0/ports?tenant_id=2aef40f86f6d4bf8a2ae9e41b8c751a0&device_id=d181c68e-44bd-4f4c-b318-59a500b42f3d HTTP/1.1" status: 200 len: 1632 time: 0.0656726
2026-03-02 22:31:52.206 9 INFO neutron.wsgi [req-e1ac4891-0be7-4fe4-a623-1cad5befde72 req-6d7d7b99-bf5e-4d1e-bade-3253849ec862 b7dc578550d64fb3bc4bc791034c51e6 0a749a959f714a51bd52649e2ab05997 - - 6db9dc8d0b9c40f4b7b92e967ac96eb1 6db9dc8d0b9c40f4b7b92e967ac96eb1] 199.19.213.23 "GET /v2.0/floatingips?fixed_ip_address=10.2.1.21&port_id=78ef53be-a1c2-418e-9b25-3dbca42e7a44 HTTP/1.1" status: 200 len: 217 time: 0.0292838
2026-03-02 22:31:52.244 9 INFO neutron.wsgi [req-e1ac4891-0be7-4fe4-a623-1cad5befde72 req-8bc788c7-4536-4576-aed5-fa74e44f316c b7dc578550d64fb3bc4bc791034c51e6 0a749a959f714a51bd52649e2ab05997 - - 6db9dc8d0b9c40f4b7b92e967ac96eb1 6db9dc8d0b9c40f4b7b92e967ac96eb1] 199.19.213.23 "GET /v2.0/floatingips?fixed_ip_address=fd7b%3Af9f7%3Afff%3A4eca%3A%3A3dc&port_id=78ef53be-a1c2-418e-9b25-3dbca42e7a44 HTTP/1.1" status: 200 len: 217 time: 0.0318804
2026-03-02 22:31:52.303 9 INFO neutron.wsgi [req-e1ac4891-0be7-4fe4-a623-1cad5befde72 req-ce450b3d-872f-4034-83d3-d94a515eeffd b7dc578550d64fb3bc4bc791034c51e6 0a749a959f714a51bd52649e2ab05997 - - 6db9dc8d0b9c40f4b7b92e967ac96eb1 6db9dc8d0b9c40f4b7b92e967ac96eb1] 199.19.213.23 "GET /v2.0/subnets?id=c9efb8e0-9058-40da-b8db-6396a987cac5&id=2f1ed69d-d326-427b-ba1f-3b5df7ea06ca HTTP/1.1" status: 200 len: 1562 time: 0.0516713
2026-03-02 22:31:52.309 9 INFO neutron.wsgi [None req-b6c49f23-0994-4b2b-80ad-5a856fb1117d e767bcac1d014eb38cebb2c223d0fef8 5aa0c9bcaebd470caa0f061537c2237e - - default default] 10.0.0.47 "DELETE /v2.0/trunks/13ae3294-2e97-4104-a646-33fcac665ec7 HTTP/1.1" status: 204 len: 168 time: 0.1377618
2026-03-02 22:31:52.334 9 INFO neutron.wsgi [req-e1ac4891-0be7-4fe4-a623-1cad5befde72 req-16703a63-f250-45e5-b755-0a7cf4509d75 b7dc578550d64fb3bc4bc791034c51e6 0a749a959f714a51bd52649e2ab05997 - - 6db9dc8d0b9c40f4b7b92e967ac96eb1 6db9dc8d0b9c40f4b7b92e967ac96eb1] 199.19.213.23 "GET /v2.0/ports?network_id=0a0bf958-3187-4832-873b-e28e6af5dcbd&device_owner=network%3Adhcp HTTP/1.1" status: 200 len: 210 time: 0.0240316
2026-03-02 22:31:52.337 10 INFO neutron.wsgi [None req-de03ef2a-8a3e-4224-af0b-faaf42f787b0 e767bcac1d014eb38cebb2c223d0fef8 5aa0c9bcaebd470caa0f061537c2237e - - default default] 10.0.0.47 "GET /v2.0/trunks/ac9a1d7a-5200-4fdb-a4c4-3b070e3ad6f3 HTTP/1.1" status: 200 len: 616 time: 0.0222156
2026-03-02 22:31:52.355 9 INFO neutron.wsgi [req-e1ac4891-0be7-4fe4-a623-1cad5befde72 req-15742251-3488-48ca-b117-26b9903e575c b7dc578550d64fb3bc4bc791034c51e6 0a749a959f714a51bd52649e2ab05997 - - 6db9dc8d0b9c40f4b7b92e967ac96eb1 6db9dc8d0b9c40f4b7b92e967ac96eb1] 199.19.213.23 "GET /v2.0/ports?network_id=0a0bf958-3187-4832-873b-e28e6af5dcbd&device_owner=network%3Adhcp HTTP/1.1" status: 200 len: 210 time: 0.0148096
2026-03-02 22:31:52.406 9 INFO neutron.wsgi [req-e1ac4891-0be7-4fe4-a623-1cad5befde72 req-ba441b48-b933-405a-979f-97082b427ea3 b7dc578550d64fb3bc4bc791034c51e6 0a749a959f714a51bd52649e2ab05997 - - 6db9dc8d0b9c40f4b7b92e967ac96eb1 6db9dc8d0b9c40f4b7b92e967ac96eb1] 199.19.213.23 "GET /v2.0/networks/0a0bf958-3187-4832-873b-e28e6af5dcbd?fields=segments HTTP/1.1" status: 200 len: 212 time: 0.0449932
2026-03-02 22:31:52.422 10 INFO neutron.wsgi [None req-37bf5c96-9ff6-4735-bf7c-5a60855171e7 e767bcac1d014eb38cebb2c223d0fef8 5aa0c9bcaebd470caa0f061537c2237e - - default default] 10.0.0.47 "GET /v2.0/ports/bc18534d-15b5-475c-89c6-1b5de4e45331 HTTP/1.1" status: 200 len: 1020 time: 0.0812051
2026-03-02 22:31:52.457 9 INFO neutron.wsgi [req-e1ac4891-0be7-4fe4-a623-1cad5befde72 req-f916e29f-a319-4005-b53b-74b8ccbceb6c b7dc578550d64fb3bc4bc791034c51e6 0a749a959f714a51bd52649e2ab05997 - - 6db9dc8d0b9c40f4b7b92e967ac96eb1 6db9dc8d0b9c40f4b7b92e967ac96eb1] 199.19.213.23 "GET /v2.0/networks/0a0bf958-3187-4832-873b-e28e6af5dcbd?fields=provider%3Aphysical_network&fields=provider%3Anetwork_type HTTP/1.1" status: 200 len: 277 time: 0.0458286
2026-03-02 22:31:52.515 10 INFO neutron.wsgi [None req-894faaab-6008-41cb-a9ff-55188ca41226 e767bcac1d014eb38cebb2c223d0fef8 5aa0c9bcaebd470caa0f061537c2237e - - default default] 10.0.0.47 "DELETE /v2.0/trunks/ac9a1d7a-5200-4fdb-a4c4-3b070e3ad6f3 HTTP/1.1" status: 204 len: 168 time: 0.0882182
2026-03-02 22:31:52.535 9 INFO neutron.wsgi [None req-faec646c-cec7-4fdc-8d1e-6175019dbd45 e767bcac1d014eb38cebb2c223d0fef8 5aa0c9bcaebd470caa0f061537c2237e - - default default] 10.0.0.47 "GET /v2.0/trunks/d52de280-7f3d-4dc4-b543-f39ab699092e HTTP/1.1" status: 200 len: 625 time: 0.0159941
2026-03-02 22:31:52.543 9 INFO neutron.wsgi [req-3c9a518c-372b-43e0-92b4-180b71f6660b req-b0888488-aa8c-412d-ae46-c9ca61ab52ed b7dc578550d64fb3bc4bc791034c51e6 0a749a959f714a51bd52649e2ab05997 - - 6db9dc8d0b9c40f4b7b92e967ac96eb1 6db9dc8d0b9c40f4b7b92e967ac96eb1] 199.19.213.23 "GET /v2.0/ports?tenant_id=2aef40f86f6d4bf8a2ae9e41b8c751a0&device_id=d181c68e-44bd-4f4c-b318-59a500b42f3d HTTP/1.1" status: 200 len: 1632 time: 0.0475135
2026-03-02 22:31:52.613 9 INFO neutron.wsgi [req-3c9a518c-372b-43e0-92b4-180b71f6660b req-0bd60620-4160-446e-9ba7-c07508c0dc69 b7dc578550d64fb3bc4bc791034c51e6 0a749a959f714a51bd52649e2ab05997 - - 6db9dc8d0b9c40f4b7b92e967ac96eb1 6db9dc8d0b9c40f4b7b92e967ac96eb1] 199.19.213.23 "GET /v2.0/networks?id=0a0bf958-3187-4832-873b-e28e6af5dcbd HTTP/1.1" status: 200 len: 1003 time: 0.0652974
2026-03-02 22:31:52.616 10 INFO neutron.wsgi [None req-836f094b-176c-4023-940e-6138ce53baec e767bcac1d014eb38cebb2c223d0fef8 5aa0c9bcaebd470caa0f061537c2237e - - default default] 10.0.0.47 "GET /v2.0/ports/64bca215-01d8-4118-bfb5-7c4740bf3ebf HTTP/1.1" status: 200 len: 1020 time: 0.0774596
2026-03-02 22:31:52.645 9 INFO neutron.wsgi [req-3c9a518c-372b-43e0-92b4-180b71f6660b req-942835d0-7236-4690-b62c-5be1cda935bd b7dc578550d64fb3bc4bc791034c51e6 0a749a959f714a51bd52649e2ab05997 - - 6db9dc8d0b9c40f4b7b92e967ac96eb1 6db9dc8d0b9c40f4b7b92e967ac96eb1] 199.19.213.23 "GET /v2.0/floatingips?fixed_ip_address=10.2.1.21&port_id=78ef53be-a1c2-418e-9b25-3dbca42e7a44 HTTP/1.1" status: 200 len: 217 time: 0.0264037
2026-03-02 22:31:52.670 10 INFO neutron.plugins.ml2.drivers.ovn.mech_driver.mech_driver [None req-ab6bebf8-81d7-4154-9122-b25a1953607a - - - - - -] OVN reports status up for port: 78ef53be-a1c2-418e-9b25-3dbca42e7a44
2026-03-02 22:31:52.674 9 INFO neutron.wsgi [req-3c9a518c-372b-43e0-92b4-180b71f6660b req-d1beddce-c144-45ed-99e1-55b9179b78bf b7dc578550d64fb3bc4bc791034c51e6 0a749a959f714a51bd52649e2ab05997 - - 6db9dc8d0b9c40f4b7b92e967ac96eb1 6db9dc8d0b9c40f4b7b92e967ac96eb1] 199.19.213.23 "GET /v2.0/floatingips?fixed_ip_address=fd7b%3Af9f7%3Afff%3A4eca%3A%3A3dc&port_id=78ef53be-a1c2-418e-9b25-3dbca42e7a44 HTTP/1.1" status: 200 len: 217 time: 0.0228667
2026-03-02 22:31:52.684 10 INFO neutron.plugins.ml2.plugin [None req-ab6bebf8-81d7-4154-9122-b25a1953607a - - - - - -] Attempt 1 to provision port 78ef53be-a1c2-418e-9b25-3dbca42e7a44
2026-03-02 22:31:52.728 9 INFO neutron.wsgi [req-3c9a518c-372b-43e0-92b4-180b71f6660b req-34469d10-4947-478e-9530-1fbdbdf54276 b7dc578550d64fb3bc4bc791034c51e6 0a749a959f714a51bd52649e2ab05997 - - 6db9dc8d0b9c40f4b7b92e967ac96eb1 6db9dc8d0b9c40f4b7b92e967ac96eb1] 199.19.213.23 "GET /v2.0/subnets?id=c9efb8e0-9058-40da-b8db-6396a987cac5&id=2f1ed69d-d326-427b-ba1f-3b5df7ea06ca HTTP/1.1" status: 200 len: 1562 time: 0.0470428
2026-03-02 22:31:52.729 10 INFO neutron.wsgi [None req-96113659-972c-45a8-a990-04db30b179e2 e767bcac1d014eb38cebb2c223d0fef8 5aa0c9bcaebd470caa0f061537c2237e - - default default] 10.0.0.47 "DELETE /v2.0/trunks/d52de280-7f3d-4dc4-b543-f39ab699092e HTTP/1.1" status: 204 len: 168 time: 0.1032073
2026-03-02 22:31:52.752 10 INFO neutron.wsgi [None req-66b04c4a-1827-4e2d-9881-a68a2611e79f e767bcac1d014eb38cebb2c223d0fef8 5aa0c9bcaebd470caa0f061537c2237e - - default default] 10.0.0.47 "GET /v2.0/trunks/18fe49ee-b9c8-4f6c-8e1e-a7f003573261 HTTP/1.1" status: 200 len: 610 time: 0.0200307
2026-03-02 22:31:52.757 9 INFO neutron.wsgi [req-3c9a518c-372b-43e0-92b4-180b71f6660b req-5039b3cd-8732-4d1d-9571-6ceed40b0bca b7dc578550d64fb3bc4bc791034c51e6 0a749a959f714a51bd52649e2ab05997 - - 6db9dc8d0b9c40f4b7b92e967ac96eb1 6db9dc8d0b9c40f4b7b92e967ac96eb1] 199.19.213.23 "GET /v2.0/ports?network_id=0a0bf958-3187-4832-873b-e28e6af5dcbd&device_owner=network%3Adhcp HTTP/1.1" status: 200 len: 210 time: 0.0216904
2026-03-02 22:31:52.795 9 INFO neutron.wsgi [req-3c9a518c-372b-43e0-92b4-180b71f6660b req-beb31841-6672-460a-95f1-928ae0160679 b7dc578550d64fb3bc4bc791034c51e6 0a749a959f714a51bd52649e2ab05997 - - 6db9dc8d0b9c40f4b7b92e967ac96eb1 6db9dc8d0b9c40f4b7b92e967ac96eb1] 199.19.213.23 "GET /v2.0/ports?network_id=0a0bf958-3187-4832-873b-e28e6af5dcbd&device_owner=network%3Adhcp HTTP/1.1" status: 200 len: 210 time: 0.0321043
2026-03-02 22:31:52.863 10 INFO neutron.wsgi [None req-d4dc89c5-ebd7-42d4-9aea-3a229babe904 e767bcac1d014eb38cebb2c223d0fef8 5aa0c9bcaebd470caa0f061537c2237e - - default default] 10.0.0.47 "GET /v2.0/ports/ae7d2e19-6026-43be-b050-4d113f695292 HTTP/1.1" status: 200 len: 1020 time: 0.1070952
2026-03-02 22:31:52.899 9 INFO neutron.wsgi [req-3c9a518c-372b-43e0-92b4-180b71f6660b req-6941afb2-f482-4d33-bdec-677145315a65 b7dc578550d64fb3bc4bc791034c51e6 0a749a959f714a51bd52649e2ab05997 - - 6db9dc8d0b9c40f4b7b92e967ac96eb1 6db9dc8d0b9c40f4b7b92e967ac96eb1] 199.19.213.23 "GET /v2.0/networks/0a0bf958-3187-4832-873b-e28e6af5dcbd?fields=segments HTTP/1.1" status: 200 len: 212 time: 0.0935266
2026-03-02 22:31:52.903 10 INFO neutron.notifiers.nova [-] Nova event matching ['req-d3905493-0aa8-45d4-a734-1e70dee2222f'] response: {'server_uuid': 'd181c68e-44bd-4f4c-b318-59a500b42f3d', 'name': 'network-vif-plugged', 'status': 'completed', 'tag': '78ef53be-a1c2-418e-9b25-3dbca42e7a44', 'code': 200}
2026-03-02 22:31:52.975 9 INFO neutron.wsgi [req-3c9a518c-372b-43e0-92b4-180b71f6660b req-b29cf84d-cb54-4787-874d-a1bc91cf8961 b7dc578550d64fb3bc4bc791034c51e6 0a749a959f714a51bd52649e2ab05997 - - 6db9dc8d0b9c40f4b7b92e967ac96eb1 6db9dc8d0b9c40f4b7b92e967ac96eb1] 199.19.213.23 "GET /v2.0/networks/0a0bf958-3187-4832-873b-e28e6af5dcbd?fields=provider%3Aphysical_network&fields=provider%3Anetwork_type HTTP/1.1" status: 200 len: 277 time: 0.0615735
2026-03-02 22:31:53.027 10 INFO neutron.wsgi [None req-a81bb8ba-acaa-4ac4-820f-1c3cbfcdd76f e767bcac1d014eb38cebb2c223d0fef8 5aa0c9bcaebd470caa0f061537c2237e - - default default] 10.0.0.47 "DELETE /v2.0/trunks/18fe49ee-b9c8-4f6c-8e1e-a7f003573261 HTTP/1.1" status: 204 len: 168 time: 0.1548636
2026-03-02 22:31:53.073 10 INFO neutron.wsgi [None req-8d572b77-e75f-4798-b6d0-3e39034c9f14 e767bcac1d014eb38cebb2c223d0fef8 5aa0c9bcaebd470caa0f061537c2237e - - default default] 10.0.0.47 "GET /v2.0/trunks/7c698ab5-3961-4887-98dd-246acb9dd434 HTTP/1.1" status: 200 len: 603 time: 0.0350523
2026-03-02 22:31:53.128 10 INFO neutron.db.ovn_revision_numbers_db [None req-ab6bebf8-81d7-4154-9122-b25a1953607a - - - - - -] Successfully bumped revision number for resource 78ef53be-a1c2-418e-9b25-3dbca42e7a44 (type: ports) to 4
2026-03-02 22:31:53.218 10 INFO neutron.wsgi [None req-6ba138f4-0c90-427d-92af-b7a66747c400 e767bcac1d014eb38cebb2c223d0fef8 5aa0c9bcaebd470caa0f061537c2237e - - default default] 10.0.0.47 "GET /v2.0/ports/4cd29fd8-5578-4476-b405-5f629d5fb8f6 HTTP/1.1" status: 200 len: 1020 time: 0.1367733 /var/lib/openstack/lib/python3.10/site-packages/pycadf/identifier.py:71: UserWarning: Invalid uuid: neutron. To ensure interoperability, identifiers should be a valid uuid. warnings.warn(('Invalid uuid: %s. To ensure interoperability, '
2026-03-02 22:31:53.317 10 INFO neutron.wsgi [None req-3d034801-fb44-40de-8c6d-0c84b25f2786 e767bcac1d014eb38cebb2c223d0fef8 5aa0c9bcaebd470caa0f061537c2237e - - default default] 10.0.0.47 "DELETE /v2.0/trunks/7c698ab5-3961-4887-98dd-246acb9dd434 HTTP/1.1" status: 204 len: 168 time: 0.0947273
2026-03-02 22:31:53.589 10 INFO neutron.wsgi [None req-59acb3a6-8278-4a1a-ab6b-777ecb50e950 e767bcac1d014eb38cebb2c223d0fef8 5aa0c9bcaebd470caa0f061537c2237e - - default default] 10.0.0.47 "DELETE /v2.0/ports/97a210a7-e4d0-41cc-a294-324adde97430 HTTP/1.1" status: 204 len: 168 time: 0.2665181
2026-03-02 22:31:53.850 10 INFO neutron.wsgi [None req-a1e42cde-d846-4d59-a1e4-1026aa5d0ca6 e767bcac1d014eb38cebb2c223d0fef8 5aa0c9bcaebd470caa0f061537c2237e - - default default] 10.0.0.47 "DELETE /v2.0/ports/bc18534d-15b5-475c-89c6-1b5de4e45331 HTTP/1.1" status: 204 len: 168 time: 0.2541957
2026-03-02 22:31:54.136 9 INFO neutron.wsgi [None req-b117c4c0-a2a3-4e0b-84cb-01801bdf9548 e767bcac1d014eb38cebb2c223d0fef8 5aa0c9bcaebd470caa0f061537c2237e - - default default] 10.0.0.47 "DELETE /v2.0/ports/64bca215-01d8-4118-bfb5-7c4740bf3ebf HTTP/1.1" status: 204 len: 168 time: 0.2824068
2026-03-02 22:31:54.368 9 INFO neutron.wsgi [None req-206c4d5e-6d6c-48a9-a0b5-893d340bb3a9 e767bcac1d014eb38cebb2c223d0fef8 5aa0c9bcaebd470caa0f061537c2237e - - default default] 10.0.0.47 "DELETE /v2.0/ports/ae7d2e19-6026-43be-b050-4d113f695292 HTTP/1.1" status: 204 len: 168 time: 0.2265494
2026-03-02 22:31:54.632 9 INFO neutron.wsgi [None req-ffbf906d-b0e1-4eda-b21b-fb08f11eec3f e767bcac1d014eb38cebb2c223d0fef8 5aa0c9bcaebd470caa0f061537c2237e - - default default] 10.0.0.47 "DELETE /v2.0/ports/4cd29fd8-5578-4476-b405-5f629d5fb8f6 HTTP/1.1" status: 204 len: 168 time: 0.2594216
2026-03-02 22:31:54.946 10 INFO neutron.notifiers.nova [-] Nova event matching ['req-3907d145-60c2-4eb9-bf1e-3b41ac7e3ded'] response: {'server_uuid': 'd181c68e-44bd-4f4c-b318-59a500b42f3d', 'name': 'network-vif-plugged', 'status': 'completed', 'tag': '78ef53be-a1c2-418e-9b25-3dbca42e7a44', 'code': 200}
2026-03-02 22:31:55.002 10 INFO neutron.wsgi [req-dad89cf7-8ff6-431f-add2-2ab7118daea0 req-709bf597-6de9-48e3-82a2-0687ab33d132 b38dc441244f43b0bde7b31152462702 2aef40f86f6d4bf8a2ae9e41b8c751a0 - - default default] 10.0.0.169 "GET /v2.0/ports?device_id=d181c68e-44bd-4f4c-b318-59a500b42f3d HTTP/1.1" status: 200 len: 1396 time: 0.1030464
2026-03-02 22:31:55.030 9 INFO neutron.services.segments.plugin [-] Segment 09804fa8-18db-4f19-83a7-e708d7890e4e resource provider aggregate not found
2026-03-02 22:31:55.035 9 INFO neutron.services.segments.plugin [-] Segment 09804fa8-18db-4f19-83a7-e708d7890e4e resource provider aggregate not found
2026-03-02 22:31:55.055 9 INFO neutron.services.segments.plugin [-] Segment 09804fa8-18db-4f19-83a7-e708d7890e4e resource provider not found; error: Placement Client Error (4xx): {"errors": [{"status": 404, "title": "Not Found", "detail": "The resource could not be found.\n\n No resource provider with uuid 09804fa8-18db-4f19-83a7-e708d7890e4e found for delete ", "request_id": "req-dac25caa-f0e6-49e6-8946-9c9852496590"}]}
2026-03-02 22:31:55.055 10 INFO neutron.wsgi [req-dad89cf7-8ff6-431f-add2-2ab7118daea0 req-ff1d20a7-4fd6-43c8-9cee-68c8249df19c b38dc441244f43b0bde7b31152462702 2aef40f86f6d4bf8a2ae9e41b8c751a0 - - default default] 10.0.0.169 "GET /v2.0/security-groups?id=21216ada-a9df-44bc-9f25-47672b95efdb&fields=id&fields=name HTTP/1.1" status: 200 len: 310 time: 0.0454731
2026-03-02 22:31:55.056 9 INFO neutron.services.segments.plugin [-] Segment 09804fa8-18db-4f19-83a7-e708d7890e4e resource provider not found; error: Placement Client Error (4xx): {"errors": [{"status": 404, "title": "Not Found", "detail": "The resource could not be found.\n\n No resource provider with uuid 09804fa8-18db-4f19-83a7-e708d7890e4e found for delete ", "request_id": "req-a92545a2-d9ac-47c0-b499-b7814e0172a6"}]}
2026-03-02 22:31:55.068 9 INFO neutron.wsgi [None req-ce21d8b7-06d7-46c3-bb33-30217c6c5958 e767bcac1d014eb38cebb2c223d0fef8 5aa0c9bcaebd470caa0f061537c2237e - - default default] 10.0.0.47 "DELETE /v2.0/networks/31ad2c46-f16e-45a8-b26e-3d47dc7a2aee HTTP/1.1" status: 204 len: 168 time: 0.4314611
2026-03-02 22:31:55.186 9 INFO neutron.wsgi [None req-ea804452-aecf-4c1c-a20f-a84777e46bb5 b38dc441244f43b0bde7b31152462702 2aef40f86f6d4bf8a2ae9e41b8c751a0 - - default default] 10.0.0.47 "GET /v2.0/ports?network_id=0a0bf958-3187-4832-873b-e28e6af5dcbd&mac_address=fa%3A16%3A3e%3A8b%3A9a%3Adb HTTP/1.1" status: 200 len: 1391 time: 0.1016986
2026-03-02 22:31:55.198 10 WARNING neutron_lib.context [None req-fb846d3d-3443-4c4f-82b1-879c515b1c70 b38dc441244f43b0bde7b31152462702 2aef40f86f6d4bf8a2ae9e41b8c751a0 - - default default] Method 'is_advsvc' is deprecated since 2023.2 release (neutron-lib 3.8.0) and will be removed once support for the old RBAC API policies will be removed from Neutron. Please use method 'is_service_role' instead.
2026-03-02 22:31:55.716 10 WARNING neutron.scheduler.dhcp_agent_scheduler [None req-fb846d3d-3443-4c4f-82b1-879c515b1c70 b38dc441244f43b0bde7b31152462702 2aef40f86f6d4bf8a2ae9e41b8c751a0 - - default default] No more DHCP agents
2026-03-02 22:31:55.735 10 WARNING neutron.api.rpc.agentnotifiers.dhcp_rpc_agent_api [None req-fb846d3d-3443-4c4f-82b1-879c515b1c70 b38dc441244f43b0bde7b31152462702 2aef40f86f6d4bf8a2ae9e41b8c751a0 - - default default] Unable to schedule network 18fd1d39-8d58-4e81-ba70-1091a48a5800: no agents available; will retry on subsequent port and subnet creation events.
2026-03-02 22:31:55.770 10 INFO neutron.services.segments.plugin [-] Segment 161ca2eb-1fdb-4288-b4f0-132b5c5deae7 resource provider aggregate not found
2026-03-02 22:31:55.775 10 INFO neutron.services.segments.plugin [-] Segment 161ca2eb-1fdb-4288-b4f0-132b5c5deae7 resource provider aggregate not found
2026-03-02 22:31:55.795 10 INFO neutron.services.segments.plugin [-] Segment 161ca2eb-1fdb-4288-b4f0-132b5c5deae7 resource provider not found; error: Placement Client Error (4xx): {"errors": [{"status": 404, "title": "Not Found", "detail": "The resource could not be found.\n\n No resource provider with uuid 161ca2eb-1fdb-4288-b4f0-132b5c5deae7 found for delete ", "request_id": "req-e01e4532-54d7-45ba-9746-384390b754e5"}]}
2026-03-02 22:31:55.796 10 INFO neutron.services.segments.plugin [-] Segment 161ca2eb-1fdb-4288-b4f0-132b5c5deae7 resource provider not found; error: Placement Client Error (4xx): {"errors": [{"status": 404, "title": "Not Found", "detail": "The resource could not be found.\n\n No resource provider with uuid 161ca2eb-1fdb-4288-b4f0-132b5c5deae7 found for delete ", "request_id": "req-4dbbe492-066e-4c96-9535-a93ac3d08451"}]}
2026-03-02 22:31:55.808 10 INFO neutron.wsgi [None req-1e1d4f52-42eb-4119-93d0-fdaa63b40166 e767bcac1d014eb38cebb2c223d0fef8 5aa0c9bcaebd470caa0f061537c2237e - - default default] 10.0.0.47 "DELETE /v2.0/networks/71f196d9-c934-4250-860b-1f8236a09eda HTTP/1.1" status: 204 len: 168 time: 0.7352891
2026-03-02 22:31:56.180 9 INFO neutron.wsgi [None req-6396ebbb-c3f8-4078-aa82-5aeba202e725 e767bcac1d014eb38cebb2c223d0fef8 5aa0c9bcaebd470caa0f061537c2237e - - default default] 10.0.0.47 "DELETE /v2.0/networks/402976b1-9d59-427f-90bd-02d96ef88a82 HTTP/1.1" status: 204 len: 168 time: 0.3657563
2026-03-02 22:31:56.591 10 INFO neutron.db.ovn_revision_numbers_db [None req-fb846d3d-3443-4c4f-82b1-879c515b1c70 b38dc441244f43b0bde7b31152462702 2aef40f86f6d4bf8a2ae9e41b8c751a0 - - default default] Successfully bumped revision number for resource e4a7d96b-e6d8-49aa-b9bb-ab351440b67a (type: floatingips) to -1
2026-03-02 22:31:56.605 9 INFO neutron.wsgi [None req-cb64676f-079c-4e05-b371-1e1937e50f28 e767bcac1d014eb38cebb2c223d0fef8 5aa0c9bcaebd470caa0f061537c2237e - - default default] 10.0.0.47 "DELETE /v2.0/networks/6e8f3ec5-f26f-4c27-8797-affe19195016 HTTP/1.1" status: 204 len: 168 time: 0.4201534 /var/lib/openstack/lib/python3.10/site-packages/pycadf/identifier.py:71: UserWarning: Invalid uuid: neutron. To ensure interoperability, identifiers should be a valid uuid. warnings.warn(('Invalid uuid: %s. To ensure interoperability, '
2026-03-02 22:31:56.745 10 INFO neutron.db.ovn_revision_numbers_db [None req-fb846d3d-3443-4c4f-82b1-879c515b1c70 b38dc441244f43b0bde7b31152462702 2aef40f86f6d4bf8a2ae9e41b8c751a0 - - default default] Successfully bumped revision number for resource e4a7d96b-e6d8-49aa-b9bb-ab351440b67a (type: floatingips) to 1
2026-03-02 22:31:56.745 10 INFO neutron.db.l3_db [None req-fb846d3d-3443-4c4f-82b1-879c515b1c70 b38dc441244f43b0bde7b31152462702 2aef40f86f6d4bf8a2ae9e41b8c751a0 - - default default] Floating IP e4a7d96b-e6d8-49aa-b9bb-ab351440b67a associated. External IP: 10.96.250.209, port: 78ef53be-a1c2-418e-9b25-3dbca42e7a44.
2026-03-02 22:31:56.797 10 INFO neutron.wsgi [None req-fb846d3d-3443-4c4f-82b1-879c515b1c70 b38dc441244f43b0bde7b31152462702 2aef40f86f6d4bf8a2ae9e41b8c751a0 - - default default] 10.0.0.47 "POST /v2.0/floatingips HTTP/1.1" status: 201 len: 1053 time: 1.6049356
2026-03-02 22:31:56.939 10 INFO neutron.wsgi [req-99df8af1-f7d9-41bb-a12e-817881aa5996 req-849aa7ab-5f76-402e-8a3d-704826d6e8b0 b38dc441244f43b0bde7b31152462702 2aef40f86f6d4bf8a2ae9e41b8c751a0 - - default default] 10.0.0.169 "GET /v2.0/security-groups?name=tempest-lb_member_SG-624545503&fields=id&tenant_id=2aef40f86f6d4bf8a2ae9e41b8c751a0 HTTP/1.1" status: 200 len: 267 time: 0.0552645
2026-03-02 22:31:56.983 10 INFO neutron.notifiers.nova [-] Nova event matching ['req-0d07fffd-5c49-4a1f-b17a-96755f8072a4'] response: {'name': 'network-changed', 'server_uuid': 'd181c68e-44bd-4f4c-b318-59a500b42f3d', 'tag': '78ef53be-a1c2-418e-9b25-3dbca42e7a44', 'status': 'completed', 'code': 200}
2026-03-02 22:31:57.029 10 INFO neutron.wsgi [req-99df8af1-f7d9-41bb-a12e-817881aa5996 req-df42a959-c007-4b43-9d82-fd586b7df159 b38dc441244f43b0bde7b31152462702 2aef40f86f6d4bf8a2ae9e41b8c751a0 - - default default] 10.0.0.169 "GET /v2.0/networks?id=aab0409c-1e86-45a5-81a4-958035cbe00a HTTP/1.1" status: 200 len: 903 time: 0.0756612
2026-03-02 22:31:57.048 9 INFO neutron.wsgi [req-670d6d37-9492-4434-9f04-c4fe152b7ebd req-d29efd5d-c845-4b2f-ba95-da366f0ccbdb b7dc578550d64fb3bc4bc791034c51e6 0a749a959f714a51bd52649e2ab05997 - - 6db9dc8d0b9c40f4b7b92e967ac96eb1 6db9dc8d0b9c40f4b7b92e967ac96eb1] 199.19.213.23 "GET /v2.0/ports?tenant_id=2aef40f86f6d4bf8a2ae9e41b8c751a0&device_id=d181c68e-44bd-4f4c-b318-59a500b42f3d HTTP/1.1" status: 200 len: 1634 time: 0.0503454
2026-03-02 22:31:57.062 10 INFO neutron.wsgi [req-99df8af1-f7d9-41bb-a12e-817881aa5996 req-94efa374-f556-4406-8b55-ca2c36d756a9 b38dc441244f43b0bde7b31152462702 2aef40f86f6d4bf8a2ae9e41b8c751a0 - - default default] 10.0.0.169 "GET /v2.0/quotas/2aef40f86f6d4bf8a2ae9e41b8c751a0 HTTP/1.1" status: 200 len: 491 time: 0.0232108
2026-03-02 22:31:57.077 9 INFO neutron.services.segments.plugin [-] Segment 332122e0-e744-4a37-a9dc-a8d1058f733a resource provider aggregate not found
2026-03-02 22:31:57.089 9 INFO neutron.services.segments.plugin [-] Segment 332122e0-e744-4a37-a9dc-a8d1058f733a resource provider aggregate not found
2026-03-02 22:31:57.104 9 INFO neutron.services.segments.plugin [-] Segment 332122e0-e744-4a37-a9dc-a8d1058f733a resource provider not found; error: Placement Client Error (4xx): {"errors": [{"status": 404, "title": "Not Found", "detail": "The resource could not be found.\n\n No resource provider with uuid 332122e0-e744-4a37-a9dc-a8d1058f733a found for delete ", "request_id": "req-ba044c45-7cba-4a31-be2a-74139d58bd4f"}]}
2026-03-02 22:31:57.123 9 INFO neutron.services.segments.plugin [-] Segment eae05a2f-f93f-42cf-b3da-7ad282eec344 resource provider aggregate not found
2026-03-02 22:31:57.126 10 INFO neutron.wsgi [None req-882d34f3-708f-43de-96bf-aa99c5a60e93 e767bcac1d014eb38cebb2c223d0fef8 5aa0c9bcaebd470caa0f061537c2237e - - default default] 10.0.0.47 "DELETE /v2.0/networks/942b5004-1d69-4d76-95c7-05c08e47b890 HTTP/1.1" status: 204 len: 168 time: 0.5154564
2026-03-02 22:31:57.130 9 INFO neutron.services.segments.plugin [-] Segment 332122e0-e744-4a37-a9dc-a8d1058f733a resource provider not found; error: Placement Client Error (4xx): {"errors": [{"status": 404, "title": "Not Found", "detail": "The resource could not be found.\n\n No resource provider with uuid 332122e0-e744-4a37-a9dc-a8d1058f733a found for delete ", "request_id": "req-d4fe19ef-694b-47e5-9e69-b1bf82c5c79e"}]}
2026-03-02 22:31:57.142 9 INFO neutron.services.segments.plugin [-] Segment eae05a2f-f93f-42cf-b3da-7ad282eec344 resource provider not found; error: Placement Client Error (4xx): {"errors": [{"status": 404, "title": "Not Found", "detail": "The resource could not be found.\n\n No resource provider with uuid eae05a2f-f93f-42cf-b3da-7ad282eec344 found for delete ", "request_id": "req-c5919109-1025-4764-8716-3ef7ce5288bd"}]}
2026-03-02 22:31:57.149 9 INFO neutron.services.segments.plugin [-] Segment eae05a2f-f93f-42cf-b3da-7ad282eec344 resource provider aggregate not found
2026-03-02 22:31:57.166 9 INFO neutron.wsgi [req-670d6d37-9492-4434-9f04-c4fe152b7ebd req-259ecee5-7d22-464a-806d-8863f3ed44a7 b7dc578550d64fb3bc4bc791034c51e6 0a749a959f714a51bd52649e2ab05997 - - 6db9dc8d0b9c40f4b7b92e967ac96eb1 6db9dc8d0b9c40f4b7b92e967ac96eb1] 199.19.213.23 "GET /v2.0/networks?id=0a0bf958-3187-4832-873b-e28e6af5dcbd HTTP/1.1" status: 200 len: 1003 time: 0.1100574
2026-03-02 22:31:57.167 9 INFO neutron.services.segments.plugin [-] Segment eae05a2f-f93f-42cf-b3da-7ad282eec344 resource provider not found; error: Placement Client Error (4xx): {"errors": [{"status": 404, "title": "Not Found", "detail": "The resource could not be found.\n\n No resource provider with uuid eae05a2f-f93f-42cf-b3da-7ad282eec344 found for delete ", "request_id": "req-faf6fcdd-f531-411b-808e-676dbac413fd"}]}
2026-03-02 22:31:57.240 9 INFO neutron.wsgi [req-670d6d37-9492-4434-9f04-c4fe152b7ebd req-94bca8df-4f71-4caf-99f3-c458e637c9a3 b7dc578550d64fb3bc4bc791034c51e6 0a749a959f714a51bd52649e2ab05997 - - 6db9dc8d0b9c40f4b7b92e967ac96eb1 6db9dc8d0b9c40f4b7b92e967ac96eb1] 199.19.213.23 "GET /v2.0/floatingips?fixed_ip_address=10.2.1.21&port_id=78ef53be-a1c2-418e-9b25-3dbca42e7a44 HTTP/1.1" status: 200 len: 1058 time: 0.0678082
2026-03-02 22:31:57.258 10 INFO neutron.wsgi [req-99df8af1-f7d9-41bb-a12e-817881aa5996 req-6831d7d3-27bd-4ada-a2c2-3fa7b6f1a900 b38dc441244f43b0bde7b31152462702 2aef40f86f6d4bf8a2ae9e41b8c751a0 - - default default] 10.0.0.169 "GET /v2.0/ports?tenant_id=2aef40f86f6d4bf8a2ae9e41b8c751a0&fields=id HTTP/1.1" status: 200 len: 532 time: 0.1877387
2026-03-02 22:31:57.270 9 INFO neutron.wsgi [req-670d6d37-9492-4434-9f04-c4fe152b7ebd req-b408bcea-28bc-4849-87de-c36715f87bc3 b7dc578550d64fb3bc4bc791034c51e6 0a749a959f714a51bd52649e2ab05997 - - 6db9dc8d0b9c40f4b7b92e967ac96eb1 6db9dc8d0b9c40f4b7b92e967ac96eb1] 199.19.213.23 "GET /v2.0/floatingips?fixed_ip_address=fd7b%3Af9f7%3Afff%3A4eca%3A%3A3dc&port_id=78ef53be-a1c2-418e-9b25-3dbca42e7a44 HTTP/1.1" status: 200 len: 217 time: 0.0242283
2026-03-02 22:31:57.313 9 INFO neutron.wsgi [req-670d6d37-9492-4434-9f04-c4fe152b7ebd req-a8f79731-c71a-4cc3-984a-3bc5a61009d5 b7dc578550d64fb3bc4bc791034c51e6 0a749a959f714a51bd52649e2ab05997 - - 6db9dc8d0b9c40f4b7b92e967ac96eb1 6db9dc8d0b9c40f4b7b92e967ac96eb1] 199.19.213.23 "GET /v2.0/subnets?id=c9efb8e0-9058-40da-b8db-6396a987cac5&id=2f1ed69d-d326-427b-ba1f-3b5df7ea06ca HTTP/1.1" status: 200 len: 1562 time: 0.0360096
2026-03-02 22:31:57.332 10 INFO neutron.wsgi [req-99df8af1-f7d9-41bb-a12e-817881aa5996 req-e92ae675-fe80-462b-b243-3dede133f76f b7dc578550d64fb3bc4bc791034c51e6 0a749a959f714a51bd52649e2ab05997 - - 6db9dc8d0b9c40f4b7b92e967ac96eb1 6db9dc8d0b9c40f4b7b92e967ac96eb1] 10.0.0.169 "GET /v2.0/networks/aab0409c-1e86-45a5-81a4-958035cbe00a?fields=segments HTTP/1.1" status: 200 len: 212 time: 0.0629222
2026-03-02 22:31:57.339 9 INFO neutron.wsgi [req-670d6d37-9492-4434-9f04-c4fe152b7ebd req-109eedb4-6a2b-44e8-a8ca-c732d7d73784 b7dc578550d64fb3bc4bc791034c51e6 0a749a959f714a51bd52649e2ab05997 - - 6db9dc8d0b9c40f4b7b92e967ac96eb1 6db9dc8d0b9c40f4b7b92e967ac96eb1] 199.19.213.23 "GET /v2.0/ports?network_id=0a0bf958-3187-4832-873b-e28e6af5dcbd&device_owner=network%3Adhcp HTTP/1.1" status: 200 len: 210 time: 0.0181873
2026-03-02 22:31:57.363 9 INFO neutron.wsgi [req-670d6d37-9492-4434-9f04-c4fe152b7ebd req-4af90349-ce30-4401-ae38-373c51a32c86 b7dc578550d64fb3bc4bc791034c51e6 0a749a959f714a51bd52649e2ab05997 - - 6db9dc8d0b9c40f4b7b92e967ac96eb1 6db9dc8d0b9c40f4b7b92e967ac96eb1] 199.19.213.23 "GET /v2.0/ports?network_id=0a0bf958-3187-4832-873b-e28e6af5dcbd&device_owner=network%3Adhcp HTTP/1.1" status: 200 len: 210 time: 0.0173929
2026-03-02 22:31:57.429 9 INFO neutron.wsgi [req-670d6d37-9492-4434-9f04-c4fe152b7ebd req-ba066982-e143-4b7d-a0da-9fe6bcd5f1f7 b7dc578550d64fb3bc4bc791034c51e6 0a749a959f714a51bd52649e2ab05997 - - 6db9dc8d0b9c40f4b7b92e967ac96eb1 6db9dc8d0b9c40f4b7b92e967ac96eb1] 199.19.213.23 "GET /v2.0/networks/0a0bf958-3187-4832-873b-e28e6af5dcbd?fields=segments HTTP/1.1" status: 200 len: 212 time: 0.0592632
2026-03-02 22:31:57.499 9 INFO neutron.wsgi [req-670d6d37-9492-4434-9f04-c4fe152b7ebd req-14e74894-9cea-448e-9d54-5b73ae209dc6 b7dc578550d64fb3bc4bc791034c51e6 0a749a959f714a51bd52649e2ab05997 - - 6db9dc8d0b9c40f4b7b92e967ac96eb1 6db9dc8d0b9c40f4b7b92e967ac96eb1] 199.19.213.23 "GET /v2.0/networks/0a0bf958-3187-4832-873b-e28e6af5dcbd?fields=provider%3Aphysical_network&fields=provider%3Anetwork_type HTTP/1.1" status: 200 len: 277 time: 0.0653536
2026-03-02 22:31:57.596 10 INFO neutron.wsgi [req-99df8af1-f7d9-41bb-a12e-817881aa5996 req-3419ca36-6808-4f16-9a48-8c8f460e8c02 b7dc578550d64fb3bc4bc791034c51e6 0a749a959f714a51bd52649e2ab05997 - - 6db9dc8d0b9c40f4b7b92e967ac96eb1 6db9dc8d0b9c40f4b7b92e967ac96eb1] 10.0.0.169 "GET /v2.0/networks/aab0409c-1e86-45a5-81a4-958035cbe00a?fields=provider%3Aphysical_network&fields=provider%3Anetwork_type HTTP/1.1" status: 200 len: 277 time: 0.2579420
2026-03-02 22:31:57.742 10 INFO neutron.wsgi [req-e5b29526-f2d2-4fc4-ac60-cb0f797485a8 req-7976b6d1-383e-4039-a195-9de9f3b2e00b b38dc441244f43b0bde7b31152462702 2aef40f86f6d4bf8a2ae9e41b8c751a0 - - default default] 10.0.0.169 "GET /v2.0/ports?device_id=4ebd3d2c-a50f-4faa-a8e3-280363d42446 HTTP/1.1" status: 200 len: 210 time: 0.0228825
2026-03-02 22:31:57.815 10 INFO neutron.services.segments.plugin [-] Segment 1b36e61e-347b-4068-bbe3-479f03ff6506 resource provider aggregate not found
2026-03-02 22:31:57.827 10 INFO neutron.services.segments.plugin [-] Segment 1b36e61e-347b-4068-bbe3-479f03ff6506 resource provider aggregate not found
2026-03-02 22:31:57.834 10 INFO neutron.services.segments.plugin [-] Segment 1b36e61e-347b-4068-bbe3-479f03ff6506 resource provider not found; error: Placement Client Error (4xx): {"errors": [{"status": 404, "title": "Not Found", "detail": "The resource could not be found.\n\n No resource provider with uuid 1b36e61e-347b-4068-bbe3-479f03ff6506 found for delete ", "request_id": "req-d42619b6-0e14-4879-b010-5001b4ff6eaf"}]}
2026-03-02 22:31:57.841 10 INFO neutron.services.segments.plugin [-] Segment 1b36e61e-347b-4068-bbe3-479f03ff6506 resource provider not found; error: Placement Client Error (4xx): {"errors": [{"status": 404, "title": "Not Found", "detail": "The resource could not be found.\n\n No resource provider with uuid 1b36e61e-347b-4068-bbe3-479f03ff6506 found for delete ", "request_id": "req-c61b5bb4-9bdc-4b82-8c8c-e86c9b0634d2"}]}
2026-03-02 22:31:58.176 10 INFO neutron.db.ovn_revision_numbers_db [None req-bfbc2a6e-92ff-47a3-a7d7-6537aff8b572 6195e1ae26dd4545ad79c346fe9666a7 a6d2f78b96a4433b9cd04218abadbfcd - - default default] Successfully bumped revision number for resource 7de464c5-728c-40d5-b26a-36b9400fc7a4 (type: security_groups) to 1
2026-03-02 22:31:58.196 10 INFO neutron.db.ovn_revision_numbers_db [None req-bfbc2a6e-92ff-47a3-a7d7-6537aff8b572 6195e1ae26dd4545ad79c346fe9666a7 a6d2f78b96a4433b9cd04218abadbfcd - - default default] Successfully bumped revision number for resource 3d022486-fcc4-4aee-bfbb-79878dfdee7c (type: security_group_rules) to 0
2026-03-02 22:31:58.211 10 INFO neutron.db.ovn_revision_numbers_db [None req-bfbc2a6e-92ff-47a3-a7d7-6537aff8b572 6195e1ae26dd4545ad79c346fe9666a7 a6d2f78b96a4433b9cd04218abadbfcd - - default default] Successfully bumped revision number for resource 3fc5ef41-848d-4eaa-af50-fc1e07edf302 (type: security_group_rules) to 0
2026-03-02 22:31:58.233 10 INFO neutron.db.ovn_revision_numbers_db [None req-bfbc2a6e-92ff-47a3-a7d7-6537aff8b572 6195e1ae26dd4545ad79c346fe9666a7 a6d2f78b96a4433b9cd04218abadbfcd - - default default] Successfully bumped revision number for resource 6109c37d-bff0-48f9-86f6-370ec60711a2 (type: security_group_rules) to 0
2026-03-02 22:31:58.248 10 INFO neutron.db.ovn_revision_numbers_db [None req-bfbc2a6e-92ff-47a3-a7d7-6537aff8b572 6195e1ae26dd4545ad79c346fe9666a7 a6d2f78b96a4433b9cd04218abadbfcd - - default default] Successfully bumped revision number for resource 89f7062a-0acd-4238-9553-b0384d5e4d76 (type: security_group_rules) to 0
2026-03-02 22:31:58.265 10 INFO neutron.wsgi [None req-bfbc2a6e-92ff-47a3-a7d7-6537aff8b572 6195e1ae26dd4545ad79c346fe9666a7 a6d2f78b96a4433b9cd04218abadbfcd - - default default] 10.0.0.47 "GET /v2.0/security-groups?tenant_id=46b2c0f73917475eab323fab560140f7&name=default HTTP/1.1" status: 200 len: 3124 time: 0.3543372
2026-03-02 22:31:58.413 9 INFO neutron.wsgi [req-99df8af1-f7d9-41bb-a12e-817881aa5996 req-5072e05b-1a8d-4131-8ebf-733ae676c51f b38dc441244f43b0bde7b31152462702 2aef40f86f6d4bf8a2ae9e41b8c751a0 - - default default] 199.19.213.23 "GET /v2.0/networks?id=aab0409c-1e86-45a5-81a4-958035cbe00a HTTP/1.1" status: 200 len: 903 time: 0.0713916
2026-03-02 22:31:58.463 9 INFO neutron.wsgi [req-99df8af1-f7d9-41bb-a12e-817881aa5996 req-dd7e917c-3987-43a4-8093-06f0e9176a9e b38dc441244f43b0bde7b31152462702 2aef40f86f6d4bf8a2ae9e41b8c751a0 - - default default] 199.19.213.23 "GET /v2.0/security-groups?fields=id&fields=name&tenant_id=2aef40f86f6d4bf8a2ae9e41b8c751a0 HTTP/1.1" status: 200 len: 377 time: 0.0453215
2026-03-02 22:31:58.476 10 INFO neutron.wsgi [None req-ac90bf85-ac03-47e2-afb9-328bd75139ce 6195e1ae26dd4545ad79c346fe9666a7 a6d2f78b96a4433b9cd04218abadbfcd - - default default] 10.0.0.47 "DELETE /v2.0/security-groups/7de464c5-728c-40d5-b26a-36b9400fc7a4 HTTP/1.1" status: 204 len: 168 time: 0.2045832
2026-03-02 22:31:58.486 9 WARNING neutron_lib.context [req-99df8af1-f7d9-41bb-a12e-817881aa5996 req-3a42c8ef-edcf-41ae-b891-9b84df858397 b38dc441244f43b0bde7b31152462702 2aef40f86f6d4bf8a2ae9e41b8c751a0 - - default default] Method 'is_advsvc' is deprecated since 2023.2 release (neutron-lib 3.8.0) and will be removed once support for the old RBAC API policies will be removed from Neutron. Please use method 'is_service_role' instead.
2026-03-02 22:31:58.689 10 INFO neutron.db.ovn_revision_numbers_db [None req-14de4e55-d998-469e-998f-28bbda5a5065 6195e1ae26dd4545ad79c346fe9666a7 a6d2f78b96a4433b9cd04218abadbfcd - - default default] Successfully bumped revision number for resource 76ff328c-9634-479e-b40d-488968015d26 (type: security_groups) to 1
2026-03-02 22:31:58.703 10 INFO neutron.db.ovn_revision_numbers_db [None req-14de4e55-d998-469e-998f-28bbda5a5065 6195e1ae26dd4545ad79c346fe9666a7 a6d2f78b96a4433b9cd04218abadbfcd - - default default] Successfully bumped revision number for resource 7ee82109-c32a-45c1-909a-58e1bd26f3f2 (type: security_group_rules) to 0
2026-03-02 22:31:58.716 10 INFO neutron.db.ovn_revision_numbers_db [None req-14de4e55-d998-469e-998f-28bbda5a5065 6195e1ae26dd4545ad79c346fe9666a7 a6d2f78b96a4433b9cd04218abadbfcd - - default default] Successfully bumped revision number for resource b759a9bb-a4b7-45ac-b5bc-2cb8a2e7300b (type: security_group_rules) to 0
2026-03-02 22:31:58.727 10 INFO neutron.db.ovn_revision_numbers_db [None req-14de4e55-d998-469e-998f-28bbda5a5065 6195e1ae26dd4545ad79c346fe9666a7 a6d2f78b96a4433b9cd04218abadbfcd - - default default] Successfully bumped revision number for resource dc20709a-9723-4848-84c7-c89f4103d1bc (type: security_group_rules) to 0
2026-03-02 22:31:58.740 10 INFO neutron.db.ovn_revision_numbers_db [None req-14de4e55-d998-469e-998f-28bbda5a5065 6195e1ae26dd4545ad79c346fe9666a7 a6d2f78b96a4433b9cd04218abadbfcd - - default default] Successfully bumped revision number for resource f8ffb988-a3a0-4047-aac8-cf295d10fca3 (type: security_group_rules) to 0
2026-03-02 22:31:58.760 10 INFO neutron.wsgi [None req-14de4e55-d998-469e-998f-28bbda5a5065 6195e1ae26dd4545ad79c346fe9666a7 a6d2f78b96a4433b9cd04218abadbfcd - - default default] 10.0.0.47 "GET /v2.0/security-groups?tenant_id=2b82eb0bc2534acaa4aa33f10c12ff15&name=default HTTP/1.1" status: 200 len: 3124 time: 0.1916902
2026-03-02 22:31:58.869 9 WARNING neutron.scheduler.dhcp_agent_scheduler [req-99df8af1-f7d9-41bb-a12e-817881aa5996 req-3a42c8ef-edcf-41ae-b891-9b84df858397 b38dc441244f43b0bde7b31152462702 2aef40f86f6d4bf8a2ae9e41b8c751a0 - - default default] No more DHCP agents
2026-03-02 22:31:58.871 9 WARNING neutron.api.rpc.agentnotifiers.dhcp_rpc_agent_api [req-99df8af1-f7d9-41bb-a12e-817881aa5996 req-3a42c8ef-edcf-41ae-b891-9b84df858397 b38dc441244f43b0bde7b31152462702 2aef40f86f6d4bf8a2ae9e41b8c751a0 - - default default] Unable to schedule network aab0409c-1e86-45a5-81a4-958035cbe00a: no agents available; will retry on subsequent port and subnet creation events.
2026-03-02 22:31:58.962 10 INFO neutron.wsgi [None req-c086fb73-747d-4370-a22f-52ccb684ab8c 6195e1ae26dd4545ad79c346fe9666a7 a6d2f78b96a4433b9cd04218abadbfcd - - default default] 10.0.0.47 "DELETE /v2.0/security-groups/76ff328c-9634-479e-b40d-488968015d26 HTTP/1.1" status: 204 len: 168 time: 0.1956921
2026-03-02 22:31:59.035 9 INFO neutron.db.ovn_revision_numbers_db [req-99df8af1-f7d9-41bb-a12e-817881aa5996 req-3a42c8ef-edcf-41ae-b891-9b84df858397 b38dc441244f43b0bde7b31152462702 2aef40f86f6d4bf8a2ae9e41b8c751a0 - - default default] Successfully bumped revision number for resource de1692e9-0381-40d9-8548-b90e2e8776d9 (type: ports) to 1
2026-03-02 22:31:59.055 9 INFO neutron.wsgi [req-99df8af1-f7d9-41bb-a12e-817881aa5996 req-3a42c8ef-edcf-41ae-b891-9b84df858397 b38dc441244f43b0bde7b31152462702 2aef40f86f6d4bf8a2ae9e41b8c751a0 - - default default] 199.19.213.23 "POST /v2.0/ports HTTP/1.1" status: 201 len: 1384 time: 0.5760615 /var/lib/openstack/lib/python3.10/site-packages/pycadf/identifier.py:71: UserWarning: Invalid uuid: neutron. To ensure interoperability, identifiers should be a valid uuid. warnings.warn(('Invalid uuid: %s. To ensure interoperability, '
2026-03-02 22:31:59.164 9 INFO neutron.wsgi [None req-2fda076c-ac22-45ef-959f-bd2dae4fa259 6195e1ae26dd4545ad79c346fe9666a7 a6d2f78b96a4433b9cd04218abadbfcd - - default default] 10.0.0.47 "GET /v2.0/security-groups?tenant_id=5aa0c9bcaebd470caa0f061537c2237e&name=default HTTP/1.1" status: 200 len: 3124 time: 0.0501921
2026-03-02 22:31:59.706 9 INFO neutron.wsgi [None req-7d9a93c5-6204-4c7e-8f30-bdfc0af55f27 6195e1ae26dd4545ad79c346fe9666a7 a6d2f78b96a4433b9cd04218abadbfcd - - default default] 10.0.0.47 "DELETE /v2.0/security-groups/d6980a0c-f1a0-404e-a1e7-3ecff00c9e0e HTTP/1.1" status: 204 len: 168 time: 0.5368185
2026-03-02 22:31:59.760 9 INFO neutron.db.ovn_revision_numbers_db [req-99df8af1-f7d9-41bb-a12e-817881aa5996 req-f84a6195-df43-49f2-a324-e54b1799e972 b7dc578550d64fb3bc4bc791034c51e6 0a749a959f714a51bd52649e2ab05997 - - 6db9dc8d0b9c40f4b7b92e967ac96eb1 6db9dc8d0b9c40f4b7b92e967ac96eb1] Successfully bumped revision number for resource de1692e9-0381-40d9-8548-b90e2e8776d9 (type: ports) to 2
2026-03-02 22:31:59.966 9 INFO neutron.db.ovn_revision_numbers_db [req-99df8af1-f7d9-41bb-a12e-817881aa5996 req-f84a6195-df43-49f2-a324-e54b1799e972 b7dc578550d64fb3bc4bc791034c51e6 0a749a959f714a51bd52649e2ab05997 - - 6db9dc8d0b9c40f4b7b92e967ac96eb1 6db9dc8d0b9c40f4b7b92e967ac96eb1] Successfully bumped revision number for resource de1692e9-0381-40d9-8548-b90e2e8776d9 (type: ports) to 2
2026-03-02 22:31:59.983 9 INFO neutron.wsgi [req-99df8af1-f7d9-41bb-a12e-817881aa5996 req-f84a6195-df43-49f2-a324-e54b1799e972 b7dc578550d64fb3bc4bc791034c51e6 0a749a959f714a51bd52649e2ab05997 - - 6db9dc8d0b9c40f4b7b92e967ac96eb1 6db9dc8d0b9c40f4b7b92e967ac96eb1] 199.19.213.23 "PUT /v2.0/ports/de1692e9-0381-40d9-8548-b90e2e8776d9 HTTP/1.1" status: 200 len: 1601 time: 0.9208658
2026-03-02 22:32:00.021 9 INFO neutron.notifiers.nova [-] Nova event matching ['req-5bdd9c2b-2746-4b8f-93c2-4315e889d246'] response: {'name': 'network-changed', 'server_uuid': '4ebd3d2c-a50f-4faa-a8e3-280363d42446', 'tag': 'de1692e9-0381-40d9-8548-b90e2e8776d9', 'status': 'completed', 'code': 200} /var/lib/openstack/lib/python3.10/site-packages/pycadf/identifier.py:71: UserWarning: Invalid uuid: neutron. To ensure interoperability, identifiers should be a valid uuid. warnings.warn(('Invalid uuid: %s. To ensure interoperability, '
