2026-03-02 22:30:19.338 9 INFO neutron.wsgi [None req-b4353450-e3d4-452a-9006-760b4205ccbf 88cf227b274d433f8733306e4380efdd dce0014bb1af4ac190ac3f9fe7dad274 - - default default] 10.0.0.47 "DELETE /v2.0/vpn/endpoint-groups/25c92e08-93ef-45a4-887a-025ff972a47e HTTP/1.1" status: 204 len: 168 time: 0.0267770
2026-03-02 22:30:19.367 9 INFO neutron.wsgi [None req-26740691-8dd8-47cc-ad45-a649b6b49a4b 88cf227b274d433f8733306e4380efdd dce0014bb1af4ac190ac3f9fe7dad274 - - default default] 10.0.0.47 "GET /v2.0/vpn/endpoint-groups HTTP/1.1" status: 200 len: 827 time: 0.0192888
2026-03-02 22:30:19.377 9 WARNING neutron_lib.context [None req-d8122e37-f153-4947-982a-1665979af621 88cf227b274d433f8733306e4380efdd dce0014bb1af4ac190ac3f9fe7dad274 - - default default] Method 'is_advsvc' is deprecated since 2023.2 release (neutron-lib 3.8.0) and will be removed once support for the old RBAC API policies will be removed from Neutron. Please use method 'is_service_role' instead.
2026-03-02 22:30:19.453 9 INFO neutron.wsgi [None req-d8122e37-f153-4947-982a-1665979af621 88cf227b274d433f8733306e4380efdd dce0014bb1af4ac190ac3f9fe7dad274 - - default default] 10.0.0.47 "POST /v2.0/vpn/endpoint-groups HTTP/1.1" status: 201 len: 500 time: 0.0796900
2026-03-02 22:30:19.453 10 INFO neutron.wsgi [req-7838cf0f-09c6-4f83-b34c-4fec3dae4829 req-45812371-a149-4780-822a-3bc6162aaf59 bf8e4e329f604559ad9b0d28f360a671 ec09ec1941244bb786589a2657d2c4cd - - default default] 10.0.0.169 "GET /v2.0/security-groups?name=tempest-secgroup-smoke-601344129&fields=id&tenant_id=ec09ec1941244bb786589a2657d2c4cd HTTP/1.1" status: 200 len: 267 time: 0.0837448
2026-03-02 22:30:19.461 9 WARNING neutron.api.v2.base [None req-80f82faa-faef-478b-ba55-4d22715b834e 88cf227b274d433f8733306e4380efdd dce0014bb1af4ac190ac3f9fe7dad274 - - default default] An exception happened while processing the request body. The exception message is [Failed to parse request. Required attribute 'peer_id' not specified].: webob.exc.HTTPBadRequest: Failed to parse request. Required attribute 'peer_id' not specified
2026-03-02 22:30:19.462 9 INFO neutron.api.v2.resource [None req-80f82faa-faef-478b-ba55-4d22715b834e 88cf227b274d433f8733306e4380efdd dce0014bb1af4ac190ac3f9fe7dad274 - - default default] create failed (client error): Failed to parse request. Required attribute 'peer_id' not specified
2026-03-02 22:30:19.463 9 INFO neutron.wsgi [None req-80f82faa-faef-478b-ba55-4d22715b834e 88cf227b274d433f8733306e4380efdd dce0014bb1af4ac190ac3f9fe7dad274 - - default default] 10.0.0.47 "POST /v2.0/vpn/ipsec-site-connections HTTP/1.1" status: 400 len: 343 time: 0.0054615
2026-03-02 22:30:19.479 9 INFO neutron.wsgi [None req-f5f8d214-9895-4239-a849-2d1280ede40d 88cf227b274d433f8733306e4380efdd dce0014bb1af4ac190ac3f9fe7dad274 - - default default] 10.0.0.47 "GET /v2.0/vpn/endpoint-groups HTTP/1.1" status: 200 len: 1110 time: 0.0123279
2026-03-02 22:30:19.489 9 INFO neutron.db.ovn_revision_numbers_db [None req-be68f43a-9960-4ad8-8fdc-c24ab567777c 6195e1ae26dd4545ad79c346fe9666a7 a6d2f78b96a4433b9cd04218abadbfcd - - default default] Successfully bumped revision number for resource 1f08f76b-dc1f-437e-9a71-8d99325e57f8 (type: security_groups) to 1
2026-03-02 22:30:19.505 9 INFO neutron.wsgi [None req-9ed49331-d1cd-4c8e-901e-da7d3b6b7e54 88cf227b274d433f8733306e4380efdd dce0014bb1af4ac190ac3f9fe7dad274 - - default default] 10.0.0.47 "DELETE /v2.0/vpn/endpoint-groups/13ca3e31-32f2-49ea-845a-9ef37d678d6c HTTP/1.1" status: 204 len: 168 time: 0.0215240
2026-03-02 22:30:19.505 9 INFO neutron.db.ovn_revision_numbers_db [None req-be68f43a-9960-4ad8-8fdc-c24ab567777c 6195e1ae26dd4545ad79c346fe9666a7 a6d2f78b96a4433b9cd04218abadbfcd - - default default] Successfully bumped revision number for resource 1c27e090-a2eb-4d51-b9a4-7ef8efd98b7a (type: security_group_rules) to 0
2026-03-02 22:30:19.519 9 INFO neutron.wsgi [None req-d1480887-4dd7-47c0-8797-f5f6d08f4231 88cf227b274d433f8733306e4380efdd dce0014bb1af4ac190ac3f9fe7dad274 - - default default] 10.0.0.47 "GET /v2.0/vpn/endpoint-groups HTTP/1.1" status: 200 len: 827 time: 0.0087955
2026-03-02 22:30:19.524 9 INFO neutron.db.ovn_revision_numbers_db [None req-be68f43a-9960-4ad8-8fdc-c24ab567777c 6195e1ae26dd4545ad79c346fe9666a7 a6d2f78b96a4433b9cd04218abadbfcd - - default default] Successfully bumped revision number for resource 4dd17657-8999-4b07-907a-0fb35b9ff6f0 (type: security_group_rules) to 0
2026-03-02 22:30:19.534 10 WARNING neutron_lib.context [None req-332b08b3-98c4-4899-9844-7d303946cac9 88cf227b274d433f8733306e4380efdd dce0014bb1af4ac190ac3f9fe7dad274 - - default default] Method 'is_advsvc' is deprecated since 2023.2 release (neutron-lib 3.8.0) and will be removed once support for the old RBAC API policies will be removed from Neutron. Please use method 'is_service_role' instead.
2026-03-02 22:30:19.538 9 INFO neutron.db.ovn_revision_numbers_db [None req-be68f43a-9960-4ad8-8fdc-c24ab567777c 6195e1ae26dd4545ad79c346fe9666a7 a6d2f78b96a4433b9cd04218abadbfcd - - default default] Successfully bumped revision number for resource aa2fff38-f2f2-412d-b29a-29854ac7d128 (type: security_group_rules) to 0
2026-03-02 22:30:19.551 9 INFO neutron.db.ovn_revision_numbers_db [None req-be68f43a-9960-4ad8-8fdc-c24ab567777c 6195e1ae26dd4545ad79c346fe9666a7 a6d2f78b96a4433b9cd04218abadbfcd - - default default] Successfully bumped revision number for resource b548c7bc-8446-4441-9948-aeb1c5f975ef (type: security_group_rules) to 0
2026-03-02 22:30:19.574 9 INFO neutron.wsgi [None req-be68f43a-9960-4ad8-8fdc-c24ab567777c 6195e1ae26dd4545ad79c346fe9666a7 a6d2f78b96a4433b9cd04218abadbfcd - - default default] 10.0.0.47 "GET /v2.0/security-groups?tenant_id=01b25d2bf1dc42e5a5ef44e0659c0951&name=default HTTP/1.1" status: 200 len: 3120 time: 0.2863531
2026-03-02 22:30:19.591 10 INFO neutron.db.ovn_revision_numbers_db [None req-45c3df0b-e84b-4f51-98db-30f4a45f9d22 689ec61660ad44bf9d646b0153d3ab2d 0a7a465ea1854c15919cda22e6524b41 - - default default] Successfully bumped revision number for resource aed86fdc-ad6d-441c-a387-8550d7121398 (type: security_groups) to 1
2026-03-02 22:30:19.614 10 INFO neutron.wsgi [req-7838cf0f-09c6-4f83-b34c-4fec3dae4829 req-37c0568e-1c6d-4a56-ae2e-abb671c19c20 bf8e4e329f604559ad9b0d28f360a671 ec09ec1941244bb786589a2657d2c4cd - - default default] 10.0.0.169 "GET /v2.0/networks?id=f2258961-c062-44aa-bb70-569f55b45de1 HTTP/1.1" status: 200 len: 860 time: 0.1395683
2026-03-02 22:30:19.640 10 INFO neutron.db.ovn_revision_numbers_db [None req-45c3df0b-e84b-4f51-98db-30f4a45f9d22 689ec61660ad44bf9d646b0153d3ab2d 0a7a465ea1854c15919cda22e6524b41 - - default default] Successfully bumped revision number for resource 1b1bc282-d272-4c56-af9d-88d2d6981ba9 (type: security_group_rules) to 0
2026-03-02 22:30:19.645 10 INFO neutron.wsgi [req-7838cf0f-09c6-4f83-b34c-4fec3dae4829 req-413ddf10-5381-452c-b7bc-6a346483df4b bf8e4e329f604559ad9b0d28f360a671 ec09ec1941244bb786589a2657d2c4cd - - default default] 10.0.0.169 "GET /v2.0/quotas/ec09ec1941244bb786589a2657d2c4cd HTTP/1.1" status: 200 len: 491 time: 0.0243497
2026-03-02 22:30:19.648 10 INFO neutron.wsgi [None req-332b08b3-98c4-4899-9844-7d303946cac9 88cf227b274d433f8733306e4380efdd dce0014bb1af4ac190ac3f9fe7dad274 - - default default] 10.0.0.47 "POST /v2.0/vpn/endpoint-groups HTTP/1.1" status: 201 len: 493 time: 0.1216540
2026-03-02 22:30:19.664 10 WARNING neutron.api.v2.base [None req-55adf438-a820-4b60-8d80-c8849fb68807 88cf227b274d433f8733306e4380efdd dce0014bb1af4ac190ac3f9fe7dad274 - - default default] An exception happened while processing the request body. The exception message is [Failed to parse request. Required attribute 'peer_id' not specified].: webob.exc.HTTPBadRequest: Failed to parse request. Required attribute 'peer_id' not specified
2026-03-02 22:30:19.665 10 INFO neutron.api.v2.resource [None req-55adf438-a820-4b60-8d80-c8849fb68807 88cf227b274d433f8733306e4380efdd dce0014bb1af4ac190ac3f9fe7dad274 - - default default] create failed (client error): Failed to parse request. Required attribute 'peer_id' not specified
2026-03-02 22:30:19.666 10 INFO neutron.wsgi [None req-55adf438-a820-4b60-8d80-c8849fb68807 88cf227b274d433f8733306e4380efdd dce0014bb1af4ac190ac3f9fe7dad274 - - default default] 10.0.0.47 "POST /v2.0/vpn/ipsec-site-connections HTTP/1.1" status: 400 len: 343 time: 0.0120223
2026-03-02 22:30:19.682 10 INFO neutron.db.ovn_revision_numbers_db [None req-45c3df0b-e84b-4f51-98db-30f4a45f9d22 689ec61660ad44bf9d646b0153d3ab2d 0a7a465ea1854c15919cda22e6524b41 - - default default] Successfully bumped revision number for resource 3b7d4a36-bd1c-4f24-a4ce-e6d58b397d6b (type: security_group_rules) to 0
2026-03-02 22:30:19.685 9 INFO neutron.wsgi [None req-9cf3824c-fa70-454a-9bae-29c1f3624801 88cf227b274d433f8733306e4380efdd dce0014bb1af4ac190ac3f9fe7dad274 - - default default] 10.0.0.47 "GET /v2.0/vpn/endpoint-groups HTTP/1.1" status: 200 len: 1103 time: 0.0148773
2026-03-02 22:30:19.699 10 INFO neutron.db.ovn_revision_numbers_db [None req-ab6bebf8-81d7-4154-9122-b25a1953607a - - - - - -] Successfully bumped revision number for resource df81fc1e-1362-481a-a99c-fbd00a43182c (type: ports) to 2
2026-03-02 22:30:19.716 10 INFO neutron.db.ovn_revision_numbers_db [None req-45c3df0b-e84b-4f51-98db-30f4a45f9d22 689ec61660ad44bf9d646b0153d3ab2d 0a7a465ea1854c15919cda22e6524b41 - - default default] Successfully bumped revision number for resource 9ca8c936-72a3-4b9a-be36-76120a6876c0 (type: security_group_rules) to 0
2026-03-02 22:30:19.727 9 INFO neutron.wsgi [None req-7f1e3307-deb8-4d0c-b675-4aa2a0832c1c 88cf227b274d433f8733306e4380efdd dce0014bb1af4ac190ac3f9fe7dad274 - - default default] 10.0.0.47 "DELETE /v2.0/vpn/endpoint-groups/6fad6fb5-e086-49e5-b103-4767c6bb876d HTTP/1.1" status: 204 len: 168 time: 0.0365362
2026-03-02 22:30:19.741 9 INFO neutron.wsgi [None req-8b6e1685-8b2c-4b3e-abc8-0804944a06ae 88cf227b274d433f8733306e4380efdd dce0014bb1af4ac190ac3f9fe7dad274 - - default default] 10.0.0.47 "GET /v2.0/vpn/endpoint-groups HTTP/1.1" status: 200 len: 827 time: 0.0100729
2026-03-02 22:30:19.749 9 WARNING neutron_lib.context [None req-05b2fea4-365e-4861-9ed9-df5a1053daea 88cf227b274d433f8733306e4380efdd dce0014bb1af4ac190ac3f9fe7dad274 - - default default] Method 'is_advsvc' is deprecated since 2023.2 release (neutron-lib 3.8.0) and will be removed once support for the old RBAC API policies will be removed from Neutron. Please use method 'is_service_role' instead.
2026-03-02 22:30:19.784 10 INFO neutron.db.ovn_revision_numbers_db [None req-45c3df0b-e84b-4f51-98db-30f4a45f9d22 689ec61660ad44bf9d646b0153d3ab2d 0a7a465ea1854c15919cda22e6524b41 - - default default] Successfully bumped revision number for resource aab9b441-c356-4c3b-8281-e8b51c3e9139 (type: security_group_rules) to 0
2026-03-02 22:30:19.795 9 INFO neutron.wsgi [None req-05b2fea4-365e-4861-9ed9-df5a1053daea 88cf227b274d433f8733306e4380efdd dce0014bb1af4ac190ac3f9fe7dad274 - - default default] 10.0.0.47 "POST /v2.0/vpn/endpoint-groups HTTP/1.1" status: 201 len: 487 time: 0.0485115
2026-03-02 22:30:19.803 9 WARNING neutron_lib.context [None req-cc17ccc5-f9f5-4529-9dcb-b074ef2ed15b 88cf227b274d433f8733306e4380efdd dce0014bb1af4ac190ac3f9fe7dad274 - - default default] Method 'is_advsvc' is deprecated since 2023.2 release (neutron-lib 3.8.0) and will be removed once support for the old RBAC API policies will be removed from Neutron. Please use method 'is_service_role' instead.
2026-03-02 22:30:19.849 9 INFO neutron.wsgi [None req-e629c1dc-b389-4007-869e-7ed1531e299d 6195e1ae26dd4545ad79c346fe9666a7 a6d2f78b96a4433b9cd04218abadbfcd - - default default] 10.0.0.47 "DELETE /v2.0/security-groups/1f08f76b-dc1f-437e-9a71-8d99325e57f8 HTTP/1.1" status: 204 len: 168 time: 0.2678902
2026-03-02 22:30:19.854 10 INFO neutron.wsgi [req-7838cf0f-09c6-4f83-b34c-4fec3dae4829 req-07cc2f39-7c56-42b3-874d-8f0a08fcefb7 bf8e4e329f604559ad9b0d28f360a671 ec09ec1941244bb786589a2657d2c4cd - - default default] 10.0.0.169 "GET /v2.0/ports?tenant_id=ec09ec1941244bb786589a2657d2c4cd&fields=id HTTP/1.1" status: 200 len: 302 time: 0.1990283
2026-03-02 22:30:19.865 9 INFO neutron.wsgi [None req-cc17ccc5-f9f5-4529-9dcb-b074ef2ed15b 88cf227b274d433f8733306e4380efdd dce0014bb1af4ac190ac3f9fe7dad274 - - default default] 10.0.0.47 "POST /v2.0/vpn/endpoint-groups HTTP/1.1" status: 201 len: 500 time: 0.0657904
2026-03-02 22:30:19.869 10 INFO neutron.db.segments_db [None req-45c3df0b-e84b-4f51-98db-30f4a45f9d22 689ec61660ad44bf9d646b0153d3ab2d 0a7a465ea1854c15919cda22e6524b41 - - default default] Added segment 3c6ce99e-69ad-4b6e-a4ff-8f2f13923a5d of type geneve for network 18cbcd67-733b-4a1a-ab38-91d1351ce1e7
2026-03-02 22:30:19.874 9 WARNING neutron_lib.context [None req-98ec2ffb-c0df-4abd-a4c9-f1602e960aeb 88cf227b274d433f8733306e4380efdd dce0014bb1af4ac190ac3f9fe7dad274 - - default default] Method 'is_advsvc' is deprecated since 2023.2 release (neutron-lib 3.8.0) and will be removed once support for the old RBAC API policies will be removed from Neutron. Please use method 'is_service_role' instead.
2026-03-02 22:30:19.990 10 INFO neutron.wsgi [req-7838cf0f-09c6-4f83-b34c-4fec3dae4829 req-e49c1ad1-7276-4175-ad9f-ae4fde2493a0 b7dc578550d64fb3bc4bc791034c51e6 0a749a959f714a51bd52649e2ab05997 - - 6db9dc8d0b9c40f4b7b92e967ac96eb1 6db9dc8d0b9c40f4b7b92e967ac96eb1] 10.0.0.169 "GET /v2.0/networks/f2258961-c062-44aa-bb70-569f55b45de1?fields=segments HTTP/1.1" status: 200 len: 212 time: 0.1217332
2026-03-02 22:30:19.998 10 INFO neutron.db.ovn_revision_numbers_db [None req-ab6bebf8-81d7-4154-9122-b25a1953607a - - - - - -] Successfully bumped revision number for resource df81fc1e-1362-481a-a99c-fbd00a43182c (type: router_ports) to 2
2026-03-02 22:30:20.123 10 INFO neutron.wsgi [req-7838cf0f-09c6-4f83-b34c-4fec3dae4829 req-13d8d8dc-aff9-43c9-a226-e5d0d1b272ce b7dc578550d64fb3bc4bc791034c51e6 0a749a959f714a51bd52649e2ab05997 - - 6db9dc8d0b9c40f4b7b92e967ac96eb1 6db9dc8d0b9c40f4b7b92e967ac96eb1] 10.0.0.169 "GET /v2.0/networks/f2258961-c062-44aa-bb70-569f55b45de1?fields=provider%3Aphysical_network&fields=provider%3Anetwork_type HTTP/1.1" status: 200 len: 277 time: 0.1236856
2026-03-02 22:30:20.136 10 INFO neutron.db.ovn_revision_numbers_db [None req-45c3df0b-e84b-4f51-98db-30f4a45f9d22 689ec61660ad44bf9d646b0153d3ab2d 0a7a465ea1854c15919cda22e6524b41 - - default default] Successfully bumped revision number for resource 18cbcd67-733b-4a1a-ab38-91d1351ce1e7 (type: networks) to 1
2026-03-02 22:30:20.251 10 INFO neutron.wsgi [req-7a63110e-f35d-4431-a81a-af4f834520a2 req-880459ee-a2af-4823-9ae4-5f33c4b1496a bf8e4e329f604559ad9b0d28f360a671 ec09ec1941244bb786589a2657d2c4cd - - default default] 10.0.0.169 "GET /v2.0/ports?device_id=f9d4923e-785a-45fb-aa66-1359f7531e02 HTTP/1.1" status: 200 len: 210 time: 0.0203676
2026-03-02 22:30:20.354 10 WARNING neutron.scheduler.dhcp_agent_scheduler [None req-45c3df0b-e84b-4f51-98db-30f4a45f9d22 689ec61660ad44bf9d646b0153d3ab2d 0a7a465ea1854c15919cda22e6524b41 - - default default] No more DHCP agents
2026-03-02 22:30:20.355 10 WARNING neutron.api.rpc.agentnotifiers.dhcp_rpc_agent_api [None req-45c3df0b-e84b-4f51-98db-30f4a45f9d22 689ec61660ad44bf9d646b0153d3ab2d 0a7a465ea1854c15919cda22e6524b41 - - default default] Unable to schedule network 18cbcd67-733b-4a1a-ab38-91d1351ce1e7: no agents available; will retry on subsequent port and subnet creation events.
2026-03-02 22:30:20.442 10 INFO neutron.db.ovn_revision_numbers_db [None req-45c3df0b-e84b-4f51-98db-30f4a45f9d22 689ec61660ad44bf9d646b0153d3ab2d 0a7a465ea1854c15919cda22e6524b41 - - default default] Successfully bumped revision number for resource bd3da735-2a74-484c-ba44-77053489e9ff (type: ports) to 1
2026-03-02 22:30:20.461 10 INFO neutron.wsgi [None req-45c3df0b-e84b-4f51-98db-30f4a45f9d22 689ec61660ad44bf9d646b0153d3ab2d 0a7a465ea1854c15919cda22e6524b41 - - default default] 10.0.0.47 "POST /v2.0/networks HTTP/1.1" status: 201 len: 831 time: 1.2631462
2026-03-02 22:30:20.471 9 WARNING neutron_lib.context [None req-57b0e7e5-5da7-4e17-8c56-a88b84bfa30e 689ec61660ad44bf9d646b0153d3ab2d 0a7a465ea1854c15919cda22e6524b41 - - default default] Method 'is_advsvc' is deprecated since 2023.2 release (neutron-lib 3.8.0) and will be removed once support for the old RBAC API policies will be removed from Neutron. Please use method 'is_service_role' instead.
2026-03-02 22:30:20.805 9 WARNING neutron.scheduler.dhcp_agent_scheduler [None req-57b0e7e5-5da7-4e17-8c56-a88b84bfa30e 689ec61660ad44bf9d646b0153d3ab2d 0a7a465ea1854c15919cda22e6524b41 - - default default] No more DHCP agents
2026-03-02 22:30:20.809 9 WARNING neutron.api.rpc.agentnotifiers.dhcp_rpc_agent_api [None req-57b0e7e5-5da7-4e17-8c56-a88b84bfa30e 689ec61660ad44bf9d646b0153d3ab2d 0a7a465ea1854c15919cda22e6524b41 - - default default] Unable to schedule network 18cbcd67-733b-4a1a-ab38-91d1351ce1e7: no agents available; will retry on subsequent port and subnet creation events.
2026-03-02 22:30:21.101 9 INFO neutron.wsgi [req-7838cf0f-09c6-4f83-b34c-4fec3dae4829 req-2018f627-b1ea-4ac6-9db0-6004ccccb11b bf8e4e329f604559ad9b0d28f360a671 ec09ec1941244bb786589a2657d2c4cd - - default default] 199.19.213.23 "GET /v2.0/networks?id=f2258961-c062-44aa-bb70-569f55b45de1 HTTP/1.1" status: 200 len: 860 time: 0.1668448
2026-03-02 22:30:21.155 9 INFO neutron.db.ovn_revision_numbers_db [None req-98ec2ffb-c0df-4abd-a4c9-f1602e960aeb 88cf227b274d433f8733306e4380efdd dce0014bb1af4ac190ac3f9fe7dad274 - - default default] Successfully bumped revision number for resource 0d12fbf9-da81-489b-9f36-66d181fd9dac (type: routers) to 6
2026-03-02 22:30:21.218 9 INFO neutron.wsgi [req-7838cf0f-09c6-4f83-b34c-4fec3dae4829 req-480addbe-606a-4cf8-ad53-b4f7a69ddfb6 bf8e4e329f604559ad9b0d28f360a671 ec09ec1941244bb786589a2657d2c4cd - - default default] 199.19.213.23 "GET /v2.0/security-groups?fields=id&fields=name&tenant_id=ec09ec1941244bb786589a2657d2c4cd HTTP/1.1" status: 200 len: 379 time: 0.0883653
2026-03-02 22:30:21.230 9 INFO neutron.wsgi [None req-98ec2ffb-c0df-4abd-a4c9-f1602e960aeb 88cf227b274d433f8733306e4380efdd dce0014bb1af4ac190ac3f9fe7dad274 - - default default] 10.0.0.47 "POST /v2.0/vpn/ipsec-site-connections HTTP/1.1" status: 201 len: 1044 time: 1.3608632
2026-03-02 22:30:21.253 9 WARNING neutron_lib.context [req-7838cf0f-09c6-4f83-b34c-4fec3dae4829 req-ca8a1e06-8bb7-423f-9342-0fccd9fde92b bf8e4e329f604559ad9b0d28f360a671 ec09ec1941244bb786589a2657d2c4cd - - default default] Method 'is_advsvc' is deprecated since 2023.2 release (neutron-lib 3.8.0) and will be removed once support for the old RBAC API policies will be removed from Neutron. Please use method 'is_service_role' instead.
2026-03-02 22:30:21.343 10 INFO neutron.wsgi [req-f2a3d92e-fd5e-4f1e-9adc-41f06f2f53c9 req-70023517-7e37-459a-a965-374179c207df bf8e4e329f604559ad9b0d28f360a671 ec09ec1941244bb786589a2657d2c4cd - - default default] 10.0.0.169 "GET /v2.0/ports?device_id=f9d4923e-785a-45fb-aa66-1359f7531e02 HTTP/1.1" status: 200 len: 210 time: 0.0184336
2026-03-02 22:30:21.809 10 INFO neutron.db.ovn_revision_numbers_db [None req-1bba8df3-8e78-43ec-978b-7f04a415df86 6195e1ae26dd4545ad79c346fe9666a7 a6d2f78b96a4433b9cd04218abadbfcd - - default default] Successfully bumped revision number for resource 563f660f-c1f8-4425-9ed4-f45220fddf21 (type: security_groups) to 1
2026-03-02 22:30:21.825 10 INFO neutron.db.ovn_revision_numbers_db [None req-1bba8df3-8e78-43ec-978b-7f04a415df86 6195e1ae26dd4545ad79c346fe9666a7 a6d2f78b96a4433b9cd04218abadbfcd - - default default] Successfully bumped revision number for resource 12f53dd4-be1f-41f7-aaad-fb550c22eac9 (type: security_group_rules) to 0
2026-03-02 22:30:21.842 10 INFO neutron.db.ovn_revision_numbers_db [None req-1bba8df3-8e78-43ec-978b-7f04a415df86 6195e1ae26dd4545ad79c346fe9666a7 a6d2f78b96a4433b9cd04218abadbfcd - - default default] Successfully bumped revision number for resource 50360915-69df-411a-96cb-69f9712910a4 (type: security_group_rules) to 0
2026-03-02 22:30:21.857 10 INFO neutron.db.ovn_revision_numbers_db [None req-1bba8df3-8e78-43ec-978b-7f04a415df86 6195e1ae26dd4545ad79c346fe9666a7 a6d2f78b96a4433b9cd04218abadbfcd - - default default] Successfully bumped revision number for resource 9505efbd-b19b-4455-bd51-515b858d131d (type: security_group_rules) to 0
2026-03-02 22:30:21.878 10 INFO neutron.db.ovn_revision_numbers_db [None req-1bba8df3-8e78-43ec-978b-7f04a415df86 6195e1ae26dd4545ad79c346fe9666a7 a6d2f78b96a4433b9cd04218abadbfcd - - default default] Successfully bumped revision number for resource a13e5b07-de2f-4663-8775-707cfda9a1b4 (type: security_group_rules) to 0
2026-03-02 22:30:21.932 10 INFO neutron.db.segments_db [None req-1bba8df3-8e78-43ec-978b-7f04a415df86 6195e1ae26dd4545ad79c346fe9666a7 a6d2f78b96a4433b9cd04218abadbfcd - - default default] Added segment f32cedee-8b8d-4ec6-92a5-1ebe88b76302 of type geneve for network ee6a70a9-b0fe-4fc7-b221-716b10fc6df0
2026-03-02 22:30:22.016 9 INFO neutron.db.ovn_revision_numbers_db [None req-57b0e7e5-5da7-4e17-8c56-a88b84bfa30e 689ec61660ad44bf9d646b0153d3ab2d 0a7a465ea1854c15919cda22e6524b41 - - default default] Successfully bumped revision number for resource bd3da735-2a74-484c-ba44-77053489e9ff (type: ports) to 2
2026-03-02 22:30:22.076 10 INFO neutron.db.ovn_revision_numbers_db [None req-1bba8df3-8e78-43ec-978b-7f04a415df86 6195e1ae26dd4545ad79c346fe9666a7 a6d2f78b96a4433b9cd04218abadbfcd - - default default] Successfully bumped revision number for resource ee6a70a9-b0fe-4fc7-b221-716b10fc6df0 (type: networks) to 1
2026-03-02 22:30:22.095 9 INFO neutron.db.ovn_revision_numbers_db [None req-57b0e7e5-5da7-4e17-8c56-a88b84bfa30e 689ec61660ad44bf9d646b0153d3ab2d 0a7a465ea1854c15919cda22e6524b41 - - default default] Successfully bumped revision number for resource c0a2bb9a-b4e2-48e3-8ed6-4c3ef3f76faf (type: subnets) to 0
2026-03-02 22:30:22.122 9 INFO neutron.wsgi [None req-57b0e7e5-5da7-4e17-8c56-a88b84bfa30e 689ec61660ad44bf9d646b0153d3ab2d 0a7a465ea1854c15919cda22e6524b41 - - default default] 10.0.0.47 "POST /v2.0/subnets HTTP/1.1" status: 201 len: 801 time: 1.6548641
2026-03-02 22:30:22.129 9 WARNING neutron.scheduler.dhcp_agent_scheduler [req-7838cf0f-09c6-4f83-b34c-4fec3dae4829 req-ca8a1e06-8bb7-423f-9342-0fccd9fde92b bf8e4e329f604559ad9b0d28f360a671 ec09ec1941244bb786589a2657d2c4cd - - default default] No more DHCP agents
2026-03-02 22:30:22.134 9 WARNING neutron.api.rpc.agentnotifiers.dhcp_rpc_agent_api [req-7838cf0f-09c6-4f83-b34c-4fec3dae4829 req-ca8a1e06-8bb7-423f-9342-0fccd9fde92b bf8e4e329f604559ad9b0d28f360a671 ec09ec1941244bb786589a2657d2c4cd - - default default] Unable to schedule network f2258961-c062-44aa-bb70-569f55b45de1: no agents available; will retry on subsequent port and subnet creation events.
2026-03-02 22:30:22.140 10 WARNING neutron_lib.context [None req-986e6c2b-f076-4aae-a0c3-f2b00f5c3ceb 689ec61660ad44bf9d646b0153d3ab2d 0a7a465ea1854c15919cda22e6524b41 - - default default] Method 'is_advsvc' is deprecated since 2023.2 release (neutron-lib 3.8.0) and will be removed once support for the old RBAC API policies will be removed from Neutron. Please use method 'is_service_role' instead.
2026-03-02 22:30:22.250 10 INFO neutron.db.segments_db [None req-986e6c2b-f076-4aae-a0c3-f2b00f5c3ceb 689ec61660ad44bf9d646b0153d3ab2d 0a7a465ea1854c15919cda22e6524b41 - - default default] Added segment 1632a9e2-5722-42da-bbee-d32b86bdcb10 of type geneve for network 7e23a3bf-2d7f-4001-9a74-f05c6af2e6c3
2026-03-02 22:30:22.255 10 WARNING neutron.scheduler.dhcp_agent_scheduler [None req-1bba8df3-8e78-43ec-978b-7f04a415df86 6195e1ae26dd4545ad79c346fe9666a7 a6d2f78b96a4433b9cd04218abadbfcd - - default default] No more DHCP agents
2026-03-02 22:30:22.262 10 WARNING neutron.api.rpc.agentnotifiers.dhcp_rpc_agent_api [None req-1bba8df3-8e78-43ec-978b-7f04a415df86 6195e1ae26dd4545ad79c346fe9666a7 a6d2f78b96a4433b9cd04218abadbfcd - - default default] Unable to schedule network ee6a70a9-b0fe-4fc7-b221-716b10fc6df0: no agents available; will retry on subsequent port and subnet creation events.
2026-03-02 22:30:22.363 9 INFO neutron.db.ovn_revision_numbers_db [req-7838cf0f-09c6-4f83-b34c-4fec3dae4829 req-ca8a1e06-8bb7-423f-9342-0fccd9fde92b bf8e4e329f604559ad9b0d28f360a671 ec09ec1941244bb786589a2657d2c4cd - - default default] Successfully bumped revision number for resource 62643af4-7836-4700-ab66-11eb1216c042 (type: ports) to 1
2026-03-02 22:30:22.396 9 INFO neutron.wsgi [req-7838cf0f-09c6-4f83-b34c-4fec3dae4829 req-ca8a1e06-8bb7-423f-9342-0fccd9fde92b bf8e4e329f604559ad9b0d28f360a671 ec09ec1941244bb786589a2657d2c4cd - - default default] 199.19.213.23 "POST /v2.0/ports HTTP/1.1" status: 201 len: 1162 time: 1.1572464 /var/lib/openstack/lib/python3.10/site-packages/pycadf/identifier.py:71: UserWarning: Invalid uuid: neutron. To ensure interoperability, identifiers should be a valid uuid. warnings.warn(('Invalid uuid: %s. To ensure interoperability, '
2026-03-02 22:30:22.481 9 INFO neutron.db.ovn_revision_numbers_db [None req-43636cb6-b001-465c-abda-434b905fb04b 88cf227b274d433f8733306e4380efdd dce0014bb1af4ac190ac3f9fe7dad274 - - default default] Successfully bumped revision number for resource 0d12fbf9-da81-489b-9f36-66d181fd9dac (type: routers) to 7
2026-03-02 22:30:22.516 9 INFO neutron.wsgi [None req-43636cb6-b001-465c-abda-434b905fb04b 88cf227b274d433f8733306e4380efdd dce0014bb1af4ac190ac3f9fe7dad274 - - default default] 10.0.0.47 "DELETE /v2.0/vpn/ipsec-site-connections/8155c836-67fd-469f-8902-f0d9360aba54 HTTP/1.1" status: 204 len: 168 time: 1.2809098
2026-03-02 22:30:22.543 9 INFO neutron.wsgi [None req-6cb4fe44-3c3c-4acf-ae89-fcebd05f5ae8 88cf227b274d433f8733306e4380efdd dce0014bb1af4ac190ac3f9fe7dad274 - - default default] 10.0.0.47 "GET /v2.0/vpn/ipsec-site-connections HTTP/1.1" status: 200 len: 990 time: 0.0155971
2026-03-02 22:30:22.566 9 INFO neutron.api.v2.resource [None req-6aff90db-062a-4110-8f24-201362674293 88cf227b274d433f8733306e4380efdd dce0014bb1af4ac190ac3f9fe7dad274 - - default default] delete failed (client error): The resource could not be found.
2026-03-02 22:30:22.567 9 INFO neutron.wsgi [None req-6aff90db-062a-4110-8f24-201362674293 88cf227b274d433f8733306e4380efdd dce0014bb1af4ac190ac3f9fe7dad274 - - default default] 10.0.0.47 "DELETE /v2.0/vpn/ipsec-site-connections/8155c836-67fd-469f-8902-f0d9360aba54 HTTP/1.1" status: 404 len: 355 time: 0.0163958
2026-03-02 22:30:22.599 9 INFO neutron.wsgi [None req-60d8c2e2-f0c4-436d-96f8-1df858bc1a95 88cf227b274d433f8733306e4380efdd dce0014bb1af4ac190ac3f9fe7dad274 - - default default] 10.0.0.47 "GET /v2.0/vpn/endpoint-groups HTTP/1.1" status: 200 len: 1381 time: 0.0227427
2026-03-02 22:30:22.617 10 INFO neutron.db.ovn_revision_numbers_db [None req-1bba8df3-8e78-43ec-978b-7f04a415df86 6195e1ae26dd4545ad79c346fe9666a7 a6d2f78b96a4433b9cd04218abadbfcd - - default default] Successfully bumped revision number for resource abd96d96-13cf-409f-8443-6b17a8431563 (type: ports) to 1
2026-03-02 22:30:22.664 9 INFO neutron.wsgi [None req-3e58ec7d-509b-43ed-b7a6-85be0e5ce892 88cf227b274d433f8733306e4380efdd dce0014bb1af4ac190ac3f9fe7dad274 - - default default] 10.0.0.47 "DELETE /v2.0/vpn/endpoint-groups/6a117d8c-f347-4646-9941-36a34418fa28 HTTP/1.1" status: 204 len: 168 time: 0.0508296
2026-03-02 22:30:22.671 10 INFO neutron.wsgi [req-7ae09695-25f4-42e6-997c-ba4daa0a1a43 req-8671b2fe-130c-40ef-8b6c-86c12130188b bf8e4e329f604559ad9b0d28f360a671 ec09ec1941244bb786589a2657d2c4cd - - default default] 10.0.0.169 "GET /v2.0/ports?device_id=f9d4923e-785a-45fb-aa66-1359f7531e02 HTTP/1.1" status: 200 len: 1160 time: 0.0690553
2026-03-02 22:30:22.683 10 INFO neutron.wsgi [None req-1bba8df3-8e78-43ec-978b-7f04a415df86 6195e1ae26dd4545ad79c346fe9666a7 a6d2f78b96a4433b9cd04218abadbfcd - - default default] 10.0.0.47 "POST /v2.0/networks HTTP/1.1" status: 201 len: 942 time: 1.1955435
2026-03-02 22:30:22.687 9 INFO neutron.wsgi [None req-51444106-f08b-40f4-a79c-a30ebc57a1b0 88cf227b274d433f8733306e4380efdd dce0014bb1af4ac190ac3f9fe7dad274 - - default default] 10.0.0.47 "GET /v2.0/vpn/endpoint-groups HTTP/1.1" status: 200 len: 1097 time: 0.0157359
2026-03-02 22:30:22.689 10 INFO neutron.db.ovn_revision_numbers_db [None req-986e6c2b-f076-4aae-a0c3-f2b00f5c3ceb 689ec61660ad44bf9d646b0153d3ab2d 0a7a465ea1854c15919cda22e6524b41 - - default default] Successfully bumped revision number for resource 7e23a3bf-2d7f-4001-9a74-f05c6af2e6c3 (type: networks) to 1
2026-03-02 22:30:22.712 10 INFO neutron.wsgi [None req-4b26d0ca-a32e-4c9b-8488-da8e6ea81475 88cf227b274d433f8733306e4380efdd dce0014bb1af4ac190ac3f9fe7dad274 - - default default] 10.0.0.47 "GET /v2.0/vpn/endpoint-groups HTTP/1.1" status: 200 len: 1097 time: 0.0197742
2026-03-02 22:30:22.750 10 INFO neutron.wsgi [req-7ae09695-25f4-42e6-997c-ba4daa0a1a43 req-89a6842e-b7bf-47a9-a771-708214d875da bf8e4e329f604559ad9b0d28f360a671 ec09ec1941244bb786589a2657d2c4cd - - default default] 10.0.0.169 "GET /v2.0/security-groups?id=5d7a5716-3609-4596-a8a0-b9b95d174b6b&fields=id&fields=name HTTP/1.1" status: 200 len: 312 time: 0.0752873
2026-03-02 22:30:22.766 10 INFO neutron.wsgi [None req-a880f815-8d56-45e2-85cf-adf6f15abb1f 88cf227b274d433f8733306e4380efdd dce0014bb1af4ac190ac3f9fe7dad274 - - default default] 10.0.0.47 "DELETE /v2.0/vpn/endpoint-groups/3777c8f9-bb86-4f16-81b9-46336c88fb0f HTTP/1.1" status: 204 len: 168 time: 0.0478001
2026-03-02 22:30:22.816 10 INFO neutron.wsgi [None req-30dfe8b3-7a9c-465f-ae64-c70b1848d982 88cf227b274d433f8733306e4380efdd dce0014bb1af4ac190ac3f9fe7dad274 - - default default] 10.0.0.47 "GET /v2.0/vpn/endpoint-groups HTTP/1.1" status: 200 len: 827 time: 0.0421526
2026-03-02 22:30:22.839 9 WARNING neutron_lib.context [None req-d13c83e0-23e5-4549-8554-2009fe988126 88cf227b274d433f8733306e4380efdd dce0014bb1af4ac190ac3f9fe7dad274 - - default default] Method 'is_advsvc' is deprecated since 2023.2 release (neutron-lib 3.8.0) and will be removed once support for the old RBAC API policies will be removed from Neutron. Please use method 'is_service_role' instead.
2026-03-02 22:30:22.941 10 WARNING neutron.scheduler.dhcp_agent_scheduler [None req-986e6c2b-f076-4aae-a0c3-f2b00f5c3ceb 689ec61660ad44bf9d646b0153d3ab2d 0a7a465ea1854c15919cda22e6524b41 - - default default] No more DHCP agents
2026-03-02 22:30:22.947 10 WARNING neutron.api.rpc.agentnotifiers.dhcp_rpc_agent_api [None req-986e6c2b-f076-4aae-a0c3-f2b00f5c3ceb 689ec61660ad44bf9d646b0153d3ab2d 0a7a465ea1854c15919cda22e6524b41 - - default default] Unable to schedule network 7e23a3bf-2d7f-4001-9a74-f05c6af2e6c3: no agents available; will retry on subsequent port and subnet creation events.
2026-03-02 22:30:22.976 9 WARNING neutron.scheduler.dhcp_agent_scheduler [None req-93b7babb-2b9a-44ea-95c9-b28d07fb2e9d 6195e1ae26dd4545ad79c346fe9666a7 a6d2f78b96a4433b9cd04218abadbfcd - - default default] No more DHCP agents
2026-03-02 22:30:22.984 9 WARNING neutron.api.rpc.agentnotifiers.dhcp_rpc_agent_api [None req-93b7babb-2b9a-44ea-95c9-b28d07fb2e9d 6195e1ae26dd4545ad79c346fe9666a7 a6d2f78b96a4433b9cd04218abadbfcd - - default default] Unable to schedule network ee6a70a9-b0fe-4fc7-b221-716b10fc6df0: no agents available; will retry on subsequent port and subnet creation events.
2026-03-02 22:30:23.074 10 INFO neutron.db.ovn_revision_numbers_db [None req-986e6c2b-f076-4aae-a0c3-f2b00f5c3ceb 689ec61660ad44bf9d646b0153d3ab2d 0a7a465ea1854c15919cda22e6524b41 - - default default] Successfully bumped revision number for resource cbd660fd-b422-436b-9487-a2f371bde329 (type: ports) to 1
2026-03-02 22:30:23.095 10 INFO neutron.wsgi [None req-986e6c2b-f076-4aae-a0c3-f2b00f5c3ceb 689ec61660ad44bf9d646b0153d3ab2d 0a7a465ea1854c15919cda22e6524b41 - - default default] 10.0.0.47 "POST /v2.0/networks HTTP/1.1" status: 201 len: 831 time: 0.9614403
2026-03-02 22:30:23.106 10 WARNING neutron_lib.context [None req-d2bb491a-9012-4f6b-9325-45d021d2d8e9 689ec61660ad44bf9d646b0153d3ab2d 0a7a465ea1854c15919cda22e6524b41 - - default default] Method 'is_advsvc' is deprecated since 2023.2 release (neutron-lib 3.8.0) and will be removed once support for the old RBAC API policies will be removed from Neutron. Please use method 'is_service_role' instead.
2026-03-02 22:30:23.336 10 WARNING neutron.scheduler.dhcp_agent_scheduler [None req-d2bb491a-9012-4f6b-9325-45d021d2d8e9 689ec61660ad44bf9d646b0153d3ab2d 0a7a465ea1854c15919cda22e6524b41 - - default default] No more DHCP agents
2026-03-02 22:30:23.338 10 WARNING neutron.api.rpc.agentnotifiers.dhcp_rpc_agent_api [None req-d2bb491a-9012-4f6b-9325-45d021d2d8e9 689ec61660ad44bf9d646b0153d3ab2d 0a7a465ea1854c15919cda22e6524b41 - - default default] Unable to schedule network 7e23a3bf-2d7f-4001-9a74-f05c6af2e6c3: no agents available; will retry on subsequent port and subnet creation events.
2026-03-02 22:30:23.433 9 INFO neutron.db.ovn_revision_numbers_db [req-7838cf0f-09c6-4f83-b34c-4fec3dae4829 req-96dd4a14-f09a-45db-9a8b-1de9aa4f08e7 b7dc578550d64fb3bc4bc791034c51e6 0a749a959f714a51bd52649e2ab05997 - - 6db9dc8d0b9c40f4b7b92e967ac96eb1 6db9dc8d0b9c40f4b7b92e967ac96eb1] Successfully bumped revision number for resource 62643af4-7836-4700-ab66-11eb1216c042 (type: ports) to 2
2026-03-02 22:30:23.860 10 INFO neutron.db.ovn_revision_numbers_db [None req-d2bb491a-9012-4f6b-9325-45d021d2d8e9 689ec61660ad44bf9d646b0153d3ab2d 0a7a465ea1854c15919cda22e6524b41 - - default default] Successfully bumped revision number for resource cbd660fd-b422-436b-9487-a2f371bde329 (type: ports) to 2
2026-03-02 22:30:23.868 10 INFO neutron.wsgi [req-86fdfaf8-f521-49c8-8b60-f53a495bd40f req-9c63cc10-a060-402f-be40-29b1e387c284 bf8e4e329f604559ad9b0d28f360a671 ec09ec1941244bb786589a2657d2c4cd - - default default] 10.0.0.169 "GET /v2.0/ports?device_id=f9d4923e-785a-45fb-aa66-1359f7531e02 HTTP/1.1" status: 200 len: 1172 time: 0.0455668
2026-03-02 22:30:23.923 10 INFO neutron.db.ovn_revision_numbers_db [None req-d2bb491a-9012-4f6b-9325-45d021d2d8e9 689ec61660ad44bf9d646b0153d3ab2d 0a7a465ea1854c15919cda22e6524b41 - - default default] Successfully bumped revision number for resource 7f609435-9c4a-49be-835d-a5e0bc1cdfcb (type: subnets) to 0
2026-03-02 22:30:23.936 10 INFO neutron.wsgi [req-86fdfaf8-f521-49c8-8b60-f53a495bd40f req-cd3c394b-5e9a-4b36-86e8-5f2185f217ad bf8e4e329f604559ad9b0d28f360a671 ec09ec1941244bb786589a2657d2c4cd - - default default] 10.0.0.169 "GET /v2.0/security-groups?id=5d7a5716-3609-4596-a8a0-b9b95d174b6b&fields=id&fields=name HTTP/1.1" status: 200 len: 312 time: 0.0550725
2026-03-02 22:30:23.944 10 INFO neutron.wsgi [None req-d2bb491a-9012-4f6b-9325-45d021d2d8e9 689ec61660ad44bf9d646b0153d3ab2d 0a7a465ea1854c15919cda22e6524b41 - - default default] 10.0.0.47 "POST /v2.0/subnets HTTP/1.1" status: 201 len: 804 time: 0.8429675
2026-03-02 22:30:23.947 9 INFO neutron.db.ovn_revision_numbers_db [req-7838cf0f-09c6-4f83-b34c-4fec3dae4829 req-96dd4a14-f09a-45db-9a8b-1de9aa4f08e7 b7dc578550d64fb3bc4bc791034c51e6 0a749a959f714a51bd52649e2ab05997 - - 6db9dc8d0b9c40f4b7b92e967ac96eb1 6db9dc8d0b9c40f4b7b92e967ac96eb1] Successfully bumped revision number for resource 62643af4-7836-4700-ab66-11eb1216c042 (type: ports) to 2
2026-03-02 22:30:23.954 10 WARNING neutron_lib.context [None req-cb1d5733-8639-4f0f-af3c-f078d4b767db 689ec61660ad44bf9d646b0153d3ab2d 0a7a465ea1854c15919cda22e6524b41 - - default default] Method 'is_advsvc' is deprecated since 2023.2 release (neutron-lib 3.8.0) and will be removed once support for the old RBAC API policies will be removed from Neutron. Please use method 'is_service_role' instead.
2026-03-02 22:30:23.994 9 INFO neutron.wsgi [req-7838cf0f-09c6-4f83-b34c-4fec3dae4829 req-96dd4a14-f09a-45db-9a8b-1de9aa4f08e7 b7dc578550d64fb3bc4bc791034c51e6 0a749a959f714a51bd52649e2ab05997 - - 6db9dc8d0b9c40f4b7b92e967ac96eb1 6db9dc8d0b9c40f4b7b92e967ac96eb1] 199.19.213.23 "PUT /v2.0/ports/62643af4-7836-4700-ab66-11eb1216c042 HTTP/1.1" status: 200 len: 1380 time: 1.5865982
2026-03-02 22:30:24.049 10 INFO neutron.db.segments_db [None req-cb1d5733-8639-4f0f-af3c-f078d4b767db 689ec61660ad44bf9d646b0153d3ab2d 0a7a465ea1854c15919cda22e6524b41 - - default default] Added segment 5793240d-dab7-4477-aab9-076f156cbfed of type geneve for network e53a17b4-19c1-436b-ac78-f9eaa912dc47
2026-03-02 22:30:24.065 9 INFO neutron.notifiers.nova [-] Nova event matching ['req-62c8e1d5-40fe-48ee-a016-e1c1e6452a3e'] response: {'name': 'network-changed', 'server_uuid': 'f9d4923e-785a-45fb-aa66-1359f7531e02', 'tag': '62643af4-7836-4700-ab66-11eb1216c042', 'status': 'completed', 'code': 200} /var/lib/openstack/lib/python3.10/site-packages/pycadf/identifier.py:71: UserWarning: Invalid uuid: neutron. To ensure interoperability, identifiers should be a valid uuid. warnings.warn(('Invalid uuid: %s. To ensure interoperability, '
2026-03-02 22:30:24.153 9 INFO neutron.wsgi [req-7838cf0f-09c6-4f83-b34c-4fec3dae4829 req-a0835673-769d-49a5-81c6-9669f4398025 b7dc578550d64fb3bc4bc791034c51e6 0a749a959f714a51bd52649e2ab05997 - - 6db9dc8d0b9c40f4b7b92e967ac96eb1 6db9dc8d0b9c40f4b7b92e967ac96eb1] 199.19.213.23 "GET /v2.0/ports?tenant_id=ec09ec1941244bb786589a2657d2c4cd&device_id=f9d4923e-785a-45fb-aa66-1359f7531e02 HTTP/1.1" status: 200 len: 1411 time: 0.0744476
2026-03-02 22:30:24.200 10 INFO neutron.db.ovn_revision_numbers_db [None req-cb1d5733-8639-4f0f-af3c-f078d4b767db 689ec61660ad44bf9d646b0153d3ab2d 0a7a465ea1854c15919cda22e6524b41 - - default default] Successfully bumped revision number for resource e53a17b4-19c1-436b-ac78-f9eaa912dc47 (type: networks) to 1
2026-03-02 22:30:24.201 9 INFO neutron.wsgi [req-7838cf0f-09c6-4f83-b34c-4fec3dae4829 req-f2740a3b-8755-499f-9c75-8cebc1c85762 b7dc578550d64fb3bc4bc791034c51e6 0a749a959f714a51bd52649e2ab05997 - - 6db9dc8d0b9c40f4b7b92e967ac96eb1 6db9dc8d0b9c40f4b7b92e967ac96eb1] 199.19.213.23 "GET /v2.0/floatingips?fixed_ip_address=10.100.0.10&port_id=62643af4-7836-4700-ab66-11eb1216c042 HTTP/1.1" status: 200 len: 217 time: 0.0383244
2026-03-02 22:30:24.268 9 INFO neutron.wsgi [req-7838cf0f-09c6-4f83-b34c-4fec3dae4829 req-b27bec0e-c61d-4219-bde6-999db2f92b84 b7dc578550d64fb3bc4bc791034c51e6 0a749a959f714a51bd52649e2ab05997 - - 6db9dc8d0b9c40f4b7b92e967ac96eb1 6db9dc8d0b9c40f4b7b92e967ac96eb1] 199.19.213.23 "GET /v2.0/subnets?id=d535378b-bdf0-4537-9504-8df46f6762ab HTTP/1.1" status: 200 len: 852 time: 0.0539548
2026-03-02 22:30:24.312 9 INFO neutron.wsgi [req-7838cf0f-09c6-4f83-b34c-4fec3dae4829 req-9fd9f93f-517f-4a43-a845-db4a2f08cd9b b7dc578550d64fb3bc4bc791034c51e6 0a749a959f714a51bd52649e2ab05997 - - 6db9dc8d0b9c40f4b7b92e967ac96eb1 6db9dc8d0b9c40f4b7b92e967ac96eb1] 199.19.213.23 "GET /v2.0/ports?network_id=f2258961-c062-44aa-bb70-569f55b45de1&device_owner=network%3Adhcp HTTP/1.1" status: 200 len: 210 time: 0.0379782
2026-03-02 22:30:24.345 9 INFO neutron.db.ovn_revision_numbers_db [None req-93b7babb-2b9a-44ea-95c9-b28d07fb2e9d 6195e1ae26dd4545ad79c346fe9666a7 a6d2f78b96a4433b9cd04218abadbfcd - - default default] Successfully bumped revision number for resource abd96d96-13cf-409f-8443-6b17a8431563 (type: ports) to 2
2026-03-02 22:30:24.383 10 WARNING neutron.scheduler.dhcp_agent_scheduler [None req-cb1d5733-8639-4f0f-af3c-f078d4b767db 689ec61660ad44bf9d646b0153d3ab2d 0a7a465ea1854c15919cda22e6524b41 - - default default] No more DHCP agents
2026-03-02 22:30:24.385 10 WARNING neutron.api.rpc.agentnotifiers.dhcp_rpc_agent_api [None req-cb1d5733-8639-4f0f-af3c-f078d4b767db 689ec61660ad44bf9d646b0153d3ab2d 0a7a465ea1854c15919cda22e6524b41 - - default default] Unable to schedule network e53a17b4-19c1-436b-ac78-f9eaa912dc47: no agents available; will retry on subsequent port and subnet creation events.
2026-03-02 22:30:24.412 9 INFO neutron.wsgi [req-7838cf0f-09c6-4f83-b34c-4fec3dae4829 req-9b25fa5a-1548-42c3-9468-095801c9dcb3 b7dc578550d64fb3bc4bc791034c51e6 0a749a959f714a51bd52649e2ab05997 - - 6db9dc8d0b9c40f4b7b92e967ac96eb1 6db9dc8d0b9c40f4b7b92e967ac96eb1] 199.19.213.23 "GET /v2.0/networks/f2258961-c062-44aa-bb70-569f55b45de1?fields=segments HTTP/1.1" status: 200 len: 212 time: 0.0913503
2026-03-02 22:30:24.413 9 INFO neutron.db.ovn_revision_numbers_db [None req-93b7babb-2b9a-44ea-95c9-b28d07fb2e9d 6195e1ae26dd4545ad79c346fe9666a7 a6d2f78b96a4433b9cd04218abadbfcd - - default default] Successfully bumped revision number for resource fff07795-322d-448b-83e8-e486deb1fd57 (type: subnets) to 0
2026-03-02 22:30:24.450 9 INFO neutron.db.ovn_revision_numbers_db [None req-d13c83e0-23e5-4549-8554-2009fe988126 88cf227b274d433f8733306e4380efdd dce0014bb1af4ac190ac3f9fe7dad274 - - default default] Successfully bumped revision number for resource 0d12fbf9-da81-489b-9f36-66d181fd9dac (type: routers) to 8
2026-03-02 22:30:24.454 9 INFO neutron.wsgi [None req-93b7babb-2b9a-44ea-95c9-b28d07fb2e9d 6195e1ae26dd4545ad79c346fe9666a7 a6d2f78b96a4433b9cd04218abadbfcd - - default default] 10.0.0.47 "POST /v2.0/subnets HTTP/1.1" status: 201 len: 862 time: 1.7653382
2026-03-02 22:30:24.469 10 INFO neutron.db.ovn_revision_numbers_db [None req-cb1d5733-8639-4f0f-af3c-f078d4b767db 689ec61660ad44bf9d646b0153d3ab2d 0a7a465ea1854c15919cda22e6524b41 - - default default] Successfully bumped revision number for resource 1f2b3d32-64c0-4bc0-a3ca-daaa0572fea9 (type: ports) to 1
2026-03-02 22:30:24.492 9 INFO neutron.wsgi [req-7838cf0f-09c6-4f83-b34c-4fec3dae4829 req-b9696957-a3d8-4fb4-bf67-625a738f30ad b7dc578550d64fb3bc4bc791034c51e6 0a749a959f714a51bd52649e2ab05997 - - 6db9dc8d0b9c40f4b7b92e967ac96eb1 6db9dc8d0b9c40f4b7b92e967ac96eb1] 199.19.213.23 "GET /v2.0/networks/f2258961-c062-44aa-bb70-569f55b45de1?fields=provider%3Aphysical_network&fields=provider%3Anetwork_type HTTP/1.1" status: 200 len: 277 time: 0.0726991
2026-03-02 22:30:24.498 10 INFO neutron.wsgi [None req-cb1d5733-8639-4f0f-af3c-f078d4b767db 689ec61660ad44bf9d646b0153d3ab2d 0a7a465ea1854c15919cda22e6524b41 - - default default] 10.0.0.47 "POST /v2.0/networks HTTP/1.1" status: 201 len: 831 time: 0.5490034
2026-03-02 22:30:24.508 9 WARNING neutron_lib.context [None req-c41f8b41-932a-4ae6-9b50-64e50e65553c 689ec61660ad44bf9d646b0153d3ab2d 0a7a465ea1854c15919cda22e6524b41 - - default default] Method 'is_advsvc' is deprecated since 2023.2 release (neutron-lib 3.8.0) and will be removed once support for the old RBAC API policies will be removed from Neutron. Please use method 'is_service_role' instead.
2026-03-02 22:30:24.514 9 INFO neutron.wsgi [None req-d13c83e0-23e5-4549-8554-2009fe988126 88cf227b274d433f8733306e4380efdd dce0014bb1af4ac190ac3f9fe7dad274 - - default default] 10.0.0.47 "POST /v2.0/vpn/ipsec-site-connections HTTP/1.1" status: 201 len: 1003 time: 1.6846566
2026-03-02 22:30:24.586 9 INFO neutron.wsgi [req-ce96e284-e3c6-41bc-89f9-f179624f1931 req-4b4f0807-5357-4998-8fd8-7362711deaf9 b7dc578550d64fb3bc4bc791034c51e6 0a749a959f714a51bd52649e2ab05997 - - 6db9dc8d0b9c40f4b7b92e967ac96eb1 6db9dc8d0b9c40f4b7b92e967ac96eb1] 199.19.213.23 "GET /v2.0/ports?tenant_id=ec09ec1941244bb786589a2657d2c4cd&device_id=f9d4923e-785a-45fb-aa66-1359f7531e02 HTTP/1.1" status: 200 len: 1411 time: 0.0459445
2026-03-02 22:30:24.699 9 INFO neutron.plugins.ml2.drivers.ovn.mech_driver.mech_driver [None req-1bacd6f4-064d-49e4-9198-f6b55c310d6c - - - - - -] OVN reports status up for port: 62643af4-7836-4700-ab66-11eb1216c042
2026-03-02 22:30:24.712 9 INFO neutron.wsgi [req-ce96e284-e3c6-41bc-89f9-f179624f1931 req-9779b1a8-b6c4-4de7-87bb-97c7af2c4423 b7dc578550d64fb3bc4bc791034c51e6 0a749a959f714a51bd52649e2ab05997 - - 6db9dc8d0b9c40f4b7b92e967ac96eb1 6db9dc8d0b9c40f4b7b92e967ac96eb1] 199.19.213.23 "GET /v2.0/networks?id=f2258961-c062-44aa-bb70-569f55b45de1 HTTP/1.1" status: 200 len: 959 time: 0.1203754
2026-03-02 22:30:24.713 9 INFO neutron.plugins.ml2.plugin [None req-1bacd6f4-064d-49e4-9198-f6b55c310d6c - - - - - -] Attempt 1 to provision port 62643af4-7836-4700-ab66-11eb1216c042
2026-03-02 22:30:24.760 9 INFO neutron.wsgi [req-ce96e284-e3c6-41bc-89f9-f179624f1931 req-b824c711-2619-4dea-9c57-8b8838411268 b7dc578550d64fb3bc4bc791034c51e6 0a749a959f714a51bd52649e2ab05997 - - 6db9dc8d0b9c40f4b7b92e967ac96eb1 6db9dc8d0b9c40f4b7b92e967ac96eb1] 199.19.213.23 "GET /v2.0/floatingips?fixed_ip_address=10.100.0.10&port_id=62643af4-7836-4700-ab66-11eb1216c042 HTTP/1.1" status: 200 len: 217 time: 0.0364523
2026-03-02 22:30:25.092 9 INFO neutron.wsgi [req-ce96e284-e3c6-41bc-89f9-f179624f1931 req-d8730784-4434-41a3-94e4-33aed3245885 b7dc578550d64fb3bc4bc791034c51e6 0a749a959f714a51bd52649e2ab05997 - - 6db9dc8d0b9c40f4b7b92e967ac96eb1 6db9dc8d0b9c40f4b7b92e967ac96eb1] 199.19.213.23 "GET /v2.0/subnets?id=d535378b-bdf0-4537-9504-8df46f6762ab HTTP/1.1" status: 200 len: 852 time: 0.3267162
2026-03-02 22:30:25.132 9 INFO neutron.wsgi [req-ce96e284-e3c6-41bc-89f9-f179624f1931 req-5b811b75-dee6-4da6-afea-c18622b5379b b7dc578550d64fb3bc4bc791034c51e6 0a749a959f714a51bd52649e2ab05997 - - 6db9dc8d0b9c40f4b7b92e967ac96eb1 6db9dc8d0b9c40f4b7b92e967ac96eb1] 199.19.213.23 "GET /v2.0/ports?network_id=f2258961-c062-44aa-bb70-569f55b45de1&device_owner=network%3Adhcp HTTP/1.1" status: 200 len: 210 time: 0.0265906
2026-03-02 22:30:25.242 10 INFO neutron.wsgi [req-2af83a5c-7b5d-4849-be9f-537a6eca7e34 req-d1d81dd8-a89b-448c-abff-be149c671091 bf8e4e329f604559ad9b0d28f360a671 ec09ec1941244bb786589a2657d2c4cd - - default default] 10.0.0.169 "GET /v2.0/ports?device_id=f9d4923e-785a-45fb-aa66-1359f7531e02 HTTP/1.1" status: 200 len: 1172 time: 0.2275705
2026-03-02 22:30:25.244 9 WARNING neutron.scheduler.dhcp_agent_scheduler [None req-c41f8b41-932a-4ae6-9b50-64e50e65553c 689ec61660ad44bf9d646b0153d3ab2d 0a7a465ea1854c15919cda22e6524b41 - - default default] No more DHCP agents
2026-03-02 22:30:25.248 9 WARNING neutron.api.rpc.agentnotifiers.dhcp_rpc_agent_api [None req-c41f8b41-932a-4ae6-9b50-64e50e65553c 689ec61660ad44bf9d646b0153d3ab2d 0a7a465ea1854c15919cda22e6524b41 - - default default] Unable to schedule network e53a17b4-19c1-436b-ac78-f9eaa912dc47: no agents available; will retry on subsequent port and subnet creation events.
2026-03-02 22:30:25.254 9 INFO neutron.wsgi [req-ce96e284-e3c6-41bc-89f9-f179624f1931 req-1683cb42-c88c-421f-9e1f-1f901c55d90c b7dc578550d64fb3bc4bc791034c51e6 0a749a959f714a51bd52649e2ab05997 - - 6db9dc8d0b9c40f4b7b92e967ac96eb1 6db9dc8d0b9c40f4b7b92e967ac96eb1] 199.19.213.23 "GET /v2.0/networks/f2258961-c062-44aa-bb70-569f55b45de1?fields=segments HTTP/1.1" status: 200 len: 212 time: 0.1118586
2026-03-02 22:30:25.259 10 WARNING neutron.scheduler.dhcp_agent_scheduler [None req-d6d56c4f-2174-4bdc-934c-4557f016047a 6195e1ae26dd4545ad79c346fe9666a7 a6d2f78b96a4433b9cd04218abadbfcd - - default default] No more DHCP agents
2026-03-02 22:30:25.268 10 WARNING neutron.api.rpc.agentnotifiers.dhcp_rpc_agent_api [None req-d6d56c4f-2174-4bdc-934c-4557f016047a 6195e1ae26dd4545ad79c346fe9666a7 a6d2f78b96a4433b9cd04218abadbfcd - - default default] Unable to schedule network 18fd1d39-8d58-4e81-ba70-1091a48a5800: no agents available; will retry on subsequent port and subnet creation events.
2026-03-02 22:30:25.364 9 INFO neutron.wsgi [req-ce96e284-e3c6-41bc-89f9-f179624f1931 req-c792bd42-139d-48d0-9322-48d6ae6d8c44 b7dc578550d64fb3bc4bc791034c51e6 0a749a959f714a51bd52649e2ab05997 - - 6db9dc8d0b9c40f4b7b92e967ac96eb1 6db9dc8d0b9c40f4b7b92e967ac96eb1] 199.19.213.23 "GET /v2.0/networks/f2258961-c062-44aa-bb70-569f55b45de1?fields=provider%3Aphysical_network&fields=provider%3Anetwork_type HTTP/1.1" status: 200 len: 277 time: 0.1019981
2026-03-02 22:30:25.536 9 INFO neutron.db.ovn_revision_numbers_db [None req-1bacd6f4-064d-49e4-9198-f6b55c310d6c - - - - - -] Successfully bumped revision number for resource 62643af4-7836-4700-ab66-11eb1216c042 (type: ports) to 4
2026-03-02 22:30:25.591 10 WARNING neutron.plugins.ml2.drivers.ovn.mech_driver.ovsdb.ovn_client [None req-ab6bebf8-81d7-4154-9122-b25a1953607a - - - - - -] No hosting information found for port df81fc1e-1362-481a-a99c-fbd00a43182c: RuntimeError: No hosting information found for port df81fc1e-1362-481a-a99c-fbd00a43182c
2026-03-02 22:30:25.614 10 INFO neutron.wsgi [req-2af83a5c-7b5d-4849-be9f-537a6eca7e34 req-56ab8c09-4e81-42c9-9f52-7cc59cbc0591 bf8e4e329f604559ad9b0d28f360a671 ec09ec1941244bb786589a2657d2c4cd - - default default] 10.0.0.169 "GET /v2.0/security-groups?id=5d7a5716-3609-4596-a8a0-b9b95d174b6b&fields=id&fields=name HTTP/1.1" status: 200 len: 312 time: 0.3637440
2026-03-02 22:30:25.776 10 INFO neutron.db.ovn_revision_numbers_db [None req-d6d56c4f-2174-4bdc-934c-4557f016047a 6195e1ae26dd4545ad79c346fe9666a7 a6d2f78b96a4433b9cd04218abadbfcd - - default default] Successfully bumped revision number for resource a9601170-abb7-4c68-b470-b8b29e39a05a (type: ports) to 1
2026-03-02 22:30:25.841 10 INFO neutron.db.ovn_revision_numbers_db [None req-a7e8e241-3f76-4100-bb3a-0343c54d7b2e 88cf227b274d433f8733306e4380efdd dce0014bb1af4ac190ac3f9fe7dad274 - - default default] Successfully bumped revision number for resource 0d12fbf9-da81-489b-9f36-66d181fd9dac (type: routers) to 9
2026-03-02 22:30:25.888 9 INFO neutron.db.ovn_revision_numbers_db [None req-c41f8b41-932a-4ae6-9b50-64e50e65553c 689ec61660ad44bf9d646b0153d3ab2d 0a7a465ea1854c15919cda22e6524b41 - - default default] Successfully bumped revision number for resource 1f2b3d32-64c0-4bc0-a3ca-daaa0572fea9 (type: ports) to 2
2026-03-02 22:30:25.914 10 INFO neutron.wsgi [None req-a7e8e241-3f76-4100-bb3a-0343c54d7b2e 88cf227b274d433f8733306e4380efdd dce0014bb1af4ac190ac3f9fe7dad274 - - default default] 10.0.0.47 "DELETE /v2.0/vpn/ipsec-site-connections/aef3623c-552e-4d20-a434-f364bd972ae6 HTTP/1.1" status: 204 len: 168 time: 1.3848355 /var/lib/openstack/lib/python3.10/site-packages/pycadf/identifier.py:71: UserWarning: Invalid uuid: neutron. To ensure interoperability, identifiers should be a valid uuid. warnings.warn(('Invalid uuid: %s. To ensure interoperability, '
2026-03-02 22:30:25.936 9 INFO neutron.wsgi [None req-ddbd96a8-2eab-43e9-8802-9608f6ee2c66 88cf227b274d433f8733306e4380efdd dce0014bb1af4ac190ac3f9fe7dad274 - - default default] 10.0.0.47 "GET /v2.0/vpn/ipsec-site-connections HTTP/1.1" status: 200 len: 990 time: 0.0134392
