2026-03-02 22:21:47.894 9 INFO neutron.wsgi [None req-25575055-8ee8-4d37-9526-bd696191da42 6195e1ae26dd4545ad79c346fe9666a7 a6d2f78b96a4433b9cd04218abadbfcd - - default default] 10.0.0.208 "GET /v2.0/security-groups HTTP/1.1" status: 200 len: 17578 time: 0.2429893
2026-03-02 22:21:47.920 9 INFO neutron.wsgi [None req-41b3d7f4-0917-416d-9a8f-71ba1cc7f0b2 6195e1ae26dd4545ad79c346fe9666a7 a6d2f78b96a4433b9cd04218abadbfcd - - default default] 10.0.0.208 "GET /v2.0/routers HTTP/1.1" status: 200 len: 189 time: 0.0212431
2026-03-02 22:21:47.944 9 INFO neutron.wsgi [None req-9988a6c3-8358-4f81-945b-50e60bf20b86 6195e1ae26dd4545ad79c346fe9666a7 a6d2f78b96a4433b9cd04218abadbfcd - - default default] 10.0.0.208 "GET /v2.0/agents?binary=ovn-controller HTTP/1.1" status: 200 len: 591 time: 0.0237396
2026-03-02 22:21:47.957 9 INFO neutron.wsgi [None req-8eae2f43-2ad5-47b6-b503-e5d9014a89c7 6195e1ae26dd4545ad79c346fe9666a7 a6d2f78b96a4433b9cd04218abadbfcd - - default default] 10.0.0.208 "GET /v2.0/agents HTTP/1.1" status: 200 len: 1390 time: 0.0117900
2026-03-02 22:21:47.990 9 INFO neutron.wsgi [None req-f9701312-4089-4fb2-a227-b8431fec2360 6195e1ae26dd4545ad79c346fe9666a7 a6d2f78b96a4433b9cd04218abadbfcd - - default default] 10.0.0.208 "GET /v2.0/floatingips HTTP/1.1" status: 200 len: 193 time: 0.0315952
2026-03-02 22:21:48.033 9 INFO neutron.wsgi [None req-f06dbf82-32be-4ecb-b315-df299edac6c6 6195e1ae26dd4545ad79c346fe9666a7 a6d2f78b96a4433b9cd04218abadbfcd - - default default] 10.0.0.208 "GET /v2.0/subnets HTTP/1.1" status: 200 len: 1437 time: 0.0427885
2026-03-02 22:21:48.045 9 INFO neutron.wsgi [None req-c5faf498-18dd-442c-bf47-a0efc3840c7b 6195e1ae26dd4545ad79c346fe9666a7 a6d2f78b96a4433b9cd04218abadbfcd - - default default] 10.0.0.208 "GET /v2.0/network-ip-availabilities HTTP/1.1" status: 200 len: 1280 time: 0.0107665
2026-03-02 22:21:48.075 9 INFO neutron.wsgi [None req-2e999bf1-280f-42e1-86de-d871932d7197 6195e1ae26dd4545ad79c346fe9666a7 a6d2f78b96a4433b9cd04218abadbfcd - - default default] 10.0.0.208 "GET /v2.0/subnets HTTP/1.1" status: 200 len: 1437 time: 0.0297413
2026-03-02 22:21:48.084 9 INFO neutron.wsgi [None req-f73f824e-30e0-4390-9ae3-51b1b43ded94 6195e1ae26dd4545ad79c346fe9666a7 a6d2f78b96a4433b9cd04218abadbfcd - - default default] 10.0.0.208 "GET /v2.0/subnetpools HTTP/1.1" status: 200 len: 193 time: 0.0075929
2026-03-02 22:21:48.122 9 INFO neutron.wsgi [None req-87bd449c-a601-4a63-9942-02cd221814c1 6195e1ae26dd4545ad79c346fe9666a7 a6d2f78b96a4433b9cd04218abadbfcd - - default default] 10.0.0.208 "GET /v2.0/ports HTTP/1.1" status: 200 len: 5351 time: 0.0380006
2026-03-02 22:21:48.188 9 INFO neutron.wsgi [None req-4e72d395-6607-4a5c-9f78-6fed2def6464 6195e1ae26dd4545ad79c346fe9666a7 a6d2f78b96a4433b9cd04218abadbfcd - - default default] 10.0.0.208 "GET /v2.0/networks HTTP/1.1" status: 200 len: 2349 time: 0.0630572
2026-03-02 22:22:01.868 10 INFO neutron.wsgi [-] 10.0.0.44 "GET / HTTP/1.1" status: 200 len: 247 time: 0.0025976
2026-03-02 22:22:01.869 9 INFO neutron.wsgi [-] 10.0.0.44 "GET / HTTP/1.1" status: 200 len: 247 time: 0.0033267
2026-03-02 22:22:16.868 9 INFO neutron.wsgi [-] 10.0.0.44 "GET / HTTP/1.1" status: 200 len: 247 time: 0.0027976
2026-03-02 22:22:16.869 10 INFO neutron.wsgi [-] 10.0.0.44 "GET / HTTP/1.1" status: 200 len: 247 time: 0.0038924
2026-03-02 22:22:31.866 9 INFO neutron.wsgi [-] 10.0.0.44 "GET / HTTP/1.1" status: 200 len: 247 time: 0.0013807
2026-03-02 22:22:31.866 10 INFO neutron.wsgi [-] 10.0.0.44 "GET / HTTP/1.1" status: 200 len: 247 time: 0.0013316
2026-03-02 22:22:46.867 9 INFO neutron.wsgi [-] 10.0.0.44 "GET / HTTP/1.1" status: 200 len: 247 time: 0.0024302
2026-03-02 22:22:46.869 10 INFO neutron.wsgi [-] 10.0.0.44 "GET / HTTP/1.1" status: 200 len: 247 time: 0.0029600
2026-03-02 22:22:47.882 9 INFO neutron.wsgi [None req-07e68f80-69d4-4626-8426-825dbdd6e5ec 6195e1ae26dd4545ad79c346fe9666a7 a6d2f78b96a4433b9cd04218abadbfcd - - default default] 10.0.0.208 "GET /v2.0/ports HTTP/1.1" status: 200 len: 5351 time: 0.1255355
2026-03-02 22:22:47.899 9 INFO neutron.wsgi [None req-71b4c2a6-2dac-426d-9896-994f55f49381 6195e1ae26dd4545ad79c346fe9666a7 a6d2f78b96a4433b9cd04218abadbfcd - - default default] 10.0.0.208 "GET /v2.0/network-ip-availabilities HTTP/1.1" status: 200 len: 1280 time: 0.0141461
2026-03-02 22:22:47.993 9 INFO neutron.wsgi [None req-c68353a5-ff1d-4f30-b19f-9b7085a34205 6195e1ae26dd4545ad79c346fe9666a7 a6d2f78b96a4433b9cd04218abadbfcd - - default default] 10.0.0.208 "GET /v2.0/networks HTTP/1.1" status: 200 len: 2349 time: 0.0931854
2026-03-02 22:22:48.043 9 INFO neutron.wsgi [None req-725d9e3e-c55f-4317-bb15-4d991762d733 6195e1ae26dd4545ad79c346fe9666a7 a6d2f78b96a4433b9cd04218abadbfcd - - default default] 10.0.0.208 "GET /v2.0/security-groups HTTP/1.1" status: 200 len: 17578 time: 0.0433900
2026-03-02 22:22:48.075 9 INFO neutron.wsgi [None req-78fe18af-df5e-4d0e-a480-931d4b937817 6195e1ae26dd4545ad79c346fe9666a7 a6d2f78b96a4433b9cd04218abadbfcd - - default default] 10.0.0.208 "GET /v2.0/floatingips HTTP/1.1" status: 200 len: 193 time: 0.0232286
2026-03-02 22:22:48.188 9 INFO neutron.wsgi [None req-147caffa-92d4-4c55-a653-1788bc92c1a2 6195e1ae26dd4545ad79c346fe9666a7 a6d2f78b96a4433b9cd04218abadbfcd - - default default] 10.0.0.208 "GET /v2.0/subnets HTTP/1.1" status: 200 len: 1437 time: 0.1121790
2026-03-02 22:22:48.198 9 INFO neutron.wsgi [None req-fea3c637-6e70-4253-ac7c-13831c7d9eb9 6195e1ae26dd4545ad79c346fe9666a7 a6d2f78b96a4433b9cd04218abadbfcd - - default default] 10.0.0.208 "GET /v2.0/subnetpools HTTP/1.1" status: 200 len: 193 time: 0.0085588
2026-03-02 22:22:48.228 9 INFO neutron.wsgi [None req-3edfb44c-d5b1-485d-953c-294b5eaebb4b 6195e1ae26dd4545ad79c346fe9666a7 a6d2f78b96a4433b9cd04218abadbfcd - - default default] 10.0.0.208 "GET /v2.0/subnets HTTP/1.1" status: 200 len: 1437 time: 0.0293953
2026-03-02 22:22:48.252 9 INFO neutron.wsgi [None req-609f0b30-2abb-4879-a4ce-d85bd8a37bbf 6195e1ae26dd4545ad79c346fe9666a7 a6d2f78b96a4433b9cd04218abadbfcd - - default default] 10.0.0.208 "GET /v2.0/routers HTTP/1.1" status: 200 len: 189 time: 0.0224581
2026-03-02 22:22:48.284 9 INFO neutron.wsgi [None req-756bfeef-aa8b-451e-ad4b-08cb51aaecf3 6195e1ae26dd4545ad79c346fe9666a7 a6d2f78b96a4433b9cd04218abadbfcd - - default default] 10.0.0.208 "GET /v2.0/agents?binary=ovn-controller HTTP/1.1" status: 200 len: 591 time: 0.0317421
2026-03-02 22:22:48.305 9 INFO neutron.wsgi [None req-2dc6fd5a-c4a3-42d2-9c69-50eb44715249 6195e1ae26dd4545ad79c346fe9666a7 a6d2f78b96a4433b9cd04218abadbfcd - - default default] 10.0.0.208 "GET /v2.0/agents HTTP/1.1" status: 200 len: 1390 time: 0.0154808
2026-03-02 22:23:01.867 9 INFO neutron.wsgi [-] 10.0.0.44 "GET / HTTP/1.1" status: 200 len: 247 time: 0.0017302
2026-03-02 22:23:01.868 10 INFO neutron.wsgi [-] 10.0.0.44 "GET / HTTP/1.1" status: 200 len: 247 time: 0.0026166
2026-03-02 22:23:16.866 9 INFO neutron.wsgi [-] 10.0.0.44 "GET / HTTP/1.1" status: 200 len: 247 time: 0.0016370
2026-03-02 22:23:16.871 9 INFO neutron.wsgi [-] 10.0.0.44 "GET / HTTP/1.1" status: 200 len: 247 time: 0.0039644
2026-03-02 22:23:31.866 10 INFO neutron.wsgi [-] 10.0.0.44 "GET / HTTP/1.1" status: 200 len: 247 time: 0.0012646
2026-03-02 22:23:31.868 10 INFO neutron.wsgi [-] 10.0.0.44 "GET / HTTP/1.1" status: 200 len: 247 time: 0.0015099
2026-03-02 22:23:36.449 10 INFO neutron.pecan_wsgi.hooks.translation [None req-744e627a-f208-447b-bc62-80735ab0dd79 6195e1ae26dd4545ad79c346fe9666a7 a6d2f78b96a4433b9cd04218abadbfcd - - default default] GET failed (client error): The resource could not be found.
2026-03-02 22:23:36.451 10 INFO neutron.wsgi [None req-744e627a-f208-447b-bc62-80735ab0dd79 6195e1ae26dd4545ad79c346fe9666a7 a6d2f78b96a4433b9cd04218abadbfcd - - default default] 199.19.213.23,10.0.0.44 "GET /v2.0/networks/public HTTP/1.1" status: 404 len: 290 time: 0.0806620
2026-03-02 22:23:36.528 10 INFO neutron.wsgi [None req-0ad28532-1320-45f1-a779-07d83e6aec34 6195e1ae26dd4545ad79c346fe9666a7 a6d2f78b96a4433b9cd04218abadbfcd - - default default] 199.19.213.23,10.0.0.44 "GET /v2.0/networks?name=public HTTP/1.1" status: 200 len: 928 time: 0.0732656
2026-03-02 22:23:37.805 10 INFO neutron.pecan_wsgi.hooks.translation [None req-2e305cba-74c8-4108-993f-29510841f649 6195e1ae26dd4545ad79c346fe9666a7 a6d2f78b96a4433b9cd04218abadbfcd - - default default] GET failed (client error): The resource could not be found.
2026-03-02 22:23:37.807 10 INFO neutron.wsgi [None req-2e305cba-74c8-4108-993f-29510841f649 6195e1ae26dd4545ad79c346fe9666a7 a6d2f78b96a4433b9cd04218abadbfcd - - default default] 199.19.213.23,10.0.0.44 "GET /v2.0/networks/public HTTP/1.1" status: 404 len: 290 time: 0.0474484
2026-03-02 22:23:37.863 10 INFO neutron.wsgi [None req-ea314d85-f016-4ec1-8382-2fded277317b 6195e1ae26dd4545ad79c346fe9666a7 a6d2f78b96a4433b9cd04218abadbfcd - - default default] 199.19.213.23,10.0.0.44 "GET /v2.0/networks?name=public HTTP/1.1" status: 200 len: 928 time: 0.0522516
2026-03-02 22:23:37.888 10 INFO neutron.pecan_wsgi.hooks.translation [None req-a6b18897-7112-43fa-ba3c-272e71b64003 6195e1ae26dd4545ad79c346fe9666a7 a6d2f78b96a4433b9cd04218abadbfcd - - default default] GET failed (client error): The resource could not be found.
2026-03-02 22:23:37.890 10 INFO neutron.wsgi [None req-a6b18897-7112-43fa-ba3c-272e71b64003 6195e1ae26dd4545ad79c346fe9666a7 a6d2f78b96a4433b9cd04218abadbfcd - - default default] 199.19.213.23,10.0.0.44 "GET /v2.0/subnets/public-subnet?network_id=18fd1d39-8d58-4e81-ba70-1091a48a5800 HTTP/1.1" status: 404 len: 295 time: 0.0177844
2026-03-02 22:23:37.933 10 INFO neutron.wsgi [None req-4b840e92-5b9a-4f76-8603-16d579a4a3ee 6195e1ae26dd4545ad79c346fe9666a7 a6d2f78b96a4433b9cd04218abadbfcd - - default default] 199.19.213.23,10.0.0.44 "GET /v2.0/subnets?name=public-subnet&network_id=18fd1d39-8d58-4e81-ba70-1091a48a5800 HTTP/1.1" status: 200 len: 819 time: 0.0397103
2026-03-02 22:23:46.867 10 INFO neutron.wsgi [-] 10.0.0.44 "GET / HTTP/1.1" status: 200 len: 247 time: 0.0023780
2026-03-02 22:23:46.871 10 INFO neutron.wsgi [-] 10.0.0.44 "GET / HTTP/1.1" status: 200 len: 247 time: 0.0020401
2026-03-02 22:23:47.882 9 INFO neutron.wsgi [None req-3be556c7-7e49-4f10-b547-7691e2117aea 6195e1ae26dd4545ad79c346fe9666a7 a6d2f78b96a4433b9cd04218abadbfcd - - default default] 10.0.0.208 "GET /v2.0/routers HTTP/1.1" status: 200 len: 189 time: 0.1349902
2026-03-02 22:23:47.910 9 INFO neutron.wsgi [None req-2431b90f-2865-4715-8362-16993c80eccf 6195e1ae26dd4545ad79c346fe9666a7 a6d2f78b96a4433b9cd04218abadbfcd - - default default] 10.0.0.208 "GET /v2.0/agents?binary=ovn-controller HTTP/1.1" status: 200 len: 591 time: 0.0277610
2026-03-02 22:23:47.927 9 INFO neutron.wsgi [None req-b551f299-2026-4a4a-9d52-98007bb2b726 6195e1ae26dd4545ad79c346fe9666a7 a6d2f78b96a4433b9cd04218abadbfcd - - default default] 10.0.0.208 "GET /v2.0/agents HTTP/1.1" status: 200 len: 1390 time: 0.0161333
2026-03-02 22:23:47.939 9 INFO neutron.wsgi [None req-e9f38047-0270-4886-987c-52388bec96ac 6195e1ae26dd4545ad79c346fe9666a7 a6d2f78b96a4433b9cd04218abadbfcd - - default default] 10.0.0.208 "GET /v2.0/network-ip-availabilities HTTP/1.1" status: 200 len: 1280 time: 0.0104523
2026-03-02 22:23:47.971 9 INFO neutron.wsgi [None req-2fa4eb30-709f-43ea-8e0c-11fb97138018 6195e1ae26dd4545ad79c346fe9666a7 a6d2f78b96a4433b9cd04218abadbfcd - - default default] 10.0.0.208 "GET /v2.0/subnets HTTP/1.1" status: 200 len: 1437 time: 0.0302057
2026-03-02 22:23:47.985 9 INFO neutron.wsgi [None req-94735a61-7c37-4d77-a3a4-776902fd6e93 6195e1ae26dd4545ad79c346fe9666a7 a6d2f78b96a4433b9cd04218abadbfcd - - default default] 10.0.0.208 "GET /v2.0/subnetpools HTTP/1.1" status: 200 len: 193 time: 0.0135112
2026-03-02 22:23:48.012 9 INFO neutron.wsgi [None req-058d454e-bf35-41d7-b926-47fa3c39225b 6195e1ae26dd4545ad79c346fe9666a7 a6d2f78b96a4433b9cd04218abadbfcd - - default default] 10.0.0.208 "GET /v2.0/subnets HTTP/1.1" status: 200 len: 1437 time: 0.0261984
2026-03-02 22:23:48.067 9 INFO neutron.wsgi [None req-ff6f8227-0bb2-488a-b4c2-785a28c05c28 6195e1ae26dd4545ad79c346fe9666a7 a6d2f78b96a4433b9cd04218abadbfcd - - default default] 10.0.0.208 "GET /v2.0/ports HTTP/1.1" status: 200 len: 5351 time: 0.0507517
2026-03-02 22:23:48.093 9 INFO neutron.wsgi [None req-920380fa-d1a1-4a52-a09c-3f696214e52f 6195e1ae26dd4545ad79c346fe9666a7 a6d2f78b96a4433b9cd04218abadbfcd - - default default] 10.0.0.208 "GET /v2.0/floatingips HTTP/1.1" status: 200 len: 193 time: 0.0203466
2026-03-02 22:23:48.177 9 INFO neutron.wsgi [None req-4e6719ad-2f2e-4542-aa1b-833340659d41 6195e1ae26dd4545ad79c346fe9666a7 a6d2f78b96a4433b9cd04218abadbfcd - - default default] 10.0.0.208 "GET /v2.0/networks HTTP/1.1" status: 200 len: 2349 time: 0.0825536
2026-03-02 22:23:48.226 9 INFO neutron.wsgi [None req-c466b508-b4a2-460a-94b0-1f3e65d0e596 6195e1ae26dd4545ad79c346fe9666a7 a6d2f78b96a4433b9cd04218abadbfcd - - default default] 10.0.0.208 "GET /v2.0/security-groups HTTP/1.1" status: 200 len: 17578 time: 0.0481651
2026-03-02 22:24:01.869 9 INFO neutron.wsgi [-] 10.0.0.44 "GET / HTTP/1.1" status: 200 len: 247 time: 0.0020583
2026-03-02 22:24:01.871 9 INFO neutron.wsgi [-] 10.0.0.44 "GET / HTTP/1.1" status: 200 len: 247 time: 0.0012517
2026-03-02 22:24:08.502 10 INFO neutron.pecan_wsgi.hooks.translation [None req-47f88d99-6080-4fce-a928-ff18dababdf9 6195e1ae26dd4545ad79c346fe9666a7 a6d2f78b96a4433b9cd04218abadbfcd - - default default] GET failed (client error): The resource could not be found.
2026-03-02 22:24:08.504 10 INFO neutron.wsgi [None req-47f88d99-6080-4fce-a928-ff18dababdf9 6195e1ae26dd4545ad79c346fe9666a7 a6d2f78b96a4433b9cd04218abadbfcd - - default default] 199.19.213.23,10.0.0.44 "GET /v2.0/networks/lb-mgmt-net HTTP/1.1" status: 404 len: 295 time: 0.0516033
2026-03-02 22:24:08.572 10 INFO neutron.wsgi [None req-edc98c79-4b9e-447e-a814-cfcc3e42074c 6195e1ae26dd4545ad79c346fe9666a7 a6d2f78b96a4433b9cd04218abadbfcd - - default default] 199.19.213.23,10.0.0.44 "GET /v2.0/networks?name=lb-mgmt-net HTTP/1.1" status: 200 len: 913 time: 0.0647523
2026-03-02 22:24:09.491 10 INFO neutron.pecan_wsgi.hooks.translation [None req-034571cb-c117-4f72-b492-e3f38b4a63b7 6195e1ae26dd4545ad79c346fe9666a7 a6d2f78b96a4433b9cd04218abadbfcd - - default default] GET failed (client error): The resource could not be found.
2026-03-02 22:24:09.492 10 INFO neutron.wsgi [None req-034571cb-c117-4f72-b492-e3f38b4a63b7 6195e1ae26dd4545ad79c346fe9666a7 a6d2f78b96a4433b9cd04218abadbfcd - - default default] 199.19.213.23,10.0.0.44 "GET /v2.0/networks/lb-mgmt-net HTTP/1.1" status: 404 len: 295 time: 0.0420175
2026-03-02 22:24:09.598 10 INFO neutron.wsgi [None req-a96af7ef-3ef6-4e45-b09a-92eb4748a7d3 6195e1ae26dd4545ad79c346fe9666a7 a6d2f78b96a4433b9cd04218abadbfcd - - default default] 199.19.213.23,10.0.0.44 "GET /v2.0/networks?name=lb-mgmt-net HTTP/1.1" status: 200 len: 913 time: 0.1028795
2026-03-02 22:24:09.626 10 INFO neutron.pecan_wsgi.hooks.translation [None req-72104925-cf6a-4a1a-9d15-0a13898a3857 6195e1ae26dd4545ad79c346fe9666a7 a6d2f78b96a4433b9cd04218abadbfcd - - default default] GET failed (client error): The resource could not be found.
2026-03-02 22:24:09.628 10 INFO neutron.wsgi [None req-72104925-cf6a-4a1a-9d15-0a13898a3857 6195e1ae26dd4545ad79c346fe9666a7 a6d2f78b96a4433b9cd04218abadbfcd - - default default] 199.19.213.23,10.0.0.44 "GET /v2.0/subnets/lb-mgmt-subnet?network_id=74f5b55b-756e-443b-8296-c0e1028f197f HTTP/1.1" status: 404 len: 296 time: 0.0204566
2026-03-02 22:24:09.661 10 INFO neutron.wsgi [None req-06c346b7-59c0-4377-a8a0-8795bcb662d0 6195e1ae26dd4545ad79c346fe9666a7 a6d2f78b96a4433b9cd04218abadbfcd - - default default] 199.19.213.23,10.0.0.44 "GET /v2.0/subnets?name=lb-mgmt-subnet&network_id=74f5b55b-756e-443b-8296-c0e1028f197f HTTP/1.1" status: 200 len: 805 time: 0.0295365
2026-03-02 22:24:10.660 10 INFO neutron.api.v2.resource [None req-9f2dbae4-7f9e-4239-81ba-e3b941abc6a8 6195e1ae26dd4545ad79c346fe9666a7 a6d2f78b96a4433b9cd04218abadbfcd - - default default] show failed (client error): The resource could not be found.
2026-03-02 22:24:10.662 10 INFO neutron.wsgi [None req-9f2dbae4-7f9e-4239-81ba-e3b941abc6a8 6195e1ae26dd4545ad79c346fe9666a7 a6d2f78b96a4433b9cd04218abadbfcd - - default default] 199.19.213.23,10.0.0.44 "GET /v2.0/security-groups/lb-health-mgr-sec-grp HTTP/1.1" status: 404 len: 313 time: 0.0415559
2026-03-02 22:24:10.704 10 INFO neutron.wsgi [None req-0812d922-67ab-4689-a408-2b841300ec01 6195e1ae26dd4545ad79c346fe9666a7 a6d2f78b96a4433b9cd04218abadbfcd - - default default] 199.19.213.23,10.0.0.44 "GET /v2.0/security-groups?name=lb-health-mgr-sec-grp HTTP/1.1" status: 200 len: 4866 time: 0.0381367
2026-03-02 22:24:11.696 10 INFO neutron.wsgi [None req-a9bf55fd-71b0-475c-bb38-39acbc47d420 6195e1ae26dd4545ad79c346fe9666a7 a6d2f78b96a4433b9cd04218abadbfcd - - default default] 199.19.213.23,10.0.0.44 "GET /v2.0/security-groups/385cee4f-94f0-4c98-9595-2fc5633d2181 HTTP/1.1" status: 200 len: 4870 time: 0.0663223
2026-03-02 22:24:11.741 10 INFO neutron.wsgi [None req-add6ce49-17c9-4266-b71d-1011a8a8da73 6195e1ae26dd4545ad79c346fe9666a7 a6d2f78b96a4433b9cd04218abadbfcd - - default default] 199.19.213.23,10.0.0.44 "GET /v2.0/security-groups/385cee4f-94f0-4c98-9595-2fc5633d2181 HTTP/1.1" status: 200 len: 4870 time: 0.0373480
2026-03-02 22:24:11.765 10 INFO neutron.wsgi [None req-fc4740b1-3ff1-452e-8866-ff29e9d6132b 6195e1ae26dd4545ad79c346fe9666a7 a6d2f78b96a4433b9cd04218abadbfcd - - default default] 199.19.213.23,10.0.0.44 "GET /v2.0/security-group-rules/5c025eb7-1b7e-47fc-ac14-1b6c959bd492 HTTP/1.1" status: 200 len: 776 time: 0.0167594
2026-03-02 22:24:12.620 10 INFO neutron.wsgi [None req-c6be1a32-3c2c-4cd7-9755-0f5974326ee0 6195e1ae26dd4545ad79c346fe9666a7 a6d2f78b96a4433b9cd04218abadbfcd - - default default] 199.19.213.23,10.0.0.44 "GET /v2.0/security-groups/385cee4f-94f0-4c98-9595-2fc5633d2181 HTTP/1.1" status: 200 len: 4870 time: 0.0739529
2026-03-02 22:24:12.667 10 INFO neutron.wsgi [None req-1dfe9be3-2686-413a-945f-ae8b8e32e4e2 6195e1ae26dd4545ad79c346fe9666a7 a6d2f78b96a4433b9cd04218abadbfcd - - default default] 199.19.213.23,10.0.0.44 "GET /v2.0/security-groups/385cee4f-94f0-4c98-9595-2fc5633d2181 HTTP/1.1" status: 200 len: 4870 time: 0.0382550
2026-03-02 22:24:12.692 10 INFO neutron.wsgi [None req-0b1a008c-e665-4906-8103-bb21be98d26c 6195e1ae26dd4545ad79c346fe9666a7 a6d2f78b96a4433b9cd04218abadbfcd - - default default] 199.19.213.23,10.0.0.44 "GET /v2.0/security-group-rules/43ef7c0e-83c6-48cc-9828-7dbc6c746a14 HTTP/1.1" status: 200 len: 778 time: 0.0169945
2026-03-02 22:24:13.516 10 INFO neutron.wsgi [None req-61fe03bb-55d2-419c-a5a0-4c949a1e2dda 6195e1ae26dd4545ad79c346fe9666a7 a6d2f78b96a4433b9cd04218abadbfcd - - default default] 199.19.213.23,10.0.0.44 "GET /v2.0/security-groups/385cee4f-94f0-4c98-9595-2fc5633d2181 HTTP/1.1" status: 200 len: 4870 time: 0.0664673
2026-03-02 22:24:13.561 10 INFO neutron.wsgi [None req-b3146e05-881f-43d9-8c0a-fcd50991b1eb 6195e1ae26dd4545ad79c346fe9666a7 a6d2f78b96a4433b9cd04218abadbfcd - - default default] 199.19.213.23,10.0.0.44 "GET /v2.0/security-groups/385cee4f-94f0-4c98-9595-2fc5633d2181 HTTP/1.1" status: 200 len: 4870 time: 0.0375242
2026-03-02 22:24:13.583 10 INFO neutron.wsgi [None req-04e7cd96-066d-4706-aeb2-fae0857d3c99 6195e1ae26dd4545ad79c346fe9666a7 a6d2f78b96a4433b9cd04218abadbfcd - - default default] 199.19.213.23,10.0.0.44 "GET /v2.0/security-group-rules/2c7707fa-b656-4204-8488-d114628c2100 HTTP/1.1" status: 200 len: 778 time: 0.0158074
2026-03-02 22:24:14.454 10 INFO neutron.wsgi [None req-ffefc734-c638-4ed2-9289-2f25b74c137a 6195e1ae26dd4545ad79c346fe9666a7 a6d2f78b96a4433b9cd04218abadbfcd - - default default] 199.19.213.23,10.0.0.44 "GET /v2.0/security-groups/385cee4f-94f0-4c98-9595-2fc5633d2181 HTTP/1.1" status: 200 len: 4870 time: 0.0719903
2026-03-02 22:24:14.490 10 INFO neutron.wsgi [None req-bc557d54-c3f0-442e-9c91-22793537a327 6195e1ae26dd4545ad79c346fe9666a7 a6d2f78b96a4433b9cd04218abadbfcd - - default default] 199.19.213.23,10.0.0.44 "GET /v2.0/security-groups/385cee4f-94f0-4c98-9595-2fc5633d2181 HTTP/1.1" status: 200 len: 4870 time: 0.0294106
2026-03-02 22:24:14.510 10 INFO neutron.wsgi [None req-0871dd17-243a-4f34-95cc-ec367734acdb 6195e1ae26dd4545ad79c346fe9666a7 a6d2f78b96a4433b9cd04218abadbfcd - - default default] 199.19.213.23,10.0.0.44 "GET /v2.0/security-group-rules/072f9c3f-b6f6-40a3-bb21-a3792e8dc4d2 HTTP/1.1" status: 200 len: 778 time: 0.0156560
2026-03-02 22:24:15.356 10 INFO neutron.wsgi [None req-6b293660-776d-48d9-acbb-8298171ecdc3 6195e1ae26dd4545ad79c346fe9666a7 a6d2f78b96a4433b9cd04218abadbfcd - - default default] 199.19.213.23,10.0.0.44 "GET /v2.0/security-groups/385cee4f-94f0-4c98-9595-2fc5633d2181 HTTP/1.1" status: 200 len: 4870 time: 0.0695119
2026-03-02 22:24:15.400 10 INFO neutron.wsgi [None req-2f7c99bc-d186-45a1-ac5d-f52b421ad4c1 6195e1ae26dd4545ad79c346fe9666a7 a6d2f78b96a4433b9cd04218abadbfcd - - default default] 199.19.213.23,10.0.0.44 "GET /v2.0/security-groups/385cee4f-94f0-4c98-9595-2fc5633d2181 HTTP/1.1" status: 200 len: 4870 time: 0.0372133
2026-03-02 22:24:15.425 10 INFO neutron.wsgi [None req-d567d757-03d9-4cd7-9fb2-5aea3bfddd3e 6195e1ae26dd4545ad79c346fe9666a7 a6d2f78b96a4433b9cd04218abadbfcd - - default default] 199.19.213.23,10.0.0.44 "GET /v2.0/security-group-rules/35cef5fb-3cb6-4941-8524-d0fd221f7cf5 HTTP/1.1" status: 200 len: 778 time: 0.0182681
2026-03-02 22:24:16.527 10 INFO neutron.wsgi [None req-09afdf2e-e007-4871-8e4c-bc81037393d6 6195e1ae26dd4545ad79c346fe9666a7 a6d2f78b96a4433b9cd04218abadbfcd - - default default] 199.19.213.23,10.0.0.44 "GET /v2.0/networks/74f5b55b-756e-443b-8296-c0e1028f197f HTTP/1.1" status: 200 len: 910 time: 0.0905073
2026-03-02 22:24:16.551 10 INFO neutron.pecan_wsgi.hooks.translation [None req-41ce1c46-b6f3-4dc0-b4db-cd2ae083c8f5 6195e1ae26dd4545ad79c346fe9666a7 a6d2f78b96a4433b9cd04218abadbfcd - - default default] GET failed (client error): The resource could not be found.
2026-03-02 22:24:16.553 10 INFO neutron.wsgi [None req-41ce1c46-b6f3-4dc0-b4db-cd2ae083c8f5 6195e1ae26dd4545ad79c346fe9666a7 a6d2f78b96a4433b9cd04218abadbfcd - - default default] 199.19.213.23,10.0.0.44 "GET /v2.0/ports/octavia-health-manager-port-instance?network_id=74f5b55b-756e-443b-8296-c0e1028f197f HTTP/1.1" status: 404 len: 314 time: 0.0201805
2026-03-02 22:24:16.613 10 INFO neutron.wsgi [None req-ad4090dd-02f4-46d1-b426-b58be314fb94 6195e1ae26dd4545ad79c346fe9666a7 a6d2f78b96a4433b9cd04218abadbfcd - - default default] 199.19.213.23,10.0.0.44 "GET /v2.0/ports?name=octavia-health-manager-port-instance&network_id=74f5b55b-756e-443b-8296-c0e1028f197f HTTP/1.1" status: 200 len: 1399 time: 0.0564475
2026-03-02 22:24:16.647 10 INFO neutron.wsgi [None req-537bb057-e338-416e-a741-b5810dd5ee85 6195e1ae26dd4545ad79c346fe9666a7 a6d2f78b96a4433b9cd04218abadbfcd - - default default] 199.19.213.23,10.0.0.44 "GET /v2.0/security-groups/385cee4f-94f0-4c98-9595-2fc5633d2181 HTTP/1.1" status: 200 len: 4870 time: 0.0272129
2026-03-02 22:24:16.867 9 INFO neutron.wsgi [-] 10.0.0.44 "GET / HTTP/1.1" status: 200 len: 247 time: 0.0024500
2026-03-02 22:24:16.868 10 INFO neutron.wsgi [-] 10.0.0.44 "GET / HTTP/1.1" status: 200 len: 247 time: 0.0031071
2026-03-02 22:24:22.699 10 INFO neutron.pecan_wsgi.hooks.translation [None req-98a744fe-69d5-4209-8e1d-3983c7ef9e22 6195e1ae26dd4545ad79c346fe9666a7 a6d2f78b96a4433b9cd04218abadbfcd - - default default] GET failed (client error): The resource could not be found.
2026-03-02 22:24:22.701 10 INFO neutron.wsgi [None req-98a744fe-69d5-4209-8e1d-3983c7ef9e22 6195e1ae26dd4545ad79c346fe9666a7 a6d2f78b96a4433b9cd04218abadbfcd - - default default] 199.19.213.23,10.0.0.44 "GET /v2.0/ports/octavia-health-manager-port-instance HTTP/1.1" status: 404 len: 314 time: 0.0555630
2026-03-02 22:24:22.739 10 INFO neutron.wsgi [None req-384db957-628a-4ac7-a449-efe80b4b7d5b 6195e1ae26dd4545ad79c346fe9666a7 a6d2f78b96a4433b9cd04218abadbfcd - - default default] 199.19.213.23,10.0.0.44 "GET /v2.0/ports?name=octavia-health-manager-port-instance HTTP/1.1" status: 200 len: 1399 time: 0.0345886
2026-03-02 22:24:24.371 10 INFO neutron.wsgi [None req-3d4bf53a-3a0c-4e78-bcc9-7a1183fc2dca 6195e1ae26dd4545ad79c346fe9666a7 a6d2f78b96a4433b9cd04218abadbfcd - - default default] 199.19.213.23,10.0.0.44 "GET /v2.0/ports HTTP/1.1" status: 200 len: 5351 time: 0.1091583
2026-03-02 22:24:25.415 10 INFO neutron.api.v2.resource [None req-131058f5-b455-40f7-8a24-c8904df57eb6 6195e1ae26dd4545ad79c346fe9666a7 a6d2f78b96a4433b9cd04218abadbfcd - - default default] show failed (client error): The resource could not be found.
2026-03-02 22:24:25.416 10 INFO neutron.wsgi [None req-131058f5-b455-40f7-8a24-c8904df57eb6 6195e1ae26dd4545ad79c346fe9666a7 a6d2f78b96a4433b9cd04218abadbfcd - - default default] 199.19.213.23,10.0.0.44 "GET /v2.0/security-groups/lb-mgmt-sec-grp HTTP/1.1" status: 404 len: 307 time: 0.0463336
2026-03-02 22:24:25.454 10 INFO neutron.wsgi [None req-d9c92a86-c4b3-4eb0-9242-7ebc15a6dbf2 6195e1ae26dd4545ad79c346fe9666a7 a6d2f78b96a4433b9cd04218abadbfcd - - default default] 199.19.213.23,10.0.0.44 "GET /v2.0/security-groups?name=lb-mgmt-sec-grp HTTP/1.1" status: 200 len: 3061 time: 0.0345516
2026-03-02 22:24:26.371 10 INFO neutron.wsgi [None req-c10794f7-4f67-42ac-af72-cc58bc4b5d27 6195e1ae26dd4545ad79c346fe9666a7 a6d2f78b96a4433b9cd04218abadbfcd - - default default] 199.19.213.23,10.0.0.44 "GET /v2.0/security-groups/fd55f3e2-d866-4676-b008-f47328ff8fcb HTTP/1.1" status: 200 len: 3062 time: 0.0621130
2026-03-02 22:24:26.410 10 INFO neutron.wsgi [None req-f6a56458-ff38-40e7-95fa-b146e47512ee 6195e1ae26dd4545ad79c346fe9666a7 a6d2f78b96a4433b9cd04218abadbfcd - - default default] 199.19.213.23,10.0.0.44 "GET /v2.0/security-groups/fd55f3e2-d866-4676-b008-f47328ff8fcb HTTP/1.1" status: 200 len: 3062 time: 0.0298257
2026-03-02 22:24:26.432 10 INFO neutron.wsgi [None req-645210e9-42ae-41f4-a8a8-74368625ac0e 6195e1ae26dd4545ad79c346fe9666a7 a6d2f78b96a4433b9cd04218abadbfcd - - default default] 199.19.213.23,10.0.0.44 "GET /v2.0/security-group-rules/ce7dce68-68a3-41b7-8791-1b8b0f80b820 HTTP/1.1" status: 200 len: 798 time: 0.0148587
2026-03-02 22:24:27.315 10 INFO neutron.wsgi [None req-57f64c62-6e36-458c-9fbb-945c22c5e1ae 6195e1ae26dd4545ad79c346fe9666a7 a6d2f78b96a4433b9cd04218abadbfcd - - default default] 199.19.213.23,10.0.0.44 "GET /v2.0/security-groups/fd55f3e2-d866-4676-b008-f47328ff8fcb HTTP/1.1" status: 200 len: 3062 time: 0.0649629
2026-03-02 22:24:27.345 10 INFO neutron.wsgi [None req-edcf36e0-1b88-4486-93e7-170ae3b0f049 6195e1ae26dd4545ad79c346fe9666a7 a6d2f78b96a4433b9cd04218abadbfcd - - default default] 199.19.213.23,10.0.0.44 "GET /v2.0/security-groups/fd55f3e2-d866-4676-b008-f47328ff8fcb HTTP/1.1" status: 200 len: 3062 time: 0.0247607
2026-03-02 22:24:27.365 10 INFO neutron.wsgi [None req-8ed758e7-a0f5-4f52-a785-dfe8eaa82fff 6195e1ae26dd4545ad79c346fe9666a7 a6d2f78b96a4433b9cd04218abadbfcd - - default default] 199.19.213.23,10.0.0.44 "GET /v2.0/security-group-rules/ff97f699-d1b8-4cae-a75a-0062f4b43654 HTTP/1.1" status: 200 len: 802 time: 0.0130212
2026-03-02 22:24:31.869 9 INFO neutron.wsgi [-] 10.0.0.44 "GET / HTTP/1.1" status: 200 len: 247 time: 0.0022466
2026-03-02 22:24:31.871 9 INFO neutron.wsgi [-] 10.0.0.44 "GET / HTTP/1.1" status: 200 len: 247 time: 0.0016351
2026-03-02 22:24:38.295 10 INFO neutron.wsgi [None req-c198f393-87c9-4682-a0c1-e86f4336f50f 6195e1ae26dd4545ad79c346fe9666a7 a6d2f78b96a4433b9cd04218abadbfcd - - default default] 199.19.213.23,10.0.0.44 "GET /v2.0/quotas/a6d2f78b96a4433b9cd04218abadbfcd HTTP/1.1" status: 200 len: 466 time: 0.0184088
2026-03-02 22:24:46.868 9 INFO neutron.wsgi [-] 10.0.0.44 "GET / HTTP/1.1" status: 200 len: 247 time: 0.0031059
2026-03-02 22:24:46.871 9 INFO neutron.wsgi [-] 10.0.0.44 "GET / HTTP/1.1" status: 200 len: 247 time: 0.0019944
2026-03-02 22:24:47.875 9 INFO neutron.wsgi [None req-d08b9957-8bfd-43fb-b2bb-50b72d345606 6195e1ae26dd4545ad79c346fe9666a7 a6d2f78b96a4433b9cd04218abadbfcd - - default default] 10.0.0.208 "GET /v2.0/security-groups HTTP/1.1" status: 200 len: 17578 time: 0.1066689
2026-03-02 22:24:47.919 9 INFO neutron.wsgi [None req-bd3f0489-4ee7-4035-a5f3-6a78af3273f3 6195e1ae26dd4545ad79c346fe9666a7 a6d2f78b96a4433b9cd04218abadbfcd - - default default] 10.0.0.208 "GET /v2.0/network-ip-availabilities HTTP/1.1" status: 200 len: 1280 time: 0.0247819
2026-03-02 22:24:47.939 9 INFO neutron.wsgi [None req-29835550-bc71-4d84-bef7-eb8a08d80781 6195e1ae26dd4545ad79c346fe9666a7 a6d2f78b96a4433b9cd04218abadbfcd - - default default] 10.0.0.208 "GET /v2.0/floatingips HTTP/1.1" status: 200 len: 193 time: 0.0191760
2026-03-02 22:24:47.981 9 INFO neutron.wsgi [None req-95102a4c-8172-4e67-bf59-27d1beeaac9c 6195e1ae26dd4545ad79c346fe9666a7 a6d2f78b96a4433b9cd04218abadbfcd - - default default] 10.0.0.208 "GET /v2.0/ports HTTP/1.1" status: 200 len: 5351 time: 0.0412693
2026-03-02 22:24:48.004 9 INFO neutron.wsgi [None req-b87584db-7c64-4258-bdff-5744de139fba 6195e1ae26dd4545ad79c346fe9666a7 a6d2f78b96a4433b9cd04218abadbfcd - - default default] 10.0.0.208 "GET /v2.0/routers HTTP/1.1" status: 200 len: 189 time: 0.0208857
2026-03-02 22:24:48.047 9 INFO neutron.wsgi [None req-d0958812-bd6d-41f8-9fd6-facc7ff29139 6195e1ae26dd4545ad79c346fe9666a7 a6d2f78b96a4433b9cd04218abadbfcd - - default default] 10.0.0.208 "GET /v2.0/agents?binary=ovn-controller HTTP/1.1" status: 200 len: 591 time: 0.0401478
2026-03-02 22:24:48.078 9 INFO neutron.wsgi [None req-59201959-559a-4cb7-b59a-4cf90e49bffc 6195e1ae26dd4545ad79c346fe9666a7 a6d2f78b96a4433b9cd04218abadbfcd - - default default] 10.0.0.208 "GET /v2.0/subnets HTTP/1.1" status: 200 len: 1437 time: 0.0306501
2026-03-02 22:24:48.093 9 INFO neutron.wsgi [None req-040c1a98-cb29-4b29-815a-2e06df608b6b 6195e1ae26dd4545ad79c346fe9666a7 a6d2f78b96a4433b9cd04218abadbfcd - - default default] 10.0.0.208 "GET /v2.0/agents HTTP/1.1" status: 200 len: 1390 time: 0.0138459
2026-03-02 22:24:48.164 9 INFO neutron.wsgi [None req-9f52f952-cae5-47d9-9a92-9c5eb03fde80 6195e1ae26dd4545ad79c346fe9666a7 a6d2f78b96a4433b9cd04218abadbfcd - - default default] 10.0.0.208 "GET /v2.0/networks HTTP/1.1" status: 200 len: 2349 time: 0.0699270
2026-03-02 22:24:48.206 9 INFO neutron.wsgi [None req-71781d16-11f1-4d0f-a5ef-ce5d936dd26d 6195e1ae26dd4545ad79c346fe9666a7 a6d2f78b96a4433b9cd04218abadbfcd - - default default] 10.0.0.208 "GET /v2.0/subnets HTTP/1.1" status: 200 len: 1437 time: 0.0390930
2026-03-02 22:24:48.216 9 INFO neutron.wsgi [None req-d2adb4af-00e2-4c76-abad-adfe30d002b4 6195e1ae26dd4545ad79c346fe9666a7 a6d2f78b96a4433b9cd04218abadbfcd - - default default] 10.0.0.208 "GET /v2.0/subnetpools HTTP/1.1" status: 200 len: 193 time: 0.0085602
2026-03-02 22:25:01.867 9 INFO neutron.wsgi [-] 10.0.0.44 "GET / HTTP/1.1" status: 200 len: 247 time: 0.0017538
2026-03-02 22:25:01.868 10 INFO neutron.wsgi [-] 10.0.0.44 "GET / HTTP/1.1" status: 200 len: 247 time: 0.0027158
2026-03-02 22:25:16.867 9 INFO neutron.wsgi [-] 10.0.0.44 "GET / HTTP/1.1" status: 200 len: 247 time: 0.0022931
2026-03-02 22:25:16.869 10 INFO neutron.wsgi [-] 10.0.0.44 "GET / HTTP/1.1" status: 200 len: 247 time: 0.0034156
2026-03-02 22:25:24.965 10 INFO neutron.api.v2.resource [None req-81fbb696-9331-4252-8a06-5b0f4f8da6b8 6195e1ae26dd4545ad79c346fe9666a7 a6d2f78b96a4433b9cd04218abadbfcd - - default default] show failed (client error): The resource could not be found.
2026-03-02 22:25:24.966 10 INFO neutron.wsgi [None req-81fbb696-9331-4252-8a06-5b0f4f8da6b8 6195e1ae26dd4545ad79c346fe9666a7 a6d2f78b96a4433b9cd04218abadbfcd - - default default] 199.19.213.23,10.0.0.44 "GET /v2.0/security-groups/manila-service-security-group?project_id=0a749a959f714a51bd52649e2ab05997 HTTP/1.1" status: 404 len: 321 time: 0.0456228
2026-03-02 22:25:25.008 10 INFO neutron.wsgi [None req-771a0450-66bd-4f5a-bb57-c4a42f716796 6195e1ae26dd4545ad79c346fe9666a7 a6d2f78b96a4433b9cd04218abadbfcd - - default default] 199.19.213.23,10.0.0.44 "GET /v2.0/security-groups?name=manila-service-security-group&project_id=0a749a959f714a51bd52649e2ab05997 HTTP/1.1" status: 200 len: 4248 time: 0.0399251
2026-03-02 22:25:25.954 10 INFO neutron.wsgi [None req-7f04884f-924d-453f-8694-b32c16a57eff 6195e1ae26dd4545ad79c346fe9666a7 a6d2f78b96a4433b9cd04218abadbfcd - - default default] 199.19.213.23,10.0.0.44 "GET /v2.0/security-groups/31578477-116f-426a-88fa-47dcec9b0ecc?project_id=0a749a959f714a51bd52649e2ab05997 HTTP/1.1" status: 200 len: 4251 time: 0.0715392
2026-03-02 22:25:25.994 10 INFO neutron.wsgi [None req-59000e2d-9ed7-46e8-9bc6-34f5972c9dbc 6195e1ae26dd4545ad79c346fe9666a7 a6d2f78b96a4433b9cd04218abadbfcd - - default default] 199.19.213.23,10.0.0.44 "GET /v2.0/security-groups/31578477-116f-426a-88fa-47dcec9b0ecc HTTP/1.1" status: 200 len: 4251 time: 0.0353870
2026-03-02 22:25:26.016 10 INFO neutron.wsgi [None req-a6e1ac3d-6378-4e9a-9c36-fe83fae5899e 6195e1ae26dd4545ad79c346fe9666a7 a6d2f78b96a4433b9cd04218abadbfcd - - default default] 199.19.213.23,10.0.0.44 "GET /v2.0/security-group-rules/b3ea1c86-321d-4fe1-9089-8f10fee69b88 HTTP/1.1" status: 200 len: 772 time: 0.0156419
2026-03-02 22:25:26.905 10 INFO neutron.wsgi [None req-1361c2dc-37cd-4b03-9bab-d010484b0e1a 6195e1ae26dd4545ad79c346fe9666a7 a6d2f78b96a4433b9cd04218abadbfcd - - default default] 199.19.213.23,10.0.0.44 "GET /v2.0/security-groups/31578477-116f-426a-88fa-47dcec9b0ecc?project_id=0a749a959f714a51bd52649e2ab05997 HTTP/1.1" status: 200 len: 4251 time: 0.0599740
2026-03-02 22:25:26.943 10 INFO neutron.wsgi [None req-186774ea-8049-4e02-97f9-9337ff7e5c90 6195e1ae26dd4545ad79c346fe9666a7 a6d2f78b96a4433b9cd04218abadbfcd - - default default] 199.19.213.23,10.0.0.44 "GET /v2.0/security-groups/31578477-116f-426a-88fa-47dcec9b0ecc HTTP/1.1" status: 200 len: 4251 time: 0.0321474
2026-03-02 22:25:26.967 10 INFO neutron.wsgi [None req-714491d6-9783-4c2a-aab3-9755760f2434 6195e1ae26dd4545ad79c346fe9666a7 a6d2f78b96a4433b9cd04218abadbfcd - - default default] 199.19.213.23,10.0.0.44 "GET /v2.0/security-group-rules/009bc43f-2018-4e83-b527-397dab190fe7 HTTP/1.1" status: 200 len: 774 time: 0.0173814
2026-03-02 22:25:27.867 10 INFO neutron.wsgi [None req-31b0f285-cb29-40fd-bd93-5551830a2657 6195e1ae26dd4545ad79c346fe9666a7 a6d2f78b96a4433b9cd04218abadbfcd - - default default] 199.19.213.23,10.0.0.44 "GET /v2.0/security-groups/31578477-116f-426a-88fa-47dcec9b0ecc?project_id=0a749a959f714a51bd52649e2ab05997 HTTP/1.1" status: 200 len: 4251 time: 0.0666773
2026-03-02 22:25:27.913 10 INFO neutron.wsgi [None req-b4907c2b-4331-49f7-9170-5259fb00a158 6195e1ae26dd4545ad79c346fe9666a7 a6d2f78b96a4433b9cd04218abadbfcd - - default default] 199.19.213.23,10.0.0.44 "GET /v2.0/security-groups/31578477-116f-426a-88fa-47dcec9b0ecc HTTP/1.1" status: 200 len: 4251 time: 0.0384011
2026-03-02 22:25:27.940 10 INFO neutron.wsgi [None req-47459e9c-4c18-4e22-99cf-04f6cf5eb36b 6195e1ae26dd4545ad79c346fe9666a7 a6d2f78b96a4433b9cd04218abadbfcd - - default default] 199.19.213.23,10.0.0.44 "GET /v2.0/security-group-rules/77aceefb-e707-4159-a47b-8b4e3bf43a93 HTTP/1.1" status: 200 len: 776 time: 0.0178216
2026-03-02 22:25:28.927 10 INFO neutron.wsgi [None req-6380a51c-5177-4792-bf47-e4f3f9676d12 6195e1ae26dd4545ad79c346fe9666a7 a6d2f78b96a4433b9cd04218abadbfcd - - default default] 199.19.213.23,10.0.0.44 "GET /v2.0/security-groups/31578477-116f-426a-88fa-47dcec9b0ecc?project_id=0a749a959f714a51bd52649e2ab05997 HTTP/1.1" status: 200 len: 4251 time: 0.0622435
2026-03-02 22:25:28.963 10 INFO neutron.wsgi [None req-88ad28d0-1a56-4aff-b94d-a2c1577a3e06 6195e1ae26dd4545ad79c346fe9666a7 a6d2f78b96a4433b9cd04218abadbfcd - - default default] 199.19.213.23,10.0.0.44 "GET /v2.0/security-groups/31578477-116f-426a-88fa-47dcec9b0ecc HTTP/1.1" status: 200 len: 4251 time: 0.0287428
2026-03-02 22:25:28.983 10 INFO neutron.wsgi [None req-b7b7386c-d449-426f-86a7-51d56027102f 6195e1ae26dd4545ad79c346fe9666a7 a6d2f78b96a4433b9cd04218abadbfcd - - default default] 199.19.213.23,10.0.0.44 "GET /v2.0/security-group-rules/62e59906-4f06-4475-8e2b-2c37bfed059c HTTP/1.1" status: 200 len: 777 time: 0.0148172
2026-03-02 22:25:31.867 9 INFO neutron.wsgi [-] 10.0.0.44 "GET / HTTP/1.1" status: 200 len: 247 time: 0.0017438
2026-03-02 22:25:31.868 10 INFO neutron.wsgi [-] 10.0.0.44 "GET / HTTP/1.1" status: 200 len: 247 time: 0.0027928
2026-03-02 22:25:35.542 9 INFO neutron.wsgi [None req-49d2e193-58a1-4b4e-be33-1c7d8e107891 6195e1ae26dd4545ad79c346fe9666a7 a6d2f78b96a4433b9cd04218abadbfcd - - default default] 199.19.213.23,10.0.0.44 "GET /v2.0/quotas/0a749a959f714a51bd52649e2ab05997 HTTP/1.1" status: 200 len: 466 time: 0.0102437
2026-03-02 22:25:46.868 10 INFO neutron.wsgi [-] 10.0.0.44 "GET / HTTP/1.1" status: 200 len: 247 time: 0.0027134
2026-03-02 22:25:46.868 9 INFO neutron.wsgi [-] 10.0.0.44 "GET / HTTP/1.1" status: 200 len: 247 time: 0.0027368
2026-03-02 22:25:47.762 9 INFO neutron.wsgi [None req-cc3f0682-d823-4036-adee-63698bec3853 6195e1ae26dd4545ad79c346fe9666a7 a6d2f78b96a4433b9cd04218abadbfcd - - default default] 10.0.0.208 "GET /v2.0/network-ip-availabilities HTTP/1.1" status: 200 len: 1280 time: 0.1038105
2026-03-02 22:25:47.794 9 INFO neutron.wsgi [None req-4a62c316-6874-4f69-a6c0-cbfa5ffff615 6195e1ae26dd4545ad79c346fe9666a7 a6d2f78b96a4433b9cd04218abadbfcd - - default default] 10.0.0.208 "GET /v2.0/floatingips HTTP/1.1" status: 200 len: 193 time: 0.0278201
2026-03-02 22:25:47.851 9 INFO neutron.wsgi [None req-16a255f8-723c-4c15-8e87-58c2873493db 6195e1ae26dd4545ad79c346fe9666a7 a6d2f78b96a4433b9cd04218abadbfcd - - default default] 10.0.0.208 "GET /v2.0/security-groups HTTP/1.1" status: 200 len: 17578 time: 0.0568378
2026-03-02 22:25:47.885 9 INFO neutron.wsgi [None req-ebb1bf21-2d5e-473e-9a0f-1ab4d0a82104 6195e1ae26dd4545ad79c346fe9666a7 a6d2f78b96a4433b9cd04218abadbfcd - - default default] 10.0.0.208 "GET /v2.0/subnets HTTP/1.1" status: 200 len: 1437 time: 0.0298102
2026-03-02 22:25:47.898 9 INFO neutron.wsgi [None req-351334c3-0276-41fa-b192-5db2d4cfcd2f 6195e1ae26dd4545ad79c346fe9666a7 a6d2f78b96a4433b9cd04218abadbfcd - - default default] 10.0.0.208 "GET /v2.0/subnetpools HTTP/1.1" status: 200 len: 193 time: 0.0110312
2026-03-02 22:25:47.922 9 INFO neutron.wsgi [None req-72c84cbf-d09a-4340-992f-33e64dbb049d 6195e1ae26dd4545ad79c346fe9666a7 a6d2f78b96a4433b9cd04218abadbfcd - - default default] 10.0.0.208 "GET /v2.0/routers HTTP/1.1" status: 200 len: 189 time: 0.0228062
2026-03-02 22:25:47.963 9 INFO neutron.wsgi [None req-411d357d-e1e4-4320-8403-33fdb590ba64 6195e1ae26dd4545ad79c346fe9666a7 a6d2f78b96a4433b9cd04218abadbfcd - - default default] 10.0.0.208 "GET /v2.0/agents?binary=ovn-controller HTTP/1.1" status: 200 len: 591 time: 0.0401728
2026-03-02 22:25:48.022 9 INFO neutron.wsgi [None req-73b8b911-ff5b-453c-a690-0a8a5ece8bbc 6195e1ae26dd4545ad79c346fe9666a7 a6d2f78b96a4433b9cd04218abadbfcd - - default default] 10.0.0.208 "GET /v2.0/ports HTTP/1.1" status: 200 len: 5351 time: 0.0576987
2026-03-02 22:25:48.041 9 INFO neutron.wsgi [None req-5ffc654f-2bd0-4ed4-8904-f087ab9fb201 6195e1ae26dd4545ad79c346fe9666a7 a6d2f78b96a4433b9cd04218abadbfcd - - default default] 10.0.0.208 "GET /v2.0/agents HTTP/1.1" status: 200 len: 1390 time: 0.0159237
2026-03-02 22:25:48.100 9 INFO neutron.wsgi [None req-a3697acd-fd2c-4923-a01f-7066bab1dcf0 6195e1ae26dd4545ad79c346fe9666a7 a6d2f78b96a4433b9cd04218abadbfcd - - default default] 10.0.0.208 "GET /v2.0/networks HTTP/1.1" status: 200 len: 2349 time: 0.0577154
2026-03-02 22:25:48.152 9 INFO neutron.wsgi [None req-dcd8db8a-614f-48e5-8386-cab7aeae16a9 6195e1ae26dd4545ad79c346fe9666a7 a6d2f78b96a4433b9cd04218abadbfcd - - default default] 10.0.0.208 "GET /v2.0/subnets HTTP/1.1" status: 200 len: 1437 time: 0.0502272
2026-03-02 22:26:01.868 9 INFO neutron.wsgi [-] 10.0.0.44 "GET / HTTP/1.1" status: 200 len: 247 time: 0.0027280
2026-03-02 22:26:01.869 10 INFO neutron.wsgi [-] 10.0.0.44 "GET / HTTP/1.1" status: 200 len: 247 time: 0.0033333
2026-03-02 22:26:16.867 9 INFO neutron.wsgi [-] 10.0.0.44 "GET / HTTP/1.1" status: 200 len: 247 time: 0.0025604
2026-03-02 22:26:16.868 10 INFO neutron.wsgi [-] 10.0.0.44 "GET / HTTP/1.1" status: 200 len: 247 time: 0.0028136
2026-03-02 22:26:17.438 9 INFO neutron.wsgi [None req-4dd8658e-cb5c-4f63-9235-9c6f2c940021 6195e1ae26dd4545ad79c346fe9666a7 a6d2f78b96a4433b9cd04218abadbfcd - - default default] 199.19.213.23,10.0.0.44 "GET /v2.0/networks?name=public HTTP/1.1" status: 200 len: 928 time: 0.1222954
2026-03-02 22:26:31.866 10 INFO neutron.wsgi [-] 10.0.0.44 "GET / HTTP/1.1" status: 200 len: 247 time: 0.0013165
2026-03-02 22:26:31.867 9 INFO neutron.wsgi [-] 10.0.0.44 "GET / HTTP/1.1" status: 200 len: 247 time: 0.0024023
2026-03-02 22:26:46.867 10 INFO neutron.wsgi [-] 10.0.0.44 "GET / HTTP/1.1" status: 200 len: 247 time: 0.0016761
2026-03-02 22:26:46.869 10 INFO neutron.wsgi [-] 10.0.0.44 "GET / HTTP/1.1" status: 200 len: 247 time: 0.0012822
2026-03-02 22:26:47.986 9 INFO neutron.wsgi [None req-394e8001-515f-4bc0-a3a9-bc29eab64e6a 6195e1ae26dd4545ad79c346fe9666a7 a6d2f78b96a4433b9cd04218abadbfcd - - default default] 10.0.0.208 "GET /v2.0/network-ip-availabilities HTTP/1.1" status: 200 len: 1280 time: 0.2045133
2026-03-02 22:26:48.064 9 INFO neutron.wsgi [None req-35389b55-6359-444a-af4b-d6da6ebc83a0 6195e1ae26dd4545ad79c346fe9666a7 a6d2f78b96a4433b9cd04218abadbfcd - - default default] 10.0.0.208 "GET /v2.0/networks HTTP/1.1" status: 200 len: 2349 time: 0.0766163
2026-03-02 22:26:48.110 9 INFO neutron.wsgi [None req-1e18b0b5-f73d-457f-a1de-9f80d5d6c06e 6195e1ae26dd4545ad79c346fe9666a7 a6d2f78b96a4433b9cd04218abadbfcd - - default default] 10.0.0.208 "GET /v2.0/subnets HTTP/1.1" status: 200 len: 1437 time: 0.0438395
2026-03-02 22:26:48.140 9 INFO neutron.wsgi [None req-d58779fc-87b4-4bbc-b21c-4b64ed9552ec 6195e1ae26dd4545ad79c346fe9666a7 a6d2f78b96a4433b9cd04218abadbfcd - - default default] 10.0.0.208 "GET /v2.0/subnets HTTP/1.1" status: 200 len: 1437 time: 0.0293612
2026-03-02 22:26:48.155 9 INFO neutron.wsgi [None req-69acc698-186d-4465-ae0e-f14c16871ce7 6195e1ae26dd4545ad79c346fe9666a7 a6d2f78b96a4433b9cd04218abadbfcd - - default default] 10.0.0.208 "GET /v2.0/subnetpools HTTP/1.1" status: 200 len: 193 time: 0.0136926
2026-03-02 22:26:48.221 9 INFO neutron.wsgi [None req-0d6b4bb9-b965-4e8b-a2cd-1bea33e74363 6195e1ae26dd4545ad79c346fe9666a7 a6d2f78b96a4433b9cd04218abadbfcd - - default default] 10.0.0.208 "GET /v2.0/security-groups HTTP/1.1" status: 200 len: 17578 time: 0.0651233
2026-03-02 22:26:48.270 9 INFO neutron.wsgi [None req-78ddc6e6-ce56-443a-9070-068c8b762d25 6195e1ae26dd4545ad79c346fe9666a7 a6d2f78b96a4433b9cd04218abadbfcd - - default default] 10.0.0.208 "GET /v2.0/ports HTTP/1.1" status: 200 len: 5351 time: 0.0442519
2026-03-02 22:26:48.295 9 INFO neutron.wsgi [None req-7379a80c-fc76-4879-baec-45d69f2195bb 6195e1ae26dd4545ad79c346fe9666a7 a6d2f78b96a4433b9cd04218abadbfcd - - default default] 10.0.0.208 "GET /v2.0/floatingips HTTP/1.1" status: 200 len: 193 time: 0.0222654
2026-03-02 22:26:48.326 9 INFO neutron.wsgi [None req-e52babf4-494d-4765-996e-01b3c0835de8 6195e1ae26dd4545ad79c346fe9666a7 a6d2f78b96a4433b9cd04218abadbfcd - - default default] 10.0.0.208 "GET /v2.0/agents HTTP/1.1" status: 200 len: 1390 time: 0.0293474
2026-03-02 22:26:48.349 9 INFO neutron.wsgi [None req-29fffc87-bac4-4aa7-a1c2-9d426a52d510 6195e1ae26dd4545ad79c346fe9666a7 a6d2f78b96a4433b9cd04218abadbfcd - - default default] 10.0.0.208 "GET /v2.0/routers HTTP/1.1" status: 200 len: 189 time: 0.0224473
2026-03-02 22:26:48.363 9 INFO neutron.wsgi [None req-46f202c6-1815-4468-a644-2399753fb46f 6195e1ae26dd4545ad79c346fe9666a7 a6d2f78b96a4433b9cd04218abadbfcd - - default default] 10.0.0.208 "GET /v2.0/agents?binary=ovn-controller HTTP/1.1" status: 200 len: 591 time: 0.0125520
2026-03-02 22:26:56.317 10 INFO neutron.wsgi [None req-76fb3d6f-cfae-4bb0-ac8d-e4a4bcdeb520 6195e1ae26dd4545ad79c346fe9666a7 a6d2f78b96a4433b9cd04218abadbfcd - - default default] 10.0.0.47 "GET /v2.0/networks HTTP/1.1" status: 200 len: 2368 time: 0.1425862
2026-03-02 22:26:57.316 10 INFO neutron.wsgi [None req-570d8ff8-1737-45e9-9df0-d446cb2b2fb9 6195e1ae26dd4545ad79c346fe9666a7 a6d2f78b96a4433b9cd04218abadbfcd - - default default] 10.0.0.47 "GET /v2.0/floatingips HTTP/1.1" status: 200 len: 212 time: 0.0362856
2026-03-02 22:26:57.350 10 INFO neutron.wsgi [None req-8d6397a6-6e6a-41b3-8d24-7a66e91f2177 6195e1ae26dd4545ad79c346fe9666a7 a6d2f78b96a4433b9cd04218abadbfcd - - default default] 10.0.0.47 "GET /v2.0/routers HTTP/1.1" status: 200 len: 208 time: 0.0302644
2026-03-02 22:26:57.397 10 INFO neutron.wsgi [None req-641b83ed-63ce-4333-bdd3-c8698e8950f9 6195e1ae26dd4545ad79c346fe9666a7 a6d2f78b96a4433b9cd04218abadbfcd - - default default] 10.0.0.47 "GET /v2.0/ports HTTP/1.1" status: 200 len: 5370 time: 0.0425761
2026-03-02 22:26:57.447 10 INFO neutron.wsgi [None req-38c4c005-b6ae-4cce-a50a-6d2a927677d3 6195e1ae26dd4545ad79c346fe9666a7 a6d2f78b96a4433b9cd04218abadbfcd - - default default] 10.0.0.47 "GET /v2.0/subnets HTTP/1.1" status: 200 len: 1456 time: 0.0423980
2026-03-02 22:26:57.516 10 INFO neutron.wsgi [None req-3b6c6f85-efb0-4781-a628-1867206bebd5 6195e1ae26dd4545ad79c346fe9666a7 a6d2f78b96a4433b9cd04218abadbfcd - - default default] 10.0.0.47 "GET /v2.0/networks HTTP/1.1" status: 200 len: 2368 time: 0.0638373
2026-03-02 22:26:57.567 10 INFO neutron.wsgi [None req-dbae39f0-1100-4189-bade-316c4cd562d7 6195e1ae26dd4545ad79c346fe9666a7 a6d2f78b96a4433b9cd04218abadbfcd - - default default] 10.0.0.47 "GET /v2.0/security-groups HTTP/1.1" status: 200 len: 17597 time: 0.0457759
2026-03-02 22:26:57.585 9 INFO neutron.wsgi [None req-4fffc31e-1748-4a63-b42a-6343d7a56257 6195e1ae26dd4545ad79c346fe9666a7 a6d2f78b96a4433b9cd04218abadbfcd - - default default] 10.0.0.47 "GET /v2.0/subnetpools HTTP/1.1" status: 200 len: 212 time: 0.0135548
2026-03-02 22:27:01.870 10 INFO neutron.wsgi [-] 10.0.0.44 "GET / HTTP/1.1" status: 200 len: 247 time: 0.0021746
2026-03-02 22:27:01.872 10 INFO neutron.wsgi [-] 10.0.0.44 "GET / HTTP/1.1" status: 200 len: 247 time: 0.0013771
2026-03-02 22:27:07.920 9 INFO neutron.db.ovn_revision_numbers_db [None req-c4d9db5f-9b26-488a-85f8-b2a92ffc4067 6195e1ae26dd4545ad79c346fe9666a7 a6d2f78b96a4433b9cd04218abadbfcd - - default default] Successfully bumped revision number for resource 1cefc103-a60f-41d8-a5e9-1512973d7e5b (type: security_groups) to 1
2026-03-02 22:27:07.934 9 INFO neutron.db.ovn_revision_numbers_db [None req-c4d9db5f-9b26-488a-85f8-b2a92ffc4067 6195e1ae26dd4545ad79c346fe9666a7 a6d2f78b96a4433b9cd04218abadbfcd - - default default] Successfully bumped revision number for resource a2b45707-92e4-40e5-949c-2a7613457728 (type: security_group_rules) to 0
2026-03-02 22:27:07.936 9 INFO neutron.db.ovn_revision_numbers_db [None req-f74589c9-2329-48be-a8d3-4853be993fe2 6195e1ae26dd4545ad79c346fe9666a7 a6d2f78b96a4433b9cd04218abadbfcd - - default default] Successfully bumped revision number for resource 451dcc28-6d53-42d9-b24d-9dd194e87d2a (type: security_groups) to 1
2026-03-02 22:27:07.949 9 INFO neutron.db.ovn_revision_numbers_db [None req-c4d9db5f-9b26-488a-85f8-b2a92ffc4067 6195e1ae26dd4545ad79c346fe9666a7 a6d2f78b96a4433b9cd04218abadbfcd - - default default] Successfully bumped revision number for resource e4ae8e25-9240-45c4-8801-847f84751299 (type: security_group_rules) to 0
2026-03-02 22:27:07.952 9 INFO neutron.db.ovn_revision_numbers_db [None req-f74589c9-2329-48be-a8d3-4853be993fe2 6195e1ae26dd4545ad79c346fe9666a7 a6d2f78b96a4433b9cd04218abadbfcd - - default default] Successfully bumped revision number for resource 2841a0cf-b1a7-4a9a-a987-b142552e83c1 (type: security_group_rules) to 0
2026-03-02 22:27:07.974 9 INFO neutron.db.ovn_revision_numbers_db [None req-c4d9db5f-9b26-488a-85f8-b2a92ffc4067 6195e1ae26dd4545ad79c346fe9666a7 a6d2f78b96a4433b9cd04218abadbfcd - - default default] Successfully bumped revision number for resource e6742008-b295-416d-a858-fa9d206faf17 (type: security_group_rules) to 0
2026-03-02 22:27:07.979 9 INFO neutron.db.ovn_revision_numbers_db [None req-f74589c9-2329-48be-a8d3-4853be993fe2 6195e1ae26dd4545ad79c346fe9666a7 a6d2f78b96a4433b9cd04218abadbfcd - - default default] Successfully bumped revision number for resource 85b7550f-4955-4427-9e7b-c3988d5f344d (type: security_group_rules) to 0
2026-03-02 22:27:07.982 10 INFO neutron.db.ovn_revision_numbers_db [None req-ed3b56a1-0163-4dbc-a9d3-6654ed862422 6195e1ae26dd4545ad79c346fe9666a7 a6d2f78b96a4433b9cd04218abadbfcd - - default default] Successfully bumped revision number for resource 5fe6665f-cc71-4674-82e6-ae4cf316b45c (type: security_groups) to 1
2026-03-02 22:27:07.986 9 INFO neutron.db.ovn_revision_numbers_db [None req-c4d9db5f-9b26-488a-85f8-b2a92ffc4067 6195e1ae26dd4545ad79c346fe9666a7 a6d2f78b96a4433b9cd04218abadbfcd - - default default] Successfully bumped revision number for resource ea10d15c-5331-49fb-a2f9-abb4d105785c (type: security_group_rules) to 0
2026-03-02 22:27:07.995 9 INFO neutron.db.ovn_revision_numbers_db [None req-f74589c9-2329-48be-a8d3-4853be993fe2 6195e1ae26dd4545ad79c346fe9666a7 a6d2f78b96a4433b9cd04218abadbfcd - - default default] Successfully bumped revision number for resource c1263294-b9fb-49a8-8a15-f39e51584806 (type: security_group_rules) to 0
2026-03-02 22:27:08.000 10 INFO neutron.db.ovn_revision_numbers_db [None req-ed3b56a1-0163-4dbc-a9d3-6654ed862422 6195e1ae26dd4545ad79c346fe9666a7 a6d2f78b96a4433b9cd04218abadbfcd - - default default] Successfully bumped revision number for resource 796b48db-040d-4970-855c-3db2731c3b64 (type: security_group_rules) to 0
2026-03-02 22:27:08.013 9 INFO neutron.db.ovn_revision_numbers_db [None req-f74589c9-2329-48be-a8d3-4853be993fe2 6195e1ae26dd4545ad79c346fe9666a7 a6d2f78b96a4433b9cd04218abadbfcd - - default default] Successfully bumped revision number for resource d2b9f2f1-71a7-4457-b8b3-ce4a83be4fc5 (type: security_group_rules) to 0
