2026-03-02 22:27:47.932 10 WARNING neutron_lib.context [None req-79b78db8-cf22-4088-b841-aecce3819b53 bae74dedeb2d457ea0a93a8472d960a6 1b64dd5479734892971447471eb206cd - - default default] Method 'is_advsvc' is deprecated since 2023.2 release (neutron-lib 3.8.0) and will be removed once support for the old RBAC API policies will be removed from Neutron. Please use method 'is_service_role' instead. /var/lib/openstack/lib/python3.10/site-packages/pycadf/identifier.py:71: UserWarning: Invalid uuid: neutron. To ensure interoperability, identifiers should be a valid uuid. warnings.warn(('Invalid uuid: %s. To ensure interoperability, ' /var/lib/openstack/lib/python3.10/site-packages/pycadf/identifier.py:71: UserWarning: Invalid uuid: neutron. To ensure interoperability, identifiers should be a valid uuid. warnings.warn(('Invalid uuid: %s. To ensure interoperability, '
2026-03-02 22:27:48.206 9 INFO neutron.db.ovn_revision_numbers_db [None req-8672b1f1-2a73-4c12-a298-07d6363a0371 6195e1ae26dd4545ad79c346fe9666a7 a6d2f78b96a4433b9cd04218abadbfcd - - default default] Successfully bumped revision number for resource 8c0d58fb-cfee-42e7-85e8-c687431ab81e (type: security_groups) to 1
2026-03-02 22:27:48.229 9 INFO neutron.db.ovn_revision_numbers_db [None req-8672b1f1-2a73-4c12-a298-07d6363a0371 6195e1ae26dd4545ad79c346fe9666a7 a6d2f78b96a4433b9cd04218abadbfcd - - default default] Successfully bumped revision number for resource 118c89ad-ecdb-4f9c-ad1f-855463e4ac84 (type: security_group_rules) to 0
2026-03-02 22:27:48.245 9 INFO neutron.db.ovn_revision_numbers_db [None req-8672b1f1-2a73-4c12-a298-07d6363a0371 6195e1ae26dd4545ad79c346fe9666a7 a6d2f78b96a4433b9cd04218abadbfcd - - default default] Successfully bumped revision number for resource 596462de-ba5a-46d1-b5a0-a3015dd851ad (type: security_group_rules) to 0
2026-03-02 22:27:48.260 9 INFO neutron.db.ovn_revision_numbers_db [None req-8672b1f1-2a73-4c12-a298-07d6363a0371 6195e1ae26dd4545ad79c346fe9666a7 a6d2f78b96a4433b9cd04218abadbfcd - - default default] Successfully bumped revision number for resource da68b40e-1419-4938-bb77-9aa302c5b1c7 (type: security_group_rules) to 0
2026-03-02 22:27:48.271 9 INFO neutron.db.ovn_revision_numbers_db [None req-8672b1f1-2a73-4c12-a298-07d6363a0371 6195e1ae26dd4545ad79c346fe9666a7 a6d2f78b96a4433b9cd04218abadbfcd - - default default] Successfully bumped revision number for resource e62c9b9b-4dc3-41cf-ae41-cdb4c360268d (type: security_group_rules) to 0
2026-03-02 22:27:48.292 9 INFO neutron.wsgi [None req-8672b1f1-2a73-4c12-a298-07d6363a0371 6195e1ae26dd4545ad79c346fe9666a7 a6d2f78b96a4433b9cd04218abadbfcd - - default default] 10.0.0.47 "GET /v2.0/security-groups?tenant_id=67636d6643814091ac8969ab139fbcae&name=default HTTP/1.1" status: 200 len: 3120 time: 0.2970095
2026-03-02 22:27:48.377 9 INFO neutron.wsgi [None req-f1765b2e-406d-414d-990f-fbaf5a77300b 6195e1ae26dd4545ad79c346fe9666a7 a6d2f78b96a4433b9cd04218abadbfcd - - default default] 10.0.0.208 "GET /v2.0/subnets HTTP/1.1" status: 200 len: 2762 time: 0.0824747
2026-03-02 22:27:48.393 9 INFO neutron.wsgi [None req-41469957-f77d-4a84-9f64-401c789f32f7 6195e1ae26dd4545ad79c346fe9666a7 a6d2f78b96a4433b9cd04218abadbfcd - - default default] 10.0.0.208 "GET /v2.0/subnetpools HTTP/1.1" status: 200 len: 193 time: 0.0144877
2026-03-02 22:27:48.397 10 INFO neutron.db.ovn_revision_numbers_db [req-b6e50d4d-dc5b-45a7-a0b0-ae7c3618d6b3 req-d27f47e3-930e-4668-bf90-92e2d7ebab23 abfe2009d2b2409fb89cb0cd959cfd2f 4fbf767ee413413d949723f6856cb1fc - - default default] Successfully bumped revision number for resource e693b75c-cc45-45bb-b3f9-5e2c92e6eefb (type: ports) to 5
2026-03-02 22:27:48.398 10 INFO neutron.db.ovn_revision_numbers_db [None req-79b78db8-cf22-4088-b841-aecce3819b53 bae74dedeb2d457ea0a93a8472d960a6 1b64dd5479734892971447471eb206cd - - default default] Successfully bumped revision number for resource cbee7295-d8e9-45cf-abcb-0834a096c6cc (type: security_groups) to 1
2026-03-02 22:27:48.416 10 INFO neutron.wsgi [req-b6e50d4d-dc5b-45a7-a0b0-ae7c3618d6b3 req-d27f47e3-930e-4668-bf90-92e2d7ebab23 abfe2009d2b2409fb89cb0cd959cfd2f 4fbf767ee413413d949723f6856cb1fc - - default default] 199.19.213.23 "PUT /v2.0/ports/e693b75c-cc45-45bb-b3f9-5e2c92e6eefb HTTP/1.1" status: 200 len: 1349 time: 0.8793013
2026-03-02 22:27:48.427 10 INFO neutron.wsgi [req-8e2d8f95-153a-4a27-a8d2-041d0f07ab14 req-6588c66e-16b7-4a63-8d84-b8ea6c1f8561 cf3b1aa33049425ca3c5ac10f0dc9df4 bff5c98d564f405f82e09306726cd82b - - default default] 10.0.0.169 "GET /v2.0/ports?device_id=86847832-b813-4de1-be2e-0c9ff4e11d4f HTTP/1.1" status: 200 len: 1174 time: 0.3615446
2026-03-02 22:27:48.434 10 INFO neutron.db.ovn_revision_numbers_db [None req-79b78db8-cf22-4088-b841-aecce3819b53 bae74dedeb2d457ea0a93a8472d960a6 1b64dd5479734892971447471eb206cd - - default default] Successfully bumped revision number for resource 8de1d17a-20a7-4b8b-9539-08dc5e7f08f6 (type: security_group_rules) to 0
2026-03-02 22:27:48.467 9 INFO neutron.wsgi [None req-cc5ff0b6-a2ed-49b6-bb4f-6a91e3a013be 6195e1ae26dd4545ad79c346fe9666a7 a6d2f78b96a4433b9cd04218abadbfcd - - default default] 10.0.0.208 "GET /v2.0/security-groups HTTP/1.1" status: 200 len: 34920 time: 0.0710080
2026-03-02 22:27:48.486 10 INFO neutron.db.ovn_revision_numbers_db [None req-79b78db8-cf22-4088-b841-aecce3819b53 bae74dedeb2d457ea0a93a8472d960a6 1b64dd5479734892971447471eb206cd - - default default] Successfully bumped revision number for resource b6d73fdc-4f85-4217-98f2-cf0c8e9c31df (type: security_group_rules) to 0
2026-03-02 22:27:48.496 10 INFO neutron.wsgi [req-b6e50d4d-dc5b-45a7-a0b0-ae7c3618d6b3 req-a5c4ab87-cd93-418f-adf6-6adbcfcbd3f3 b7dc578550d64fb3bc4bc791034c51e6 0a749a959f714a51bd52649e2ab05997 - - 6db9dc8d0b9c40f4b7b92e967ac96eb1 6db9dc8d0b9c40f4b7b92e967ac96eb1] 199.19.213.23 "GET /v2.0/ports?tenant_id=4fbf767ee413413d949723f6856cb1fc&device_id=9cd6edba-7853-4090-8ab4-b3cebb8e98f5 HTTP/1.1" status: 200 len: 1590 time: 0.0589488
2026-03-02 22:27:48.519 9 INFO neutron.wsgi [None req-28adc872-6a48-47f8-aad3-81d31c6c1319 6195e1ae26dd4545ad79c346fe9666a7 a6d2f78b96a4433b9cd04218abadbfcd - - default default] 10.0.0.208 "GET /v2.0/subnets HTTP/1.1" status: 200 len: 2762 time: 0.0449083
2026-03-02 22:27:48.524 10 INFO neutron.db.ovn_revision_numbers_db [None req-79b78db8-cf22-4088-b841-aecce3819b53 bae74dedeb2d457ea0a93a8472d960a6 1b64dd5479734892971447471eb206cd - - default default] Successfully bumped revision number for resource c257cee0-d5b6-4e91-9bfc-a88ac4fe360f (type: security_group_rules) to 0
2026-03-02 22:27:48.529 10 INFO neutron.wsgi [req-8e2d8f95-153a-4a27-a8d2-041d0f07ab14 req-35b58f49-d526-4c49-9fc0-7fd9aa21e829 cf3b1aa33049425ca3c5ac10f0dc9df4 bff5c98d564f405f82e09306726cd82b - - default default] 10.0.0.169 "GET /v2.0/security-groups?id=0fbbe2ac-aa53-419f-a25e-6d6216ab56ef&fields=id&fields=name HTTP/1.1" status: 200 len: 313 time: 0.0940661
2026-03-02 22:27:48.547 9 INFO neutron.wsgi [None req-5b541843-d26e-401b-a42c-fcf7e5799900 6195e1ae26dd4545ad79c346fe9666a7 a6d2f78b96a4433b9cd04218abadbfcd - - default default] 10.0.0.208 "GET /v2.0/agents HTTP/1.1" status: 200 len: 1390 time: 0.0249672
2026-03-02 22:27:48.566 10 INFO neutron.db.ovn_revision_numbers_db [None req-79b78db8-cf22-4088-b841-aecce3819b53 bae74dedeb2d457ea0a93a8472d960a6 1b64dd5479734892971447471eb206cd - - default default] Successfully bumped revision number for resource d40b0521-2465-4c0d-9237-58774d757564 (type: security_group_rules) to 0
2026-03-02 22:27:48.579 10 INFO neutron.notifiers.nova [-] Nova event matching ['req-b70b73f7-7ddb-4d9e-874e-9d2460d1d26a'] response: {'name': 'network-changed', 'server_uuid': '9cd6edba-7853-4090-8ab4-b3cebb8e98f5', 'tag': 'e693b75c-cc45-45bb-b3f9-5e2c92e6eefb', 'status': 'completed', 'code': 200}
2026-03-02 22:27:48.623 10 INFO neutron.wsgi [req-b6e50d4d-dc5b-45a7-a0b0-ae7c3618d6b3 req-d304f97a-43bc-4a10-8175-e0fdbf2203be b7dc578550d64fb3bc4bc791034c51e6 0a749a959f714a51bd52649e2ab05997 - - 6db9dc8d0b9c40f4b7b92e967ac96eb1 6db9dc8d0b9c40f4b7b92e967ac96eb1] 199.19.213.23 "GET /v2.0/networks?id=3b141ff5-da79-48be-8c08-f2fa33b73fea HTTP/1.1" status: 200 len: 981 time: 0.1204658
2026-03-02 22:27:48.632 10 INFO neutron.db.segments_db [None req-79b78db8-cf22-4088-b841-aecce3819b53 bae74dedeb2d457ea0a93a8472d960a6 1b64dd5479734892971447471eb206cd - - default default] Added segment aefbd023-eccc-4d52-a887-d03441d961bd of type geneve for network 87d1ad66-453f-4aa8-a536-bd92b1ad4d53
2026-03-02 22:27:48.639 9 INFO neutron.wsgi [None req-56678b9d-8c9d-4b4f-a1a6-e8d4477a8359 6195e1ae26dd4545ad79c346fe9666a7 a6d2f78b96a4433b9cd04218abadbfcd - - default default] 10.0.0.208 "GET /v2.0/networks HTTP/1.1" status: 200 len: 3882 time: 0.0877879
2026-03-02 22:27:48.678 9 INFO neutron.wsgi [None req-d657a36b-bfc5-44a0-92b4-88e49bbf93e1 6195e1ae26dd4545ad79c346fe9666a7 a6d2f78b96a4433b9cd04218abadbfcd - - default default] 10.0.0.47 "DELETE /v2.0/security-groups/8c0d58fb-cfee-42e7-85e8-c687431ab81e HTTP/1.1" status: 204 len: 168 time: 0.3768263
2026-03-02 22:27:48.715 10 INFO neutron.wsgi [req-09a089bd-ab63-4ce3-916d-27aba1cb7c7b req-fd6cb513-8ccf-443e-a1d3-9e4193d32157 cf3b1aa33049425ca3c5ac10f0dc9df4 bff5c98d564f405f82e09306726cd82b - - default default] 10.0.0.169 "GET /v2.0/ports?device_id=86847832-b813-4de1-be2e-0c9ff4e11d4f HTTP/1.1" status: 200 len: 1174 time: 0.0779073
2026-03-02 22:27:48.721 9 INFO neutron.wsgi [None req-39477259-ec5e-4aad-a506-8cf3ac62143f 6195e1ae26dd4545ad79c346fe9666a7 a6d2f78b96a4433b9cd04218abadbfcd - - default default] 10.0.0.208 "GET /v2.0/ports HTTP/1.1" status: 200 len: 16371 time: 0.0807462
2026-03-02 22:27:48.723 10 INFO neutron.wsgi [req-b6e50d4d-dc5b-45a7-a0b0-ae7c3618d6b3 req-7ac2be8b-cb46-4220-9973-96f069d48a2f b7dc578550d64fb3bc4bc791034c51e6 0a749a959f714a51bd52649e2ab05997 - - 6db9dc8d0b9c40f4b7b92e967ac96eb1 6db9dc8d0b9c40f4b7b92e967ac96eb1] 199.19.213.23 "GET /v2.0/floatingips?fixed_ip_address=10.100.0.14&port_id=e693b75c-cc45-45bb-b3f9-5e2c92e6eefb HTTP/1.1" status: 200 len: 1060 time: 0.0933433
2026-03-02 22:27:48.780 10 INFO neutron.wsgi [req-b6e50d4d-dc5b-45a7-a0b0-ae7c3618d6b3 req-4f95c9b8-9562-4149-8ff7-c0ebd45cd13e b7dc578550d64fb3bc4bc791034c51e6 0a749a959f714a51bd52649e2ab05997 - - 6db9dc8d0b9c40f4b7b92e967ac96eb1 6db9dc8d0b9c40f4b7b92e967ac96eb1] 199.19.213.23 "GET /v2.0/floatingips?fixed_ip_address=10.100.0.4&port_id=e693b75c-cc45-45bb-b3f9-5e2c92e6eefb HTTP/1.1" status: 200 len: 217 time: 0.0507646
2026-03-02 22:27:48.846 10 INFO neutron.wsgi [req-b6e50d4d-dc5b-45a7-a0b0-ae7c3618d6b3 req-4c4bf205-b30e-45ff-ac66-668d40eaf794 b7dc578550d64fb3bc4bc791034c51e6 0a749a959f714a51bd52649e2ab05997 - - 6db9dc8d0b9c40f4b7b92e967ac96eb1 6db9dc8d0b9c40f4b7b92e967ac96eb1] 199.19.213.23 "GET /v2.0/subnets?id=51c9303a-3d7a-4c45-9b33-f4926be84953 HTTP/1.1" status: 200 len: 876 time: 0.0592697
2026-03-02 22:27:48.906 10 INFO neutron.wsgi [req-b6e50d4d-dc5b-45a7-a0b0-ae7c3618d6b3 req-e7bcd503-8365-4067-a2f1-467525ca5277 b7dc578550d64fb3bc4bc791034c51e6 0a749a959f714a51bd52649e2ab05997 - - 6db9dc8d0b9c40f4b7b92e967ac96eb1 6db9dc8d0b9c40f4b7b92e967ac96eb1] 199.19.213.23 "GET /v2.0/ports?network_id=3b141ff5-da79-48be-8c08-f2fa33b73fea&device_owner=network%3Adhcp HTTP/1.1" status: 200 len: 210 time: 0.0514970
2026-03-02 22:27:48.947 9 INFO neutron.wsgi [None req-f3bfd9c6-5d4d-496a-84f2-8ba26ceaee6c 6195e1ae26dd4545ad79c346fe9666a7 a6d2f78b96a4433b9cd04218abadbfcd - - default default] 10.0.0.208 "GET /v2.0/routers HTTP/1.1" status: 200 len: 2130 time: 0.2045515
2026-03-02 22:27:48.955 10 INFO neutron.wsgi [req-70e1fc0a-a82c-4144-aa86-712c3a344241 req-a6bc404e-763c-4f8b-ae89-e4fbbcd14b37 6195e1ae26dd4545ad79c346fe9666a7 a6d2f78b96a4433b9cd04218abadbfcd - - default default] 10.0.0.169 "GET /v2.0/ports?device_id=86847832-b813-4de1-be2e-0c9ff4e11d4f&device_id=9cd6edba-7853-4090-8ab4-b3cebb8e98f5 HTTP/1.1" status: 200 len: 2792 time: 0.1279609
2026-03-02 22:27:48.966 9 INFO neutron.wsgi [None req-41c9fd38-b342-466d-aff7-12df8685db93 6195e1ae26dd4545ad79c346fe9666a7 a6d2f78b96a4433b9cd04218abadbfcd - - default default] 10.0.0.208 "GET /v2.0/agents?binary=ovn-controller HTTP/1.1" status: 200 len: 591 time: 0.0170689
2026-03-02 22:27:48.989 10 INFO neutron.db.ovn_revision_numbers_db [None req-79b78db8-cf22-4088-b841-aecce3819b53 bae74dedeb2d457ea0a93a8472d960a6 1b64dd5479734892971447471eb206cd - - default default] Successfully bumped revision number for resource 87d1ad66-453f-4aa8-a536-bd92b1ad4d53 (type: networks) to 1
2026-03-02 22:27:49.030 9 INFO neutron.wsgi [None req-bf23c343-cafb-41a5-80ad-8cd0a62eb822 6195e1ae26dd4545ad79c346fe9666a7 a6d2f78b96a4433b9cd04218abadbfcd - - default default] 10.0.0.208 "GET /v2.0/floatingips HTTP/1.1" status: 200 len: 1575 time: 0.0625651
2026-03-02 22:27:49.054 9 INFO neutron.wsgi [None req-3aaee5b5-9fc6-47e8-b2a4-fc47a87f1923 6195e1ae26dd4545ad79c346fe9666a7 a6d2f78b96a4433b9cd04218abadbfcd - - default default] 10.0.0.208 "GET /v2.0/network-ip-availabilities HTTP/1.1" status: 200 len: 2542 time: 0.0220356
2026-03-02 22:27:49.066 10 INFO neutron.wsgi [req-b6e50d4d-dc5b-45a7-a0b0-ae7c3618d6b3 req-ab7202a3-91e9-4c08-81bb-ac00dd262aa6 b7dc578550d64fb3bc4bc791034c51e6 0a749a959f714a51bd52649e2ab05997 - - 6db9dc8d0b9c40f4b7b92e967ac96eb1 6db9dc8d0b9c40f4b7b92e967ac96eb1] 199.19.213.23 "GET /v2.0/networks/3b141ff5-da79-48be-8c08-f2fa33b73fea?fields=segments HTTP/1.1" status: 200 len: 212 time: 0.1514540
2026-03-02 22:27:49.071 10 INFO neutron.wsgi [req-70e1fc0a-a82c-4144-aa86-712c3a344241 req-1da47fd7-51b5-4583-ad03-2fb45d15e30b 6195e1ae26dd4545ad79c346fe9666a7 a6d2f78b96a4433b9cd04218abadbfcd - - default default] 10.0.0.169 "GET /v2.0/security-groups?id=0fbbe2ac-aa53-419f-a25e-6d6216ab56ef&id=a89d711e-37d0-42e6-b818-7e11f3e11e0b&fields=id&fields=name HTTP/1.1" status: 200 len: 406 time: 0.1048608
2026-03-02 22:27:49.132 9 INFO neutron.notifiers.nova [-] Nova event matching ['req-11166b74-41ed-438f-8368-119e2a6055df'] response: {'server_uuid': '86847832-b813-4de1-be2e-0c9ff4e11d4f', 'name': 'network-vif-plugged', 'status': 'completed', 'tag': '463c4773-f0d3-4bd8-97f0-045aef6e734a', 'code': 200}
2026-03-02 22:27:49.181 10 INFO neutron.wsgi [req-b6e50d4d-dc5b-45a7-a0b0-ae7c3618d6b3 req-4a80e840-1d7b-400a-9a4e-0f89217bbade b7dc578550d64fb3bc4bc791034c51e6 0a749a959f714a51bd52649e2ab05997 - - 6db9dc8d0b9c40f4b7b92e967ac96eb1 6db9dc8d0b9c40f4b7b92e967ac96eb1] 199.19.213.23 "GET /v2.0/networks/3b141ff5-da79-48be-8c08-f2fa33b73fea?fields=provider%3Aphysical_network&fields=provider%3Anetwork_type HTTP/1.1" status: 200 len: 277 time: 0.1090112
2026-03-02 22:27:49.196 10 INFO neutron.db.ovn_revision_numbers_db [None req-28f303c7-0e00-4fcf-96d9-16583a88074b 6195e1ae26dd4545ad79c346fe9666a7 a6d2f78b96a4433b9cd04218abadbfcd - - default default] Successfully bumped revision number for resource 066429bb-5dec-46e7-96c5-2cbfbe59742c (type: security_groups) to 1
2026-03-02 22:27:49.218 10 INFO neutron.db.ovn_revision_numbers_db [None req-28f303c7-0e00-4fcf-96d9-16583a88074b 6195e1ae26dd4545ad79c346fe9666a7 a6d2f78b96a4433b9cd04218abadbfcd - - default default] Successfully bumped revision number for resource 0bd55f2e-81fc-4e45-9430-3fefa76d9f25 (type: security_group_rules) to 0
2026-03-02 22:27:49.257 10 INFO neutron.db.ovn_revision_numbers_db [None req-28f303c7-0e00-4fcf-96d9-16583a88074b 6195e1ae26dd4545ad79c346fe9666a7 a6d2f78b96a4433b9cd04218abadbfcd - - default default] Successfully bumped revision number for resource 42903f08-bcb4-4b99-b1dd-71f9562ef2a3 (type: security_group_rules) to 0
2026-03-02 22:27:49.280 10 INFO neutron.wsgi [req-20991ce9-3efc-459c-9d2d-e745a0cf37ed req-55baf1c4-2be9-4f0d-b9ca-b21b639b5500 b7dc578550d64fb3bc4bc791034c51e6 0a749a959f714a51bd52649e2ab05997 - - 6db9dc8d0b9c40f4b7b92e967ac96eb1 6db9dc8d0b9c40f4b7b92e967ac96eb1] 199.19.213.23 "GET /v2.0/ports?tenant_id=4fbf767ee413413d949723f6856cb1fc&device_id=9cd6edba-7853-4090-8ab4-b3cebb8e98f5 HTTP/1.1" status: 200 len: 1590 time: 0.0531204
2026-03-02 22:27:49.281 10 INFO neutron.db.ovn_revision_numbers_db [None req-28f303c7-0e00-4fcf-96d9-16583a88074b 6195e1ae26dd4545ad79c346fe9666a7 a6d2f78b96a4433b9cd04218abadbfcd - - default default] Successfully bumped revision number for resource 4921c574-7e54-4f2b-9b6e-8217d781e04e (type: security_group_rules) to 0
2026-03-02 22:27:49.317 10 WARNING neutron.scheduler.dhcp_agent_scheduler [None req-79b78db8-cf22-4088-b841-aecce3819b53 bae74dedeb2d457ea0a93a8472d960a6 1b64dd5479734892971447471eb206cd - - default default] No more DHCP agents
2026-03-02 22:27:49.325 10 INFO neutron.db.ovn_revision_numbers_db [None req-28f303c7-0e00-4fcf-96d9-16583a88074b 6195e1ae26dd4545ad79c346fe9666a7 a6d2f78b96a4433b9cd04218abadbfcd - - default default] Successfully bumped revision number for resource d8a61d98-168e-42b2-8606-bfa2ba69a0c1 (type: security_group_rules) to 0
2026-03-02 22:27:49.334 10 WARNING neutron.api.rpc.agentnotifiers.dhcp_rpc_agent_api [None req-79b78db8-cf22-4088-b841-aecce3819b53 bae74dedeb2d457ea0a93a8472d960a6 1b64dd5479734892971447471eb206cd - - default default] Unable to schedule network 87d1ad66-453f-4aa8-a536-bd92b1ad4d53: no agents available; will retry on subsequent port and subnet creation events.
2026-03-02 22:27:49.363 10 INFO neutron.wsgi [None req-28f303c7-0e00-4fcf-96d9-16583a88074b 6195e1ae26dd4545ad79c346fe9666a7 a6d2f78b96a4433b9cd04218abadbfcd - - default default] 10.0.0.47 "GET /v2.0/security-groups?tenant_id=81a45ee5859f4eddb8200b900bfbb99c&name=default HTTP/1.1" status: 200 len: 3120 time: 0.5421593
2026-03-02 22:27:49.427 9 INFO neutron.db.ovn_revision_numbers_db [None req-598b2464-d4f6-4102-80f2-db613f5edf10 cf3b1aa33049425ca3c5ac10f0dc9df4 bff5c98d564f405f82e09306726cd82b - - default default] Successfully bumped revision number for resource e64c5c82-c598-498e-9846-4223e4cc3b87 (type: floatingips) to 1
2026-03-02 22:27:49.431 10 INFO neutron.wsgi [req-20991ce9-3efc-459c-9d2d-e745a0cf37ed req-6559e21e-8368-45e2-bc02-f6373494b709 b7dc578550d64fb3bc4bc791034c51e6 0a749a959f714a51bd52649e2ab05997 - - 6db9dc8d0b9c40f4b7b92e967ac96eb1 6db9dc8d0b9c40f4b7b92e967ac96eb1] 199.19.213.23 "GET /v2.0/networks?id=3b141ff5-da79-48be-8c08-f2fa33b73fea HTTP/1.1" status: 200 len: 981 time: 0.1353660
2026-03-02 22:27:49.523 10 INFO neutron.wsgi [req-20991ce9-3efc-459c-9d2d-e745a0cf37ed req-59658036-636b-438f-be51-f61c8ad82fb6 b7dc578550d64fb3bc4bc791034c51e6 0a749a959f714a51bd52649e2ab05997 - - 6db9dc8d0b9c40f4b7b92e967ac96eb1 6db9dc8d0b9c40f4b7b92e967ac96eb1] 199.19.213.23 "GET /v2.0/floatingips?fixed_ip_address=10.100.0.14&port_id=e693b75c-cc45-45bb-b3f9-5e2c92e6eefb HTTP/1.1" status: 200 len: 1060 time: 0.0880985
2026-03-02 22:27:49.538 10 INFO neutron.db.ovn_revision_numbers_db [None req-79b78db8-cf22-4088-b841-aecce3819b53 bae74dedeb2d457ea0a93a8472d960a6 1b64dd5479734892971447471eb206cd - - default default] Successfully bumped revision number for resource 662db10b-847a-4554-9605-61f42efe711d (type: ports) to 1
2026-03-02 22:27:49.548 9 INFO neutron.db.ovn_revision_numbers_db [None req-598b2464-d4f6-4102-80f2-db613f5edf10 cf3b1aa33049425ca3c5ac10f0dc9df4 bff5c98d564f405f82e09306726cd82b - - default default] Successfully bumped revision number for resource e64c5c82-c598-498e-9846-4223e4cc3b87 (type: floatingips) to 2
2026-03-02 22:27:49.548 9 INFO neutron.db.l3_db [None req-598b2464-d4f6-4102-80f2-db613f5edf10 cf3b1aa33049425ca3c5ac10f0dc9df4 bff5c98d564f405f82e09306726cd82b - - default default] Floating IP e64c5c82-c598-498e-9846-4223e4cc3b87 associated. External IP: 10.96.250.208, port: 463c4773-f0d3-4bd8-97f0-045aef6e734a.
2026-03-02 22:27:49.563 10 INFO neutron.wsgi [req-20991ce9-3efc-459c-9d2d-e745a0cf37ed req-2a58e2e8-5991-48b0-b27f-6b167177c8aa b7dc578550d64fb3bc4bc791034c51e6 0a749a959f714a51bd52649e2ab05997 - - 6db9dc8d0b9c40f4b7b92e967ac96eb1 6db9dc8d0b9c40f4b7b92e967ac96eb1] 199.19.213.23 "GET /v2.0/floatingips?fixed_ip_address=10.100.0.4&port_id=e693b75c-cc45-45bb-b3f9-5e2c92e6eefb HTTP/1.1" status: 200 len: 217 time: 0.0349996
2026-03-02 22:27:49.580 9 INFO neutron.wsgi [None req-598b2464-d4f6-4102-80f2-db613f5edf10 cf3b1aa33049425ca3c5ac10f0dc9df4 bff5c98d564f405f82e09306726cd82b - - default default] 10.0.0.47 "PUT /v2.0/floatingips/e64c5c82-c598-498e-9846-4223e4cc3b87 HTTP/1.1" status: 200 len: 1050 time: 0.8494737
2026-03-02 22:27:49.613 10 INFO neutron.wsgi [None req-79b78db8-cf22-4088-b841-aecce3819b53 bae74dedeb2d457ea0a93a8472d960a6 1b64dd5479734892971447471eb206cd - - default default] 10.0.0.47 "POST /v2.0/networks HTTP/1.1" status: 201 len: 847 time: 1.9754124
2026-03-02 22:27:49.653 10 INFO neutron.wsgi [req-20991ce9-3efc-459c-9d2d-e745a0cf37ed req-a6bdcfe9-cad8-45e2-94fd-36b72834d777 b7dc578550d64fb3bc4bc791034c51e6 0a749a959f714a51bd52649e2ab05997 - - 6db9dc8d0b9c40f4b7b92e967ac96eb1 6db9dc8d0b9c40f4b7b92e967ac96eb1] 199.19.213.23 "GET /v2.0/subnets?id=51c9303a-3d7a-4c45-9b33-f4926be84953 HTTP/1.1" status: 200 len: 876 time: 0.0824344
2026-03-02 22:27:49.693 10 INFO neutron.wsgi [req-49515a93-79f6-4cec-9f10-123d11717046 req-73a85595-c5d9-4cc1-8315-d6beff2e075e abfe2009d2b2409fb89cb0cd959cfd2f 4fbf767ee413413d949723f6856cb1fc - - default default] 10.0.0.169 "GET /v2.0/ports?device_id=9cd6edba-7853-4090-8ab4-b3cebb8e98f5 HTTP/1.1" status: 200 len: 1352 time: 0.0753973
2026-03-02 22:27:49.709 10 INFO neutron.wsgi [req-d0d32037-8dfd-45da-97ec-82feb740f8c0 req-e87eff17-6993-4579-81d4-90b8b2098d8b cf3b1aa33049425ca3c5ac10f0dc9df4 bff5c98d564f405f82e09306726cd82b - - default default] 10.0.0.169 "GET /v2.0/ports?device_id=86847832-b813-4de1-be2e-0c9ff4e11d4f HTTP/1.1" status: 200 len: 1174 time: 0.0909774
2026-03-02 22:27:49.711 10 INFO neutron.wsgi [req-20991ce9-3efc-459c-9d2d-e745a0cf37ed req-68b982ce-d0da-4289-8810-bdf686fc552d b7dc578550d64fb3bc4bc791034c51e6 0a749a959f714a51bd52649e2ab05997 - - 6db9dc8d0b9c40f4b7b92e967ac96eb1 6db9dc8d0b9c40f4b7b92e967ac96eb1] 199.19.213.23 "GET /v2.0/ports?network_id=3b141ff5-da79-48be-8c08-f2fa33b73fea&device_owner=network%3Adhcp HTTP/1.1" status: 200 len: 210 time: 0.0470450
2026-03-02 22:27:49.789 10 INFO neutron.wsgi [req-49515a93-79f6-4cec-9f10-123d11717046 req-12812f94-ed58-403c-ad87-bec629d82ca1 abfe2009d2b2409fb89cb0cd959cfd2f 4fbf767ee413413d949723f6856cb1fc - - default default] 10.0.0.169 "GET /v2.0/security-groups?id=a89d711e-37d0-42e6-b818-7e11f3e11e0b&fields=id&fields=name HTTP/1.1" status: 200 len: 313 time: 0.0875785
2026-03-02 22:27:49.810 10 INFO neutron.wsgi [req-d0d32037-8dfd-45da-97ec-82feb740f8c0 req-1f16dd28-6756-4d46-997c-27a985628fd6 cf3b1aa33049425ca3c5ac10f0dc9df4 bff5c98d564f405f82e09306726cd82b - - default default] 10.0.0.169 "GET /v2.0/security-groups?id=0fbbe2ac-aa53-419f-a25e-6d6216ab56ef&fields=id&fields=name HTTP/1.1" status: 200 len: 313 time: 0.0904584
2026-03-02 22:27:49.828 10 INFO neutron.wsgi [req-20991ce9-3efc-459c-9d2d-e745a0cf37ed req-1919d78e-84c8-471d-b271-54f122050972 b7dc578550d64fb3bc4bc791034c51e6 0a749a959f714a51bd52649e2ab05997 - - 6db9dc8d0b9c40f4b7b92e967ac96eb1 6db9dc8d0b9c40f4b7b92e967ac96eb1] 199.19.213.23 "GET /v2.0/networks/3b141ff5-da79-48be-8c08-f2fa33b73fea?fields=segments HTTP/1.1" status: 200 len: 212 time: 0.1078835
2026-03-02 22:27:49.897 10 INFO neutron.wsgi [req-20991ce9-3efc-459c-9d2d-e745a0cf37ed req-5ab688b9-0aad-4ba2-8698-596a8dab676b b7dc578550d64fb3bc4bc791034c51e6 0a749a959f714a51bd52649e2ab05997 - - 6db9dc8d0b9c40f4b7b92e967ac96eb1 6db9dc8d0b9c40f4b7b92e967ac96eb1] 199.19.213.23 "GET /v2.0/networks/3b141ff5-da79-48be-8c08-f2fa33b73fea?fields=provider%3Aphysical_network&fields=provider%3Anetwork_type HTTP/1.1" status: 200 len: 277 time: 0.0640101
2026-03-02 22:27:49.904 10 INFO neutron.wsgi [None req-4cdfcb79-c756-4344-8b9a-1e2fb157adb2 6195e1ae26dd4545ad79c346fe9666a7 a6d2f78b96a4433b9cd04218abadbfcd - - default default] 10.0.0.47 "DELETE /v2.0/security-groups/066429bb-5dec-46e7-96c5-2cbfbe59742c HTTP/1.1" status: 204 len: 168 time: 0.5284259
2026-03-02 22:27:49.981 10 INFO neutron.wsgi [req-39b664fb-2d49-4b63-a2de-11b18353c1b3 req-c727a30e-5b54-4df0-a19f-f9ccb7a139cb abfe2009d2b2409fb89cb0cd959cfd2f 4fbf767ee413413d949723f6856cb1fc - - default default] 199.19.213.23 "GET /v2.0/ports?device_id=9cd6edba-7853-4090-8ab4-b3cebb8e98f5&device_owner=compute%3Anova&fixed_ips=ip_address%3D10.100.0.4 HTTP/1.1" status: 200 len: 1352 time: 0.0623548
2026-03-02 22:27:50.064 10 WARNING neutron_lib.context [None req-610338bb-9ddf-474f-820b-9bfabc0e0247 bae74dedeb2d457ea0a93a8472d960a6 1b64dd5479734892971447471eb206cd - - default default] Method 'is_advsvc' is deprecated since 2023.2 release (neutron-lib 3.8.0) and will be removed once support for the old RBAC API policies will be removed from Neutron. Please use method 'is_service_role' instead.
2026-03-02 22:27:50.170 10 INFO neutron.wsgi [req-c74088ee-395c-4c6f-b68f-a0d2f9816266 req-73fac56d-d04c-442d-b590-ef9d453ffd15 cf3b1aa33049425ca3c5ac10f0dc9df4 bff5c98d564f405f82e09306726cd82b - - default default] 10.0.0.169 "GET /v2.0/ports?device_id=86847832-b813-4de1-be2e-0c9ff4e11d4f HTTP/1.1" status: 200 len: 1174 time: 0.0571308
2026-03-02 22:27:50.169 9 INFO neutron.plugins.ml2.drivers.ovn.mech_driver.mech_driver [None req-1bacd6f4-064d-49e4-9198-f6b55c310d6c - - - - - -] OVN reports status down for port: 463c4773-f0d3-4bd8-97f0-045aef6e734a
2026-03-02 22:27:50.263 10 INFO neutron.wsgi [req-c74088ee-395c-4c6f-b68f-a0d2f9816266 req-3ceb2160-67b9-4483-8ea1-044bfc85620d cf3b1aa33049425ca3c5ac10f0dc9df4 bff5c98d564f405f82e09306726cd82b - - default default] 10.0.0.169 "GET /v2.0/security-groups?id=0fbbe2ac-aa53-419f-a25e-6d6216ab56ef&fields=id&fields=name HTTP/1.1" status: 200 len: 313 time: 0.0825045
2026-03-02 22:27:50.436 10 WARNING neutron.scheduler.dhcp_agent_scheduler [None req-610338bb-9ddf-474f-820b-9bfabc0e0247 bae74dedeb2d457ea0a93a8472d960a6 1b64dd5479734892971447471eb206cd - - default default] No more DHCP agents
2026-03-02 22:27:50.440 10 WARNING neutron.api.rpc.agentnotifiers.dhcp_rpc_agent_api [None req-610338bb-9ddf-474f-820b-9bfabc0e0247 bae74dedeb2d457ea0a93a8472d960a6 1b64dd5479734892971447471eb206cd - - default default] Unable to schedule network 87d1ad66-453f-4aa8-a536-bd92b1ad4d53: no agents available; will retry on subsequent port and subnet creation events.
2026-03-02 22:27:50.475 10 INFO neutron.db.ovn_revision_numbers_db [None req-610338bb-9ddf-474f-820b-9bfabc0e0247 bae74dedeb2d457ea0a93a8472d960a6 1b64dd5479734892971447471eb206cd - - default default] Successfully bumped revision number for resource faa62ad0-611d-45b0-a3f5-f69eee2b1804 (type: subnets) to 0
2026-03-02 22:27:50.515 10 INFO neutron.wsgi [None req-610338bb-9ddf-474f-820b-9bfabc0e0247 bae74dedeb2d457ea0a93a8472d960a6 1b64dd5479734892971447471eb206cd - - default default] 10.0.0.47 "POST /v2.0/subnets HTTP/1.1" status: 201 len: 848 time: 0.4585712
2026-03-02 22:27:50.532 10 WARNING neutron_lib.context [None req-1bd99974-abf9-40ff-bc1c-4ceab2117a0f bae74dedeb2d457ea0a93a8472d960a6 1b64dd5479734892971447471eb206cd - - default default] Method 'is_advsvc' is deprecated since 2023.2 release (neutron-lib 3.8.0) and will be removed once support for the old RBAC API policies will be removed from Neutron. Please use method 'is_service_role' instead. /var/lib/openstack/lib/python3.10/site-packages/pycadf/identifier.py:71: UserWarning: Invalid uuid: neutron. To ensure interoperability, identifiers should be a valid uuid. warnings.warn(('Invalid uuid: %s. To ensure interoperability, '
2026-03-02 22:27:50.639 10 INFO neutron.db.segments_db [None req-1bd99974-abf9-40ff-bc1c-4ceab2117a0f bae74dedeb2d457ea0a93a8472d960a6 1b64dd5479734892971447471eb206cd - - default default] Added segment 3437210d-41a1-4789-a494-dcca40757eb8 of type geneve for network 1703c8e8-5fb8-4ecf-905b-b5c15815f6c3
2026-03-02 22:27:50.657 10 INFO neutron.db.ovn_revision_numbers_db [req-39b664fb-2d49-4b63-a2de-11b18353c1b3 req-013a6db9-5ea2-4cba-ba53-daee781aa705 abfe2009d2b2409fb89cb0cd959cfd2f 4fbf767ee413413d949723f6856cb1fc - - default default] Successfully bumped revision number for resource e693b75c-cc45-45bb-b3f9-5e2c92e6eefb (type: ports) to 6
2026-03-02 22:27:50.673 10 INFO neutron.wsgi [req-39b664fb-2d49-4b63-a2de-11b18353c1b3 req-013a6db9-5ea2-4cba-ba53-daee781aa705 abfe2009d2b2409fb89cb0cd959cfd2f 4fbf767ee413413d949723f6856cb1fc - - default default] 199.19.213.23 "PUT /v2.0/ports/e693b75c-cc45-45bb-b3f9-5e2c92e6eefb HTTP/1.1" status: 200 len: 1171 time: 0.6883569
2026-03-02 22:27:50.687 9 INFO neutron.db.ovn_revision_numbers_db [None req-1bacd6f4-064d-49e4-9198-f6b55c310d6c - - - - - -] Successfully bumped revision number for resource 463c4773-f0d3-4bd8-97f0-045aef6e734a (type: ports) to 5
2026-03-02 22:27:50.696 9 INFO neutron.wsgi [req-f364af5c-591c-4b8b-9629-5c92da2e6a72 req-4537d52f-5786-4d26-af6c-cccd58545c38 cf3b1aa33049425ca3c5ac10f0dc9df4 bff5c98d564f405f82e09306726cd82b - - default default] 199.19.213.23 "GET /v2.0/ports?device_id=86847832-b813-4de1-be2e-0c9ff4e11d4f HTTP/1.1" status: 200 len: 1172 time: 0.1159048 /var/lib/openstack/lib/python3.10/site-packages/pycadf/identifier.py:71: UserWarning: Invalid uuid: neutron. To ensure interoperability, identifiers should be a valid uuid. warnings.warn(('Invalid uuid: %s. To ensure interoperability, '
2026-03-02 22:27:50.727 10 INFO neutron.notifiers.nova [-] Nova event matching ['req-b8a71023-8b92-46bf-81b9-b8550fd0b7b1'] response: {'name': 'network-changed', 'server_uuid': '9cd6edba-7853-4090-8ab4-b3cebb8e98f5', 'tag': 'e693b75c-cc45-45bb-b3f9-5e2c92e6eefb', 'status': 'completed', 'code': 200}
2026-03-02 22:27:50.751 10 INFO neutron.wsgi [req-39b664fb-2d49-4b63-a2de-11b18353c1b3 req-8a47b648-98a1-4f6b-bcaf-eed3f7aff278 b7dc578550d64fb3bc4bc791034c51e6 0a749a959f714a51bd52649e2ab05997 - - 6db9dc8d0b9c40f4b7b92e967ac96eb1 6db9dc8d0b9c40f4b7b92e967ac96eb1] 199.19.213.23 "GET /v2.0/ports?tenant_id=4fbf767ee413413d949723f6856cb1fc&device_id=9cd6edba-7853-4090-8ab4-b3cebb8e98f5 HTTP/1.1" status: 200 len: 1413 time: 0.0460830
2026-03-02 22:27:51.062 10 INFO neutron.db.ovn_revision_numbers_db [None req-1bd99974-abf9-40ff-bc1c-4ceab2117a0f bae74dedeb2d457ea0a93a8472d960a6 1b64dd5479734892971447471eb206cd - - default default] Successfully bumped revision number for resource 1703c8e8-5fb8-4ecf-905b-b5c15815f6c3 (type: networks) to 1
2026-03-02 22:27:51.079 10 INFO neutron.wsgi [req-39b664fb-2d49-4b63-a2de-11b18353c1b3 req-c149b6d5-5ce8-4b2e-a02c-fd763a8409c4 b7dc578550d64fb3bc4bc791034c51e6 0a749a959f714a51bd52649e2ab05997 - - 6db9dc8d0b9c40f4b7b92e967ac96eb1 6db9dc8d0b9c40f4b7b92e967ac96eb1] 199.19.213.23 "GET /v2.0/networks?id=3b141ff5-da79-48be-8c08-f2fa33b73fea HTTP/1.1" status: 200 len: 981 time: 0.3215234
2026-03-02 22:27:51.140 10 INFO neutron.wsgi [req-39b664fb-2d49-4b63-a2de-11b18353c1b3 req-683acfd3-f2a3-4acf-a57d-63ccc6bd72de b7dc578550d64fb3bc4bc791034c51e6 0a749a959f714a51bd52649e2ab05997 - - 6db9dc8d0b9c40f4b7b92e967ac96eb1 6db9dc8d0b9c40f4b7b92e967ac96eb1] 199.19.213.23 "GET /v2.0/floatingips?fixed_ip_address=10.100.0.14&port_id=e693b75c-cc45-45bb-b3f9-5e2c92e6eefb HTTP/1.1" status: 200 len: 1060 time: 0.0506926
2026-03-02 22:27:51.179 9 INFO neutron.notifiers.nova [-] Nova event matching ['req-7569d2ac-0e28-4e62-baf4-6e138d8d3d66'] response: {'name': 'network-changed', 'server_uuid': '86847832-b813-4de1-be2e-0c9ff4e11d4f', 'tag': '463c4773-f0d3-4bd8-97f0-045aef6e734a', 'status': 'completed', 'code': 200}
2026-03-02 22:27:51.179 9 INFO neutron.notifiers.nova [-] Nova event matching ['req-7569d2ac-0e28-4e62-baf4-6e138d8d3d66'] response: {'server_uuid': '86847832-b813-4de1-be2e-0c9ff4e11d4f', 'name': 'network-vif-unplugged', 'status': 'completed', 'tag': '463c4773-f0d3-4bd8-97f0-045aef6e734a', 'code': 200}
2026-03-02 22:27:51.179 9 INFO neutron.notifiers.nova [-] Nova event matching ['req-7569d2ac-0e28-4e62-baf4-6e138d8d3d66'] response: {'server_uuid': '86847832-b813-4de1-be2e-0c9ff4e11d4f', 'name': 'network-vif-unplugged', 'status': 'completed', 'tag': '463c4773-f0d3-4bd8-97f0-045aef6e734a', 'code': 200} /var/lib/openstack/lib/python3.10/site-packages/pycadf/identifier.py:71: UserWarning: Invalid uuid: neutron. To ensure interoperability, identifiers should be a valid uuid. warnings.warn(('Invalid uuid: %s. To ensure interoperability, '
2026-03-02 22:27:51.218 10 INFO neutron.wsgi [req-39b664fb-2d49-4b63-a2de-11b18353c1b3 req-e69cebde-2d8f-4d1e-9a7f-5032c9154659 b7dc578550d64fb3bc4bc791034c51e6 0a749a959f714a51bd52649e2ab05997 - - 6db9dc8d0b9c40f4b7b92e967ac96eb1 6db9dc8d0b9c40f4b7b92e967ac96eb1] 199.19.213.23 "GET /v2.0/subnets?id=51c9303a-3d7a-4c45-9b33-f4926be84953 HTTP/1.1" status: 200 len: 876 time: 0.0692909
2026-03-02 22:27:51.226 9 INFO neutron.db.l3_db [req-f364af5c-591c-4b8b-9629-5c92da2e6a72 req-0e41ca6b-1117-4638-b46d-af294d611910 cf3b1aa33049425ca3c5ac10f0dc9df4 bff5c98d564f405f82e09306726cd82b - - default default] Floating IP e64c5c82-c598-498e-9846-4223e4cc3b87 disassociated. External IP: 10.96.250.208, port: 463c4773-f0d3-4bd8-97f0-045aef6e734a.
2026-03-02 22:27:51.247 10 INFO neutron.wsgi [req-39b664fb-2d49-4b63-a2de-11b18353c1b3 req-96450d4c-eb64-4455-8e62-09aced3a9453 b7dc578550d64fb3bc4bc791034c51e6 0a749a959f714a51bd52649e2ab05997 - - 6db9dc8d0b9c40f4b7b92e967ac96eb1 6db9dc8d0b9c40f4b7b92e967ac96eb1] 199.19.213.23 "GET /v2.0/ports?network_id=3b141ff5-da79-48be-8c08-f2fa33b73fea&device_owner=network%3Adhcp HTTP/1.1" status: 200 len: 210 time: 0.0209558
2026-03-02 22:27:51.282 9 INFO neutron.wsgi [req-3fdd5f54-590c-4e4d-aeb5-7eeddf12bfdc req-a2746fbe-da65-44a8-8be8-6528b985636f b7dc578550d64fb3bc4bc791034c51e6 0a749a959f714a51bd52649e2ab05997 - - 6db9dc8d0b9c40f4b7b92e967ac96eb1 6db9dc8d0b9c40f4b7b92e967ac96eb1] 199.19.213.23 "GET /v2.0/ports?tenant_id=bff5c98d564f405f82e09306726cd82b&device_id=86847832-b813-4de1-be2e-0c9ff4e11d4f HTTP/1.1" status: 200 len: 1411 time: 0.0739696
2026-03-02 22:27:51.326 10 INFO neutron.wsgi [req-39b664fb-2d49-4b63-a2de-11b18353c1b3 req-1ea239c1-73bb-4825-9563-898efe50c3a1 b7dc578550d64fb3bc4bc791034c51e6 0a749a959f714a51bd52649e2ab05997 - - 6db9dc8d0b9c40f4b7b92e967ac96eb1 6db9dc8d0b9c40f4b7b92e967ac96eb1] 199.19.213.23 "GET /v2.0/networks/3b141ff5-da79-48be-8c08-f2fa33b73fea?fields=segments HTTP/1.1" status: 200 len: 212 time: 0.0671203
2026-03-02 22:27:51.327 10 WARNING neutron.scheduler.dhcp_agent_scheduler [None req-1bd99974-abf9-40ff-bc1c-4ceab2117a0f bae74dedeb2d457ea0a93a8472d960a6 1b64dd5479734892971447471eb206cd - - default default] No more DHCP agents
2026-03-02 22:27:51.339 10 WARNING neutron.api.rpc.agentnotifiers.dhcp_rpc_agent_api [None req-1bd99974-abf9-40ff-bc1c-4ceab2117a0f bae74dedeb2d457ea0a93a8472d960a6 1b64dd5479734892971447471eb206cd - - default default] Unable to schedule network 1703c8e8-5fb8-4ecf-905b-b5c15815f6c3: no agents available; will retry on subsequent port and subnet creation events.
2026-03-02 22:27:51.366 9 INFO neutron.wsgi [req-3fdd5f54-590c-4e4d-aeb5-7eeddf12bfdc req-47c41d58-9606-4bf1-86f2-bc0b525c6559 b7dc578550d64fb3bc4bc791034c51e6 0a749a959f714a51bd52649e2ab05997 - - 6db9dc8d0b9c40f4b7b92e967ac96eb1 6db9dc8d0b9c40f4b7b92e967ac96eb1] 199.19.213.23 "GET /v2.0/networks?id=25177ba3-4e22-4fc0-96e3-f7da951f9a93 HTTP/1.1" status: 200 len: 978 time: 0.0757403
2026-03-02 22:27:51.410 10 INFO neutron.wsgi [req-fec903cd-be46-4d4a-9621-f077d083f74b req-a4aa3e19-bae5-4773-b7fe-9ab176717e73 cf3b1aa33049425ca3c5ac10f0dc9df4 bff5c98d564f405f82e09306726cd82b - - default default] 10.0.0.169 "GET /v2.0/ports?device_id=86847832-b813-4de1-be2e-0c9ff4e11d4f HTTP/1.1" status: 200 len: 1172 time: 0.0805950
2026-03-02 22:27:51.420 9 INFO neutron.wsgi [req-3fdd5f54-590c-4e4d-aeb5-7eeddf12bfdc req-4d6a0681-2fa1-4c6f-b51c-48ab21f9afd1 b7dc578550d64fb3bc4bc791034c51e6 0a749a959f714a51bd52649e2ab05997 - - 6db9dc8d0b9c40f4b7b92e967ac96eb1 6db9dc8d0b9c40f4b7b92e967ac96eb1] 199.19.213.23 "GET /v2.0/floatingips?fixed_ip_address=10.100.0.13&port_id=463c4773-f0d3-4bd8-97f0-045aef6e734a HTTP/1.1" status: 200 len: 217 time: 0.0479198
2026-03-02 22:27:51.441 10 INFO neutron.wsgi [req-39b664fb-2d49-4b63-a2de-11b18353c1b3 req-e893c62d-6a15-4e0e-9ea7-101328ac7787 b7dc578550d64fb3bc4bc791034c51e6 0a749a959f714a51bd52649e2ab05997 - - 6db9dc8d0b9c40f4b7b92e967ac96eb1 6db9dc8d0b9c40f4b7b92e967ac96eb1] 199.19.213.23 "GET /v2.0/networks/3b141ff5-da79-48be-8c08-f2fa33b73fea?fields=provider%3Aphysical_network&fields=provider%3Anetwork_type HTTP/1.1" status: 200 len: 277 time: 0.1047566
2026-03-02 22:27:51.461 9 INFO neutron.wsgi [req-f364af5c-591c-4b8b-9629-5c92da2e6a72 req-0e41ca6b-1117-4638-b46d-af294d611910 cf3b1aa33049425ca3c5ac10f0dc9df4 bff5c98d564f405f82e09306726cd82b - - default default] 199.19.213.23 "DELETE /v2.0/ports/463c4773-f0d3-4bd8-97f0-045aef6e734a HTTP/1.1" status: 204 len: 173 time: 0.7563522
2026-03-02 22:27:51.482 9 INFO neutron.wsgi [req-3fdd5f54-590c-4e4d-aeb5-7eeddf12bfdc req-55fab3ff-0573-4dcf-876b-9ec884b5824e b7dc578550d64fb3bc4bc791034c51e6 0a749a959f714a51bd52649e2ab05997 - - 6db9dc8d0b9c40f4b7b92e967ac96eb1 6db9dc8d0b9c40f4b7b92e967ac96eb1] 199.19.213.23 "GET /v2.0/subnets?id=ecf8a5af-6d00-467b-852f-f6c2a05c6c3e HTTP/1.1" status: 200 len: 873 time: 0.0551932
2026-03-02 22:27:51.488 10 INFO neutron.wsgi [req-fec903cd-be46-4d4a-9621-f077d083f74b req-59e20da0-45b8-4314-aea3-37b564c15acd cf3b1aa33049425ca3c5ac10f0dc9df4 bff5c98d564f405f82e09306726cd82b - - default default] 10.0.0.169 "GET /v2.0/security-groups?id=0fbbe2ac-aa53-419f-a25e-6d6216ab56ef&fields=id&fields=name HTTP/1.1" status: 200 len: 313 time: 0.0684457
2026-03-02 22:27:51.490 10 INFO neutron.db.ovn_revision_numbers_db [None req-1bd99974-abf9-40ff-bc1c-4ceab2117a0f bae74dedeb2d457ea0a93a8472d960a6 1b64dd5479734892971447471eb206cd - - default default] Successfully bumped revision number for resource 655748f8-14ed-4e71-953f-52fbbd2a40fe (type: ports) to 1
2026-03-02 22:27:51.522 10 INFO neutron.wsgi [None req-1bd99974-abf9-40ff-bc1c-4ceab2117a0f bae74dedeb2d457ea0a93a8472d960a6 1b64dd5479734892971447471eb206cd - - default default] 10.0.0.47 "POST /v2.0/networks HTTP/1.1" status: 201 len: 847 time: 0.9957228
2026-03-02 22:27:51.539 9 INFO neutron.wsgi [req-3fdd5f54-590c-4e4d-aeb5-7eeddf12bfdc req-41ed72a5-acb0-40f6-8e1c-d7fedfd9c4ae b7dc578550d64fb3bc4bc791034c51e6 0a749a959f714a51bd52649e2ab05997 - - 6db9dc8d0b9c40f4b7b92e967ac96eb1 6db9dc8d0b9c40f4b7b92e967ac96eb1] 199.19.213.23 "GET /v2.0/ports?network_id=25177ba3-4e22-4fc0-96e3-f7da951f9a93&device_owner=network%3Adhcp HTTP/1.1" status: 200 len: 210 time: 0.0465291
2026-03-02 22:27:51.560 9 INFO neutron.wsgi [req-fce9160b-64ef-4d3f-bea8-cd8c44bf4eec req-3e1dc82b-7ddb-48c8-bdd7-2013103998f6 b7dc578550d64fb3bc4bc791034c51e6 0a749a959f714a51bd52649e2ab05997 - - 6db9dc8d0b9c40f4b7b92e967ac96eb1 6db9dc8d0b9c40f4b7b92e967ac96eb1] 199.19.213.23 "GET /v2.0/ports?tenant_id=4fbf767ee413413d949723f6856cb1fc&device_id=9cd6edba-7853-4090-8ab4-b3cebb8e98f5 HTTP/1.1" status: 200 len: 1413 time: 0.0566041
2026-03-02 22:27:51.657 9 INFO neutron.wsgi [req-3fdd5f54-590c-4e4d-aeb5-7eeddf12bfdc req-838d7812-a38e-40b4-8865-810dc0dcc78d b7dc578550d64fb3bc4bc791034c51e6 0a749a959f714a51bd52649e2ab05997 - - 6db9dc8d0b9c40f4b7b92e967ac96eb1 6db9dc8d0b9c40f4b7b92e967ac96eb1] 199.19.213.23 "GET /v2.0/networks/25177ba3-4e22-4fc0-96e3-f7da951f9a93?fields=segments HTTP/1.1" status: 200 len: 212 time: 0.1099725
2026-03-02 22:27:51.679 9 INFO neutron.wsgi [req-fce9160b-64ef-4d3f-bea8-cd8c44bf4eec req-13b81de7-26cf-40d2-997d-c0bcaea3033b b7dc578550d64fb3bc4bc791034c51e6 0a749a959f714a51bd52649e2ab05997 - - 6db9dc8d0b9c40f4b7b92e967ac96eb1 6db9dc8d0b9c40f4b7b92e967ac96eb1] 199.19.213.23 "GET /v2.0/networks?id=3b141ff5-da79-48be-8c08-f2fa33b73fea HTTP/1.1" status: 200 len: 981 time: 0.1115890
2026-03-02 22:27:51.777 10 INFO neutron.db.ovn_revision_numbers_db [None req-d884a711-a93b-4616-8e2c-dbf9845d65a4 bae74dedeb2d457ea0a93a8472d960a6 1b64dd5479734892971447471eb206cd - - default default] Successfully bumped revision number for resource 1703c8e8-5fb8-4ecf-905b-b5c15815f6c3 (type: networks) to 2
2026-03-02 22:27:51.783 10 INFO neutron.wsgi [None req-d884a711-a93b-4616-8e2c-dbf9845d65a4 bae74dedeb2d457ea0a93a8472d960a6 1b64dd5479734892971447471eb206cd - - default default] 10.0.0.47 "PUT /v2.0/networks/1703c8e8-5fb8-4ecf-905b-b5c15815f6c3 HTTP/1.1" status: 200 len: 792 time: 0.2566926
2026-03-02 22:27:51.787 9 INFO neutron.wsgi [req-fce9160b-64ef-4d3f-bea8-cd8c44bf4eec req-593c6f8e-e531-4277-9cfc-5c6fb363b35b b7dc578550d64fb3bc4bc791034c51e6 0a749a959f714a51bd52649e2ab05997 - - 6db9dc8d0b9c40f4b7b92e967ac96eb1 6db9dc8d0b9c40f4b7b92e967ac96eb1] 199.19.213.23 "GET /v2.0/floatingips?fixed_ip_address=10.100.0.14&port_id=e693b75c-cc45-45bb-b3f9-5e2c92e6eefb HTTP/1.1" status: 200 len: 1060 time: 0.0990682
2026-03-02 22:27:51.797 10 WARNING neutron_lib.context [None req-1ed7fdb2-6029-406d-89d2-af961df9d437 bae74dedeb2d457ea0a93a8472d960a6 1b64dd5479734892971447471eb206cd - - default default] Method 'is_advsvc' is deprecated since 2023.2 release (neutron-lib 3.8.0) and will be removed once support for the old RBAC API policies will be removed from Neutron. Please use method 'is_service_role' instead.
2026-03-02 22:27:51.807 9 INFO neutron.wsgi [req-3fdd5f54-590c-4e4d-aeb5-7eeddf12bfdc req-a84170ac-9bd8-4991-b03a-abb671676682 b7dc578550d64fb3bc4bc791034c51e6 0a749a959f714a51bd52649e2ab05997 - - 6db9dc8d0b9c40f4b7b92e967ac96eb1 6db9dc8d0b9c40f4b7b92e967ac96eb1] 199.19.213.23 "GET /v2.0/networks/25177ba3-4e22-4fc0-96e3-f7da951f9a93?fields=provider%3Aphysical_network&fields=provider%3Anetwork_type HTTP/1.1" status: 200 len: 277 time: 0.1399550
2026-03-02 22:27:51.837 9 INFO neutron.wsgi [req-fce9160b-64ef-4d3f-bea8-cd8c44bf4eec req-33d2e70b-1014-4963-8929-ec2d9ba1c9ac b7dc578550d64fb3bc4bc791034c51e6 0a749a959f714a51bd52649e2ab05997 - - 6db9dc8d0b9c40f4b7b92e967ac96eb1 6db9dc8d0b9c40f4b7b92e967ac96eb1] 199.19.213.23 "GET /v2.0/subnets?id=51c9303a-3d7a-4c45-9b33-f4926be84953 HTTP/1.1" status: 200 len: 876 time: 0.0396216
2026-03-02 22:27:51.868 9 INFO neutron.wsgi [req-fce9160b-64ef-4d3f-bea8-cd8c44bf4eec req-9cc1f7ac-d7cf-4625-8fc4-c98f0c8e3616 b7dc578550d64fb3bc4bc791034c51e6 0a749a959f714a51bd52649e2ab05997 - - 6db9dc8d0b9c40f4b7b92e967ac96eb1 6db9dc8d0b9c40f4b7b92e967ac96eb1] 199.19.213.23 "GET /v2.0/ports?network_id=3b141ff5-da79-48be-8c08-f2fa33b73fea&device_owner=network%3Adhcp HTTP/1.1" status: 200 len: 210 time: 0.0259440
2026-03-02 22:27:51.953 9 INFO neutron.wsgi [req-fce9160b-64ef-4d3f-bea8-cd8c44bf4eec req-56dcdd2f-a002-4b1b-97ab-95ae12604a0e b7dc578550d64fb3bc4bc791034c51e6 0a749a959f714a51bd52649e2ab05997 - - 6db9dc8d0b9c40f4b7b92e967ac96eb1 6db9dc8d0b9c40f4b7b92e967ac96eb1] 199.19.213.23 "GET /v2.0/networks/3b141ff5-da79-48be-8c08-f2fa33b73fea?fields=segments HTTP/1.1" status: 200 len: 212 time: 0.0767851
2026-03-02 22:27:52.058 10 WARNING neutron.scheduler.dhcp_agent_scheduler [None req-1ed7fdb2-6029-406d-89d2-af961df9d437 bae74dedeb2d457ea0a93a8472d960a6 1b64dd5479734892971447471eb206cd - - default default] No more DHCP agents
2026-03-02 22:27:52.061 10 WARNING neutron.api.rpc.agentnotifiers.dhcp_rpc_agent_api [None req-1ed7fdb2-6029-406d-89d2-af961df9d437 bae74dedeb2d457ea0a93a8472d960a6 1b64dd5479734892971447471eb206cd - - default default] Unable to schedule network 1703c8e8-5fb8-4ecf-905b-b5c15815f6c3: no agents available; will retry on subsequent port and subnet creation events.
2026-03-02 22:27:52.078 9 INFO neutron.wsgi [req-fce9160b-64ef-4d3f-bea8-cd8c44bf4eec req-cd2de030-f2dc-47ac-811f-e6d75cf4aec5 b7dc578550d64fb3bc4bc791034c51e6 0a749a959f714a51bd52649e2ab05997 - - 6db9dc8d0b9c40f4b7b92e967ac96eb1 6db9dc8d0b9c40f4b7b92e967ac96eb1] 199.19.213.23 "GET /v2.0/networks/3b141ff5-da79-48be-8c08-f2fa33b73fea?fields=provider%3Aphysical_network&fields=provider%3Anetwork_type HTTP/1.1" status: 200 len: 277 time: 0.1124375
2026-03-02 22:27:52.097 10 INFO neutron.db.ovn_revision_numbers_db [None req-1ed7fdb2-6029-406d-89d2-af961df9d437 bae74dedeb2d457ea0a93a8472d960a6 1b64dd5479734892971447471eb206cd - - default default] Successfully bumped revision number for resource 8b3b2bae-773f-450c-9c21-49db22da74da (type: subnets) to 0
2026-03-02 22:27:52.114 10 INFO neutron.wsgi [None req-1ed7fdb2-6029-406d-89d2-af961df9d437 bae74dedeb2d457ea0a93a8472d960a6 1b64dd5479734892971447471eb206cd - - default default] 10.0.0.47 "POST /v2.0/subnets HTTP/1.1" status: 201 len: 821 time: 0.3256350
2026-03-02 22:27:52.324 10 INFO neutron.plugins.ml2.drivers.ovn.mech_driver.mech_driver [None req-ab6bebf8-81d7-4154-9122-b25a1953607a - - - - - -] OVN reports status down for port: e693b75c-cc45-45bb-b3f9-5e2c92e6eefb
2026-03-02 22:27:52.480 10 INFO neutron.wsgi [req-015b7d55-205e-4d6f-a1e4-67cf150e3927 req-f5f1e595-9bc1-49a3-86f6-28d6ca4ca88e abfe2009d2b2409fb89cb0cd959cfd2f 4fbf767ee413413d949723f6856cb1fc - - default default] 10.0.0.169 "GET /v2.0/ports?device_id=9cd6edba-7853-4090-8ab4-b3cebb8e98f5 HTTP/1.1" status: 200 len: 1174 time: 0.2139714
2026-03-02 22:27:52.577 10 INFO neutron.wsgi [req-015b7d55-205e-4d6f-a1e4-67cf150e3927 req-9bf5a071-e96f-4b2a-ae6e-76bdadc3cc69 abfe2009d2b2409fb89cb0cd959cfd2f 4fbf767ee413413d949723f6856cb1fc - - default default] 10.0.0.169 "GET /v2.0/security-groups?id=a89d711e-37d0-42e6-b818-7e11f3e11e0b&fields=id&fields=name HTTP/1.1" status: 200 len: 313 time: 0.0783691
2026-03-02 22:27:52.685 9 INFO neutron.wsgi [req-5ee40da1-8828-45d7-be43-6df1a762ef4f req-0a25f55b-7529-4f7a-8365-695abc37149b abfe2009d2b2409fb89cb0cd959cfd2f 4fbf767ee413413d949723f6856cb1fc - - default default] 199.19.213.23 "GET /v2.0/ports?device_id=9cd6edba-7853-4090-8ab4-b3cebb8e98f5 HTTP/1.1" status: 200 len: 1172 time: 0.0884888
2026-03-02 22:27:52.780 10 INFO neutron.notifiers.nova [-] Nova event matching ['req-eeab9f7b-7dc0-4a94-8cf8-b2869980e253'] response: {'server_uuid': '9cd6edba-7853-4090-8ab4-b3cebb8e98f5', 'name': 'network-vif-unplugged', 'status': 'completed', 'tag': 'e693b75c-cc45-45bb-b3f9-5e2c92e6eefb', 'code': 200}
2026-03-02 22:27:52.899 10 INFO neutron.wsgi [None req-c9d83ca5-4a0a-4c16-8b3d-bc5f79c98657 cf3b1aa33049425ca3c5ac10f0dc9df4 bff5c98d564f405f82e09306726cd82b - - default default] 10.0.0.47 "DELETE /v2.0/security-groups/0fbbe2ac-aa53-419f-a25e-6d6216ab56ef HTTP/1.1" status: 204 len: 168 time: 0.2913766
2026-03-02 22:27:52.929 9 INFO neutron.api.v2.resource [None req-bf0aab8c-f79a-40ba-bfab-ddf8052c9057 cf3b1aa33049425ca3c5ac10f0dc9df4 bff5c98d564f405f82e09306726cd82b - - default default] show failed (client error): The resource could not be found.
2026-03-02 22:27:52.931 9 INFO neutron.wsgi [None req-bf0aab8c-f79a-40ba-bfab-ddf8052c9057 cf3b1aa33049425ca3c5ac10f0dc9df4 bff5c98d564f405f82e09306726cd82b - - default default] 10.0.0.47 "GET /v2.0/security-groups/0fbbe2ac-aa53-419f-a25e-6d6216ab56ef HTTP/1.1" status: 404 len: 347 time: 0.0260658
2026-03-02 22:27:52.996 10 INFO neutron.db.ovn_revision_numbers_db [None req-ab6bebf8-81d7-4154-9122-b25a1953607a - - - - - -] Successfully bumped revision number for resource e693b75c-cc45-45bb-b3f9-5e2c92e6eefb (type: ports) to 7
2026-03-02 22:27:53.179 9 INFO neutron.db.l3_db [req-5ee40da1-8828-45d7-be43-6df1a762ef4f req-0b7af7ae-63ff-4849-80e9-130fb2e46ed2 abfe2009d2b2409fb89cb0cd959cfd2f 4fbf767ee413413d949723f6856cb1fc - - default default] Floating IP ba9da4dc-06bf-411e-9102-164bfcd97dbd disassociated. External IP: 10.96.250.217, port: e693b75c-cc45-45bb-b3f9-5e2c92e6eefb.
2026-03-02 22:27:53.224 9 INFO neutron.notifiers.nova [-] Nova event matching ['req-0ce288e8-a421-47ba-ad39-fa7713b34815'] response: {'server_uuid': '86847832-b813-4de1-be2e-0c9ff4e11d4f', 'name': 'network-vif-deleted', 'tag': '463c4773-f0d3-4bd8-97f0-045aef6e734a', 'status': 'completed', 'code': 200}
2026-03-02 22:27:53.300 10 INFO neutron.db.ovn_revision_numbers_db [None req-ed74cfef-2b91-4e10-b67d-9011f137f6f7 bae74dedeb2d457ea0a93a8472d960a6 1b64dd5479734892971447471eb206cd - - default default] Successfully bumped revision number for resource 655748f8-14ed-4e71-953f-52fbbd2a40fe (type: ports) to 2
2026-03-02 22:27:53.332 9 INFO neutron.wsgi [req-5ee40da1-8828-45d7-be43-6df1a762ef4f req-0b7af7ae-63ff-4849-80e9-130fb2e46ed2 abfe2009d2b2409fb89cb0cd959cfd2f 4fbf767ee413413d949723f6856cb1fc - - default default] 199.19.213.23 "DELETE /v2.0/ports/e693b75c-cc45-45bb-b3f9-5e2c92e6eefb HTTP/1.1" status: 204 len: 173 time: 0.6418259
2026-03-02 22:27:53.384 10 INFO neutron.db.ovn_revision_numbers_db [None req-ed74cfef-2b91-4e10-b67d-9011f137f6f7 bae74dedeb2d457ea0a93a8472d960a6 1b64dd5479734892971447471eb206cd - - default default] Successfully bumped revision number for resource 8b3b2bae-773f-450c-9c21-49db22da74da (type: subnets) to 1
2026-03-02 22:27:53.388 10 INFO neutron.wsgi [None req-ed74cfef-2b91-4e10-b67d-9011f137f6f7 bae74dedeb2d457ea0a93a8472d960a6 1b64dd5479734892971447471eb206cd - - default default] 10.0.0.47 "PUT /v2.0/subnets/8b3b2bae-773f-450c-9c21-49db22da74da HTTP/1.1" status: 200 len: 826 time: 1.2684181 /var/lib/openstack/lib/python3.10/site-packages/pycadf/identifier.py:71: UserWarning: Invalid uuid: neutron. To ensure interoperability, identifiers should be a valid uuid. warnings.warn(('Invalid uuid: %s. To ensure interoperability, '
2026-03-02 22:27:53.477 10 INFO neutron.wsgi [None req-a19a1701-8e60-466a-a1c8-87b9e896bd42 cf3b1aa33049425ca3c5ac10f0dc9df4 bff5c98d564f405f82e09306726cd82b - - default default] 10.0.0.47 "DELETE /v2.0/floatingips/e64c5c82-c598-498e-9846-4223e4cc3b87 HTTP/1.1" status: 204 len: 168 time: 0.5413418
2026-03-02 22:27:53.986 10 INFO neutron.wsgi [req-34967480-07a1-428b-a882-568658c6bcff req-15197d34-de4c-4b83-918f-e31d6ee25727 abfe2009d2b2409fb89cb0cd959cfd2f 4fbf767ee413413d949723f6856cb1fc - - default default] 10.0.0.169 "GET /v2.0/ports?device_id=9cd6edba-7853-4090-8ab4-b3cebb8e98f5 HTTP/1.1" status: 200 len: 210 time: 0.0348260
2026-03-02 22:27:54.438 10 INFO neutron.services.segments.plugin [-] Segment 3437210d-41a1-4789-a494-dcca40757eb8 resource provider aggregate not found
