2026-03-11 18:00:27.028 8 INFO neutron.db.ovn_revision_numbers_db [None req-a23551eb-d1f1-44c6-83ad-f90ac3f899a1 27ee6e7eaf9f4381a91f3a98e46b797c 19da8c34edb84e619f958ecc82a2d7bf - - default default] Successfully bumped revision number for resource c292d2d9-7a2a-4c66-a12a-8f41d4ffe2d1 (type: security_group_rules) to 0
2026-03-11 18:00:27.044 8 INFO neutron.db.ovn_revision_numbers_db [None req-a23551eb-d1f1-44c6-83ad-f90ac3f899a1 27ee6e7eaf9f4381a91f3a98e46b797c 19da8c34edb84e619f958ecc82a2d7bf - - default default] Successfully bumped revision number for resource dae9c4ea-47aa-4247-9b10-1ada26899900 (type: security_group_rules) to 0 [pid: 8|app: 0|req: 960/1856] 10.0.0.43 () {32 vars in 771 bytes} [Wed Mar 11 18:00:26 2026] GET /v2.0/security-groups?tenant_id=f17dbe38d3994007a7e10b7b030ea686&name=default => generated 2925 bytes in 425 msecs (HTTP/1.1 200) 4 headers in 158 bytes (1 switches on core 0) [pid: 7|app: 0|req: 897/1857] 10.0.0.43 () {32 vars in 737 bytes} [Wed Mar 11 18:00:27 2026] DELETE /v2.0/security-groups/aa9dd1a3-6ae1-4ed8-8260-c68e8b2aec62 => generated 0 bytes in 265 msecs (HTTP/1.1 204) 2 headers in 112 bytes (1 switches on core 0)
2026-03-11 18:00:27.599 7 INFO neutron.db.ovn_revision_numbers_db [None req-14489887-3af7-4d63-8711-ddf8cb5d6d94 27ee6e7eaf9f4381a91f3a98e46b797c 19da8c34edb84e619f958ecc82a2d7bf - - default default] Successfully bumped revision number for resource 9dd949a0-91c9-4322-b1b5-881cc8aaaadd (type: security_groups) to 1
2026-03-11 18:00:27.608 7 INFO neutron.db.ovn_revision_numbers_db [None req-14489887-3af7-4d63-8711-ddf8cb5d6d94 27ee6e7eaf9f4381a91f3a98e46b797c 19da8c34edb84e619f958ecc82a2d7bf - - default default] Successfully bumped revision number for resource 0ddd476a-bcd3-494f-bcf2-d8fa300aeba0 (type: security_group_rules) to 0
2026-03-11 18:00:27.623 7 INFO neutron.db.ovn_revision_numbers_db [None req-14489887-3af7-4d63-8711-ddf8cb5d6d94 27ee6e7eaf9f4381a91f3a98e46b797c 19da8c34edb84e619f958ecc82a2d7bf - - default default] Successfully bumped revision number for resource 9e4dede3-2c3f-43fa-8bd5-1ddcfa30dfbe (type: security_group_rules) to 0
2026-03-11 18:00:27.632 7 INFO neutron.db.ovn_revision_numbers_db [None req-14489887-3af7-4d63-8711-ddf8cb5d6d94 27ee6e7eaf9f4381a91f3a98e46b797c 19da8c34edb84e619f958ecc82a2d7bf - - default default] Successfully bumped revision number for resource adcc59c4-66cc-4969-8331-f594607b32dc (type: security_group_rules) to 0
2026-03-11 18:00:27.642 7 INFO neutron.db.ovn_revision_numbers_db [None req-14489887-3af7-4d63-8711-ddf8cb5d6d94 27ee6e7eaf9f4381a91f3a98e46b797c 19da8c34edb84e619f958ecc82a2d7bf - - default default] Successfully bumped revision number for resource c4364315-31bc-44b5-8475-a9d0be139490 (type: security_group_rules) to 0 [pid: 7|app: 0|req: 898/1858] 10.0.0.43 () {32 vars in 771 bytes} [Wed Mar 11 18:00:27 2026] GET /v2.0/security-groups?tenant_id=0fa8906667064dbb94d87e2bfefbce9a&name=default => generated 2925 bytes in 236 msecs (HTTP/1.1 200) 4 headers in 158 bytes (1 switches on core 0)
2026-03-11 18:00:27.759 8 INFO neutron.db.ovn_revision_numbers_db [None req-af994931-7917-4566-9e59-de7fef778e25 27ee6e7eaf9f4381a91f3a98e46b797c 19da8c34edb84e619f958ecc82a2d7bf - - default default] Successfully bumped revision number for resource 3e3294fb-8927-4a86-b8af-462257fad7d7 (type: security_groups) to 1
2026-03-11 18:00:27.772 8 INFO neutron.db.ovn_revision_numbers_db [None req-af994931-7917-4566-9e59-de7fef778e25 27ee6e7eaf9f4381a91f3a98e46b797c 19da8c34edb84e619f958ecc82a2d7bf - - default default] Successfully bumped revision number for resource 9854f9eb-c415-42f5-ba38-89f58a450672 (type: security_group_rules) to 0
2026-03-11 18:00:27.787 8 INFO neutron.db.ovn_revision_numbers_db [None req-af994931-7917-4566-9e59-de7fef778e25 27ee6e7eaf9f4381a91f3a98e46b797c 19da8c34edb84e619f958ecc82a2d7bf - - default default] Successfully bumped revision number for resource bf1fed9d-45fc-412b-8742-1f7ace49e846 (type: security_group_rules) to 0
2026-03-11 18:00:27.802 8 INFO neutron.db.ovn_revision_numbers_db [None req-af994931-7917-4566-9e59-de7fef778e25 27ee6e7eaf9f4381a91f3a98e46b797c 19da8c34edb84e619f958ecc82a2d7bf - - default default] Successfully bumped revision number for resource f932e5fc-4cba-4047-aef2-7f5f4357421f (type: security_group_rules) to 0
2026-03-11 18:00:27.817 8 INFO neutron.db.ovn_revision_numbers_db [None req-af994931-7917-4566-9e59-de7fef778e25 27ee6e7eaf9f4381a91f3a98e46b797c 19da8c34edb84e619f958ecc82a2d7bf - - default default] Successfully bumped revision number for resource febb439b-19f3-45a3-ac2e-5ee3bd278556 (type: security_group_rules) to 0
2026-03-11 18:00:27.915 8 INFO neutron.db.segments_db [None req-af994931-7917-4566-9e59-de7fef778e25 27ee6e7eaf9f4381a91f3a98e46b797c 19da8c34edb84e619f958ecc82a2d7bf - - default default] Added segment f8bf339d-5ed6-4cef-b220-d3fad5048326 of type geneve for network 0f059176-f651-4a79-ad43-c7b4b3785671 [pid: 7|app: 0|req: 899/1859] 10.0.0.43 () {32 vars in 737 bytes} [Wed Mar 11 18:00:27 2026] DELETE /v2.0/security-groups/9dd949a0-91c9-4322-b1b5-881cc8aaaadd => generated 0 bytes in 293 msecs (HTTP/1.1 204) 2 headers in 112 bytes (1 switches on core 0)
2026-03-11 18:00:28.060 8 INFO neutron.db.ovn_revision_numbers_db [None req-af994931-7917-4566-9e59-de7fef778e25 27ee6e7eaf9f4381a91f3a98e46b797c 19da8c34edb84e619f958ecc82a2d7bf - - default default] Successfully bumped revision number for resource 0f059176-f651-4a79-ad43-c7b4b3785671 (type: networks) to 1
2026-03-11 18:00:28.210 8 WARNING neutron.scheduler.dhcp_agent_scheduler [None req-af994931-7917-4566-9e59-de7fef778e25 27ee6e7eaf9f4381a91f3a98e46b797c 19da8c34edb84e619f958ecc82a2d7bf - - default default] No more DHCP agents
2026-03-11 18:00:28.213 8 WARNING neutron.api.rpc.agentnotifiers.dhcp_rpc_agent_api [None req-af994931-7917-4566-9e59-de7fef778e25 27ee6e7eaf9f4381a91f3a98e46b797c 19da8c34edb84e619f958ecc82a2d7bf - - default default] Unable to schedule network 0f059176-f651-4a79-ad43-c7b4b3785671: no agents available; will retry on subsequent port and subnet creation events.
2026-03-11 18:00:28.280 8 INFO neutron.plugins.ml2.drivers.ovn.mech_driver.mech_driver [None req-13afbf8d-c27e-4b5a-afc5-5b536bcea770 - - - - - -] OVN reports status down for port: 4afb8a44-e224-4abb-8aef-76d4928eee78
2026-03-11 18:00:28.346 8 INFO neutron.db.ovn_revision_numbers_db [None req-af994931-7917-4566-9e59-de7fef778e25 27ee6e7eaf9f4381a91f3a98e46b797c 19da8c34edb84e619f958ecc82a2d7bf - - default default] Successfully bumped revision number for resource 4afb8a44-e224-4abb-8aef-76d4928eee78 (type: ports) to 1 [pid: 8|app: 0|req: 961/1860] 10.0.0.43 () {34 vars in 668 bytes} [Wed Mar 11 18:00:27 2026] POST /v2.0/networks => generated 762 bytes in 1016 msecs (HTTP/1.1 201) 4 headers in 162 bytes (1 switches on core 0) [pid: 8|app: 0|req: 962/1861] 10.0.0.153 () {34 vars in 988 bytes} [Wed Mar 11 18:00:28 2026] GET /v2.0/ports?device_id=cd4d1d67-3e76-4a01-99f6-e025647c9e14 => generated 1209 bytes in 36 msecs (HTTP/1.1 200) 4 headers in 158 bytes (1 switches on core 0) [pid: 8|app: 0|req: 963/1862] 10.0.0.153 () {34 vars in 1038 bytes} [Wed Mar 11 18:00:28 2026] GET /v2.0/security-groups?id=2271f747-78a3-4ff5-825a-9428883c250a&fields=id&fields=name => generated 114 bytes in 27 msecs (HTTP/1.1 200) 4 headers in 157 bytes (1 switches on core 0)
2026-03-11 18:00:28.527 7 WARNING neutron.scheduler.dhcp_agent_scheduler [None req-c354fe49-e845-4a22-a7cf-4021c4119380 27ee6e7eaf9f4381a91f3a98e46b797c 19da8c34edb84e619f958ecc82a2d7bf - - default default] No more DHCP agents
2026-03-11 18:00:28.528 7 WARNING neutron.api.rpc.agentnotifiers.dhcp_rpc_agent_api [None req-c354fe49-e845-4a22-a7cf-4021c4119380 27ee6e7eaf9f4381a91f3a98e46b797c 19da8c34edb84e619f958ecc82a2d7bf - - default default] Unable to schedule network 0f059176-f651-4a79-ad43-c7b4b3785671: no agents available; will retry on subsequent port and subnet creation events.
2026-03-11 18:00:28.909 7 INFO neutron.db.ovn_revision_numbers_db [None req-0ffbe433-f374-4bb7-a724-10bd2f0d6816 - - - - - -] Successfully bumped revision number for resource 4afb8a44-e224-4abb-8aef-76d4928eee78 (type: ports) to 2
2026-03-11 18:00:28.942 7 INFO neutron.db.ovn_revision_numbers_db [None req-0ffbe433-f374-4bb7-a724-10bd2f0d6816 - - - - - -] Successfully bumped revision number for resource 6e904fb8-4a06-4798-842a-16419a79b85d (type: subnets) to 0 [pid: 7|app: 0|req: 900/1863] 10.0.0.43 () {34 vars in 666 bytes} [Wed Mar 11 18:00:28 2026] POST /v2.0/subnets => generated 687 bytes in 552 msecs (HTTP/1.1 201) 4 headers in 162 bytes (1 switches on core 0) [pid: 7|app: 0|req: 901/1864] 10.0.0.43 () {32 vars in 823 bytes} [Wed Mar 11 18:00:29 2026] GET /v2.0/ports?project_id=0e5520ea77ea4af8b6a51dab5535b94c&network_id=fb9745a2-5c42-4778-a3e3-a109ce3d9633 => generated 3315 bytes in 64 msecs (HTTP/1.1 200) 4 headers in 158 bytes (1 switches on core 0)
2026-03-11 18:00:29.820 8 WARNING neutron.scheduler.dhcp_agent_scheduler [None req-ea973f3a-7e26-4480-81cb-02249243c9a1 27ee6e7eaf9f4381a91f3a98e46b797c 19da8c34edb84e619f958ecc82a2d7bf - - default default] No more DHCP agents
2026-03-11 18:00:29.823 8 WARNING neutron.api.rpc.agentnotifiers.dhcp_rpc_agent_api [None req-ea973f3a-7e26-4480-81cb-02249243c9a1 27ee6e7eaf9f4381a91f3a98e46b797c 19da8c34edb84e619f958ecc82a2d7bf - - default default] Unable to schedule network 9365bd94-8dae-4a27-b8f8-4986f47e7803: no agents available; will retry on subsequent port and subnet creation events.
2026-03-11 18:00:29.970 8 INFO neutron.plugins.ml2.drivers.ovn.mech_driver.mech_driver [None req-13afbf8d-c27e-4b5a-afc5-5b536bcea770 - - - - - -] OVN reports status down for port: d608fc04-0351-4738-9a62-f075a97d6b11
2026-03-11 18:00:30.030 8 INFO neutron.db.ovn_revision_numbers_db [None req-ea973f3a-7e26-4480-81cb-02249243c9a1 27ee6e7eaf9f4381a91f3a98e46b797c 19da8c34edb84e619f958ecc82a2d7bf - - default default] Successfully bumped revision number for resource d608fc04-0351-4738-9a62-f075a97d6b11 (type: ports) to 1 [pid: 7|app: 0|req: 902/1865] 10.0.0.43 () {32 vars in 739 bytes} [Wed Mar 11 18:00:30 2026] GET /v2.0/subnets?network_id=9365bd94-8dae-4a27-b8f8-4986f47e7803 => generated 667 bytes in 36 msecs (HTTP/1.1 200) 4 headers in 157 bytes (1 switches on core 0) [pid: 7|app: 0|req: 903/1866] 10.0.0.43 () {34 vars in 675 bytes} [Wed Mar 11 18:00:30 2026] POST /v2.0/qos/policies => generated 359 bytes in 224 msecs (HTTP/1.1 201) 4 headers in 162 bytes (1 switches on core 0)
2026-03-11 18:00:30.465 7 INFO neutron.db.ovn_revision_numbers_db [None req-17f24e5f-e7af-4871-a037-b62a4fb5f7a9 cf70733e21cb4dbcb17ffc233aa458af 0e5520ea77ea4af8b6a51dab5535b94c - - default default] Successfully bumped revision number for resource fd5db22d-8794-46c1-b92e-cc3a24d8a1ed (type: floatingips) to 2
2026-03-11 18:00:30.509 7 INFO neutron.db.l3_db [None req-17f24e5f-e7af-4871-a037-b62a4fb5f7a9 cf70733e21cb4dbcb17ffc233aa458af 0e5520ea77ea4af8b6a51dab5535b94c - - default default] Floating IP fd5db22d-8794-46c1-b92e-cc3a24d8a1ed disassociated. External IP: 10.96.250.218, port: 1f5ec38c-ecdb-4de5-bc15-cc032d94a1a8. [pid: 7|app: 0|req: 904/1867] 10.0.0.43 () {34 vars in 746 bytes} [Wed Mar 11 18:00:30 2026] PUT /v2.0/floatingips/fd5db22d-8794-46c1-b92e-cc3a24d8a1ed => generated 554 bytes in 238 msecs (HTTP/1.1 200) 4 headers in 157 bytes (1 switches on core 0) [pid: 7|app: 0|req: 905/1868] 10.0.0.43 () {34 vars in 675 bytes} [Wed Mar 11 18:00:30 2026] POST /v2.0/qos/policies => generated 359 bytes in 40 msecs (HTTP/1.1 201) 4 headers in 162 bytes (1 switches on core 0)
2026-03-11 18:00:30.582 7 INFO neutron.notifiers.nova [-] Nova event matching ['req-cf81f4d5-4736-4d38-a010-ae3ec491416b'] response: {'name': 'network-changed', 'server_uuid': 'cd4d1d67-3e76-4a01-99f6-e025647c9e14', 'tag': '1f5ec38c-ecdb-4de5-bc15-cc032d94a1a8', 'status': 'completed', 'code': 200} [pid: 7|app: 0|req: 906/1869] 10.0.0.43 () {32 vars in 726 bytes} [Wed Mar 11 18:00:30 2026] GET /v2.0/floatingips/fd5db22d-8794-46c1-b92e-cc3a24d8a1ed => generated 552 bytes in 30 msecs (HTTP/1.1 200) 4 headers in 157 bytes (1 switches on core 0) [pid: 7|app: 0|req: 907/1870] 10.0.0.43 () {34 vars in 675 bytes} [Wed Mar 11 18:00:30 2026] POST /v2.0/qos/policies => generated 359 bytes in 31 msecs (HTTP/1.1 201) 4 headers in 162 bytes (1 switches on core 0) [pid: 7|app: 0|req: 908/1871] 10.0.0.43 () {34 vars in 675 bytes} [Wed Mar 11 18:00:30 2026] POST /v2.0/qos/policies => generated 359 bytes in 33 msecs (HTTP/1.1 201) 4 headers in 162 bytes (1 switches on core 0)
2026-03-11 18:00:30.713 8 INFO neutron.plugins.ml2.drivers.ovn.mech_driver.ovsdb.commands [-] Schedule LRP lrp-d608fc04-0351-4738-9a62-f075a97d6b11 on gateway 22ca2d22-9552-4da4-b376-20a0a59c9168 with priority 1 [pid: 7|app: 0|req: 909/1872] 10.0.0.43 () {34 vars in 675 bytes} [Wed Mar 11 18:00:30 2026] POST /v2.0/qos/policies => generated 359 bytes in 41 msecs (HTTP/1.1 201) 4 headers in 162 bytes (1 switches on core 0) [pid: 7|app: 0|req: 910/1873] 10.0.0.43 () {34 vars in 750 bytes} [Wed Mar 11 18:00:30 2026] PUT /v2.0/policies/2483b99c-1672-4bff-9e22-cd42a28cda99/tags => generated 17 bytes in 85 msecs (HTTP/1.1 200) 4 headers in 156 bytes (1 switches on core 0)
2026-03-11 18:00:30.817 8 INFO neutron.plugins.ml2.drivers.ovn.mech_driver.mech_driver [None req-13afbf8d-c27e-4b5a-afc5-5b536bcea770 - - - - - -] OVN reports status up for port: d608fc04-0351-4738-9a62-f075a97d6b11
2026-03-11 18:00:30.824 8 INFO neutron.plugins.ml2.drivers.ovn.mech_driver.ovsdb.ovsdb_monitor [None req-a026809d-e066-4658-a6b8-84dbbe8c6fbf - - - - - -] Router 2ecf1870-c32d-4cc0-a79a-91c84144d4a4 is bound to host instance
2026-03-11 18:00:30.871 8 INFO neutron.plugins.ml2.plugin [None req-13afbf8d-c27e-4b5a-afc5-5b536bcea770 - - - - - -] Attempt 1 to provision port d608fc04-0351-4738-9a62-f075a97d6b11 [pid: 7|app: 0|req: 911/1874] 10.0.0.43 () {34 vars in 750 bytes} [Wed Mar 11 18:00:30 2026] PUT /v2.0/policies/4603bec8-e996-4eff-a237-98756e02645f/tags => generated 25 bytes in 72 msecs (HTTP/1.1 200) 4 headers in 156 bytes (1 switches on core 0) [pid: 7|app: 0|req: 912/1875] 10.0.0.43 () {34 vars in 750 bytes} [Wed Mar 11 18:00:30 2026] PUT /v2.0/policies/27831d6a-aad8-49a5-bd94-6f275ae00687/tags => generated 34 bytes in 45 msecs (HTTP/1.1 200) 4 headers in 156 bytes (1 switches on core 0)
2026-03-11 18:00:30.942 8 INFO neutron.db.ovn_revision_numbers_db [None req-ea973f3a-7e26-4480-81cb-02249243c9a1 27ee6e7eaf9f4381a91f3a98e46b797c 19da8c34edb84e619f958ecc82a2d7bf - - default default] Successfully bumped revision number for resource d608fc04-0351-4738-9a62-f075a97d6b11 (type: router_ports) to 1 [pid: 7|app: 0|req: 913/1876] 10.0.0.43 () {34 vars in 750 bytes} [Wed Mar 11 18:00:30 2026] PUT /v2.0/policies/fdc29dc6-b56f-4659-b976-84373e11d8c3/tags => generated 19 bytes in 36 msecs (HTTP/1.1 200) 4 headers in 156 bytes (1 switches on core 0)
2026-03-11 18:00:31.128 8 INFO neutron.db.ovn_revision_numbers_db [None req-ea973f3a-7e26-4480-81cb-02249243c9a1 27ee6e7eaf9f4381a91f3a98e46b797c 19da8c34edb84e619f958ecc82a2d7bf - - default default] Successfully bumped revision number for resource 2ecf1870-c32d-4cc0-a79a-91c84144d4a4 (type: routers) to 2 [pid: 7|app: 0|req: 914/1877] 199.204.45.153 () {34 vars in 1078 bytes} [Wed Mar 11 18:00:31 2026] GET /v2.0/ports?tenant_id=0e5520ea77ea4af8b6a51dab5535b94c&device_id=cd4d1d67-3e76-4a01-99f6-e025647c9e14 => generated 1209 bytes in 39 msecs (HTTP/1.1 200) 4 headers in 158 bytes (1 switches on core 0) [pid: 8|app: 0|req: 964/1878] 10.0.0.43 () {34 vars in 666 bytes} [Wed Mar 11 18:00:28 2026] POST /v2.0/routers => generated 965 bytes in 2185 msecs (HTTP/1.1 201) 4 headers in 162 bytes (1 switches on core 0) /var/lib/openstack/lib/python3.12/site-packages/pycadf/identifier.py:70: UserWarning: Invalid uuid: neutron. To ensure interoperability, identifiers should be a valid uuid. warnings.warn(('Invalid uuid: %s. To ensure interoperability, ' [pid: 7|app: 0|req: 915/1879] 199.204.45.153 () {34 vars in 984 bytes} [Wed Mar 11 18:00:31 2026] GET /v2.0/networks?id=fb9745a2-5c42-4778-a3e3-a109ce3d9633 => generated 797 bytes in 45 msecs (HTTP/1.1 200) 4 headers in 157 bytes (1 switches on core 0) [pid: 7|app: 0|req: 916/1880] 199.204.45.153 () {34 vars in 1056 bytes} [Wed Mar 11 18:00:31 2026] GET /v2.0/floatingips?fixed_ip_address=10.100.0.3&port_id=1f5ec38c-ecdb-4de5-bc15-cc032d94a1a8 => generated 19 bytes in 15 msecs (HTTP/1.1 200) 4 headers in 156 bytes (1 switches on core 0) [pid: 7|app: 0|req: 917/1881] 199.204.45.153 () {34 vars in 982 bytes} [Wed Mar 11 18:00:31 2026] GET /v2.0/subnets?id=0ea71c42-806b-4a60-8600-83c0615e15fa => generated 678 bytes in 38 msecs (HTTP/1.1 200) 4 headers in 157 bytes (1 switches on core 0) [pid: 7|app: 0|req: 918/1882] 199.204.45.153 () {34 vars in 1050 bytes} [Wed Mar 11 18:00:31 2026] GET /v2.0/ports?network_id=fb9745a2-5c42-4778-a3e3-a109ce3d9633&device_owner=network%3Adhcp => generated 12 bytes in 18 msecs (HTTP/1.1 200) 4 headers in 156 bytes (1 switches on core 0) [pid: 7|app: 0|req: 919/1883] 199.204.45.153 () {34 vars in 1010 bytes} [Wed Mar 11 18:00:31 2026] GET /v2.0/networks/fb9745a2-5c42-4778-a3e3-a109ce3d9633?fields=segments => generated 14 bytes in 37 msecs (HTTP/1.1 200) 4 headers in 156 bytes (1 switches on core 0) [pid: 7|app: 0|req: 920/1884] 10.0.0.43 () {32 vars in 671 bytes} [Wed Mar 11 18:00:31 2026] GET /v2.0/qos/policies?tags=red => generated 1101 bytes in 138 msecs (HTTP/1.1 200) 4 headers in 158 bytes (1 switches on core 0) [pid: 7|app: 0|req: 921/1885] 199.204.45.153 () {34 vars in 1110 bytes} [Wed Mar 11 18:00:31 2026] GET /v2.0/networks/fb9745a2-5c42-4778-a3e3-a109ce3d9633?fields=provider%3Aphysical_network&fields=provider%3Anetwork_type => generated 79 bytes in 40 msecs (HTTP/1.1 200) 4 headers in 156 bytes (1 switches on core 0) [pid: 7|app: 0|req: 922/1886] 10.0.0.43 () {32 vars in 685 bytes} [Wed Mar 11 18:00:31 2026] GET /v2.0/qos/policies?tags=red%2Cblue => generated 747 bytes in 47 msecs (HTTP/1.1 200) 4 headers in 157 bytes (1 switches on core 0) [pid: 7|app: 0|req: 923/1887] 10.0.0.43 () {32 vars in 681 bytes} [Wed Mar 11 18:00:31 2026] GET /v2.0/qos/policies?tags-any=blue => generated 747 bytes in 63 msecs (HTTP/1.1 200) 4 headers in 157 bytes (1 switches on core 0) [pid: 7|app: 0|req: 924/1888] 10.0.0.43 () {32 vars in 693 bytes} [Wed Mar 11 18:00:31 2026] GET /v2.0/qos/policies?tags-any=red%2Cblue => generated 1101 bytes in 69 msecs (HTTP/1.1 200) 4 headers in 158 bytes (1 switches on core 0)
2026-03-11 18:00:31.874 7 INFO neutron.db.ovn_revision_numbers_db [None req-beeb4601-b6ac-4d91-a102-75651dc8b460 cf70733e21cb4dbcb17ffc233aa458af 0e5520ea77ea4af8b6a51dab5535b94c - - default default] Successfully bumped revision number for resource 4b0b7c23-0a6a-4b51-89eb-b0bd331722e5 (type: security_groups) to 1
2026-03-11 18:00:31.886 7 INFO neutron.db.ovn_revision_numbers_db [None req-beeb4601-b6ac-4d91-a102-75651dc8b460 cf70733e21cb4dbcb17ffc233aa458af 0e5520ea77ea4af8b6a51dab5535b94c - - default default] Successfully bumped revision number for resource a255a04f-ea8c-4f04-a512-d16305d9afc7 (type: security_group_rules) to 0
2026-03-11 18:00:31.897 7 INFO neutron.db.ovn_revision_numbers_db [None req-beeb4601-b6ac-4d91-a102-75651dc8b460 cf70733e21cb4dbcb17ffc233aa458af 0e5520ea77ea4af8b6a51dab5535b94c - - default default] Successfully bumped revision number for resource ba598ec7-6d68-46a0-bf9b-71be12cb4abc (type: security_group_rules) to 0 [pid: 7|app: 0|req: 925/1889] 10.0.0.43 () {34 vars in 682 bytes} [Wed Mar 11 18:00:31 2026] POST /v2.0/security-groups => generated 1673 bytes in 246 msecs (HTTP/1.1 201) 4 headers in 163 bytes (1 switches on core 0) [pid: 7|app: 0|req: 926/1890] 10.0.0.43 () {32 vars in 679 bytes} [Wed Mar 11 18:00:31 2026] GET /v2.0/qos/policies?not-tags=red => generated 719 bytes in 43 msecs (HTTP/1.1 200) 4 headers in 157 bytes (1 switches on core 0)
2026-03-11 18:00:32.004 8 WARNING neutron.scheduler.dhcp_agent_scheduler [None req-ce850b9b-6345-4823-a24d-78c9c66d3bdb 27ee6e7eaf9f4381a91f3a98e46b797c 19da8c34edb84e619f958ecc82a2d7bf - - default default] No more DHCP agents
2026-03-11 18:00:32.007 8 WARNING neutron.api.rpc.agentnotifiers.dhcp_rpc_agent_api [None req-ce850b9b-6345-4823-a24d-78c9c66d3bdb 27ee6e7eaf9f4381a91f3a98e46b797c 19da8c34edb84e619f958ecc82a2d7bf - - default default] Unable to schedule network 0f059176-f651-4a79-ad43-c7b4b3785671: no agents available; will retry on subsequent port and subnet creation events.
2026-03-11 18:00:32.120 7 INFO neutron.db.ovn_revision_numbers_db [None req-acbde9df-2db8-4984-8251-17082ab3d84a cf70733e21cb4dbcb17ffc233aa458af 0e5520ea77ea4af8b6a51dab5535b94c - - default default] Successfully bumped revision number for resource e0d84049-d94b-4e70-b39b-bbbe83e60aa2 (type: security_group_rules) to 0 [pid: 7|app: 0|req: 927/1891] 10.0.0.43 () {34 vars in 692 bytes} [Wed Mar 11 18:00:31 2026] POST /v2.0/security-group-rules => generated 597 bytes in 170 msecs (HTTP/1.1 201) 4 headers in 162 bytes (1 switches on core 0) [pid: 7|app: 0|req: 928/1892] 10.0.0.43 () {32 vars in 693 bytes} [Wed Mar 11 18:00:32 2026] GET /v2.0/qos/policies?not-tags=red%2Cblue => generated 1073 bytes in 75 msecs (HTTP/1.1 200) 4 headers in 158 bytes (1 switches on core 0)
2026-03-11 18:00:32.316 8 INFO neutron.db.ovn_revision_numbers_db [None req-ce850b9b-6345-4823-a24d-78c9c66d3bdb 27ee6e7eaf9f4381a91f3a98e46b797c 19da8c34edb84e619f958ecc82a2d7bf - - default default] Successfully bumped revision number for resource ba5ec8be-7e1a-4a3c-a01f-4675d8930387 (type: ports) to 1
2026-03-11 18:00:32.383 7 INFO neutron.db.ovn_revision_numbers_db [None req-d0a4d0ef-95b3-497b-9638-30a83e8195a1 cf70733e21cb4dbcb17ffc233aa458af 0e5520ea77ea4af8b6a51dab5535b94c - - default default] Successfully bumped revision number for resource 4a7ddfae-acca-46f2-a45b-001eed3583c0 (type: security_group_rules) to 0 [pid: 7|app: 0|req: 929/1893] 10.0.0.43 () {34 vars in 692 bytes} [Wed Mar 11 18:00:32 2026] POST /v2.0/security-group-rules => generated 596 bytes in 184 msecs (HTTP/1.1 201) 4 headers in 162 bytes (1 switches on core 0) [pid: 7|app: 0|req: 930/1894] 10.0.0.43 () {32 vars in 689 bytes} [Wed Mar 11 18:00:32 2026] GET /v2.0/qos/policies?not-tags-any=blue => generated 1073 bytes in 86 msecs (HTTP/1.1 200) 4 headers in 158 bytes (1 switches on core 0)
2026-03-11 18:00:32.508 8 INFO neutron.db.ovn_revision_numbers_db [None req-e2f0d339-bd38-463f-a1be-6ccd8f533535 - - - - - -] Successfully bumped revision number for resource d608fc04-0351-4738-9a62-f075a97d6b11 (type: ports) to 4
2026-03-11 18:00:32.659 7 INFO neutron.db.ovn_revision_numbers_db [None req-79253e9e-46f9-4fb5-9079-f506383d1bdf cf70733e21cb4dbcb17ffc233aa458af 0e5520ea77ea4af8b6a51dab5535b94c - - default default] Successfully bumped revision number for resource 9ad9f584-b056-49b0-9324-bdddf8880da3 (type: security_group_rules) to 0 [pid: 7|app: 0|req: 931/1895] 10.0.0.43 () {34 vars in 692 bytes} [Wed Mar 11 18:00:32 2026] POST /v2.0/security-group-rules => generated 602 bytes in 185 msecs (HTTP/1.1 201) 4 headers in 162 bytes (1 switches on core 0) [pid: 7|app: 0|req: 932/1896] 10.0.0.43 () {32 vars in 701 bytes} [Wed Mar 11 18:00:32 2026] GET /v2.0/qos/policies?not-tags-any=red%2Cblue => generated 719 bytes in 45 msecs (HTTP/1.1 200) 4 headers in 157 bytes (1 switches on core 0)
2026-03-11 18:00:32.878 7 INFO neutron.db.ovn_revision_numbers_db [None req-96690340-8ccb-47f0-bce9-e4042208d623 cf70733e21cb4dbcb17ffc233aa458af 0e5520ea77ea4af8b6a51dab5535b94c - - default default] Successfully bumped revision number for resource 44617ca8-5f21-44d0-962e-ee146baf9dcb (type: security_group_rules) to 0 [pid: 7|app: 0|req: 933/1897] 10.0.0.43 () {34 vars in 692 bytes} [Wed Mar 11 18:00:32 2026] POST /v2.0/security-group-rules => generated 601 bytes in 187 msecs (HTTP/1.1 201) 4 headers in 162 bytes (1 switches on core 0) [pid: 7|app: 0|req: 934/1898] 10.0.0.43 () {32 vars in 731 bytes} [Wed Mar 11 18:00:32 2026] DELETE /v2.0/qos/policies/2483b99c-1672-4bff-9e22-cd42a28cda99 => generated 0 bytes in 49 msecs (HTTP/1.1 204) 2 headers in 112 bytes (1 switches on core 0)
2026-03-11 18:00:32.999 7 INFO neutron.db.securitygroups_db [None req-086520c6-9967-4d9a-b2b6-76bcef11f286 cf70733e21cb4dbcb17ffc233aa458af 0e5520ea77ea4af8b6a51dab5535b94c - - default default] Project 0e5520ea77ea4af8b6a51dab5535b94c added a security group rule with legacy IPv6 ICMP protocol name icmp, ipv6-icmp should be used instead. It was automatically converted.
2026-03-11 18:00:33.121 7 INFO neutron.db.ovn_revision_numbers_db [None req-086520c6-9967-4d9a-b2b6-76bcef11f286 cf70733e21cb4dbcb17ffc233aa458af 0e5520ea77ea4af8b6a51dab5535b94c - - default default] Successfully bumped revision number for resource 7e232d7e-8453-4985-b3b8-b76c63032e96 (type: security_group_rules) to 0 [pid: 7|app: 0|req: 935/1899] 10.0.0.43 () {34 vars in 692 bytes} [Wed Mar 11 18:00:32 2026] POST /v2.0/security-group-rules => generated 607 bytes in 209 msecs (HTTP/1.1 201) 4 headers in 162 bytes (1 switches on core 0) [pid: 7|app: 0|req: 936/1900] 10.0.0.43 () {32 vars in 731 bytes} [Wed Mar 11 18:00:33 2026] DELETE /v2.0/qos/policies/4603bec8-e996-4eff-a237-98756e02645f => generated 0 bytes in 70 msecs (HTTP/1.1 204) 2 headers in 112 bytes (1 switches on core 0)
2026-03-11 18:00:33.293 7 INFO neutron.db.securitygroups_db [None req-7c18e177-b2fa-4532-af09-64c511ffc3e2 cf70733e21cb4dbcb17ffc233aa458af 0e5520ea77ea4af8b6a51dab5535b94c - - default default] Project 0e5520ea77ea4af8b6a51dab5535b94c added a security group rule with legacy IPv6 ICMP protocol name icmp, ipv6-icmp should be used instead. It was automatically converted.
2026-03-11 18:00:33.334 8 INFO neutron.db.ovn_revision_numbers_db [None req-e2f0d339-bd38-463f-a1be-6ccd8f533535 - - - - - -] Successfully bumped revision number for resource d608fc04-0351-4738-9a62-f075a97d6b11 (type: ports) to 5
2026-03-11 18:00:33.462 7 INFO neutron.db.ovn_revision_numbers_db [None req-7c18e177-b2fa-4532-af09-64c511ffc3e2 cf70733e21cb4dbcb17ffc233aa458af 0e5520ea77ea4af8b6a51dab5535b94c - - default default] Successfully bumped revision number for resource d791190c-b178-47cd-8f19-4ddbba504541 (type: security_group_rules) to 0 [pid: 7|app: 0|req: 937/1901] 10.0.0.43 () {34 vars in 692 bytes} [Wed Mar 11 18:00:33 2026] POST /v2.0/security-group-rules => generated 606 bytes in 242 msecs (HTTP/1.1 201) 4 headers in 162 bytes (1 switches on core 0) [pid: 7|app: 0|req: 938/1902] 10.0.0.43 () {32 vars in 731 bytes} [Wed Mar 11 18:00:33 2026] DELETE /v2.0/qos/policies/27831d6a-aad8-49a5-bd94-6f275ae00687 => generated 0 bytes in 48 msecs (HTTP/1.1 204) 2 headers in 112 bytes (1 switches on core 0)
2026-03-11 18:00:33.573 8 WARNING neutron.scheduler.dhcp_agent_scheduler [None req-ce850b9b-6345-4823-a24d-78c9c66d3bdb 27ee6e7eaf9f4381a91f3a98e46b797c 19da8c34edb84e619f958ecc82a2d7bf - - default default] No more DHCP agents
2026-03-11 18:00:33.574 8 WARNING neutron.api.rpc.agentnotifiers.dhcp_rpc_agent_api [None req-ce850b9b-6345-4823-a24d-78c9c66d3bdb 27ee6e7eaf9f4381a91f3a98e46b797c 19da8c34edb84e619f958ecc82a2d7bf - - default default] Unable to schedule network 0f059176-f651-4a79-ad43-c7b4b3785671: no agents available; will retry on subsequent port and subnet creation events. [pid: 7|app: 0|req: 939/1903] 10.0.0.43 () {32 vars in 731 bytes} [Wed Mar 11 18:00:33 2026] DELETE /v2.0/qos/policies/fdc29dc6-b56f-4659-b976-84373e11d8c3 => generated 0 bytes in 42 msecs (HTTP/1.1 204) 2 headers in 112 bytes (1 switches on core 0) [pid: 7|app: 0|req: 940/1904] 10.0.0.43 () {32 vars in 731 bytes} [Wed Mar 11 18:00:33 2026] DELETE /v2.0/qos/policies/542acfac-9deb-4c7a-9751-6d33554d280b => generated 0 bytes in 63 msecs (HTTP/1.1 204) 2 headers in 112 bytes (1 switches on core 0)
2026-03-11 18:00:34.076 7 INFO neutron.db.ovn_revision_numbers_db [None req-dbd538b2-c92b-41f5-b924-14e9e4e052e2 27ee6e7eaf9f4381a91f3a98e46b797c 19da8c34edb84e619f958ecc82a2d7bf - - default default] Successfully bumped revision number for resource c21ac851-975c-4ff2-878e-8cab0f0c641a (type: security_groups) to 1
2026-03-11 18:00:34.089 7 INFO neutron.db.ovn_revision_numbers_db [None req-dbd538b2-c92b-41f5-b924-14e9e4e052e2 27ee6e7eaf9f4381a91f3a98e46b797c 19da8c34edb84e619f958ecc82a2d7bf - - default default] Successfully bumped revision number for resource 0fadd456-fe40-4eb2-a1df-cecb2fc4675d (type: security_group_rules) to 0
2026-03-11 18:00:34.104 7 INFO neutron.db.ovn_revision_numbers_db [None req-dbd538b2-c92b-41f5-b924-14e9e4e052e2 27ee6e7eaf9f4381a91f3a98e46b797c 19da8c34edb84e619f958ecc82a2d7bf - - default default] Successfully bumped revision number for resource 4fc4c39a-8c7f-49ea-ba53-7e7ebdb431cc (type: security_group_rules) to 0
2026-03-11 18:00:34.116 8 INFO neutron.plugins.ml2.drivers.ovn.mech_driver.mech_driver [None req-13afbf8d-c27e-4b5a-afc5-5b536bcea770 - - - - - -] OVN reports status down for port: ba5ec8be-7e1a-4a3c-a01f-4675d8930387
2026-03-11 18:00:34.124 7 INFO neutron.db.ovn_revision_numbers_db [None req-dbd538b2-c92b-41f5-b924-14e9e4e052e2 27ee6e7eaf9f4381a91f3a98e46b797c 19da8c34edb84e619f958ecc82a2d7bf - - default default] Successfully bumped revision number for resource caccd114-6135-408a-a07d-7dde54a6a5d6 (type: security_group_rules) to 0
2026-03-11 18:00:34.146 7 INFO neutron.db.ovn_revision_numbers_db [None req-dbd538b2-c92b-41f5-b924-14e9e4e052e2 27ee6e7eaf9f4381a91f3a98e46b797c 19da8c34edb84e619f958ecc82a2d7bf - - default default] Successfully bumped revision number for resource e20bb06f-9864-4361-8647-17d48a2b761d (type: security_group_rules) to 0
2026-03-11 18:00:34.176 8 INFO neutron.db.ovn_revision_numbers_db [None req-ce850b9b-6345-4823-a24d-78c9c66d3bdb 27ee6e7eaf9f4381a91f3a98e46b797c 19da8c34edb84e619f958ecc82a2d7bf - - default default] Successfully bumped revision number for resource ba5ec8be-7e1a-4a3c-a01f-4675d8930387 (type: router_ports) to 1 [pid: 8|app: 0|req: 965/1905] 10.0.0.43 () {34 vars in 780 bytes} [Wed Mar 11 18:00:31 2026] PUT /v2.0/routers/2ecf1870-c32d-4cc0-a79a-91c84144d4a4/add_router_interface => generated 309 bytes in 3022 msecs (HTTP/1.1 200) 4 headers in 157 bytes (1 switches on core 0) [pid: 7|app: 0|req: 941/1906] 10.0.0.43 () {32 vars in 771 bytes} [Wed Mar 11 18:00:33 2026] GET /v2.0/security-groups?tenant_id=8e91e753be8148dbb90049b6a3706c02&name=default => generated 2925 bytes in 538 msecs (HTTP/1.1 200) 4 headers in 158 bytes (1 switches on core 0)
2026-03-11 18:00:34.241 8 WARNING neutron.plugins.ml2.drivers.ovn.mech_driver.ovsdb.ovn_client [None req-13afbf8d-c27e-4b5a-afc5-5b536bcea770 - - - - - -] Logical_Switch_Port %s host information not removed, the port state is up
2026-03-11 18:00:34.242 8 INFO neutron.plugins.ml2.drivers.ovn.mech_driver.mech_driver [None req-13afbf8d-c27e-4b5a-afc5-5b536bcea770 - - - - - -] OVN reports status up for port: ba5ec8be-7e1a-4a3c-a01f-4675d8930387
2026-03-11 18:00:34.253 8 INFO neutron.plugins.ml2.plugin [None req-13afbf8d-c27e-4b5a-afc5-5b536bcea770 - - - - - -] Attempt 1 to provision port ba5ec8be-7e1a-4a3c-a01f-4675d8930387 [pid: 7|app: 0|req: 942/1907] 10.0.0.43 () {32 vars in 737 bytes} [Wed Mar 11 18:00:34 2026] DELETE /v2.0/security-groups/c21ac851-975c-4ff2-878e-8cab0f0c641a => generated 0 bytes in 290 msecs (HTTP/1.1 204) 2 headers in 112 bytes (1 switches on core 0) [pid: 8|app: 0|req: 966/1908] 10.0.0.43 () {32 vars in 646 bytes} [Wed Mar 11 18:00:34 2026] GET /v2.0/networks => generated 1374 bytes in 369 msecs (HTTP/1.1 200) 4 headers in 158 bytes (1 switches on core 0)
2026-03-11 18:00:34.716 7 INFO neutron.db.ovn_revision_numbers_db [None req-8023e5c5-4c55-4f13-8bd7-63bcbe6cfa42 27ee6e7eaf9f4381a91f3a98e46b797c 19da8c34edb84e619f958ecc82a2d7bf - - default default] Successfully bumped revision number for resource 593d7ff5-5be5-41f6-9790-b223b7260209 (type: security_groups) to 1
2026-03-11 18:00:34.726 7 INFO neutron.db.ovn_revision_numbers_db [None req-8023e5c5-4c55-4f13-8bd7-63bcbe6cfa42 27ee6e7eaf9f4381a91f3a98e46b797c 19da8c34edb84e619f958ecc82a2d7bf - - default default] Successfully bumped revision number for resource 0e0b0817-310c-4360-9a93-706b1085e1dc (type: security_group_rules) to 0
2026-03-11 18:00:34.736 7 INFO neutron.db.ovn_revision_numbers_db [None req-8023e5c5-4c55-4f13-8bd7-63bcbe6cfa42 27ee6e7eaf9f4381a91f3a98e46b797c 19da8c34edb84e619f958ecc82a2d7bf - - default default] Successfully bumped revision number for resource 420d51cc-1894-41f6-a6be-b213fd5c1f9d (type: security_group_rules) to 0
2026-03-11 18:00:34.748 7 INFO neutron.db.ovn_revision_numbers_db [None req-8023e5c5-4c55-4f13-8bd7-63bcbe6cfa42 27ee6e7eaf9f4381a91f3a98e46b797c 19da8c34edb84e619f958ecc82a2d7bf - - default default] Successfully bumped revision number for resource 456354e0-ace8-4391-b3bc-4e5513665539 (type: security_group_rules) to 0
2026-03-11 18:00:34.760 7 INFO neutron.db.ovn_revision_numbers_db [None req-8023e5c5-4c55-4f13-8bd7-63bcbe6cfa42 27ee6e7eaf9f4381a91f3a98e46b797c 19da8c34edb84e619f958ecc82a2d7bf - - default default] Successfully bumped revision number for resource b4e52ffe-31d2-4413-a462-06de1ad2b15a (type: security_group_rules) to 0 [pid: 7|app: 0|req: 943/1909] 10.0.0.43 () {32 vars in 771 bytes} [Wed Mar 11 18:00:34 2026] GET /v2.0/security-groups?tenant_id=008d7c077eb6482cb60b5e2589d12be8&name=default => generated 2925 bytes in 314 msecs (HTTP/1.1 200) 4 headers in 158 bytes (1 switches on core 0) [pid: 7|app: 0|req: 944/1910] 10.0.0.107 () {34 vars in 1096 bytes} [Wed Mar 11 18:00:34 2026] GET /v2.0/security-groups?name=tempest-secgroup-smoke-450629356&fields=id&tenant_id=0e5520ea77ea4af8b6a51dab5535b94c => generated 69 bytes in 40 msecs (HTTP/1.1 200) 4 headers in 156 bytes (1 switches on core 0)
2026-03-11 18:00:34.930 8 INFO neutron.db.ovn_revision_numbers_db [None req-50bcb664-93f2-417c-aecf-18e1f5fa37aa 27ee6e7eaf9f4381a91f3a98e46b797c 19da8c34edb84e619f958ecc82a2d7bf - - default default] Successfully bumped revision number for resource e2769fe8-f399-4f19-9ba7-df97a52e0978 (type: security_groups) to 1
2026-03-11 18:00:34.955 8 INFO neutron.db.ovn_revision_numbers_db [None req-50bcb664-93f2-417c-aecf-18e1f5fa37aa 27ee6e7eaf9f4381a91f3a98e46b797c 19da8c34edb84e619f958ecc82a2d7bf - - default default] Successfully bumped revision number for resource 1748668b-349f-424a-9af2-37e5d0285b3c (type: security_group_rules) to 0
2026-03-11 18:00:34.972 8 INFO neutron.db.ovn_revision_numbers_db [None req-50bcb664-93f2-417c-aecf-18e1f5fa37aa 27ee6e7eaf9f4381a91f3a98e46b797c 19da8c34edb84e619f958ecc82a2d7bf - - default default] Successfully bumped revision number for resource 39caf180-f148-41e8-9b73-0963bbbeb5d8 (type: security_group_rules) to 0
2026-03-11 18:00:34.996 8 INFO neutron.db.ovn_revision_numbers_db [None req-50bcb664-93f2-417c-aecf-18e1f5fa37aa 27ee6e7eaf9f4381a91f3a98e46b797c 19da8c34edb84e619f958ecc82a2d7bf - - default default] Successfully bumped revision number for resource a0a80b13-ca57-4bc4-b74f-d260eb699fb2 (type: security_group_rules) to 0
2026-03-11 18:00:35.036 8 INFO neutron.db.ovn_revision_numbers_db [None req-50bcb664-93f2-417c-aecf-18e1f5fa37aa 27ee6e7eaf9f4381a91f3a98e46b797c 19da8c34edb84e619f958ecc82a2d7bf - - default default] Successfully bumped revision number for resource d6499bf4-741a-4a57-8afe-ca205353bc85 (type: security_group_rules) to 0
2026-03-11 18:00:35.069 8 INFO neutron.db.ovn_revision_numbers_db [None req-13afbf8d-c27e-4b5a-afc5-5b536bcea770 - - - - - -] Successfully bumped revision number for resource ba5ec8be-7e1a-4a3c-a01f-4675d8930387 (type: ports) to 2 [pid: 8|app: 0|req: 967/1911] 10.0.0.43 () {32 vars in 771 bytes} [Wed Mar 11 18:00:34 2026] GET /v2.0/security-groups?tenant_id=ab2c84543a304f08a55f8ae1fa055e3f&name=default => generated 2925 bytes in 569 msecs (HTTP/1.1 200) 4 headers in 158 bytes (1 switches on core 0) [pid: 7|app: 0|req: 945/1912] 10.0.0.43 () {32 vars in 737 bytes} [Wed Mar 11 18:00:34 2026] DELETE /v2.0/security-groups/593d7ff5-5be5-41f6-9790-b223b7260209 => generated 0 bytes in 437 msecs (HTTP/1.1 204) 2 headers in 112 bytes (1 switches on core 0) [pid: 8|app: 0|req: 968/1913] 10.0.0.107 () {34 vars in 980 bytes} [Wed Mar 11 18:00:35 2026] GET /v2.0/networks?id=fb9745a2-5c42-4778-a3e3-a109ce3d9633 => generated 699 bytes in 187 msecs (HTTP/1.1 200) 4 headers in 157 bytes (1 switches on core 0)
2026-03-11 18:00:35.548 8 INFO neutron.db.ovn_revision_numbers_db [None req-d15c89b7-0c99-4a9c-9c7b-84cbc95f2759 27ee6e7eaf9f4381a91f3a98e46b797c 19da8c34edb84e619f958ecc82a2d7bf - - default default] Successfully bumped revision number for resource 93b436ba-417a-4e65-b2dc-4501f302f8c4 (type: security_groups) to 1
2026-03-11 18:00:35.567 8 INFO neutron.db.ovn_revision_numbers_db [None req-d15c89b7-0c99-4a9c-9c7b-84cbc95f2759 27ee6e7eaf9f4381a91f3a98e46b797c 19da8c34edb84e619f958ecc82a2d7bf - - default default] Successfully bumped revision number for resource 0e288ea5-8034-4fd2-bc38-3ec4f997011a (type: security_group_rules) to 0
2026-03-11 18:00:35.583 8 INFO neutron.db.ovn_revision_numbers_db [None req-d15c89b7-0c99-4a9c-9c7b-84cbc95f2759 27ee6e7eaf9f4381a91f3a98e46b797c 19da8c34edb84e619f958ecc82a2d7bf - - default default] Successfully bumped revision number for resource 3b094f24-a503-4521-a94b-1b73474f6439 (type: security_group_rules) to 0 [pid: 7|app: 0|req: 946/1914] 10.0.0.43 () {32 vars in 737 bytes} [Wed Mar 11 18:00:35 2026] DELETE /v2.0/security-groups/e2769fe8-f399-4f19-9ba7-df97a52e0978 => generated 0 bytes in 301 msecs (HTTP/1.1 204) 2 headers in 112 bytes (1 switches on core 0) [pid: 7|app: 0|req: 947/1915] 10.0.0.107 () {34 vars in 963 bytes} [Wed Mar 11 18:00:35 2026] GET /v2.0/quotas/0e5520ea77ea4af8b6a51dab5535b94c => generated 292 bytes in 7 msecs (HTTP/1.1 200) 4 headers in 157 bytes (1 switches on core 0)
2026-03-11 18:00:35.596 8 INFO neutron.db.ovn_revision_numbers_db [None req-d15c89b7-0c99-4a9c-9c7b-84cbc95f2759 27ee6e7eaf9f4381a91f3a98e46b797c 19da8c34edb84e619f958ecc82a2d7bf - - default default] Successfully bumped revision number for resource 6a434443-253b-4382-8e93-f2030ec96d5a (type: security_group_rules) to 0
2026-03-11 18:00:35.608 8 INFO neutron.db.ovn_revision_numbers_db [None req-d15c89b7-0c99-4a9c-9c7b-84cbc95f2759 27ee6e7eaf9f4381a91f3a98e46b797c 19da8c34edb84e619f958ecc82a2d7bf - - default default] Successfully bumped revision number for resource 8f1f680e-f02d-4ee9-b424-d02e78df9a00 (type: security_group_rules) to 0
2026-03-11 18:00:35.687 8 INFO neutron.db.segments_db [None req-d15c89b7-0c99-4a9c-9c7b-84cbc95f2759 27ee6e7eaf9f4381a91f3a98e46b797c 19da8c34edb84e619f958ecc82a2d7bf - - default default] Added segment 5315ea07-8e66-40c0-8543-afd77a480cda of type geneve for network d7535123-bace-4d6f-81c3-6d2adf5ae574
2026-03-11 18:00:35.757 7 INFO neutron.db.ovn_revision_numbers_db [None req-aa194760-11b5-4016-9f7b-ddc016dcbe00 27ee6e7eaf9f4381a91f3a98e46b797c 19da8c34edb84e619f958ecc82a2d7bf - - default default] Successfully bumped revision number for resource 3ebbdc51-5a39-4680-93ab-1f0ba392b114 (type: security_groups) to 1
2026-03-11 18:00:35.768 7 INFO neutron.db.ovn_revision_numbers_db [None req-aa194760-11b5-4016-9f7b-ddc016dcbe00 27ee6e7eaf9f4381a91f3a98e46b797c 19da8c34edb84e619f958ecc82a2d7bf - - default default] Successfully bumped revision number for resource 150d31b2-3972-46ec-8561-7562bcc10a6f (type: security_group_rules) to 0
2026-03-11 18:00:35.778 7 INFO neutron.db.ovn_revision_numbers_db [None req-aa194760-11b5-4016-9f7b-ddc016dcbe00 27ee6e7eaf9f4381a91f3a98e46b797c 19da8c34edb84e619f958ecc82a2d7bf - - default default] Successfully bumped revision number for resource 92cc2e91-0e46-4d54-a027-59d8e229d4c4 (type: security_group_rules) to 0
2026-03-11 18:00:35.789 7 INFO neutron.db.ovn_revision_numbers_db [None req-aa194760-11b5-4016-9f7b-ddc016dcbe00 27ee6e7eaf9f4381a91f3a98e46b797c 19da8c34edb84e619f958ecc82a2d7bf - - default default] Successfully bumped revision number for resource c0c74741-3d1a-4e14-b8bf-635ae48b4864 (type: security_group_rules) to 0
2026-03-11 18:00:35.800 7 INFO neutron.db.ovn_revision_numbers_db [None req-aa194760-11b5-4016-9f7b-ddc016dcbe00 27ee6e7eaf9f4381a91f3a98e46b797c 19da8c34edb84e619f958ecc82a2d7bf - - default default] Successfully bumped revision number for resource c98558d1-c3db-49d2-ac2a-3924ec6ed44f (type: security_group_rules) to 0 [pid: 7|app: 0|req: 948/1916] 10.0.0.43 () {32 vars in 771 bytes} [Wed Mar 11 18:00:35 2026] GET /v2.0/security-groups?tenant_id=8949c7a923ff4695a5c8a8100153a4ec&name=default => generated 2925 bytes in 245 msecs (HTTP/1.1 200) 4 headers in 158 bytes (1 switches on core 0)
2026-03-11 18:00:35.866 8 INFO neutron.db.ovn_revision_numbers_db [None req-d15c89b7-0c99-4a9c-9c7b-84cbc95f2759 27ee6e7eaf9f4381a91f3a98e46b797c 19da8c34edb84e619f958ecc82a2d7bf - - default default] Successfully bumped revision number for resource d7535123-bace-4d6f-81c3-6d2adf5ae574 (type: networks) to 1 [pid: 7|app: 0|req: 949/1917] 10.0.0.107 () {34 vars in 1000 bytes} [Wed Mar 11 18:00:35 2026] GET /v2.0/ports?tenant_id=0e5520ea77ea4af8b6a51dab5535b94c&fields=id => generated 149 bytes in 67 msecs (HTTP/1.1 200) 4 headers in 157 bytes (1 switches on core 0)
2026-03-11 18:00:36.037 8 WARNING neutron.scheduler.dhcp_agent_scheduler [None req-d15c89b7-0c99-4a9c-9c7b-84cbc95f2759 27ee6e7eaf9f4381a91f3a98e46b797c 19da8c34edb84e619f958ecc82a2d7bf - - default default] No more DHCP agents
2026-03-11 18:00:36.040 8 WARNING neutron.api.rpc.agentnotifiers.dhcp_rpc_agent_api [None req-d15c89b7-0c99-4a9c-9c7b-84cbc95f2759 27ee6e7eaf9f4381a91f3a98e46b797c 19da8c34edb84e619f958ecc82a2d7bf - - default default] Unable to schedule network d7535123-bace-4d6f-81c3-6d2adf5ae574: no agents available; will retry on subsequent port and subnet creation events.
2026-03-11 18:00:36.182 8 INFO neutron.db.ovn_revision_numbers_db [None req-d15c89b7-0c99-4a9c-9c7b-84cbc95f2759 27ee6e7eaf9f4381a91f3a98e46b797c 19da8c34edb84e619f958ecc82a2d7bf - - default default] Successfully bumped revision number for resource d2c99847-9298-439d-b619-486c847cd90a (type: ports) to 1 [pid: 8|app: 0|req: 969/1918] 10.0.0.43 () {34 vars in 668 bytes} [Wed Mar 11 18:00:35 2026] POST /v2.0/networks => generated 762 bytes in 877 msecs (HTTP/1.1 201) 4 headers in 162 bytes (1 switches on core 0) [pid: 7|app: 0|req: 950/1919] 10.0.0.43 () {32 vars in 737 bytes} [Wed Mar 11 18:00:35 2026] DELETE /v2.0/security-groups/3ebbdc51-5a39-4680-93ab-1f0ba392b114 => generated 0 bytes in 311 msecs (HTTP/1.1 204) 2 headers in 112 bytes (1 switches on core 0) [pid: 8|app: 0|req: 970/1920] 10.0.0.107 () {34 vars in 1006 bytes} [Wed Mar 11 18:00:36 2026] GET /v2.0/networks/fb9745a2-5c42-4778-a3e3-a109ce3d9633?fields=segments => generated 14 bytes in 42 msecs (HTTP/1.1 200) 4 headers in 156 bytes (1 switches on core 0) [pid: 8|app: 0|req: 971/1921] 10.0.0.107 () {34 vars in 1106 bytes} [Wed Mar 11 18:00:36 2026] GET /v2.0/networks/fb9745a2-5c42-4778-a3e3-a109ce3d9633?fields=provider%3Aphysical_network&fields=provider%3Anetwork_type => generated 79 bytes in 46 msecs (HTTP/1.1 200) 4 headers in 156 bytes (1 switches on core 0)
2026-03-11 18:00:36.383 7 WARNING neutron.scheduler.dhcp_agent_scheduler [None req-e004299c-fcd9-4878-8339-1e68fc2578d3 27ee6e7eaf9f4381a91f3a98e46b797c 19da8c34edb84e619f958ecc82a2d7bf - - default default] No more DHCP agents
2026-03-11 18:00:36.384 7 WARNING neutron.api.rpc.agentnotifiers.dhcp_rpc_agent_api [None req-e004299c-fcd9-4878-8339-1e68fc2578d3 27ee6e7eaf9f4381a91f3a98e46b797c 19da8c34edb84e619f958ecc82a2d7bf - - default default] Unable to schedule network d7535123-bace-4d6f-81c3-6d2adf5ae574: no agents available; will retry on subsequent port and subnet creation events.
2026-03-11 18:00:36.518 8 INFO neutron.db.ovn_revision_numbers_db [None req-ebbb23af-2505-4a87-be39-be3e025ff1f6 27ee6e7eaf9f4381a91f3a98e46b797c 19da8c34edb84e619f958ecc82a2d7bf - - default default] Successfully bumped revision number for resource dc5996bf-3f8f-458f-974a-00f2570ca955 (type: security_groups) to 1
2026-03-11 18:00:36.529 8 INFO neutron.db.ovn_revision_numbers_db [None req-ebbb23af-2505-4a87-be39-be3e025ff1f6 27ee6e7eaf9f4381a91f3a98e46b797c 19da8c34edb84e619f958ecc82a2d7bf - - default default] Successfully bumped revision number for resource 28c6115a-efd6-4889-9f9d-ba62fa6218e0 (type: security_group_rules) to 0
2026-03-11 18:00:36.539 8 INFO neutron.db.ovn_revision_numbers_db [None req-ebbb23af-2505-4a87-be39-be3e025ff1f6 27ee6e7eaf9f4381a91f3a98e46b797c 19da8c34edb84e619f958ecc82a2d7bf - - default default] Successfully bumped revision number for resource deadb83c-1d77-41af-b20f-f1176825d795 (type: security_group_rules) to 0
2026-03-11 18:00:36.547 8 INFO neutron.db.ovn_revision_numbers_db [None req-ebbb23af-2505-4a87-be39-be3e025ff1f6 27ee6e7eaf9f4381a91f3a98e46b797c 19da8c34edb84e619f958ecc82a2d7bf - - default default] Successfully bumped revision number for resource e49fed88-1ca8-4623-825b-bf423be6d031 (type: security_group_rules) to 0
2026-03-11 18:00:36.562 8 INFO neutron.db.ovn_revision_numbers_db [None req-ebbb23af-2505-4a87-be39-be3e025ff1f6 27ee6e7eaf9f4381a91f3a98e46b797c 19da8c34edb84e619f958ecc82a2d7bf - - default default] Successfully bumped revision number for resource f991ab42-0a0c-4066-9623-2b4c1fe8a3a6 (type: security_group_rules) to 0 [pid: 8|app: 0|req: 972/1922] 10.0.0.43 () {32 vars in 771 bytes} [Wed Mar 11 18:00:36 2026] GET /v2.0/security-groups?tenant_id=3944ae800f954616a47076be388f9e3e&name=default => generated 2925 bytes in 289 msecs (HTTP/1.1 200) 4 headers in 158 bytes (1 switches on core 0) [pid: 8|app: 0|req: 973/1923] 10.0.0.107 () {34 vars in 988 bytes} [Wed Mar 11 18:00:36 2026] GET /v2.0/ports?device_id=d97bc6d4-0aad-4975-95e4-15fa68e11683 => generated 12 bytes in 19 msecs (HTTP/1.1 200) 4 headers in 156 bytes (1 switches on core 0)
2026-03-11 18:00:36.822 7 INFO neutron.db.ovn_revision_numbers_db [None req-e7b81f29-867b-4212-be05-b705d0c68b60 - - - - - -] Successfully bumped revision number for resource d2c99847-9298-439d-b619-486c847cd90a (type: ports) to 2
2026-03-11 18:00:36.858 7 INFO neutron.db.ovn_revision_numbers_db [None req-e7b81f29-867b-4212-be05-b705d0c68b60 - - - - - -] Successfully bumped revision number for resource d2e10ed9-d22b-4e0d-aa37-a3091d64c205 (type: subnets) to 0 [pid: 7|app: 0|req: 951/1924] 10.0.0.43 () {34 vars in 666 bytes} [Wed Mar 11 18:00:36 2026] POST /v2.0/subnets => generated 688 bytes in 653 msecs (HTTP/1.1 201) 4 headers in 162 bytes (1 switches on core 0) [pid: 8|app: 0|req: 974/1925] 10.0.0.43 () {32 vars in 737 bytes} [Wed Mar 11 18:00:36 2026] DELETE /v2.0/security-groups/dc5996bf-3f8f-458f-974a-00f2570ca955 => generated 0 bytes in 342 msecs (HTTP/1.1 204) 2 headers in 112 bytes (1 switches on core 0)
2026-03-11 18:00:37.306 7 WARNING neutron.scheduler.dhcp_agent_scheduler [None req-807215a8-996e-4239-a62e-174c9f59e147 27ee6e7eaf9f4381a91f3a98e46b797c 19da8c34edb84e619f958ecc82a2d7bf - - default default] No more DHCP agents
2026-03-11 18:00:37.307 7 WARNING neutron.api.rpc.agentnotifiers.dhcp_rpc_agent_api [None req-807215a8-996e-4239-a62e-174c9f59e147 27ee6e7eaf9f4381a91f3a98e46b797c 19da8c34edb84e619f958ecc82a2d7bf - - default default] Unable to schedule network 9365bd94-8dae-4a27-b8f8-4986f47e7803: no agents available; will retry on subsequent port and subnet creation events.
2026-03-11 18:00:37.463 7 INFO neutron.db.ovn_revision_numbers_db [None req-807215a8-996e-4239-a62e-174c9f59e147 27ee6e7eaf9f4381a91f3a98e46b797c 19da8c34edb84e619f958ecc82a2d7bf - - default default] Successfully bumped revision number for resource c78d8525-be65-4c2f-ae38-e6ea2895bf75 (type: ports) to 1 [pid: 8|app: 0|req: 977/1928] 10.0.0.107 () {34 vars in 988 bytes} [Wed Mar 11 18:00:37 2026] GET /v2.0/ports?device_id=d97bc6d4-0aad-4975-95e4-15fa68e11683 => generated 12 bytes in 24 msecs (HTTP/1.1 200) 4 headers in 156 bytes (1 switches on core 0)
2026-03-11 18:00:37.970 7 INFO neutron.plugins.ml2.drivers.ovn.mech_driver.ovsdb.commands [-] Schedule LRP lrp-c78d8525-be65-4c2f-ae38-e6ea2895bf75 on gateway 22ca2d22-9552-4da4-b376-20a0a59c9168 with priority 1
2026-03-11 18:00:38.066 8 INFO neutron.plugins.ml2.drivers.ovn.mech_driver.ovsdb.ovsdb_monitor [None req-e2f0d339-bd38-463f-a1be-6ccd8f533535 - - - - - -] Router 216d209e-5237-439b-b06b-46f2e4c73981 is bound to host instance
2026-03-11 18:00:38.155 7 INFO neutron.db.ovn_revision_numbers_db [None req-807215a8-996e-4239-a62e-174c9f59e147 27ee6e7eaf9f4381a91f3a98e46b797c 19da8c34edb84e619f958ecc82a2d7bf - - default default] Successfully bumped revision number for resource c78d8525-be65-4c2f-ae38-e6ea2895bf75 (type: router_ports) to 1
2026-03-11 18:00:38.221 7 INFO neutron.db.ovn_revision_numbers_db [None req-807215a8-996e-4239-a62e-174c9f59e147 27ee6e7eaf9f4381a91f3a98e46b797c 19da8c34edb84e619f958ecc82a2d7bf - - default default] Successfully bumped revision number for resource 216d209e-5237-439b-b06b-46f2e4c73981 (type: routers) to 2 [pid: 7|app: 0|req: 952/1929] 10.0.0.43 () {34 vars in 666 bytes} [Wed Mar 11 18:00:36 2026] POST /v2.0/routers => generated 966 bytes in 1355 msecs (HTTP/1.1 201) 4 headers in 162 bytes (1 switches on core 0) [pid: 7|app: 0|req: 953/1930] 10.0.0.107 () {34 vars in 988 bytes} [Wed Mar 11 18:00:38 2026] GET /v2.0/ports?device_id=d97bc6d4-0aad-4975-95e4-15fa68e11683 => generated 12 bytes in 21 msecs (HTTP/1.1 200) 4 headers in 156 bytes (1 switches on core 0)
2026-03-11 18:00:39.046 8 WARNING neutron.scheduler.dhcp_agent_scheduler [None req-da87155c-64b3-460c-948f-77b74ecefec0 27ee6e7eaf9f4381a91f3a98e46b797c 19da8c34edb84e619f958ecc82a2d7bf - - default default] No more DHCP agents
