Apr 02 04:10:38.692442 np0000162615 systemd[1]: Starting devstack@n-api-meta.service - Devstack devstack@n-api-meta.service...
Apr 02 04:10:38.700739 np0000162615 devstack@n-api-meta.service[107429]: [uWSGI] getting INI configuration from /etc/nova/nova-metadata-uwsgi.ini
Apr 02 04:10:38.700739 np0000162615 devstack@n-api-meta.service[107429]: open("./http_plugin.so"): No such file or directory [core/utils.c line 3709]
Apr 02 04:10:38.700739 np0000162615 devstack@n-api-meta.service[107429]: !!! UNABLE to load uWSGI plugin: ./http_plugin.so: cannot open shared object file: No such file or directory !!!
Apr 02 04:10:38.701841 np0000162615 devstack@n-api-meta.service[107429]: open("./python3_plugin.so"): No such file or directory [core/utils.c line 3709]
Apr 02 04:10:38.701841 np0000162615 devstack@n-api-meta.service[107429]: !!! UNABLE to load uWSGI plugin: ./python3_plugin.so: cannot open shared object file: No such file or directory !!!
Apr 02 04:10:38.701841 np0000162615 devstack@n-api-meta.service[107429]: *** Starting uWSGI 2.0.31 (64bit) on [Thu Apr 2 04:10:38 2026] ***
Apr 02 04:10:38.701841 np0000162615 devstack@n-api-meta.service[107429]: compiled with version: 13.3.0 on 02 April 2026 03:58:24
Apr 02 04:10:38.701841 np0000162615 devstack@n-api-meta.service[107429]: os: Linux-6.8.0-106-generic #106-Ubuntu SMP PREEMPT_DYNAMIC Fri Mar 6 07:58:08 UTC 2026
Apr 02 04:10:38.701841 np0000162615 devstack@n-api-meta.service[107429]: nodename: np0000162615
Apr 02 04:10:38.701841 np0000162615 devstack@n-api-meta.service[107429]: machine: x86_64
Apr 02 04:10:38.701841 np0000162615 devstack@n-api-meta.service[107429]: clock source: unix
Apr 02 04:10:38.701841 np0000162615 devstack@n-api-meta.service[107429]: pcre jit disabled
Apr 02 04:10:38.701841 np0000162615 devstack@n-api-meta.service[107429]: detected number of CPU cores: 16
Apr 02 04:10:38.701841 np0000162615 devstack@n-api-meta.service[107429]: current working directory: /
Apr 02 04:10:38.701841 np0000162615 devstack@n-api-meta.service[107429]: detected binary path: /opt/stack/data/venv/bin/uwsgi
Apr 02 04:10:38.701841 np0000162615 devstack@n-api-meta.service[107429]: your processes number limit is 256917
Apr 02 04:10:38.701841 np0000162615 devstack@n-api-meta.service[107429]: your memory page size is 4096 bytes
Apr 02 04:10:38.701841 np0000162615 devstack@n-api-meta.service[107429]: detected max file descriptor number: 2048
Apr 02 04:10:38.701841 np0000162615 devstack@n-api-meta.service[107429]: lock engine: pthread robust mutexes
Apr 02 04:10:38.701841 np0000162615 devstack@n-api-meta.service[107429]: thunder lock: enabled
Apr 02 04:10:38.701841 np0000162615 devstack@n-api-meta.service[107429]: uWSGI http bound on 0.0.0.0:8775 fd 5
Apr 02 04:10:38.701841 np0000162615 devstack@n-api-meta.service[107429]: uwsgi socket 0 bound to TCP address 127.0.0.1:42337 (port auto-assigned) fd 4
Apr 02 04:10:38.701841 np0000162615 devstack@n-api-meta.service[107429]: Python version: 3.12.3 (main, Mar 3 2026, 12:15:18) [GCC 13.3.0]
Apr 02 04:10:38.701841 np0000162615 devstack@n-api-meta.service[107429]: PEP 405 virtualenv detected: /opt/stack/data/venv
Apr 02 04:10:38.701841 np0000162615 devstack@n-api-meta.service[107429]: Set PythonHome to /opt/stack/data/venv
Apr 02 04:10:38.748635 np0000162615 devstack@n-api-meta.service[107429]: Python main interpreter initialized at 0x7097fe6a3668
Apr 02 04:10:38.748635 np0000162615 devstack@n-api-meta.service[107429]: python threads support enabled
Apr 02 04:10:38.748635 np0000162615 devstack@n-api-meta.service[107429]: your server socket listen backlog is limited to 100 connections
Apr 02 04:10:38.748635 np0000162615 devstack@n-api-meta.service[107429]: your mercy for graceful operations on workers is 80 seconds
Apr 02 04:10:38.749263 np0000162615 devstack@n-api-meta.service[107429]: mapped 671795 bytes (656 KB) for 4 cores
Apr 02 04:10:38.749534 np0000162615 devstack@n-api-meta.service[107429]: *** Operational MODE: preforking ***
Apr 02 04:10:38.749674 np0000162615 devstack@n-api-meta.service[107429]: *** uWSGI is running in multiple interpreter mode ***
Apr 02 04:10:38.749674 np0000162615 devstack@n-api-meta.service[107429]: spawned uWSGI master process (pid: 107429)
Apr 02 04:10:38.749879 np0000162615 systemd[1]: Started devstack@n-api-meta.service - Devstack devstack@n-api-meta.service.
Apr 02 04:10:38.750431 np0000162615 devstack@n-api-meta.service[107429]: spawned uWSGI worker 1 (pid: 107430, cores: 1)
Apr 02 04:10:38.750975 np0000162615 devstack@n-api-meta.service[107429]: spawned uWSGI worker 2 (pid: 107431, cores: 1)
Apr 02 04:10:38.751521 np0000162615 devstack@n-api-meta.service[107429]: spawned uWSGI worker 3 (pid: 107432, cores: 1)
Apr 02 04:10:38.752097 np0000162615 devstack@n-api-meta.service[107429]: spawned uWSGI worker 4 (pid: 107433, cores: 1)
Apr 02 04:10:38.752640 np0000162615 devstack@n-api-meta.service[107429]: spawned uWSGI http 1 (pid: 107434)
Apr 02 04:10:38.752640 np0000162615 devstack@n-api-meta.service[107429]: running "unix_signal:15 gracefully_kill_them_all" (master-start)...
Apr 02 04:10:39.108246 np0000162615 devstack@n-api-meta.service[107430]: Service is starting with native threading. This is currently experimental. Do not use it in production without first testing it in pre-production.
Apr 02 04:10:39.114577 np0000162615 devstack@n-api-meta.service[107431]: Service is starting with native threading. This is currently experimental. Do not use it in production without first testing it in pre-production.
Apr 02 04:10:39.120111 np0000162615 devstack@n-api-meta.service[107433]: Service is starting with native threading. This is currently experimental. Do not use it in production without first testing it in pre-production.
Apr 02 04:10:39.136935 np0000162615 devstack@n-api-meta.service[107432]: Service is starting with native threading. This is currently experimental. Do not use it in production without first testing it in pre-production.
Apr 02 04:10:40.543906 np0000162615 devstack@n-api-meta.service[107431]: INFO dbcounter [None req-6e5f62c4-a442-4a64-a91b-97ca73bbd87e None None] Registered counter for database nova_api
Apr 02 04:10:40.563981 np0000162615 devstack@n-api-meta.service[107431]: DEBUG oslo_db.sqlalchemy.engines [None req-6e5f62c4-a442-4a64-a91b-97ca73bbd87e None None] MySQL server mode set to STRICT_TRANS_TABLES,STRICT_ALL_TABLES,NO_ZERO_IN_DATE,NO_ZERO_DATE,ERROR_FOR_DIVISION_BY_ZERO,TRADITIONAL,NO_ENGINE_SUBSTITUTION {{(pid=107431) _check_effective_sql_mode /opt/stack/data/venv/lib/python3.12/site-packages/oslo_db/sqlalchemy/engines.py:325}}
Apr 02 04:10:40.565714 np0000162615 devstack@n-api-meta.service[107430]: INFO dbcounter [None req-76cb37f7-d5f1-4fd2-b644-e2bae846fec9 None None] Registered counter for database nova_api
Apr 02 04:10:40.580956 np0000162615 devstack@n-api-meta.service[107430]: DEBUG oslo_db.sqlalchemy.engines [None req-76cb37f7-d5f1-4fd2-b644-e2bae846fec9 None None] MySQL server mode set to STRICT_TRANS_TABLES,STRICT_ALL_TABLES,NO_ZERO_IN_DATE,NO_ZERO_DATE,ERROR_FOR_DIVISION_BY_ZERO,TRADITIONAL,NO_ENGINE_SUBSTITUTION {{(pid=107430) _check_effective_sql_mode /opt/stack/data/venv/lib/python3.12/site-packages/oslo_db/sqlalchemy/engines.py:325}}
Apr 02 04:10:40.593194 np0000162615 devstack@n-api-meta.service[107431]: DEBUG dbcounter [-] [107431] Writer thread running {{(pid=107431) stat_writer /opt/stack/data/venv/lib/python3.12/site-packages/dbcounter.py:102}}
Apr 02 04:10:40.594893 np0000162615 devstack@n-api-meta.service[107431]: DEBUG nova.context [None req-6e5f62c4-a442-4a64-a91b-97ca73bbd87e None None] Found 2 cells: 00000000-0000-0000-0000-000000000000(cell0),3c2dc6da-74f5-4695-b51f-38bf6a2be93e(cell1) {{(pid=107431) load_cells /opt/stack/nova/nova/context.py:509}}
Apr 02 04:10:40.595131 np0000162615 devstack@n-api-meta.service[107431]: INFO nova.utils [None req-6e5f62c4-a442-4a64-a91b-97ca73bbd87e None None] The cell worker thread pool MainProcess.cell_worker is initialized
Apr 02 04:10:40.596841 np0000162615 devstack@n-api-meta.service[107431]: DEBUG oslo_concurrency.lockutils [None req-6e5f62c4-a442-4a64-a91b-97ca73bbd87e None None] Acquiring lock "00000000-0000-0000-0000-000000000000" by "nova.context.set_target_cell..get_or_set_cached_cell_and_set_connections" {{(pid=107431) inner /opt/stack/data/venv/lib/python3.12/site-packages/oslo_concurrency/lockutils.py:506}}
Apr 02 04:10:40.597010 np0000162615 devstack@n-api-meta.service[107431]: DEBUG oslo_concurrency.lockutils [None req-6e5f62c4-a442-4a64-a91b-97ca73bbd87e None None] Lock "00000000-0000-0000-0000-000000000000" acquired by "nova.context.set_target_cell..get_or_set_cached_cell_and_set_connections" :: waited 0.000s {{(pid=107431) inner /opt/stack/data/venv/lib/python3.12/site-packages/oslo_concurrency/lockutils.py:519}}
Apr 02 04:10:40.597358 np0000162615 devstack@n-api-meta.service[107431]: DEBUG oslo_concurrency.lockutils [None req-6e5f62c4-a442-4a64-a91b-97ca73bbd87e None None] Lock "00000000-0000-0000-0000-000000000000" "released" by "nova.context.set_target_cell..get_or_set_cached_cell_and_set_connections" :: held 0.000s {{(pid=107431) inner /opt/stack/data/venv/lib/python3.12/site-packages/oslo_concurrency/lockutils.py:538}}
Apr 02 04:10:40.598065 np0000162615 devstack@n-api-meta.service[107431]: DEBUG oslo_concurrency.lockutils [None req-6e5f62c4-a442-4a64-a91b-97ca73bbd87e None None] Acquiring lock "3c2dc6da-74f5-4695-b51f-38bf6a2be93e" by "nova.context.set_target_cell..get_or_set_cached_cell_and_set_connections" {{(pid=107431) inner /opt/stack/data/venv/lib/python3.12/site-packages/oslo_concurrency/lockutils.py:506}}
Apr 02 04:10:40.598204 np0000162615 devstack@n-api-meta.service[107431]: DEBUG oslo_concurrency.lockutils [None req-6e5f62c4-a442-4a64-a91b-97ca73bbd87e None None] Lock "3c2dc6da-74f5-4695-b51f-38bf6a2be93e" acquired by "nova.context.set_target_cell..get_or_set_cached_cell_and_set_connections" :: waited 0.000s {{(pid=107431) inner /opt/stack/data/venv/lib/python3.12/site-packages/oslo_concurrency/lockutils.py:519}}
Apr 02 04:10:40.599014 np0000162615 devstack@n-api-meta.service[107431]: DEBUG oslo_concurrency.lockutils [None req-6e5f62c4-a442-4a64-a91b-97ca73bbd87e None None] Lock "3c2dc6da-74f5-4695-b51f-38bf6a2be93e" "released" by "nova.context.set_target_cell..get_or_set_cached_cell_and_set_connections" :: held 0.001s {{(pid=107431) inner /opt/stack/data/venv/lib/python3.12/site-packages/oslo_concurrency/lockutils.py:538}}
Apr 02 04:10:40.601430 np0000162615 devstack@n-api-meta.service[107431]: INFO dbcounter [None req-6e5f62c4-a442-4a64-a91b-97ca73bbd87e None None] Registered counter for database nova_cell0
Apr 02 04:10:40.606974 np0000162615 devstack@n-api-meta.service[107433]: INFO dbcounter [None req-d9a8e25a-e7e5-40b0-b07b-c0462d9f33f5 None None] Registered counter for database nova_api
Apr 02 04:10:40.607309 np0000162615 devstack@n-api-meta.service[107431]: INFO dbcounter [None req-6e5f62c4-a442-4a64-a91b-97ca73bbd87e None None] Registered counter for database nova_cell1
Apr 02 04:10:40.611492 np0000162615 devstack@n-api-meta.service[107430]: DEBUG dbcounter [-] [107430] Writer thread running {{(pid=107430) stat_writer /opt/stack/data/venv/lib/python3.12/site-packages/dbcounter.py:102}}
Apr 02 04:10:40.614144 np0000162615 devstack@n-api-meta.service[107430]: DEBUG nova.context [None req-76cb37f7-d5f1-4fd2-b644-e2bae846fec9 None None] Found 2 cells: 00000000-0000-0000-0000-000000000000(cell0),3c2dc6da-74f5-4695-b51f-38bf6a2be93e(cell1) {{(pid=107430) load_cells /opt/stack/nova/nova/context.py:509}}
Apr 02 04:10:40.614359 np0000162615 devstack@n-api-meta.service[107430]: INFO nova.utils [None req-76cb37f7-d5f1-4fd2-b644-e2bae846fec9 None None] The cell worker thread pool MainProcess.cell_worker is initialized
Apr 02 04:10:40.615744 np0000162615 devstack@n-api-meta.service[107431]: DEBUG oslo_db.sqlalchemy.engines [None req-6e5f62c4-a442-4a64-a91b-97ca73bbd87e None None] MySQL server mode set to STRICT_TRANS_TABLES,STRICT_ALL_TABLES,NO_ZERO_IN_DATE,NO_ZERO_DATE,ERROR_FOR_DIVISION_BY_ZERO,TRADITIONAL,NO_ENGINE_SUBSTITUTION {{(pid=107431) _check_effective_sql_mode /opt/stack/data/venv/lib/python3.12/site-packages/oslo_db/sqlalchemy/engines.py:325}}
Apr 02 04:10:40.616138 np0000162615 devstack@n-api-meta.service[107430]: DEBUG oslo_concurrency.lockutils [None req-76cb37f7-d5f1-4fd2-b644-e2bae846fec9 None None] Acquiring lock "00000000-0000-0000-0000-000000000000" by "nova.context.set_target_cell..get_or_set_cached_cell_and_set_connections" {{(pid=107430) inner /opt/stack/data/venv/lib/python3.12/site-packages/oslo_concurrency/lockutils.py:506}}
Apr 02 04:10:40.616299 np0000162615 devstack@n-api-meta.service[107430]: DEBUG oslo_concurrency.lockutils [None req-76cb37f7-d5f1-4fd2-b644-e2bae846fec9 None None] Lock "00000000-0000-0000-0000-000000000000" acquired by "nova.context.set_target_cell..get_or_set_cached_cell_and_set_connections" :: waited 0.000s {{(pid=107430) inner /opt/stack/data/venv/lib/python3.12/site-packages/oslo_concurrency/lockutils.py:519}}
Apr 02 04:10:40.616659 np0000162615 devstack@n-api-meta.service[107430]: DEBUG oslo_concurrency.lockutils [None req-76cb37f7-d5f1-4fd2-b644-e2bae846fec9 None None] Lock "00000000-0000-0000-0000-000000000000" "released" by "nova.context.set_target_cell..get_or_set_cached_cell_and_set_connections" :: held 0.000s {{(pid=107430) inner /opt/stack/data/venv/lib/python3.12/site-packages/oslo_concurrency/lockutils.py:538}}
Apr 02 04:10:40.617311 np0000162615 devstack@n-api-meta.service[107430]: DEBUG oslo_concurrency.lockutils [None req-76cb37f7-d5f1-4fd2-b644-e2bae846fec9 None None] Acquiring lock "3c2dc6da-74f5-4695-b51f-38bf6a2be93e" by "nova.context.set_target_cell..get_or_set_cached_cell_and_set_connections" {{(pid=107430) inner /opt/stack/data/venv/lib/python3.12/site-packages/oslo_concurrency/lockutils.py:506}}
Apr 02 04:10:40.617457 np0000162615 devstack@n-api-meta.service[107430]: DEBUG oslo_concurrency.lockutils [None req-76cb37f7-d5f1-4fd2-b644-e2bae846fec9 None None] Lock "3c2dc6da-74f5-4695-b51f-38bf6a2be93e" acquired by "nova.context.set_target_cell..get_or_set_cached_cell_and_set_connections" :: waited 0.000s {{(pid=107430) inner /opt/stack/data/venv/lib/python3.12/site-packages/oslo_concurrency/lockutils.py:519}}
Apr 02 04:10:40.618330 np0000162615 devstack@n-api-meta.service[107430]: DEBUG oslo_concurrency.lockutils [None req-76cb37f7-d5f1-4fd2-b644-e2bae846fec9 None None] Lock "3c2dc6da-74f5-4695-b51f-38bf6a2be93e" "released" by "nova.context.set_target_cell..get_or_set_cached_cell_and_set_connections" :: held 0.001s {{(pid=107430) inner /opt/stack/data/venv/lib/python3.12/site-packages/oslo_concurrency/lockutils.py:538}}
Apr 02 04:10:40.621818 np0000162615 devstack@n-api-meta.service[107430]: INFO dbcounter [None req-76cb37f7-d5f1-4fd2-b644-e2bae846fec9 None None] Registered counter for database nova_cell0
Apr 02 04:10:40.625492 np0000162615 devstack@n-api-meta.service[107432]: INFO dbcounter [None req-64b35873-3053-4a67-8493-c60569ed53f5 None None] Registered counter for database nova_api
Apr 02 04:10:40.627106 np0000162615 devstack@n-api-meta.service[107430]: INFO dbcounter [None req-76cb37f7-d5f1-4fd2-b644-e2bae846fec9 None None] Registered counter for database nova_cell1
Apr 02 04:10:40.627297 np0000162615 devstack@n-api-meta.service[107431]: DEBUG oslo_db.sqlalchemy.engines [None req-6e5f62c4-a442-4a64-a91b-97ca73bbd87e None None] MySQL server mode set to STRICT_TRANS_TABLES,STRICT_ALL_TABLES,NO_ZERO_IN_DATE,NO_ZERO_DATE,ERROR_FOR_DIVISION_BY_ZERO,TRADITIONAL,NO_ENGINE_SUBSTITUTION {{(pid=107431) _check_effective_sql_mode /opt/stack/data/venv/lib/python3.12/site-packages/oslo_db/sqlalchemy/engines.py:325}}
Apr 02 04:10:40.628084 np0000162615 devstack@n-api-meta.service[107433]: DEBUG oslo_db.sqlalchemy.engines [None req-d9a8e25a-e7e5-40b0-b07b-c0462d9f33f5 None None] MySQL server mode set to STRICT_TRANS_TABLES,STRICT_ALL_TABLES,NO_ZERO_IN_DATE,NO_ZERO_DATE,ERROR_FOR_DIVISION_BY_ZERO,TRADITIONAL,NO_ENGINE_SUBSTITUTION {{(pid=107433) _check_effective_sql_mode /opt/stack/data/venv/lib/python3.12/site-packages/oslo_db/sqlalchemy/engines.py:325}}
Apr 02 04:10:40.638882 np0000162615 devstack@n-api-meta.service[107430]: DEBUG oslo_db.sqlalchemy.engines [None req-76cb37f7-d5f1-4fd2-b644-e2bae846fec9 None None] MySQL server mode set to STRICT_TRANS_TABLES,STRICT_ALL_TABLES,NO_ZERO_IN_DATE,NO_ZERO_DATE,ERROR_FOR_DIVISION_BY_ZERO,TRADITIONAL,NO_ENGINE_SUBSTITUTION {{(pid=107430) _check_effective_sql_mode /opt/stack/data/venv/lib/python3.12/site-packages/oslo_db/sqlalchemy/engines.py:325}}
Apr 02 04:10:40.645235 np0000162615 devstack@n-api-meta.service[107432]: DEBUG oslo_db.sqlalchemy.engines [None req-64b35873-3053-4a67-8493-c60569ed53f5 None None] MySQL server mode set to STRICT_TRANS_TABLES,STRICT_ALL_TABLES,NO_ZERO_IN_DATE,NO_ZERO_DATE,ERROR_FOR_DIVISION_BY_ZERO,TRADITIONAL,NO_ENGINE_SUBSTITUTION {{(pid=107432) _check_effective_sql_mode /opt/stack/data/venv/lib/python3.12/site-packages/oslo_db/sqlalchemy/engines.py:325}}
Apr 02 04:10:40.657447 np0000162615 devstack@n-api-meta.service[107430]: DEBUG oslo_db.sqlalchemy.engines [None req-76cb37f7-d5f1-4fd2-b644-e2bae846fec9 None None] MySQL server mode set to STRICT_TRANS_TABLES,STRICT_ALL_TABLES,NO_ZERO_IN_DATE,NO_ZERO_DATE,ERROR_FOR_DIVISION_BY_ZERO,TRADITIONAL,NO_ENGINE_SUBSTITUTION {{(pid=107430) _check_effective_sql_mode /opt/stack/data/venv/lib/python3.12/site-packages/oslo_db/sqlalchemy/engines.py:325}}
Apr 02 04:10:40.661454 np0000162615 devstack@n-api-meta.service[107433]: DEBUG dbcounter [-] [107433] Writer thread running {{(pid=107433) stat_writer /opt/stack/data/venv/lib/python3.12/site-packages/dbcounter.py:102}}
Apr 02 04:10:40.663764 np0000162615 devstack@n-api-meta.service[107433]: DEBUG nova.context [None req-d9a8e25a-e7e5-40b0-b07b-c0462d9f33f5 None None] Found 2 cells: 00000000-0000-0000-0000-000000000000(cell0),3c2dc6da-74f5-4695-b51f-38bf6a2be93e(cell1) {{(pid=107433) load_cells /opt/stack/nova/nova/context.py:509}}
Apr 02 04:10:40.664003 np0000162615 devstack@n-api-meta.service[107433]: INFO nova.utils [None req-d9a8e25a-e7e5-40b0-b07b-c0462d9f33f5 None None] The cell worker thread pool MainProcess.cell_worker is initialized
Apr 02 04:10:40.665797 np0000162615 devstack@n-api-meta.service[107433]: DEBUG oslo_concurrency.lockutils [None req-d9a8e25a-e7e5-40b0-b07b-c0462d9f33f5 None None] Acquiring lock "00000000-0000-0000-0000-000000000000" by "nova.context.set_target_cell..get_or_set_cached_cell_and_set_connections" {{(pid=107433) inner /opt/stack/data/venv/lib/python3.12/site-packages/oslo_concurrency/lockutils.py:506}}
Apr 02 04:10:40.665979 np0000162615 devstack@n-api-meta.service[107433]: DEBUG oslo_concurrency.lockutils [None req-d9a8e25a-e7e5-40b0-b07b-c0462d9f33f5 None None] Lock "00000000-0000-0000-0000-000000000000" acquired by "nova.context.set_target_cell..get_or_set_cached_cell_and_set_connections" :: waited 0.000s {{(pid=107433) inner /opt/stack/data/venv/lib/python3.12/site-packages/oslo_concurrency/lockutils.py:519}}
Apr 02 04:10:40.666346 np0000162615 devstack@n-api-meta.service[107433]: DEBUG oslo_concurrency.lockutils [None req-d9a8e25a-e7e5-40b0-b07b-c0462d9f33f5 None None] Lock "00000000-0000-0000-0000-000000000000" "released" by "nova.context.set_target_cell..get_or_set_cached_cell_and_set_connections" :: held 0.000s {{(pid=107433) inner /opt/stack/data/venv/lib/python3.12/site-packages/oslo_concurrency/lockutils.py:538}}
Apr 02 04:10:40.667073 np0000162615 devstack@n-api-meta.service[107433]: DEBUG oslo_concurrency.lockutils [None req-d9a8e25a-e7e5-40b0-b07b-c0462d9f33f5 None None] Acquiring lock "3c2dc6da-74f5-4695-b51f-38bf6a2be93e" by "nova.context.set_target_cell..get_or_set_cached_cell_and_set_connections" {{(pid=107433) inner /opt/stack/data/venv/lib/python3.12/site-packages/oslo_concurrency/lockutils.py:506}}
Apr 02 04:10:40.669635 np0000162615 devstack@n-api-meta.service[107433]: DEBUG oslo_concurrency.lockutils [None req-d9a8e25a-e7e5-40b0-b07b-c0462d9f33f5 None None] Lock "3c2dc6da-74f5-4695-b51f-38bf6a2be93e" acquired by "nova.context.set_target_cell..get_or_set_cached_cell_and_set_connections" :: waited 0.000s {{(pid=107433) inner /opt/stack/data/venv/lib/python3.12/site-packages/oslo_concurrency/lockutils.py:519}}
Apr 02 04:10:40.670995 np0000162615 devstack@n-api-meta.service[107433]: INFO dbcounter [None req-d9a8e25a-e7e5-40b0-b07b-c0462d9f33f5 None None] Registered counter for database nova_cell0
Apr 02 04:10:40.673382 np0000162615 devstack@n-api-meta.service[107433]: DEBUG oslo_concurrency.lockutils [None req-d9a8e25a-e7e5-40b0-b07b-c0462d9f33f5 None None] Lock "3c2dc6da-74f5-4695-b51f-38bf6a2be93e" "released" by "nova.context.set_target_cell..get_or_set_cached_cell_and_set_connections" :: held 0.003s {{(pid=107433) inner /opt/stack/data/venv/lib/python3.12/site-packages/oslo_concurrency/lockutils.py:538}}
Apr 02 04:10:40.676842 np0000162615 devstack@n-api-meta.service[107433]: INFO dbcounter [None req-d9a8e25a-e7e5-40b0-b07b-c0462d9f33f5 None None] Registered counter for database nova_cell1
Apr 02 04:10:40.681663 np0000162615 devstack@n-api-meta.service[107432]: DEBUG dbcounter [-] [107432] Writer thread running {{(pid=107432) stat_writer /opt/stack/data/venv/lib/python3.12/site-packages/dbcounter.py:102}}
Apr 02 04:10:40.686595 np0000162615 devstack@n-api-meta.service[107432]: DEBUG nova.context [None req-64b35873-3053-4a67-8493-c60569ed53f5 None None] Found 2 cells: 00000000-0000-0000-0000-000000000000(cell0),3c2dc6da-74f5-4695-b51f-38bf6a2be93e(cell1) {{(pid=107432) load_cells /opt/stack/nova/nova/context.py:509}}
Apr 02 04:10:40.687668 np0000162615 devstack@n-api-meta.service[107432]: INFO nova.utils [None req-64b35873-3053-4a67-8493-c60569ed53f5 None None] The cell worker thread pool MainProcess.cell_worker is initialized
Apr 02 04:10:40.687791 np0000162615 devstack@n-api-meta.service[107433]: DEBUG oslo_db.sqlalchemy.engines [None req-d9a8e25a-e7e5-40b0-b07b-c0462d9f33f5 None None] MySQL server mode set to STRICT_TRANS_TABLES,STRICT_ALL_TABLES,NO_ZERO_IN_DATE,NO_ZERO_DATE,ERROR_FOR_DIVISION_BY_ZERO,TRADITIONAL,NO_ENGINE_SUBSTITUTION {{(pid=107433) _check_effective_sql_mode /opt/stack/data/venv/lib/python3.12/site-packages/oslo_db/sqlalchemy/engines.py:325}}
Apr 02 04:10:40.690766 np0000162615 devstack@n-api-meta.service[107432]: DEBUG oslo_concurrency.lockutils [None req-64b35873-3053-4a67-8493-c60569ed53f5 None None] Acquiring lock "00000000-0000-0000-0000-000000000000" by "nova.context.set_target_cell..get_or_set_cached_cell_and_set_connections" {{(pid=107432) inner /opt/stack/data/venv/lib/python3.12/site-packages/oslo_concurrency/lockutils.py:506}}
Apr 02 04:10:40.691225 np0000162615 devstack@n-api-meta.service[107432]: DEBUG oslo_concurrency.lockutils [None req-64b35873-3053-4a67-8493-c60569ed53f5 None None] Lock "00000000-0000-0000-0000-000000000000" acquired by "nova.context.set_target_cell..get_or_set_cached_cell_and_set_connections" :: waited 0.000s {{(pid=107432) inner /opt/stack/data/venv/lib/python3.12/site-packages/oslo_concurrency/lockutils.py:519}}
Apr 02 04:10:40.691684 np0000162615 devstack@n-api-meta.service[107432]: DEBUG oslo_concurrency.lockutils [None req-64b35873-3053-4a67-8493-c60569ed53f5 None None] Lock "00000000-0000-0000-0000-000000000000" "released" by "nova.context.set_target_cell..get_or_set_cached_cell_and_set_connections" :: held 0.001s {{(pid=107432) inner /opt/stack/data/venv/lib/python3.12/site-packages/oslo_concurrency/lockutils.py:538}}
Apr 02 04:10:40.692518 np0000162615 devstack@n-api-meta.service[107432]: DEBUG oslo_concurrency.lockutils [None req-64b35873-3053-4a67-8493-c60569ed53f5 None None] Acquiring lock "3c2dc6da-74f5-4695-b51f-38bf6a2be93e" by "nova.context.set_target_cell..get_or_set_cached_cell_and_set_connections" {{(pid=107432) inner /opt/stack/data/venv/lib/python3.12/site-packages/oslo_concurrency/lockutils.py:506}}
Apr 02 04:10:40.692619 np0000162615 devstack@n-api-meta.service[107432]: DEBUG oslo_concurrency.lockutils [None req-64b35873-3053-4a67-8493-c60569ed53f5 None None] Lock "3c2dc6da-74f5-4695-b51f-38bf6a2be93e" acquired by "nova.context.set_target_cell..get_or_set_cached_cell_and_set_connections" :: waited 0.000s {{(pid=107432) inner /opt/stack/data/venv/lib/python3.12/site-packages/oslo_concurrency/lockutils.py:519}}
Apr 02 04:10:40.693476 np0000162615 devstack@n-api-meta.service[107432]: DEBUG oslo_concurrency.lockutils [None req-64b35873-3053-4a67-8493-c60569ed53f5 None None] Lock "3c2dc6da-74f5-4695-b51f-38bf6a2be93e" "released" by "nova.context.set_target_cell..get_or_set_cached_cell_and_set_connections" :: held 0.001s {{(pid=107432) inner /opt/stack/data/venv/lib/python3.12/site-packages/oslo_concurrency/lockutils.py:538}}
Apr 02 04:10:40.694510 np0000162615 devstack@n-api-meta.service[107433]: DEBUG oslo_db.sqlalchemy.engines [None req-d9a8e25a-e7e5-40b0-b07b-c0462d9f33f5 None None] MySQL server mode set to STRICT_TRANS_TABLES,STRICT_ALL_TABLES,NO_ZERO_IN_DATE,NO_ZERO_DATE,ERROR_FOR_DIVISION_BY_ZERO,TRADITIONAL,NO_ENGINE_SUBSTITUTION {{(pid=107433) _check_effective_sql_mode /opt/stack/data/venv/lib/python3.12/site-packages/oslo_db/sqlalchemy/engines.py:325}}
Apr 02 04:10:40.698027 np0000162615 devstack@n-api-meta.service[107432]: INFO dbcounter [None req-64b35873-3053-4a67-8493-c60569ed53f5 None None] Registered counter for database nova_cell0
Apr 02 04:10:40.702259 np0000162615 devstack@n-api-meta.service[107432]: INFO dbcounter [None req-64b35873-3053-4a67-8493-c60569ed53f5 None None] Registered counter for database nova_cell1
Apr 02 04:10:40.712556 np0000162615 devstack@n-api-meta.service[107432]: DEBUG oslo_db.sqlalchemy.engines [None req-64b35873-3053-4a67-8493-c60569ed53f5 None None] MySQL server mode set to STRICT_TRANS_TABLES,STRICT_ALL_TABLES,NO_ZERO_IN_DATE,NO_ZERO_DATE,ERROR_FOR_DIVISION_BY_ZERO,TRADITIONAL,NO_ENGINE_SUBSTITUTION {{(pid=107432) _check_effective_sql_mode /opt/stack/data/venv/lib/python3.12/site-packages/oslo_db/sqlalchemy/engines.py:325}}
Apr 02 04:10:40.712996 np0000162615 devstack@n-api-meta.service[107431]: DEBUG dbcounter [-] [107431] Writer thread running {{(pid=107431) stat_writer /opt/stack/data/venv/lib/python3.12/site-packages/dbcounter.py:102}}
Apr 02 04:10:40.718033 np0000162615 devstack@n-api-meta.service[107431]: DEBUG dbcounter [-] [107431] Writer thread running {{(pid=107431) stat_writer /opt/stack/data/venv/lib/python3.12/site-packages/dbcounter.py:102}}
Apr 02 04:10:40.725398 np0000162615 devstack@n-api-meta.service[107431]: INFO dbcounter [None req-6e5f62c4-a442-4a64-a91b-97ca73bbd87e None None] Registered counter for database nova_cell0
Apr 02 04:10:40.726177 np0000162615 devstack@n-api-meta.service[107432]: DEBUG oslo_db.sqlalchemy.engines [None req-64b35873-3053-4a67-8493-c60569ed53f5 None None] MySQL server mode set to STRICT_TRANS_TABLES,STRICT_ALL_TABLES,NO_ZERO_IN_DATE,NO_ZERO_DATE,ERROR_FOR_DIVISION_BY_ZERO,TRADITIONAL,NO_ENGINE_SUBSTITUTION {{(pid=107432) _check_effective_sql_mode /opt/stack/data/venv/lib/python3.12/site-packages/oslo_db/sqlalchemy/engines.py:325}}
Apr 02 04:10:40.734652 np0000162615 devstack@n-api-meta.service[107431]: DEBUG oslo_db.sqlalchemy.engines [None req-6e5f62c4-a442-4a64-a91b-97ca73bbd87e None None] MySQL server mode set to STRICT_TRANS_TABLES,STRICT_ALL_TABLES,NO_ZERO_IN_DATE,NO_ZERO_DATE,ERROR_FOR_DIVISION_BY_ZERO,TRADITIONAL,NO_ENGINE_SUBSTITUTION {{(pid=107431) _check_effective_sql_mode /opt/stack/data/venv/lib/python3.12/site-packages/oslo_db/sqlalchemy/engines.py:325}}
Apr 02 04:10:40.745262 np0000162615 devstack@n-api-meta.service[107431]: DEBUG dbcounter [-] [107431] Writer thread running {{(pid=107431) stat_writer /opt/stack/data/venv/lib/python3.12/site-packages/dbcounter.py:102}}
Apr 02 04:10:40.750152 np0000162615 devstack@n-api-meta.service[107430]: DEBUG dbcounter [-] [107430] Writer thread running {{(pid=107430) stat_writer /opt/stack/data/venv/lib/python3.12/site-packages/dbcounter.py:102}}
Apr 02 04:10:40.754260 np0000162615 devstack@n-api-meta.service[107430]: DEBUG dbcounter [-] [107430] Writer thread running {{(pid=107430) stat_writer /opt/stack/data/venv/lib/python3.12/site-packages/dbcounter.py:102}}
Apr 02 04:10:40.760350 np0000162615 devstack@n-api-meta.service[107430]: INFO dbcounter [None req-76cb37f7-d5f1-4fd2-b644-e2bae846fec9 None None] Registered counter for database nova_cell0
Apr 02 04:10:40.773870 np0000162615 devstack@n-api-meta.service[107430]: DEBUG oslo_db.sqlalchemy.engines [None req-76cb37f7-d5f1-4fd2-b644-e2bae846fec9 None None] MySQL server mode set to STRICT_TRANS_TABLES,STRICT_ALL_TABLES,NO_ZERO_IN_DATE,NO_ZERO_DATE,ERROR_FOR_DIVISION_BY_ZERO,TRADITIONAL,NO_ENGINE_SUBSTITUTION {{(pid=107430) _check_effective_sql_mode /opt/stack/data/venv/lib/python3.12/site-packages/oslo_db/sqlalchemy/engines.py:325}}
Apr 02 04:10:40.783584 np0000162615 devstack@n-api-meta.service[107430]: DEBUG dbcounter [-] [107430] Writer thread running {{(pid=107430) stat_writer /opt/stack/data/venv/lib/python3.12/site-packages/dbcounter.py:102}}
Apr 02 04:10:40.793558 np0000162615 devstack@n-api-meta.service[107431]: WARNING nova.api.metadata.handler [None req-6e5f62c4-a442-4a64-a91b-97ca73bbd87e None None] metadata_proxy_shared_secret is not configured, the metadata information returned by the proxy cannot be trusted
Apr 02 04:10:40.796823 np0000162615 devstack@n-api-meta.service[107431]: DEBUG nova.api.openstack.wsgi_app [None req-6e5f62c4-a442-4a64-a91b-97ca73bbd87e None None] ******************************************************************************** {{(pid=107431) log_opt_values /opt/stack/data/venv/lib/python3.12/site-packages/oslo_config/cfg.py:2979}}
Apr 02 04:10:40.797087 np0000162615 devstack@n-api-meta.service[107431]: DEBUG nova.api.openstack.wsgi_app [None req-6e5f62c4-a442-4a64-a91b-97ca73bbd87e None None] Configuration options gathered from: {{(pid=107431) log_opt_values /opt/stack/data/venv/lib/python3.12/site-packages/oslo_config/cfg.py:2980}}
Apr 02 04:10:40.797262 np0000162615 devstack@n-api-meta.service[107431]: DEBUG nova.api.openstack.wsgi_app [None req-6e5f62c4-a442-4a64-a91b-97ca73bbd87e None None] command line args: [] {{(pid=107431) log_opt_values /opt/stack/data/venv/lib/python3.12/site-packages/oslo_config/cfg.py:2981}}
Apr 02 04:10:40.797512 np0000162615 devstack@n-api-meta.service[107431]: DEBUG nova.api.openstack.wsgi_app [None req-6e5f62c4-a442-4a64-a91b-97ca73bbd87e None None] config files: ['/etc/nova/api-paste.ini', '/etc/nova/nova.conf'] {{(pid=107431) log_opt_values /opt/stack/data/venv/lib/python3.12/site-packages/oslo_config/cfg.py:2982}}
Apr 02 04:10:40.797697 np0000162615 devstack@n-api-meta.service[107431]: DEBUG nova.api.openstack.wsgi_app [None req-6e5f62c4-a442-4a64-a91b-97ca73bbd87e None None] ================================================================================ {{(pid=107431) log_opt_values /opt/stack/data/venv/lib/python3.12/site-packages/oslo_config/cfg.py:2987}}
Apr 02 04:10:40.797961 np0000162615 devstack@n-api-meta.service[107431]: DEBUG nova.api.openstack.wsgi_app [None req-6e5f62c4-a442-4a64-a91b-97ca73bbd87e None None] allow_resize_to_same_host = True {{(pid=107431) log_opt_values /opt/stack/data/venv/lib/python3.12/site-packages/oslo_config/cfg.py:2995}}
Apr 02 04:10:40.798217 np0000162615 devstack@n-api-meta.service[107431]: DEBUG nova.api.openstack.wsgi_app [None req-6e5f62c4-a442-4a64-a91b-97ca73bbd87e None None] arq_binding_timeout = 300 {{(pid=107431) log_opt_values /opt/stack/data/venv/lib/python3.12/site-packages/oslo_config/cfg.py:2995}}
Apr 02 04:10:40.798434 np0000162615 devstack@n-api-meta.service[107431]: DEBUG nova.api.openstack.wsgi_app [None req-6e5f62c4-a442-4a64-a91b-97ca73bbd87e None None] block_device_allocate_retries = 60 {{(pid=107431) log_opt_values /opt/stack/data/venv/lib/python3.12/site-packages/oslo_config/cfg.py:2995}}
Apr 02 04:10:40.798656 np0000162615 devstack@n-api-meta.service[107431]: DEBUG nova.api.openstack.wsgi_app [None req-6e5f62c4-a442-4a64-a91b-97ca73bbd87e None None] block_device_allocate_retries_interval = 3 {{(pid=107431) log_opt_values /opt/stack/data/venv/lib/python3.12/site-packages/oslo_config/cfg.py:2995}}
Apr 02 04:10:40.798878 np0000162615 devstack@n-api-meta.service[107431]: DEBUG nova.api.openstack.wsgi_app [None req-6e5f62c4-a442-4a64-a91b-97ca73bbd87e None None] cell_worker_thread_pool_size = 5 {{(pid=107431) log_opt_values /opt/stack/data/venv/lib/python3.12/site-packages/oslo_config/cfg.py:2995}}
Apr 02 04:10:40.799136 np0000162615 devstack@n-api-meta.service[107431]: DEBUG nova.api.openstack.wsgi_app [None req-6e5f62c4-a442-4a64-a91b-97ca73bbd87e None None] cert = self.pem {{(pid=107431) log_opt_values /opt/stack/data/venv/lib/python3.12/site-packages/oslo_config/cfg.py:2995}}
Apr 02 04:10:40.799355 np0000162615 devstack@n-api-meta.service[107431]: DEBUG nova.api.openstack.wsgi_app [None req-6e5f62c4-a442-4a64-a91b-97ca73bbd87e None None] compute_driver = libvirt.LibvirtDriver {{(pid=107431) log_opt_values /opt/stack/data/venv/lib/python3.12/site-packages/oslo_config/cfg.py:2995}}
Apr 02 04:10:40.799582 np0000162615 devstack@n-api-meta.service[107431]: DEBUG nova.api.openstack.wsgi_app [None req-6e5f62c4-a442-4a64-a91b-97ca73bbd87e None None] compute_monitors = [] {{(pid=107431) log_opt_values /opt/stack/data/venv/lib/python3.12/site-packages/oslo_config/cfg.py:2995}}
Apr 02 04:10:40.799794 np0000162615 devstack@n-api-meta.service[107431]: DEBUG nova.api.openstack.wsgi_app [None req-6e5f62c4-a442-4a64-a91b-97ca73bbd87e None None] config_dir = [] {{(pid=107431) log_opt_values /opt/stack/data/venv/lib/python3.12/site-packages/oslo_config/cfg.py:2995}}
Apr 02 04:10:40.800096 np0000162615 devstack@n-api-meta.service[107431]: DEBUG nova.api.openstack.wsgi_app [None req-6e5f62c4-a442-4a64-a91b-97ca73bbd87e None None] config_drive_format = iso9660 {{(pid=107431) log_opt_values /opt/stack/data/venv/lib/python3.12/site-packages/oslo_config/cfg.py:2995}}
Apr 02 04:10:40.800275 np0000162615 devstack@n-api-meta.service[107431]: DEBUG nova.api.openstack.wsgi_app [None req-6e5f62c4-a442-4a64-a91b-97ca73bbd87e None None] config_file = ['/etc/nova/api-paste.ini', '/etc/nova/nova.conf'] {{(pid=107431) log_opt_values /opt/stack/data/venv/lib/python3.12/site-packages/oslo_config/cfg.py:2995}}
Apr 02 04:10:40.800448 np0000162615 devstack@n-api-meta.service[107433]: DEBUG dbcounter [-] [107433] Writer thread running {{(pid=107433) stat_writer /opt/stack/data/venv/lib/python3.12/site-packages/dbcounter.py:102}}
Apr 02 04:10:40.800518 np0000162615 devstack@n-api-meta.service[107431]: DEBUG nova.api.openstack.wsgi_app [None req-6e5f62c4-a442-4a64-a91b-97ca73bbd87e None None] config_source = [] {{(pid=107431) log_opt_values /opt/stack/data/venv/lib/python3.12/site-packages/oslo_config/cfg.py:2995}}
Apr 02 04:10:40.800696 np0000162615 devstack@n-api-meta.service[107431]: DEBUG nova.api.openstack.wsgi_app [None req-6e5f62c4-a442-4a64-a91b-97ca73bbd87e None None] console_host = np0000162615 {{(pid=107431) log_opt_values /opt/stack/data/venv/lib/python3.12/site-packages/oslo_config/cfg.py:2995}}
Apr 02 04:10:40.800876 np0000162615 devstack@n-api-meta.service[107431]: DEBUG nova.api.openstack.wsgi_app [None req-6e5f62c4-a442-4a64-a91b-97ca73bbd87e None None] control_exchange = nova {{(pid=107431) log_opt_values /opt/stack/data/venv/lib/python3.12/site-packages/oslo_config/cfg.py:2995}}
Apr 02 04:10:40.801042 np0000162615 devstack@n-api-meta.service[107431]: DEBUG nova.api.openstack.wsgi_app [None req-6e5f62c4-a442-4a64-a91b-97ca73bbd87e None None] cpu_allocation_ratio = None {{(pid=107431) log_opt_values /opt/stack/data/venv/lib/python3.12/site-packages/oslo_config/cfg.py:2995}}
Apr 02 04:10:40.801096 np0000162615 devstack@n-api-meta.service[107433]: DEBUG dbcounter [-] [107433] Writer thread running {{(pid=107433) stat_writer /opt/stack/data/venv/lib/python3.12/site-packages/dbcounter.py:102}}
Apr 02 04:10:40.801182 np0000162615 devstack@n-api-meta.service[107431]: DEBUG nova.api.openstack.wsgi_app [None req-6e5f62c4-a442-4a64-a91b-97ca73bbd87e None None] daemon = False {{(pid=107431) log_opt_values /opt/stack/data/venv/lib/python3.12/site-packages/oslo_config/cfg.py:2995}}
Apr 02 04:10:40.801310 np0000162615 devstack@n-api-meta.service[107431]: DEBUG nova.api.openstack.wsgi_app [None req-6e5f62c4-a442-4a64-a91b-97ca73bbd87e None None] debug = True {{(pid=107431) log_opt_values /opt/stack/data/venv/lib/python3.12/site-packages/oslo_config/cfg.py:2995}}
Apr 02 04:10:40.801445 np0000162615 devstack@n-api-meta.service[107431]: DEBUG nova.api.openstack.wsgi_app [None req-6e5f62c4-a442-4a64-a91b-97ca73bbd87e None None] default_access_ip_network_name = None {{(pid=107431) log_opt_values /opt/stack/data/venv/lib/python3.12/site-packages/oslo_config/cfg.py:2995}}
Apr 02 04:10:40.801578 np0000162615 devstack@n-api-meta.service[107431]: DEBUG nova.api.openstack.wsgi_app [None req-6e5f62c4-a442-4a64-a91b-97ca73bbd87e None None] default_availability_zone = nova {{(pid=107431) log_opt_values /opt/stack/data/venv/lib/python3.12/site-packages/oslo_config/cfg.py:2995}}
Apr 02 04:10:40.801710 np0000162615 devstack@n-api-meta.service[107431]: DEBUG nova.api.openstack.wsgi_app [None req-6e5f62c4-a442-4a64-a91b-97ca73bbd87e None None] default_ephemeral_format = ext4 {{(pid=107431) log_opt_values /opt/stack/data/venv/lib/python3.12/site-packages/oslo_config/cfg.py:2995}}
Apr 02 04:10:40.801859 np0000162615 devstack@n-api-meta.service[107431]: DEBUG nova.api.openstack.wsgi_app [None req-6e5f62c4-a442-4a64-a91b-97ca73bbd87e None None] default_green_pool_size = 1000 {{(pid=107431) log_opt_values /opt/stack/data/venv/lib/python3.12/site-packages/oslo_config/cfg.py:2995}}
Apr 02 04:10:40.802126 np0000162615 devstack@n-api-meta.service[107431]: DEBUG nova.api.openstack.wsgi_app [None req-6e5f62c4-a442-4a64-a91b-97ca73bbd87e None None] default_log_levels = ['amqp=WARN', 'boto=WARN', 'sqlalchemy=WARN', 'suds=INFO', 'oslo.messaging=INFO', 'oslo_messaging=INFO', 'iso8601=WARN', 'requests.packages.urllib3.connectionpool=WARN', 'urllib3.connectionpool=WARN', 'websocket=WARN', 'requests.packages.urllib3.util.retry=WARN', 'urllib3.util.retry=WARN', 'keystonemiddleware=WARN', 'routes.middleware=WARN', 'stevedore=WARN', 'taskflow=WARN', 'keystoneauth=WARN', 'oslo.cache=INFO', 'oslo_policy=INFO', 'dogpile.core.dogpile=INFO', 'glanceclient=WARN', 'oslo.privsep.daemon=INFO'] {{(pid=107431) log_opt_values /opt/stack/data/venv/lib/python3.12/site-packages/oslo_config/cfg.py:2995}}
Apr 02 04:10:40.802293 np0000162615 devstack@n-api-meta.service[107431]: DEBUG nova.api.openstack.wsgi_app [None req-6e5f62c4-a442-4a64-a91b-97ca73bbd87e None None] default_schedule_zone = None {{(pid=107431) log_opt_values /opt/stack/data/venv/lib/python3.12/site-packages/oslo_config/cfg.py:2995}}
Apr 02 04:10:40.802420 np0000162615 devstack@n-api-meta.service[107431]: DEBUG nova.api.openstack.wsgi_app [None req-6e5f62c4-a442-4a64-a91b-97ca73bbd87e None None] default_thread_pool_size = 10 {{(pid=107431) log_opt_values /opt/stack/data/venv/lib/python3.12/site-packages/oslo_config/cfg.py:2995}}
Apr 02 04:10:40.802582 np0000162615 devstack@n-api-meta.service[107431]: DEBUG nova.api.openstack.wsgi_app [None req-6e5f62c4-a442-4a64-a91b-97ca73bbd87e None None] disk_allocation_ratio = None {{(pid=107431) log_opt_values /opt/stack/data/venv/lib/python3.12/site-packages/oslo_config/cfg.py:2995}}
Apr 02 04:10:40.802716 np0000162615 devstack@n-api-meta.service[107431]: DEBUG nova.api.openstack.wsgi_app [None req-6e5f62c4-a442-4a64-a91b-97ca73bbd87e None None] enable_new_services = True {{(pid=107431) log_opt_values /opt/stack/data/venv/lib/python3.12/site-packages/oslo_config/cfg.py:2995}}
Apr 02 04:10:40.802857 np0000162615 devstack@n-api-meta.service[107431]: DEBUG nova.api.openstack.wsgi_app [None req-6e5f62c4-a442-4a64-a91b-97ca73bbd87e None None] flat_injected = False {{(pid=107431) log_opt_values /opt/stack/data/venv/lib/python3.12/site-packages/oslo_config/cfg.py:2995}}
Apr 02 04:10:40.803015 np0000162615 devstack@n-api-meta.service[107431]: DEBUG nova.api.openstack.wsgi_app [None req-6e5f62c4-a442-4a64-a91b-97ca73bbd87e None None] force_config_drive = False {{(pid=107431) log_opt_values /opt/stack/data/venv/lib/python3.12/site-packages/oslo_config/cfg.py:2995}}
Apr 02 04:10:40.803146 np0000162615 devstack@n-api-meta.service[107431]: DEBUG nova.api.openstack.wsgi_app [None req-6e5f62c4-a442-4a64-a91b-97ca73bbd87e None None] force_raw_images = True {{(pid=107431) log_opt_values /opt/stack/data/venv/lib/python3.12/site-packages/oslo_config/cfg.py:2995}}
Apr 02 04:10:40.803288 np0000162615 devstack@n-api-meta.service[107431]: DEBUG nova.api.openstack.wsgi_app [None req-6e5f62c4-a442-4a64-a91b-97ca73bbd87e None None] graceful_shutdown_timeout = 5 {{(pid=107431) log_opt_values /opt/stack/data/venv/lib/python3.12/site-packages/oslo_config/cfg.py:2995}}
Apr 02 04:10:40.803419 np0000162615 devstack@n-api-meta.service[107431]: DEBUG nova.api.openstack.wsgi_app [None req-6e5f62c4-a442-4a64-a91b-97ca73bbd87e None None] heal_instance_info_cache_interval = -1 {{(pid=107431) log_opt_values /opt/stack/data/venv/lib/python3.12/site-packages/oslo_config/cfg.py:2995}}
Apr 02 04:10:40.803604 np0000162615 devstack@n-api-meta.service[107431]: DEBUG nova.api.openstack.wsgi_app [None req-6e5f62c4-a442-4a64-a91b-97ca73bbd87e None None] host = np0000162615 {{(pid=107431) log_opt_values /opt/stack/data/venv/lib/python3.12/site-packages/oslo_config/cfg.py:2995}}
Apr 02 04:10:40.803768 np0000162615 devstack@n-api-meta.service[107431]: DEBUG nova.api.openstack.wsgi_app [None req-6e5f62c4-a442-4a64-a91b-97ca73bbd87e None None] initial_cpu_allocation_ratio = 4.0 {{(pid=107431) log_opt_values /opt/stack/data/venv/lib/python3.12/site-packages/oslo_config/cfg.py:2995}}
Apr 02 04:10:40.803914 np0000162615 devstack@n-api-meta.service[107431]: DEBUG nova.api.openstack.wsgi_app [None req-6e5f62c4-a442-4a64-a91b-97ca73bbd87e None None] initial_disk_allocation_ratio = 1.0 {{(pid=107431) log_opt_values /opt/stack/data/venv/lib/python3.12/site-packages/oslo_config/cfg.py:2995}}
Apr 02 04:10:40.804138 np0000162615 devstack@n-api-meta.service[107431]: DEBUG nova.api.openstack.wsgi_app [None req-6e5f62c4-a442-4a64-a91b-97ca73bbd87e None None] initial_ram_allocation_ratio = 1.0 {{(pid=107431) log_opt_values /opt/stack/data/venv/lib/python3.12/site-packages/oslo_config/cfg.py:2995}}
Apr 02 04:10:40.804330 np0000162615 devstack@n-api-meta.service[107431]: DEBUG nova.api.openstack.wsgi_app [None req-6e5f62c4-a442-4a64-a91b-97ca73bbd87e None None] injected_network_template = /opt/stack/nova/nova/virt/interfaces.template {{(pid=107431) log_opt_values /opt/stack/data/venv/lib/python3.12/site-packages/oslo_config/cfg.py:2995}}
Apr 02 04:10:40.804467 np0000162615 devstack@n-api-meta.service[107431]: DEBUG nova.api.openstack.wsgi_app [None req-6e5f62c4-a442-4a64-a91b-97ca73bbd87e None None] instance_build_timeout = 0 {{(pid=107431) log_opt_values /opt/stack/data/venv/lib/python3.12/site-packages/oslo_config/cfg.py:2995}}
Apr 02 04:10:40.804599 np0000162615 devstack@n-api-meta.service[107431]: DEBUG nova.api.openstack.wsgi_app [None req-6e5f62c4-a442-4a64-a91b-97ca73bbd87e None None] instance_delete_interval = 300 {{(pid=107431) log_opt_values /opt/stack/data/venv/lib/python3.12/site-packages/oslo_config/cfg.py:2995}}
Apr 02 04:10:40.804736 np0000162615 devstack@n-api-meta.service[107431]: DEBUG nova.api.openstack.wsgi_app [None req-6e5f62c4-a442-4a64-a91b-97ca73bbd87e None None] instance_format = [instance: %(uuid)s] {{(pid=107431) log_opt_values /opt/stack/data/venv/lib/python3.12/site-packages/oslo_config/cfg.py:2995}}
Apr 02 04:10:40.804890 np0000162615 devstack@n-api-meta.service[107431]: DEBUG nova.api.openstack.wsgi_app [None req-6e5f62c4-a442-4a64-a91b-97ca73bbd87e None None] instance_name_template = instance-%08x {{(pid=107431) log_opt_values /opt/stack/data/venv/lib/python3.12/site-packages/oslo_config/cfg.py:2995}}
Apr 02 04:10:40.805044 np0000162615 devstack@n-api-meta.service[107431]: DEBUG nova.api.openstack.wsgi_app [None req-6e5f62c4-a442-4a64-a91b-97ca73bbd87e None None] instance_usage_audit = False {{(pid=107431) log_opt_values /opt/stack/data/venv/lib/python3.12/site-packages/oslo_config/cfg.py:2995}}
Apr 02 04:10:40.805183 np0000162615 devstack@n-api-meta.service[107431]: DEBUG nova.api.openstack.wsgi_app [None req-6e5f62c4-a442-4a64-a91b-97ca73bbd87e None None] instance_usage_audit_period = month {{(pid=107431) log_opt_values /opt/stack/data/venv/lib/python3.12/site-packages/oslo_config/cfg.py:2995}}
Apr 02 04:10:40.805316 np0000162615 devstack@n-api-meta.service[107431]: DEBUG nova.api.openstack.wsgi_app [None req-6e5f62c4-a442-4a64-a91b-97ca73bbd87e None None] instance_uuid_format = [instance: %(uuid)s] {{(pid=107431) log_opt_values /opt/stack/data/venv/lib/python3.12/site-packages/oslo_config/cfg.py:2995}}
Apr 02 04:10:40.805452 np0000162615 devstack@n-api-meta.service[107431]: DEBUG nova.api.openstack.wsgi_app [None req-6e5f62c4-a442-4a64-a91b-97ca73bbd87e None None] instances_path = /opt/stack/data/nova/instances {{(pid=107431) log_opt_values /opt/stack/data/venv/lib/python3.12/site-packages/oslo_config/cfg.py:2995}}
Apr 02 04:10:40.805586 np0000162615 devstack@n-api-meta.service[107431]: DEBUG nova.api.openstack.wsgi_app [None req-6e5f62c4-a442-4a64-a91b-97ca73bbd87e None None] internal_service_availability_zone = internal {{(pid=107431) log_opt_values /opt/stack/data/venv/lib/python3.12/site-packages/oslo_config/cfg.py:2995}}
Apr 02 04:10:40.805713 np0000162615 devstack@n-api-meta.service[107431]: DEBUG nova.api.openstack.wsgi_app [None req-6e5f62c4-a442-4a64-a91b-97ca73bbd87e None None] key = None {{(pid=107431) log_opt_values /opt/stack/data/venv/lib/python3.12/site-packages/oslo_config/cfg.py:2995}}
Apr 02 04:10:40.805864 np0000162615 devstack@n-api-meta.service[107431]: DEBUG nova.api.openstack.wsgi_app [None req-6e5f62c4-a442-4a64-a91b-97ca73bbd87e None None] live_migration_retry_count = 30 {{(pid=107431) log_opt_values /opt/stack/data/venv/lib/python3.12/site-packages/oslo_config/cfg.py:2995}}
Apr 02 04:10:40.806024 np0000162615 devstack@n-api-meta.service[107431]: DEBUG nova.api.openstack.wsgi_app [None req-6e5f62c4-a442-4a64-a91b-97ca73bbd87e None None] log_color = False {{(pid=107431) log_opt_values /opt/stack/data/venv/lib/python3.12/site-packages/oslo_config/cfg.py:2995}}
Apr 02 04:10:40.806160 np0000162615 devstack@n-api-meta.service[107431]: DEBUG nova.api.openstack.wsgi_app [None req-6e5f62c4-a442-4a64-a91b-97ca73bbd87e None None] log_config_append = None {{(pid=107431) log_opt_values /opt/stack/data/venv/lib/python3.12/site-packages/oslo_config/cfg.py:2995}}
Apr 02 04:10:40.806295 np0000162615 devstack@n-api-meta.service[107431]: DEBUG nova.api.openstack.wsgi_app [None req-6e5f62c4-a442-4a64-a91b-97ca73bbd87e None None] log_date_format = %Y-%m-%d %H:%M:%S {{(pid=107431) log_opt_values /opt/stack/data/venv/lib/python3.12/site-packages/oslo_config/cfg.py:2995}}
Apr 02 04:10:40.806447 np0000162615 devstack@n-api-meta.service[107431]: DEBUG nova.api.openstack.wsgi_app [None req-6e5f62c4-a442-4a64-a91b-97ca73bbd87e None None] log_dir = None {{(pid=107431) log_opt_values /opt/stack/data/venv/lib/python3.12/site-packages/oslo_config/cfg.py:2995}}
Apr 02 04:10:40.806545 np0000162615 devstack@n-api-meta.service[107433]: INFO dbcounter [None req-d9a8e25a-e7e5-40b0-b07b-c0462d9f33f5 None None] Registered counter for database nova_cell0
Apr 02 04:10:40.806599 np0000162615 devstack@n-api-meta.service[107431]: DEBUG nova.api.openstack.wsgi_app [None req-6e5f62c4-a442-4a64-a91b-97ca73bbd87e None None] log_file = None {{(pid=107431) log_opt_values /opt/stack/data/venv/lib/python3.12/site-packages/oslo_config/cfg.py:2995}}
Apr 02 04:10:40.806683 np0000162615 devstack@n-api-meta.service[107431]: DEBUG nova.api.openstack.wsgi_app [None req-6e5f62c4-a442-4a64-a91b-97ca73bbd87e None None] log_options = True {{(pid=107431) log_opt_values /opt/stack/data/venv/lib/python3.12/site-packages/oslo_config/cfg.py:2995}}
Apr 02 04:10:40.806827 np0000162615 devstack@n-api-meta.service[107431]: DEBUG nova.api.openstack.wsgi_app [None req-6e5f62c4-a442-4a64-a91b-97ca73bbd87e None None] log_rotate_interval = 1 {{(pid=107431) log_opt_values /opt/stack/data/venv/lib/python3.12/site-packages/oslo_config/cfg.py:2995}}
Apr 02 04:10:40.806983 np0000162615 devstack@n-api-meta.service[107431]: DEBUG nova.api.openstack.wsgi_app [None req-6e5f62c4-a442-4a64-a91b-97ca73bbd87e None None] log_rotate_interval_type = days {{(pid=107431) log_opt_values /opt/stack/data/venv/lib/python3.12/site-packages/oslo_config/cfg.py:2995}}
Apr 02 04:10:40.807148 np0000162615 devstack@n-api-meta.service[107431]: DEBUG nova.api.openstack.wsgi_app [None req-6e5f62c4-a442-4a64-a91b-97ca73bbd87e None None] log_rotation_type = none {{(pid=107431) log_opt_values /opt/stack/data/venv/lib/python3.12/site-packages/oslo_config/cfg.py:2995}}
Apr 02 04:10:40.807275 np0000162615 devstack@n-api-meta.service[107431]: DEBUG nova.api.openstack.wsgi_app [None req-6e5f62c4-a442-4a64-a91b-97ca73bbd87e None None] logging_context_format_string = %(color)s%(levelname)s %(name)s [%(global_request_id)s %(request_id)s %(project_name)s %(user_name)s%(color)s] %(instance)s%(color)s%(message)s {{(pid=107431) log_opt_values /opt/stack/data/venv/lib/python3.12/site-packages/oslo_config/cfg.py:2995}}
Apr 02 04:10:40.807370 np0000162615 devstack@n-api-meta.service[107431]: DEBUG nova.api.openstack.wsgi_app [None req-6e5f62c4-a442-4a64-a91b-97ca73bbd87e None None] logging_debug_format_suffix = {{(pid=%(process)d) %(funcName)s %(pathname)s:%(lineno)d}} {{(pid=107431) log_opt_values /opt/stack/data/venv/lib/python3.12/site-packages/oslo_config/cfg.py:2995}}
