2026-07-08 22:46:03.890 7 INFO placement.requestlog [req-3fb69b53-cb82-4705-9942-014f9600ac4a req-d4fd6f40-83c2-4c6d-a550-471e2974ad33 c33dbd441eee45a7af78c936f3011a10 61de20f373e14217a13e38dbdd5b57d5 - - 3e0494c073574d26b859eb3d987c9cac 3e0494c073574d26b859eb3d987c9cac] 199.19.213.181 "GET /resource_providers/75f537c3-207d-4d8e-a20c-e473d797054a/allocations" status: 200 len: 152 microversion: 1.0 [pid: 7|app: 0|req: 342/675] 199.19.213.181 () {32 vars in 857 bytes} [Wed Jul 8 22:46:03 2026] GET /resource_providers/75f537c3-207d-4d8e-a20c-e473d797054a/allocations => generated 152 bytes in 18 msecs (HTTP/1.1 200) 6 headers in 224 bytes (1 switches on core 0)
2026-07-08 22:46:03.905 8 INFO placement.requestlog [req-3fb69b53-cb82-4705-9942-014f9600ac4a req-4ce11987-131d-4a15-932e-1298b5371895 c33dbd441eee45a7af78c936f3011a10 61de20f373e14217a13e38dbdd5b57d5 - - 3e0494c073574d26b859eb3d987c9cac 3e0494c073574d26b859eb3d987c9cac] 199.19.213.181 "GET /allocations/9bca7510-b3af-4998-9d53-5ff605fe1ee9" status: 200 len: 257 microversion: 1.28 [pid: 8|app: 0|req: 334/676] 199.19.213.181 () {34 vars in 863 bytes} [Wed Jul 8 22:46:03 2026] GET /allocations/9bca7510-b3af-4998-9d53-5ff605fe1ee9 => generated 257 bytes in 11 msecs (HTTP/1.1 200) 8 headers in 296 bytes (1 switches on core 0)
2026-07-08 22:46:09.193 7 INFO placement.requestlog [req-9102ba92-df01-45b1-8a8b-30cc009cfdea req-c899f2a0-2244-4f73-8df2-fc3823d2db5a c33dbd441eee45a7af78c936f3011a10 61de20f373e14217a13e38dbdd5b57d5 - - 3e0494c073574d26b859eb3d987c9cac 3e0494c073574d26b859eb3d987c9cac] 10.0.0.61 "GET /allocation_candidates?limit=1000&resources=DISK_GB%3A1%2CMEMORY_MB%3A512%2CVCPU%3A1&root_required=%21COMPUTE_STATUS_DISABLED" status: 200 len: 2444 microversion: 1.36 [pid: 7|app: 0|req: 343/677] 10.0.0.61 () {34 vars in 1011 bytes} [Wed Jul 8 22:46:09 2026] GET /allocation_candidates?limit=1000&resources=DISK_GB%3A1%2CMEMORY_MB%3A512%2CVCPU%3A1&root_required=%21COMPUTE_STATUS_DISABLED => generated 2444 bytes in 48 msecs (HTTP/1.1 200) 8 headers in 297 bytes (1 switches on core 0)
2026-07-08 22:46:09.244 8 INFO placement.requestlog [req-9102ba92-df01-45b1-8a8b-30cc009cfdea req-149b6850-b457-4157-9fda-4ad5551105ae c33dbd441eee45a7af78c936f3011a10 61de20f373e14217a13e38dbdd5b57d5 - - 3e0494c073574d26b859eb3d987c9cac 3e0494c073574d26b859eb3d987c9cac] 10.0.0.61 "GET /allocations/80d39307-f586-42a5-a19a-fed259b235c2" status: 200 len: 19 microversion: 1.28 [pid: 8|app: 0|req: 335/678] 10.0.0.61 () {34 vars in 860 bytes} [Wed Jul 8 22:46:09 2026] GET /allocations/80d39307-f586-42a5-a19a-fed259b235c2 => generated 19 bytes in 30 msecs (HTTP/1.1 200) 8 headers in 295 bytes (1 switches on core 0)
2026-07-08 22:46:09.309 7 INFO placement.requestlog [req-9102ba92-df01-45b1-8a8b-30cc009cfdea req-2f2b7f0a-66a0-4b7d-9757-fcfa5d6ab1ca c33dbd441eee45a7af78c936f3011a10 61de20f373e14217a13e38dbdd5b57d5 - - 3e0494c073574d26b859eb3d987c9cac 3e0494c073574d26b859eb3d987c9cac] 10.0.0.61 "PUT /allocations/80d39307-f586-42a5-a19a-fed259b235c2" status: 204 len: 0 microversion: 1.36 [pid: 7|app: 0|req: 344/679] 10.0.0.61 () {38 vars in 913 bytes} [Wed Jul 8 22:46:09 2026] PUT /allocations/80d39307-f586-42a5-a19a-fed259b235c2 => generated 0 bytes in 61 msecs (HTTP/1.1 204) 5 headers in 199 bytes (1 switches on core 0)
2026-07-08 22:46:09.643 7 INFO placement.requestlog [None req-2bef6114-5659-4124-b7da-b9098d740f8d 76ba1b843f7e48d2b5eb22999c83adf6 61de20f373e14217a13e38dbdd5b57d5 - - 3e0494c073574d26b859eb3d987c9cac 3e0494c073574d26b859eb3d987c9cac] 10.0.0.128 "GET /resource_providers/cde28e9d-c22b-4085-9982-559a8818820d/aggregates" status: 404 len: 235 microversion: 1.1 [pid: 7|app: 0|req: 345/680] 10.0.0.128 () {32 vars in 816 bytes} [Wed Jul 8 22:46:09 2026] GET /resource_providers/cde28e9d-c22b-4085-9982-559a8818820d/aggregates => generated 235 bytes in 14 msecs (HTTP/1.1 404) 5 headers in 202 bytes (1 switches on core 0)
2026-07-08 22:46:09.649 8 INFO placement.requestlog [None req-c942ff4d-03d1-48af-9e81-8050211b92c6 76ba1b843f7e48d2b5eb22999c83adf6 61de20f373e14217a13e38dbdd5b57d5 - - 3e0494c073574d26b859eb3d987c9cac 3e0494c073574d26b859eb3d987c9cac] 10.0.0.128 "GET /resource_providers/cde28e9d-c22b-4085-9982-559a8818820d/aggregates" status: 404 len: 235 microversion: 1.1 [pid: 8|app: 0|req: 336/681] 10.0.0.128 () {32 vars in 816 bytes} [Wed Jul 8 22:46:09 2026] GET /resource_providers/cde28e9d-c22b-4085-9982-559a8818820d/aggregates => generated 235 bytes in 24 msecs (HTTP/1.1 404) 5 headers in 202 bytes (1 switches on core 0)
2026-07-08 22:46:09.664 8 INFO placement.requestlog [None req-13b60e0c-995b-4e04-b45c-27ddb0d2be1d 76ba1b843f7e48d2b5eb22999c83adf6 61de20f373e14217a13e38dbdd5b57d5 - - 3e0494c073574d26b859eb3d987c9cac 3e0494c073574d26b859eb3d987c9cac] 10.0.0.128 "DELETE /resource_providers/cde28e9d-c22b-4085-9982-559a8818820d" status: 404 len: 246 microversion: 1.1
2026-07-08 22:46:09.664 7 INFO placement.requestlog [None req-06d152af-5b28-4825-b7e1-3efe4376063b 76ba1b843f7e48d2b5eb22999c83adf6 61de20f373e14217a13e38dbdd5b57d5 - - 3e0494c073574d26b859eb3d987c9cac 3e0494c073574d26b859eb3d987c9cac] 10.0.0.128 "DELETE /resource_providers/cde28e9d-c22b-4085-9982-559a8818820d" status: 404 len: 246 microversion: 1.1 [pid: 8|app: 0|req: 337/682] 10.0.0.128 () {34 vars in 816 bytes} [Wed Jul 8 22:46:09 2026] DELETE /resource_providers/cde28e9d-c22b-4085-9982-559a8818820d => generated 246 bytes in 8 msecs (HTTP/1.1 404) 6 headers in 231 bytes (1 switches on core 0) [pid: 7|app: 0|req: 346/683] 10.0.0.128 () {34 vars in 816 bytes} [Wed Jul 8 22:46:09 2026] DELETE /resource_providers/cde28e9d-c22b-4085-9982-559a8818820d => generated 246 bytes in 10 msecs (HTTP/1.1 404) 6 headers in 231 bytes (1 switches on core 0)
2026-07-08 22:46:10.844 8 INFO placement.requestlog [req-9102ba92-df01-45b1-8a8b-30cc009cfdea req-e0d80531-648f-4369-827c-2bf9fa96b22f c33dbd441eee45a7af78c936f3011a10 61de20f373e14217a13e38dbdd5b57d5 - - 3e0494c073574d26b859eb3d987c9cac 3e0494c073574d26b859eb3d987c9cac] 199.19.213.181 "GET /allocations/80d39307-f586-42a5-a19a-fed259b235c2" status: 200 len: 257 microversion: 1.28 [pid: 8|app: 0|req: 338/684] 199.19.213.181 () {34 vars in 863 bytes} [Wed Jul 8 22:46:10 2026] GET /allocations/80d39307-f586-42a5-a19a-fed259b235c2 => generated 257 bytes in 14 msecs (HTTP/1.1 200) 8 headers in 296 bytes (1 switches on core 0)
2026-07-08 22:46:11.694 7 INFO placement.requestlog [None req-8afaabd5-369e-46f3-aa27-a717765bb090 76ba1b843f7e48d2b5eb22999c83adf6 61de20f373e14217a13e38dbdd5b57d5 - - 3e0494c073574d26b859eb3d987c9cac 3e0494c073574d26b859eb3d987c9cac] 10.0.0.128 "GET /resource_providers/df832d38-4b97-4479-87a3-d786fdf030d6/aggregates" status: 404 len: 235 microversion: 1.1 [pid: 7|app: 0|req: 347/685] 10.0.0.128 () {32 vars in 816 bytes} [Wed Jul 8 22:46:11 2026] GET /resource_providers/df832d38-4b97-4479-87a3-d786fdf030d6/aggregates => generated 235 bytes in 14 msecs (HTTP/1.1 404) 5 headers in 202 bytes (1 switches on core 0)
2026-07-08 22:46:11.697 8 INFO placement.requestlog [None req-49a444e3-812c-49cb-b38f-bf2e121a0689 76ba1b843f7e48d2b5eb22999c83adf6 61de20f373e14217a13e38dbdd5b57d5 - - 3e0494c073574d26b859eb3d987c9cac 3e0494c073574d26b859eb3d987c9cac] 10.0.0.128 "GET /resource_providers/df832d38-4b97-4479-87a3-d786fdf030d6/aggregates" status: 404 len: 235 microversion: 1.1 [pid: 8|app: 0|req: 339/686] 10.0.0.128 () {32 vars in 816 bytes} [Wed Jul 8 22:46:11 2026] GET /resource_providers/df832d38-4b97-4479-87a3-d786fdf030d6/aggregates => generated 235 bytes in 17 msecs (HTTP/1.1 404) 5 headers in 202 bytes (1 switches on core 0)
2026-07-08 22:46:11.718 7 INFO placement.requestlog [None req-66a2f93c-8d79-4e71-abe6-beb732c7678d 76ba1b843f7e48d2b5eb22999c83adf6 61de20f373e14217a13e38dbdd5b57d5 - - 3e0494c073574d26b859eb3d987c9cac 3e0494c073574d26b859eb3d987c9cac] 10.0.0.128 "DELETE /resource_providers/df832d38-4b97-4479-87a3-d786fdf030d6" status: 404 len: 246 microversion: 1.1 [pid: 7|app: 0|req: 348/687] 10.0.0.128 () {34 vars in 816 bytes} [Wed Jul 8 22:46:11 2026] DELETE /resource_providers/df832d38-4b97-4479-87a3-d786fdf030d6 => generated 246 bytes in 10 msecs (HTTP/1.1 404) 6 headers in 231 bytes (1 switches on core 0)
2026-07-08 22:46:11.733 8 INFO placement.requestlog [None req-9e4d0c2e-823c-428d-b6ca-65ab33dbff00 76ba1b843f7e48d2b5eb22999c83adf6 61de20f373e14217a13e38dbdd5b57d5 - - 3e0494c073574d26b859eb3d987c9cac 3e0494c073574d26b859eb3d987c9cac] 10.0.0.128 "DELETE /resource_providers/df832d38-4b97-4479-87a3-d786fdf030d6" status: 404 len: 246 microversion: 1.1 [pid: 8|app: 0|req: 340/688] 10.0.0.128 () {34 vars in 816 bytes} [Wed Jul 8 22:46:11 2026] DELETE /resource_providers/df832d38-4b97-4479-87a3-d786fdf030d6 => generated 246 bytes in 17 msecs (HTTP/1.1 404) 6 headers in 231 bytes (1 switches on core 0)
2026-07-08 22:46:11.905 7 INFO placement.requestlog [req-9102ba92-df01-45b1-8a8b-30cc009cfdea req-189a3586-d4e0-4ac6-91ba-3417172e257d c33dbd441eee45a7af78c936f3011a10 61de20f373e14217a13e38dbdd5b57d5 - - 3e0494c073574d26b859eb3d987c9cac 3e0494c073574d26b859eb3d987c9cac] 199.19.213.181 "GET /resource_providers/75f537c3-207d-4d8e-a20c-e473d797054a/allocations" status: 200 len: 252 microversion: 1.0 [pid: 7|app: 0|req: 349/689] 199.19.213.181 () {32 vars in 857 bytes} [Wed Jul 8 22:46:11 2026] GET /resource_providers/75f537c3-207d-4d8e-a20c-e473d797054a/allocations => generated 252 bytes in 37 msecs (HTTP/1.1 200) 6 headers in 224 bytes (1 switches on core 0)
2026-07-08 22:46:11.935 8 INFO placement.requestlog [req-9102ba92-df01-45b1-8a8b-30cc009cfdea req-85f0d957-f604-48eb-ad09-7c2222c999d2 c33dbd441eee45a7af78c936f3011a10 61de20f373e14217a13e38dbdd5b57d5 - - 3e0494c073574d26b859eb3d987c9cac 3e0494c073574d26b859eb3d987c9cac] 199.19.213.181 "GET /allocations/80d39307-f586-42a5-a19a-fed259b235c2" status: 200 len: 257 microversion: 1.28 [pid: 8|app: 0|req: 341/690] 199.19.213.181 () {34 vars in 863 bytes} [Wed Jul 8 22:46:11 2026] GET /allocations/80d39307-f586-42a5-a19a-fed259b235c2 => generated 257 bytes in 25 msecs (HTTP/1.1 200) 8 headers in 296 bytes (1 switches on core 0)
2026-07-08 22:46:11.956 7 INFO placement.requestlog [req-9102ba92-df01-45b1-8a8b-30cc009cfdea req-cecfec09-d2a0-48eb-97f5-40df01047509 c33dbd441eee45a7af78c936f3011a10 61de20f373e14217a13e38dbdd5b57d5 - - 3e0494c073574d26b859eb3d987c9cac 3e0494c073574d26b859eb3d987c9cac] 199.19.213.181 "GET /allocations/9bca7510-b3af-4998-9d53-5ff605fe1ee9" status: 200 len: 257 microversion: 1.28 [pid: 7|app: 0|req: 350/691] 199.19.213.181 () {34 vars in 863 bytes} [Wed Jul 8 22:46:11 2026] GET /allocations/9bca7510-b3af-4998-9d53-5ff605fe1ee9 => generated 257 bytes in 16 msecs (HTTP/1.1 200) 8 headers in 296 bytes (1 switches on core 0)
2026-07-08 22:46:12.577 8 INFO placement.requestlog [None req-62241978-9c3a-47e3-a65e-c1e87c68a303 76ba1b843f7e48d2b5eb22999c83adf6 61de20f373e14217a13e38dbdd5b57d5 - - 3e0494c073574d26b859eb3d987c9cac 3e0494c073574d26b859eb3d987c9cac] 10.0.0.128 "GET /resource_providers/ef0fa546-b933-422d-b70b-53797d0ac841/aggregates" status: 404 len: 235 microversion: 1.1 [pid: 8|app: 0|req: 342/692] 10.0.0.128 () {32 vars in 816 bytes} [Wed Jul 8 22:46:12 2026] GET /resource_providers/ef0fa546-b933-422d-b70b-53797d0ac841/aggregates => generated 235 bytes in 10 msecs (HTTP/1.1 404) 5 headers in 202 bytes (1 switches on core 0)
2026-07-08 22:46:12.579 7 INFO placement.requestlog [None req-9ba69ef7-ac29-49c5-b886-e45d2c19aadc 76ba1b843f7e48d2b5eb22999c83adf6 61de20f373e14217a13e38dbdd5b57d5 - - 3e0494c073574d26b859eb3d987c9cac 3e0494c073574d26b859eb3d987c9cac] 10.0.0.128 "GET /resource_providers/ef0fa546-b933-422d-b70b-53797d0ac841/aggregates" status: 404 len: 235 microversion: 1.1 [pid: 7|app: 0|req: 351/693] 10.0.0.128 () {32 vars in 816 bytes} [Wed Jul 8 22:46:12 2026] GET /resource_providers/ef0fa546-b933-422d-b70b-53797d0ac841/aggregates => generated 235 bytes in 12 msecs (HTTP/1.1 404) 5 headers in 202 bytes (1 switches on core 0)
2026-07-08 22:46:12.596 8 INFO placement.requestlog [None req-ac1b3d67-7f2a-44c8-9ed0-a54114305ed3 76ba1b843f7e48d2b5eb22999c83adf6 61de20f373e14217a13e38dbdd5b57d5 - - 3e0494c073574d26b859eb3d987c9cac 3e0494c073574d26b859eb3d987c9cac] 10.0.0.128 "DELETE /resource_providers/ef0fa546-b933-422d-b70b-53797d0ac841" status: 404 len: 246 microversion: 1.1 [pid: 8|app: 0|req: 343/694] 10.0.0.128 () {34 vars in 816 bytes} [Wed Jul 8 22:46:12 2026] DELETE /resource_providers/ef0fa546-b933-422d-b70b-53797d0ac841 => generated 246 bytes in 7 msecs (HTTP/1.1 404) 6 headers in 231 bytes (1 switches on core 0)
2026-07-08 22:46:12.602 7 INFO placement.requestlog [None req-ea81ec9d-911a-4cbe-9c3d-fe3edcb5ba6d 76ba1b843f7e48d2b5eb22999c83adf6 61de20f373e14217a13e38dbdd5b57d5 - - 3e0494c073574d26b859eb3d987c9cac 3e0494c073574d26b859eb3d987c9cac] 10.0.0.128 "DELETE /resource_providers/ef0fa546-b933-422d-b70b-53797d0ac841" status: 404 len: 246 microversion: 1.1 [pid: 7|app: 0|req: 352/695] 10.0.0.128 () {34 vars in 816 bytes} [Wed Jul 8 22:46:12 2026] DELETE /resource_providers/ef0fa546-b933-422d-b70b-53797d0ac841 => generated 246 bytes in 10 msecs (HTTP/1.1 404) 6 headers in 231 bytes (1 switches on core 0)
2026-07-08 22:46:13.536 8 INFO placement.requestlog [None req-52049af8-20f1-48c7-865f-de0e8a5be60e - - - - - -] 10.0.0.180 "GET /" status: 200 len: 136 microversion: 1.0
2026-07-08 22:46:13.537 7 INFO placement.requestlog [None req-c67d24a3-03d9-416a-8f38-a0ea091200f5 - - - - - -] 10.0.0.180 "GET /" status: 200 len: 136 microversion: 1.0
2026-07-08 22:46:14.614 8 INFO placement.requestlog [None req-4868c698-5aa6-4faf-a22b-444c2cb886c0 76ba1b843f7e48d2b5eb22999c83adf6 61de20f373e14217a13e38dbdd5b57d5 - - 3e0494c073574d26b859eb3d987c9cac 3e0494c073574d26b859eb3d987c9cac] 10.0.0.128 "GET /resource_providers/d1a60920-ec59-4891-b327-45bdb03200cc/aggregates" status: 404 len: 235 microversion: 1.1 [pid: 8|app: 0|req: 345/698] 10.0.0.128 () {32 vars in 816 bytes} [Wed Jul 8 22:46:14 2026] GET /resource_providers/d1a60920-ec59-4891-b327-45bdb03200cc/aggregates => generated 235 bytes in 10 msecs (HTTP/1.1 404) 5 headers in 202 bytes (1 switches on core 0)
2026-07-08 22:46:14.623 7 INFO placement.requestlog [None req-bd4382ff-15b9-4e9b-8965-738bec966289 76ba1b843f7e48d2b5eb22999c83adf6 61de20f373e14217a13e38dbdd5b57d5 - - 3e0494c073574d26b859eb3d987c9cac 3e0494c073574d26b859eb3d987c9cac] 10.0.0.128 "GET /resource_providers/d1a60920-ec59-4891-b327-45bdb03200cc/aggregates" status: 404 len: 235 microversion: 1.1 [pid: 7|app: 0|req: 354/699] 10.0.0.128 () {32 vars in 816 bytes} [Wed Jul 8 22:46:14 2026] GET /resource_providers/d1a60920-ec59-4891-b327-45bdb03200cc/aggregates => generated 235 bytes in 11 msecs (HTTP/1.1 404) 5 headers in 202 bytes (1 switches on core 0)
2026-07-08 22:46:14.633 8 INFO placement.requestlog [None req-7853bf0d-ff99-4823-87b6-095e9bcf5c30 76ba1b843f7e48d2b5eb22999c83adf6 61de20f373e14217a13e38dbdd5b57d5 - - 3e0494c073574d26b859eb3d987c9cac 3e0494c073574d26b859eb3d987c9cac] 10.0.0.128 "DELETE /resource_providers/d1a60920-ec59-4891-b327-45bdb03200cc" status: 404 len: 246 microversion: 1.1 [pid: 8|app: 0|req: 346/700] 10.0.0.128 () {34 vars in 816 bytes} [Wed Jul 8 22:46:14 2026] DELETE /resource_providers/d1a60920-ec59-4891-b327-45bdb03200cc => generated 246 bytes in 12 msecs (HTTP/1.1 404) 6 headers in 231 bytes (1 switches on core 0)
2026-07-08 22:46:14.650 8 INFO placement.requestlog [None req-5fc3ce66-5a9e-42cc-a179-b3ad346bd003 76ba1b843f7e48d2b5eb22999c83adf6 61de20f373e14217a13e38dbdd5b57d5 - - 3e0494c073574d26b859eb3d987c9cac 3e0494c073574d26b859eb3d987c9cac] 10.0.0.128 "GET /resource_providers/b35d64ec-66ff-4adf-9b01-5f98b929a621/aggregates" status: 404 len: 235 microversion: 1.1 [pid: 8|app: 0|req: 347/701] 10.0.0.128 () {32 vars in 816 bytes} [Wed Jul 8 22:46:14 2026] GET /resource_providers/b35d64ec-66ff-4adf-9b01-5f98b929a621/aggregates => generated 235 bytes in 7 msecs (HTTP/1.1 404) 5 headers in 202 bytes (1 switches on core 0)
2026-07-08 22:46:14.651 7 INFO placement.requestlog [None req-c1649b37-a87b-419d-97c1-a5bc0a646c7b 76ba1b843f7e48d2b5eb22999c83adf6 61de20f373e14217a13e38dbdd5b57d5 - - 3e0494c073574d26b859eb3d987c9cac 3e0494c073574d26b859eb3d987c9cac] 10.0.0.128 "DELETE /resource_providers/d1a60920-ec59-4891-b327-45bdb03200cc" status: 404 len: 246 microversion: 1.1 [pid: 7|app: 0|req: 355/702] 10.0.0.128 () {34 vars in 816 bytes} [Wed Jul 8 22:46:14 2026] DELETE /resource_providers/d1a60920-ec59-4891-b327-45bdb03200cc => generated 246 bytes in 14 msecs (HTTP/1.1 404) 6 headers in 231 bytes (1 switches on core 0)
2026-07-08 22:46:14.673 8 INFO placement.requestlog [None req-35177190-cbe2-4f49-abc5-18aaae597783 76ba1b843f7e48d2b5eb22999c83adf6 61de20f373e14217a13e38dbdd5b57d5 - - 3e0494c073574d26b859eb3d987c9cac 3e0494c073574d26b859eb3d987c9cac] 10.0.0.128 "GET /resource_providers/b35d64ec-66ff-4adf-9b01-5f98b929a621/aggregates" status: 404 len: 235 microversion: 1.1 [pid: 8|app: 0|req: 348/703] 10.0.0.128 () {32 vars in 816 bytes} [Wed Jul 8 22:46:14 2026] GET /resource_providers/b35d64ec-66ff-4adf-9b01-5f98b929a621/aggregates => generated 235 bytes in 8 msecs (HTTP/1.1 404) 5 headers in 202 bytes (1 switches on core 0)
2026-07-08 22:46:14.686 7 INFO placement.requestlog [None req-fe7c303d-8777-4c0a-949b-7b4d3c969625 76ba1b843f7e48d2b5eb22999c83adf6 61de20f373e14217a13e38dbdd5b57d5 - - 3e0494c073574d26b859eb3d987c9cac 3e0494c073574d26b859eb3d987c9cac] 10.0.0.128 "DELETE /resource_providers/b35d64ec-66ff-4adf-9b01-5f98b929a621" status: 404 len: 246 microversion: 1.1 [pid: 7|app: 0|req: 356/704] 10.0.0.128 () {34 vars in 816 bytes} [Wed Jul 8 22:46:14 2026] DELETE /resource_providers/b35d64ec-66ff-4adf-9b01-5f98b929a621 => generated 246 bytes in 22 msecs (HTTP/1.1 404) 6 headers in 231 bytes (1 switches on core 0)
2026-07-08 22:46:14.688 8 INFO placement.requestlog [None req-a13f1946-dbf3-488f-aa8c-4d4ea2f49789 76ba1b843f7e48d2b5eb22999c83adf6 61de20f373e14217a13e38dbdd5b57d5 - - 3e0494c073574d26b859eb3d987c9cac 3e0494c073574d26b859eb3d987c9cac] 10.0.0.128 "DELETE /resource_providers/b35d64ec-66ff-4adf-9b01-5f98b929a621" status: 404 len: 246 microversion: 1.1 [pid: 8|app: 0|req: 349/705] 10.0.0.128 () {34 vars in 816 bytes} [Wed Jul 8 22:46:14 2026] DELETE /resource_providers/b35d64ec-66ff-4adf-9b01-5f98b929a621 => generated 246 bytes in 8 msecs (HTTP/1.1 404) 6 headers in 231 bytes (1 switches on core 0)
2026-07-08 22:46:14.704 8 INFO placement.requestlog [None req-5f801174-3b76-44d0-9e7b-69ef1ade135d 76ba1b843f7e48d2b5eb22999c83adf6 61de20f373e14217a13e38dbdd5b57d5 - - 3e0494c073574d26b859eb3d987c9cac 3e0494c073574d26b859eb3d987c9cac] 10.0.0.128 "GET /resource_providers/46a233b8-456e-438f-a747-6827ecbe0345/aggregates" status: 404 len: 235 microversion: 1.1 [pid: 8|app: 0|req: 350/706] 10.0.0.128 () {32 vars in 816 bytes} [Wed Jul 8 22:46:14 2026] GET /resource_providers/46a233b8-456e-438f-a747-6827ecbe0345/aggregates => generated 235 bytes in 6 msecs (HTTP/1.1 404) 5 headers in 202 bytes (1 switches on core 0)
2026-07-08 22:46:14.707 7 INFO placement.requestlog [None req-e7f00035-d455-4a42-a05e-c12c46d9e03d 76ba1b843f7e48d2b5eb22999c83adf6 61de20f373e14217a13e38dbdd5b57d5 - - 3e0494c073574d26b859eb3d987c9cac 3e0494c073574d26b859eb3d987c9cac] 10.0.0.128 "GET /resource_providers/46a233b8-456e-438f-a747-6827ecbe0345/aggregates" status: 404 len: 235 microversion: 1.1 [pid: 7|app: 0|req: 357/707] 10.0.0.128 () {32 vars in 816 bytes} [Wed Jul 8 22:46:14 2026] GET /resource_providers/46a233b8-456e-438f-a747-6827ecbe0345/aggregates => generated 235 bytes in 11 msecs (HTTP/1.1 404) 5 headers in 202 bytes (1 switches on core 0)
2026-07-08 22:46:14.721 7 INFO placement.requestlog [None req-e8efb18e-dae4-4c2b-9415-10590ec7b0a6 76ba1b843f7e48d2b5eb22999c83adf6 61de20f373e14217a13e38dbdd5b57d5 - - 3e0494c073574d26b859eb3d987c9cac 3e0494c073574d26b859eb3d987c9cac] 10.0.0.128 "DELETE /resource_providers/46a233b8-456e-438f-a747-6827ecbe0345" status: 404 len: 246 microversion: 1.1 [pid: 7|app: 0|req: 358/708] 10.0.0.128 () {34 vars in 816 bytes} [Wed Jul 8 22:46:14 2026] DELETE /resource_providers/46a233b8-456e-438f-a747-6827ecbe0345 => generated 246 bytes in 6 msecs (HTTP/1.1 404) 6 headers in 231 bytes (1 switches on core 0)
2026-07-08 22:46:14.726 8 INFO placement.requestlog [None req-c35f14ff-e27c-488b-8598-8d0b4e99bd65 76ba1b843f7e48d2b5eb22999c83adf6 61de20f373e14217a13e38dbdd5b57d5 - - 3e0494c073574d26b859eb3d987c9cac 3e0494c073574d26b859eb3d987c9cac] 10.0.0.128 "DELETE /resource_providers/46a233b8-456e-438f-a747-6827ecbe0345" status: 404 len: 246 microversion: 1.1 [pid: 8|app: 0|req: 351/709] 10.0.0.128 () {34 vars in 816 bytes} [Wed Jul 8 22:46:14 2026] DELETE /resource_providers/46a233b8-456e-438f-a747-6827ecbe0345 => generated 246 bytes in 13 msecs (HTTP/1.1 404) 6 headers in 231 bytes (1 switches on core 0)
2026-07-08 22:46:17.371 8 INFO placement.requestlog [None req-a1a5a236-adf0-4c8e-b66c-8b4e2268752e 76ba1b843f7e48d2b5eb22999c83adf6 61de20f373e14217a13e38dbdd5b57d5 - - 3e0494c073574d26b859eb3d987c9cac 3e0494c073574d26b859eb3d987c9cac] 10.0.0.128 "GET /resource_providers/2734a969-67ff-4296-8ed3-30eea747802f/aggregates" status: 404 len: 235 microversion: 1.1 [pid: 8|app: 0|req: 352/710] 10.0.0.128 () {32 vars in 816 bytes} [Wed Jul 8 22:46:17 2026] GET /resource_providers/2734a969-67ff-4296-8ed3-30eea747802f/aggregates => generated 235 bytes in 8 msecs (HTTP/1.1 404) 5 headers in 202 bytes (1 switches on core 0)
2026-07-08 22:46:17.377 7 INFO placement.requestlog [None req-3e228358-d58c-4660-9cca-e75dac33a5d6 76ba1b843f7e48d2b5eb22999c83adf6 61de20f373e14217a13e38dbdd5b57d5 - - 3e0494c073574d26b859eb3d987c9cac 3e0494c073574d26b859eb3d987c9cac] 10.0.0.128 "GET /resource_providers/2734a969-67ff-4296-8ed3-30eea747802f/aggregates" status: 404 len: 235 microversion: 1.1 [pid: 7|app: 0|req: 359/711] 10.0.0.128 () {32 vars in 816 bytes} [Wed Jul 8 22:46:17 2026] GET /resource_providers/2734a969-67ff-4296-8ed3-30eea747802f/aggregates => generated 235 bytes in 14 msecs (HTTP/1.1 404) 5 headers in 202 bytes (1 switches on core 0)
2026-07-08 22:46:17.392 7 INFO placement.requestlog [None req-4a9db81b-adeb-4cad-8f2b-0b4fd6a80ec6 76ba1b843f7e48d2b5eb22999c83adf6 61de20f373e14217a13e38dbdd5b57d5 - - 3e0494c073574d26b859eb3d987c9cac 3e0494c073574d26b859eb3d987c9cac] 10.0.0.128 "DELETE /resource_providers/2734a969-67ff-4296-8ed3-30eea747802f" status: 404 len: 246 microversion: 1.1 [pid: 7|app: 0|req: 360/712] 10.0.0.128 () {34 vars in 816 bytes} [Wed Jul 8 22:46:17 2026] DELETE /resource_providers/2734a969-67ff-4296-8ed3-30eea747802f => generated 246 bytes in 7 msecs (HTTP/1.1 404) 6 headers in 231 bytes (1 switches on core 0)
2026-07-08 22:46:17.393 8 INFO placement.requestlog [None req-74e37f80-e07b-4a88-bd15-fa5c4a9e9319 76ba1b843f7e48d2b5eb22999c83adf6 61de20f373e14217a13e38dbdd5b57d5 - - 3e0494c073574d26b859eb3d987c9cac 3e0494c073574d26b859eb3d987c9cac] 10.0.0.128 "DELETE /resource_providers/2734a969-67ff-4296-8ed3-30eea747802f" status: 404 len: 246 microversion: 1.1 [pid: 8|app: 0|req: 353/713] 10.0.0.128 () {34 vars in 816 bytes} [Wed Jul 8 22:46:17 2026] DELETE /resource_providers/2734a969-67ff-4296-8ed3-30eea747802f => generated 246 bytes in 10 msecs (HTTP/1.1 404) 6 headers in 231 bytes (1 switches on core 0)
2026-07-08 22:46:18.191 7 INFO placement.requestlog [None req-995fd594-b1a2-4e43-95b0-ff64d9b123b0 76ba1b843f7e48d2b5eb22999c83adf6 61de20f373e14217a13e38dbdd5b57d5 - - 3e0494c073574d26b859eb3d987c9cac 3e0494c073574d26b859eb3d987c9cac] 10.0.0.128 "GET /resource_providers/aa8f6a87-3454-4fbd-8a00-a470bb8cc615/aggregates" status: 404 len: 235 microversion: 1.1 [pid: 7|app: 0|req: 361/714] 10.0.0.128 () {32 vars in 816 bytes} [Wed Jul 8 22:46:18 2026] GET /resource_providers/aa8f6a87-3454-4fbd-8a00-a470bb8cc615/aggregates => generated 235 bytes in 10 msecs (HTTP/1.1 404) 5 headers in 202 bytes (1 switches on core 0)
2026-07-08 22:46:18.215 8 INFO placement.requestlog [None req-e0b75e89-d454-49eb-adad-7cc5b567ea6d 76ba1b843f7e48d2b5eb22999c83adf6 61de20f373e14217a13e38dbdd5b57d5 - - 3e0494c073574d26b859eb3d987c9cac 3e0494c073574d26b859eb3d987c9cac] 10.0.0.128 "GET /resource_providers/aa8f6a87-3454-4fbd-8a00-a470bb8cc615/aggregates" status: 404 len: 235 microversion: 1.1 [pid: 8|app: 0|req: 354/715] 10.0.0.128 () {32 vars in 816 bytes} [Wed Jul 8 22:46:18 2026] GET /resource_providers/aa8f6a87-3454-4fbd-8a00-a470bb8cc615/aggregates => generated 235 bytes in 31 msecs (HTTP/1.1 404) 5 headers in 202 bytes (1 switches on core 0)
2026-07-08 22:46:18.226 7 INFO placement.requestlog [None req-f1cd7461-ead1-4dbe-8204-76bc93c6247a 76ba1b843f7e48d2b5eb22999c83adf6 61de20f373e14217a13e38dbdd5b57d5 - - 3e0494c073574d26b859eb3d987c9cac 3e0494c073574d26b859eb3d987c9cac] 10.0.0.128 "DELETE /resource_providers/aa8f6a87-3454-4fbd-8a00-a470bb8cc615" status: 404 len: 246 microversion: 1.1 [pid: 7|app: 0|req: 362/716] 10.0.0.128 () {34 vars in 816 bytes} [Wed Jul 8 22:46:18 2026] DELETE /resource_providers/aa8f6a87-3454-4fbd-8a00-a470bb8cc615 => generated 246 bytes in 18 msecs (HTTP/1.1 404) 6 headers in 231 bytes (1 switches on core 0)
2026-07-08 22:46:18.243 8 INFO placement.requestlog [None req-f601d733-573d-4962-828d-ffd48dd7f122 76ba1b843f7e48d2b5eb22999c83adf6 61de20f373e14217a13e38dbdd5b57d5 - - 3e0494c073574d26b859eb3d987c9cac 3e0494c073574d26b859eb3d987c9cac] 10.0.0.128 "DELETE /resource_providers/aa8f6a87-3454-4fbd-8a00-a470bb8cc615" status: 404 len: 246 microversion: 1.1 [pid: 8|app: 0|req: 355/717] 10.0.0.128 () {34 vars in 816 bytes} [Wed Jul 8 22:46:18 2026] DELETE /resource_providers/aa8f6a87-3454-4fbd-8a00-a470bb8cc615 => generated 246 bytes in 14 msecs (HTTP/1.1 404) 6 headers in 231 bytes (1 switches on core 0)
2026-07-08 22:46:22.571 7 INFO placement.requestlog [None req-fab99406-ee08-4dd7-9906-be16267eccf9 76ba1b843f7e48d2b5eb22999c83adf6 61de20f373e14217a13e38dbdd5b57d5 - - 3e0494c073574d26b859eb3d987c9cac 3e0494c073574d26b859eb3d987c9cac] 10.0.0.128 "GET /resource_providers/c6c33b4c-9d63-4b83-90dc-b8c0974bac70/aggregates" status: 404 len: 235 microversion: 1.1 [pid: 7|app: 0|req: 363/718] 10.0.0.128 () {32 vars in 816 bytes} [Wed Jul 8 22:46:22 2026] GET /resource_providers/c6c33b4c-9d63-4b83-90dc-b8c0974bac70/aggregates => generated 235 bytes in 8 msecs (HTTP/1.1 404) 5 headers in 202 bytes (1 switches on core 0)
2026-07-08 22:46:22.584 7 INFO placement.requestlog [None req-4bcd0cb4-d8dc-48cc-a229-44a87b3836cd 76ba1b843f7e48d2b5eb22999c83adf6 61de20f373e14217a13e38dbdd5b57d5 - - 3e0494c073574d26b859eb3d987c9cac 3e0494c073574d26b859eb3d987c9cac] 10.0.0.128 "DELETE /resource_providers/c6c33b4c-9d63-4b83-90dc-b8c0974bac70" status: 404 len: 246 microversion: 1.1 [pid: 7|app: 0|req: 364/719] 10.0.0.128 () {34 vars in 816 bytes} [Wed Jul 8 22:46:22 2026] DELETE /resource_providers/c6c33b4c-9d63-4b83-90dc-b8c0974bac70 => generated 246 bytes in 6 msecs (HTTP/1.1 404) 6 headers in 231 bytes (1 switches on core 0)
2026-07-08 22:46:22.592 8 INFO placement.requestlog [None req-c6b837f2-995c-4937-9e99-51828ea87879 76ba1b843f7e48d2b5eb22999c83adf6 61de20f373e14217a13e38dbdd5b57d5 - - 3e0494c073574d26b859eb3d987c9cac 3e0494c073574d26b859eb3d987c9cac] 10.0.0.128 "GET /resource_providers/c6c33b4c-9d63-4b83-90dc-b8c0974bac70/aggregates" status: 404 len: 235 microversion: 1.1 [pid: 8|app: 0|req: 356/720] 10.0.0.128 () {32 vars in 816 bytes} [Wed Jul 8 22:46:22 2026] GET /resource_providers/c6c33b4c-9d63-4b83-90dc-b8c0974bac70/aggregates => generated 235 bytes in 22 msecs (HTTP/1.1 404) 5 headers in 202 bytes (1 switches on core 0)
2026-07-08 22:46:22.606 7 INFO placement.requestlog [None req-dff9a9ba-0d62-4b2d-beb5-82908c56869c 76ba1b843f7e48d2b5eb22999c83adf6 61de20f373e14217a13e38dbdd5b57d5 - - 3e0494c073574d26b859eb3d987c9cac 3e0494c073574d26b859eb3d987c9cac] 10.0.0.128 "DELETE /resource_providers/c6c33b4c-9d63-4b83-90dc-b8c0974bac70" status: 404 len: 246 microversion: 1.1 [pid: 7|app: 0|req: 365/721] 10.0.0.128 () {34 vars in 816 bytes} [Wed Jul 8 22:46:22 2026] DELETE /resource_providers/c6c33b4c-9d63-4b83-90dc-b8c0974bac70 => generated 246 bytes in 6 msecs (HTTP/1.1 404) 6 headers in 231 bytes (1 switches on core 0)
2026-07-08 22:46:23.535 8 INFO placement.requestlog [None req-78f7193e-2fc8-43a7-9922-db0a74a365d7 - - - - - -] 10.0.0.180 "GET /" status: 200 len: 136 microversion: 1.0
2026-07-08 22:46:23.537 7 INFO placement.requestlog [None req-a582c485-6eee-4974-af39-aede66c131b2 - - - - - -] 10.0.0.180 "GET /" status: 200 len: 136 microversion: 1.0
2026-07-08 22:46:23.897 8 INFO placement.requestlog [None req-77a0df27-9501-4fd1-acaf-bbd96fbf6ec8 76ba1b843f7e48d2b5eb22999c83adf6 61de20f373e14217a13e38dbdd5b57d5 - - 3e0494c073574d26b859eb3d987c9cac 3e0494c073574d26b859eb3d987c9cac] 10.0.0.128 "GET /resource_providers/479c8604-e5c3-49e5-9d09-f36743ff10c0/aggregates" status: 404 len: 235 microversion: 1.1 [pid: 8|app: 0|req: 358/724] 10.0.0.128 () {32 vars in 816 bytes} [Wed Jul 8 22:46:23 2026] GET /resource_providers/479c8604-e5c3-49e5-9d09-f36743ff10c0/aggregates => generated 235 bytes in 6 msecs (HTTP/1.1 404) 5 headers in 202 bytes (1 switches on core 0)
2026-07-08 22:46:23.909 7 INFO placement.requestlog [None req-785aded1-d937-4444-8fd9-91135b65ab19 76ba1b843f7e48d2b5eb22999c83adf6 61de20f373e14217a13e38dbdd5b57d5 - - 3e0494c073574d26b859eb3d987c9cac 3e0494c073574d26b859eb3d987c9cac] 10.0.0.128 "GET /resource_providers/479c8604-e5c3-49e5-9d09-f36743ff10c0/aggregates" status: 404 len: 235 microversion: 1.1 [pid: 7|app: 0|req: 367/725] 10.0.0.128 () {32 vars in 816 bytes} [Wed Jul 8 22:46:23 2026] GET /resource_providers/479c8604-e5c3-49e5-9d09-f36743ff10c0/aggregates => generated 235 bytes in 7 msecs (HTTP/1.1 404) 5 headers in 202 bytes (1 switches on core 0)
2026-07-08 22:46:23.914 8 INFO placement.requestlog [None req-f2db560e-068a-47dc-ac68-5ebbfc1d223d 76ba1b843f7e48d2b5eb22999c83adf6 61de20f373e14217a13e38dbdd5b57d5 - - 3e0494c073574d26b859eb3d987c9cac 3e0494c073574d26b859eb3d987c9cac] 10.0.0.128 "DELETE /resource_providers/479c8604-e5c3-49e5-9d09-f36743ff10c0" status: 404 len: 246 microversion: 1.1 [pid: 8|app: 0|req: 359/726] 10.0.0.128 () {34 vars in 816 bytes} [Wed Jul 8 22:46:23 2026] DELETE /resource_providers/479c8604-e5c3-49e5-9d09-f36743ff10c0 => generated 246 bytes in 8 msecs (HTTP/1.1 404) 6 headers in 231 bytes (1 switches on core 0)
2026-07-08 22:46:23.927 7 INFO placement.requestlog [None req-5097fcfc-8a3a-429e-8710-46f26bc66fa4 76ba1b843f7e48d2b5eb22999c83adf6 61de20f373e14217a13e38dbdd5b57d5 - - 3e0494c073574d26b859eb3d987c9cac 3e0494c073574d26b859eb3d987c9cac] 10.0.0.128 "DELETE /resource_providers/479c8604-e5c3-49e5-9d09-f36743ff10c0" status: 404 len: 246 microversion: 1.1 [pid: 7|app: 0|req: 368/727] 10.0.0.128 () {34 vars in 816 bytes} [Wed Jul 8 22:46:23 2026] DELETE /resource_providers/479c8604-e5c3-49e5-9d09-f36743ff10c0 => generated 246 bytes in 10 msecs (HTTP/1.1 404) 6 headers in 231 bytes (1 switches on core 0)
2026-07-08 22:46:24.891 8 INFO placement.requestlog [req-dd6a9bb1-e0b7-4b12-befd-2a01fdcc2fa3 req-082dffe9-9e6a-4b16-94a5-27d0a24d60f0 c33dbd441eee45a7af78c936f3011a10 61de20f373e14217a13e38dbdd5b57d5 - - 3e0494c073574d26b859eb3d987c9cac 3e0494c073574d26b859eb3d987c9cac] 10.0.0.61 "GET /allocation_candidates?limit=1000&resources=DISK_GB%3A1%2CMEMORY_MB%3A512%2CVCPU%3A1&root_required=%21COMPUTE_STATUS_DISABLED" status: 200 len: 2445 microversion: 1.36 [pid: 8|app: 0|req: 360/728] 10.0.0.61 () {34 vars in 1011 bytes} [Wed Jul 8 22:46:24 2026] GET /allocation_candidates?limit=1000&resources=DISK_GB%3A1%2CMEMORY_MB%3A512%2CVCPU%3A1&root_required=%21COMPUTE_STATUS_DISABLED => generated 2445 bytes in 56 msecs (HTTP/1.1 200) 8 headers in 297 bytes (1 switches on core 0)
2026-07-08 22:46:24.921 7 INFO placement.requestlog [req-dd6a9bb1-e0b7-4b12-befd-2a01fdcc2fa3 req-68ea8435-0c7d-4002-aca0-aa591ec7f47e c33dbd441eee45a7af78c936f3011a10 61de20f373e14217a13e38dbdd5b57d5 - - 3e0494c073574d26b859eb3d987c9cac 3e0494c073574d26b859eb3d987c9cac] 10.0.0.61 "GET /allocations/b5801874-bce7-4a59-bcad-0a9f8847ee31" status: 200 len: 19 microversion: 1.28 [pid: 7|app: 0|req: 369/729] 10.0.0.61 () {34 vars in 860 bytes} [Wed Jul 8 22:46:24 2026] GET /allocations/b5801874-bce7-4a59-bcad-0a9f8847ee31 => generated 19 bytes in 13 msecs (HTTP/1.1 200) 8 headers in 295 bytes (1 switches on core 0)
2026-07-08 22:46:25.009 8 INFO placement.requestlog [req-dd6a9bb1-e0b7-4b12-befd-2a01fdcc2fa3 req-812b6718-8c4d-403b-9614-2e0c53e4e740 c33dbd441eee45a7af78c936f3011a10 61de20f373e14217a13e38dbdd5b57d5 - - 3e0494c073574d26b859eb3d987c9cac 3e0494c073574d26b859eb3d987c9cac] 10.0.0.61 "PUT /allocations/b5801874-bce7-4a59-bcad-0a9f8847ee31" status: 204 len: 0 microversion: 1.36 [pid: 8|app: 0|req: 361/730] 10.0.0.61 () {38 vars in 913 bytes} [Wed Jul 8 22:46:24 2026] PUT /allocations/b5801874-bce7-4a59-bcad-0a9f8847ee31 => generated 0 bytes in 81 msecs (HTTP/1.1 204) 5 headers in 199 bytes (1 switches on core 0)
2026-07-08 22:46:25.204 8 INFO placement.requestlog [None req-0bdd2ae2-3e4a-4f1a-9180-a45609178d1d 76ba1b843f7e48d2b5eb22999c83adf6 61de20f373e14217a13e38dbdd5b57d5 - - 3e0494c073574d26b859eb3d987c9cac 3e0494c073574d26b859eb3d987c9cac] 10.0.0.128 "GET /resource_providers/8308d25f-0e4e-4486-8ac1-fb81303433bd/aggregates" status: 404 len: 235 microversion: 1.1 [pid: 8|app: 0|req: 362/731] 10.0.0.128 () {32 vars in 816 bytes} [Wed Jul 8 22:46:25 2026] GET /resource_providers/8308d25f-0e4e-4486-8ac1-fb81303433bd/aggregates => generated 235 bytes in 13 msecs (HTTP/1.1 404) 5 headers in 202 bytes (1 switches on core 0)
2026-07-08 22:46:25.205 7 INFO placement.requestlog [None req-0d239c96-f989-46f1-9c6f-ef75d2882af0 76ba1b843f7e48d2b5eb22999c83adf6 61de20f373e14217a13e38dbdd5b57d5 - - 3e0494c073574d26b859eb3d987c9cac 3e0494c073574d26b859eb3d987c9cac] 10.0.0.128 "GET /resource_providers/8308d25f-0e4e-4486-8ac1-fb81303433bd/aggregates" status: 404 len: 235 microversion: 1.1 [pid: 7|app: 0|req: 370/732] 10.0.0.128 () {32 vars in 816 bytes} [Wed Jul 8 22:46:25 2026] GET /resource_providers/8308d25f-0e4e-4486-8ac1-fb81303433bd/aggregates => generated 235 bytes in 13 msecs (HTTP/1.1 404) 5 headers in 202 bytes (1 switches on core 0)
2026-07-08 22:46:25.223 8 INFO placement.requestlog [None req-93bd71aa-8cdd-43b7-be38-6675a07f8f2a 76ba1b843f7e48d2b5eb22999c83adf6 61de20f373e14217a13e38dbdd5b57d5 - - 3e0494c073574d26b859eb3d987c9cac 3e0494c073574d26b859eb3d987c9cac] 10.0.0.128 "DELETE /resource_providers/8308d25f-0e4e-4486-8ac1-fb81303433bd" status: 404 len: 246 microversion: 1.1 [pid: 8|app: 0|req: 363/733] 10.0.0.128 () {34 vars in 816 bytes} [Wed Jul 8 22:46:25 2026] DELETE /resource_providers/8308d25f-0e4e-4486-8ac1-fb81303433bd => generated 246 bytes in 9 msecs (HTTP/1.1 404) 6 headers in 231 bytes (1 switches on core 0)
2026-07-08 22:46:25.227 7 INFO placement.requestlog [None req-4c4614f9-6869-4d72-9ba8-af469434eaae 76ba1b843f7e48d2b5eb22999c83adf6 61de20f373e14217a13e38dbdd5b57d5 - - 3e0494c073574d26b859eb3d987c9cac 3e0494c073574d26b859eb3d987c9cac] 10.0.0.128 "DELETE /resource_providers/8308d25f-0e4e-4486-8ac1-fb81303433bd" status: 404 len: 246 microversion: 1.1 [pid: 7|app: 0|req: 371/734] 10.0.0.128 () {34 vars in 816 bytes} [Wed Jul 8 22:46:25 2026] DELETE /resource_providers/8308d25f-0e4e-4486-8ac1-fb81303433bd => generated 246 bytes in 9 msecs (HTTP/1.1 404) 6 headers in 231 bytes (1 switches on core 0)
2026-07-08 22:46:26.480 8 INFO placement.requestlog [req-dd6a9bb1-e0b7-4b12-befd-2a01fdcc2fa3 req-126fc137-12ad-46b9-9b3f-109f5223f0c9 c33dbd441eee45a7af78c936f3011a10 61de20f373e14217a13e38dbdd5b57d5 - - 3e0494c073574d26b859eb3d987c9cac 3e0494c073574d26b859eb3d987c9cac] 199.19.213.181 "GET /allocations/b5801874-bce7-4a59-bcad-0a9f8847ee31" status: 200 len: 257 microversion: 1.28 [pid: 8|app: 0|req: 364/735] 199.19.213.181 () {34 vars in 863 bytes} [Wed Jul 8 22:46:26 2026] GET /allocations/b5801874-bce7-4a59-bcad-0a9f8847ee31 => generated 257 bytes in 16 msecs (HTTP/1.1 200) 8 headers in 296 bytes (1 switches on core 0)
2026-07-08 22:46:27.527 7 INFO placement.requestlog [req-dd6a9bb1-e0b7-4b12-befd-2a01fdcc2fa3 req-8d2b0ae5-1f95-4962-8278-113d0d64ef6e c33dbd441eee45a7af78c936f3011a10 61de20f373e14217a13e38dbdd5b57d5 - - 3e0494c073574d26b859eb3d987c9cac 3e0494c073574d26b859eb3d987c9cac] 199.19.213.181 "GET /resource_providers/75f537c3-207d-4d8e-a20c-e473d797054a/allocations" status: 200 len: 352 microversion: 1.0 [pid: 7|app: 0|req: 372/736] 199.19.213.181 () {32 vars in 857 bytes} [Wed Jul 8 22:46:27 2026] GET /resource_providers/75f537c3-207d-4d8e-a20c-e473d797054a/allocations => generated 352 bytes in 22 msecs (HTTP/1.1 200) 6 headers in 224 bytes (1 switches on core 0)
2026-07-08 22:46:27.545 8 INFO placement.requestlog [req-dd6a9bb1-e0b7-4b12-befd-2a01fdcc2fa3 req-2bda6b67-13d4-4f33-9f74-6695fdbde250 c33dbd441eee45a7af78c936f3011a10 61de20f373e14217a13e38dbdd5b57d5 - - 3e0494c073574d26b859eb3d987c9cac 3e0494c073574d26b859eb3d987c9cac] 199.19.213.181 "GET /allocations/80d39307-f586-42a5-a19a-fed259b235c2" status: 200 len: 257 microversion: 1.28 [pid: 8|app: 0|req: 365/737] 199.19.213.181 () {34 vars in 863 bytes} [Wed Jul 8 22:46:27 2026] GET /allocations/80d39307-f586-42a5-a19a-fed259b235c2 => generated 257 bytes in 13 msecs (HTTP/1.1 200) 8 headers in 296 bytes (1 switches on core 0)
2026-07-08 22:46:27.564 7 INFO placement.requestlog [req-dd6a9bb1-e0b7-4b12-befd-2a01fdcc2fa3 req-72a154df-9cce-4f1f-9474-782eb062c550 c33dbd441eee45a7af78c936f3011a10 61de20f373e14217a13e38dbdd5b57d5 - - 3e0494c073574d26b859eb3d987c9cac 3e0494c073574d26b859eb3d987c9cac] 199.19.213.181 "GET /allocations/9bca7510-b3af-4998-9d53-5ff605fe1ee9" status: 200 len: 257 microversion: 1.28 [pid: 7|app: 0|req: 373/738] 199.19.213.181 () {34 vars in 863 bytes} [Wed Jul 8 22:46:27 2026] GET /allocations/9bca7510-b3af-4998-9d53-5ff605fe1ee9 => generated 257 bytes in 15 msecs (HTTP/1.1 200) 8 headers in 296 bytes (1 switches on core 0)
2026-07-08 22:46:27.594 8 INFO placement.requestlog [req-dd6a9bb1-e0b7-4b12-befd-2a01fdcc2fa3 req-83c6a3a5-f66c-4152-b226-2952afab7bbc c33dbd441eee45a7af78c936f3011a10 61de20f373e14217a13e38dbdd5b57d5 - - 3e0494c073574d26b859eb3d987c9cac 3e0494c073574d26b859eb3d987c9cac] 199.19.213.181 "GET /allocations/b5801874-bce7-4a59-bcad-0a9f8847ee31" status: 200 len: 257 microversion: 1.28 [pid: 8|app: 0|req: 366/739] 199.19.213.181 () {34 vars in 863 bytes} [Wed Jul 8 22:46:27 2026] GET /allocations/b5801874-bce7-4a59-bcad-0a9f8847ee31 => generated 257 bytes in 28 msecs (HTTP/1.1 200) 8 headers in 296 bytes (1 switches on core 0)
2026-07-08 22:46:28.666 7 INFO placement.requestlog [req-6dfb4826-2a5f-4bd4-b51d-d4f2ea148a88 req-73a90f9f-fb40-44df-a2bf-a658ea6c5e6b c33dbd441eee45a7af78c936f3011a10 61de20f373e14217a13e38dbdd5b57d5 - - 3e0494c073574d26b859eb3d987c9cac 3e0494c073574d26b859eb3d987c9cac] 199.19.213.181 "GET /resource_providers/75f537c3-207d-4d8e-a20c-e473d797054a/allocations" status: 200 len: 352 microversion: 1.0 [pid: 7|app: 0|req: 374/740] 199.19.213.181 () {32 vars in 857 bytes} [Wed Jul 8 22:46:28 2026] GET /resource_providers/75f537c3-207d-4d8e-a20c-e473d797054a/allocations => generated 352 bytes in 29 msecs (HTTP/1.1 200) 6 headers in 224 bytes (1 switches on core 0)
2026-07-08 22:46:28.686 8 INFO placement.requestlog [req-6dfb4826-2a5f-4bd4-b51d-d4f2ea148a88 req-d3d898d9-6e09-426e-825c-d5f6354fda00 c33dbd441eee45a7af78c936f3011a10 61de20f373e14217a13e38dbdd5b57d5 - - 3e0494c073574d26b859eb3d987c9cac 3e0494c073574d26b859eb3d987c9cac] 199.19.213.181 "GET /allocations/80d39307-f586-42a5-a19a-fed259b235c2" status: 200 len: 257 microversion: 1.28 [pid: 8|app: 0|req: 367/741] 199.19.213.181 () {34 vars in 863 bytes} [Wed Jul 8 22:46:28 2026] GET /allocations/80d39307-f586-42a5-a19a-fed259b235c2 => generated 257 bytes in 12 msecs (HTTP/1.1 200) 8 headers in 296 bytes (1 switches on core 0)
2026-07-08 22:46:28.710 7 INFO placement.requestlog [req-6dfb4826-2a5f-4bd4-b51d-d4f2ea148a88 req-405fbbf9-3931-47d0-b5ad-482a950a3125 c33dbd441eee45a7af78c936f3011a10 61de20f373e14217a13e38dbdd5b57d5 - - 3e0494c073574d26b859eb3d987c9cac 3e0494c073574d26b859eb3d987c9cac] 199.19.213.181 "GET /allocations/9bca7510-b3af-4998-9d53-5ff605fe1ee9" status: 200 len: 257 microversion: 1.28 [pid: 7|app: 0|req: 375/742] 199.19.213.181 () {34 vars in 863 bytes} [Wed Jul 8 22:46:28 2026] GET /allocations/9bca7510-b3af-4998-9d53-5ff605fe1ee9 => generated 257 bytes in 18 msecs (HTTP/1.1 200) 8 headers in 296 bytes (1 switches on core 0)
2026-07-08 22:46:28.729 8 INFO placement.requestlog [req-6dfb4826-2a5f-4bd4-b51d-d4f2ea148a88 req-5c87c87c-d28a-4ad7-b484-065899d526ef c33dbd441eee45a7af78c936f3011a10 61de20f373e14217a13e38dbdd5b57d5 - - 3e0494c073574d26b859eb3d987c9cac 3e0494c073574d26b859eb3d987c9cac] 199.19.213.181 "GET /allocations/b5801874-bce7-4a59-bcad-0a9f8847ee31" status: 200 len: 257 microversion: 1.28 [pid: 8|app: 0|req: 368/743] 199.19.213.181 () {34 vars in 863 bytes} [Wed Jul 8 22:46:28 2026] GET /allocations/b5801874-bce7-4a59-bcad-0a9f8847ee31 => generated 257 bytes in 12 msecs (HTTP/1.1 200) 8 headers in 296 bytes (1 switches on core 0)
2026-07-08 22:46:29.775 7 INFO placement.requestlog [req-6dfb4826-2a5f-4bd4-b51d-d4f2ea148a88 req-dd0a27d1-eecf-4cec-a920-d47f28c0d28d c33dbd441eee45a7af78c936f3011a10 61de20f373e14217a13e38dbdd5b57d5 - - 3e0494c073574d26b859eb3d987c9cac 3e0494c073574d26b859eb3d987c9cac] 199.19.213.181 "DELETE /allocations/9bca7510-b3af-4998-9d53-5ff605fe1ee9" status: 204 len: 0 microversion: 1.0 [pid: 7|app: 0|req: 376/744] 199.19.213.181 () {34 vars in 841 bytes} [Wed Jul 8 22:46:29 2026] DELETE /allocations/9bca7510-b3af-4998-9d53-5ff605fe1ee9 => generated 0 bytes in 24 msecs (HTTP/1.1 204) 5 headers in 198 bytes (1 switches on core 0)
2026-07-08 22:46:33.509 7 INFO placement.requestlog [None req-6bde9578-4ba0-4081-9467-215258da80b5 76ba1b843f7e48d2b5eb22999c83adf6 61de20f373e14217a13e38dbdd5b57d5 - - 3e0494c073574d26b859eb3d987c9cac 3e0494c073574d26b859eb3d987c9cac] 10.0.0.128 "GET /resource_providers/7af81a9f-c469-4438-8a6a-b801d0b78614/aggregates" status: 404 len: 235 microversion: 1.1 [pid: 7|app: 0|req: 377/745] 10.0.0.128 () {32 vars in 816 bytes} [Wed Jul 8 22:46:33 2026] GET /resource_providers/7af81a9f-c469-4438-8a6a-b801d0b78614/aggregates => generated 235 bytes in 12 msecs (HTTP/1.1 404) 5 headers in 202 bytes (1 switches on core 0)
2026-07-08 22:46:33.510 8 INFO placement.requestlog [None req-b514ba34-6f26-4809-89e9-c8d08040eb60 76ba1b843f7e48d2b5eb22999c83adf6 61de20f373e14217a13e38dbdd5b57d5 - - 3e0494c073574d26b859eb3d987c9cac 3e0494c073574d26b859eb3d987c9cac] 10.0.0.128 "GET /resource_providers/7af81a9f-c469-4438-8a6a-b801d0b78614/aggregates" status: 404 len: 235 microversion: 1.1 [pid: 8|app: 0|req: 369/746] 10.0.0.128 () {32 vars in 816 bytes} [Wed Jul 8 22:46:33 2026] GET /resource_providers/7af81a9f-c469-4438-8a6a-b801d0b78614/aggregates => generated 235 bytes in 14 msecs (HTTP/1.1 404) 5 headers in 202 bytes (1 switches on core 0)
2026-07-08 22:46:33.538 7 INFO placement.requestlog [None req-5cdcbe99-3788-4144-a7e9-d915250826ce 76ba1b843f7e48d2b5eb22999c83adf6 61de20f373e14217a13e38dbdd5b57d5 - - 3e0494c073574d26b859eb3d987c9cac 3e0494c073574d26b859eb3d987c9cac] 10.0.0.128 "DELETE /resource_providers/7af81a9f-c469-4438-8a6a-b801d0b78614" status: 404 len: 246 microversion: 1.1 [pid: 7|app: 0|req: 378/747] 10.0.0.128 () {34 vars in 816 bytes} [Wed Jul 8 22:46:33 2026] DELETE /resource_providers/7af81a9f-c469-4438-8a6a-b801d0b78614 => generated 246 bytes in 15 msecs (HTTP/1.1 404) 6 headers in 231 bytes (1 switches on core 0)
2026-07-08 22:46:33.539 7 INFO placement.requestlog [None req-4f4c323d-e6db-4f4e-a6f0-4b0a627fb848 - - - - - -] 10.0.0.180 "GET /" status: 200 len: 136 microversion: 1.0
2026-07-08 22:46:33.540 7 INFO placement.requestlog [None req-96da99be-9a71-4383-a62b-0182eaa079f7 - - - - - -] 10.0.0.180 "GET /" status: 200 len: 136 microversion: 1.0
2026-07-08 22:46:33.545 8 INFO placement.requestlog [None req-cee429ce-6b79-4a10-b14c-120b9630e4f2 76ba1b843f7e48d2b5eb22999c83adf6 61de20f373e14217a13e38dbdd5b57d5 - - 3e0494c073574d26b859eb3d987c9cac 3e0494c073574d26b859eb3d987c9cac] 10.0.0.128 "DELETE /resource_providers/7af81a9f-c469-4438-8a6a-b801d0b78614" status: 404 len: 246 microversion: 1.1 [pid: 8|app: 0|req: 370/750] 10.0.0.128 () {34 vars in 816 bytes} [Wed Jul 8 22:46:33 2026] DELETE /resource_providers/7af81a9f-c469-4438-8a6a-b801d0b78614 => generated 246 bytes in 16 msecs (HTTP/1.1 404) 6 headers in 231 bytes (1 switches on core 0)
2026-07-08 22:46:33.959 8 INFO placement.requestlog [None req-f3565a24-493d-471f-afff-f4bc875d17d6 76ba1b843f7e48d2b5eb22999c83adf6 61de20f373e14217a13e38dbdd5b57d5 - - 3e0494c073574d26b859eb3d987c9cac 3e0494c073574d26b859eb3d987c9cac] 10.0.0.128 "GET /resource_providers/3ac568a1-72bd-4281-bd3e-7908b686e0a1/aggregates" status: 404 len: 235 microversion: 1.1
2026-07-08 22:46:33.959 7 INFO placement.requestlog [None req-fcdc875b-edfd-4ab0-aca5-feb5980cbb0e 76ba1b843f7e48d2b5eb22999c83adf6 61de20f373e14217a13e38dbdd5b57d5 - - 3e0494c073574d26b859eb3d987c9cac 3e0494c073574d26b859eb3d987c9cac] 10.0.0.128 "GET /resource_providers/3ac568a1-72bd-4281-bd3e-7908b686e0a1/aggregates" status: 404 len: 235 microversion: 1.1 [pid: 8|app: 0|req: 371/751] 10.0.0.128 () {32 vars in 816 bytes} [Wed Jul 8 22:46:33 2026] GET /resource_providers/3ac568a1-72bd-4281-bd3e-7908b686e0a1/aggregates => generated 235 bytes in 10 msecs (HTTP/1.1 404) 5 headers in 202 bytes (1 switches on core 0) [pid: 7|app: 0|req: 381/752] 10.0.0.128 () {32 vars in 816 bytes} [Wed Jul 8 22:46:33 2026] GET /resource_providers/3ac568a1-72bd-4281-bd3e-7908b686e0a1/aggregates => generated 235 bytes in 11 msecs (HTTP/1.1 404) 5 headers in 202 bytes (1 switches on core 0)
2026-07-08 22:46:33.982 7 INFO placement.requestlog [None req-05ed1b05-bdd9-4627-a0a9-1c56490b401b 76ba1b843f7e48d2b5eb22999c83adf6 61de20f373e14217a13e38dbdd5b57d5 - - 3e0494c073574d26b859eb3d987c9cac 3e0494c073574d26b859eb3d987c9cac] 10.0.0.128 "DELETE /resource_providers/3ac568a1-72bd-4281-bd3e-7908b686e0a1" status: 404 len: 246 microversion: 1.1 [pid: 7|app: 0|req: 382/753] 10.0.0.128 () {34 vars in 816 bytes} [Wed Jul 8 22:46:33 2026] DELETE /resource_providers/3ac568a1-72bd-4281-bd3e-7908b686e0a1 => generated 246 bytes in 8 msecs (HTTP/1.1 404) 6 headers in 231 bytes (1 switches on core 0)
2026-07-08 22:46:33.984 8 INFO placement.requestlog [None req-dcb34573-541c-4e98-ac9b-54e5394f9616 76ba1b843f7e48d2b5eb22999c83adf6 61de20f373e14217a13e38dbdd5b57d5 - - 3e0494c073574d26b859eb3d987c9cac 3e0494c073574d26b859eb3d987c9cac] 10.0.0.128 "DELETE /resource_providers/3ac568a1-72bd-4281-bd3e-7908b686e0a1" status: 404 len: 246 microversion: 1.1 [pid: 8|app: 0|req: 372/754] 10.0.0.128 () {34 vars in 816 bytes} [Wed Jul 8 22:46:33 2026] DELETE /resource_providers/3ac568a1-72bd-4281-bd3e-7908b686e0a1 => generated 246 bytes in 13 msecs (HTTP/1.1 404) 6 headers in 231 bytes (1 switches on core 0)
2026-07-08 22:46:35.557 7 INFO placement.requestlog [None req-3ed89179-1bf8-4631-b404-aeaa309bb854 76ba1b843f7e48d2b5eb22999c83adf6 61de20f373e14217a13e38dbdd5b57d5 - - 3e0494c073574d26b859eb3d987c9cac 3e0494c073574d26b859eb3d987c9cac] 10.0.0.128 "GET /resource_providers/cafeb4bd-d8a8-4c2d-a4ce-bbd7737a2b67/aggregates" status: 404 len: 235 microversion: 1.1 [pid: 7|app: 0|req: 383/755] 10.0.0.128 () {32 vars in 816 bytes} [Wed Jul 8 22:46:35 2026] GET /resource_providers/cafeb4bd-d8a8-4c2d-a4ce-bbd7737a2b67/aggregates => generated 235 bytes in 10 msecs (HTTP/1.1 404) 5 headers in 202 bytes (1 switches on core 0)
2026-07-08 22:46:35.568 8 INFO placement.requestlog [None req-f78beb7f-3812-4e1a-81d6-18676a476a63 76ba1b843f7e48d2b5eb22999c83adf6 61de20f373e14217a13e38dbdd5b57d5 - - 3e0494c073574d26b859eb3d987c9cac 3e0494c073574d26b859eb3d987c9cac] 10.0.0.128 "GET /resource_providers/cafeb4bd-d8a8-4c2d-a4ce-bbd7737a2b67/aggregates" status: 404 len: 235 microversion: 1.1 [pid: 8|app: 0|req: 373/756] 10.0.0.128 () {32 vars in 816 bytes} [Wed Jul 8 22:46:35 2026] GET /resource_providers/cafeb4bd-d8a8-4c2d-a4ce-bbd7737a2b67/aggregates => generated 235 bytes in 13 msecs (HTTP/1.1 404) 5 headers in 202 bytes (1 switches on core 0)
2026-07-08 22:46:35.579 7 INFO placement.requestlog [None req-5ba0a0d0-0201-4954-9c09-19311fd8aa8a 76ba1b843f7e48d2b5eb22999c83adf6 61de20f373e14217a13e38dbdd5b57d5 - - 3e0494c073574d26b859eb3d987c9cac 3e0494c073574d26b859eb3d987c9cac] 10.0.0.128 "DELETE /resource_providers/cafeb4bd-d8a8-4c2d-a4ce-bbd7737a2b67" status: 404 len: 246 microversion: 1.1 [pid: 7|app: 0|req: 384/757] 10.0.0.128 () {34 vars in 816 bytes} [Wed Jul 8 22:46:35 2026] DELETE /resource_providers/cafeb4bd-d8a8-4c2d-a4ce-bbd7737a2b67 => generated 246 bytes in 11 msecs (HTTP/1.1 404) 6 headers in 231 bytes (1 switches on core 0)
2026-07-08 22:46:35.589 8 INFO placement.requestlog [None req-092adc42-a29d-4529-ab61-48cdec2dbfdc 76ba1b843f7e48d2b5eb22999c83adf6 61de20f373e14217a13e38dbdd5b57d5 - - 3e0494c073574d26b859eb3d987c9cac 3e0494c073574d26b859eb3d987c9cac] 10.0.0.128 "DELETE /resource_providers/cafeb4bd-d8a8-4c2d-a4ce-bbd7737a2b67" status: 404 len: 246 microversion: 1.1 [pid: 8|app: 0|req: 374/758] 10.0.0.128 () {34 vars in 816 bytes} [Wed Jul 8 22:46:35 2026] DELETE /resource_providers/cafeb4bd-d8a8-4c2d-a4ce-bbd7737a2b67 => generated 246 bytes in 12 msecs (HTTP/1.1 404) 6 headers in 231 bytes (1 switches on core 0)
