2026-03-31 06:07:09.340 8 INFO placement.requestlog [None req-442816f0-0294-4298-85a4-91c2039e2e66 - - - - - -] 10.0.0.158 "GET /" status: 200 len: 136 microversion: 1.0
2026-03-31 06:07:13.578 7 INFO placement.requestlog [req-0509d216-002f-4168-a375-afe2e647adab req-92e6285e-3ed4-4591-839c-42e5c23defb4 72f8e4aa5f2f4841a1eeb4a5a77cb263 46d00126e9f84abe9169fc548c5482d3 - - 3bfaaca3c24a4c16a7fd45009453a68a 3bfaaca3c24a4c16a7fd45009453a68a] 199.204.45.250 "GET /resource_providers/3f739666-4cb9-4f0c-be74-43af63a3202b/allocations" status: 200 len: 54 microversion: 1.0 [pid: 7|app: 0|req: 293/586] 199.204.45.250 () {32 vars in 857 bytes} [Tue Mar 31 06:07:13 2026] GET /resource_providers/3f739666-4cb9-4f0c-be74-43af63a3202b/allocations => generated 54 bytes in 15 msecs (HTTP/1.1 200) 6 headers in 223 bytes (1 switches on core 0)
2026-03-31 06:07:13.607 8 INFO placement.requestlog [req-0509d216-002f-4168-a375-afe2e647adab req-d27e6032-8e5e-4a31-b0d2-0b0ba440ebeb 72f8e4aa5f2f4841a1eeb4a5a77cb263 46d00126e9f84abe9169fc548c5482d3 - - 3bfaaca3c24a4c16a7fd45009453a68a 3bfaaca3c24a4c16a7fd45009453a68a] 199.204.45.250 "GET /resource_providers/3f739666-4cb9-4f0c-be74-43af63a3202b/allocations" status: 200 len: 54 microversion: 1.0 [pid: 8|app: 0|req: 294/587] 199.204.45.250 () {32 vars in 857 bytes} [Tue Mar 31 06:07:13 2026] GET /resource_providers/3f739666-4cb9-4f0c-be74-43af63a3202b/allocations => generated 54 bytes in 19 msecs (HTTP/1.1 200) 6 headers in 223 bytes (1 switches on core 0)
2026-03-31 06:07:19.339 7 INFO placement.requestlog [None req-161f2151-8b13-4f87-9a20-d991a4f63eec - - - - - -] 10.0.0.158 "GET /" status: 200 len: 136 microversion: 1.0
2026-03-31 06:07:19.340 8 INFO placement.requestlog [None req-ef4e38c3-ffb8-446f-bfdd-a719956b68e5 - - - - - -] 10.0.0.158 "GET /" status: 200 len: 136 microversion: 1.0
2026-03-31 06:07:29.339 7 INFO placement.requestlog [None req-bf207eed-9951-4a24-9da1-ca176ae30dd6 - - - - - -] 10.0.0.158 "GET /" status: 200 len: 136 microversion: 1.0
2026-03-31 06:07:29.339 8 INFO placement.requestlog [None req-2844f158-067c-4483-8c89-72edd839d956 - - - - - -] 10.0.0.158 "GET /" status: 200 len: 136 microversion: 1.0
2026-03-31 06:07:39.339 7 INFO placement.requestlog [None req-44d21d4d-9d62-4a63-b280-6b7a44ccbb6e - - - - - -] 10.0.0.158 "GET /" status: 200 len: 136 microversion: 1.0
2026-03-31 06:07:39.340 8 INFO placement.requestlog [None req-6fc077d1-92cf-4779-a723-3bed100ce341 - - - - - -] 10.0.0.158 "GET /" status: 200 len: 136 microversion: 1.0
2026-03-31 06:07:49.340 7 INFO placement.requestlog [None req-35bb58fd-437f-43d4-9bb1-593c3500c498 - - - - - -] 10.0.0.158 "GET /" status: 200 len: 136 microversion: 1.0
2026-03-31 06:07:49.340 8 INFO placement.requestlog [None req-0dc333ad-90ce-49bf-8535-86884b8acb03 - - - - - -] 10.0.0.158 "GET /" status: 200 len: 136 microversion: 1.0
2026-03-31 06:07:59.338 7 INFO placement.requestlog [None req-65e361ca-13a1-465f-9306-e73c4af91091 - - - - - -] 10.0.0.158 "GET /" status: 200 len: 136 microversion: 1.0
2026-03-31 06:07:59.339 8 INFO placement.requestlog [None req-05e3ad6b-6ce4-41dc-9fbb-c80169c7eeee - - - - - -] 10.0.0.158 "GET /" status: 200 len: 136 microversion: 1.0
2026-03-31 06:08:02.771 7 INFO placement.requestlog [req-dab56396-c769-4fea-a929-b36d8a5914bf req-1d70074a-0c19-46be-aec0-715c64328bdd 72f8e4aa5f2f4841a1eeb4a5a77cb263 46d00126e9f84abe9169fc548c5482d3 - - 3bfaaca3c24a4c16a7fd45009453a68a 3bfaaca3c24a4c16a7fd45009453a68a] 10.0.0.54 "GET /allocation_candidates?limit=1000&resources=DISK_GB%3A1%2CMEMORY_MB%3A512%2CVCPU%3A1&root_required=%21COMPUTE_STATUS_DISABLED" status: 200 len: 2217 microversion: 1.36 [pid: 7|app: 0|req: 299/598] 10.0.0.54 () {34 vars in 1011 bytes} [Tue Mar 31 06:08:02 2026] GET /allocation_candidates?limit=1000&resources=DISK_GB%3A1%2CMEMORY_MB%3A512%2CVCPU%3A1&root_required=%21COMPUTE_STATUS_DISABLED => generated 2217 bytes in 191 msecs (HTTP/1.1 200) 8 headers in 297 bytes (1 switches on core 0)
2026-03-31 06:08:02.812 8 INFO placement.requestlog [req-dab56396-c769-4fea-a929-b36d8a5914bf req-f6068d3b-5d5b-4d90-b350-eb81dd80dc20 72f8e4aa5f2f4841a1eeb4a5a77cb263 46d00126e9f84abe9169fc548c5482d3 - - 3bfaaca3c24a4c16a7fd45009453a68a 3bfaaca3c24a4c16a7fd45009453a68a] 10.0.0.54 "GET /allocations/1fbee5c7-f6b1-4a3b-93fb-36fee8d595bc" status: 200 len: 19 microversion: 1.28 [pid: 8|app: 0|req: 300/599] 10.0.0.54 () {34 vars in 860 bytes} [Tue Mar 31 06:08:02 2026] GET /allocations/1fbee5c7-f6b1-4a3b-93fb-36fee8d595bc => generated 19 bytes in 13 msecs (HTTP/1.1 200) 8 headers in 295 bytes (1 switches on core 0)
2026-03-31 06:08:02.914 7 INFO placement.requestlog [req-dab56396-c769-4fea-a929-b36d8a5914bf req-95ab3798-8fbc-4d00-af5e-2551fa7b9202 72f8e4aa5f2f4841a1eeb4a5a77cb263 46d00126e9f84abe9169fc548c5482d3 - - 3bfaaca3c24a4c16a7fd45009453a68a 3bfaaca3c24a4c16a7fd45009453a68a] 10.0.0.54 "PUT /allocations/1fbee5c7-f6b1-4a3b-93fb-36fee8d595bc" status: 204 len: 0 microversion: 1.36 [pid: 7|app: 0|req: 300/600] 10.0.0.54 () {38 vars in 913 bytes} [Tue Mar 31 06:08:02 2026] PUT /allocations/1fbee5c7-f6b1-4a3b-93fb-36fee8d595bc => generated 0 bytes in 94 msecs (HTTP/1.1 204) 5 headers in 199 bytes (1 switches on core 0)
2026-03-31 06:08:03.398 8 INFO placement.requestlog [req-dab56396-c769-4fea-a929-b36d8a5914bf req-147df061-ac74-4d78-b824-9605a6c779a3 72f8e4aa5f2f4841a1eeb4a5a77cb263 46d00126e9f84abe9169fc548c5482d3 - - 3bfaaca3c24a4c16a7fd45009453a68a 3bfaaca3c24a4c16a7fd45009453a68a] 199.204.45.250 "GET /allocations/1fbee5c7-f6b1-4a3b-93fb-36fee8d595bc" status: 200 len: 257 microversion: 1.28 [pid: 8|app: 0|req: 301/601] 199.204.45.250 () {34 vars in 863 bytes} [Tue Mar 31 06:08:03 2026] GET /allocations/1fbee5c7-f6b1-4a3b-93fb-36fee8d595bc => generated 257 bytes in 13 msecs (HTTP/1.1 200) 8 headers in 296 bytes (1 switches on core 0)
2026-03-31 06:08:03.557 7 INFO placement.requestlog [req-dab56396-c769-4fea-a929-b36d8a5914bf req-92ff3167-0e9d-429a-9e88-5dbdec79c1c5 72f8e4aa5f2f4841a1eeb4a5a77cb263 46d00126e9f84abe9169fc548c5482d3 - - 3bfaaca3c24a4c16a7fd45009453a68a 3bfaaca3c24a4c16a7fd45009453a68a] 199.204.45.250 "GET /resource_providers/3f739666-4cb9-4f0c-be74-43af63a3202b/allocations" status: 200 len: 152 microversion: 1.0 [pid: 7|app: 0|req: 301/602] 199.204.45.250 () {32 vars in 857 bytes} [Tue Mar 31 06:08:03 2026] GET /resource_providers/3f739666-4cb9-4f0c-be74-43af63a3202b/allocations => generated 152 bytes in 16 msecs (HTTP/1.1 200) 6 headers in 224 bytes (1 switches on core 0)
2026-03-31 06:08:03.580 8 INFO placement.requestlog [req-dab56396-c769-4fea-a929-b36d8a5914bf req-02c24ee9-78f2-4c8c-bf46-3798af88191e 72f8e4aa5f2f4841a1eeb4a5a77cb263 46d00126e9f84abe9169fc548c5482d3 - - 3bfaaca3c24a4c16a7fd45009453a68a 3bfaaca3c24a4c16a7fd45009453a68a] 199.204.45.250 "GET /allocations/1fbee5c7-f6b1-4a3b-93fb-36fee8d595bc" status: 200 len: 257 microversion: 1.28 [pid: 8|app: 0|req: 302/603] 199.204.45.250 () {34 vars in 863 bytes} [Tue Mar 31 06:08:03 2026] GET /allocations/1fbee5c7-f6b1-4a3b-93fb-36fee8d595bc => generated 257 bytes in 15 msecs (HTTP/1.1 200) 8 headers in 296 bytes (1 switches on core 0)
2026-03-31 06:08:03.971 7 INFO placement.requestlog [req-49576ddb-75e3-4146-a31e-7ac59bd73d40 req-e75249df-036d-4ca9-b8b3-27ff60b9f122 72f8e4aa5f2f4841a1eeb4a5a77cb263 46d00126e9f84abe9169fc548c5482d3 - - 3bfaaca3c24a4c16a7fd45009453a68a 3bfaaca3c24a4c16a7fd45009453a68a] 10.0.0.54 "GET /allocation_candidates?limit=1000&resources=DISK_GB%3A1%2CMEMORY_MB%3A512%2CVCPU%3A1&root_required=%21COMPUTE_STATUS_DISABLED" status: 200 len: 2219 microversion: 1.36 [pid: 7|app: 0|req: 302/604] 10.0.0.54 () {34 vars in 1011 bytes} [Tue Mar 31 06:08:03 2026] GET /allocation_candidates?limit=1000&resources=DISK_GB%3A1%2CMEMORY_MB%3A512%2CVCPU%3A1&root_required=%21COMPUTE_STATUS_DISABLED => generated 2219 bytes in 55 msecs (HTTP/1.1 200) 8 headers in 297 bytes (1 switches on core 0)
2026-03-31 06:08:04.010 8 INFO placement.requestlog [req-49576ddb-75e3-4146-a31e-7ac59bd73d40 req-7f696bc2-da7f-499d-8db3-3aae35e7d3db 72f8e4aa5f2f4841a1eeb4a5a77cb263 46d00126e9f84abe9169fc548c5482d3 - - 3bfaaca3c24a4c16a7fd45009453a68a 3bfaaca3c24a4c16a7fd45009453a68a] 10.0.0.54 "GET /allocations/901af89a-d132-43f2-b2fa-b762921f83a6" status: 200 len: 19 microversion: 1.28 [pid: 8|app: 0|req: 303/605] 10.0.0.54 () {34 vars in 860 bytes} [Tue Mar 31 06:08:03 2026] GET /allocations/901af89a-d132-43f2-b2fa-b762921f83a6 => generated 19 bytes in 13 msecs (HTTP/1.1 200) 8 headers in 295 bytes (1 switches on core 0)
2026-03-31 06:08:04.121 7 INFO placement.requestlog [req-49576ddb-75e3-4146-a31e-7ac59bd73d40 req-ac5076fd-ab1c-4601-afbc-6b2e658b2a53 72f8e4aa5f2f4841a1eeb4a5a77cb263 46d00126e9f84abe9169fc548c5482d3 - - 3bfaaca3c24a4c16a7fd45009453a68a 3bfaaca3c24a4c16a7fd45009453a68a] 10.0.0.54 "PUT /allocations/901af89a-d132-43f2-b2fa-b762921f83a6" status: 204 len: 0 microversion: 1.36 [pid: 7|app: 0|req: 303/606] 10.0.0.54 () {38 vars in 913 bytes} [Tue Mar 31 06:08:04 2026] PUT /allocations/901af89a-d132-43f2-b2fa-b762921f83a6 => generated 0 bytes in 102 msecs (HTTP/1.1 204) 5 headers in 199 bytes (1 switches on core 0)
2026-03-31 06:08:04.592 8 INFO placement.requestlog [req-49576ddb-75e3-4146-a31e-7ac59bd73d40 req-e2acbd42-162d-4657-81f7-ec91954f5c65 72f8e4aa5f2f4841a1eeb4a5a77cb263 46d00126e9f84abe9169fc548c5482d3 - - 3bfaaca3c24a4c16a7fd45009453a68a 3bfaaca3c24a4c16a7fd45009453a68a] 199.204.45.250 "GET /allocations/901af89a-d132-43f2-b2fa-b762921f83a6" status: 200 len: 257 microversion: 1.28 [pid: 8|app: 0|req: 304/607] 199.204.45.250 () {34 vars in 863 bytes} [Tue Mar 31 06:08:04 2026] GET /allocations/901af89a-d132-43f2-b2fa-b762921f83a6 => generated 257 bytes in 15 msecs (HTTP/1.1 200) 8 headers in 296 bytes (1 switches on core 0)
2026-03-31 06:08:04.710 7 INFO placement.requestlog [req-49576ddb-75e3-4146-a31e-7ac59bd73d40 req-0cadc44d-bafb-4c12-87a8-969782e34b68 72f8e4aa5f2f4841a1eeb4a5a77cb263 46d00126e9f84abe9169fc548c5482d3 - - 3bfaaca3c24a4c16a7fd45009453a68a 3bfaaca3c24a4c16a7fd45009453a68a] 199.204.45.250 "GET /resource_providers/3f739666-4cb9-4f0c-be74-43af63a3202b/allocations" status: 200 len: 252 microversion: 1.0 [pid: 7|app: 0|req: 304/608] 199.204.45.250 () {32 vars in 857 bytes} [Tue Mar 31 06:08:04 2026] GET /resource_providers/3f739666-4cb9-4f0c-be74-43af63a3202b/allocations => generated 252 bytes in 21 msecs (HTTP/1.1 200) 6 headers in 224 bytes (1 switches on core 0)
2026-03-31 06:08:04.733 8 INFO placement.requestlog [req-49576ddb-75e3-4146-a31e-7ac59bd73d40 req-a36ddd6b-03f1-483a-96e8-6908d4647a46 72f8e4aa5f2f4841a1eeb4a5a77cb263 46d00126e9f84abe9169fc548c5482d3 - - 3bfaaca3c24a4c16a7fd45009453a68a 3bfaaca3c24a4c16a7fd45009453a68a] 199.204.45.250 "GET /allocations/1fbee5c7-f6b1-4a3b-93fb-36fee8d595bc" status: 200 len: 257 microversion: 1.28 [pid: 8|app: 0|req: 305/609] 199.204.45.250 () {34 vars in 863 bytes} [Tue Mar 31 06:08:04 2026] GET /allocations/1fbee5c7-f6b1-4a3b-93fb-36fee8d595bc => generated 257 bytes in 16 msecs (HTTP/1.1 200) 8 headers in 296 bytes (1 switches on core 0)
2026-03-31 06:08:04.760 7 INFO placement.requestlog [req-49576ddb-75e3-4146-a31e-7ac59bd73d40 req-7be40613-4beb-4210-824d-24e4d24683a6 72f8e4aa5f2f4841a1eeb4a5a77cb263 46d00126e9f84abe9169fc548c5482d3 - - 3bfaaca3c24a4c16a7fd45009453a68a 3bfaaca3c24a4c16a7fd45009453a68a] 199.204.45.250 "GET /allocations/901af89a-d132-43f2-b2fa-b762921f83a6" status: 200 len: 257 microversion: 1.28 [pid: 7|app: 0|req: 305/610] 199.204.45.250 () {34 vars in 863 bytes} [Tue Mar 31 06:08:04 2026] GET /allocations/901af89a-d132-43f2-b2fa-b762921f83a6 => generated 257 bytes in 13 msecs (HTTP/1.1 200) 8 headers in 296 bytes (1 switches on core 0)
2026-03-31 06:08:09.013 7 INFO placement.requestlog [None req-311e91dd-2341-4af0-b639-4e5c19c8a05b 2484bc5e18394fd5807c4e9c6c01aa83 46d00126e9f84abe9169fc548c5482d3 - - 3bfaaca3c24a4c16a7fd45009453a68a 3bfaaca3c24a4c16a7fd45009453a68a] 10.0.0.248 "GET /resource_providers/223120cf-9eb8-4481-8c2e-78a6dd96d8bf/aggregates" status: 404 len: 235 microversion: 1.1 [pid: 7|app: 0|req: 306/611] 10.0.0.248 () {32 vars in 825 bytes} [Tue Mar 31 06:08:08 2026] GET /resource_providers/223120cf-9eb8-4481-8c2e-78a6dd96d8bf/aggregates => generated 235 bytes in 128 msecs (HTTP/1.1 404) 5 headers in 202 bytes (1 switches on core 0)
2026-03-31 06:08:09.013 8 INFO placement.requestlog [None req-c117d921-c9ed-4cbf-9e38-fa0a62161944 2484bc5e18394fd5807c4e9c6c01aa83 46d00126e9f84abe9169fc548c5482d3 - - 3bfaaca3c24a4c16a7fd45009453a68a 3bfaaca3c24a4c16a7fd45009453a68a] 10.0.0.248 "GET /resource_providers/223120cf-9eb8-4481-8c2e-78a6dd96d8bf/aggregates" status: 404 len: 235 microversion: 1.1 [pid: 8|app: 0|req: 306/612] 10.0.0.248 () {32 vars in 825 bytes} [Tue Mar 31 06:08:08 2026] GET /resource_providers/223120cf-9eb8-4481-8c2e-78a6dd96d8bf/aggregates => generated 235 bytes in 132 msecs (HTTP/1.1 404) 5 headers in 202 bytes (1 switches on core 0)
2026-03-31 06:08:09.034 7 INFO placement.requestlog [None req-d4fb046d-ab48-4547-8d4f-23d1f39a37ed 2484bc5e18394fd5807c4e9c6c01aa83 46d00126e9f84abe9169fc548c5482d3 - - 3bfaaca3c24a4c16a7fd45009453a68a 3bfaaca3c24a4c16a7fd45009453a68a] 10.0.0.248 "DELETE /resource_providers/223120cf-9eb8-4481-8c2e-78a6dd96d8bf" status: 404 len: 246 microversion: 1.1 [pid: 7|app: 0|req: 307/613] 10.0.0.248 () {34 vars in 825 bytes} [Tue Mar 31 06:08:09 2026] DELETE /resource_providers/223120cf-9eb8-4481-8c2e-78a6dd96d8bf => generated 246 bytes in 13 msecs (HTTP/1.1 404) 6 headers in 231 bytes (1 switches on core 0)
2026-03-31 06:08:09.042 8 INFO placement.requestlog [None req-02482359-c5d2-4d6d-aa5c-8cae95161dc9 2484bc5e18394fd5807c4e9c6c01aa83 46d00126e9f84abe9169fc548c5482d3 - - 3bfaaca3c24a4c16a7fd45009453a68a 3bfaaca3c24a4c16a7fd45009453a68a] 10.0.0.248 "DELETE /resource_providers/223120cf-9eb8-4481-8c2e-78a6dd96d8bf" status: 404 len: 246 microversion: 1.1 [pid: 8|app: 0|req: 307/614] 10.0.0.248 () {34 vars in 825 bytes} [Tue Mar 31 06:08:09 2026] DELETE /resource_providers/223120cf-9eb8-4481-8c2e-78a6dd96d8bf => generated 246 bytes in 13 msecs (HTTP/1.1 404) 6 headers in 231 bytes (1 switches on core 0)
2026-03-31 06:08:09.340 7 INFO placement.requestlog [None req-8dd59860-ff94-4146-8bf1-a307674f2eca - - - - - -] 10.0.0.158 "GET /" status: 200 len: 136 microversion: 1.0
2026-03-31 06:08:09.341 8 INFO placement.requestlog [None req-5af03e25-f4fd-482d-a5e3-d588cc8494f1 - - - - - -] 10.0.0.158 "GET /" status: 200 len: 136 microversion: 1.0
2026-03-31 06:08:11.337 7 INFO placement.requestlog [req-539d6004-16d8-41cb-bc41-9c4061ab785e req-1e91a1be-d29c-4bad-9730-0e92445f1173 72f8e4aa5f2f4841a1eeb4a5a77cb263 46d00126e9f84abe9169fc548c5482d3 - - 3bfaaca3c24a4c16a7fd45009453a68a 3bfaaca3c24a4c16a7fd45009453a68a] 10.0.0.54 "GET /allocation_candidates?limit=1000&resources=MEMORY_MB%3A512%2CVCPU%3A1&root_required=%21COMPUTE_STATUS_DISABLED" status: 200 len: 2206 microversion: 1.36 [pid: 7|app: 0|req: 309/617] 10.0.0.54 () {34 vars in 983 bytes} [Tue Mar 31 06:08:11 2026] GET /allocation_candidates?limit=1000&resources=MEMORY_MB%3A512%2CVCPU%3A1&root_required=%21COMPUTE_STATUS_DISABLED => generated 2206 bytes in 57 msecs (HTTP/1.1 200) 8 headers in 297 bytes (1 switches on core 0)
2026-03-31 06:08:11.366 8 INFO placement.requestlog [req-539d6004-16d8-41cb-bc41-9c4061ab785e req-06caa818-b032-4278-a511-0496c0ad1286 72f8e4aa5f2f4841a1eeb4a5a77cb263 46d00126e9f84abe9169fc548c5482d3 - - 3bfaaca3c24a4c16a7fd45009453a68a 3bfaaca3c24a4c16a7fd45009453a68a] 10.0.0.54 "GET /allocations/876f27c0-ca21-4f3d-8089-ec0b73e9371c" status: 200 len: 19 microversion: 1.28 [pid: 8|app: 0|req: 309/618] 10.0.0.54 () {34 vars in 860 bytes} [Tue Mar 31 06:08:11 2026] GET /allocations/876f27c0-ca21-4f3d-8089-ec0b73e9371c => generated 19 bytes in 9 msecs (HTTP/1.1 200) 8 headers in 295 bytes (1 switches on core 0)
2026-03-31 06:08:11.454 7 INFO placement.requestlog [req-539d6004-16d8-41cb-bc41-9c4061ab785e req-7c1fd201-31d3-497c-8654-6fc379196556 72f8e4aa5f2f4841a1eeb4a5a77cb263 46d00126e9f84abe9169fc548c5482d3 - - 3bfaaca3c24a4c16a7fd45009453a68a 3bfaaca3c24a4c16a7fd45009453a68a] 10.0.0.54 "PUT /allocations/876f27c0-ca21-4f3d-8089-ec0b73e9371c" status: 204 len: 0 microversion: 1.36 [pid: 7|app: 0|req: 310/619] 10.0.0.54 () {38 vars in 913 bytes} [Tue Mar 31 06:08:11 2026] PUT /allocations/876f27c0-ca21-4f3d-8089-ec0b73e9371c => generated 0 bytes in 83 msecs (HTTP/1.1 204) 5 headers in 199 bytes (1 switches on core 0)
2026-03-31 06:08:11.706 8 INFO placement.requestlog [req-539d6004-16d8-41cb-bc41-9c4061ab785e req-58e82d42-0bce-4695-bf91-a31f004f215d 72f8e4aa5f2f4841a1eeb4a5a77cb263 46d00126e9f84abe9169fc548c5482d3 - - 3bfaaca3c24a4c16a7fd45009453a68a 3bfaaca3c24a4c16a7fd45009453a68a] 199.204.45.250 "GET /allocations/876f27c0-ca21-4f3d-8089-ec0b73e9371c" status: 200 len: 243 microversion: 1.28 [pid: 8|app: 0|req: 310/620] 199.204.45.250 () {34 vars in 863 bytes} [Tue Mar 31 06:08:11 2026] GET /allocations/876f27c0-ca21-4f3d-8089-ec0b73e9371c => generated 243 bytes in 15 msecs (HTTP/1.1 200) 8 headers in 296 bytes (1 switches on core 0)
2026-03-31 06:08:11.809 7 INFO placement.requestlog [req-539d6004-16d8-41cb-bc41-9c4061ab785e req-187a55b3-d972-4aec-aebd-ba4ceca987a5 72f8e4aa5f2f4841a1eeb4a5a77cb263 46d00126e9f84abe9169fc548c5482d3 - - 3bfaaca3c24a4c16a7fd45009453a68a 3bfaaca3c24a4c16a7fd45009453a68a] 199.204.45.250 "GET /resource_providers/3f739666-4cb9-4f0c-be74-43af63a3202b/allocations" status: 200 len: 338 microversion: 1.0 [pid: 7|app: 0|req: 311/621] 199.204.45.250 () {32 vars in 857 bytes} [Tue Mar 31 06:08:11 2026] GET /resource_providers/3f739666-4cb9-4f0c-be74-43af63a3202b/allocations => generated 338 bytes in 21 msecs (HTTP/1.1 200) 6 headers in 224 bytes (1 switches on core 0)
2026-03-31 06:08:11.836 8 INFO placement.requestlog [req-539d6004-16d8-41cb-bc41-9c4061ab785e req-9c285a9c-0724-45d5-9e3c-9c02a5d05946 72f8e4aa5f2f4841a1eeb4a5a77cb263 46d00126e9f84abe9169fc548c5482d3 - - 3bfaaca3c24a4c16a7fd45009453a68a 3bfaaca3c24a4c16a7fd45009453a68a] 199.204.45.250 "GET /allocations/876f27c0-ca21-4f3d-8089-ec0b73e9371c" status: 200 len: 243 microversion: 1.28 [pid: 8|app: 0|req: 311/622] 199.204.45.250 () {34 vars in 863 bytes} [Tue Mar 31 06:08:11 2026] GET /allocations/876f27c0-ca21-4f3d-8089-ec0b73e9371c => generated 243 bytes in 18 msecs (HTTP/1.1 200) 8 headers in 296 bytes (1 switches on core 0)
2026-03-31 06:08:11.867 7 INFO placement.requestlog [req-539d6004-16d8-41cb-bc41-9c4061ab785e req-1969af7d-a286-4b34-b504-52f30ecc9e63 72f8e4aa5f2f4841a1eeb4a5a77cb263 46d00126e9f84abe9169fc548c5482d3 - - 3bfaaca3c24a4c16a7fd45009453a68a 3bfaaca3c24a4c16a7fd45009453a68a] 199.204.45.250 "GET /allocations/1fbee5c7-f6b1-4a3b-93fb-36fee8d595bc" status: 200 len: 257 microversion: 1.28 [pid: 7|app: 0|req: 312/623] 199.204.45.250 () {34 vars in 863 bytes} [Tue Mar 31 06:08:11 2026] GET /allocations/1fbee5c7-f6b1-4a3b-93fb-36fee8d595bc => generated 257 bytes in 23 msecs (HTTP/1.1 200) 8 headers in 296 bytes (1 switches on core 0)
2026-03-31 06:08:11.890 8 INFO placement.requestlog [req-539d6004-16d8-41cb-bc41-9c4061ab785e req-be993a3c-2406-4ae7-9196-884c9bc1cd2a 72f8e4aa5f2f4841a1eeb4a5a77cb263 46d00126e9f84abe9169fc548c5482d3 - - 3bfaaca3c24a4c16a7fd45009453a68a 3bfaaca3c24a4c16a7fd45009453a68a] 199.204.45.250 "GET /allocations/901af89a-d132-43f2-b2fa-b762921f83a6" status: 200 len: 257 microversion: 1.28 [pid: 8|app: 0|req: 312/624] 199.204.45.250 () {34 vars in 863 bytes} [Tue Mar 31 06:08:11 2026] GET /allocations/901af89a-d132-43f2-b2fa-b762921f83a6 => generated 257 bytes in 15 msecs (HTTP/1.1 200) 8 headers in 296 bytes (1 switches on core 0)
2026-03-31 06:08:14.244 7 INFO placement.requestlog [req-410b7776-d5bd-4b40-ac17-16ac73676581 req-1484a634-222e-46d5-a56e-86baa856596a 72f8e4aa5f2f4841a1eeb4a5a77cb263 46d00126e9f84abe9169fc548c5482d3 - - 3bfaaca3c24a4c16a7fd45009453a68a 3bfaaca3c24a4c16a7fd45009453a68a] 199.204.45.250 "GET /resource_providers/3f739666-4cb9-4f0c-be74-43af63a3202b/allocations" status: 200 len: 338 microversion: 1.0 [pid: 7|app: 0|req: 313/625] 199.204.45.250 () {32 vars in 857 bytes} [Tue Mar 31 06:08:14 2026] GET /resource_providers/3f739666-4cb9-4f0c-be74-43af63a3202b/allocations => generated 338 bytes in 18 msecs (HTTP/1.1 200) 6 headers in 224 bytes (1 switches on core 0)
2026-03-31 06:08:14.275 8 INFO placement.requestlog [req-410b7776-d5bd-4b40-ac17-16ac73676581 req-3e6cb165-a9f8-4a96-862d-3631f5aa542f 72f8e4aa5f2f4841a1eeb4a5a77cb263 46d00126e9f84abe9169fc548c5482d3 - - 3bfaaca3c24a4c16a7fd45009453a68a 3bfaaca3c24a4c16a7fd45009453a68a] 199.204.45.250 "GET /resource_providers/3f739666-4cb9-4f0c-be74-43af63a3202b/allocations" status: 200 len: 338 microversion: 1.0 [pid: 8|app: 0|req: 313/626] 199.204.45.250 () {32 vars in 857 bytes} [Tue Mar 31 06:08:14 2026] GET /resource_providers/3f739666-4cb9-4f0c-be74-43af63a3202b/allocations => generated 338 bytes in 23 msecs (HTTP/1.1 200) 6 headers in 224 bytes (1 switches on core 0)
2026-03-31 06:08:14.305 7 INFO placement.requestlog [req-410b7776-d5bd-4b40-ac17-16ac73676581 req-64caa6c0-3434-46f2-b824-ae7728ffbbe2 72f8e4aa5f2f4841a1eeb4a5a77cb263 46d00126e9f84abe9169fc548c5482d3 - - 3bfaaca3c24a4c16a7fd45009453a68a 3bfaaca3c24a4c16a7fd45009453a68a] 199.204.45.250 "GET /allocations/876f27c0-ca21-4f3d-8089-ec0b73e9371c" status: 200 len: 243 microversion: 1.28 [pid: 7|app: 0|req: 314/627] 199.204.45.250 () {34 vars in 863 bytes} [Tue Mar 31 06:08:14 2026] GET /allocations/876f27c0-ca21-4f3d-8089-ec0b73e9371c => generated 243 bytes in 23 msecs (HTTP/1.1 200) 8 headers in 296 bytes (1 switches on core 0)
2026-03-31 06:08:14.336 8 INFO placement.requestlog [req-410b7776-d5bd-4b40-ac17-16ac73676581 req-acaafb4d-f5e6-4004-8f3b-12357e4f508f 72f8e4aa5f2f4841a1eeb4a5a77cb263 46d00126e9f84abe9169fc548c5482d3 - - 3bfaaca3c24a4c16a7fd45009453a68a 3bfaaca3c24a4c16a7fd45009453a68a] 199.204.45.250 "GET /allocations/1fbee5c7-f6b1-4a3b-93fb-36fee8d595bc" status: 200 len: 257 microversion: 1.28 [pid: 8|app: 0|req: 314/628] 199.204.45.250 () {34 vars in 863 bytes} [Tue Mar 31 06:08:14 2026] GET /allocations/1fbee5c7-f6b1-4a3b-93fb-36fee8d595bc => generated 257 bytes in 25 msecs (HTTP/1.1 200) 8 headers in 296 bytes (1 switches on core 0)
2026-03-31 06:08:14.365 7 INFO placement.requestlog [req-410b7776-d5bd-4b40-ac17-16ac73676581 req-c37d4e42-59dc-4ed1-bcec-b247915e0e9d 72f8e4aa5f2f4841a1eeb4a5a77cb263 46d00126e9f84abe9169fc548c5482d3 - - 3bfaaca3c24a4c16a7fd45009453a68a 3bfaaca3c24a4c16a7fd45009453a68a] 199.204.45.250 "GET /allocations/901af89a-d132-43f2-b2fa-b762921f83a6" status: 200 len: 257 microversion: 1.28 [pid: 7|app: 0|req: 315/629] 199.204.45.250 () {34 vars in 863 bytes} [Tue Mar 31 06:08:14 2026] GET /allocations/901af89a-d132-43f2-b2fa-b762921f83a6 => generated 257 bytes in 17 msecs (HTTP/1.1 200) 8 headers in 296 bytes (1 switches on core 0)
2026-03-31 06:08:19.339 8 INFO placement.requestlog [None req-b34447af-18c2-48bf-9d89-da24d6871339 - - - - - -] 10.0.0.158 "GET /" status: 200 len: 136 microversion: 1.0
2026-03-31 06:08:19.340 7 INFO placement.requestlog [None req-47e00a49-3044-4aa7-a740-b1b188006833 - - - - - -] 10.0.0.158 "GET /" status: 200 len: 136 microversion: 1.0
2026-03-31 06:08:24.384 7 INFO placement.requestlog [None req-dafb9096-ded7-4c9e-a7a5-fdd9114278f7 2484bc5e18394fd5807c4e9c6c01aa83 46d00126e9f84abe9169fc548c5482d3 - - 3bfaaca3c24a4c16a7fd45009453a68a 3bfaaca3c24a4c16a7fd45009453a68a] 10.0.0.248 "GET /resource_providers/12a8e32d-ace2-4594-8a30-3f10831f2e32/aggregates" status: 404 len: 235 microversion: 1.1 [pid: 7|app: 0|req: 317/632] 10.0.0.248 () {32 vars in 825 bytes} [Tue Mar 31 06:08:24 2026] GET /resource_providers/12a8e32d-ace2-4594-8a30-3f10831f2e32/aggregates => generated 235 bytes in 13 msecs (HTTP/1.1 404) 5 headers in 202 bytes (1 switches on core 0)
2026-03-31 06:08:24.387 8 INFO placement.requestlog [None req-e5f3a371-3852-4847-ab00-d664443dce41 2484bc5e18394fd5807c4e9c6c01aa83 46d00126e9f84abe9169fc548c5482d3 - - 3bfaaca3c24a4c16a7fd45009453a68a 3bfaaca3c24a4c16a7fd45009453a68a] 10.0.0.248 "GET /resource_providers/12a8e32d-ace2-4594-8a30-3f10831f2e32/aggregates" status: 404 len: 235 microversion: 1.1 [pid: 8|app: 0|req: 316/633] 10.0.0.248 () {32 vars in 825 bytes} [Tue Mar 31 06:08:24 2026] GET /resource_providers/12a8e32d-ace2-4594-8a30-3f10831f2e32/aggregates => generated 235 bytes in 16 msecs (HTTP/1.1 404) 5 headers in 202 bytes (1 switches on core 0)
2026-03-31 06:08:24.405 8 INFO placement.requestlog [None req-ba45e7f8-c167-4f1e-a1b9-19a5944b693d 2484bc5e18394fd5807c4e9c6c01aa83 46d00126e9f84abe9169fc548c5482d3 - - 3bfaaca3c24a4c16a7fd45009453a68a 3bfaaca3c24a4c16a7fd45009453a68a] 10.0.0.248 "DELETE /resource_providers/12a8e32d-ace2-4594-8a30-3f10831f2e32" status: 404 len: 246 microversion: 1.1
2026-03-31 06:08:24.407 7 INFO placement.requestlog [None req-07a5e8fd-455a-480a-8a6f-38130ae643e2 2484bc5e18394fd5807c4e9c6c01aa83 46d00126e9f84abe9169fc548c5482d3 - - 3bfaaca3c24a4c16a7fd45009453a68a 3bfaaca3c24a4c16a7fd45009453a68a] 10.0.0.248 "DELETE /resource_providers/12a8e32d-ace2-4594-8a30-3f10831f2e32" status: 404 len: 246 microversion: 1.1 [pid: 8|app: 0|req: 317/634] 10.0.0.248 () {34 vars in 825 bytes} [Tue Mar 31 06:08:24 2026] DELETE /resource_providers/12a8e32d-ace2-4594-8a30-3f10831f2e32 => generated 246 bytes in 12 msecs (HTTP/1.1 404) 6 headers in 231 bytes (1 switches on core 0) [pid: 7|app: 0|req: 318/635] 10.0.0.248 () {34 vars in 825 bytes} [Tue Mar 31 06:08:24 2026] DELETE /resource_providers/12a8e32d-ace2-4594-8a30-3f10831f2e32 => generated 246 bytes in 18 msecs (HTTP/1.1 404) 6 headers in 231 bytes (1 switches on core 0)
2026-03-31 06:08:26.760 8 INFO placement.requestlog [req-0848fe8e-24f8-4ea3-8449-d2d9d14c4e37 req-1ffdf723-37de-43ee-88db-48bac3dcfad2 72f8e4aa5f2f4841a1eeb4a5a77cb263 46d00126e9f84abe9169fc548c5482d3 - - 3bfaaca3c24a4c16a7fd45009453a68a 3bfaaca3c24a4c16a7fd45009453a68a] 199.204.45.250 "GET /resource_providers/3f739666-4cb9-4f0c-be74-43af63a3202b/allocations" status: 200 len: 338 microversion: 1.0 [pid: 8|app: 0|req: 318/636] 199.204.45.250 () {32 vars in 857 bytes} [Tue Mar 31 06:08:26 2026] GET /resource_providers/3f739666-4cb9-4f0c-be74-43af63a3202b/allocations => generated 338 bytes in 22 msecs (HTTP/1.1 200) 6 headers in 224 bytes (1 switches on core 0)
2026-03-31 06:08:26.785 7 INFO placement.requestlog [req-0848fe8e-24f8-4ea3-8449-d2d9d14c4e37 req-a7fe3f10-ec66-4803-a090-ab97c175f3cd 72f8e4aa5f2f4841a1eeb4a5a77cb263 46d00126e9f84abe9169fc548c5482d3 - - 3bfaaca3c24a4c16a7fd45009453a68a 3bfaaca3c24a4c16a7fd45009453a68a] 199.204.45.250 "GET /allocations/876f27c0-ca21-4f3d-8089-ec0b73e9371c" status: 200 len: 243 microversion: 1.28 [pid: 7|app: 0|req: 319/637] 199.204.45.250 () {34 vars in 863 bytes} [Tue Mar 31 06:08:26 2026] GET /allocations/876f27c0-ca21-4f3d-8089-ec0b73e9371c => generated 243 bytes in 16 msecs (HTTP/1.1 200) 8 headers in 296 bytes (1 switches on core 0)
2026-03-31 06:08:26.806 8 INFO placement.requestlog [req-0848fe8e-24f8-4ea3-8449-d2d9d14c4e37 req-fd35531c-d99c-411c-a9e7-6eff870dc64d 72f8e4aa5f2f4841a1eeb4a5a77cb263 46d00126e9f84abe9169fc548c5482d3 - - 3bfaaca3c24a4c16a7fd45009453a68a 3bfaaca3c24a4c16a7fd45009453a68a] 199.204.45.250 "GET /allocations/1fbee5c7-f6b1-4a3b-93fb-36fee8d595bc" status: 200 len: 257 microversion: 1.28 [pid: 8|app: 0|req: 319/638] 199.204.45.250 () {34 vars in 863 bytes} [Tue Mar 31 06:08:26 2026] GET /allocations/1fbee5c7-f6b1-4a3b-93fb-36fee8d595bc => generated 257 bytes in 12 msecs (HTTP/1.1 200) 8 headers in 296 bytes (1 switches on core 0)
2026-03-31 06:08:26.842 7 INFO placement.requestlog [req-0848fe8e-24f8-4ea3-8449-d2d9d14c4e37 req-97ef9d68-9b0f-4548-b3c5-7c5c0f27f3d6 72f8e4aa5f2f4841a1eeb4a5a77cb263 46d00126e9f84abe9169fc548c5482d3 - - 3bfaaca3c24a4c16a7fd45009453a68a 3bfaaca3c24a4c16a7fd45009453a68a] 199.204.45.250 "GET /allocations/901af89a-d132-43f2-b2fa-b762921f83a6" status: 200 len: 257 microversion: 1.28 [pid: 7|app: 0|req: 320/639] 199.204.45.250 () {34 vars in 863 bytes} [Tue Mar 31 06:08:26 2026] GET /allocations/901af89a-d132-43f2-b2fa-b762921f83a6 => generated 257 bytes in 29 msecs (HTTP/1.1 200) 8 headers in 296 bytes (1 switches on core 0)
2026-03-31 06:08:26.925 8 INFO placement.requestlog [req-0848fe8e-24f8-4ea3-8449-d2d9d14c4e37 req-ad511a82-d7fb-4b5f-9703-ee144ca0ac2e 72f8e4aa5f2f4841a1eeb4a5a77cb263 46d00126e9f84abe9169fc548c5482d3 - - 3bfaaca3c24a4c16a7fd45009453a68a 3bfaaca3c24a4c16a7fd45009453a68a] 199.204.45.250 "DELETE /allocations/1fbee5c7-f6b1-4a3b-93fb-36fee8d595bc" status: 204 len: 0 microversion: 1.0 [pid: 8|app: 0|req: 320/640] 199.204.45.250 () {34 vars in 841 bytes} [Tue Mar 31 06:08:26 2026] DELETE /allocations/1fbee5c7-f6b1-4a3b-93fb-36fee8d595bc => generated 0 bytes in 30 msecs (HTTP/1.1 204) 5 headers in 198 bytes (1 switches on core 0)
2026-03-31 06:08:28.961 7 INFO placement.requestlog [req-cacc92cf-4908-4b81-baad-905c75dd7ddf req-f33da286-5568-47eb-bb2b-23699354c882 72f8e4aa5f2f4841a1eeb4a5a77cb263 46d00126e9f84abe9169fc548c5482d3 - - 3bfaaca3c24a4c16a7fd45009453a68a 3bfaaca3c24a4c16a7fd45009453a68a] 199.204.45.250 "GET /resource_providers/3f739666-4cb9-4f0c-be74-43af63a3202b/allocations" status: 200 len: 238 microversion: 1.0 [pid: 7|app: 0|req: 321/641] 199.204.45.250 () {32 vars in 857 bytes} [Tue Mar 31 06:08:28 2026] GET /resource_providers/3f739666-4cb9-4f0c-be74-43af63a3202b/allocations => generated 238 bytes in 21 msecs (HTTP/1.1 200) 6 headers in 224 bytes (1 switches on core 0)
2026-03-31 06:08:28.989 8 INFO placement.requestlog [req-cacc92cf-4908-4b81-baad-905c75dd7ddf req-b9683cf5-f055-4a6f-8314-68cf5bf1d9a8 72f8e4aa5f2f4841a1eeb4a5a77cb263 46d00126e9f84abe9169fc548c5482d3 - - 3bfaaca3c24a4c16a7fd45009453a68a 3bfaaca3c24a4c16a7fd45009453a68a] 199.204.45.250 "GET /allocations/876f27c0-ca21-4f3d-8089-ec0b73e9371c" status: 200 len: 243 microversion: 1.28 [pid: 8|app: 0|req: 321/642] 199.204.45.250 () {34 vars in 863 bytes} [Tue Mar 31 06:08:28 2026] GET /allocations/876f27c0-ca21-4f3d-8089-ec0b73e9371c => generated 243 bytes in 20 msecs (HTTP/1.1 200) 8 headers in 296 bytes (1 switches on core 0)
2026-03-31 06:08:29.014 7 INFO placement.requestlog [req-cacc92cf-4908-4b81-baad-905c75dd7ddf req-1e2d77a8-0016-4bd5-88e5-5ac50cc05b21 72f8e4aa5f2f4841a1eeb4a5a77cb263 46d00126e9f84abe9169fc548c5482d3 - - 3bfaaca3c24a4c16a7fd45009453a68a 3bfaaca3c24a4c16a7fd45009453a68a] 199.204.45.250 "GET /allocations/901af89a-d132-43f2-b2fa-b762921f83a6" status: 200 len: 257 microversion: 1.28 [pid: 7|app: 0|req: 322/643] 199.204.45.250 () {34 vars in 863 bytes} [Tue Mar 31 06:08:28 2026] GET /allocations/901af89a-d132-43f2-b2fa-b762921f83a6 => generated 257 bytes in 17 msecs (HTTP/1.1 200) 8 headers in 296 bytes (1 switches on core 0)
2026-03-31 06:08:29.093 8 INFO placement.requestlog [req-cacc92cf-4908-4b81-baad-905c75dd7ddf req-0cea7710-75ad-41df-943b-64c83e393ae3 72f8e4aa5f2f4841a1eeb4a5a77cb263 46d00126e9f84abe9169fc548c5482d3 - - 3bfaaca3c24a4c16a7fd45009453a68a 3bfaaca3c24a4c16a7fd45009453a68a] 199.204.45.250 "DELETE /allocations/876f27c0-ca21-4f3d-8089-ec0b73e9371c" status: 204 len: 0 microversion: 1.0 [pid: 8|app: 0|req: 322/644] 199.204.45.250 () {34 vars in 841 bytes} [Tue Mar 31 06:08:29 2026] DELETE /allocations/876f27c0-ca21-4f3d-8089-ec0b73e9371c => generated 0 bytes in 27 msecs (HTTP/1.1 204) 5 headers in 198 bytes (1 switches on core 0)
2026-03-31 06:08:29.340 8 INFO placement.requestlog [None req-817fd4b7-7238-4050-8772-292f6db67035 - - - - - -] 10.0.0.158 "GET /" status: 200 len: 136 microversion: 1.0
2026-03-31 06:08:29.340 7 INFO placement.requestlog [None req-02f75205-7122-44ee-8879-60e3b53324c9 - - - - - -] 10.0.0.158 "GET /" status: 200 len: 136 microversion: 1.0
2026-03-31 06:08:32.841 8 INFO placement.requestlog [None req-6fd78ae1-4251-4d42-8945-cb8cb07dd671 2484bc5e18394fd5807c4e9c6c01aa83 46d00126e9f84abe9169fc548c5482d3 - - 3bfaaca3c24a4c16a7fd45009453a68a 3bfaaca3c24a4c16a7fd45009453a68a] 10.0.0.248 "GET /resource_providers/b82fd5dd-a96e-4ac3-b0ec-8257f50b1ad5/aggregates" status: 404 len: 235 microversion: 1.1 [pid: 8|app: 0|req: 324/647] 10.0.0.248 () {32 vars in 825 bytes} [Tue Mar 31 06:08:32 2026] GET /resource_providers/b82fd5dd-a96e-4ac3-b0ec-8257f50b1ad5/aggregates => generated 235 bytes in 145 msecs (HTTP/1.1 404) 5 headers in 202 bytes (1 switches on core 0)
2026-03-31 06:08:32.958 7 INFO placement.requestlog [None req-7cf4c20c-7e7f-4fe3-b4e4-ad2b7149e567 2484bc5e18394fd5807c4e9c6c01aa83 46d00126e9f84abe9169fc548c5482d3 - - 3bfaaca3c24a4c16a7fd45009453a68a 3bfaaca3c24a4c16a7fd45009453a68a] 10.0.0.248 "DELETE /resource_providers/b82fd5dd-a96e-4ac3-b0ec-8257f50b1ad5" status: 404 len: 246 microversion: 1.1 [pid: 7|app: 0|req: 324/648] 10.0.0.248 () {34 vars in 825 bytes} [Tue Mar 31 06:08:32 2026] DELETE /resource_providers/b82fd5dd-a96e-4ac3-b0ec-8257f50b1ad5 => generated 246 bytes in 17 msecs (HTTP/1.1 404) 6 headers in 231 bytes (1 switches on core 0)
2026-03-31 06:08:33.002 8 INFO placement.requestlog [None req-58eeff35-5d63-439e-bd87-f101989b003a 2484bc5e18394fd5807c4e9c6c01aa83 46d00126e9f84abe9169fc548c5482d3 - - 3bfaaca3c24a4c16a7fd45009453a68a 3bfaaca3c24a4c16a7fd45009453a68a] 10.0.0.248 "GET /resource_providers/b82fd5dd-a96e-4ac3-b0ec-8257f50b1ad5/aggregates" status: 404 len: 235 microversion: 1.1 [pid: 8|app: 0|req: 325/649] 10.0.0.248 () {32 vars in 825 bytes} [Tue Mar 31 06:08:32 2026] GET /resource_providers/b82fd5dd-a96e-4ac3-b0ec-8257f50b1ad5/aggregates => generated 235 bytes in 60 msecs (HTTP/1.1 404) 5 headers in 202 bytes (1 switches on core 0)
2026-03-31 06:08:33.049 7 INFO placement.requestlog [None req-075981e1-7036-46c6-9b69-b618b838170f 2484bc5e18394fd5807c4e9c6c01aa83 46d00126e9f84abe9169fc548c5482d3 - - 3bfaaca3c24a4c16a7fd45009453a68a 3bfaaca3c24a4c16a7fd45009453a68a] 10.0.0.248 "DELETE /resource_providers/b82fd5dd-a96e-4ac3-b0ec-8257f50b1ad5" status: 404 len: 246 microversion: 1.1 [pid: 7|app: 0|req: 325/650] 10.0.0.248 () {34 vars in 825 bytes} [Tue Mar 31 06:08:33 2026] DELETE /resource_providers/b82fd5dd-a96e-4ac3-b0ec-8257f50b1ad5 => generated 246 bytes in 18 msecs (HTTP/1.1 404) 6 headers in 231 bytes (1 switches on core 0)
2026-03-31 06:08:35.613 8 INFO placement.requestlog [None req-f77b12bd-e12d-434b-afba-85dcdfb31376 2484bc5e18394fd5807c4e9c6c01aa83 46d00126e9f84abe9169fc548c5482d3 - - 3bfaaca3c24a4c16a7fd45009453a68a 3bfaaca3c24a4c16a7fd45009453a68a] 10.0.0.248 "GET /resource_providers/5810d1a7-1802-476a-aa92-f1cd8b849915/aggregates" status: 404 len: 235 microversion: 1.1 [pid: 8|app: 0|req: 326/651] 10.0.0.248 () {32 vars in 825 bytes} [Tue Mar 31 06:08:35 2026] GET /resource_providers/5810d1a7-1802-476a-aa92-f1cd8b849915/aggregates => generated 235 bytes in 13 msecs (HTTP/1.1 404) 5 headers in 202 bytes (1 switches on core 0)
2026-03-31 06:08:35.624 7 INFO placement.requestlog [None req-623604ca-8575-4fb3-83bd-9979ede62ac4 2484bc5e18394fd5807c4e9c6c01aa83 46d00126e9f84abe9169fc548c5482d3 - - 3bfaaca3c24a4c16a7fd45009453a68a 3bfaaca3c24a4c16a7fd45009453a68a] 10.0.0.248 "GET /resource_providers/5810d1a7-1802-476a-aa92-f1cd8b849915/aggregates" status: 404 len: 235 microversion: 1.1 [pid: 7|app: 0|req: 326/652] 10.0.0.248 () {32 vars in 825 bytes} [Tue Mar 31 06:08:35 2026] GET /resource_providers/5810d1a7-1802-476a-aa92-f1cd8b849915/aggregates => generated 235 bytes in 25 msecs (HTTP/1.1 404) 5 headers in 202 bytes (1 switches on core 0)
2026-03-31 06:08:35.632 8 INFO placement.requestlog [None req-af677695-0536-4da0-ba96-219998b08d88 2484bc5e18394fd5807c4e9c6c01aa83 46d00126e9f84abe9169fc548c5482d3 - - 3bfaaca3c24a4c16a7fd45009453a68a 3bfaaca3c24a4c16a7fd45009453a68a] 10.0.0.248 "DELETE /resource_providers/5810d1a7-1802-476a-aa92-f1cd8b849915" status: 404 len: 246 microversion: 1.1 [pid: 8|app: 0|req: 327/653] 10.0.0.248 () {34 vars in 825 bytes} [Tue Mar 31 06:08:35 2026] DELETE /resource_providers/5810d1a7-1802-476a-aa92-f1cd8b849915 => generated 246 bytes in 13 msecs (HTTP/1.1 404) 6 headers in 231 bytes (1 switches on core 0)
2026-03-31 06:08:35.652 7 INFO placement.requestlog [None req-04d6f75c-299d-42d9-9ee7-dbedc1cffb04 2484bc5e18394fd5807c4e9c6c01aa83 46d00126e9f84abe9169fc548c5482d3 - - 3bfaaca3c24a4c16a7fd45009453a68a 3bfaaca3c24a4c16a7fd45009453a68a] 10.0.0.248 "DELETE /resource_providers/5810d1a7-1802-476a-aa92-f1cd8b849915" status: 404 len: 246 microversion: 1.1 [pid: 7|app: 0|req: 327/654] 10.0.0.248 () {34 vars in 825 bytes} [Tue Mar 31 06:08:35 2026] DELETE /resource_providers/5810d1a7-1802-476a-aa92-f1cd8b849915 => generated 246 bytes in 18 msecs (HTTP/1.1 404) 6 headers in 231 bytes (1 switches on core 0)
2026-03-31 06:08:37.185 8 INFO placement.requestlog [req-79f2c9f0-7ae9-48ce-a5f1-c4b5854766a3 req-b8e86ab1-3aa9-42d7-86a7-bf8f9b15da35 72f8e4aa5f2f4841a1eeb4a5a77cb263 46d00126e9f84abe9169fc548c5482d3 - - 3bfaaca3c24a4c16a7fd45009453a68a 3bfaaca3c24a4c16a7fd45009453a68a] 10.0.0.54 "GET /allocation_candidates?limit=1000&resources=DISK_GB%3A1%2CMEMORY_MB%3A512%2CVCPU%3A1&root_required=%21COMPUTE_STATUS_DISABLED" status: 200 len: 2219 microversion: 1.36 [pid: 8|app: 0|req: 328/655] 10.0.0.54 () {34 vars in 1011 bytes} [Tue Mar 31 06:08:37 2026] GET /allocation_candidates?limit=1000&resources=DISK_GB%3A1%2CMEMORY_MB%3A512%2CVCPU%3A1&root_required=%21COMPUTE_STATUS_DISABLED => generated 2219 bytes in 54 msecs (HTTP/1.1 200) 8 headers in 297 bytes (1 switches on core 0)
2026-03-31 06:08:37.220 7 INFO placement.requestlog [req-79f2c9f0-7ae9-48ce-a5f1-c4b5854766a3 req-6d1a2140-40af-4e9b-999c-a511046ad08f 72f8e4aa5f2f4841a1eeb4a5a77cb263 46d00126e9f84abe9169fc548c5482d3 - - 3bfaaca3c24a4c16a7fd45009453a68a 3bfaaca3c24a4c16a7fd45009453a68a] 10.0.0.54 "GET /allocations/4180241a-6199-4ab5-8875-d9a52ef2b0bf" status: 200 len: 19 microversion: 1.28 [pid: 7|app: 0|req: 328/656] 10.0.0.54 () {34 vars in 860 bytes} [Tue Mar 31 06:08:37 2026] GET /allocations/4180241a-6199-4ab5-8875-d9a52ef2b0bf => generated 19 bytes in 13 msecs (HTTP/1.1 200) 8 headers in 295 bytes (1 switches on core 0)
2026-03-31 06:08:37.317 8 INFO placement.requestlog [req-79f2c9f0-7ae9-48ce-a5f1-c4b5854766a3 req-b86bb13e-34c5-4aa3-a628-07fc0bcf16e2 72f8e4aa5f2f4841a1eeb4a5a77cb263 46d00126e9f84abe9169fc548c5482d3 - - 3bfaaca3c24a4c16a7fd45009453a68a 3bfaaca3c24a4c16a7fd45009453a68a] 10.0.0.54 "PUT /allocations/4180241a-6199-4ab5-8875-d9a52ef2b0bf" status: 204 len: 0 microversion: 1.36 [pid: 8|app: 0|req: 329/657] 10.0.0.54 () {38 vars in 913 bytes} [Tue Mar 31 06:08:37 2026] PUT /allocations/4180241a-6199-4ab5-8875-d9a52ef2b0bf => generated 0 bytes in 88 msecs (HTTP/1.1 204) 5 headers in 199 bytes (1 switches on core 0)
2026-03-31 06:08:37.584 7 INFO placement.requestlog [req-79f2c9f0-7ae9-48ce-a5f1-c4b5854766a3 req-f55d5408-e991-4469-8046-5de1d41c675b 72f8e4aa5f2f4841a1eeb4a5a77cb263 46d00126e9f84abe9169fc548c5482d3 - - 3bfaaca3c24a4c16a7fd45009453a68a 3bfaaca3c24a4c16a7fd45009453a68a] 199.204.45.250 "GET /allocations/4180241a-6199-4ab5-8875-d9a52ef2b0bf" status: 200 len: 257 microversion: 1.28 [pid: 7|app: 0|req: 329/658] 199.204.45.250 () {34 vars in 863 bytes} [Tue Mar 31 06:08:37 2026] GET /allocations/4180241a-6199-4ab5-8875-d9a52ef2b0bf => generated 257 bytes in 26 msecs (HTTP/1.1 200) 8 headers in 296 bytes (1 switches on core 0)
2026-03-31 06:08:37.693 8 INFO placement.requestlog [req-79f2c9f0-7ae9-48ce-a5f1-c4b5854766a3 req-96b25a6c-db41-4f0d-a3f8-53f24545e4e2 72f8e4aa5f2f4841a1eeb4a5a77cb263 46d00126e9f84abe9169fc548c5482d3 - - 3bfaaca3c24a4c16a7fd45009453a68a 3bfaaca3c24a4c16a7fd45009453a68a] 199.204.45.250 "GET /resource_providers/3f739666-4cb9-4f0c-be74-43af63a3202b/allocations" status: 200 len: 252 microversion: 1.0 [pid: 8|app: 0|req: 330/659] 199.204.45.250 () {32 vars in 857 bytes} [Tue Mar 31 06:08:37 2026] GET /resource_providers/3f739666-4cb9-4f0c-be74-43af63a3202b/allocations => generated 252 bytes in 20 msecs (HTTP/1.1 200) 6 headers in 224 bytes (1 switches on core 0)
2026-03-31 06:08:37.713 7 INFO placement.requestlog [req-79f2c9f0-7ae9-48ce-a5f1-c4b5854766a3 req-82e2d426-8ac2-48d6-8ca7-7ce25836cf6c 72f8e4aa5f2f4841a1eeb4a5a77cb263 46d00126e9f84abe9169fc548c5482d3 - - 3bfaaca3c24a4c16a7fd45009453a68a 3bfaaca3c24a4c16a7fd45009453a68a] 199.204.45.250 "GET /allocations/4180241a-6199-4ab5-8875-d9a52ef2b0bf" status: 200 len: 257 microversion: 1.28 [pid: 7|app: 0|req: 330/660] 199.204.45.250 () {34 vars in 863 bytes} [Tue Mar 31 06:08:37 2026] GET /allocations/4180241a-6199-4ab5-8875-d9a52ef2b0bf => generated 257 bytes in 14 msecs (HTTP/1.1 200) 8 headers in 296 bytes (1 switches on core 0)
2026-03-31 06:08:37.737 8 INFO placement.requestlog [req-79f2c9f0-7ae9-48ce-a5f1-c4b5854766a3 req-a254d8e6-7d7d-4914-8825-d049ea072bf3 72f8e4aa5f2f4841a1eeb4a5a77cb263 46d00126e9f84abe9169fc548c5482d3 - - 3bfaaca3c24a4c16a7fd45009453a68a 3bfaaca3c24a4c16a7fd45009453a68a] 199.204.45.250 "GET /allocations/901af89a-d132-43f2-b2fa-b762921f83a6" status: 200 len: 257 microversion: 1.28 [pid: 8|app: 0|req: 331/661] 199.204.45.250 () {34 vars in 863 bytes} [Tue Mar 31 06:08:37 2026] GET /allocations/901af89a-d132-43f2-b2fa-b762921f83a6 => generated 257 bytes in 19 msecs (HTTP/1.1 200) 8 headers in 296 bytes (1 switches on core 0)
2026-03-31 06:08:39.339 7 INFO placement.requestlog [None req-584218ad-59fb-462e-bea5-732d8af2cdb3 - - - - - -] 10.0.0.158 "GET /" status: 200 len: 136 microversion: 1.0
2026-03-31 06:08:39.340 8 INFO placement.requestlog [None req-5f2f0886-261e-48a4-beca-c1ca9c81cdf6 - - - - - -] 10.0.0.158 "GET /" status: 200 len: 136 microversion: 1.0
2026-03-31 06:08:46.086 7 INFO placement.requestlog [req-e3fe5811-e4cd-48d9-abb0-a49680fb941a req-73665b5a-18c3-46f5-a920-84e610971b75 72f8e4aa5f2f4841a1eeb4a5a77cb263 46d00126e9f84abe9169fc548c5482d3 - - 3bfaaca3c24a4c16a7fd45009453a68a 3bfaaca3c24a4c16a7fd45009453a68a] 199.204.45.250 "GET /resource_providers/3f739666-4cb9-4f0c-be74-43af63a3202b/allocations" status: 200 len: 252 microversion: 1.0 [pid: 7|app: 0|req: 332/664] 199.204.45.250 () {32 vars in 857 bytes} [Tue Mar 31 06:08:46 2026] GET /resource_providers/3f739666-4cb9-4f0c-be74-43af63a3202b/allocations => generated 252 bytes in 23 msecs (HTTP/1.1 200) 6 headers in 224 bytes (1 switches on core 0)
2026-03-31 06:08:46.111 8 INFO placement.requestlog [req-e3fe5811-e4cd-48d9-abb0-a49680fb941a req-6c610bf8-e703-4f33-ad59-d9380ea6e488 72f8e4aa5f2f4841a1eeb4a5a77cb263 46d00126e9f84abe9169fc548c5482d3 - - 3bfaaca3c24a4c16a7fd45009453a68a 3bfaaca3c24a4c16a7fd45009453a68a] 199.204.45.250 "GET /allocations/4180241a-6199-4ab5-8875-d9a52ef2b0bf" status: 200 len: 257 microversion: 1.28 [pid: 8|app: 0|req: 333/665] 199.204.45.250 () {34 vars in 863 bytes} [Tue Mar 31 06:08:46 2026] GET /allocations/4180241a-6199-4ab5-8875-d9a52ef2b0bf => generated 257 bytes in 18 msecs (HTTP/1.1 200) 8 headers in 296 bytes (1 switches on core 0)
2026-03-31 06:08:46.134 7 INFO placement.requestlog [req-e3fe5811-e4cd-48d9-abb0-a49680fb941a req-328ede16-1d6d-4444-a8da-55b3eb5e570f 72f8e4aa5f2f4841a1eeb4a5a77cb263 46d00126e9f84abe9169fc548c5482d3 - - 3bfaaca3c24a4c16a7fd45009453a68a 3bfaaca3c24a4c16a7fd45009453a68a] 199.204.45.250 "GET /allocations/901af89a-d132-43f2-b2fa-b762921f83a6" status: 200 len: 257 microversion: 1.28 [pid: 7|app: 0|req: 333/666] 199.204.45.250 () {34 vars in 863 bytes} [Tue Mar 31 06:08:46 2026] GET /allocations/901af89a-d132-43f2-b2fa-b762921f83a6 => generated 257 bytes in 16 msecs (HTTP/1.1 200) 8 headers in 296 bytes (1 switches on core 0)
2026-03-31 06:08:46.229 8 INFO placement.requestlog [req-e3fe5811-e4cd-48d9-abb0-a49680fb941a req-54d723bb-c6f3-497e-b37b-fdc3b0c75586 72f8e4aa5f2f4841a1eeb4a5a77cb263 46d00126e9f84abe9169fc548c5482d3 - - 3bfaaca3c24a4c16a7fd45009453a68a 3bfaaca3c24a4c16a7fd45009453a68a] 199.204.45.250 "DELETE /allocations/4180241a-6199-4ab5-8875-d9a52ef2b0bf" status: 204 len: 0 microversion: 1.0 [pid: 8|app: 0|req: 334/667] 199.204.45.250 () {34 vars in 841 bytes} [Tue Mar 31 06:08:46 2026] DELETE /allocations/4180241a-6199-4ab5-8875-d9a52ef2b0bf => generated 0 bytes in 28 msecs (HTTP/1.1 204) 5 headers in 198 bytes (1 switches on core 0)
2026-03-31 06:08:48.857 7 INFO placement.requestlog [req-43f3f26d-bda3-4624-8653-047bda1828a4 req-1fec97e1-d637-4ae2-b840-0b31762f5b3f 72f8e4aa5f2f4841a1eeb4a5a77cb263 46d00126e9f84abe9169fc548c5482d3 - - 3bfaaca3c24a4c16a7fd45009453a68a 3bfaaca3c24a4c16a7fd45009453a68a] 199.204.45.250 "GET /resource_providers/3f739666-4cb9-4f0c-be74-43af63a3202b/allocations" status: 200 len: 152 microversion: 1.0 [pid: 7|app: 0|req: 334/668] 199.204.45.250 () {32 vars in 857 bytes} [Tue Mar 31 06:08:48 2026] GET /resource_providers/3f739666-4cb9-4f0c-be74-43af63a3202b/allocations => generated 152 bytes in 18 msecs (HTTP/1.1 200) 6 headers in 224 bytes (1 switches on core 0)
2026-03-31 06:08:48.877 8 INFO placement.requestlog [req-43f3f26d-bda3-4624-8653-047bda1828a4 req-f6a75a0a-19ea-466c-87e9-8cd51f69815a 72f8e4aa5f2f4841a1eeb4a5a77cb263 46d00126e9f84abe9169fc548c5482d3 - - 3bfaaca3c24a4c16a7fd45009453a68a 3bfaaca3c24a4c16a7fd45009453a68a] 199.204.45.250 "GET /allocations/901af89a-d132-43f2-b2fa-b762921f83a6" status: 200 len: 257 microversion: 1.28 [pid: 8|app: 0|req: 335/669] 199.204.45.250 () {34 vars in 863 bytes} [Tue Mar 31 06:08:48 2026] GET /allocations/901af89a-d132-43f2-b2fa-b762921f83a6 => generated 257 bytes in 13 msecs (HTTP/1.1 200) 8 headers in 296 bytes (1 switches on core 0)
2026-03-31 06:08:48.964 7 INFO placement.requestlog [req-43f3f26d-bda3-4624-8653-047bda1828a4 req-a2bdc8a3-c9bd-4a55-a01c-76ab573ee193 72f8e4aa5f2f4841a1eeb4a5a77cb263 46d00126e9f84abe9169fc548c5482d3 - - 3bfaaca3c24a4c16a7fd45009453a68a 3bfaaca3c24a4c16a7fd45009453a68a] 199.204.45.250 "DELETE /allocations/901af89a-d132-43f2-b2fa-b762921f83a6" status: 204 len: 0 microversion: 1.0 [pid: 7|app: 0|req: 335/670] 199.204.45.250 () {34 vars in 841 bytes} [Tue Mar 31 06:08:48 2026] DELETE /allocations/901af89a-d132-43f2-b2fa-b762921f83a6 => generated 0 bytes in 28 msecs (HTTP/1.1 204) 5 headers in 198 bytes (1 switches on core 0)
2026-03-31 06:08:49.340 8 INFO placement.requestlog [None req-d7b4c6f4-6f67-4e1c-a667-a1eb92e6f168 - - - - - -] 10.0.0.158 "GET /" status: 200 len: 136 microversion: 1.0
2026-03-31 06:08:49.340 7 INFO placement.requestlog [None req-852f4e97-bacd-427f-bf41-50b9a80d7a3a - - - - - -] 10.0.0.158 "GET /" status: 200 len: 136 microversion: 1.0
2026-03-31 06:08:50.822 7 INFO placement.requestlog [req-9df5bfcf-7492-4c7f-b24e-571a2f04cbbe req-a521d7ec-cc7b-4586-84e8-be5694fbd46b 72f8e4aa5f2f4841a1eeb4a5a77cb263 46d00126e9f84abe9169fc548c5482d3 - - 3bfaaca3c24a4c16a7fd45009453a68a 3bfaaca3c24a4c16a7fd45009453a68a] 10.0.0.54 "GET /allocation_candidates?limit=1000&resources=DISK_GB%3A1%2CMEMORY_MB%3A512%2CVCPU%3A1&root_required=%21COMPUTE_STATUS_DISABLED" status: 200 len: 2217 microversion: 1.36 [pid: 7|app: 0|req: 337/673] 10.0.0.54 () {34 vars in 1011 bytes} [Tue Mar 31 06:08:50 2026] GET /allocation_candidates?limit=1000&resources=DISK_GB%3A1%2CMEMORY_MB%3A512%2CVCPU%3A1&root_required=%21COMPUTE_STATUS_DISABLED => generated 2217 bytes in 56 msecs (HTTP/1.1 200) 8 headers in 297 bytes (1 switches on core 0)
2026-03-31 06:08:50.853 8 INFO placement.requestlog [req-9df5bfcf-7492-4c7f-b24e-571a2f04cbbe req-55853faa-cf6e-4694-a6aa-4f386ce6bedb 72f8e4aa5f2f4841a1eeb4a5a77cb263 46d00126e9f84abe9169fc548c5482d3 - - 3bfaaca3c24a4c16a7fd45009453a68a 3bfaaca3c24a4c16a7fd45009453a68a] 10.0.0.54 "GET /allocations/c9ae59c3-5162-405c-9c72-fc3905aa4ff2" status: 200 len: 19 microversion: 1.28 [pid: 8|app: 0|req: 337/674] 10.0.0.54 () {34 vars in 860 bytes} [Tue Mar 31 06:08:50 2026] GET /allocations/c9ae59c3-5162-405c-9c72-fc3905aa4ff2 => generated 19 bytes in 10 msecs (HTTP/1.1 200) 8 headers in 295 bytes (1 switches on core 0)
2026-03-31 06:08:50.923 7 INFO placement.requestlog [req-9df5bfcf-7492-4c7f-b24e-571a2f04cbbe req-24390df3-85fd-405e-949a-e0d472d6f203 72f8e4aa5f2f4841a1eeb4a5a77cb263 46d00126e9f84abe9169fc548c5482d3 - - 3bfaaca3c24a4c16a7fd45009453a68a 3bfaaca3c24a4c16a7fd45009453a68a] 10.0.0.54 "PUT /allocations/c9ae59c3-5162-405c-9c72-fc3905aa4ff2" status: 204 len: 0 microversion: 1.36 [pid: 7|app: 0|req: 338/675] 10.0.0.54 () {38 vars in 913 bytes} [Tue Mar 31 06:08:50 2026] PUT /allocations/c9ae59c3-5162-405c-9c72-fc3905aa4ff2 => generated 0 bytes in 63 msecs (HTTP/1.1 204) 5 headers in 199 bytes (1 switches on core 0)
2026-03-31 06:08:51.131 8 INFO placement.requestlog [None req-fd330730-d450-4e1f-94e9-ffd2e3be4f37 2484bc5e18394fd5807c4e9c6c01aa83 46d00126e9f84abe9169fc548c5482d3 - - 3bfaaca3c24a4c16a7fd45009453a68a 3bfaaca3c24a4c16a7fd45009453a68a] 10.0.0.248 "GET /resource_providers/d588a8f2-27ed-4b2a-9ae7-0f2bb30fcd46/aggregates" status: 404 len: 235 microversion: 1.1 [pid: 8|app: 0|req: 338/676] 10.0.0.248 () {32 vars in 825 bytes} [Tue Mar 31 06:08:51 2026] GET /resource_providers/d588a8f2-27ed-4b2a-9ae7-0f2bb30fcd46/aggregates => generated 235 bytes in 16 msecs (HTTP/1.1 404) 5 headers in 202 bytes (1 switches on core 0)
2026-03-31 06:08:51.140 7 INFO placement.requestlog [None req-e08ac0df-47d9-459b-9e99-f589527498b2 2484bc5e18394fd5807c4e9c6c01aa83 46d00126e9f84abe9169fc548c5482d3 - - 3bfaaca3c24a4c16a7fd45009453a68a 3bfaaca3c24a4c16a7fd45009453a68a] 10.0.0.248 "GET /resource_providers/d588a8f2-27ed-4b2a-9ae7-0f2bb30fcd46/aggregates" status: 404 len: 235 microversion: 1.1 [pid: 7|app: 0|req: 339/677] 10.0.0.248 () {32 vars in 825 bytes} [Tue Mar 31 06:08:51 2026] GET /resource_providers/d588a8f2-27ed-4b2a-9ae7-0f2bb30fcd46/aggregates => generated 235 bytes in 23 msecs (HTTP/1.1 404) 5 headers in 202 bytes (1 switches on core 0)
