2026-03-31 06:10:37.165 9 INFO neutron.db.ovn_revision_numbers_db [None req-067fc3a8-54f0-469c-adfc-4bbfe3979356 805bb2134d174bffb3dd348f04c0a4bc ea3b4cf9758c4a568bbbbb89a380be48 - - default default] Successfully bumped revision number for resource d28fe7c0-2e60-4072-a5de-82d2f6b78908 (type: security_group_rules) to 0
2026-03-31 06:10:37.181 9 INFO neutron.db.ovn_revision_numbers_db [None req-067fc3a8-54f0-469c-adfc-4bbfe3979356 805bb2134d174bffb3dd348f04c0a4bc ea3b4cf9758c4a568bbbbb89a380be48 - - default default] Successfully bumped revision number for resource e274b4ae-8d5e-48ea-bad5-1cc8da76302b (type: security_group_rules) to 0
2026-03-31 06:10:37.204 9 INFO neutron.wsgi [None req-067fc3a8-54f0-469c-adfc-4bbfe3979356 805bb2134d174bffb3dd348f04c0a4bc ea3b4cf9758c4a568bbbbb89a380be48 - - default default] 10.0.0.150 "GET /v2.0/security-groups?tenant_id=945fdba4cab2413bb1f22dcb28a28060&name=default HTTP/1.1" status: 200 len: 3120 time: 0.3635507
2026-03-31 06:10:37.442 10 INFO neutron.wsgi [None req-8fcae6da-ec90-4e10-9851-2af92923487d 805bb2134d174bffb3dd348f04c0a4bc ea3b4cf9758c4a568bbbbb89a380be48 - - default default] 10.0.0.150 "DELETE /v2.0/security-groups/b15f3a53-7fd5-4f17-9080-f34a9e368c06 HTTP/1.1" status: 204 len: 168 time: 0.2319787
2026-03-31 06:10:38.987 9 INFO neutron.wsgi [-] 10.0.0.150 "GET / HTTP/1.1" status: 200 len: 279 time: 0.0019510
2026-03-31 06:10:39.140 10 WARNING neutron_lib.context [None req-37f43b5b-e890-4655-8862-70f2003430ba f76343b010ec4cdbb6f2455f182cd344 0713b76a77284b5ba3b239b5da126029 - - default default] Method 'is_advsvc' is deprecated since 2023.2 release (neutron-lib 3.8.0) and will be removed once support for the old RBAC API policies will be removed from Neutron. Please use method 'is_service_role' instead.
2026-03-31 06:10:39.153 9 INFO neutron.wsgi [None req-624d8ba7-82be-46d5-abcc-3b5cafeeb466 8cdfac408e384c9b9e718abb03c7b82f 31bb2eebedd148378654d4e2655054c8 - - default default] 10.0.0.150 "GET /v2.0/ HTTP/1.1" status: 200 len: 826 time: 0.1612244
2026-03-31 06:10:39.264 10 INFO neutron.db.ovn_revision_numbers_db [None req-37f43b5b-e890-4655-8862-70f2003430ba f76343b010ec4cdbb6f2455f182cd344 0713b76a77284b5ba3b239b5da126029 - - default default] Successfully bumped revision number for resource aef75101-7a51-49fa-9d0c-f64d91b388c8 (type: routers) to 1
2026-03-31 06:10:39.281 10 INFO neutron.wsgi [None req-37f43b5b-e890-4655-8862-70f2003430ba f76343b010ec4cdbb6f2455f182cd344 0713b76a77284b5ba3b239b5da126029 - - default default] 10.0.0.150 "POST /v2.0/routers HTTP/1.1" status: 201 len: 769 time: 0.3156388
2026-03-31 06:10:39.294 9 WARNING neutron_lib.context [None req-8fd02697-ee16-4769-953f-0b2d5127bf4a f76343b010ec4cdbb6f2455f182cd344 0713b76a77284b5ba3b239b5da126029 - - default default] Method 'is_advsvc' is deprecated since 2023.2 release (neutron-lib 3.8.0) and will be removed once support for the old RBAC API policies will be removed from Neutron. Please use method 'is_service_role' instead.
2026-03-31 06:10:39.464 9 INFO neutron.db.ovn_revision_numbers_db [None req-8fd02697-ee16-4769-953f-0b2d5127bf4a f76343b010ec4cdbb6f2455f182cd344 0713b76a77284b5ba3b239b5da126029 - - default default] Successfully bumped revision number for resource c0a548e7-76ab-4d59-970a-8424eb3633cc (type: routers) to 1
2026-03-31 06:10:39.483 9 INFO neutron.wsgi [None req-8fd02697-ee16-4769-953f-0b2d5127bf4a f76343b010ec4cdbb6f2455f182cd344 0713b76a77284b5ba3b239b5da126029 - - default default] 10.0.0.150 "POST /v2.0/routers HTTP/1.1" status: 201 len: 769 time: 0.1965177
2026-03-31 06:10:39.497 10 WARNING neutron_lib.context [None req-3262efcf-e39c-4a5f-8118-3bcd5fda5668 f76343b010ec4cdbb6f2455f182cd344 0713b76a77284b5ba3b239b5da126029 - - default default] Method 'is_advsvc' is deprecated since 2023.2 release (neutron-lib 3.8.0) and will be removed once support for the old RBAC API policies will be removed from Neutron. Please use method 'is_service_role' instead.
2026-03-31 06:10:39.551 9 WARNING neutron.plugins.ml2.drivers.ovn.mech_driver.ovsdb.ovn_client [None req-030bbb55-b044-41b5-b59e-7f1ab0a84184 - - - - - -] No port found with ID b476380e-3489-43ac-b8e8-5a91e15fa5b3: RuntimeError: No port found with ID b476380e-3489-43ac-b8e8-5a91e15fa5b3
2026-03-31 06:10:39.552 9 INFO neutron.plugins.ml2.drivers.ovn.mech_driver.mech_driver [None req-030bbb55-b044-41b5-b59e-7f1ab0a84184 - - - - - -] OVN reports status down for port: 172ac80a-88fe-4dbf-9e55-cce06c86cc4f
2026-03-31 06:10:39.632 10 INFO neutron.db.ovn_revision_numbers_db [None req-3262efcf-e39c-4a5f-8118-3bcd5fda5668 f76343b010ec4cdbb6f2455f182cd344 0713b76a77284b5ba3b239b5da126029 - - default default] Successfully bumped revision number for resource 8cef1dd9-bc8f-4260-b534-22e23e88a5c4 (type: routers) to 1
2026-03-31 06:10:39.651 10 INFO neutron.wsgi [None req-3262efcf-e39c-4a5f-8118-3bcd5fda5668 f76343b010ec4cdbb6f2455f182cd344 0713b76a77284b5ba3b239b5da126029 - - default default] 10.0.0.150 "POST /v2.0/routers HTTP/1.1" status: 201 len: 769 time: 0.1620247
2026-03-31 06:10:39.668 10 WARNING neutron_lib.context [None req-3d8e839a-4b81-41c8-b561-d60609d6795f f76343b010ec4cdbb6f2455f182cd344 0713b76a77284b5ba3b239b5da126029 - - default default] Method 'is_advsvc' is deprecated since 2023.2 release (neutron-lib 3.8.0) and will be removed once support for the old RBAC API policies will be removed from Neutron. Please use method 'is_service_role' instead.
2026-03-31 06:10:39.804 10 INFO neutron.db.ovn_revision_numbers_db [None req-3d8e839a-4b81-41c8-b561-d60609d6795f f76343b010ec4cdbb6f2455f182cd344 0713b76a77284b5ba3b239b5da126029 - - default default] Successfully bumped revision number for resource 9e573742-adbc-48b5-8718-e7e39f8fc707 (type: routers) to 1
2026-03-31 06:10:39.825 10 INFO neutron.wsgi [None req-3d8e839a-4b81-41c8-b561-d60609d6795f f76343b010ec4cdbb6f2455f182cd344 0713b76a77284b5ba3b239b5da126029 - - default default] 10.0.0.150 "POST /v2.0/routers HTTP/1.1" status: 201 len: 769 time: 0.1642110
2026-03-31 06:10:39.838 9 WARNING neutron_lib.context [None req-80b414b9-ea05-4671-9faa-fe3058c8b68c f76343b010ec4cdbb6f2455f182cd344 0713b76a77284b5ba3b239b5da126029 - - default default] Method 'is_advsvc' is deprecated since 2023.2 release (neutron-lib 3.8.0) and will be removed once support for the old RBAC API policies will be removed from Neutron. Please use method 'is_service_role' instead.
2026-03-31 06:10:40.058 9 INFO neutron.db.ovn_revision_numbers_db [None req-80b414b9-ea05-4671-9faa-fe3058c8b68c f76343b010ec4cdbb6f2455f182cd344 0713b76a77284b5ba3b239b5da126029 - - default default] Successfully bumped revision number for resource fcbed7d6-0415-4b57-b133-633c1417e875 (type: routers) to 1
2026-03-31 06:10:40.070 10 INFO neutron.db.ovn_revision_numbers_db [None req-cccc2088-1ff4-4762-9092-db4a87c553d5 805bb2134d174bffb3dd348f04c0a4bc ea3b4cf9758c4a568bbbbb89a380be48 - - default default] Successfully bumped revision number for resource e7732ed7-7a7a-4a7f-8115-294789177363 (type: security_groups) to 1
2026-03-31 06:10:40.081 9 INFO neutron.wsgi [None req-80b414b9-ea05-4671-9faa-fe3058c8b68c f76343b010ec4cdbb6f2455f182cd344 0713b76a77284b5ba3b239b5da126029 - - default default] 10.0.0.150 "POST /v2.0/routers HTTP/1.1" status: 201 len: 769 time: 0.2507560
2026-03-31 06:10:40.101 10 INFO neutron.db.ovn_revision_numbers_db [None req-cccc2088-1ff4-4762-9092-db4a87c553d5 805bb2134d174bffb3dd348f04c0a4bc ea3b4cf9758c4a568bbbbb89a380be48 - - default default] Successfully bumped revision number for resource 0cb7b072-1422-4349-b4be-101ab26e2d0d (type: security_group_rules) to 0
2026-03-31 06:10:40.139 10 INFO neutron.db.ovn_revision_numbers_db [None req-e0132a52-5944-4c05-9e81-70f3a3cc64c6 805bb2134d174bffb3dd348f04c0a4bc ea3b4cf9758c4a568bbbbb89a380be48 - - default default] Successfully bumped revision number for resource de89055e-bdb0-4468-ab18-09ebac67217f (type: security_groups) to 1
2026-03-31 06:10:40.162 10 INFO neutron.db.ovn_revision_numbers_db [None req-cccc2088-1ff4-4762-9092-db4a87c553d5 805bb2134d174bffb3dd348f04c0a4bc ea3b4cf9758c4a568bbbbb89a380be48 - - default default] Successfully bumped revision number for resource 9ba5cce1-ce87-457c-8244-33e8d4ba248a (type: security_group_rules) to 0
2026-03-31 06:10:40.184 10 INFO neutron.wsgi [None req-5c488df7-3b53-479b-a356-7cdf77242952 f76343b010ec4cdbb6f2455f182cd344 0713b76a77284b5ba3b239b5da126029 - - default default] 10.0.0.150 "PUT /v2.0/routers/aef75101-7a51-49fa-9d0c-f64d91b388c8/tags HTTP/1.1" status: 200 len: 210 time: 0.0959620
2026-03-31 06:10:40.185 10 INFO neutron.db.ovn_revision_numbers_db [None req-e0132a52-5944-4c05-9e81-70f3a3cc64c6 805bb2134d174bffb3dd348f04c0a4bc ea3b4cf9758c4a568bbbbb89a380be48 - - default default] Successfully bumped revision number for resource 29d64cc8-03ee-459d-8b10-5b52b3b730ac (type: security_group_rules) to 0
2026-03-31 06:10:40.185 10 INFO neutron.db.ovn_revision_numbers_db [None req-cccc2088-1ff4-4762-9092-db4a87c553d5 805bb2134d174bffb3dd348f04c0a4bc ea3b4cf9758c4a568bbbbb89a380be48 - - default default] Successfully bumped revision number for resource ba541302-cc47-4ae5-9415-d8f74010acf5 (type: security_group_rules) to 0
2026-03-31 06:10:40.201 10 INFO neutron.db.ovn_revision_numbers_db [None req-e0132a52-5944-4c05-9e81-70f3a3cc64c6 805bb2134d174bffb3dd348f04c0a4bc ea3b4cf9758c4a568bbbbb89a380be48 - - default default] Successfully bumped revision number for resource 32a1ceda-7fe1-4ff7-baf4-2e5de1645cbd (type: security_group_rules) to 0
2026-03-31 06:10:40.205 10 INFO neutron.db.ovn_revision_numbers_db [None req-cccc2088-1ff4-4762-9092-db4a87c553d5 805bb2134d174bffb3dd348f04c0a4bc ea3b4cf9758c4a568bbbbb89a380be48 - - default default] Successfully bumped revision number for resource ce060fcb-bc18-479d-8783-844d20d963c9 (type: security_group_rules) to 0
2026-03-31 06:10:40.232 10 INFO neutron.wsgi [None req-cccc2088-1ff4-4762-9092-db4a87c553d5 805bb2134d174bffb3dd348f04c0a4bc ea3b4cf9758c4a568bbbbb89a380be48 - - default default] 10.0.0.150 "GET /v2.0/security-groups?tenant_id=31bb2eebedd148378654d4e2655054c8&name=default HTTP/1.1" status: 200 len: 3120 time: 0.5280986
2026-03-31 06:10:40.234 10 INFO neutron.db.ovn_revision_numbers_db [None req-e0132a52-5944-4c05-9e81-70f3a3cc64c6 805bb2134d174bffb3dd348f04c0a4bc ea3b4cf9758c4a568bbbbb89a380be48 - - default default] Successfully bumped revision number for resource 3b653a8b-b16d-41f1-b3ef-329987effe95 (type: security_group_rules) to 0
2026-03-31 06:10:40.261 10 INFO neutron.db.ovn_revision_numbers_db [None req-e0132a52-5944-4c05-9e81-70f3a3cc64c6 805bb2134d174bffb3dd348f04c0a4bc ea3b4cf9758c4a568bbbbb89a380be48 - - default default] Successfully bumped revision number for resource 9a915bb5-1c89-4f28-914e-e45ba8ab54c3 (type: security_group_rules) to 0
2026-03-31 06:10:40.286 10 INFO neutron.wsgi [None req-e0132a52-5944-4c05-9e81-70f3a3cc64c6 805bb2134d174bffb3dd348f04c0a4bc ea3b4cf9758c4a568bbbbb89a380be48 - - default default] 10.0.0.150 "GET /v2.0/security-groups?tenant_id=0f887b2431694fbf8d28e2c280b94190&name=default HTTP/1.1" status: 200 len: 3120 time: 0.4563272
2026-03-31 06:10:40.286 9 INFO neutron.wsgi [None req-64da62e3-b154-4684-a4ac-40fb2aa4d804 f76343b010ec4cdbb6f2455f182cd344 0713b76a77284b5ba3b239b5da126029 - - default default] 10.0.0.150 "PUT /v2.0/routers/c0a548e7-76ab-4d59-970a-8424eb3633cc/tags HTTP/1.1" status: 200 len: 218 time: 0.0957675
2026-03-31 06:10:40.416 10 INFO neutron.wsgi [None req-740e5d4c-a35e-42c0-ba92-775fafc6a4ea f76343b010ec4cdbb6f2455f182cd344 0713b76a77284b5ba3b239b5da126029 - - default default] 10.0.0.150 "PUT /v2.0/routers/8cef1dd9-bc8f-4260-b534-22e23e88a5c4/tags HTTP/1.1" status: 200 len: 227 time: 0.1214752
2026-03-31 06:10:40.516 10 INFO neutron.wsgi [None req-2ff3c892-842e-4278-92f8-57ca3f9f3d5a f76343b010ec4cdbb6f2455f182cd344 0713b76a77284b5ba3b239b5da126029 - - default default] 10.0.0.150 "PUT /v2.0/routers/9e573742-adbc-48b5-8718-e7e39f8fc707/tags HTTP/1.1" status: 200 len: 212 time: 0.0921481
2026-03-31 06:10:40.641 10 INFO neutron.wsgi [None req-5f5ad484-ccfe-4760-bc52-e908848fe70d f76343b010ec4cdbb6f2455f182cd344 0713b76a77284b5ba3b239b5da126029 - - default default] 10.0.0.150 "GET /v2.0/routers?tags=red HTTP/1.1" status: 200 len: 1946 time: 0.1170697
2026-03-31 06:10:40.683 9 INFO neutron.wsgi [None req-fb92c3df-2f0a-4f2a-8c20-a35df2519583 805bb2134d174bffb3dd348f04c0a4bc ea3b4cf9758c4a568bbbbb89a380be48 - - default default] 10.0.0.150 "PUT /v2.0/routers/9694bda6-0500-405e-bcfb-5516d09093c9/remove_router_interface HTTP/1.1" status: 200 len: 503 time: 1.5786946 /var/lib/openstack/lib/python3.10/site-packages/pycadf/identifier.py:71: UserWarning: Invalid uuid: neutron. To ensure interoperability, identifiers should be a valid uuid. warnings.warn(('Invalid uuid: %s. To ensure interoperability, '
2026-03-31 06:10:41.034 10 INFO neutron.wsgi [None req-19883034-2c90-4bea-9d5c-93a645a17285 f76343b010ec4cdbb6f2455f182cd344 0713b76a77284b5ba3b239b5da126029 - - default default] 10.0.0.150 "GET /v2.0/routers?tags=red%2Cblue HTTP/1.1" status: 200 len: 1375 time: 0.3833263
2026-03-31 06:10:41.083 10 INFO neutron.wsgi [None req-1b43a89a-f028-40c6-a36b-fc91c5991d65 805bb2134d174bffb3dd348f04c0a4bc ea3b4cf9758c4a568bbbbb89a380be48 - - default default] 10.0.0.150 "DELETE /v2.0/security-groups/e7732ed7-7a7a-4a7f-8115-294789177363 HTTP/1.1" status: 204 len: 168 time: 0.8461573
2026-03-31 06:10:41.125 10 INFO neutron.wsgi [None req-7982a3de-2db7-40ff-bed6-0c86f40b776d 805bb2134d174bffb3dd348f04c0a4bc ea3b4cf9758c4a568bbbbb89a380be48 - - default default] 10.0.0.150 "DELETE /v2.0/security-groups/de89055e-bdb0-4468-ab18-09ebac67217f HTTP/1.1" status: 204 len: 168 time: 0.8314967
2026-03-31 06:10:41.157 9 INFO neutron.wsgi [None req-f5132034-c603-4d77-8d6c-5fb819ca7935 f76343b010ec4cdbb6f2455f182cd344 0713b76a77284b5ba3b239b5da126029 - - default default] 10.0.0.150 "GET /v2.0/routers?tags-any=blue HTTP/1.1" status: 200 len: 1375 time: 0.1166601
2026-03-31 06:10:41.243 9 INFO neutron.wsgi [None req-a076d485-7456-4eac-9837-e579322f29d7 f76343b010ec4cdbb6f2455f182cd344 0713b76a77284b5ba3b239b5da126029 - - default default] 10.0.0.150 "GET /v2.0/routers?tags-any=red%2Cblue HTTP/1.1" status: 200 len: 1946 time: 0.0807974
2026-03-31 06:10:41.339 10 INFO neutron.wsgi [None req-ea13dbf6-9aa2-4b4c-b240-65224b853dd1 f76343b010ec4cdbb6f2455f182cd344 0713b76a77284b5ba3b239b5da126029 - - default default] 10.0.0.150 "GET /v2.0/routers?not-tags=red HTTP/1.1" status: 200 len: 1347 time: 0.0892987
2026-03-31 06:10:41.437 10 INFO neutron.wsgi [None req-9344e7dd-5138-421a-9af2-9c5fd83d93fb f76343b010ec4cdbb6f2455f182cd344 0713b76a77284b5ba3b239b5da126029 - - default default] 10.0.0.150 "GET /v2.0/routers?not-tags=red%2Cblue HTTP/1.1" status: 200 len: 1918 time: 0.0929477
2026-03-31 06:10:41.535 10 INFO neutron.wsgi [None req-01950ed4-b03a-48e2-b2f2-3eacfcf1563d f76343b010ec4cdbb6f2455f182cd344 0713b76a77284b5ba3b239b5da126029 - - default default] 10.0.0.150 "GET /v2.0/routers?not-tags-any=blue HTTP/1.1" status: 200 len: 1918 time: 0.0950520
2026-03-31 06:10:41.607 10 INFO neutron.wsgi [None req-0caf318f-c48b-4181-bb61-d67fc5ba4280 f76343b010ec4cdbb6f2455f182cd344 0713b76a77284b5ba3b239b5da126029 - - default default] 10.0.0.150 "GET /v2.0/routers?not-tags-any=red%2Cblue HTTP/1.1" status: 200 len: 1347 time: 0.0661476
2026-03-31 06:10:41.670 10 INFO neutron.wsgi [None req-bc844689-4359-4df8-bf44-55013f1f1d27 f76343b010ec4cdbb6f2455f182cd344 0713b76a77284b5ba3b239b5da126029 - - default default] 10.0.0.150 "GET /v2.0/routers/aef75101-7a51-49fa-9d0c-f64d91b388c8 HTTP/1.1" status: 200 len: 775 time: 0.0584340
2026-03-31 06:10:41.812 9 INFO neutron.wsgi [None req-5ece7dc8-add9-4938-879e-71f3f86429a8 805bb2134d174bffb3dd348f04c0a4bc ea3b4cf9758c4a568bbbbb89a380be48 - - default default] 10.0.0.150 "DELETE /v2.0/routers/9694bda6-0500-405e-bcfb-5516d09093c9 HTTP/1.1" status: 204 len: 168 time: 1.1241598
2026-03-31 06:10:42.212 10 INFO neutron.db.ovn_revision_numbers_db [None req-58d731ec-3246-4c06-9fcc-fa9291298d5a f76343b010ec4cdbb6f2455f182cd344 0713b76a77284b5ba3b239b5da126029 - - default default] Successfully bumped revision number for resource aef75101-7a51-49fa-9d0c-f64d91b388c8 (type: routers) to 2
2026-03-31 06:10:42.220 10 INFO neutron.wsgi [None req-58d731ec-3246-4c06-9fcc-fa9291298d5a f76343b010ec4cdbb6f2455f182cd344 0713b76a77284b5ba3b239b5da126029 - - default default] 10.0.0.150 "PUT /v2.0/routers/aef75101-7a51-49fa-9d0c-f64d91b388c8 HTTP/1.1" status: 200 len: 775 time: 0.5436115
2026-03-31 06:10:42.230 10 INFO neutron.wsgi [None req-feb1d8c1-8d3e-4c1a-8e11-140a51db2125 805bb2134d174bffb3dd348f04c0a4bc ea3b4cf9758c4a568bbbbb89a380be48 - - default default] 10.0.0.150 "DELETE /v2.0/subnets/90161ae3-6245-4529-a8f7-6b8dd7f7a5a2 HTTP/1.1" status: 204 len: 168 time: 0.4142816
2026-03-31 06:10:42.249 9 INFO neutron.wsgi [None req-6d8a6336-03df-441d-a883-818a49c75893 f76343b010ec4cdbb6f2455f182cd344 0713b76a77284b5ba3b239b5da126029 - - default default] 10.0.0.150 "GET /v2.0/ports?device_id=aef75101-7a51-49fa-9d0c-f64d91b388c8 HTTP/1.1" status: 200 len: 205 time: 0.0233212
2026-03-31 06:10:42.555 9 INFO neutron.wsgi [None req-1e97ef47-33ef-4b0c-aee4-16b71369f853 f76343b010ec4cdbb6f2455f182cd344 0713b76a77284b5ba3b239b5da126029 - - default default] 10.0.0.150 "DELETE /v2.0/routers/aef75101-7a51-49fa-9d0c-f64d91b388c8 HTTP/1.1" status: 204 len: 168 time: 0.2994282
2026-03-31 06:10:42.616 10 INFO neutron.services.segments.plugin [-] Segment 48dc330d-1351-4c55-a062-d3a86bf13993 resource provider aggregate not found
2026-03-31 06:10:42.619 9 INFO neutron.wsgi [None req-2b17620e-c4a8-4372-b2e9-aab0f4caee64 f76343b010ec4cdbb6f2455f182cd344 0713b76a77284b5ba3b239b5da126029 - - default default] 10.0.0.150 "GET /v2.0/routers/c0a548e7-76ab-4d59-970a-8424eb3633cc HTTP/1.1" status: 200 len: 783 time: 0.0584383
2026-03-31 06:10:42.623 10 INFO neutron.services.segments.plugin [-] Segment 48dc330d-1351-4c55-a062-d3a86bf13993 resource provider aggregate not found
2026-03-31 06:10:42.643 10 INFO neutron.services.segments.plugin [-] Segment 48dc330d-1351-4c55-a062-d3a86bf13993 resource provider not found; error: Placement Client Error (4xx): {"errors": [{"status": 404, "title": "Not Found", "detail": "The resource could not be found.\n\n No resource provider with uuid 48dc330d-1351-4c55-a062-d3a86bf13993 found for delete ", "request_id": "req-c9a8fa4e-1fa3-4527-83f1-b4fdc7e79b8b"}]}
2026-03-31 06:10:42.646 10 INFO neutron.services.segments.plugin [-] Segment 48dc330d-1351-4c55-a062-d3a86bf13993 resource provider not found; error: Placement Client Error (4xx): {"errors": [{"status": 404, "title": "Not Found", "detail": "The resource could not be found.\n\n No resource provider with uuid 48dc330d-1351-4c55-a062-d3a86bf13993 found for delete ", "request_id": "req-cf1128e5-00a2-404a-8d07-bc626ca7682c"}]}
2026-03-31 06:10:42.654 10 INFO neutron.wsgi [None req-4e630e59-82dc-4812-bcad-5a97c25f3f9b 805bb2134d174bffb3dd348f04c0a4bc ea3b4cf9758c4a568bbbbb89a380be48 - - default default] 10.0.0.150 "DELETE /v2.0/networks/85d70d42-19fb-4d02-b341-603e1055c83b HTTP/1.1" status: 204 len: 168 time: 0.4200490
2026-03-31 06:10:42.906 10 INFO neutron.wsgi [None req-7662069e-da10-48cd-9175-7b81aa6b47b0 805bb2134d174bffb3dd348f04c0a4bc ea3b4cf9758c4a568bbbbb89a380be48 - - default default] 10.0.0.150 "GET /v2.0/security-groups?tenant_id=74c551e2a47f4358ba49255aee662e66&name=default HTTP/1.1" status: 200 len: 3120 time: 0.0451102
2026-03-31 06:10:43.145 10 INFO neutron.wsgi [None req-5be64a69-53b1-4559-b52e-9aba16d9bb7f 805bb2134d174bffb3dd348f04c0a4bc ea3b4cf9758c4a568bbbbb89a380be48 - - default default] 10.0.0.150 "DELETE /v2.0/security-groups/1479cc24-7b94-4b07-9dbb-282a71edae8e HTTP/1.1" status: 204 len: 168 time: 0.2332056
2026-03-31 06:10:43.172 10 WARNING neutron_lib.context [None req-7a9fa6a0-111b-4a68-af68-10345c394c26 eef06c56c0e6461aad998f52a5bb9070 78a23fd4d5494a6fb48f0fa33886bca4 - - default default] Method 'is_advsvc' is deprecated since 2023.2 release (neutron-lib 3.8.0) and will be removed once support for the old RBAC API policies will be removed from Neutron. Please use method 'is_service_role' instead.
2026-03-31 06:10:43.316 9 INFO neutron.db.ovn_revision_numbers_db [None req-012a513a-b6b5-44a2-a6c2-4acf02141057 f76343b010ec4cdbb6f2455f182cd344 0713b76a77284b5ba3b239b5da126029 - - default default] Successfully bumped revision number for resource c0a548e7-76ab-4d59-970a-8424eb3633cc (type: routers) to 2
2026-03-31 06:10:43.324 9 INFO neutron.wsgi [None req-012a513a-b6b5-44a2-a6c2-4acf02141057 f76343b010ec4cdbb6f2455f182cd344 0713b76a77284b5ba3b239b5da126029 - - default default] 10.0.0.150 "PUT /v2.0/routers/c0a548e7-76ab-4d59-970a-8424eb3633cc HTTP/1.1" status: 200 len: 783 time: 0.6993196
2026-03-31 06:10:43.333 10 INFO neutron.db.ovn_revision_numbers_db [None req-7a9fa6a0-111b-4a68-af68-10345c394c26 eef06c56c0e6461aad998f52a5bb9070 78a23fd4d5494a6fb48f0fa33886bca4 - - default default] Successfully bumped revision number for resource 5b5ca785-beba-49fc-977a-38d4fd1ea909 (type: security_groups) to 1
2026-03-31 06:10:43.349 10 INFO neutron.db.ovn_revision_numbers_db [None req-7a9fa6a0-111b-4a68-af68-10345c394c26 eef06c56c0e6461aad998f52a5bb9070 78a23fd4d5494a6fb48f0fa33886bca4 - - default default] Successfully bumped revision number for resource 25f81415-b1a2-474a-8d0b-c698f723bce3 (type: security_group_rules) to 0
2026-03-31 06:10:43.350 9 INFO neutron.wsgi [None req-fd809284-15ea-48e3-8a39-95e64331d64d f76343b010ec4cdbb6f2455f182cd344 0713b76a77284b5ba3b239b5da126029 - - default default] 10.0.0.150 "GET /v2.0/ports?device_id=c0a548e7-76ab-4d59-970a-8424eb3633cc HTTP/1.1" status: 200 len: 205 time: 0.0204380
2026-03-31 06:10:43.367 10 INFO neutron.db.ovn_revision_numbers_db [None req-7a9fa6a0-111b-4a68-af68-10345c394c26 eef06c56c0e6461aad998f52a5bb9070 78a23fd4d5494a6fb48f0fa33886bca4 - - default default] Successfully bumped revision number for resource af5f73a5-5419-471f-a85b-d959a737b05e (type: security_group_rules) to 0
2026-03-31 06:10:43.387 10 INFO neutron.db.ovn_revision_numbers_db [None req-7a9fa6a0-111b-4a68-af68-10345c394c26 eef06c56c0e6461aad998f52a5bb9070 78a23fd4d5494a6fb48f0fa33886bca4 - - default default] Successfully bumped revision number for resource e5cc232d-15ba-486c-a13f-6e717288b86b (type: security_group_rules) to 0
2026-03-31 06:10:43.405 10 INFO neutron.db.ovn_revision_numbers_db [None req-7a9fa6a0-111b-4a68-af68-10345c394c26 eef06c56c0e6461aad998f52a5bb9070 78a23fd4d5494a6fb48f0fa33886bca4 - - default default] Successfully bumped revision number for resource eb98b95d-16ed-4afd-a1b4-92f218085de0 (type: security_group_rules) to 0
2026-03-31 06:10:43.460 10 INFO neutron.db.segments_db [None req-7a9fa6a0-111b-4a68-af68-10345c394c26 eef06c56c0e6461aad998f52a5bb9070 78a23fd4d5494a6fb48f0fa33886bca4 - - default default] Added segment a903c33c-b011-4b70-b9e3-44200bf07d84 of type geneve for network 29f89273-c0e9-43d0-b4eb-1c59cab3de13
2026-03-31 06:10:43.651 10 INFO neutron.db.ovn_revision_numbers_db [None req-7a9fa6a0-111b-4a68-af68-10345c394c26 eef06c56c0e6461aad998f52a5bb9070 78a23fd4d5494a6fb48f0fa33886bca4 - - default default] Successfully bumped revision number for resource 29f89273-c0e9-43d0-b4eb-1c59cab3de13 (type: networks) to 1
2026-03-31 06:10:43.659 9 INFO neutron.wsgi [None req-333b6708-07f1-454e-9675-66f102b941f2 f76343b010ec4cdbb6f2455f182cd344 0713b76a77284b5ba3b239b5da126029 - - default default] 10.0.0.150 "DELETE /v2.0/routers/c0a548e7-76ab-4d59-970a-8424eb3633cc HTTP/1.1" status: 204 len: 168 time: 0.3042729
2026-03-31 06:10:43.730 10 INFO neutron.wsgi [None req-0fb87f7f-5116-4f46-a729-5fd863985781 f76343b010ec4cdbb6f2455f182cd344 0713b76a77284b5ba3b239b5da126029 - - default default] 10.0.0.150 "GET /v2.0/routers/8cef1dd9-bc8f-4260-b534-22e23e88a5c4 HTTP/1.1" status: 200 len: 792 time: 0.0632155
2026-03-31 06:10:44.280 10 WARNING neutron.scheduler.dhcp_agent_scheduler [None req-7a9fa6a0-111b-4a68-af68-10345c394c26 eef06c56c0e6461aad998f52a5bb9070 78a23fd4d5494a6fb48f0fa33886bca4 - - default default] No more DHCP agents
2026-03-31 06:10:44.287 10 WARNING neutron.api.rpc.agentnotifiers.dhcp_rpc_agent_api [None req-7a9fa6a0-111b-4a68-af68-10345c394c26 eef06c56c0e6461aad998f52a5bb9070 78a23fd4d5494a6fb48f0fa33886bca4 - - default default] Unable to schedule network 29f89273-c0e9-43d0-b4eb-1c59cab3de13: no agents available; will retry on subsequent port and subnet creation events.
2026-03-31 06:10:44.502 10 INFO neutron.db.ovn_revision_numbers_db [None req-0c162c51-23cf-43ff-a0df-dc355bdf2e3b f76343b010ec4cdbb6f2455f182cd344 0713b76a77284b5ba3b239b5da126029 - - default default] Successfully bumped revision number for resource 8cef1dd9-bc8f-4260-b534-22e23e88a5c4 (type: routers) to 2
2026-03-31 06:10:44.504 10 INFO neutron.db.ovn_revision_numbers_db [None req-7a9fa6a0-111b-4a68-af68-10345c394c26 eef06c56c0e6461aad998f52a5bb9070 78a23fd4d5494a6fb48f0fa33886bca4 - - default default] Successfully bumped revision number for resource 08d07ca9-5932-4875-becf-b4f5004bd9a2 (type: ports) to 1
2026-03-31 06:10:44.509 10 INFO neutron.wsgi [None req-0c162c51-23cf-43ff-a0df-dc355bdf2e3b f76343b010ec4cdbb6f2455f182cd344 0713b76a77284b5ba3b239b5da126029 - - default default] 10.0.0.150 "PUT /v2.0/routers/8cef1dd9-bc8f-4260-b534-22e23e88a5c4 HTTP/1.1" status: 200 len: 792 time: 0.7737982
2026-03-31 06:10:44.538 10 INFO neutron.wsgi [None req-7a9fa6a0-111b-4a68-af68-10345c394c26 eef06c56c0e6461aad998f52a5bb9070 78a23fd4d5494a6fb48f0fa33886bca4 - - default default] 10.0.0.150 "POST /v2.0/networks HTTP/1.1" status: 201 len: 849 time: 1.6012723
2026-03-31 06:10:44.550 9 INFO neutron.wsgi [None req-a684c440-f023-4995-8e57-b9cff6655bbc f76343b010ec4cdbb6f2455f182cd344 0713b76a77284b5ba3b239b5da126029 - - default default] 10.0.0.150 "GET /v2.0/ports?device_id=8cef1dd9-bc8f-4260-b534-22e23e88a5c4 HTTP/1.1" status: 200 len: 205 time: 0.0285575
2026-03-31 06:10:44.559 10 WARNING neutron_lib.context [None req-775f5c2c-cd3f-414c-9b45-2380388965b3 eef06c56c0e6461aad998f52a5bb9070 78a23fd4d5494a6fb48f0fa33886bca4 - - default default] Method 'is_advsvc' is deprecated since 2023.2 release (neutron-lib 3.8.0) and will be removed once support for the old RBAC API policies will be removed from Neutron. Please use method 'is_service_role' instead.
2026-03-31 06:10:44.900 10 WARNING neutron.scheduler.dhcp_agent_scheduler [None req-775f5c2c-cd3f-414c-9b45-2380388965b3 eef06c56c0e6461aad998f52a5bb9070 78a23fd4d5494a6fb48f0fa33886bca4 - - default default] No more DHCP agents
2026-03-31 06:10:44.901 10 WARNING neutron.api.rpc.agentnotifiers.dhcp_rpc_agent_api [None req-775f5c2c-cd3f-414c-9b45-2380388965b3 eef06c56c0e6461aad998f52a5bb9070 78a23fd4d5494a6fb48f0fa33886bca4 - - default default] Unable to schedule network 29f89273-c0e9-43d0-b4eb-1c59cab3de13: no agents available; will retry on subsequent port and subnet creation events.
2026-03-31 06:10:44.924 9 INFO neutron.wsgi [None req-601c1c64-5866-4fb0-9c56-eeb4e459ddb3 f76343b010ec4cdbb6f2455f182cd344 0713b76a77284b5ba3b239b5da126029 - - default default] 10.0.0.150 "DELETE /v2.0/routers/8cef1dd9-bc8f-4260-b534-22e23e88a5c4 HTTP/1.1" status: 204 len: 168 time: 0.3670826
2026-03-31 06:10:44.933 10 INFO neutron.db.ovn_revision_numbers_db [None req-775f5c2c-cd3f-414c-9b45-2380388965b3 eef06c56c0e6461aad998f52a5bb9070 78a23fd4d5494a6fb48f0fa33886bca4 - - default default] Successfully bumped revision number for resource 376be44e-a81b-406c-82c8-e859bc7249db (type: subnets) to 0
2026-03-31 06:10:44.979 10 INFO neutron.wsgi [None req-775f5c2c-cd3f-414c-9b45-2380388965b3 eef06c56c0e6461aad998f52a5bb9070 78a23fd4d5494a6fb48f0fa33886bca4 - - default default] 10.0.0.150 "POST /v2.0/subnets HTTP/1.1" status: 201 len: 802 time: 0.4296832
2026-03-31 06:10:44.990 9 WARNING neutron_lib.context [None req-fd69cf11-536a-404c-9f12-2e47445c3fcf eef06c56c0e6461aad998f52a5bb9070 78a23fd4d5494a6fb48f0fa33886bca4 - - default default] Method 'is_advsvc' is deprecated since 2023.2 release (neutron-lib 3.8.0) and will be removed once support for the old RBAC API policies will be removed from Neutron. Please use method 'is_service_role' instead.
2026-03-31 06:10:44.997 9 INFO neutron.wsgi [None req-59a7e1ac-775b-4173-8ce6-8ac4fa246a7a f76343b010ec4cdbb6f2455f182cd344 0713b76a77284b5ba3b239b5da126029 - - default default] 10.0.0.150 "GET /v2.0/routers/9e573742-adbc-48b5-8718-e7e39f8fc707 HTTP/1.1" status: 200 len: 777 time: 0.0689130
2026-03-31 06:10:45.478 10 INFO neutron.db.ovn_revision_numbers_db [None req-4f355351-7f4d-47a8-97f1-67a2a81577c4 f76343b010ec4cdbb6f2455f182cd344 0713b76a77284b5ba3b239b5da126029 - - default default] Successfully bumped revision number for resource 9e573742-adbc-48b5-8718-e7e39f8fc707 (type: routers) to 2
2026-03-31 06:10:45.485 10 INFO neutron.wsgi [None req-4f355351-7f4d-47a8-97f1-67a2a81577c4 f76343b010ec4cdbb6f2455f182cd344 0713b76a77284b5ba3b239b5da126029 - - default default] 10.0.0.150 "PUT /v2.0/routers/9e573742-adbc-48b5-8718-e7e39f8fc707 HTTP/1.1" status: 200 len: 777 time: 0.4786913
2026-03-31 06:10:45.510 10 INFO neutron.wsgi [None req-33bcfb2a-a07f-4744-90a4-d31f277a210b f76343b010ec4cdbb6f2455f182cd344 0713b76a77284b5ba3b239b5da126029 - - default default] 10.0.0.150 "GET /v2.0/ports?device_id=9e573742-adbc-48b5-8718-e7e39f8fc707 HTTP/1.1" status: 200 len: 205 time: 0.0195999
2026-03-31 06:10:45.852 9 INFO neutron.wsgi [None req-8b409bad-01a4-41e8-9241-a84f3209871a f76343b010ec4cdbb6f2455f182cd344 0713b76a77284b5ba3b239b5da126029 - - default default] 10.0.0.150 "DELETE /v2.0/routers/9e573742-adbc-48b5-8718-e7e39f8fc707 HTTP/1.1" status: 204 len: 168 time: 0.3342507
2026-03-31 06:10:45.913 9 INFO neutron.wsgi [None req-03c2e7d2-6d13-41a5-a4a1-4537a6a8b157 f76343b010ec4cdbb6f2455f182cd344 0713b76a77284b5ba3b239b5da126029 - - default default] 10.0.0.150 "GET /v2.0/routers/fcbed7d6-0415-4b57-b133-633c1417e875 HTTP/1.1" status: 200 len: 770 time: 0.0562243
2026-03-31 06:10:46.007 9 WARNING neutron.scheduler.dhcp_agent_scheduler [None req-fd69cf11-536a-404c-9f12-2e47445c3fcf eef06c56c0e6461aad998f52a5bb9070 78a23fd4d5494a6fb48f0fa33886bca4 - - default default] No more DHCP agents
2026-03-31 06:10:46.009 9 WARNING neutron.api.rpc.agentnotifiers.dhcp_rpc_agent_api [None req-fd69cf11-536a-404c-9f12-2e47445c3fcf eef06c56c0e6461aad998f52a5bb9070 78a23fd4d5494a6fb48f0fa33886bca4 - - default default] Unable to schedule network a06480ad-20a5-4a4c-9e66-78b05aafe665: no agents available; will retry on subsequent port and subnet creation events.
2026-03-31 06:10:46.213 9 INFO neutron.db.ovn_revision_numbers_db [None req-fd69cf11-536a-404c-9f12-2e47445c3fcf eef06c56c0e6461aad998f52a5bb9070 78a23fd4d5494a6fb48f0fa33886bca4 - - default default] Successfully bumped revision number for resource 8dbbcea0-3cb4-402c-93a0-946e7a335b29 (type: ports) to 1
2026-03-31 06:10:46.338 10 INFO neutron.wsgi [None req-e5c2b0b8-d700-4cb6-9ae6-92a32bd65dbd f76343b010ec4cdbb6f2455f182cd344 0713b76a77284b5ba3b239b5da126029 - - default default] 10.0.0.150 "PUT /v2.0/routers/fcbed7d6-0415-4b57-b133-633c1417e875 HTTP/1.1" status: 200 len: 770 time: 0.4176996
2026-03-31 06:10:46.363 10 INFO neutron.wsgi [None req-f4303e03-870d-4c95-ab3b-c203ad778bac f76343b010ec4cdbb6f2455f182cd344 0713b76a77284b5ba3b239b5da126029 - - default default] 10.0.0.150 "GET /v2.0/ports?device_id=fcbed7d6-0415-4b57-b133-633c1417e875 HTTP/1.1" status: 200 len: 205 time: 0.0206966
2026-03-31 06:10:46.450 10 INFO neutron.db.ovn_revision_numbers_db [None req-fa45f871-da24-4ad5-b3f4-3e3e4277dee4 805bb2134d174bffb3dd348f04c0a4bc ea3b4cf9758c4a568bbbbb89a380be48 - - default default] Successfully bumped revision number for resource 1466902c-ae89-4f4a-85a1-5bec3a887c13 (type: security_groups) to 1
2026-03-31 06:10:46.474 10 INFO neutron.db.ovn_revision_numbers_db [None req-fa45f871-da24-4ad5-b3f4-3e3e4277dee4 805bb2134d174bffb3dd348f04c0a4bc ea3b4cf9758c4a568bbbbb89a380be48 - - default default] Successfully bumped revision number for resource 581b019b-7c4d-445e-bd5d-37cea3c9f6f2 (type: security_group_rules) to 0
2026-03-31 06:10:46.491 10 INFO neutron.db.ovn_revision_numbers_db [None req-fa45f871-da24-4ad5-b3f4-3e3e4277dee4 805bb2134d174bffb3dd348f04c0a4bc ea3b4cf9758c4a568bbbbb89a380be48 - - default default] Successfully bumped revision number for resource 6ac325cb-e53d-49b6-8711-067b5ea6eda8 (type: security_group_rules) to 0
2026-03-31 06:10:46.510 10 INFO neutron.db.ovn_revision_numbers_db [None req-fa45f871-da24-4ad5-b3f4-3e3e4277dee4 805bb2134d174bffb3dd348f04c0a4bc ea3b4cf9758c4a568bbbbb89a380be48 - - default default] Successfully bumped revision number for resource 84215b3c-f299-45cb-ac86-bd8b2f33ed75 (type: security_group_rules) to 0
2026-03-31 06:10:46.530 10 INFO neutron.db.ovn_revision_numbers_db [None req-fa45f871-da24-4ad5-b3f4-3e3e4277dee4 805bb2134d174bffb3dd348f04c0a4bc ea3b4cf9758c4a568bbbbb89a380be48 - - default default] Successfully bumped revision number for resource bdecfdeb-a246-4b74-aeb9-46a7cfae972a (type: security_group_rules) to 0
2026-03-31 06:10:46.554 10 INFO neutron.wsgi [None req-fa45f871-da24-4ad5-b3f4-3e3e4277dee4 805bb2134d174bffb3dd348f04c0a4bc ea3b4cf9758c4a568bbbbb89a380be48 - - default default] 10.0.0.150 "GET /v2.0/security-groups?tenant_id=84e6993dbe3949c0ab8a002111749b2e&name=default HTTP/1.1" status: 200 len: 3120 time: 0.6031947
2026-03-31 06:10:46.645 10 WARNING neutron_lib.context [None req-5ac7a646-c662-452c-9ada-0add90f29997 f19babc591574c3a8757346bc29c9dc0 261cadf982c045f1adeeadcc807e529c - - default default] Method 'is_advsvc' is deprecated since 2023.2 release (neutron-lib 3.8.0) and will be removed once support for the old RBAC API policies will be removed from Neutron. Please use method 'is_service_role' instead.
2026-03-31 06:10:46.838 10 INFO neutron.db.ovn_revision_numbers_db [None req-5ac7a646-c662-452c-9ada-0add90f29997 f19babc591574c3a8757346bc29c9dc0 261cadf982c045f1adeeadcc807e529c - - default default] Successfully bumped revision number for resource 5b5acb87-2bda-4569-afe9-5b957d38c890 (type: security_groups) to 1
2026-03-31 06:10:46.855 10 INFO neutron.db.ovn_revision_numbers_db [None req-5ac7a646-c662-452c-9ada-0add90f29997 f19babc591574c3a8757346bc29c9dc0 261cadf982c045f1adeeadcc807e529c - - default default] Successfully bumped revision number for resource 0870a421-b6aa-4488-ab6a-b3a65e0a657e (type: security_group_rules) to 0
2026-03-31 06:10:46.860 10 INFO neutron.wsgi [None req-6c15eef0-18d8-4f0a-88e3-fa98cde87ee8 805bb2134d174bffb3dd348f04c0a4bc ea3b4cf9758c4a568bbbbb89a380be48 - - default default] 10.0.0.150 "DELETE /v2.0/security-groups/1466902c-ae89-4f4a-85a1-5bec3a887c13 HTTP/1.1" status: 204 len: 168 time: 0.3001270
2026-03-31 06:10:46.879 10 INFO neutron.db.ovn_revision_numbers_db [None req-5ac7a646-c662-452c-9ada-0add90f29997 f19babc591574c3a8757346bc29c9dc0 261cadf982c045f1adeeadcc807e529c - - default default] Successfully bumped revision number for resource 48d39873-bdd6-4bc9-a213-ca06c2402da9 (type: security_group_rules) to 0
2026-03-31 06:10:46.896 10 INFO neutron.db.ovn_revision_numbers_db [None req-5ac7a646-c662-452c-9ada-0add90f29997 f19babc591574c3a8757346bc29c9dc0 261cadf982c045f1adeeadcc807e529c - - default default] Successfully bumped revision number for resource 50a1d673-4a78-4069-b2f0-80f848dbb1e0 (type: security_group_rules) to 0
2026-03-31 06:10:46.912 10 INFO neutron.db.ovn_revision_numbers_db [None req-5ac7a646-c662-452c-9ada-0add90f29997 f19babc591574c3a8757346bc29c9dc0 261cadf982c045f1adeeadcc807e529c - - default default] Successfully bumped revision number for resource f112fdb9-3f78-4318-a040-97c67b856189 (type: security_group_rules) to 0
2026-03-31 06:10:46.969 10 INFO neutron.db.segments_db [None req-5ac7a646-c662-452c-9ada-0add90f29997 f19babc591574c3a8757346bc29c9dc0 261cadf982c045f1adeeadcc807e529c - - default default] Added segment ff914421-4037-4af5-819e-8994dfc70317 of type geneve for network 77d7603f-c7a5-431f-b1c7-422d7071014c
2026-03-31 06:10:46.980 9 INFO neutron.wsgi [None req-912d9065-7b89-4e8d-a847-3b1c7cb1c97a f76343b010ec4cdbb6f2455f182cd344 0713b76a77284b5ba3b239b5da126029 - - default default] 10.0.0.150 "DELETE /v2.0/routers/fcbed7d6-0415-4b57-b133-633c1417e875 HTTP/1.1" status: 204 len: 168 time: 0.6127126
2026-03-31 06:10:47.129 10 INFO neutron.db.ovn_revision_numbers_db [None req-5ac7a646-c662-452c-9ada-0add90f29997 f19babc591574c3a8757346bc29c9dc0 261cadf982c045f1adeeadcc807e529c - - default default] Successfully bumped revision number for resource 77d7603f-c7a5-431f-b1c7-422d7071014c (type: networks) to 1
2026-03-31 06:10:47.222 9 INFO neutron.db.ovn_revision_numbers_db [None req-8068f8e7-d2a2-46c0-8d50-dde884fcdb51 805bb2134d174bffb3dd348f04c0a4bc ea3b4cf9758c4a568bbbbb89a380be48 - - default default] Successfully bumped revision number for resource 63c23d73-6693-433c-a747-5ded7b59014d (type: security_groups) to 1
2026-03-31 06:10:47.248 9 INFO neutron.db.ovn_revision_numbers_db [None req-8068f8e7-d2a2-46c0-8d50-dde884fcdb51 805bb2134d174bffb3dd348f04c0a4bc ea3b4cf9758c4a568bbbbb89a380be48 - - default default] Successfully bumped revision number for resource 327f9293-0242-4f95-9689-ebb51421f3c7 (type: security_group_rules) to 0
2026-03-31 06:10:47.276 9 INFO neutron.db.ovn_revision_numbers_db [None req-8068f8e7-d2a2-46c0-8d50-dde884fcdb51 805bb2134d174bffb3dd348f04c0a4bc ea3b4cf9758c4a568bbbbb89a380be48 - - default default] Successfully bumped revision number for resource 53b923ab-127d-4a22-8e4e-05781c444285 (type: security_group_rules) to 0
2026-03-31 06:10:47.302 9 INFO neutron.db.ovn_revision_numbers_db [None req-8068f8e7-d2a2-46c0-8d50-dde884fcdb51 805bb2134d174bffb3dd348f04c0a4bc ea3b4cf9758c4a568bbbbb89a380be48 - - default default] Successfully bumped revision number for resource 5c938324-134c-40ee-aa2f-ba33de4d0522 (type: security_group_rules) to 0
2026-03-31 06:10:47.324 9 INFO neutron.db.ovn_revision_numbers_db [None req-8068f8e7-d2a2-46c0-8d50-dde884fcdb51 805bb2134d174bffb3dd348f04c0a4bc ea3b4cf9758c4a568bbbbb89a380be48 - - default default] Successfully bumped revision number for resource fad7527d-8487-4eff-8bc7-4ce633700fb0 (type: security_group_rules) to 0
2026-03-31 06:10:47.336 10 WARNING neutron.scheduler.dhcp_agent_scheduler [None req-5ac7a646-c662-452c-9ada-0add90f29997 f19babc591574c3a8757346bc29c9dc0 261cadf982c045f1adeeadcc807e529c - - default default] No more DHCP agents
2026-03-31 06:10:47.339 10 WARNING neutron.api.rpc.agentnotifiers.dhcp_rpc_agent_api [None req-5ac7a646-c662-452c-9ada-0add90f29997 f19babc591574c3a8757346bc29c9dc0 261cadf982c045f1adeeadcc807e529c - - default default] Unable to schedule network 77d7603f-c7a5-431f-b1c7-422d7071014c: no agents available; will retry on subsequent port and subnet creation events.
2026-03-31 06:10:47.351 9 INFO neutron.wsgi [None req-8068f8e7-d2a2-46c0-8d50-dde884fcdb51 805bb2134d174bffb3dd348f04c0a4bc ea3b4cf9758c4a568bbbbb89a380be48 - - default default] 10.0.0.150 "GET /v2.0/security-groups?tenant_id=c08f13b5ded0425bb686097f71de1778&name=default HTTP/1.1" status: 200 len: 3120 time: 0.3854625
2026-03-31 06:10:47.436 10 INFO neutron.db.ovn_revision_numbers_db [None req-5ac7a646-c662-452c-9ada-0add90f29997 f19babc591574c3a8757346bc29c9dc0 261cadf982c045f1adeeadcc807e529c - - default default] Successfully bumped revision number for resource 16739c6b-0964-45dc-8636-af44f66bfd3e (type: ports) to 1
2026-03-31 06:10:47.462 10 INFO neutron.wsgi [None req-5ac7a646-c662-452c-9ada-0add90f29997 f19babc591574c3a8757346bc29c9dc0 261cadf982c045f1adeeadcc807e529c - - default default] 10.0.0.150 "POST /v2.0/networks HTTP/1.1" status: 201 len: 831 time: 1.0022204
2026-03-31 06:10:47.474 10 WARNING neutron_lib.context [None req-32090fbe-7f94-4e65-a87d-453b5c331b7f f19babc591574c3a8757346bc29c9dc0 261cadf982c045f1adeeadcc807e529c - - default default] Method 'is_advsvc' is deprecated since 2023.2 release (neutron-lib 3.8.0) and will be removed once support for the old RBAC API policies will be removed from Neutron. Please use method 'is_service_role' instead.
2026-03-31 06:10:47.540 9 INFO neutron.plugins.ml2.drivers.ovn.mech_driver.ovsdb.commands [None req-d5bf4641-73a6-437e-946a-b2425304c856 - - - - - -] Schedule LRP lrp-8dbbcea0-3cb4-402c-93a0-946e7a335b29 on gateway e2b808ab-0a5c-4944-8f71-f16af0935e4f with priority 1
2026-03-31 06:10:47.553 9 INFO neutron.plugins.ml2.drivers.ovn.mech_driver.mech_driver [None req-030bbb55-b044-41b5-b59e-7f1ab0a84184 - - - - - -] OVN reports status up for port: 8dbbcea0-3cb4-402c-93a0-946e7a335b29
2026-03-31 06:10:47.574 9 INFO neutron.plugins.ml2.plugin [None req-030bbb55-b044-41b5-b59e-7f1ab0a84184 - - - - - -] Attempt 1 to provision port 8dbbcea0-3cb4-402c-93a0-946e7a335b29
2026-03-31 06:10:47.616 9 INFO neutron.db.ovn_revision_numbers_db [None req-fd69cf11-536a-404c-9f12-2e47445c3fcf eef06c56c0e6461aad998f52a5bb9070 78a23fd4d5494a6fb48f0fa33886bca4 - - default default] Successfully bumped revision number for resource 8dbbcea0-3cb4-402c-93a0-946e7a335b29 (type: router_ports) to 1
2026-03-31 06:10:47.745 9 INFO neutron.db.ovn_revision_numbers_db [None req-fd69cf11-536a-404c-9f12-2e47445c3fcf eef06c56c0e6461aad998f52a5bb9070 78a23fd4d5494a6fb48f0fa33886bca4 - - default default] Successfully bumped revision number for resource b3cc3d80-86b7-4446-8f8d-51cf3fec0a2d (type: routers) to 2
2026-03-31 06:10:47.770 9 INFO neutron.wsgi [None req-fd69cf11-536a-404c-9f12-2e47445c3fcf eef06c56c0e6461aad998f52a5bb9070 78a23fd4d5494a6fb48f0fa33886bca4 - - default default] 10.0.0.150 "POST /v2.0/routers HTTP/1.1" status: 201 len: 1153 time: 2.7843089
2026-03-31 06:10:47.812 9 INFO neutron.wsgi [None req-e17bb31d-6e9c-4702-88f9-60045263ae5f 805bb2134d174bffb3dd348f04c0a4bc ea3b4cf9758c4a568bbbbb89a380be48 - - default default] 10.0.0.150 "DELETE /v2.0/security-groups/63c23d73-6693-433c-a747-5ded7b59014d HTTP/1.1" status: 204 len: 168 time: 0.4534750
2026-03-31 06:10:48.346 10 WARNING neutron.scheduler.dhcp_agent_scheduler [None req-32090fbe-7f94-4e65-a87d-453b5c331b7f f19babc591574c3a8757346bc29c9dc0 261cadf982c045f1adeeadcc807e529c - - default default] No more DHCP agents
2026-03-31 06:10:48.355 10 WARNING neutron.api.rpc.agentnotifiers.dhcp_rpc_agent_api [None req-32090fbe-7f94-4e65-a87d-453b5c331b7f f19babc591574c3a8757346bc29c9dc0 261cadf982c045f1adeeadcc807e529c - - default default] Unable to schedule network a06480ad-20a5-4a4c-9e66-78b05aafe665: no agents available; will retry on subsequent port and subnet creation events.
2026-03-31 06:10:48.467 10 INFO neutron.db.ovn_revision_numbers_db [None req-3e2d0181-c872-4abe-9f3d-6aada41e616c 805bb2134d174bffb3dd348f04c0a4bc ea3b4cf9758c4a568bbbbb89a380be48 - - default default] Successfully bumped revision number for resource bd455994-2761-4d74-9816-5163562d9c5d (type: security_groups) to 1
2026-03-31 06:10:48.500 10 INFO neutron.db.ovn_revision_numbers_db [None req-3e2d0181-c872-4abe-9f3d-6aada41e616c 805bb2134d174bffb3dd348f04c0a4bc ea3b4cf9758c4a568bbbbb89a380be48 - - default default] Successfully bumped revision number for resource 52d32754-ba4e-45df-a25a-7287ae28d7a5 (type: security_group_rules) to 0
2026-03-31 06:10:48.512 9 WARNING neutron.scheduler.dhcp_agent_scheduler [None req-1d775c9f-fb30-445a-b507-8f896f24425a eef06c56c0e6461aad998f52a5bb9070 78a23fd4d5494a6fb48f0fa33886bca4 - - default default] No more DHCP agents
2026-03-31 06:10:48.514 9 WARNING neutron.api.rpc.agentnotifiers.dhcp_rpc_agent_api [None req-1d775c9f-fb30-445a-b507-8f896f24425a eef06c56c0e6461aad998f52a5bb9070 78a23fd4d5494a6fb48f0fa33886bca4 - - default default] Unable to schedule network 29f89273-c0e9-43d0-b4eb-1c59cab3de13: no agents available; will retry on subsequent port and subnet creation events.
2026-03-31 06:10:48.517 10 INFO neutron.db.ovn_revision_numbers_db [None req-3e2d0181-c872-4abe-9f3d-6aada41e616c 805bb2134d174bffb3dd348f04c0a4bc ea3b4cf9758c4a568bbbbb89a380be48 - - default default] Successfully bumped revision number for resource afde33b7-d45b-46e4-b7b0-0bffc638f9a6 (type: security_group_rules) to 0
2026-03-31 06:10:48.534 10 INFO neutron.db.ovn_revision_numbers_db [None req-3e2d0181-c872-4abe-9f3d-6aada41e616c 805bb2134d174bffb3dd348f04c0a4bc ea3b4cf9758c4a568bbbbb89a380be48 - - default default] Successfully bumped revision number for resource b8c7fe0b-1d70-4924-8457-c77b711c791a (type: security_group_rules) to 0
2026-03-31 06:10:48.575 10 INFO neutron.db.ovn_revision_numbers_db [None req-3e2d0181-c872-4abe-9f3d-6aada41e616c 805bb2134d174bffb3dd348f04c0a4bc ea3b4cf9758c4a568bbbbb89a380be48 - - default default] Successfully bumped revision number for resource be925d7b-9a3f-4926-aa6c-9eed1b7686c9 (type: security_group_rules) to 0
2026-03-31 06:10:48.616 10 INFO neutron.wsgi [None req-3e2d0181-c872-4abe-9f3d-6aada41e616c 805bb2134d174bffb3dd348f04c0a4bc ea3b4cf9758c4a568bbbbb89a380be48 - - default default] 10.0.0.150 "GET /v2.0/security-groups?tenant_id=0713b76a77284b5ba3b239b5da126029&name=default HTTP/1.1" status: 200 len: 3120 time: 0.7350948
2026-03-31 06:10:48.631 10 INFO neutron.db.ovn_revision_numbers_db [None req-32090fbe-7f94-4e65-a87d-453b5c331b7f f19babc591574c3a8757346bc29c9dc0 261cadf982c045f1adeeadcc807e529c - - default default] Successfully bumped revision number for resource 55f96bc3-c58f-4aa5-841c-63f6e7f2480d (type: ports) to 1
2026-03-31 06:10:48.768 9 INFO neutron.db.ovn_revision_numbers_db [None req-1d775c9f-fb30-445a-b507-8f896f24425a eef06c56c0e6461aad998f52a5bb9070 78a23fd4d5494a6fb48f0fa33886bca4 - - default default] Successfully bumped revision number for resource 8c9ec790-03d7-41eb-b5c2-e4f4d976495a (type: ports) to 1
2026-03-31 06:10:48.984 9 INFO neutron.wsgi [None req-1ee3bf55-5dc4-47b5-88ae-852e4db04670 805bb2134d174bffb3dd348f04c0a4bc ea3b4cf9758c4a568bbbbb89a380be48 - - default default] 10.0.0.150 "DELETE /v2.0/security-groups/bd455994-2761-4d74-9816-5163562d9c5d HTTP/1.1" status: 204 len: 168 time: 0.3619490
2026-03-31 06:10:49.267 10 INFO neutron.db.ovn_revision_numbers_db [None req-c93098fb-6ff9-4df6-af23-59a192872a06 805bb2134d174bffb3dd348f04c0a4bc ea3b4cf9758c4a568bbbbb89a380be48 - - default default] Successfully bumped revision number for resource 43b9b5c1-9588-4185-99da-ca385a83988f (type: security_groups) to 1
2026-03-31 06:10:49.300 10 INFO neutron.db.ovn_revision_numbers_db [None req-c93098fb-6ff9-4df6-af23-59a192872a06 805bb2134d174bffb3dd348f04c0a4bc ea3b4cf9758c4a568bbbbb89a380be48 - - default default] Successfully bumped revision number for resource 3967718e-da49-4deb-8702-89c261a0de34 (type: security_group_rules) to 0
2026-03-31 06:10:49.327 10 INFO neutron.db.ovn_revision_numbers_db [None req-c93098fb-6ff9-4df6-af23-59a192872a06 805bb2134d174bffb3dd348f04c0a4bc ea3b4cf9758c4a568bbbbb89a380be48 - - default default] Successfully bumped revision number for resource 50467eb9-1f43-48d6-b37d-0beee5e7bb31 (type: security_group_rules) to 0
2026-03-31 06:10:49.346 10 INFO neutron.db.ovn_revision_numbers_db [None req-c93098fb-6ff9-4df6-af23-59a192872a06 805bb2134d174bffb3dd348f04c0a4bc ea3b4cf9758c4a568bbbbb89a380be48 - - default default] Successfully bumped revision number for resource b5a47aeb-e623-4479-af81-c06d7e58daff (type: security_group_rules) to 0
2026-03-31 06:10:49.369 10 INFO neutron.db.ovn_revision_numbers_db [None req-c93098fb-6ff9-4df6-af23-59a192872a06 805bb2134d174bffb3dd348f04c0a4bc ea3b4cf9758c4a568bbbbb89a380be48 - - default default] Successfully bumped revision number for resource dfc672a1-4087-4a01-8bb5-d8e0b2e6cfc1 (type: security_group_rules) to 0
2026-03-31 06:10:49.400 10 INFO neutron.wsgi [None req-c93098fb-6ff9-4df6-af23-59a192872a06 805bb2134d174bffb3dd348f04c0a4bc ea3b4cf9758c4a568bbbbb89a380be48 - - default default] 10.0.0.150 "GET /v2.0/security-groups?tenant_id=9cb3948fe87b43cc94ca60c9c4ef55ee&name=default HTTP/1.1" status: 200 len: 3120 time: 0.3245664
2026-03-31 06:10:49.415 10 INFO neutron.plugins.ml2.drivers.ovn.mech_driver.ovsdb.commands [None req-ccfd4401-7ed7-442c-84fb-c8e53bf34020 - - - - - -] Schedule LRP lrp-55f96bc3-c58f-4aa5-841c-63f6e7f2480d on gateway e2b808ab-0a5c-4944-8f71-f16af0935e4f with priority 1
2026-03-31 06:10:49.424 10 INFO neutron.plugins.ml2.drivers.ovn.mech_driver.mech_driver [None req-e2f31618-046d-476a-a7ff-4884df1feeca - - - - - -] OVN reports status up for port: 55f96bc3-c58f-4aa5-841c-63f6e7f2480d
2026-03-31 06:10:49.434 10 INFO neutron.plugins.ml2.drivers.ovn.mech_driver.ovsdb.ovsdb_monitor [None req-8595c52e-ad65-4c82-a221-c5c38bacd897 - - - - - -] Router be5736e6-eddf-4995-ae7a-44f39a07d44e is bound to host instance
2026-03-31 06:10:49.460 9 ERROR ovsdbapp.backend.ovs_idl.command [None req-1d775c9f-fb30-445a-b507-8f896f24425a eef06c56c0e6461aad998f52a5bb9070 78a23fd4d5494a6fb48f0fa33886bca4 - - default default] Error executing command (DbGetCommand): ovsdbapp.backend.ovs_idl.idlutils.RowNotFound: Cannot find Logical_Router_Port with name=lrp-8c9ec790-03d7-41eb-b5c2-e4f4d976495a
2026-03-31 06:10:49.460 9 ERROR ovsdbapp.backend.ovs_idl.command
Traceback (most recent call last):
2026-03-31 06:10:49.460 9 ERROR ovsdbapp.backend.ovs_idl.command
File "/var/lib/openstack/lib/python3.10/site-packages/ovsdbapp/backend/ovs_idl/command.py", line 47, in execute
2026-03-31 06:10:49.460 9 ERROR ovsdbapp.backend.ovs_idl.command self.run_idl(None)
2026-03-31 06:10:49.460 9 ERROR ovsdbapp.backend.ovs_idl.command
File "/var/lib/openstack/lib/python3.10/site-packages/ovsdbapp/backend/ovs_idl/command.py", line 235, in run_idl
2026-03-31 06:10:49.460 9 ERROR ovsdbapp.backend.ovs_idl.command record = self.api.lookup(self.table, self.record)
2026-03-31 06:10:49.460 9 ERROR ovsdbapp.backend.ovs_idl.command
File "/var/lib/openstack/lib/python3.10/site-packages/ovsdbapp/backend/ovs_idl/__init__.py", line 184, in lookup
2026-03-31 06:10:49.460 9 ERROR ovsdbapp.backend.ovs_idl.command return self._lookup(table, record)
2026-03-31 06:10:49.460 9 ERROR ovsdbapp.backend.ovs_idl.command
