2026-03-31 06:10:57.633 10 INFO neutron.db.ovn_revision_numbers_db [None req-96ed765c-4eb2-42ac-b614-9bcbfcd4ed3c 805bb2134d174bffb3dd348f04c0a4bc ea3b4cf9758c4a568bbbbb89a380be48 - - default default] Successfully bumped revision number for resource 6781f8dd-de57-4c24-8776-0fb320c1f5df (type: security_group_rules) to 0
2026-03-31 06:10:57.645 9 INFO neutron.wsgi [None req-b3f01c4b-fefb-4f1b-b621-d563e2f05bfa d4ad0d8124a8489995e4ebccdf9af6ab 93d729f1f3944ab884b1baddc5e9d99e - - default default] 10.0.0.150 "PUT /v2.0/security-groups/a2b9f81a-6342-47ca-a681-0693df9f8b30/tags HTTP/1.1" status: 200 len: 227 time: 0.0557883
2026-03-31 06:10:57.659 10 INFO neutron.db.ovn_revision_numbers_db [None req-96ed765c-4eb2-42ac-b614-9bcbfcd4ed3c 805bb2134d174bffb3dd348f04c0a4bc ea3b4cf9758c4a568bbbbb89a380be48 - - default default] Successfully bumped revision number for resource c7239554-8e06-4cb3-9158-b1e5129e11be (type: security_group_rules) to 0
2026-03-31 06:10:57.686 10 INFO neutron.wsgi [None req-96ed765c-4eb2-42ac-b614-9bcbfcd4ed3c 805bb2134d174bffb3dd348f04c0a4bc ea3b4cf9758c4a568bbbbb89a380be48 - - default default] 10.0.0.150 "GET /v2.0/security-groups?tenant_id=3eace7173db0471f8803a4c1b5bf1181&name=default HTTP/1.1" status: 200 len: 3120 time: 0.7769418
2026-03-31 06:10:57.693 9 INFO neutron.wsgi [None req-ed75dfcb-69ca-4b00-9341-fd981b488bff d4ad0d8124a8489995e4ebccdf9af6ab 93d729f1f3944ab884b1baddc5e9d99e - - default default] 10.0.0.150 "PUT /v2.0/security-groups/8025f25d-797a-40d2-b724-45a1ba8c953d/tags HTTP/1.1" status: 200 len: 212 time: 0.0433974
2026-03-31 06:10:57.754 9 INFO neutron.wsgi [None req-07614080-77f7-42bd-9388-ce9e44acad69 d4ad0d8124a8489995e4ebccdf9af6ab 93d729f1f3944ab884b1baddc5e9d99e - - default default] 10.0.0.150 "GET /v2.0/security-groups?tags=red HTTP/1.1" status: 200 len: 4999 time: 0.0547309
2026-03-31 06:10:57.823 9 INFO neutron.wsgi [None req-e693a5c1-7b31-46f1-b43a-223e6bb5f146 d4ad0d8124a8489995e4ebccdf9af6ab 93d729f1f3944ab884b1baddc5e9d99e - - default default] 10.0.0.150 "GET /v2.0/security-groups?tags=red%2Cblue HTTP/1.1" status: 200 len: 3413 time: 0.0626483
2026-03-31 06:10:57.853 9 INFO neutron.db.ovn_revision_numbers_db [None req-d649ba8e-f9b4-40f4-84c9-0445c9522d62 f19babc591574c3a8757346bc29c9dc0 261cadf982c045f1adeeadcc807e529c - - default default] Successfully bumped revision number for resource 7f77df9f-4710-47f6-bcce-529dbb3a3dc8 (type: security_group_rules) to 0
2026-03-31 06:10:57.885 9 INFO neutron.wsgi [None req-e9d053c7-440c-4ae9-a444-fe291142d2a3 d4ad0d8124a8489995e4ebccdf9af6ab 93d729f1f3944ab884b1baddc5e9d99e - - default default] 10.0.0.150 "GET /v2.0/security-groups?tags-any=blue HTTP/1.1" status: 200 len: 3413 time: 0.0558908
2026-03-31 06:10:57.904 9 INFO neutron.wsgi [None req-d649ba8e-f9b4-40f4-84c9-0445c9522d62 f19babc591574c3a8757346bc29c9dc0 261cadf982c045f1adeeadcc807e529c - - default default] 10.0.0.150 "POST /v2.0/security-group-rules HTTP/1.1" status: 201 len: 801 time: 0.2904592
2026-03-31 06:10:57.915 9 WARNING neutron_lib.context [None req-b472b0da-b68e-4a25-92dc-0825089383dc f19babc591574c3a8757346bc29c9dc0 261cadf982c045f1adeeadcc807e529c - - default default] Method 'is_advsvc' is deprecated since 2023.2 release (neutron-lib 3.8.0) and will be removed once support for the old RBAC API policies will be removed from Neutron. Please use method 'is_service_role' instead.
2026-03-31 06:10:57.953 9 INFO neutron.wsgi [None req-f3bda12c-5ce5-411b-9e4e-f3b9062ad2a3 d4ad0d8124a8489995e4ebccdf9af6ab 93d729f1f3944ab884b1baddc5e9d99e - - default default] 10.0.0.150 "GET /v2.0/security-groups?tags-any=red%2Cblue HTTP/1.1" status: 200 len: 4999 time: 0.0604808
2026-03-31 06:10:58.028 9 INFO neutron.wsgi [None req-404941e3-126f-443e-88e5-c92f9fbef0fd d4ad0d8124a8489995e4ebccdf9af6ab 93d729f1f3944ab884b1baddc5e9d99e - - default default] 10.0.0.150 "GET /v2.0/security-groups?not-tags=red HTTP/1.1" status: 200 len: 6289 time: 0.0688860
2026-03-31 06:10:58.050 10 INFO neutron.wsgi [None req-d627f20b-c0a3-4281-a3a3-e2e0a2112dc7 805bb2134d174bffb3dd348f04c0a4bc ea3b4cf9758c4a568bbbbb89a380be48 - - default default] 10.0.0.150 "DELETE /v2.0/security-groups/cfe56a5e-1e43-485d-b056-3d44b5495169 HTTP/1.1" status: 204 len: 168 time: 0.3574159
2026-03-31 06:10:58.088 10 INFO neutron.db.ovn_revision_numbers_db [None req-09f364f4-c646-4a22-aa14-c2f4620f9884 eef06c56c0e6461aad998f52a5bb9070 78a23fd4d5494a6fb48f0fa33886bca4 - - default default] Successfully bumped revision number for resource f0bd26da-c959-4acf-8d01-468db07f6ae7 (type: floatingips) to -1
2026-03-31 06:10:58.115 9 INFO neutron.db.ovn_revision_numbers_db [None req-b472b0da-b68e-4a25-92dc-0825089383dc f19babc591574c3a8757346bc29c9dc0 261cadf982c045f1adeeadcc807e529c - - default default] Successfully bumped revision number for resource a382a8bb-f063-4bef-9f70-2758dd5323ea (type: security_group_rules) to 0
2026-03-31 06:10:58.124 10 INFO neutron.wsgi [None req-8143275c-1e8b-4a29-80d7-4e1d2636b842 d4ad0d8124a8489995e4ebccdf9af6ab 93d729f1f3944ab884b1baddc5e9d99e - - default default] 10.0.0.150 "GET /v2.0/security-groups?not-tags=red%2Cblue HTTP/1.1" status: 200 len: 7875 time: 0.0907373
2026-03-31 06:10:58.152 9 INFO neutron.wsgi [None req-b472b0da-b68e-4a25-92dc-0825089383dc f19babc591574c3a8757346bc29c9dc0 261cadf982c045f1adeeadcc807e529c - - default default] 10.0.0.150 "POST /v2.0/security-group-rules HTTP/1.1" status: 201 len: 800 time: 0.2419055
2026-03-31 06:10:58.166 10 WARNING neutron_lib.context [None req-f3e8346e-7e83-40f9-8044-b896570034db f19babc591574c3a8757346bc29c9dc0 261cadf982c045f1adeeadcc807e529c - - default default] Method 'is_advsvc' is deprecated since 2023.2 release (neutron-lib 3.8.0) and will be removed once support for the old RBAC API policies will be removed from Neutron. Please use method 'is_service_role' instead.
2026-03-31 06:10:58.192 9 INFO neutron.wsgi [None req-449d9778-9879-43ef-b4d8-cd629130c248 d4ad0d8124a8489995e4ebccdf9af6ab 93d729f1f3944ab884b1baddc5e9d99e - - default default] 10.0.0.150 "GET /v2.0/security-groups?not-tags-any=blue HTTP/1.1" status: 200 len: 7875 time: 0.0614111
2026-03-31 06:10:58.224 10 INFO neutron.db.securitygroups_db [None req-f3e8346e-7e83-40f9-8044-b896570034db f19babc591574c3a8757346bc29c9dc0 261cadf982c045f1adeeadcc807e529c - - default default] Project 261cadf982c045f1adeeadcc807e529c added a security group rule with legacy IPv6 ICMP protocol name icmp, ipv6-icmp should be used instead. It was automatically converted.
2026-03-31 06:10:58.272 10 INFO neutron.wsgi [None req-76b3b1ae-d14d-4d08-b8ee-a4e7cbf133d5 d4ad0d8124a8489995e4ebccdf9af6ab 93d729f1f3944ab884b1baddc5e9d99e - - default default] 10.0.0.150 "GET /v2.0/security-groups?not-tags-any=red%2Cblue HTTP/1.1" status: 200 len: 6289 time: 0.0747795
2026-03-31 06:10:58.287 10 INFO neutron.db.ovn_revision_numbers_db [None req-09f364f4-c646-4a22-aa14-c2f4620f9884 eef06c56c0e6461aad998f52a5bb9070 78a23fd4d5494a6fb48f0fa33886bca4 - - default default] Successfully bumped revision number for resource f0bd26da-c959-4acf-8d01-468db07f6ae7 (type: floatingips) to 1
2026-03-31 06:10:58.287 10 INFO neutron.db.l3_db [None req-09f364f4-c646-4a22-aa14-c2f4620f9884 eef06c56c0e6461aad998f52a5bb9070 78a23fd4d5494a6fb48f0fa33886bca4 - - default default] Floating IP f0bd26da-c959-4acf-8d01-468db07f6ae7 associated. External IP: 10.96.250.219, port: c328f809-ec67-4fc2-a8e6-9789b0139a5b.
2026-03-31 06:10:58.343 10 INFO neutron.wsgi [None req-09f364f4-c646-4a22-aa14-c2f4620f9884 eef06c56c0e6461aad998f52a5bb9070 78a23fd4d5494a6fb48f0fa33886bca4 - - default default] 10.0.0.150 "POST /v2.0/floatingips HTTP/1.1" status: 201 len: 1040 time: 2.0119541
2026-03-31 06:10:58.374 10 INFO neutron.db.ovn_revision_numbers_db [None req-f3e8346e-7e83-40f9-8044-b896570034db f19babc591574c3a8757346bc29c9dc0 261cadf982c045f1adeeadcc807e529c - - default default] Successfully bumped revision number for resource 5d6a0f86-03dc-42d5-b8fe-4cbdb52e1aa2 (type: security_group_rules) to 0
2026-03-31 06:10:58.406 10 INFO neutron.wsgi [None req-f3e8346e-7e83-40f9-8044-b896570034db f19babc591574c3a8757346bc29c9dc0 261cadf982c045f1adeeadcc807e529c - - default default] 10.0.0.150 "POST /v2.0/security-group-rules HTTP/1.1" status: 201 len: 806 time: 0.2463548
2026-03-31 06:10:58.422 10 WARNING neutron_lib.context [None req-7016251f-9931-4135-a4b3-44ad4fdef88b f19babc591574c3a8757346bc29c9dc0 261cadf982c045f1adeeadcc807e529c - - default default] Method 'is_advsvc' is deprecated since 2023.2 release (neutron-lib 3.8.0) and will be removed once support for the old RBAC API policies will be removed from Neutron. Please use method 'is_service_role' instead.
2026-03-31 06:10:58.491 10 INFO neutron.db.securitygroups_db [None req-7016251f-9931-4135-a4b3-44ad4fdef88b f19babc591574c3a8757346bc29c9dc0 261cadf982c045f1adeeadcc807e529c - - default default] Project 261cadf982c045f1adeeadcc807e529c added a security group rule with legacy IPv6 ICMP protocol name icmp, ipv6-icmp should be used instead. It was automatically converted.
2026-03-31 06:10:58.613 10 INFO neutron.db.ovn_revision_numbers_db [None req-7016251f-9931-4135-a4b3-44ad4fdef88b f19babc591574c3a8757346bc29c9dc0 261cadf982c045f1adeeadcc807e529c - - default default] Successfully bumped revision number for resource 40884470-49b1-4439-bb74-2a23385315cb (type: security_group_rules) to 0
2026-03-31 06:10:58.649 10 INFO neutron.wsgi [None req-7016251f-9931-4135-a4b3-44ad4fdef88b f19babc591574c3a8757346bc29c9dc0 261cadf982c045f1adeeadcc807e529c - - default default] 10.0.0.150 "POST /v2.0/security-group-rules HTTP/1.1" status: 201 len: 805 time: 0.2347291
2026-03-31 06:10:58.689 9 INFO neutron.wsgi [None req-d4c7a77c-2450-427c-95fe-73b4de71d464 eef06c56c0e6461aad998f52a5bb9070 78a23fd4d5494a6fb48f0fa33886bca4 - - default default] 10.0.0.150 "GET /v2.0/floatingips/f0bd26da-c959-4acf-8d01-468db07f6ae7 HTTP/1.1" status: 200 len: 1037 time: 0.3401287
2026-03-31 06:10:58.745 9 INFO neutron.wsgi [None req-0dc50a05-0ef1-4c09-b7dd-2a18d604151b d4ad0d8124a8489995e4ebccdf9af6ab 93d729f1f3944ab884b1baddc5e9d99e - - default default] 10.0.0.150 "DELETE /v2.0/security-groups/c2c25f12-b8e1-4e80-88f6-1a2d8bcdefeb HTTP/1.1" status: 204 len: 168 time: 0.4650934
2026-03-31 06:10:58.783 9 INFO neutron.wsgi [None req-85f3ae21-fb71-4dff-9bea-6aca91449559 eef06c56c0e6461aad998f52a5bb9070 78a23fd4d5494a6fb48f0fa33886bca4 - - default default] 10.0.0.150 "GET /v2.0/floatingips HTTP/1.1" status: 200 len: 1040 time: 0.0870445
2026-03-31 06:10:58.899 9 INFO neutron.wsgi [None req-982361f1-0b52-46b1-b4ef-6d3a72b2e062 d4ad0d8124a8489995e4ebccdf9af6ab 93d729f1f3944ab884b1baddc5e9d99e - - default default] 10.0.0.150 "DELETE /v2.0/security-groups/ededc3af-024d-4d00-b8b9-94b93a3be5fa HTTP/1.1" status: 204 len: 168 time: 0.1503074
2026-03-31 06:10:59.072 9 WARNING neutron.plugins.ml2.drivers.ovn.mech_driver.ovsdb.ovn_client [None req-030bbb55-b044-41b5-b59e-7f1ab0a84184 - - - - - -] No hosting information found for port 8c9ec790-03d7-41eb-b5c2-e4f4d976495a: RuntimeError: No hosting information found for port 8c9ec790-03d7-41eb-b5c2-e4f4d976495a
2026-03-31 06:10:59.136 9 INFO neutron.wsgi [None req-3319b535-3e9a-4908-9881-e5573633f993 805bb2134d174bffb3dd348f04c0a4bc ea3b4cf9758c4a568bbbbb89a380be48 - - default default] 10.0.0.226 "GET /v2.0/floatingips HTTP/1.1" status: 200 len: 1021 time: 0.3665354 /var/lib/openstack/lib/python3.10/site-packages/pycadf/identifier.py:71: UserWarning: Invalid uuid: neutron. To ensure interoperability, identifiers should be a valid uuid. warnings.warn(('Invalid uuid: %s. To ensure interoperability, '
2026-03-31 06:10:59.212 9 INFO neutron.wsgi [None req-9efd2a51-aa66-4110-ab0b-d737e55e678a d4ad0d8124a8489995e4ebccdf9af6ab 93d729f1f3944ab884b1baddc5e9d99e - - default default] 10.0.0.150 "DELETE /v2.0/security-groups/a2b9f81a-6342-47ca-a681-0693df9f8b30 HTTP/1.1" status: 204 len: 168 time: 0.3053448
2026-03-31 06:10:59.253 9 INFO neutron.wsgi [None req-0e6f6fff-2f2e-4541-8cca-3eb55e1a18ed 805bb2134d174bffb3dd348f04c0a4bc ea3b4cf9758c4a568bbbbb89a380be48 - - default default] 10.0.0.226 "GET /v2.0/security-groups HTTP/1.1" status: 200 len: 34795 time: 0.1161416 /var/lib/openstack/lib/python3.10/site-packages/pycadf/identifier.py:71: UserWarning: Invalid uuid: neutron. To ensure interoperability, identifiers should be a valid uuid. warnings.warn(('Invalid uuid: %s. To ensure interoperability, '
2026-03-31 06:10:59.299 9 INFO neutron.wsgi [None req-b3da575c-454b-450f-be0f-6a9d02eee349 805bb2134d174bffb3dd348f04c0a4bc ea3b4cf9758c4a568bbbbb89a380be48 - - default default] 10.0.0.226 "GET /v2.0/subnets HTTP/1.1" status: 200 len: 2689 time: 0.0369225
2026-03-31 06:10:59.311 10 INFO neutron.wsgi [None req-63635778-3cea-4487-95b9-e2eadaf701d2 f19babc591574c3a8757346bc29c9dc0 261cadf982c045f1adeeadcc807e529c - - default default] 10.0.0.150 "GET /v2.0/networks HTTP/1.1" status: 200 len: 1492 time: 0.2468841
2026-03-31 06:10:59.312 9 INFO neutron.wsgi [None req-ef2f1ae9-198f-459c-b2e3-488047c1ac84 805bb2134d174bffb3dd348f04c0a4bc ea3b4cf9758c4a568bbbbb89a380be48 - - default default] 10.0.0.226 "GET /v2.0/subnetpools HTTP/1.1" status: 200 len: 193 time: 0.0115469
2026-03-31 06:10:59.451 9 INFO neutron.wsgi [None req-826135a7-b9cf-47c2-88e8-e1bc7a5ee9f7 805bb2134d174bffb3dd348f04c0a4bc ea3b4cf9758c4a568bbbbb89a380be48 - - default default] 10.0.0.226 "GET /v2.0/networks HTTP/1.1" status: 200 len: 3857 time: 0.1383314
2026-03-31 06:10:59.511 9 INFO neutron.wsgi [req-be1acab9-9a9e-44c8-990d-a528f537d78f req-36565a8d-3a7c-402c-b9f1-40753d693b95 f19babc591574c3a8757346bc29c9dc0 261cadf982c045f1adeeadcc807e529c - - default default] 10.0.0.228 "GET /v2.0/security-groups?name=tempest-secgroup-smoke-724104468&fields=id&tenant_id=261cadf982c045f1adeeadcc807e529c HTTP/1.1" status: 200 len: 267 time: 0.1080739
2026-03-31 06:10:59.585 9 INFO neutron.wsgi [None req-1b129e51-d4cc-48d8-aaf9-922f423adb47 805bb2134d174bffb3dd348f04c0a4bc ea3b4cf9758c4a568bbbbb89a380be48 - - default default] 10.0.0.226 "GET /v2.0/ports HTTP/1.1" status: 200 len: 14634 time: 0.1289513
2026-03-31 06:10:59.626 9 INFO neutron.wsgi [None req-2ae48028-f032-4cee-9850-21aa773043c4 805bb2134d174bffb3dd348f04c0a4bc ea3b4cf9758c4a568bbbbb89a380be48 - - default default] 10.0.0.226 "GET /v2.0/agents HTTP/1.1" status: 200 len: 1390 time: 0.0198507
2026-03-31 06:10:59.692 9 INFO neutron.wsgi [None req-129ee9dc-8eca-486d-a108-526d73af7355 805bb2134d174bffb3dd348f04c0a4bc ea3b4cf9758c4a568bbbbb89a380be48 - - default default] 10.0.0.226 "GET /v2.0/subnets HTTP/1.1" status: 200 len: 2689 time: 0.0629389
2026-03-31 06:10:59.692 10 INFO neutron.wsgi [None req-e9d415ac-b3c7-47eb-b3bb-e90db9bacbfa d4ad0d8124a8489995e4ebccdf9af6ab 93d729f1f3944ab884b1baddc5e9d99e - - default default] 10.0.0.150 "DELETE /v2.0/security-groups/8025f25d-797a-40d2-b724-45a1ba8c953d HTTP/1.1" status: 204 len: 168 time: 0.4707370
2026-03-31 06:10:59.697 9 INFO neutron.wsgi [req-be1acab9-9a9e-44c8-990d-a528f537d78f req-903f44a7-d108-4538-936e-ca2fd3dbe895 f19babc591574c3a8757346bc29c9dc0 261cadf982c045f1adeeadcc807e529c - - default default] 10.0.0.228 "GET /v2.0/networks?id=77d7603f-c7a5-431f-b1c7-422d7071014c HTTP/1.1" status: 200 len: 859 time: 0.1784093
2026-03-31 06:10:59.745 9 INFO neutron.wsgi [req-be1acab9-9a9e-44c8-990d-a528f537d78f req-3b7fdb0c-54e5-47e9-82df-f3e72aab63f6 f19babc591574c3a8757346bc29c9dc0 261cadf982c045f1adeeadcc807e529c - - default default] 10.0.0.228 "GET /v2.0/quotas/261cadf982c045f1adeeadcc807e529c HTTP/1.1" status: 200 len: 491 time: 0.0316815
2026-03-31 06:10:59.847 10 INFO neutron.db.ovn_revision_numbers_db [None req-bc050acf-a121-47b4-8c92-63ae2422df24 eef06c56c0e6461aad998f52a5bb9070 78a23fd4d5494a6fb48f0fa33886bca4 - - default default] Successfully bumped revision number for resource f0bd26da-c959-4acf-8d01-468db07f6ae7 (type: floatingips) to 2
2026-03-31 06:10:59.925 9 INFO neutron.wsgi [None req-8ff02065-f7f3-40a5-b6bf-641a7c9f38d4 805bb2134d174bffb3dd348f04c0a4bc ea3b4cf9758c4a568bbbbb89a380be48 - - default default] 10.0.0.226 "GET /v2.0/routers HTTP/1.1" status: 200 len: 2114 time: 0.2264204 /var/lib/openstack/lib/python3.10/site-packages/pycadf/identifier.py:71: UserWarning: Invalid uuid: neutron. To ensure interoperability, identifiers should be a valid uuid. warnings.warn(('Invalid uuid: %s. To ensure interoperability, '
2026-03-31 06:10:59.965 9 INFO neutron.wsgi [None req-eaf98367-fdc5-4806-b00e-f52260e17189 805bb2134d174bffb3dd348f04c0a4bc ea3b4cf9758c4a568bbbbb89a380be48 - - default default] 10.0.0.226 "GET /v2.0/agents?binary=ovn-controller HTTP/1.1" status: 200 len: 591 time: 0.0272229
2026-03-31 06:10:59.982 10 INFO neutron.db.ovn_revision_numbers_db [None req-bc050acf-a121-47b4-8c92-63ae2422df24 eef06c56c0e6461aad998f52a5bb9070 78a23fd4d5494a6fb48f0fa33886bca4 - - default default] Successfully bumped revision number for resource f0bd26da-c959-4acf-8d01-468db07f6ae7 (type: floatingips) to 2
2026-03-31 06:10:59.983 10 INFO neutron.db.l3_db [None req-bc050acf-a121-47b4-8c92-63ae2422df24 eef06c56c0e6461aad998f52a5bb9070 78a23fd4d5494a6fb48f0fa33886bca4 - - default default] Floating IP f0bd26da-c959-4acf-8d01-468db07f6ae7 associated. External IP: 10.96.250.219, port: c328f809-ec67-4fc2-a8e6-9789b0139a5b.
2026-03-31 06:11:00.003 9 INFO neutron.wsgi [None req-3670b7be-a178-41d0-aee8-f511c3966b50 805bb2134d174bffb3dd348f04c0a4bc ea3b4cf9758c4a568bbbbb89a380be48 - - default default] 10.0.0.226 "GET /v2.0/network-ip-availabilities HTTP/1.1" status: 200 len: 2159 time: 0.0337758
2026-03-31 06:11:00.021 9 INFO neutron.wsgi [req-be1acab9-9a9e-44c8-990d-a528f537d78f req-4374fa73-07fe-4297-b892-ef5379e90c48 f19babc591574c3a8757346bc29c9dc0 261cadf982c045f1adeeadcc807e529c - - default default] 10.0.0.228 "GET /v2.0/ports?tenant_id=261cadf982c045f1adeeadcc807e529c&fields=id HTTP/1.1" status: 200 len: 302 time: 0.2659228
2026-03-31 06:11:00.042 10 INFO neutron.wsgi [None req-bc050acf-a121-47b4-8c92-63ae2422df24 eef06c56c0e6461aad998f52a5bb9070 78a23fd4d5494a6fb48f0fa33886bca4 - - default default] 10.0.0.150 "PUT /v2.0/floatingips/f0bd26da-c959-4acf-8d01-468db07f6ae7 HTTP/1.1" status: 200 len: 1039 time: 1.2534275
2026-03-31 06:11:00.079 9 INFO neutron.wsgi [None req-7a673082-f0c2-4866-9688-9dd26de40bf2 d4ad0d8124a8489995e4ebccdf9af6ab 93d729f1f3944ab884b1baddc5e9d99e - - default default] 10.0.0.150 "DELETE /v2.0/security-groups/a2fbeb24-6d24-4e5e-b085-9c467584ddd0 HTTP/1.1" status: 204 len: 168 time: 0.3796515
2026-03-31 06:11:00.140 9 INFO neutron.wsgi [req-be1acab9-9a9e-44c8-990d-a528f537d78f req-a8427185-d240-4226-ae08-9d5fe4cf70a5 2484bc5e18394fd5807c4e9c6c01aa83 46d00126e9f84abe9169fc548c5482d3 - - 3bfaaca3c24a4c16a7fd45009453a68a 3bfaaca3c24a4c16a7fd45009453a68a] 10.0.0.228 "GET /v2.0/networks/77d7603f-c7a5-431f-b1c7-422d7071014c?fields=segments HTTP/1.1" status: 200 len: 212 time: 0.1060419
2026-03-31 06:11:00.218 9 INFO neutron.wsgi [req-be1acab9-9a9e-44c8-990d-a528f537d78f req-4945530f-07f6-4be9-ba5e-a72d1f0b2ec2 2484bc5e18394fd5807c4e9c6c01aa83 46d00126e9f84abe9169fc548c5482d3 - - 3bfaaca3c24a4c16a7fd45009453a68a 3bfaaca3c24a4c16a7fd45009453a68a] 10.0.0.228 "GET /v2.0/networks/77d7603f-c7a5-431f-b1c7-422d7071014c?fields=provider%3Aphysical_network&fields=provider%3Anetwork_type HTTP/1.1" status: 200 len: 277 time: 0.0680187
2026-03-31 06:11:00.277 10 INFO neutron.db.ovn_revision_numbers_db [None req-f304bd0b-e5bf-449a-ad6f-b80391fa4841 eef06c56c0e6461aad998f52a5bb9070 78a23fd4d5494a6fb48f0fa33886bca4 - - default default] Successfully bumped revision number for resource f0bd26da-c959-4acf-8d01-468db07f6ae7 (type: floatingips) to 3
2026-03-31 06:11:00.347 10 INFO neutron.db.l3_db [None req-f304bd0b-e5bf-449a-ad6f-b80391fa4841 eef06c56c0e6461aad998f52a5bb9070 78a23fd4d5494a6fb48f0fa33886bca4 - - default default] Floating IP f0bd26da-c959-4acf-8d01-468db07f6ae7 disassociated. External IP: 10.96.250.219, port: 4e1dc32e-6704-4270-a8e6-b709557fc490.
2026-03-31 06:11:00.381 10 INFO neutron.wsgi [req-6e907b59-31b1-49d3-b5a9-26a66ee998c7 req-d712bb58-f343-4ccb-bfb6-83785960ce67 f19babc591574c3a8757346bc29c9dc0 261cadf982c045f1adeeadcc807e529c - - default default] 10.0.0.228 "GET /v2.0/ports?device_id=5f7a906f-ceca-419a-97c6-ab35ecee0c5e HTTP/1.1" status: 200 len: 210 time: 0.0270729
2026-03-31 06:11:00.394 10 INFO neutron.wsgi [None req-f304bd0b-e5bf-449a-ad6f-b80391fa4841 eef06c56c0e6461aad998f52a5bb9070 78a23fd4d5494a6fb48f0fa33886bca4 - - default default] 10.0.0.150 "PUT /v2.0/floatingips/f0bd26da-c959-4acf-8d01-468db07f6ae7 HTTP/1.1" status: 200 len: 748 time: 0.3465211
2026-03-31 06:11:00.833 10 INFO neutron.wsgi [None req-d85c97e7-ee0e-4b7c-90c3-7ac619d5aaad eef06c56c0e6461aad998f52a5bb9070 78a23fd4d5494a6fb48f0fa33886bca4 - - default default] 10.0.0.150 "DELETE /v2.0/floatingips/f0bd26da-c959-4acf-8d01-468db07f6ae7 HTTP/1.1" status: 204 len: 168 time: 0.4321747
2026-03-31 06:11:00.862 10 INFO neutron.api.v2.resource [None req-c8e82629-6de5-414c-929d-788074c33f1b eef06c56c0e6461aad998f52a5bb9070 78a23fd4d5494a6fb48f0fa33886bca4 - - default default] delete failed (client error): The resource could not be found.
2026-03-31 06:11:00.863 10 INFO neutron.wsgi [None req-c8e82629-6de5-414c-929d-788074c33f1b eef06c56c0e6461aad998f52a5bb9070 78a23fd4d5494a6fb48f0fa33886bca4 - - default default] 10.0.0.150 "DELETE /v2.0/floatingips/f0bd26da-c959-4acf-8d01-468db07f6ae7 HTTP/1.1" status: 404 len: 345 time: 0.0216966 /var/lib/openstack/lib/python3.10/site-packages/pycadf/identifier.py:71: UserWarning: Invalid uuid: neutron. To ensure interoperability, identifiers should be a valid uuid. warnings.warn(('Invalid uuid: %s. To ensure interoperability, '
2026-03-31 06:11:01.198 10 INFO neutron.wsgi [req-be1acab9-9a9e-44c8-990d-a528f537d78f req-fd0a244c-fff6-48c1-814b-fc4e2dd3d65a f19babc591574c3a8757346bc29c9dc0 261cadf982c045f1adeeadcc807e529c - - default default] 199.204.45.250 "GET /v2.0/networks?id=77d7603f-c7a5-431f-b1c7-422d7071014c HTTP/1.1" status: 200 len: 859 time: 0.1361070
2026-03-31 06:11:01.279 10 INFO neutron.wsgi [req-be1acab9-9a9e-44c8-990d-a528f537d78f req-f07788d3-7134-49dd-85ca-23ba1ca9ac8b f19babc591574c3a8757346bc29c9dc0 261cadf982c045f1adeeadcc807e529c - - default default] 199.204.45.250 "GET /v2.0/security-groups?fields=id&fields=name&tenant_id=261cadf982c045f1adeeadcc807e529c HTTP/1.1" status: 200 len: 379 time: 0.0740957
2026-03-31 06:11:01.331 10 WARNING neutron_lib.context [req-be1acab9-9a9e-44c8-990d-a528f537d78f req-950e36ab-1e74-4327-bc79-62559151c0e9 f19babc591574c3a8757346bc29c9dc0 261cadf982c045f1adeeadcc807e529c - - default default] Method 'is_advsvc' is deprecated since 2023.2 release (neutron-lib 3.8.0) and will be removed once support for the old RBAC API policies will be removed from Neutron. Please use method 'is_service_role' instead.
2026-03-31 06:11:01.360 9 INFO neutron.wsgi [None req-a70ab767-40ab-430e-9e96-15c516f6a178 eef06c56c0e6461aad998f52a5bb9070 78a23fd4d5494a6fb48f0fa33886bca4 - - default default] 10.0.0.150 "DELETE /v2.0/ports/4e1dc32e-6704-4270-a8e6-b709557fc490 HTTP/1.1" status: 204 len: 168 time: 0.4871235
2026-03-31 06:11:01.382 10 WARNING neutron.plugins.ml2.drivers.ovn.mech_driver.ovsdb.ovn_client [None req-e2f31618-046d-476a-a7ff-4884df1feeca - - - - - -] No hosting information found for port 2087b999-8951-48a1-a13f-48529d077dc7: RuntimeError: No hosting information found for port 2087b999-8951-48a1-a13f-48529d077dc7
2026-03-31 06:11:01.409 10 INFO neutron.db.ovn_revision_numbers_db [None req-7d4cf2d1-7ec9-4a7c-8365-3e70b8828033 805bb2134d174bffb3dd348f04c0a4bc ea3b4cf9758c4a568bbbbb89a380be48 - - default default] Successfully bumped revision number for resource d4d45323-a3e8-4375-9b3d-a665f8f86f3c (type: security_groups) to 1
2026-03-31 06:11:01.452 10 INFO neutron.db.ovn_revision_numbers_db [None req-7d4cf2d1-7ec9-4a7c-8365-3e70b8828033 805bb2134d174bffb3dd348f04c0a4bc ea3b4cf9758c4a568bbbbb89a380be48 - - default default] Successfully bumped revision number for resource 1c94a401-8f2e-406e-ae49-4af407d5f2da (type: security_group_rules) to 0
2026-03-31 06:11:01.479 10 INFO neutron.db.ovn_revision_numbers_db [None req-7d4cf2d1-7ec9-4a7c-8365-3e70b8828033 805bb2134d174bffb3dd348f04c0a4bc ea3b4cf9758c4a568bbbbb89a380be48 - - default default] Successfully bumped revision number for resource 30bb745d-d059-4527-94a8-c4613ee1c6cd (type: security_group_rules) to 0
2026-03-31 06:11:01.509 10 INFO neutron.db.ovn_revision_numbers_db [None req-7d4cf2d1-7ec9-4a7c-8365-3e70b8828033 805bb2134d174bffb3dd348f04c0a4bc ea3b4cf9758c4a568bbbbb89a380be48 - - default default] Successfully bumped revision number for resource 723d9ca3-fe3e-4fcd-a7ca-1a281cbee7e1 (type: security_group_rules) to 0
2026-03-31 06:11:01.544 10 INFO neutron.db.ovn_revision_numbers_db [None req-7d4cf2d1-7ec9-4a7c-8365-3e70b8828033 805bb2134d174bffb3dd348f04c0a4bc ea3b4cf9758c4a568bbbbb89a380be48 - - default default] Successfully bumped revision number for resource f513b3cc-16fa-4653-9167-75d6bed70b6d (type: security_group_rules) to 0
2026-03-31 06:11:01.576 10 INFO neutron.wsgi [None req-7d4cf2d1-7ec9-4a7c-8365-3e70b8828033 805bb2134d174bffb3dd348f04c0a4bc ea3b4cf9758c4a568bbbbb89a380be48 - - default default] 10.0.0.150 "GET /v2.0/security-groups?tenant_id=6e2eba53ab8b416d847b0efcaf919cd1&name=default HTTP/1.1" status: 200 len: 3120 time: 0.6166050
2026-03-31 06:11:01.672 9 INFO neutron.wsgi [req-43fa4d6f-be81-40fd-869f-e04ccd029d8a req-846663d7-6098-4beb-be02-1192bd1185ba f19babc591574c3a8757346bc29c9dc0 261cadf982c045f1adeeadcc807e529c - - default default] 10.0.0.228 "GET /v2.0/ports?device_id=5f7a906f-ceca-419a-97c6-ab35ecee0c5e HTTP/1.1" status: 200 len: 210 time: 0.0340056
2026-03-31 06:11:01.854 10 WARNING neutron.scheduler.dhcp_agent_scheduler [req-be1acab9-9a9e-44c8-990d-a528f537d78f req-950e36ab-1e74-4327-bc79-62559151c0e9 f19babc591574c3a8757346bc29c9dc0 261cadf982c045f1adeeadcc807e529c - - default default] No more DHCP agents
2026-03-31 06:11:01.867 10 WARNING neutron.api.rpc.agentnotifiers.dhcp_rpc_agent_api [req-be1acab9-9a9e-44c8-990d-a528f537d78f req-950e36ab-1e74-4327-bc79-62559151c0e9 f19babc591574c3a8757346bc29c9dc0 261cadf982c045f1adeeadcc807e529c - - default default] Unable to schedule network 77d7603f-c7a5-431f-b1c7-422d7071014c: no agents available; will retry on subsequent port and subnet creation events.
2026-03-31 06:11:01.903 9 INFO neutron.wsgi [None req-4f432627-8b09-4fdf-93d7-406c535c72e9 eef06c56c0e6461aad998f52a5bb9070 78a23fd4d5494a6fb48f0fa33886bca4 - - default default] 10.0.0.150 "DELETE /v2.0/ports/c328f809-ec67-4fc2-a8e6-9789b0139a5b HTTP/1.1" status: 204 len: 168 time: 0.5367579
2026-03-31 06:11:01.948 9 INFO neutron.wsgi [None req-81d275aa-8f2f-46c3-8a33-e4c8790a76e9 eef06c56c0e6461aad998f52a5bb9070 78a23fd4d5494a6fb48f0fa33886bca4 - - default default] 10.0.0.150 "GET /v2.0/ports?device_id=b3cc3d80-86b7-4446-8f8d-51cf3fec0a2d HTTP/1.1" status: 200 len: 1140 time: 0.0386722 /var/lib/openstack/lib/python3.10/site-packages/pycadf/identifier.py:71: UserWarning: Invalid uuid: neutron. To ensure interoperability, identifiers should be a valid uuid. warnings.warn(('Invalid uuid: %s. To ensure interoperability, '
2026-03-31 06:11:01.974 9 INFO neutron.wsgi [None req-59b40e59-ac14-40a2-a67d-9a2c302fa3c5 805bb2134d174bffb3dd348f04c0a4bc ea3b4cf9758c4a568bbbbb89a380be48 - - default default] 10.0.0.150 "DELETE /v2.0/security-groups/d4d45323-a3e8-4375-9b3d-a665f8f86f3c HTTP/1.1" status: 204 len: 168 time: 0.3894589
2026-03-31 06:11:02.140 10 INFO neutron.db.ovn_revision_numbers_db [req-be1acab9-9a9e-44c8-990d-a528f537d78f req-950e36ab-1e74-4327-bc79-62559151c0e9 f19babc591574c3a8757346bc29c9dc0 261cadf982c045f1adeeadcc807e529c - - default default] Successfully bumped revision number for resource 4666497c-718e-4fce-bf3b-331a564dd42d (type: ports) to 1
2026-03-31 06:11:02.189 10 INFO neutron.wsgi [req-be1acab9-9a9e-44c8-990d-a528f537d78f req-950e36ab-1e74-4327-bc79-62559151c0e9 f19babc591574c3a8757346bc29c9dc0 261cadf982c045f1adeeadcc807e529c - - default default] 199.204.45.250 "POST /v2.0/ports HTTP/1.1" status: 201 len: 1162 time: 0.8686049
2026-03-31 06:11:02.208 9 INFO neutron.db.ovn_revision_numbers_db [None req-f5359666-fac1-4544-9ce9-83f33f95a380 805bb2134d174bffb3dd348f04c0a4bc ea3b4cf9758c4a568bbbbb89a380be48 - - default default] Successfully bumped revision number for resource c68347ee-e3ad-499f-a51b-5bdbef78e7b2 (type: security_groups) to 1
2026-03-31 06:11:02.221 9 INFO neutron.db.ovn_revision_numbers_db [None req-f5359666-fac1-4544-9ce9-83f33f95a380 805bb2134d174bffb3dd348f04c0a4bc ea3b4cf9758c4a568bbbbb89a380be48 - - default default] Successfully bumped revision number for resource 2071379f-d9a2-469b-870a-0cbf82db2852 (type: security_group_rules) to 0
2026-03-31 06:11:02.236 9 INFO neutron.db.ovn_revision_numbers_db [None req-f5359666-fac1-4544-9ce9-83f33f95a380 805bb2134d174bffb3dd348f04c0a4bc ea3b4cf9758c4a568bbbbb89a380be48 - - default default] Successfully bumped revision number for resource 4e98747d-14fb-4326-8ba9-b2a84ba36ff7 (type: security_group_rules) to 0
2026-03-31 06:11:02.250 9 INFO neutron.db.ovn_revision_numbers_db [None req-f5359666-fac1-4544-9ce9-83f33f95a380 805bb2134d174bffb3dd348f04c0a4bc ea3b4cf9758c4a568bbbbb89a380be48 - - default default] Successfully bumped revision number for resource 72226ebc-95c8-4e4c-b3f0-92a12699586f (type: security_group_rules) to 0
2026-03-31 06:11:02.266 9 INFO neutron.db.ovn_revision_numbers_db [None req-f5359666-fac1-4544-9ce9-83f33f95a380 805bb2134d174bffb3dd348f04c0a4bc ea3b4cf9758c4a568bbbbb89a380be48 - - default default] Successfully bumped revision number for resource d8016fef-c25e-499f-a19d-a38e9bb69791 (type: security_group_rules) to 0
2026-03-31 06:11:02.289 9 INFO neutron.wsgi [None req-f5359666-fac1-4544-9ce9-83f33f95a380 805bb2134d174bffb3dd348f04c0a4bc ea3b4cf9758c4a568bbbbb89a380be48 - - default default] 10.0.0.150 "GET /v2.0/security-groups?tenant_id=c8a7a2ca249347e9bb8b7c782341a811&name=default HTTP/1.1" status: 200 len: 3120 time: 0.2241156
2026-03-31 06:11:02.540 9 INFO neutron.wsgi [None req-8c817465-33dc-4661-9ba0-8be5354ba008 805bb2134d174bffb3dd348f04c0a4bc ea3b4cf9758c4a568bbbbb89a380be48 - - default default] 10.0.0.150 "DELETE /v2.0/security-groups/c68347ee-e3ad-499f-a51b-5bdbef78e7b2 HTTP/1.1" status: 204 len: 168 time: 0.2418892
2026-03-31 06:11:02.776 9 INFO neutron.wsgi [None req-2cd2398f-b07f-46b4-be51-bd9e92ead3c9 805bb2134d174bffb3dd348f04c0a4bc ea3b4cf9758c4a568bbbbb89a380be48 - - default default] 10.0.0.150 "GET /v2.0/security-groups?tenant_id=93d729f1f3944ab884b1baddc5e9d99e&name=default HTTP/1.1" status: 200 len: 3120 time: 0.0468998
2026-03-31 06:11:02.937 10 INFO neutron.wsgi [req-a031b32d-1d60-419d-98d9-fc98efdf74ce req-29900851-5ac7-4452-833c-4afab33bb203 f19babc591574c3a8757346bc29c9dc0 261cadf982c045f1adeeadcc807e529c - - default default] 10.0.0.228 "GET /v2.0/ports?device_id=5f7a906f-ceca-419a-97c6-ab35ecee0c5e HTTP/1.1" status: 200 len: 1160 time: 0.1982601
2026-03-31 06:11:03.019 9 INFO neutron.wsgi [None req-1b0ef5b0-b593-4c5e-859b-4a1505099d27 805bb2134d174bffb3dd348f04c0a4bc ea3b4cf9758c4a568bbbbb89a380be48 - - default default] 10.0.0.150 "DELETE /v2.0/security-groups/ba214b12-0006-4c7d-8e42-fc6890a11bd2 HTTP/1.1" status: 204 len: 168 time: 0.2392294
2026-03-31 06:11:03.051 10 INFO neutron.wsgi [req-a031b32d-1d60-419d-98d9-fc98efdf74ce req-8e607942-c48d-4853-8b0e-70bdd6fc4060 f19babc591574c3a8757346bc29c9dc0 261cadf982c045f1adeeadcc807e529c - - default default] 10.0.0.228 "GET /v2.0/security-groups?id=2f528542-3c8f-42b1-9e71-2867f5f17db7&fields=id&fields=name HTTP/1.1" status: 200 len: 312 time: 0.1050513
2026-03-31 06:11:03.208 10 INFO neutron.db.ovn_revision_numbers_db [req-be1acab9-9a9e-44c8-990d-a528f537d78f req-1d2f055e-c869-45f3-bd09-bbb55ae0053b 2484bc5e18394fd5807c4e9c6c01aa83 46d00126e9f84abe9169fc548c5482d3 - - 3bfaaca3c24a4c16a7fd45009453a68a 3bfaaca3c24a4c16a7fd45009453a68a] Successfully bumped revision number for resource 4666497c-718e-4fce-bf3b-331a564dd42d (type: ports) to 2
2026-03-31 06:11:03.570 10 INFO neutron.db.ovn_revision_numbers_db [req-be1acab9-9a9e-44c8-990d-a528f537d78f req-1d2f055e-c869-45f3-bd09-bbb55ae0053b 2484bc5e18394fd5807c4e9c6c01aa83 46d00126e9f84abe9169fc548c5482d3 - - 3bfaaca3c24a4c16a7fd45009453a68a 3bfaaca3c24a4c16a7fd45009453a68a] Successfully bumped revision number for resource 4666497c-718e-4fce-bf3b-331a564dd42d (type: ports) to 2
2026-03-31 06:11:03.606 10 INFO neutron.wsgi [req-be1acab9-9a9e-44c8-990d-a528f537d78f req-1d2f055e-c869-45f3-bd09-bbb55ae0053b 2484bc5e18394fd5807c4e9c6c01aa83 46d00126e9f84abe9169fc548c5482d3 - - 3bfaaca3c24a4c16a7fd45009453a68a 3bfaaca3c24a4c16a7fd45009453a68a] 199.204.45.250 "PUT /v2.0/ports/4666497c-718e-4fce-bf3b-331a564dd42d HTTP/1.1" status: 200 len: 1380 time: 1.4074309 /var/lib/openstack/lib/python3.10/site-packages/pycadf/identifier.py:71: UserWarning: Invalid uuid: neutron. To ensure interoperability, identifiers should be a valid uuid. warnings.warn(('Invalid uuid: %s. To ensure interoperability, '
2026-03-31 06:11:03.686 10 INFO neutron.notifiers.nova [-] Nova event matching ['req-4638a5a1-64f1-4f81-bc39-233117030e25'] response: {'name': 'network-changed', 'server_uuid': '5f7a906f-ceca-419a-97c6-ab35ecee0c5e', 'tag': '4666497c-718e-4fce-bf3b-331a564dd42d', 'status': 'completed', 'code': 200}
2026-03-31 06:11:03.744 10 INFO neutron.wsgi [req-be1acab9-9a9e-44c8-990d-a528f537d78f req-1b22676f-4454-466f-921d-2771f49b026f 2484bc5e18394fd5807c4e9c6c01aa83 46d00126e9f84abe9169fc548c5482d3 - - 3bfaaca3c24a4c16a7fd45009453a68a 3bfaaca3c24a4c16a7fd45009453a68a] 199.204.45.250 "GET /v2.0/ports?tenant_id=261cadf982c045f1adeeadcc807e529c&device_id=5f7a906f-ceca-419a-97c6-ab35ecee0c5e HTTP/1.1" status: 200 len: 1411 time: 0.0831492
2026-03-31 06:11:03.792 10 INFO neutron.wsgi [req-be1acab9-9a9e-44c8-990d-a528f537d78f req-b8f2a5d4-fcbe-4a06-a05a-857485584da3 2484bc5e18394fd5807c4e9c6c01aa83 46d00126e9f84abe9169fc548c5482d3 - - 3bfaaca3c24a4c16a7fd45009453a68a 3bfaaca3c24a4c16a7fd45009453a68a] 199.204.45.250 "GET /v2.0/floatingips?fixed_ip_address=10.100.0.11&port_id=4666497c-718e-4fce-bf3b-331a564dd42d HTTP/1.1" status: 200 len: 217 time: 0.0410383
2026-03-31 06:11:03.870 10 INFO neutron.wsgi [req-be1acab9-9a9e-44c8-990d-a528f537d78f req-3de85ef0-9a00-4d34-8361-9d9f7c2bbd24 2484bc5e18394fd5807c4e9c6c01aa83 46d00126e9f84abe9169fc548c5482d3 - - 3bfaaca3c24a4c16a7fd45009453a68a 3bfaaca3c24a4c16a7fd45009453a68a] 199.204.45.250 "GET /v2.0/subnets?id=cafb6ac1-271b-4453-903a-14c07117a161 HTTP/1.1" status: 200 len: 853 time: 0.0722103 /var/lib/openstack/lib/python3.10/site-packages/pycadf/identifier.py:71: UserWarning: Invalid uuid: neutron. To ensure interoperability, identifiers should be a valid uuid. warnings.warn(('Invalid uuid: %s. To ensure interoperability, '
2026-03-31 06:11:03.909 10 INFO neutron.wsgi [None req-9ec7217f-3f05-4599-8800-b01faa5a3ce8 eef06c56c0e6461aad998f52a5bb9070 78a23fd4d5494a6fb48f0fa33886bca4 - - default default] 10.0.0.150 "PUT /v2.0/routers/b3cc3d80-86b7-4446-8f8d-51cf3fec0a2d/remove_router_interface HTTP/1.1" status: 200 len: 503 time: 1.9519098
2026-03-31 06:11:03.912 10 INFO neutron.wsgi [req-be1acab9-9a9e-44c8-990d-a528f537d78f req-d1aa9fa4-97ab-4d48-b0a8-03577482660b 2484bc5e18394fd5807c4e9c6c01aa83 46d00126e9f84abe9169fc548c5482d3 - - 3bfaaca3c24a4c16a7fd45009453a68a 3bfaaca3c24a4c16a7fd45009453a68a] 199.204.45.250 "GET /v2.0/ports?network_id=77d7603f-c7a5-431f-b1c7-422d7071014c&device_owner=network%3Adhcp HTTP/1.1" status: 200 len: 210 time: 0.0370040
2026-03-31 06:11:03.972 10 INFO neutron.wsgi [req-be1acab9-9a9e-44c8-990d-a528f537d78f req-3679646f-57fe-4d22-98b3-099af93debb2 2484bc5e18394fd5807c4e9c6c01aa83 46d00126e9f84abe9169fc548c5482d3 - - 3bfaaca3c24a4c16a7fd45009453a68a 3bfaaca3c24a4c16a7fd45009453a68a] 199.204.45.250 "GET /v2.0/networks/77d7603f-c7a5-431f-b1c7-422d7071014c?fields=segments HTTP/1.1" status: 200 len: 212 time: 0.0547953
2026-03-31 06:11:04.060 10 INFO neutron.wsgi [req-be1acab9-9a9e-44c8-990d-a528f537d78f req-fe26fee9-0c5c-415b-ab6e-02aa5ff24889 2484bc5e18394fd5807c4e9c6c01aa83 46d00126e9f84abe9169fc548c5482d3 - - 3bfaaca3c24a4c16a7fd45009453a68a 3bfaaca3c24a4c16a7fd45009453a68a] 199.204.45.250 "GET /v2.0/networks/77d7603f-c7a5-431f-b1c7-422d7071014c?fields=provider%3Aphysical_network&fields=provider%3Anetwork_type HTTP/1.1" status: 200 len: 277 time: 0.0812991
2026-03-31 06:11:04.186 10 INFO neutron.wsgi [req-a670029a-8380-4410-b62c-9647e870d7b3 req-8d543359-2fb3-4d4e-92e3-5c4dc42ecc37 2484bc5e18394fd5807c4e9c6c01aa83 46d00126e9f84abe9169fc548c5482d3 - - 3bfaaca3c24a4c16a7fd45009453a68a 3bfaaca3c24a4c16a7fd45009453a68a] 199.204.45.250 "GET /v2.0/ports?tenant_id=261cadf982c045f1adeeadcc807e529c&device_id=5f7a906f-ceca-419a-97c6-ab35ecee0c5e HTTP/1.1" status: 200 len: 1411 time: 0.0675111
2026-03-31 06:11:04.217 10 INFO neutron.wsgi [req-31417eee-ab24-4b75-9ae0-aa1363c72cde req-f57327bf-4f19-448d-8ae8-8b56cbb8f21a f19babc591574c3a8757346bc29c9dc0 261cadf982c045f1adeeadcc807e529c - - default default] 10.0.0.228 "GET /v2.0/ports?device_id=5f7a906f-ceca-419a-97c6-ab35ecee0c5e HTTP/1.1" status: 200 len: 1172 time: 0.0854783
2026-03-31 06:11:04.366 10 INFO neutron.wsgi [req-a670029a-8380-4410-b62c-9647e870d7b3 req-1e220c85-77b6-4d96-b48e-795d03c2c2cd 2484bc5e18394fd5807c4e9c6c01aa83 46d00126e9f84abe9169fc548c5482d3 - - 3bfaaca3c24a4c16a7fd45009453a68a 3bfaaca3c24a4c16a7fd45009453a68a] 199.204.45.250 "GET /v2.0/networks?id=77d7603f-c7a5-431f-b1c7-422d7071014c HTTP/1.1" status: 200 len: 958 time: 0.1742315
2026-03-31 06:11:04.570 9 INFO neutron.plugins.ml2.drivers.ovn.mech_driver.mech_driver [None req-030bbb55-b044-41b5-b59e-7f1ab0a84184 - - - - - -] OVN reports status up for port: 4666497c-718e-4fce-bf3b-331a564dd42d
2026-03-31 06:11:04.589 9 INFO neutron.plugins.ml2.plugin [None req-030bbb55-b044-41b5-b59e-7f1ab0a84184 - - - - - -] Attempt 1 to provision port 4666497c-718e-4fce-bf3b-331a564dd42d
2026-03-31 06:11:04.650 9 INFO neutron.wsgi [-] 10.0.0.158 "GET / HTTP/1.1" status: 200 len: 247 time: 0.0020075
2026-03-31 06:11:04.652 9 INFO neutron.wsgi [-] 10.0.0.158 "GET / HTTP/1.1" status: 200 len: 247 time: 0.0012455
2026-03-31 06:11:04.676 10 INFO neutron.wsgi [req-a670029a-8380-4410-b62c-9647e870d7b3 req-7c0db12d-4f48-4315-8dfb-415dcf7ab3ad 2484bc5e18394fd5807c4e9c6c01aa83 46d00126e9f84abe9169fc548c5482d3 - - 3bfaaca3c24a4c16a7fd45009453a68a 3bfaaca3c24a4c16a7fd45009453a68a] 199.204.45.250 "GET /v2.0/floatingips?fixed_ip_address=10.100.0.11&port_id=4666497c-718e-4fce-bf3b-331a564dd42d HTTP/1.1" status: 200 len: 217 time: 0.3054769
2026-03-31 06:11:04.679 10 INFO neutron.wsgi [req-31417eee-ab24-4b75-9ae0-aa1363c72cde req-058ad277-d367-4820-8760-97ddb44bfe8d f19babc591574c3a8757346bc29c9dc0 261cadf982c045f1adeeadcc807e529c - - default default] 10.0.0.228 "GET /v2.0/security-groups?id=2f528542-3c8f-42b1-9e71-2867f5f17db7&fields=id&fields=name HTTP/1.1" status: 200 len: 312 time: 0.4353397
2026-03-31 06:11:04.716 10 INFO neutron.wsgi [req-a670029a-8380-4410-b62c-9647e870d7b3 req-47a04a62-b7d4-434b-8b1b-86cfc61dec19 2484bc5e18394fd5807c4e9c6c01aa83 46d00126e9f84abe9169fc548c5482d3 - - 3bfaaca3c24a4c16a7fd45009453a68a 3bfaaca3c24a4c16a7fd45009453a68a] 199.204.45.250 "GET /v2.0/subnets?id=cafb6ac1-271b-4453-903a-14c07117a161 HTTP/1.1" status: 200 len: 853 time: 0.0345626
2026-03-31 06:11:04.740 10 INFO neutron.wsgi [req-a670029a-8380-4410-b62c-9647e870d7b3 req-7c4e3122-bd6b-48fc-93bb-d46bfce2bde4 2484bc5e18394fd5807c4e9c6c01aa83 46d00126e9f84abe9169fc548c5482d3 - - 3bfaaca3c24a4c16a7fd45009453a68a 3bfaaca3c24a4c16a7fd45009453a68a] 199.204.45.250 "GET /v2.0/ports?network_id=77d7603f-c7a5-431f-b1c7-422d7071014c&device_owner=network%3Adhcp HTTP/1.1" status: 200 len: 210 time: 0.0179935
2026-03-31 06:11:04.799 9 INFO neutron.notifiers.nova [-] Nova event matching ['req-b452d662-9ba9-4cf4-abed-0ba3102001c1'] response: {'server_uuid': '5f7a906f-ceca-419a-97c6-ab35ecee0c5e', 'name': 'network-vif-plugged', 'status': 'completed', 'tag': '4666497c-718e-4fce-bf3b-331a564dd42d', 'code': 200}
2026-03-31 06:11:04.857 10 INFO neutron.wsgi [req-a670029a-8380-4410-b62c-9647e870d7b3 req-1c615ff2-d1ad-475d-bee0-66792b7fd5d9 2484bc5e18394fd5807c4e9c6c01aa83 46d00126e9f84abe9169fc548c5482d3 - - 3bfaaca3c24a4c16a7fd45009453a68a 3bfaaca3c24a4c16a7fd45009453a68a] 199.204.45.250 "GET /v2.0/networks/77d7603f-c7a5-431f-b1c7-422d7071014c?fields=segments HTTP/1.1" status: 200 len: 212 time: 0.1100440
2026-03-31 06:11:04.929 10 INFO neutron.wsgi [req-a670029a-8380-4410-b62c-9647e870d7b3 req-69c812df-67de-42e5-8d82-2744124df560 2484bc5e18394fd5807c4e9c6c01aa83 46d00126e9f84abe9169fc548c5482d3 - - 3bfaaca3c24a4c16a7fd45009453a68a 3bfaaca3c24a4c16a7fd45009453a68a] 199.204.45.250 "GET /v2.0/networks/77d7603f-c7a5-431f-b1c7-422d7071014c?fields=provider%3Aphysical_network&fields=provider%3Anetwork_type HTTP/1.1" status: 200 len: 277 time: 0.0651684
2026-03-31 06:11:05.113 9 INFO neutron.db.ovn_revision_numbers_db [None req-030bbb55-b044-41b5-b59e-7f1ab0a84184 - - - - - -] Successfully bumped revision number for resource 4666497c-718e-4fce-bf3b-331a564dd42d (type: ports) to 4
2026-03-31 06:11:05.472 9 INFO neutron.wsgi [None req-89b2aaca-1510-4c24-a397-b3a980ad55aa eef06c56c0e6461aad998f52a5bb9070 78a23fd4d5494a6fb48f0fa33886bca4 - - default default] 10.0.0.150 "DELETE /v2.0/routers/b3cc3d80-86b7-4446-8f8d-51cf3fec0a2d HTTP/1.1" status: 204 len: 168 time: 1.5527074 /var/lib/openstack/lib/python3.10/site-packages/pycadf/identifier.py:71: UserWarning: Invalid uuid: neutron. To ensure interoperability, identifiers should be a valid uuid. warnings.warn(('Invalid uuid: %s. To ensure interoperability, '
2026-03-31 06:11:05.707 9 INFO neutron.wsgi [None req-a1b9618c-c76d-45e7-80f6-90efdb3a6daf eef06c56c0e6461aad998f52a5bb9070 78a23fd4d5494a6fb48f0fa33886bca4 - - default default] 10.0.0.150 "DELETE /v2.0/subnets/376be44e-a81b-406c-82c8-e859bc7249db HTTP/1.1" status: 204 len: 168 time: 0.2291498
2026-03-31 06:11:05.800 10 INFO neutron.wsgi [req-ea3ae989-8e60-4599-a963-be5e236c49eb req-1cf5c3a6-2ce5-4265-9edc-06778a500096 f19babc591574c3a8757346bc29c9dc0 261cadf982c045f1adeeadcc807e529c - - default default] 10.0.0.228 "GET /v2.0/ports?device_id=5f7a906f-ceca-419a-97c6-ab35ecee0c5e HTTP/1.1" status: 200 len: 1174 time: 0.0505300
2026-03-31 06:11:05.879 10 INFO neutron.wsgi [req-ea3ae989-8e60-4599-a963-be5e236c49eb req-4b955c4c-2f10-4bfe-87bf-281402be9dde f19babc591574c3a8757346bc29c9dc0 261cadf982c045f1adeeadcc807e529c - - default default] 10.0.0.228 "GET /v2.0/security-groups?id=2f528542-3c8f-42b1-9e71-2867f5f17db7&fields=id&fields=name HTTP/1.1" status: 200 len: 312 time: 0.0714505
2026-03-31 06:11:06.159 9 INFO neutron.wsgi [req-a4335561-75d0-430a-875b-27a2e853c97c req-f77623c4-8932-45e6-99fd-20ad89991583 f19babc591574c3a8757346bc29c9dc0 261cadf982c045f1adeeadcc807e529c - - default default] 10.0.0.228 "GET /v2.0/ports?device_id=5f7a906f-ceca-419a-97c6-ab35ecee0c5e HTTP/1.1" status: 200 len: 1174 time: 0.1731658
2026-03-31 06:11:06.227 9 INFO neutron.wsgi [req-a4335561-75d0-430a-875b-27a2e853c97c req-378c9cec-c344-4af6-96c1-fc0128f4cb24 f19babc591574c3a8757346bc29c9dc0 261cadf982c045f1adeeadcc807e529c - - default default] 10.0.0.228 "GET /v2.0/security-groups?id=2f528542-3c8f-42b1-9e71-2867f5f17db7&fields=id&fields=name HTTP/1.1" status: 200 len: 312 time: 0.0616214
2026-03-31 06:11:06.380 9 INFO neutron.wsgi [None req-d6443cca-e4bc-46a6-a465-2914a65e8930 c6b19fad1b664d60ad6b1e2fb09c4fc0 6056e9fcb2e6459b9f02a118d0ed6e9c - - default default] 10.0.0.150 "GET /v2.0/ports?device_id=5f7a906f-ceca-419a-97c6-ab35ecee0c5e HTTP/1.1" status: 200 len: 1408 time: 0.1186557
2026-03-31 06:11:06.390 10 WARNING neutron_lib.context [None req-46289c66-eefc-466a-a753-0c408b16ed44 f19babc591574c3a8757346bc29c9dc0 261cadf982c045f1adeeadcc807e529c - - default default] Method 'is_advsvc' is deprecated since 2023.2 release (neutron-lib 3.8.0) and will be removed once support for the old RBAC API policies will be removed from Neutron. Please use method 'is_service_role' instead.
2026-03-31 06:11:06.397 9 INFO neutron.services.segments.plugin [-] Segment a903c33c-b011-4b70-b9e3-44200bf07d84 resource provider aggregate not found
2026-03-31 06:11:06.403 9 INFO neutron.services.segments.plugin [-] Segment a903c33c-b011-4b70-b9e3-44200bf07d84 resource provider aggregate not found
2026-03-31 06:11:06.423 9 INFO neutron.services.segments.plugin [-] Segment a903c33c-b011-4b70-b9e3-44200bf07d84 resource provider not found; error: Placement Client Error (4xx): {"errors": [{"status": 404, "title": "Not Found", "detail": "The resource could not be found.\n\n No resource provider with uuid a903c33c-b011-4b70-b9e3-44200bf07d84 found for delete ", "request_id": "req-f0d52f35-8d45-452e-bad9-e27ddeb7d995"}]}
2026-03-31 06:11:06.426 9 INFO neutron.services.segments.plugin [-] Segment a903c33c-b011-4b70-b9e3-44200bf07d84 resource provider not found; error: Placement Client Error (4xx): {"errors": [{"status": 404, "title": "Not Found", "detail": "The resource could not be found.\n\n No resource provider with uuid a903c33c-b011-4b70-b9e3-44200bf07d84 found for delete ", "request_id": "req-a8c254a5-03c8-4df2-b18e-6eae131b5a12"}]}
2026-03-31 06:11:06.443 9 INFO neutron.wsgi [None req-a2516ef0-bc00-40d7-bbc4-5ca62be46f30 eef06c56c0e6461aad998f52a5bb9070 78a23fd4d5494a6fb48f0fa33886bca4 - - default default] 10.0.0.150 "DELETE /v2.0/networks/29f89273-c0e9-43d0-b4eb-1c59cab3de13 HTTP/1.1" status: 204 len: 168 time: 0.7276974
2026-03-31 06:11:06.758 10 WARNING neutron.scheduler.dhcp_agent_scheduler [None req-46289c66-eefc-466a-a753-0c408b16ed44 f19babc591574c3a8757346bc29c9dc0 261cadf982c045f1adeeadcc807e529c - - default default] No more DHCP agents
2026-03-31 06:11:06.761 10 WARNING neutron.api.rpc.agentnotifiers.dhcp_rpc_agent_api [None req-46289c66-eefc-466a-a753-0c408b16ed44 f19babc591574c3a8757346bc29c9dc0 261cadf982c045f1adeeadcc807e529c - - default default] Unable to schedule network a06480ad-20a5-4a4c-9e66-78b05aafe665: no agents available; will retry on subsequent port and subnet creation events.
2026-03-31 06:11:06.839 9 INFO neutron.notifiers.nova [-] Nova event matching ['req-ed2186fc-3078-4e63-81d8-4459385345ba'] response: {'server_uuid': '5f7a906f-ceca-419a-97c6-ab35ecee0c5e', 'name': 'network-vif-plugged', 'status': 'completed', 'tag': '4666497c-718e-4fce-bf3b-331a564dd42d', 'code': 200}
2026-03-31 06:11:07.307 9 INFO neutron.wsgi [None req-d53f944a-77f5-4401-9d2d-bb39e88ba6e3 805bb2134d174bffb3dd348f04c0a4bc ea3b4cf9758c4a568bbbbb89a380be48 - - default default] 10.0.0.150 "GET /v2.0/security-groups?tenant_id=78a23fd4d5494a6fb48f0fa33886bca4&name=default HTTP/1.1" status: 200 len: 3120 time: 0.3663039
2026-03-31 06:11:07.572 9 INFO neutron.wsgi [None req-ead8a806-1b98-4d0d-a203-ec75e9f9b153 805bb2134d174bffb3dd348f04c0a4bc ea3b4cf9758c4a568bbbbb89a380be48 - - default default] 10.0.0.150 "DELETE /v2.0/security-groups/5b5ca785-beba-49fc-977a-38d4fd1ea909 HTTP/1.1" status: 204 len: 168 time: 0.2543912
2026-03-31 06:11:07.637 10 INFO neutron.db.ovn_revision_numbers_db [None req-46289c66-eefc-466a-a753-0c408b16ed44 f19babc591574c3a8757346bc29c9dc0 261cadf982c045f1adeeadcc807e529c - - default default] Successfully bumped revision number for resource 522688b0-e77d-4c62-8248-aa928468fcc2 (type: floatingips) to -1
2026-03-31 06:11:07.797 10 INFO neutron.db.ovn_revision_numbers_db [None req-46289c66-eefc-466a-a753-0c408b16ed44 f19babc591574c3a8757346bc29c9dc0 261cadf982c045f1adeeadcc807e529c - - default default] Successfully bumped revision number for resource 522688b0-e77d-4c62-8248-aa928468fcc2 (type: floatingips) to 1
2026-03-31 06:11:07.798 10 INFO neutron.db.l3_db [None req-46289c66-eefc-466a-a753-0c408b16ed44 f19babc591574c3a8757346bc29c9dc0 261cadf982c045f1adeeadcc807e529c - - default default] Floating IP 522688b0-e77d-4c62-8248-aa928468fcc2 associated. External IP: 10.96.250.220, port: 4666497c-718e-4fce-bf3b-331a564dd42d.
2026-03-31 06:11:07.847 10 INFO neutron.wsgi [None req-46289c66-eefc-466a-a753-0c408b16ed44 f19babc591574c3a8757346bc29c9dc0 261cadf982c045f1adeeadcc807e529c - - default default] 10.0.0.150 "POST /v2.0/floatingips HTTP/1.1" status: 201 len: 1055 time: 1.4626980 /var/lib/openstack/lib/python3.10/site-packages/pycadf/identifier.py:71: UserWarning: Invalid uuid: neutron. To ensure interoperability, identifiers should be a valid uuid. warnings.warn(('Invalid uuid: %s. To ensure interoperability, '
2026-03-31 06:11:07.881 10 WARNING neutron_lib.context [None req-acfce7dd-0f3a-4671-9ca0-dedcbdc2b086 3edf3022998f445696e0ac7b12b82050 7c7c9f17dce742e28f6737ef484f487f - - default default] Method 'is_advsvc' is deprecated since 2023.2 release (neutron-lib 3.8.0) and will be removed once support for the old RBAC API policies will be removed from Neutron. Please use method 'is_service_role' instead.
2026-03-31 06:11:07.910 9 INFO neutron.wsgi [None req-f545cc83-d4b5-4f21-b010-7fdea86db0b5 f19babc591574c3a8757346bc29c9dc0 261cadf982c045f1adeeadcc807e529c - - default default] 10.0.0.150 "GET /v2.0/floatingips/522688b0-e77d-4c62-8248-aa928468fcc2 HTTP/1.1" status: 200 len: 1052 time: 0.0563893
2026-03-31 06:11:07.911 10 INFO neutron.notifiers.nova [-] Nova event matching ['req-5d3866c0-c795-4b93-ac6e-a445a5b72f84'] response: {'name': 'network-changed', 'server_uuid': '5f7a906f-ceca-419a-97c6-ab35ecee0c5e', 'tag': '4666497c-718e-4fce-bf3b-331a564dd42d', 'status': 'completed', 'code': 200}
2026-03-31 06:11:07.974 10 INFO neutron.wsgi [req-e2a0722c-7064-47cd-8837-a685b161bcaf req-26ac5773-2d8d-43fa-b332-11e2a05857d9 2484bc5e18394fd5807c4e9c6c01aa83 46d00126e9f84abe9169fc548c5482d3 - - 3bfaaca3c24a4c16a7fd45009453a68a 3bfaaca3c24a4c16a7fd45009453a68a] 199.204.45.250 "GET /v2.0/ports?tenant_id=261cadf982c045f1adeeadcc807e529c&device_id=5f7a906f-ceca-419a-97c6-ab35ecee0c5e HTTP/1.1" status: 200 len: 1413 time: 0.0455606
