2026-03-31 06:09:22.100 10 INFO neutron.db.segments_db [None req-2411a54d-0744-4e17-abc3-43fb7d0d2c16 145d2b05f851428e9039a1722ca599e4 8aa09f338f294cb3b46cfb61e4a1993e - - default default] Added segment 8be8fb0e-9b7a-490e-b26d-7405c2a6e8f8 of type geneve for network 19539c87-7201-4ce4-b941-d6f518c458e2
2026-03-31 06:09:22.105 9 INFO neutron.pecan_wsgi.hooks.translation [None req-050ca125-6229-4a5a-adc3-9ea5b84ab404 b194e690e66448d9a8d356cc1d0c7c0a 291ebb84edc0430083a4a53e5022c965 - - default default] DELETE failed (client error): The resource could not be found.
2026-03-31 06:09:22.107 9 INFO neutron.wsgi [None req-050ca125-6229-4a5a-adc3-9ea5b84ab404 b194e690e66448d9a8d356cc1d0c7c0a 291ebb84edc0430083a4a53e5022c965 - - default default] 10.0.0.150 "DELETE /v2.0/subnets/7012a008-190d-42f6-b683-e730757a4e35 HTTP/1.1" status: 404 len: 337 time: 0.0288553
2026-03-31 06:09:22.130 9 INFO neutron.pecan_wsgi.hooks.translation [None req-5fdebe74-8c62-44da-9465-1cc783baed8d b194e690e66448d9a8d356cc1d0c7c0a 291ebb84edc0430083a4a53e5022c965 - - default default] DELETE failed (client error): The resource could not be found.
2026-03-31 06:09:22.132 9 INFO neutron.wsgi [None req-5fdebe74-8c62-44da-9465-1cc783baed8d b194e690e66448d9a8d356cc1d0c7c0a 291ebb84edc0430083a4a53e5022c965 - - default default] 10.0.0.150 "DELETE /v2.0/subnets/88f55ac8-95f4-493f-b61b-8dadcb54ad26 HTTP/1.1" status: 404 len: 337 time: 0.0196760
2026-03-31 06:09:22.183 9 WARNING neutron.scheduler.dhcp_agent_scheduler [None req-ab346ecb-54ae-4008-b48a-9c04946b65d7 4658b87a252c4649945bbe4cd9b9977f aea925e3291d4a86915fd8fe90735c06 - - default default] No more DHCP agents
2026-03-31 06:09:22.190 9 WARNING neutron.api.rpc.agentnotifiers.dhcp_rpc_agent_api [None req-ab346ecb-54ae-4008-b48a-9c04946b65d7 4658b87a252c4649945bbe4cd9b9977f aea925e3291d4a86915fd8fe90735c06 - - default default] Unable to schedule network 4a792406-2276-4563-905a-7bef255b1999: no agents available; will retry on subsequent port and subnet creation events.
2026-03-31 06:09:22.260 10 INFO neutron.db.ovn_revision_numbers_db [None req-2411a54d-0744-4e17-abc3-43fb7d0d2c16 145d2b05f851428e9039a1722ca599e4 8aa09f338f294cb3b46cfb61e4a1993e - - default default] Successfully bumped revision number for resource 19539c87-7201-4ce4-b941-d6f518c458e2 (type: networks) to 1
2026-03-31 06:09:22.263 10 INFO neutron.services.segments.plugin [-] Segment 34cf656e-034f-405e-aae3-ebba2e209e07 resource provider aggregate not found
2026-03-31 06:09:22.267 10 INFO neutron.services.segments.plugin [-] Segment 34cf656e-034f-405e-aae3-ebba2e209e07 resource provider aggregate not found
2026-03-31 06:09:22.283 10 INFO neutron.services.segments.plugin [-] Segment 34cf656e-034f-405e-aae3-ebba2e209e07 resource provider not found; error: Placement Client Error (4xx): {"errors": [{"status": 404, "title": "Not Found", "detail": "The resource could not be found.\n\n No resource provider with uuid 34cf656e-034f-405e-aae3-ebba2e209e07 found for delete ", "request_id": "req-4d250a5e-0dca-4439-a668-fb92917efdd4"}]}
2026-03-31 06:09:22.288 10 INFO neutron.services.segments.plugin [-] Segment 34cf656e-034f-405e-aae3-ebba2e209e07 resource provider not found; error: Placement Client Error (4xx): {"errors": [{"status": 404, "title": "Not Found", "detail": "The resource could not be found.\n\n No resource provider with uuid 34cf656e-034f-405e-aae3-ebba2e209e07 found for delete ", "request_id": "req-43dccd7a-67f5-4d45-8ec4-8322e805a415"}]}
2026-03-31 06:09:22.298 9 INFO neutron.db.ovn_revision_numbers_db [None req-ab346ecb-54ae-4008-b48a-9c04946b65d7 4658b87a252c4649945bbe4cd9b9977f aea925e3291d4a86915fd8fe90735c06 - - default default] Successfully bumped revision number for resource b5cbd393-9d66-4650-aed1-8a5d49a99335 (type: ports) to 1
2026-03-31 06:09:22.306 10 INFO neutron.services.segments.plugin [-] Segment ca82a0af-547d-4a93-ac2d-c4f7801adb93 resource provider aggregate not found
2026-03-31 06:09:22.310 10 INFO neutron.services.segments.plugin [-] Segment ca82a0af-547d-4a93-ac2d-c4f7801adb93 resource provider aggregate not found
2026-03-31 06:09:22.336 10 INFO neutron.services.segments.plugin [-] Segment ca82a0af-547d-4a93-ac2d-c4f7801adb93 resource provider not found; error: Placement Client Error (4xx): {"errors": [{"status": 404, "title": "Not Found", "detail": "The resource could not be found.\n\n No resource provider with uuid ca82a0af-547d-4a93-ac2d-c4f7801adb93 found for delete ", "request_id": "req-e90db05c-1265-4ca0-a3de-367a9f994679"}]}
2026-03-31 06:09:22.338 9 INFO neutron.wsgi [None req-ab346ecb-54ae-4008-b48a-9c04946b65d7 4658b87a252c4649945bbe4cd9b9977f aea925e3291d4a86915fd8fe90735c06 - - default default] 10.0.0.150 "POST /v2.0/networks HTTP/1.1" status: 201 len: 833 time: 0.7389755
2026-03-31 06:09:22.345 10 INFO neutron.services.segments.plugin [-] Segment ca82a0af-547d-4a93-ac2d-c4f7801adb93 resource provider not found; error: Placement Client Error (4xx): {"errors": [{"status": 404, "title": "Not Found", "detail": "The resource could not be found.\n\n No resource provider with uuid ca82a0af-547d-4a93-ac2d-c4f7801adb93 found for delete ", "request_id": "req-aaee0b57-d69f-4c07-b777-43956d497819"}]}
2026-03-31 06:09:22.350 9 WARNING neutron_lib.context [None req-fc22d179-6162-4f82-acac-c5a211b12276 4658b87a252c4649945bbe4cd9b9977f aea925e3291d4a86915fd8fe90735c06 - - default default] Method 'is_advsvc' is deprecated since 2023.2 release (neutron-lib 3.8.0) and will be removed once support for the old RBAC API policies will be removed from Neutron. Please use method 'is_service_role' instead.
2026-03-31 06:09:22.495 10 WARNING neutron.scheduler.dhcp_agent_scheduler [None req-2411a54d-0744-4e17-abc3-43fb7d0d2c16 145d2b05f851428e9039a1722ca599e4 8aa09f338f294cb3b46cfb61e4a1993e - - default default] No more DHCP agents
2026-03-31 06:09:22.498 10 WARNING neutron.api.rpc.agentnotifiers.dhcp_rpc_agent_api [None req-2411a54d-0744-4e17-abc3-43fb7d0d2c16 145d2b05f851428e9039a1722ca599e4 8aa09f338f294cb3b46cfb61e4a1993e - - default default] Unable to schedule network 19539c87-7201-4ce4-b941-d6f518c458e2: no agents available; will retry on subsequent port and subnet creation events.
2026-03-31 06:09:22.518 9 INFO neutron.wsgi [None req-1fe2a886-cb2a-4512-9535-2ae6f34e1426 b194e690e66448d9a8d356cc1d0c7c0a 291ebb84edc0430083a4a53e5022c965 - - default default] 10.0.0.150 "DELETE /v2.0/ports/67a14ced-6734-4e32-98a9-0b68153add75 HTTP/1.1" status: 204 len: 168 time: 0.3801587
2026-03-31 06:09:22.717 9 WARNING neutron.scheduler.dhcp_agent_scheduler [None req-fc22d179-6162-4f82-acac-c5a211b12276 4658b87a252c4649945bbe4cd9b9977f aea925e3291d4a86915fd8fe90735c06 - - default default] No more DHCP agents
2026-03-31 06:09:22.720 9 WARNING neutron.api.rpc.agentnotifiers.dhcp_rpc_agent_api [None req-fc22d179-6162-4f82-acac-c5a211b12276 4658b87a252c4649945bbe4cd9b9977f aea925e3291d4a86915fd8fe90735c06 - - default default] Unable to schedule network 0b9640a4-c25b-4a94-a6c5-93b13aa3a8d4: no agents available; will retry on subsequent port and subnet creation events.
2026-03-31 06:09:22.771 9 INFO neutron.db.ovn_revision_numbers_db [None req-fc22d179-6162-4f82-acac-c5a211b12276 4658b87a252c4649945bbe4cd9b9977f aea925e3291d4a86915fd8fe90735c06 - - default default] Successfully bumped revision number for resource c9e8aab6-3726-404f-93e9-84855e10a74c (type: subnets) to 0
2026-03-31 06:09:22.794 9 INFO neutron.wsgi [None req-fc22d179-6162-4f82-acac-c5a211b12276 4658b87a252c4649945bbe4cd9b9977f aea925e3291d4a86915fd8fe90735c06 - - default default] 10.0.0.150 "POST /v2.0/subnets HTTP/1.1" status: 201 len: 821 time: 0.4497411
2026-03-31 06:09:22.805 9 WARNING neutron_lib.context [None req-0fcaaae0-a2ed-42c7-afd4-0bef0ee3f81d 4658b87a252c4649945bbe4cd9b9977f aea925e3291d4a86915fd8fe90735c06 - - default default] Method 'is_advsvc' is deprecated since 2023.2 release (neutron-lib 3.8.0) and will be removed once support for the old RBAC API policies will be removed from Neutron. Please use method 'is_service_role' instead.
2026-03-31 06:09:22.848 10 INFO neutron.db.ovn_revision_numbers_db [None req-2411a54d-0744-4e17-abc3-43fb7d0d2c16 145d2b05f851428e9039a1722ca599e4 8aa09f338f294cb3b46cfb61e4a1993e - - default default] Successfully bumped revision number for resource 22ea9417-f0a9-4f5e-8841-aaa293999993 (type: ports) to 1
2026-03-31 06:09:22.874 10 INFO neutron.wsgi [None req-2411a54d-0744-4e17-abc3-43fb7d0d2c16 145d2b05f851428e9039a1722ca599e4 8aa09f338f294cb3b46cfb61e4a1993e - - default default] 10.0.0.150 "POST /v2.0/networks HTTP/1.1" status: 201 len: 853 time: 0.8694212
2026-03-31 06:09:22.893 9 WARNING neutron_lib.context [None req-c0078263-23fb-472d-8e08-41970f0527ce 145d2b05f851428e9039a1722ca599e4 8aa09f338f294cb3b46cfb61e4a1993e - - default default] Method 'is_advsvc' is deprecated since 2023.2 release (neutron-lib 3.8.0) and will be removed once support for the old RBAC API policies will be removed from Neutron. Please use method 'is_service_role' instead.
2026-03-31 06:09:22.959 9 WARNING neutron_lib.context [None req-c0078263-23fb-472d-8e08-41970f0527ce 145d2b05f851428e9039a1722ca599e4 8aa09f338f294cb3b46cfb61e4a1993e - - default default] Method 'is_advsvc' is deprecated since 2023.2 release (neutron-lib 3.8.0) and will be removed once support for the old RBAC API policies will be removed from Neutron. Please use method 'is_service_role' instead.
2026-03-31 06:09:23.248 9 INFO neutron.services.segments.plugin [-] Segment f083836e-46a0-4b3a-8046-8fb3344aeccf resource provider aggregate not found
2026-03-31 06:09:23.251 9 INFO neutron.services.segments.plugin [-] Segment f083836e-46a0-4b3a-8046-8fb3344aeccf resource provider aggregate not found
2026-03-31 06:09:23.271 9 INFO neutron.services.segments.plugin [-] Segment f083836e-46a0-4b3a-8046-8fb3344aeccf resource provider not found; error: Placement Client Error (4xx): {"errors": [{"status": 404, "title": "Not Found", "detail": "The resource could not be found.\n\n No resource provider with uuid f083836e-46a0-4b3a-8046-8fb3344aeccf found for delete ", "request_id": "req-dd4c86f1-9c54-4d73-a53f-53cb7ca50ff0"}]}
2026-03-31 06:09:23.277 9 INFO neutron.services.segments.plugin [-] Segment f083836e-46a0-4b3a-8046-8fb3344aeccf resource provider not found; error: Placement Client Error (4xx): {"errors": [{"status": 404, "title": "Not Found", "detail": "The resource could not be found.\n\n No resource provider with uuid f083836e-46a0-4b3a-8046-8fb3344aeccf found for delete ", "request_id": "req-cecb2fec-e699-4f70-be9f-d40805796e15"}]}
2026-03-31 06:09:23.309 9 WARNING neutron.scheduler.dhcp_agent_scheduler [None req-0fcaaae0-a2ed-42c7-afd4-0bef0ee3f81d 4658b87a252c4649945bbe4cd9b9977f aea925e3291d4a86915fd8fe90735c06 - - default default] No more DHCP agents
2026-03-31 06:09:23.312 9 WARNING neutron.api.rpc.agentnotifiers.dhcp_rpc_agent_api [None req-0fcaaae0-a2ed-42c7-afd4-0bef0ee3f81d 4658b87a252c4649945bbe4cd9b9977f aea925e3291d4a86915fd8fe90735c06 - - default default] Unable to schedule network 4a792406-2276-4563-905a-7bef255b1999: no agents available; will retry on subsequent port and subnet creation events.
2026-03-31 06:09:23.371 9 INFO neutron.wsgi [None req-0e2c7788-cd99-42c7-9d46-add95d9c82eb b194e690e66448d9a8d356cc1d0c7c0a 291ebb84edc0430083a4a53e5022c965 - - default default] 10.0.0.150 "DELETE /v2.0/networks/2b934141-b876-4ad4-91fe-9a48eecf3b39 HTTP/1.1" status: 204 len: 168 time: 0.8444815
2026-03-31 06:09:23.379 9 INFO neutron.db.ovn_revision_numbers_db [None req-0fcaaae0-a2ed-42c7-afd4-0bef0ee3f81d 4658b87a252c4649945bbe4cd9b9977f aea925e3291d4a86915fd8fe90735c06 - - default default] Successfully bumped revision number for resource 38604db7-3e08-43f9-9230-6713f441afae (type: subnets) to 0
2026-03-31 06:09:23.409 9 INFO neutron.wsgi [None req-0fcaaae0-a2ed-42c7-afd4-0bef0ee3f81d 4658b87a252c4649945bbe4cd9b9977f aea925e3291d4a86915fd8fe90735c06 - - default default] 10.0.0.150 "POST /v2.0/subnets HTTP/1.1" status: 201 len: 830 time: 0.6100490
2026-03-31 06:09:23.419 9 WARNING neutron_lib.context [None req-4eb225ea-4b40-49e0-aaa5-c9ce1e98fea4 4658b87a252c4649945bbe4cd9b9977f aea925e3291d4a86915fd8fe90735c06 - - default default] Method 'is_advsvc' is deprecated since 2023.2 release (neutron-lib 3.8.0) and will be removed once support for the old RBAC API policies will be removed from Neutron. Please use method 'is_service_role' instead.
2026-03-31 06:09:23.572 9 INFO neutron.db.ovn_revision_numbers_db [None req-4eb225ea-4b40-49e0-aaa5-c9ce1e98fea4 4658b87a252c4649945bbe4cd9b9977f aea925e3291d4a86915fd8fe90735c06 - - default default] Successfully bumped revision number for resource 8133d5b5-b031-4775-a27d-1d17be44ad34 (type: routers) to 1
2026-03-31 06:09:23.588 9 INFO neutron.wsgi [None req-4eb225ea-4b40-49e0-aaa5-c9ce1e98fea4 4658b87a252c4649945bbe4cd9b9977f aea925e3291d4a86915fd8fe90735c06 - - default default] 10.0.0.150 "POST /v2.0/routers HTTP/1.1" status: 201 len: 806 time: 0.1741736
2026-03-31 06:09:23.743 9 WARNING neutron.scheduler.dhcp_agent_scheduler [None req-c0078263-23fb-472d-8e08-41970f0527ce 145d2b05f851428e9039a1722ca599e4 8aa09f338f294cb3b46cfb61e4a1993e - - default default] No more DHCP agents
2026-03-31 06:09:23.745 9 WARNING neutron.api.rpc.agentnotifiers.dhcp_rpc_agent_api [None req-c0078263-23fb-472d-8e08-41970f0527ce 145d2b05f851428e9039a1722ca599e4 8aa09f338f294cb3b46cfb61e4a1993e - - default default] Unable to schedule network eab2f64c-4ea1-463b-bcf9-1fa844f15dd5: no agents available; will retry on subsequent port and subnet creation events.
2026-03-31 06:09:23.859 9 INFO neutron.db.ovn_revision_numbers_db [None req-c0078263-23fb-472d-8e08-41970f0527ce 145d2b05f851428e9039a1722ca599e4 8aa09f338f294cb3b46cfb61e4a1993e - - default default] Successfully bumped revision number for resource 757efeed-7c26-4965-bd4c-6d756c569680 (type: ports) to 1
2026-03-31 06:09:23.896 9 WARNING neutron.scheduler.dhcp_agent_scheduler [None req-c0078263-23fb-472d-8e08-41970f0527ce 145d2b05f851428e9039a1722ca599e4 8aa09f338f294cb3b46cfb61e4a1993e - - default default] No more DHCP agents
2026-03-31 06:09:23.898 9 WARNING neutron.api.rpc.agentnotifiers.dhcp_rpc_agent_api [None req-c0078263-23fb-472d-8e08-41970f0527ce 145d2b05f851428e9039a1722ca599e4 8aa09f338f294cb3b46cfb61e4a1993e - - default default] Unable to schedule network 19539c87-7201-4ce4-b941-d6f518c458e2: no agents available; will retry on subsequent port and subnet creation events.
2026-03-31 06:09:24.020 9 INFO neutron.db.ovn_revision_numbers_db [None req-c0078263-23fb-472d-8e08-41970f0527ce 145d2b05f851428e9039a1722ca599e4 8aa09f338f294cb3b46cfb61e4a1993e - - default default] Successfully bumped revision number for resource 6fc2eeda-5bb7-42dd-a15f-14390c0055ce (type: ports) to 1
2026-03-31 06:09:24.063 9 INFO neutron.wsgi [None req-c0078263-23fb-472d-8e08-41970f0527ce 145d2b05f851428e9039a1722ca599e4 8aa09f338f294cb3b46cfb61e4a1993e - - default default] 10.0.0.150 "POST /v2.0/ports HTTP/1.1" status: 201 len: 1706 time: 1.1800234 /var/lib/openstack/lib/python3.10/site-packages/pycadf/identifier.py:71: UserWarning: Invalid uuid: neutron. To ensure interoperability, identifiers should be a valid uuid. warnings.warn(('Invalid uuid: %s. To ensure interoperability, '
2026-03-31 06:09:24.191 9 INFO neutron.wsgi [None req-54eabbb2-5320-4e61-a623-68fbd12ccd56 805bb2134d174bffb3dd348f04c0a4bc ea3b4cf9758c4a568bbbbb89a380be48 - - default default] 10.0.0.150 "GET /v2.0/security-groups?tenant_id=291ebb84edc0430083a4a53e5022c965&name=default HTTP/1.1" status: 200 len: 3120 time: 0.1951611
2026-03-31 06:09:24.222 9 INFO neutron.wsgi [None req-7e015759-1091-4a3f-ae9e-d807c4034e4d 145d2b05f851428e9039a1722ca599e4 8aa09f338f294cb3b46cfb61e4a1993e - - default default] 10.0.0.150 "GET /v2.0/ports HTTP/1.1" status: 200 len: 3213 time: 0.1521878
2026-03-31 06:09:24.242 10 WARNING neutron.scheduler.dhcp_agent_scheduler [None req-25874ee5-5cc5-40f7-96ed-a8d0307d6f8d 4658b87a252c4649945bbe4cd9b9977f aea925e3291d4a86915fd8fe90735c06 - - default default] No more DHCP agents
2026-03-31 06:09:24.245 10 WARNING neutron.api.rpc.agentnotifiers.dhcp_rpc_agent_api [None req-25874ee5-5cc5-40f7-96ed-a8d0307d6f8d 4658b87a252c4649945bbe4cd9b9977f aea925e3291d4a86915fd8fe90735c06 - - default default] Unable to schedule network 0b9640a4-c25b-4a94-a6c5-93b13aa3a8d4: no agents available; will retry on subsequent port and subnet creation events.
2026-03-31 06:09:24.374 10 INFO neutron.db.ovn_revision_numbers_db [None req-25874ee5-5cc5-40f7-96ed-a8d0307d6f8d 4658b87a252c4649945bbe4cd9b9977f aea925e3291d4a86915fd8fe90735c06 - - default default] Successfully bumped revision number for resource 4229b96e-8440-47e4-91cf-13b1e970253d (type: ports) to 1
2026-03-31 06:09:24.512 9 INFO neutron.wsgi [None req-616aea32-d2ba-4fb7-9d81-32d4ee19c4ef 805bb2134d174bffb3dd348f04c0a4bc ea3b4cf9758c4a568bbbbb89a380be48 - - default default] 10.0.0.150 "DELETE /v2.0/security-groups/a6e297cc-c0b3-471c-9180-3b1d17a98515 HTTP/1.1" status: 204 len: 168 time: 0.3165903
2026-03-31 06:09:24.535 9 INFO neutron.wsgi [None req-e63b3184-2a59-4dbe-86c7-7cc6cfd63b75 145d2b05f851428e9039a1722ca599e4 8aa09f338f294cb3b46cfb61e4a1993e - - default default] 10.0.0.150 "DELETE /v2.0/ports/757efeed-7c26-4965-bd4c-6d756c569680 HTTP/1.1" status: 204 len: 168 time: 0.3087034
2026-03-31 06:09:24.813 9 INFO neutron.wsgi [None req-6232ea5a-c310-4444-a94e-8e384aa2f82b 145d2b05f851428e9039a1722ca599e4 8aa09f338f294cb3b46cfb61e4a1993e - - default default] 10.0.0.150 "DELETE /v2.0/ports/6fc2eeda-5bb7-42dd-a15f-14390c0055ce HTTP/1.1" status: 204 len: 168 time: 0.2742500
2026-03-31 06:09:24.984 10 INFO neutron.wsgi [req-a60a6931-5fc2-4e2d-bf48-732c17d2eba6 req-eb3c1a51-4b03-4057-b352-070eea249193 2484bc5e18394fd5807c4e9c6c01aa83 46d00126e9f84abe9169fc548c5482d3 - - 3bfaaca3c24a4c16a7fd45009453a68a 3bfaaca3c24a4c16a7fd45009453a68a] 199.204.45.250 "GET /v2.0/ports?device_id=c9ae59c3-5162-405c-9c72-fc3905aa4ff2&fields=binding%3Ahost_id&fields=binding%3Avif_type HTTP/1.1" status: 200 len: 265 time: 0.1119964
2026-03-31 06:09:25.036 10 ERROR ovsdbapp.backend.ovs_idl.command [None req-25874ee5-5cc5-40f7-96ed-a8d0307d6f8d 4658b87a252c4649945bbe4cd9b9977f aea925e3291d4a86915fd8fe90735c06 - - default default] Error executing command (DbGetCommand): ovsdbapp.backend.ovs_idl.idlutils.RowNotFound: Cannot find Logical_Router_Port with name=lrp-4229b96e-8440-47e4-91cf-13b1e970253d
2026-03-31 06:09:25.036 10 ERROR ovsdbapp.backend.ovs_idl.command
Traceback (most recent call last):
2026-03-31 06:09:25.036 10 ERROR ovsdbapp.backend.ovs_idl.command
File "/var/lib/openstack/lib/python3.10/site-packages/ovsdbapp/backend/ovs_idl/command.py", line 47, in execute
2026-03-31 06:09:25.036 10 ERROR ovsdbapp.backend.ovs_idl.command self.run_idl(None)
2026-03-31 06:09:25.036 10 ERROR ovsdbapp.backend.ovs_idl.command
File "/var/lib/openstack/lib/python3.10/site-packages/ovsdbapp/backend/ovs_idl/command.py", line 235, in run_idl
2026-03-31 06:09:25.036 10 ERROR ovsdbapp.backend.ovs_idl.command record = self.api.lookup(self.table, self.record)
2026-03-31 06:09:25.036 10 ERROR ovsdbapp.backend.ovs_idl.command
File "/var/lib/openstack/lib/python3.10/site-packages/ovsdbapp/backend/ovs_idl/__init__.py", line 184, in lookup
2026-03-31 06:09:25.036 10 ERROR ovsdbapp.backend.ovs_idl.command return self._lookup(table, record)
2026-03-31 06:09:25.036 10 ERROR ovsdbapp.backend.ovs_idl.command
File "/var/lib/openstack/lib/python3.10/site-packages/ovsdbapp/backend/ovs_idl/__init__.py", line 235, in _lookup
2026-03-31 06:09:25.036 10 ERROR ovsdbapp.backend.ovs_idl.command row = idlutils.row_by_value(self, rl.table, rl.column, record)
2026-03-31 06:09:25.036 10 ERROR ovsdbapp.backend.ovs_idl.command
File "/var/lib/openstack/lib/python3.10/site-packages/ovsdbapp/backend/ovs_idl/idlutils.py", line 114, in row_by_value
2026-03-31 06:09:25.036 10 ERROR ovsdbapp.backend.ovs_idl.command raise RowNotFound(table=table, col=column, match=match)
2026-03-31 06:09:25.036 10 ERROR ovsdbapp.backend.ovs_idl.command ovsdbapp.backend.ovs_idl.idlutils.RowNotFound: Cannot find Logical_Router_Port with name=lrp-4229b96e-8440-47e4-91cf-13b1e970253d
2026-03-31 06:09:25.036 10 ERROR ovsdbapp.backend.ovs_idl.command 
2026-03-31 06:09:25.037 10 ERROR neutron_lib.callbacks.manager [None req-25874ee5-5cc5-40f7-96ed-a8d0307d6f8d 4658b87a252c4649945bbe4cd9b9977f aea925e3291d4a86915fd8fe90735c06 - - default default] Error during notification for neutron.services.ovn_l3.plugin.OVNL3RouterPlugin._port_update-8773592256239 port, after_update: ovsdbapp.backend.ovs_idl.idlutils.RowNotFound: Cannot find Logical_Router_Port with name=lrp-4229b96e-8440-47e4-91cf-13b1e970253d
2026-03-31 06:09:25.037 10 ERROR neutron_lib.callbacks.manager
Traceback (most recent call last):
2026-03-31 06:09:25.037 10 ERROR neutron_lib.callbacks.manager
File "/var/lib/openstack/lib/python3.10/site-packages/neutron_lib/callbacks/manager.py", line 189, in _notify_loop
2026-03-31 06:09:25.037 10 ERROR neutron_lib.callbacks.manager callback.method(resource, event, trigger, payload=payload)
2026-03-31 06:09:25.037 10 ERROR neutron_lib.callbacks.manager
File "/var/lib/openstack/lib/python3.10/site-packages/neutron/services/ovn_l3/plugin.py", line 391, in _port_update
2026-03-31 06:09:25.037 10 ERROR neutron_lib.callbacks.manager l3plugin._ovn_client.update_router_port(context,
2026-03-31 06:09:25.037 10 ERROR neutron_lib.callbacks.manager
File "/var/lib/openstack/lib/python3.10/site-packages/neutron/plugins/ml2/drivers/ovn/mech_driver/ovsdb/ovn_client.py", line 1878, in update_router_port
2026-03-31 06:09:25.037 10 ERROR neutron_lib.callbacks.manager self._update_lrouter_port(context, port, if_exists=if_exists,
2026-03-31 06:09:25.037 10 ERROR neutron_lib.callbacks.manager
File "/var/lib/openstack/lib/python3.10/site-packages/neutron/plugins/ml2/drivers/ovn/mech_driver/ovsdb/ovn_client.py", line 1855, in _update_lrouter_port
2026-03-31 06:09:25.037 10 ERROR neutron_lib.callbacks.manager external_ids = self._nb_idl.db_get(
2026-03-31 06:09:25.037 10 ERROR neutron_lib.callbacks.manager
File "/var/lib/openstack/lib/python3.10/site-packages/ovsdbapp/backend/ovs_idl/command.py", line 47, in execute
2026-03-31 06:09:25.037 10 ERROR neutron_lib.callbacks.manager self.run_idl(None)
2026-03-31 06:09:25.037 10 ERROR neutron_lib.callbacks.manager
File "/var/lib/openstack/lib/python3.10/site-packages/ovsdbapp/backend/ovs_idl/command.py", line 235, in run_idl
2026-03-31 06:09:25.037 10 ERROR neutron_lib.callbacks.manager record = self.api.lookup(self.table, self.record)
2026-03-31 06:09:25.037 10 ERROR neutron_lib.callbacks.manager
File "/var/lib/openstack/lib/python3.10/site-packages/ovsdbapp/backend/ovs_idl/__init__.py", line 184, in lookup
2026-03-31 06:09:25.037 10 ERROR neutron_lib.callbacks.manager return self._lookup(table, record)
2026-03-31 06:09:25.037 10 ERROR neutron_lib.callbacks.manager
File "/var/lib/openstack/lib/python3.10/site-packages/ovsdbapp/backend/ovs_idl/__init__.py", line 235, in _lookup
2026-03-31 06:09:25.037 10 ERROR neutron_lib.callbacks.manager row = idlutils.row_by_value(self, rl.table, rl.column, record)
2026-03-31 06:09:25.037 10 ERROR neutron_lib.callbacks.manager
File "/var/lib/openstack/lib/python3.10/site-packages/ovsdbapp/backend/ovs_idl/idlutils.py", line 114, in row_by_value
2026-03-31 06:09:25.037 10 ERROR neutron_lib.callbacks.manager raise RowNotFound(table=table, col=column, match=match)
2026-03-31 06:09:25.037 10 ERROR neutron_lib.callbacks.manager ovsdbapp.backend.ovs_idl.idlutils.RowNotFound: Cannot find Logical_Router_Port with name=lrp-4229b96e-8440-47e4-91cf-13b1e970253d
2026-03-31 06:09:25.037 10 ERROR neutron_lib.callbacks.manager 
2026-03-31 06:09:25.089 10 INFO neutron.wsgi [None req-40572b4e-bdc5-4f91-91ce-b9c2967e5ed8 145d2b05f851428e9039a1722ca599e4 8aa09f338f294cb3b46cfb61e4a1993e - - default default] 10.0.0.150 "GET /v2.0/ports HTTP/1.1" status: 200 len: 1718 time: 0.2700708
2026-03-31 06:09:25.104 9 WARNING neutron_lib.context [None req-303915a6-212d-4ee6-8f1d-667669312be7 145d2b05f851428e9039a1722ca599e4 8aa09f338f294cb3b46cfb61e4a1993e - - default default] Method 'is_advsvc' is deprecated since 2023.2 release (neutron-lib 3.8.0) and will be removed once support for the old RBAC API policies will be removed from Neutron. Please use method 'is_service_role' instead.
2026-03-31 06:09:25.118 10 INFO neutron.wsgi [req-a60a6931-5fc2-4e2d-bf48-732c17d2eba6 req-66a3a273-474f-44c6-b467-0067429fe25d 2484bc5e18394fd5807c4e9c6c01aa83 46d00126e9f84abe9169fc548c5482d3 - - 3bfaaca3c24a4c16a7fd45009453a68a 3bfaaca3c24a4c16a7fd45009453a68a] 199.204.45.250 "GET /v2.0/ports?tenant_id=892e7e8f917f44c797cf7e855a888b60&device_id=c9ae59c3-5162-405c-9c72-fc3905aa4ff2 HTTP/1.1" status: 200 len: 1413 time: 0.0606146
2026-03-31 06:09:25.195 9 INFO neutron.db.segments_db [None req-303915a6-212d-4ee6-8f1d-667669312be7 145d2b05f851428e9039a1722ca599e4 8aa09f338f294cb3b46cfb61e4a1993e - - default default] Added segment 8995a2ff-e10b-4072-844c-7ba22dfc07f3 of type geneve for network a15a65de-c766-4fe5-bc92-dd33e30e0856
2026-03-31 06:09:25.255 10 INFO neutron.wsgi [req-a60a6931-5fc2-4e2d-bf48-732c17d2eba6 req-8a71430b-5810-4f6f-954d-459d585317be 2484bc5e18394fd5807c4e9c6c01aa83 46d00126e9f84abe9169fc548c5482d3 - - 3bfaaca3c24a4c16a7fd45009453a68a 3bfaaca3c24a4c16a7fd45009453a68a] 199.204.45.250 "GET /v2.0/networks?id=55170cec-8911-4292-9c47-00f1f96946ce HTTP/1.1" status: 200 len: 974 time: 0.1194100
2026-03-31 06:09:25.293 10 INFO neutron.plugins.ml2.drivers.ovn.mech_driver.mech_driver [None req-e2f31618-046d-476a-a7ff-4884df1feeca - - - - - -] OVN reports status up for port: 4229b96e-8440-47e4-91cf-13b1e970253d
2026-03-31 06:09:25.322 10 INFO neutron.plugins.ml2.plugin [None req-e2f31618-046d-476a-a7ff-4884df1feeca - - - - - -] Attempt 1 to provision port 4229b96e-8440-47e4-91cf-13b1e970253d
2026-03-31 06:09:25.350 10 INFO neutron.wsgi [req-a60a6931-5fc2-4e2d-bf48-732c17d2eba6 req-5b18071e-95e4-4a26-9d32-cba6eba7df61 2484bc5e18394fd5807c4e9c6c01aa83 46d00126e9f84abe9169fc548c5482d3 - - 3bfaaca3c24a4c16a7fd45009453a68a 3bfaaca3c24a4c16a7fd45009453a68a] 199.204.45.250 "GET /v2.0/floatingips?fixed_ip_address=10.100.0.13&port_id=bd048383-4043-4665-94f0-f92f5e2f941e HTTP/1.1" status: 200 len: 1060 time: 0.0866985
2026-03-31 06:09:25.369 10 INFO neutron.db.ovn_revision_numbers_db [None req-25874ee5-5cc5-40f7-96ed-a8d0307d6f8d 4658b87a252c4649945bbe4cd9b9977f aea925e3291d4a86915fd8fe90735c06 - - default default] Successfully bumped revision number for resource 4229b96e-8440-47e4-91cf-13b1e970253d (type: ports) to 1
2026-03-31 06:09:25.395 9 INFO neutron.db.ovn_revision_numbers_db [None req-303915a6-212d-4ee6-8f1d-667669312be7 145d2b05f851428e9039a1722ca599e4 8aa09f338f294cb3b46cfb61e4a1993e - - default default] Successfully bumped revision number for resource a15a65de-c766-4fe5-bc92-dd33e30e0856 (type: networks) to 1
2026-03-31 06:09:25.409 10 INFO neutron.wsgi [req-a60a6931-5fc2-4e2d-bf48-732c17d2eba6 req-76eff9da-9674-45b7-8b27-daacc9ac319a 2484bc5e18394fd5807c4e9c6c01aa83 46d00126e9f84abe9169fc548c5482d3 - - 3bfaaca3c24a4c16a7fd45009453a68a 3bfaaca3c24a4c16a7fd45009453a68a] 199.204.45.250 "GET /v2.0/subnets?id=3651c2bb-5ba2-4c23-ae3d-b13f885f588c HTTP/1.1" status: 200 len: 869 time: 0.0509541
2026-03-31 06:09:25.449 10 INFO neutron.wsgi [req-a60a6931-5fc2-4e2d-bf48-732c17d2eba6 req-a4b264aa-c38a-44a8-84e1-3b05c586b564 2484bc5e18394fd5807c4e9c6c01aa83 46d00126e9f84abe9169fc548c5482d3 - - 3bfaaca3c24a4c16a7fd45009453a68a 3bfaaca3c24a4c16a7fd45009453a68a] 199.204.45.250 "GET /v2.0/ports?network_id=55170cec-8911-4292-9c47-00f1f96946ce&device_owner=network%3Adhcp HTTP/1.1" status: 200 len: 210 time: 0.0306807
2026-03-31 06:09:25.535 10 WARNING neutron.scheduler.dhcp_agent_scheduler [None req-25874ee5-5cc5-40f7-96ed-a8d0307d6f8d 4658b87a252c4649945bbe4cd9b9977f aea925e3291d4a86915fd8fe90735c06 - - default default] No more DHCP agents
2026-03-31 06:09:25.541 10 WARNING neutron.api.rpc.agentnotifiers.dhcp_rpc_agent_api [None req-25874ee5-5cc5-40f7-96ed-a8d0307d6f8d 4658b87a252c4649945bbe4cd9b9977f aea925e3291d4a86915fd8fe90735c06 - - default default] Unable to schedule network 0b9640a4-c25b-4a94-a6c5-93b13aa3a8d4: no agents available; will retry on subsequent port and subnet creation events.
2026-03-31 06:09:25.633 9 WARNING neutron.scheduler.dhcp_agent_scheduler [None req-303915a6-212d-4ee6-8f1d-667669312be7 145d2b05f851428e9039a1722ca599e4 8aa09f338f294cb3b46cfb61e4a1993e - - default default] No more DHCP agents
2026-03-31 06:09:25.635 9 WARNING neutron.api.rpc.agentnotifiers.dhcp_rpc_agent_api [None req-303915a6-212d-4ee6-8f1d-667669312be7 145d2b05f851428e9039a1722ca599e4 8aa09f338f294cb3b46cfb61e4a1993e - - default default] Unable to schedule network a15a65de-c766-4fe5-bc92-dd33e30e0856: no agents available; will retry on subsequent port and subnet creation events.
2026-03-31 06:09:25.727 9 INFO neutron.db.ovn_revision_numbers_db [None req-303915a6-212d-4ee6-8f1d-667669312be7 145d2b05f851428e9039a1722ca599e4 8aa09f338f294cb3b46cfb61e4a1993e - - default default] Successfully bumped revision number for resource 900777b5-bdd3-4edb-a866-89140e88072b (type: ports) to 1
2026-03-31 06:09:25.754 9 INFO neutron.wsgi [None req-303915a6-212d-4ee6-8f1d-667669312be7 145d2b05f851428e9039a1722ca599e4 8aa09f338f294cb3b46cfb61e4a1993e - - default default] 10.0.0.150 "POST /v2.0/networks HTTP/1.1" status: 201 len: 853 time: 0.6575606
2026-03-31 06:09:25.764 9 WARNING neutron_lib.context [None req-cb7e2364-8f3c-4cf9-a2f8-2ba2e0bd1b89 145d2b05f851428e9039a1722ca599e4 8aa09f338f294cb3b46cfb61e4a1993e - - default default] Method 'is_advsvc' is deprecated since 2023.2 release (neutron-lib 3.8.0) and will be removed once support for the old RBAC API policies will be removed from Neutron. Please use method 'is_service_role' instead.
2026-03-31 06:09:25.859 9 INFO neutron.db.segments_db [None req-cb7e2364-8f3c-4cf9-a2f8-2ba2e0bd1b89 145d2b05f851428e9039a1722ca599e4 8aa09f338f294cb3b46cfb61e4a1993e - - default default] Added segment b435c604-8f3e-437c-a104-ad2b364b99ac of type geneve for network 7e42d20a-438a-48fb-8923-dfd17e8dc1fd
2026-03-31 06:09:25.877 10 INFO neutron.wsgi [req-a60a6931-5fc2-4e2d-bf48-732c17d2eba6 req-8d3f5177-1e1f-437e-83cb-7811e70fd060 2484bc5e18394fd5807c4e9c6c01aa83 46d00126e9f84abe9169fc548c5482d3 - - 3bfaaca3c24a4c16a7fd45009453a68a 3bfaaca3c24a4c16a7fd45009453a68a] 199.204.45.250 "GET /v2.0/networks/55170cec-8911-4292-9c47-00f1f96946ce?fields=segments HTTP/1.1" status: 200 len: 212 time: 0.4117975
2026-03-31 06:09:26.011 10 INFO neutron.wsgi [req-a60a6931-5fc2-4e2d-bf48-732c17d2eba6 req-0f1267f4-06ea-4494-8b06-d44e52056d66 2484bc5e18394fd5807c4e9c6c01aa83 46d00126e9f84abe9169fc548c5482d3 - - 3bfaaca3c24a4c16a7fd45009453a68a 3bfaaca3c24a4c16a7fd45009453a68a] 199.204.45.250 "GET /v2.0/networks/55170cec-8911-4292-9c47-00f1f96946ce?fields=provider%3Aphysical_network&fields=provider%3Anetwork_type HTTP/1.1" status: 200 len: 277 time: 0.1079340
2026-03-31 06:09:26.080 10 INFO neutron.db.ovn_revision_numbers_db [None req-25874ee5-5cc5-40f7-96ed-a8d0307d6f8d 4658b87a252c4649945bbe4cd9b9977f aea925e3291d4a86915fd8fe90735c06 - - default default] Successfully bumped revision number for resource 4229b96e-8440-47e4-91cf-13b1e970253d (type: router_ports) to 1
2026-03-31 06:09:26.087 10 INFO neutron.wsgi [None req-25874ee5-5cc5-40f7-96ed-a8d0307d6f8d 4658b87a252c4649945bbe4cd9b9977f aea925e3291d4a86915fd8fe90735c06 - - default default] 10.0.0.150 "PUT /v2.0/routers/8133d5b5-b031-4775-a27d-1d17be44ad34/add_router_interface HTTP/1.1" status: 200 len: 503 time: 2.4932790
2026-03-31 06:09:26.236 10 INFO neutron.wsgi [None req-48f41279-5270-4314-afde-784f9ddb7eb1 4658b87a252c4649945bbe4cd9b9977f aea925e3291d4a86915fd8fe90735c06 - - default default] 10.0.0.150 "GET /v2.0/ports/4229b96e-8440-47e4-91cf-13b1e970253d HTTP/1.1" status: 200 len: 1141 time: 0.1437700
2026-03-31 06:09:26.262 9 INFO neutron.db.ovn_revision_numbers_db [None req-cb7e2364-8f3c-4cf9-a2f8-2ba2e0bd1b89 145d2b05f851428e9039a1722ca599e4 8aa09f338f294cb3b46cfb61e4a1993e - - default default] Successfully bumped revision number for resource 7e42d20a-438a-48fb-8923-dfd17e8dc1fd (type: networks) to 1
2026-03-31 06:09:26.356 10 INFO neutron.db.ovn_revision_numbers_db [None req-e2f31618-046d-476a-a7ff-4884df1feeca - - - - - -] Successfully bumped revision number for resource 4229b96e-8440-47e4-91cf-13b1e970253d (type: ports) to 2
2026-03-31 06:09:26.447 9 WARNING neutron.scheduler.dhcp_agent_scheduler [None req-cb7e2364-8f3c-4cf9-a2f8-2ba2e0bd1b89 145d2b05f851428e9039a1722ca599e4 8aa09f338f294cb3b46cfb61e4a1993e - - default default] No more DHCP agents
2026-03-31 06:09:26.448 9 WARNING neutron.api.rpc.agentnotifiers.dhcp_rpc_agent_api [None req-cb7e2364-8f3c-4cf9-a2f8-2ba2e0bd1b89 145d2b05f851428e9039a1722ca599e4 8aa09f338f294cb3b46cfb61e4a1993e - - default default] Unable to schedule network 7e42d20a-438a-48fb-8923-dfd17e8dc1fd: no agents available; will retry on subsequent port and subnet creation events.
2026-03-31 06:09:26.515 9 WARNING neutron_lib.context [None req-04771ac8-b993-4c4c-a77b-d3c70d5051d6 a5478f8d0eaa44e78f2fb0eb1dc4f874 2754d48e6f7f496c904298d774ea3d96 - - default default] Method 'is_advsvc' is deprecated since 2023.2 release (neutron-lib 3.8.0) and will be removed once support for the old RBAC API policies will be removed from Neutron. Please use method 'is_service_role' instead.
2026-03-31 06:09:26.555 9 INFO neutron.db.ovn_revision_numbers_db [None req-cb7e2364-8f3c-4cf9-a2f8-2ba2e0bd1b89 145d2b05f851428e9039a1722ca599e4 8aa09f338f294cb3b46cfb61e4a1993e - - default default] Successfully bumped revision number for resource d03b4168-7596-4356-afee-292ac1c06e40 (type: ports) to 1
2026-03-31 06:09:26.574 10 INFO neutron.db.ovn_revision_numbers_db [None req-e2f31618-046d-476a-a7ff-4884df1feeca - - - - - -] Successfully bumped revision number for resource 4229b96e-8440-47e4-91cf-13b1e970253d (type: router_ports) to 2
2026-03-31 06:09:26.585 9 INFO neutron.wsgi [None req-cb7e2364-8f3c-4cf9-a2f8-2ba2e0bd1b89 145d2b05f851428e9039a1722ca599e4 8aa09f338f294cb3b46cfb61e4a1993e - - default default] 10.0.0.150 "POST /v2.0/networks HTTP/1.1" status: 201 len: 853 time: 0.8255730
2026-03-31 06:09:26.697 9 INFO neutron.db.ovn_revision_numbers_db [None req-04771ac8-b993-4c4c-a77b-d3c70d5051d6 a5478f8d0eaa44e78f2fb0eb1dc4f874 2754d48e6f7f496c904298d774ea3d96 - - default default] Successfully bumped revision number for resource a38c6518-2e48-4cfa-8af7-28ff312491d5 (type: security_groups) to 1
2026-03-31 06:09:26.712 9 INFO neutron.db.ovn_revision_numbers_db [None req-04771ac8-b993-4c4c-a77b-d3c70d5051d6 a5478f8d0eaa44e78f2fb0eb1dc4f874 2754d48e6f7f496c904298d774ea3d96 - - default default] Successfully bumped revision number for resource 18a24041-f3dd-4929-8f66-93d23b3646c7 (type: security_group_rules) to 0
2026-03-31 06:09:26.741 9 INFO neutron.db.ovn_revision_numbers_db [None req-04771ac8-b993-4c4c-a77b-d3c70d5051d6 a5478f8d0eaa44e78f2fb0eb1dc4f874 2754d48e6f7f496c904298d774ea3d96 - - default default] Successfully bumped revision number for resource 24b5d90b-7c96-4d66-9888-479d842211d7 (type: security_group_rules) to 0
2026-03-31 06:09:26.759 9 INFO neutron.db.ovn_revision_numbers_db [None req-04771ac8-b993-4c4c-a77b-d3c70d5051d6 a5478f8d0eaa44e78f2fb0eb1dc4f874 2754d48e6f7f496c904298d774ea3d96 - - default default] Successfully bumped revision number for resource 2d8de92f-0fc3-4e0f-9cb0-7a01c2ddf7e1 (type: security_group_rules) to 0
2026-03-31 06:09:26.774 9 INFO neutron.db.ovn_revision_numbers_db [None req-04771ac8-b993-4c4c-a77b-d3c70d5051d6 a5478f8d0eaa44e78f2fb0eb1dc4f874 2754d48e6f7f496c904298d774ea3d96 - - default default] Successfully bumped revision number for resource 36e8b6b6-dbe3-4487-bf1e-81973b3d5c60 (type: security_group_rules) to 0
2026-03-31 06:09:26.882 9 INFO neutron.db.ovn_revision_numbers_db [None req-04771ac8-b993-4c4c-a77b-d3c70d5051d6 a5478f8d0eaa44e78f2fb0eb1dc4f874 2754d48e6f7f496c904298d774ea3d96 - - default default] Successfully bumped revision number for resource fe3cd5a0-b8ce-4d2d-8035-f14ebb705f94 (type: security_groups) to 1
2026-03-31 06:09:26.899 9 INFO neutron.db.ovn_revision_numbers_db [None req-04771ac8-b993-4c4c-a77b-d3c70d5051d6 a5478f8d0eaa44e78f2fb0eb1dc4f874 2754d48e6f7f496c904298d774ea3d96 - - default default] Successfully bumped revision number for resource 6025677f-2bb6-40a3-9718-870d736abefe (type: security_group_rules) to 0
2026-03-31 06:09:26.917 9 INFO neutron.db.ovn_revision_numbers_db [None req-04771ac8-b993-4c4c-a77b-d3c70d5051d6 a5478f8d0eaa44e78f2fb0eb1dc4f874 2754d48e6f7f496c904298d774ea3d96 - - default default] Successfully bumped revision number for resource ff836b42-6972-46c0-8d7e-68bf34baf2e0 (type: security_group_rules) to 0
2026-03-31 06:09:26.941 9 INFO neutron.wsgi [None req-04771ac8-b993-4c4c-a77b-d3c70d5051d6 a5478f8d0eaa44e78f2fb0eb1dc4f874 2754d48e6f7f496c904298d774ea3d96 - - default default] 10.0.0.150 "POST /v2.0/security-groups HTTP/1.1" status: 201 len: 1825 time: 0.6245134
2026-03-31 06:09:26.949 10 WARNING neutron.scheduler.dhcp_agent_scheduler [None req-6f601570-87c7-4af1-b779-e89b3cb95613 4658b87a252c4649945bbe4cd9b9977f aea925e3291d4a86915fd8fe90735c06 - - default default] No more DHCP agents
2026-03-31 06:09:26.951 10 WARNING neutron.api.rpc.agentnotifiers.dhcp_rpc_agent_api [None req-6f601570-87c7-4af1-b779-e89b3cb95613 4658b87a252c4649945bbe4cd9b9977f aea925e3291d4a86915fd8fe90735c06 - - default default] Unable to schedule network 4a792406-2276-4563-905a-7bef255b1999: no agents available; will retry on subsequent port and subnet creation events.
2026-03-31 06:09:26.998 9 INFO neutron.wsgi [None req-43506e7c-bd9a-459e-be61-1bf50dbeb93c a5478f8d0eaa44e78f2fb0eb1dc4f874 2754d48e6f7f496c904298d774ea3d96 - - default default] 10.0.0.150 "GET /v2.0/security-groups HTTP/1.1" status: 200 len: 4725 time: 0.0499220
2026-03-31 06:09:27.088 10 WARNING neutron_lib.context [None req-8604246e-095f-42d1-b497-f3f34d4c9c69 145d2b05f851428e9039a1722ca599e4 8aa09f338f294cb3b46cfb61e4a1993e - - default default] Method 'is_advsvc' is deprecated since 2023.2 release (neutron-lib 3.8.0) and will be removed once support for the old RBAC API policies will be removed from Neutron. Please use method 'is_service_role' instead.
2026-03-31 06:09:27.122 9 INFO neutron.db.ovn_revision_numbers_db [None req-57210557-8953-4f02-909f-0d5e7c76f32a a5478f8d0eaa44e78f2fb0eb1dc4f874 2754d48e6f7f496c904298d774ea3d96 - - default default] Successfully bumped revision number for resource fe3cd5a0-b8ce-4d2d-8035-f14ebb705f94 (type: security_groups) to 2
2026-03-31 06:09:27.127 9 INFO neutron.wsgi [None req-57210557-8953-4f02-909f-0d5e7c76f32a a5478f8d0eaa44e78f2fb0eb1dc4f874 2754d48e6f7f496c904298d774ea3d96 - - default default] 10.0.0.150 "PUT /v2.0/security-groups/fe3cd5a0-b8ce-4d2d-8035-f14ebb705f94 HTTP/1.1" status: 200 len: 1858 time: 0.1225290
2026-03-31 06:09:27.133 10 INFO neutron.db.ovn_revision_numbers_db [None req-6f601570-87c7-4af1-b779-e89b3cb95613 4658b87a252c4649945bbe4cd9b9977f aea925e3291d4a86915fd8fe90735c06 - - default default] Successfully bumped revision number for resource e0d241c3-9a06-4a2f-994d-4bab2b2a7d78 (type: ports) to 1
2026-03-31 06:09:27.165 9 INFO neutron.wsgi [None req-895b70b6-99a1-4baf-882c-e09b1bbc6c02 a5478f8d0eaa44e78f2fb0eb1dc4f874 2754d48e6f7f496c904298d774ea3d96 - - default default] 10.0.0.150 "GET /v2.0/security-groups/fe3cd5a0-b8ce-4d2d-8035-f14ebb705f94 HTTP/1.1" status: 200 len: 1858 time: 0.0326509
2026-03-31 06:09:27.165 10 WARNING neutron_lib.context [None req-8604246e-095f-42d1-b497-f3f34d4c9c69 145d2b05f851428e9039a1722ca599e4 8aa09f338f294cb3b46cfb61e4a1993e - - default default] Method 'is_advsvc' is deprecated since 2023.2 release (neutron-lib 3.8.0) and will be removed once support for the old RBAC API policies will be removed from Neutron. Please use method 'is_service_role' instead.
2026-03-31 06:09:27.294 9 INFO neutron.wsgi [None req-9b887fa3-6df3-4783-8e26-75acdb02061f a5478f8d0eaa44e78f2fb0eb1dc4f874 2754d48e6f7f496c904298d774ea3d96 - - default default] 10.0.0.150 "DELETE /v2.0/security-groups/fe3cd5a0-b8ce-4d2d-8035-f14ebb705f94 HTTP/1.1" status: 204 len: 168 time: 0.1244750
2026-03-31 06:09:27.350 10 INFO neutron.wsgi [req-7e13916f-1683-46fb-84aa-d3d30130427b req-ea7a8dc8-870b-4f03-8905-49ccfb1b67b2 2484bc5e18394fd5807c4e9c6c01aa83 46d00126e9f84abe9169fc548c5482d3 - - 3bfaaca3c24a4c16a7fd45009453a68a 3bfaaca3c24a4c16a7fd45009453a68a] 10.0.0.106 "GET /v2.0/ports?device_id=c9ae59c3-5162-405c-9c72-fc3905aa4ff2 HTTP/1.1" status: 200 len: 1413 time: 0.0742404
2026-03-31 06:09:27.352 9 INFO neutron.wsgi [None req-95cae7f1-1eaf-4b23-8480-87ca3fd33533 a5478f8d0eaa44e78f2fb0eb1dc4f874 2754d48e6f7f496c904298d774ea3d96 - - default default] 10.0.0.150 "GET /v2.0/security-groups HTTP/1.1" status: 200 len: 3120 time: 0.0529745
2026-03-31 06:09:27.393 10 INFO neutron.api.v2.resource [None req-33387b4e-be26-42a9-8c24-209a021448dc a5478f8d0eaa44e78f2fb0eb1dc4f874 2754d48e6f7f496c904298d774ea3d96 - - default default] delete failed (client error): The resource could not be found.
2026-03-31 06:09:27.394 10 INFO neutron.wsgi [None req-33387b4e-be26-42a9-8c24-209a021448dc a5478f8d0eaa44e78f2fb0eb1dc4f874 2754d48e6f7f496c904298d774ea3d96 - - default default] 10.0.0.150 "DELETE /v2.0/security-groups/fe3cd5a0-b8ce-4d2d-8035-f14ebb705f94 HTTP/1.1" status: 404 len: 347 time: 0.0268781
2026-03-31 06:09:27.411 9 WARNING neutron_lib.context [None req-2ee12ac8-069f-4430-899e-15ef0ca93632 a5478f8d0eaa44e78f2fb0eb1dc4f874 2754d48e6f7f496c904298d774ea3d96 - - default default] Method 'is_advsvc' is deprecated since 2023.2 release (neutron-lib 3.8.0) and will be removed once support for the old RBAC API policies will be removed from Neutron. Please use method 'is_service_role' instead.
2026-03-31 06:09:27.457 10 INFO neutron.wsgi [req-7e13916f-1683-46fb-84aa-d3d30130427b req-aa27fa89-9565-4645-b629-3a8559aebd4a 2484bc5e18394fd5807c4e9c6c01aa83 46d00126e9f84abe9169fc548c5482d3 - - 3bfaaca3c24a4c16a7fd45009453a68a 3bfaaca3c24a4c16a7fd45009453a68a] 10.0.0.106 "GET /v2.0/security-groups?id=d7d46e90-f521-4da8-af8e-cc6665f5507b&fields=id&fields=name HTTP/1.1" status: 200 len: 312 time: 0.1012270
2026-03-31 06:09:27.557 9 INFO neutron.db.ovn_revision_numbers_db [None req-2ee12ac8-069f-4430-899e-15ef0ca93632 a5478f8d0eaa44e78f2fb0eb1dc4f874 2754d48e6f7f496c904298d774ea3d96 - - default default] Successfully bumped revision number for resource 4bcbdc12-1c24-4ea4-b31a-9a1284219749 (type: security_groups) to 1
2026-03-31 06:09:27.578 9 INFO neutron.db.ovn_revision_numbers_db [None req-2ee12ac8-069f-4430-899e-15ef0ca93632 a5478f8d0eaa44e78f2fb0eb1dc4f874 2754d48e6f7f496c904298d774ea3d96 - - default default] Successfully bumped revision number for resource 5404eaf9-ad94-42a8-9229-2b688585d079 (type: security_group_rules) to 0
2026-03-31 06:09:27.593 9 INFO neutron.db.ovn_revision_numbers_db [None req-2ee12ac8-069f-4430-899e-15ef0ca93632 a5478f8d0eaa44e78f2fb0eb1dc4f874 2754d48e6f7f496c904298d774ea3d96 - - default default] Successfully bumped revision number for resource 6454ccb7-5efa-470f-bbcd-23a1e5cfecc0 (type: security_group_rules) to 0
2026-03-31 06:09:27.620 9 INFO neutron.wsgi [None req-2ee12ac8-069f-4430-899e-15ef0ca93632 a5478f8d0eaa44e78f2fb0eb1dc4f874 2754d48e6f7f496c904298d774ea3d96 - - default default] 10.0.0.150 "POST /v2.0/security-groups HTTP/1.1" status: 201 len: 1824 time: 0.2162693
2026-03-31 06:09:27.637 9 WARNING neutron_lib.context [None req-f0d1b9c5-557f-4250-bbaa-fe9b396e619c a5478f8d0eaa44e78f2fb0eb1dc4f874 2754d48e6f7f496c904298d774ea3d96 - - default default] Method 'is_advsvc' is deprecated since 2023.2 release (neutron-lib 3.8.0) and will be removed once support for the old RBAC API policies will be removed from Neutron. Please use method 'is_service_role' instead.
2026-03-31 06:09:27.782 10 WARNING neutron.scheduler.dhcp_agent_scheduler [None req-8604246e-095f-42d1-b497-f3f34d4c9c69 145d2b05f851428e9039a1722ca599e4 8aa09f338f294cb3b46cfb61e4a1993e - - default default] No more DHCP agents
2026-03-31 06:09:27.782 9 INFO neutron.db.ovn_revision_numbers_db [None req-f0d1b9c5-557f-4250-bbaa-fe9b396e619c a5478f8d0eaa44e78f2fb0eb1dc4f874 2754d48e6f7f496c904298d774ea3d96 - - default default] Successfully bumped revision number for resource e32d19c3-70c7-400c-862c-97f70bbce515 (type: security_group_rules) to 0
2026-03-31 06:09:27.811 9 INFO neutron.wsgi [None req-f0d1b9c5-557f-4250-bbaa-fe9b396e619c a5478f8d0eaa44e78f2fb0eb1dc4f874 2754d48e6f7f496c904298d774ea3d96 - - default default] 10.0.0.150 "POST /v2.0/security-group-rules HTTP/1.1" status: 201 len: 800 time: 0.1848936
2026-03-31 06:09:27.839 9 INFO neutron.wsgi [None req-8b551f87-f36e-4cf1-8e71-620b0ab20235 a5478f8d0eaa44e78f2fb0eb1dc4f874 2754d48e6f7f496c904298d774ea3d96 - - default default] 10.0.0.150 "GET /v2.0/security-group-rules/e32d19c3-70c7-400c-862c-97f70bbce515 HTTP/1.1" status: 200 len: 795 time: 0.0214379
2026-03-31 06:09:27.936 9 INFO neutron.wsgi [None req-0a79b45c-6799-4811-85f3-0e0914053ab5 a5478f8d0eaa44e78f2fb0eb1dc4f874 2754d48e6f7f496c904298d774ea3d96 - - default default] 10.0.0.150 "GET /v2.0/security-group-rules HTTP/1.1" status: 200 len: 4333 time: 0.0925934
2026-03-31 06:09:28.060 10 WARNING neutron.api.rpc.agentnotifiers.dhcp_rpc_agent_api [None req-8604246e-095f-42d1-b497-f3f34d4c9c69 145d2b05f851428e9039a1722ca599e4 8aa09f338f294cb3b46cfb61e4a1993e - - default default] Unable to schedule network a15a65de-c766-4fe5-bc92-dd33e30e0856: no agents available; will retry on subsequent port and subnet creation events.
2026-03-31 06:09:28.078 9 INFO neutron.wsgi [None req-161b7efa-59f9-42f1-a8e2-8d0f4cb523e8 a5478f8d0eaa44e78f2fb0eb1dc4f874 2754d48e6f7f496c904298d774ea3d96 - - default default] 10.0.0.150 "DELETE /v2.0/security-group-rules/e32d19c3-70c7-400c-862c-97f70bbce515 HTTP/1.1" status: 204 len: 168 time: 0.1359322
2026-03-31 06:09:28.112 10 INFO neutron.db.ovn_revision_numbers_db [None req-8604246e-095f-42d1-b497-f3f34d4c9c69 145d2b05f851428e9039a1722ca599e4 8aa09f338f294cb3b46cfb61e4a1993e - - default default] Successfully bumped revision number for resource 3164a3c1-d77f-4c4f-a078-884a62cc58cc (type: subnets) to 0
2026-03-31 06:09:28.150 9 INFO neutron.wsgi [None req-6334ec44-892f-4798-aa88-ee8bba621c39 a5478f8d0eaa44e78f2fb0eb1dc4f874 2754d48e6f7f496c904298d774ea3d96 - - default default] 10.0.0.150 "GET /v2.0/security-group-rules HTTP/1.1" status: 200 len: 3755 time: 0.0656149
2026-03-31 06:09:28.157 10 WARNING neutron.scheduler.dhcp_agent_scheduler [None req-8604246e-095f-42d1-b497-f3f34d4c9c69 145d2b05f851428e9039a1722ca599e4 8aa09f338f294cb3b46cfb61e4a1993e - - default default] No more DHCP agents
2026-03-31 06:09:28.163 10 WARNING neutron.api.rpc.agentnotifiers.dhcp_rpc_agent_api [None req-8604246e-095f-42d1-b497-f3f34d4c9c69 145d2b05f851428e9039a1722ca599e4 8aa09f338f294cb3b46cfb61e4a1993e - - default default] Unable to schedule network 7e42d20a-438a-48fb-8923-dfd17e8dc1fd: no agents available; will retry on subsequent port and subnet creation events.
2026-03-31 06:09:28.172 9 WARNING neutron_lib.context [None req-b9c2dd23-aa40-4c5d-ae1d-dcef33581b4a a5478f8d0eaa44e78f2fb0eb1dc4f874 2754d48e6f7f496c904298d774ea3d96 - - default default] Method 'is_advsvc' is deprecated since 2023.2 release (neutron-lib 3.8.0) and will be removed once support for the old RBAC API policies will be removed from Neutron. Please use method 'is_service_role' instead.
2026-03-31 06:09:28.203 10 ERROR ovsdbapp.backend.ovs_idl.command [None req-6f601570-87c7-4af1-b779-e89b3cb95613 4658b87a252c4649945bbe4cd9b9977f aea925e3291d4a86915fd8fe90735c06 - - default default] Error executing command (DbGetCommand): ovsdbapp.backend.ovs_idl.idlutils.RowNotFound: Cannot find Logical_Router_Port with name=lrp-e0d241c3-9a06-4a2f-994d-4bab2b2a7d78
2026-03-31 06:09:28.203 10 ERROR ovsdbapp.backend.ovs_idl.command
Traceback (most recent call last):
2026-03-31 06:09:28.203 10 ERROR ovsdbapp.backend.ovs_idl.command
File "/var/lib/openstack/lib/python3.10/site-packages/ovsdbapp/backend/ovs_idl/command.py", line 47, in execute
2026-03-31 06:09:28.203 10 ERROR ovsdbapp.backend.ovs_idl.command self.run_idl(None)
2026-03-31 06:09:28.203 10 ERROR ovsdbapp.backend.ovs_idl.command
File "/var/lib/openstack/lib/python3.10/site-packages/ovsdbapp/backend/ovs_idl/command.py", line 235, in run_idl
2026-03-31 06:09:28.203 10 ERROR ovsdbapp.backend.ovs_idl.command record = self.api.lookup(self.table, self.record)
2026-03-31 06:09:28.203 10 ERROR ovsdbapp.backend.ovs_idl.command
File "/var/lib/openstack/lib/python3.10/site-packages/ovsdbapp/backend/ovs_idl/__init__.py", line 184, in lookup
2026-03-31 06:09:28.203 10 ERROR ovsdbapp.backend.ovs_idl.command return self._lookup(table, record)
2026-03-31 06:09:28.203 10 ERROR ovsdbapp.backend.ovs_idl.command
File "/var/lib/openstack/lib/python3.10/site-packages/ovsdbapp/backend/ovs_idl/__init__.py", line 235, in _lookup
2026-03-31 06:09:28.203 10 ERROR ovsdbapp.backend.ovs_idl.command row = idlutils.row_by_value(self, rl.table, rl.column, record)
2026-03-31 06:09:28.203 10 ERROR ovsdbapp.backend.ovs_idl.command
File "/var/lib/openstack/lib/python3.10/site-packages/ovsdbapp/backend/ovs_idl/idlutils.py", line 114, in row_by_value
2026-03-31 06:09:28.203 10 ERROR ovsdbapp.backend.ovs_idl.command raise RowNotFound(table=table, col=column, match=match)
2026-03-31 06:09:28.203 10 ERROR ovsdbapp.backend.ovs_idl.command ovsdbapp.backend.ovs_idl.idlutils.RowNotFound: Cannot find Logical_Router_Port with name=lrp-e0d241c3-9a06-4a2f-994d-4bab2b2a7d78
2026-03-31 06:09:28.203 10 ERROR ovsdbapp.backend.ovs_idl.command 
