2026-03-31 06:09:15.085 9 INFO neutron.wsgi [None req-16d12352-ea92-43a8-a1c9-453080e5803e 1b290b24564543d1b6290f1351aa7e9a 8ce597350d944748bcf2f8256b7e603b - - default default] 10.0.0.150 "GET /v2.0/extensions/security-groups-remote-address-group HTTP/1.1" status: 200 len: 448 time: 0.0048971
2026-03-31 06:09:15.100 9 INFO neutron.wsgi [None req-a638efc3-3486-4304-bb6b-7d519a4be023 1b290b24564543d1b6290f1351aa7e9a 8ce597350d944748bcf2f8256b7e603b - - default default] 10.0.0.150 "GET /v2.0/extensions/security-groups-rules-belongs-to-default-sg HTTP/1.1" status: 200 len: 508 time: 0.0073209
2026-03-31 06:09:15.110 9 INFO neutron.wsgi [None req-f396fd26-7005-4841-8665-9458c1b61236 1b290b24564543d1b6290f1351aa7e9a 8ce597350d944748bcf2f8256b7e603b - - default default] 10.0.0.150 "GET /v2.0/extensions/security-groups-shared-filtering HTTP/1.1" status: 200 len: 435 time: 0.0061214
2026-03-31 06:09:15.123 9 INFO neutron.wsgi [None req-842cee80-ac2f-44e7-95e9-f80054af3d31 1b290b24564543d1b6290f1351aa7e9a 8ce597350d944748bcf2f8256b7e603b - - default default] 10.0.0.150 "GET /v2.0/extensions/security-group HTTP/1.1" status: 200 len: 364 time: 0.0070367
2026-03-31 06:09:15.138 9 INFO neutron.wsgi [None req-c3920ee5-4163-44d1-b031-a424645b8d45 1b290b24564543d1b6290f1351aa7e9a 8ce597350d944748bcf2f8256b7e603b - - default default] 10.0.0.150 "GET /v2.0/extensions/segment HTTP/1.1" status: 200 len: 339 time: 0.0087626
2026-03-31 06:09:15.148 10 INFO neutron.wsgi [None req-5b61578e-6b96-400c-b533-a2115d1ff145 1b290b24564543d1b6290f1351aa7e9a 8ce597350d944748bcf2f8256b7e603b - - default default] 10.0.0.150 "GET /v2.0/extensions/segments-peer-subnet-host-routes HTTP/1.1" status: 200 len: 427 time: 0.0057127
2026-03-31 06:09:15.152 10 INFO neutron.db.ovn_revision_numbers_db [None req-68b3a873-e710-4589-ae19-fa80bd5f26f4 b194e690e66448d9a8d356cc1d0c7c0a 291ebb84edc0430083a4a53e5022c965 - - default default] Successfully bumped revision number for resource c9611a5c-cfa4-42c9-be31-d27e2ef7d26b (type: ports) to 1
2026-03-31 06:09:15.166 9 INFO neutron.wsgi [None req-443ffaba-53b1-478b-9d9f-833cf8380a80 1b290b24564543d1b6290f1351aa7e9a 8ce597350d944748bcf2f8256b7e603b - - default default] 10.0.0.150 "GET /v2.0/extensions/service-type HTTP/1.1" status: 200 len: 415 time: 0.0096431
2026-03-31 06:09:15.176 9 INFO neutron.wsgi [None req-b6049ec2-6077-4a25-819f-d268c814eb6d 1b290b24564543d1b6290f1351aa7e9a 8ce597350d944748bcf2f8256b7e603b - - default default] 10.0.0.150 "GET /v2.0/extensions/sorting HTTP/1.1" status: 200 len: 377 time: 0.0053756
2026-03-31 06:09:15.188 9 INFO neutron.wsgi [None req-381757f6-a303-4f26-a6a7-aa6e041f593a 1b290b24564543d1b6290f1351aa7e9a 8ce597350d944748bcf2f8256b7e603b - - default default] 10.0.0.150 "GET /v2.0/extensions/standard-attr-segment HTTP/1.1" status: 200 len: 406 time: 0.0066388
2026-03-31 06:09:15.201 9 INFO neutron.wsgi [None req-09859bc3-0f6a-42b5-905b-9e7d2b4f78d7 1b290b24564543d1b6290f1351aa7e9a 8ce597350d944748bcf2f8256b7e603b - - default default] 10.0.0.150 "GET /v2.0/extensions/standard-attr-description HTTP/1.1" status: 200 len: 408 time: 0.0074241
2026-03-31 06:09:15.208 10 INFO neutron.wsgi [None req-68b3a873-e710-4589-ae19-fa80bd5f26f4 b194e690e66448d9a8d356cc1d0c7c0a 291ebb84edc0430083a4a53e5022c965 - - default default] 10.0.0.150 "POST /v2.0/ports HTTP/1.1" status: 201 len: 1153 time: 0.9497538
2026-03-31 06:09:15.210 9 INFO neutron.wsgi [None req-e5e1fed6-2586-4dd9-b284-d9fa40e61a47 1b290b24564543d1b6290f1351aa7e9a 8ce597350d944748bcf2f8256b7e603b - - default default] 10.0.0.150 "GET /v2.0/extensions/stateful-security-group HTTP/1.1" status: 200 len: 402 time: 0.0052021
2026-03-31 06:09:15.222 9 INFO neutron.wsgi [None req-8d1c170a-ebd4-4253-8568-fd3a6808801c 1b290b24564543d1b6290f1351aa7e9a 8ce597350d944748bcf2f8256b7e603b - - default default] 10.0.0.150 "GET /v2.0/extensions/subnet-dns-publish-fixed-ip HTTP/1.1" status: 200 len: 421 time: 0.0068300
2026-03-31 06:09:15.239 9 INFO neutron.wsgi [None req-2166b3b9-7ec8-4cd7-b26b-ed4bd5cf1751 1b290b24564543d1b6290f1351aa7e9a 8ce597350d944748bcf2f8256b7e603b - - default default] 10.0.0.150 "GET /v2.0/extensions/subnet-segmentid-writable HTTP/1.1" status: 200 len: 421 time: 0.0046849
2026-03-31 06:09:15.248 9 INFO neutron.wsgi [None req-c967f21f-e7e3-44f9-85c8-5461a9f8ccbd 1b290b24564543d1b6290f1351aa7e9a 8ce597350d944748bcf2f8256b7e603b - - default default] 10.0.0.150 "GET /v2.0/extensions/subnet-service-types HTTP/1.1" status: 200 len: 400 time: 0.0044565
2026-03-31 06:09:15.258 9 INFO neutron.wsgi [None req-c89c410f-0875-4e2a-be1c-0ed87c4f42b9 1b290b24564543d1b6290f1351aa7e9a 8ce597350d944748bcf2f8256b7e603b - - default default] 10.0.0.150 "GET /v2.0/extensions/subnet_allocation HTTP/1.1" status: 200 len: 388 time: 0.0048850
2026-03-31 06:09:15.267 9 INFO neutron.wsgi [None req-ccbb6d88-fcb5-472d-944e-c61afaeb4aa6 1b290b24564543d1b6290f1351aa7e9a 8ce597350d944748bcf2f8256b7e603b - - default default] 10.0.0.150 "GET /v2.0/extensions/subnetpool-prefix-ops HTTP/1.1" status: 200 len: 418 time: 0.0054350
2026-03-31 06:09:15.277 9 INFO neutron.wsgi [None req-39a88216-9958-48c9-b936-1484dc73a3a1 1b290b24564543d1b6290f1351aa7e9a 8ce597350d944748bcf2f8256b7e603b - - default default] 10.0.0.150 "GET /v2.0/extensions/standard-attr-tag HTTP/1.1" status: 200 len: 537 time: 0.0055833
2026-03-31 06:09:15.288 9 INFO neutron.wsgi [None req-a5d6892e-ad04-45bc-b976-6083522c68e7 1b290b24564543d1b6290f1351aa7e9a 8ce597350d944748bcf2f8256b7e603b - - default default] 10.0.0.150 "GET /v2.0/extensions/standard-attr-timestamp HTTP/1.1" status: 200 len: 449 time: 0.0056534
2026-03-31 06:09:15.297 9 INFO neutron.wsgi [None req-7c453a53-92b5-47c8-976a-2d76784a5b61 1b290b24564543d1b6290f1351aa7e9a 8ce597350d944748bcf2f8256b7e603b - - default default] 10.0.0.150 "GET /v2.0/extensions/trunk HTTP/1.1" status: 200 len: 358 time: 0.0050340
2026-03-31 06:09:15.308 9 INFO neutron.wsgi [None req-217c8d81-ed1e-4e16-bb40-d250b8392d7c 1b290b24564543d1b6290f1351aa7e9a 8ce597350d944748bcf2f8256b7e603b - - default default] 10.0.0.150 "GET /v2.0/extensions/trunk-details HTTP/1.1" status: 200 len: 362 time: 0.0059190
2026-03-31 06:09:15.317 9 INFO neutron.wsgi [None req-83fe682e-564a-4cf0-9286-c3caf3284393 1b290b24564543d1b6290f1351aa7e9a 8ce597350d944748bcf2f8256b7e603b - - default default] 10.0.0.150 "GET /v2.0/extensions/vpn-agent-scheduler HTTP/1.1" status: 200 len: 393 time: 0.0040464
2026-03-31 06:09:15.326 9 INFO neutron.wsgi [None req-9edeedae-1986-4e5e-b6f7-5a22cb51079e 1b290b24564543d1b6290f1351aa7e9a 8ce597350d944748bcf2f8256b7e603b - - default default] 10.0.0.150 "GET /v2.0/extensions/vpn-endpoint-groups HTTP/1.1" status: 200 len: 371 time: 0.0054407
2026-03-31 06:09:15.336 9 INFO neutron.wsgi [None req-0abda78c-13ec-414d-b6eb-ad2d94739171 1b290b24564543d1b6290f1351aa7e9a 8ce597350d944748bcf2f8256b7e603b - - default default] 10.0.0.150 "GET /v2.0/extensions/vpn-flavors HTTP/1.1" status: 200 len: 376 time: 0.0054562
2026-03-31 06:09:15.349 9 INFO neutron.wsgi [None req-d06f8dc2-fa47-4804-b035-e866960aea90 1b290b24564543d1b6290f1351aa7e9a 8ce597350d944748bcf2f8256b7e603b - - default default] 10.0.0.150 "GET /v2.0/extensions/vpnaas HTTP/1.1" status: 200 len: 348 time: 0.0077918
2026-03-31 06:09:15.423 10 INFO neutron.db.ovn_revision_numbers_db [None req-20e0f701-bf00-45b5-9893-ba802e7cff24 383f4dfcb3b043ad9b790efc6c134a17 552080b6650643359b04362551b7ab52 - - default default] Successfully bumped revision number for resource a4d92e3b-ac8b-48d4-b04d-d943fd3a83a7 (type: subnets) to 1
2026-03-31 06:09:15.426 10 INFO neutron.wsgi [None req-20e0f701-bf00-45b5-9893-ba802e7cff24 383f4dfcb3b043ad9b790efc6c134a17 552080b6650643359b04362551b7ab52 - - default default] 10.0.0.150 "PUT /v2.0/subnets/a4d92e3b-ac8b-48d4-b04d-d943fd3a83a7 HTTP/1.1" status: 200 len: 806 time: 0.5315404
2026-03-31 06:09:15.450 10 INFO neutron.wsgi [req-f0ecdb69-dabb-4a67-807e-e10ac52eb130 req-04c0804d-6b9f-4a0e-8624-b351f262beab 1b9c4e8a309349cb868856000ba01a13 892e7e8f917f44c797cf7e855a888b60 - - default default] 10.0.0.228 "GET /v2.0/ports?device_id=c9ae59c3-5162-405c-9c72-fc3905aa4ff2 HTTP/1.1" status: 200 len: 1174 time: 0.0583665
2026-03-31 06:09:15.536 10 INFO neutron.wsgi [req-f0ecdb69-dabb-4a67-807e-e10ac52eb130 req-6dd944b1-c755-4253-97a3-05809abc50cf 1b9c4e8a309349cb868856000ba01a13 892e7e8f917f44c797cf7e855a888b60 - - default default] 10.0.0.228 "GET /v2.0/security-groups?id=d7d46e90-f521-4da8-af8e-cc6665f5507b&fields=id&fields=name HTTP/1.1" status: 200 len: 312 time: 0.0773015
2026-03-31 06:09:15.738 10 INFO neutron.wsgi [None req-9c67ed70-dec2-40bc-990b-424353afcf23 b194e690e66448d9a8d356cc1d0c7c0a 291ebb84edc0430083a4a53e5022c965 - - default default] 10.0.0.150 "DELETE /v2.0/ports/c9611a5c-cfa4-42c9-be31-d27e2ef7d26b HTTP/1.1" status: 204 len: 168 time: 0.5237000
2026-03-31 06:09:15.761 10 INFO neutron.pecan_wsgi.hooks.translation [None req-2d6c496c-b039-49e1-9821-59ff7c682157 b194e690e66448d9a8d356cc1d0c7c0a 291ebb84edc0430083a4a53e5022c965 - - default default] DELETE failed (client error): The resource could not be found.
2026-03-31 06:09:15.764 10 INFO neutron.wsgi [None req-2d6c496c-b039-49e1-9821-59ff7c682157 b194e690e66448d9a8d356cc1d0c7c0a 291ebb84edc0430083a4a53e5022c965 - - default default] 10.0.0.150 "DELETE /v2.0/ports/c9611a5c-cfa4-42c9-be31-d27e2ef7d26b HTTP/1.1" status: 404 len: 333 time: 0.0191131
2026-03-31 06:09:15.789 10 INFO neutron.pecan_wsgi.hooks.translation [None req-e5b2a094-19d4-4907-98a7-55788fb7375f b194e690e66448d9a8d356cc1d0c7c0a 291ebb84edc0430083a4a53e5022c965 - - default default] GET failed (client error): The resource could not be found.
2026-03-31 06:09:15.792 10 INFO neutron.wsgi [None req-e5b2a094-19d4-4907-98a7-55788fb7375f b194e690e66448d9a8d356cc1d0c7c0a 291ebb84edc0430083a4a53e5022c965 - - default default] 10.0.0.150 "GET /v2.0/ports/c9611a5c-cfa4-42c9-be31-d27e2ef7d26b HTTP/1.1" status: 404 len: 333 time: 0.0219412
2026-03-31 06:09:16.034 10 INFO neutron.wsgi [None req-b136d9a5-fb6c-4e1c-a128-d8f3ad52d568 b194e690e66448d9a8d356cc1d0c7c0a 291ebb84edc0430083a4a53e5022c965 - - default default] 10.0.0.150 "DELETE /v2.0/subnets/88f55ac8-95f4-493f-b61b-8dadcb54ad26 HTTP/1.1" status: 204 len: 168 time: 0.2314353
2026-03-31 06:09:16.098 9 INFO neutron.notifiers.nova [-] Nova event matching ['req-24dd5d77-0db2-4886-bffa-76aecb4e74a2'] response: {'server_uuid': 'c9ae59c3-5162-405c-9c72-fc3905aa4ff2', 'name': 'network-vif-unplugged', 'status': 'completed', 'tag': 'bd048383-4043-4665-94f0-f92f5e2f941e', 'code': 200}
2026-03-31 06:09:16.098 9 INFO neutron.notifiers.nova [-] Nova event matching ['req-24dd5d77-0db2-4886-bffa-76aecb4e74a2'] response: {'server_uuid': 'c9ae59c3-5162-405c-9c72-fc3905aa4ff2', 'name': 'network-vif-plugged', 'status': 'completed', 'tag': 'bd048383-4043-4665-94f0-f92f5e2f941e', 'code': 200}
2026-03-31 06:09:16.098 9 INFO neutron.notifiers.nova [-] Nova event matching ['req-24dd5d77-0db2-4886-bffa-76aecb4e74a2'] response: {'server_uuid': 'c9ae59c3-5162-405c-9c72-fc3905aa4ff2', 'name': 'network-vif-plugged', 'status': 'completed', 'tag': 'bd048383-4043-4665-94f0-f92f5e2f941e', 'code': 200}
2026-03-31 06:09:16.136 9 INFO neutron.services.segments.plugin [-] Segment 2bfb6a47-0db7-4f55-9b55-a1b50cf424aa resource provider aggregate not found
2026-03-31 06:09:16.147 9 INFO neutron.services.segments.plugin [-] Segment 2bfb6a47-0db7-4f55-9b55-a1b50cf424aa resource provider aggregate not found
2026-03-31 06:09:16.167 9 INFO neutron.services.segments.plugin [-] Segment 2bfb6a47-0db7-4f55-9b55-a1b50cf424aa resource provider not found; error: Placement Client Error (4xx): {"errors": [{"status": 404, "title": "Not Found", "detail": "The resource could not be found.\n\n No resource provider with uuid 2bfb6a47-0db7-4f55-9b55-a1b50cf424aa found for delete ", "request_id": "req-3675923a-73d7-440b-976e-5a3e5261a34a"}]}
2026-03-31 06:09:16.173 9 INFO neutron.wsgi [None req-dfd978c4-ff27-41b4-8d94-3bf4e6816b71 383f4dfcb3b043ad9b790efc6c134a17 552080b6650643359b04362551b7ab52 - - default default] 10.0.0.150 "DELETE /v2.0/networks/349bd74a-24fb-4522-a157-3054e40fb69f HTTP/1.1" status: 204 len: 168 time: 0.7420382
2026-03-31 06:09:16.174 9 INFO neutron.services.segments.plugin [-] Segment 2bfb6a47-0db7-4f55-9b55-a1b50cf424aa resource provider not found; error: Placement Client Error (4xx): {"errors": [{"status": 404, "title": "Not Found", "detail": "The resource could not be found.\n\n No resource provider with uuid 2bfb6a47-0db7-4f55-9b55-a1b50cf424aa found for delete ", "request_id": "req-9864924d-8854-44a1-a110-055849326c09"}]}
2026-03-31 06:09:16.198 9 INFO neutron.pecan_wsgi.hooks.translation [None req-c141847f-c898-42c5-a0fa-bd5a3b53f94f 383f4dfcb3b043ad9b790efc6c134a17 552080b6650643359b04362551b7ab52 - - default default] DELETE failed (client error): The resource could not be found.
2026-03-31 06:09:16.200 9 INFO neutron.wsgi [None req-c141847f-c898-42c5-a0fa-bd5a3b53f94f 383f4dfcb3b043ad9b790efc6c134a17 552080b6650643359b04362551b7ab52 - - default default] 10.0.0.150 "DELETE /v2.0/networks/349bd74a-24fb-4522-a157-3054e40fb69f HTTP/1.1" status: 404 len: 339 time: 0.0215700
2026-03-31 06:09:16.260 10 INFO neutron.db.ovn_revision_numbers_db [None req-495a3709-afa9-4250-ab56-62aeb83dc73d 805bb2134d174bffb3dd348f04c0a4bc ea3b4cf9758c4a568bbbbb89a380be48 - - default default] Successfully bumped revision number for resource 436eef48-269a-4a03-8bfd-af230ea14b82 (type: security_groups) to 1
2026-03-31 06:09:16.289 10 INFO neutron.db.ovn_revision_numbers_db [None req-495a3709-afa9-4250-ab56-62aeb83dc73d 805bb2134d174bffb3dd348f04c0a4bc ea3b4cf9758c4a568bbbbb89a380be48 - - default default] Successfully bumped revision number for resource 8680f763-4945-4bd3-9039-a6f45cb5171b (type: security_group_rules) to 0
2026-03-31 06:09:16.308 10 INFO neutron.db.ovn_revision_numbers_db [None req-495a3709-afa9-4250-ab56-62aeb83dc73d 805bb2134d174bffb3dd348f04c0a4bc ea3b4cf9758c4a568bbbbb89a380be48 - - default default] Successfully bumped revision number for resource bfbe4540-c035-4728-b7c3-5e6b795479b0 (type: security_group_rules) to 0
2026-03-31 06:09:16.326 9 INFO neutron.wsgi [None req-5f6c35e8-6d8f-427c-9913-da0575761d34 383f4dfcb3b043ad9b790efc6c134a17 552080b6650643359b04362551b7ab52 - - default default] 10.0.0.150 "GET /v2.0/networks?router%3Aexternal=True HTTP/1.1" status: 200 len: 845 time: 0.1169083
2026-03-31 06:09:16.332 10 INFO neutron.db.ovn_revision_numbers_db [None req-495a3709-afa9-4250-ab56-62aeb83dc73d 805bb2134d174bffb3dd348f04c0a4bc ea3b4cf9758c4a568bbbbb89a380be48 - - default default] Successfully bumped revision number for resource c102ec8c-ff58-40e2-a08c-3e5ed09af605 (type: security_group_rules) to 0
2026-03-31 06:09:16.353 10 INFO neutron.db.ovn_revision_numbers_db [None req-495a3709-afa9-4250-ab56-62aeb83dc73d 805bb2134d174bffb3dd348f04c0a4bc ea3b4cf9758c4a568bbbbb89a380be48 - - default default] Successfully bumped revision number for resource d0e43598-6e51-4709-98e5-4996ad9d8c11 (type: security_group_rules) to 0
2026-03-31 06:09:16.376 9 INFO neutron.wsgi [None req-1879dac1-a257-4819-8da0-8805065dba16 383f4dfcb3b043ad9b790efc6c134a17 552080b6650643359b04362551b7ab52 - - default default] 10.0.0.150 "GET /v2.0/subnets?network_id=a06480ad-20a5-4a4c-9e66-78b05aafe665 HTTP/1.1" status: 200 len: 820 time: 0.0450003
2026-03-31 06:09:16.382 10 INFO neutron.wsgi [None req-495a3709-afa9-4250-ab56-62aeb83dc73d 805bb2134d174bffb3dd348f04c0a4bc ea3b4cf9758c4a568bbbbb89a380be48 - - default default] 10.0.0.150 "GET /v2.0/security-groups?tenant_id=8ce597350d944748bcf2f8256b7e603b&name=default HTTP/1.1" status: 200 len: 3120 time: 0.4207549
2026-03-31 06:09:16.389 9 INFO neutron.wsgi [None req-063fd2fd-e64b-41f5-a800-cba954df4aea 383f4dfcb3b043ad9b790efc6c134a17 552080b6650643359b04362551b7ab52 - - default default] 10.0.0.150 "GET /v2.0/extensions HTTP/1.1" status: 200 len: 18678 time: 0.0090382
2026-03-31 06:09:16.486 10 INFO neutron.services.segments.plugin [-] Segment d917b05c-cadc-483a-a833-810babb5dadd resource provider aggregate not found
2026-03-31 06:09:16.495 10 INFO neutron.services.segments.plugin [-] Segment d917b05c-cadc-483a-a833-810babb5dadd resource provider aggregate not found
2026-03-31 06:09:16.507 10 INFO neutron.services.segments.plugin [-] Segment d917b05c-cadc-483a-a833-810babb5dadd resource provider not found; error: Placement Client Error (4xx): {"errors": [{"status": 404, "title": "Not Found", "detail": "The resource could not be found.\n\n No resource provider with uuid d917b05c-cadc-483a-a833-810babb5dadd found for delete ", "request_id": "req-c1a5867c-4471-4ddd-b3be-1cd66c58bffe"}]}
2026-03-31 06:09:16.510 10 INFO neutron.services.segments.plugin [-] Segment d917b05c-cadc-483a-a833-810babb5dadd resource provider not found; error: Placement Client Error (4xx): {"errors": [{"status": 404, "title": "Not Found", "detail": "The resource could not be found.\n\n No resource provider with uuid d917b05c-cadc-483a-a833-810babb5dadd found for delete ", "request_id": "req-824b667b-5447-4ef1-b025-bd77a61d9c70"}]}
2026-03-31 06:09:16.525 9 INFO neutron.wsgi [None req-b4cb9927-049f-4fd4-bee9-98756b0c00ae 383f4dfcb3b043ad9b790efc6c134a17 552080b6650643359b04362551b7ab52 - - default default] 10.0.0.150 "GET /v2.0/networks HTTP/1.1" status: 200 len: 1504 time: 0.1276727
2026-03-31 06:09:16.533 10 INFO neutron.wsgi [None req-106a0597-cef6-47d5-b75e-f62d3b38f94a b194e690e66448d9a8d356cc1d0c7c0a 291ebb84edc0430083a4a53e5022c965 - - default default] 10.0.0.150 "DELETE /v2.0/networks/f7d24c80-cd7b-4aba-93b0-20ffe6583306 HTTP/1.1" status: 204 len: 168 time: 0.4951308
2026-03-31 06:09:16.554 10 WARNING neutron_lib.context [None req-a3227841-086a-4d4d-afd6-efc8a9b80c92 b194e690e66448d9a8d356cc1d0c7c0a 291ebb84edc0430083a4a53e5022c965 - - default default] Method 'is_advsvc' is deprecated since 2023.2 release (neutron-lib 3.8.0) and will be removed once support for the old RBAC API policies will be removed from Neutron. Please use method 'is_service_role' instead.
2026-03-31 06:09:16.592 10 INFO neutron.wsgi [None req-853a5c17-a81a-40cc-8dca-04cdeafc7f21 383f4dfcb3b043ad9b790efc6c134a17 552080b6650643359b04362551b7ab52 - - default default] 10.0.0.150 "GET /v2.0/subnets HTTP/1.1" status: 200 len: 1428 time: 0.0568757
2026-03-31 06:09:16.662 10 INFO neutron.db.segments_db [None req-a3227841-086a-4d4d-afd6-efc8a9b80c92 b194e690e66448d9a8d356cc1d0c7c0a 291ebb84edc0430083a4a53e5022c965 - - default default] Added segment 2fc5e665-3975-4d5c-8eb0-bbd7e90de8e1 of type geneve for network 1235ccf0-b5ca-4339-8d1f-e77d14ed2762
2026-03-31 06:09:16.684 9 INFO neutron.wsgi [None req-63fd5616-d333-48c1-8c13-c5dd7563f8ed 383f4dfcb3b043ad9b790efc6c134a17 552080b6650643359b04362551b7ab52 - - default default] 10.0.0.150 "GET /v2.0/networks/0da910c5-5a4e-477e-b5c1-feed85e4cd4d HTTP/1.1" status: 200 len: 863 time: 0.0839646
2026-03-31 06:09:16.734 9 INFO neutron.wsgi [None req-ef99e443-1f4d-4f3b-b14d-915e89a70c5d 383f4dfcb3b043ad9b790efc6c134a17 552080b6650643359b04362551b7ab52 - - default default] 10.0.0.150 "GET /v2.0/subnets/ef577c58-9c99-4f10-b9be-e279b6d4332b HTTP/1.1" status: 200 len: 811 time: 0.0394340
2026-03-31 06:09:16.754 10 INFO neutron.pecan_wsgi.hooks.translation [None req-95df6939-b373-4e69-80b4-94685ee57f6f 383f4dfcb3b043ad9b790efc6c134a17 552080b6650643359b04362551b7ab52 - - default default] DELETE failed (client error): The resource could not be found.
2026-03-31 06:09:16.756 10 INFO neutron.wsgi [None req-95df6939-b373-4e69-80b4-94685ee57f6f 383f4dfcb3b043ad9b790efc6c134a17 552080b6650643359b04362551b7ab52 - - default default] 10.0.0.150 "DELETE /v2.0/subnets/a4d92e3b-ac8b-48d4-b04d-d943fd3a83a7 HTTP/1.1" status: 404 len: 337 time: 0.0167830
2026-03-31 06:09:16.783 9 INFO neutron.pecan_wsgi.hooks.translation [None req-3ff6bbb5-094d-4623-b4c8-3aab2326f5b1 383f4dfcb3b043ad9b790efc6c134a17 552080b6650643359b04362551b7ab52 - - default default] DELETE failed (client error): The resource could not be found.
2026-03-31 06:09:16.785 9 INFO neutron.wsgi [None req-3ff6bbb5-094d-4623-b4c8-3aab2326f5b1 383f4dfcb3b043ad9b790efc6c134a17 552080b6650643359b04362551b7ab52 - - default default] 10.0.0.150 "DELETE /v2.0/networks/349bd74a-24fb-4522-a157-3054e40fb69f HTTP/1.1" status: 404 len: 339 time: 0.0194662
2026-03-31 06:09:16.790 9 INFO neutron.wsgi [None req-36472702-b696-4018-8f49-243900cf9e36 805bb2134d174bffb3dd348f04c0a4bc ea3b4cf9758c4a568bbbbb89a380be48 - - default default] 10.0.0.150 "DELETE /v2.0/security-groups/436eef48-269a-4a03-8bfd-af230ea14b82 HTTP/1.1" status: 204 len: 168 time: 0.3994491
2026-03-31 06:09:16.848 10 INFO neutron.db.ovn_revision_numbers_db [None req-a3227841-086a-4d4d-afd6-efc8a9b80c92 b194e690e66448d9a8d356cc1d0c7c0a 291ebb84edc0430083a4a53e5022c965 - - default default] Successfully bumped revision number for resource 1235ccf0-b5ca-4339-8d1f-e77d14ed2762 (type: networks) to 1
2026-03-31 06:09:16.982 9 INFO neutron.wsgi [None req-8cf39518-ce63-413f-b2d1-fd6d2a8238e7 383f4dfcb3b043ad9b790efc6c134a17 552080b6650643359b04362551b7ab52 - - default default] 10.0.0.150 "DELETE /v2.0/subnets/ef577c58-9c99-4f10-b9be-e279b6d4332b HTTP/1.1" status: 204 len: 168 time: 0.1888545
2026-03-31 06:09:17.258 10 WARNING neutron.scheduler.dhcp_agent_scheduler [None req-a3227841-086a-4d4d-afd6-efc8a9b80c92 b194e690e66448d9a8d356cc1d0c7c0a 291ebb84edc0430083a4a53e5022c965 - - default default] No more DHCP agents
2026-03-31 06:09:17.259 10 WARNING neutron.api.rpc.agentnotifiers.dhcp_rpc_agent_api [None req-a3227841-086a-4d4d-afd6-efc8a9b80c92 b194e690e66448d9a8d356cc1d0c7c0a 291ebb84edc0430083a4a53e5022c965 - - default default] Unable to schedule network 1235ccf0-b5ca-4339-8d1f-e77d14ed2762: no agents available; will retry on subsequent port and subnet creation events.
2026-03-31 06:09:17.345 10 INFO neutron.db.ovn_revision_numbers_db [None req-a3227841-086a-4d4d-afd6-efc8a9b80c92 b194e690e66448d9a8d356cc1d0c7c0a 291ebb84edc0430083a4a53e5022c965 - - default default] Successfully bumped revision number for resource b7dbdc1f-3e4a-4b76-9216-05cd89a50288 (type: ports) to 1
2026-03-31 06:09:17.378 10 INFO neutron.wsgi [None req-a3227841-086a-4d4d-afd6-efc8a9b80c92 b194e690e66448d9a8d356cc1d0c7c0a 291ebb84edc0430083a4a53e5022c965 - - default default] 10.0.0.150 "POST /v2.0/networks HTTP/1.1" status: 201 len: 831 time: 0.8269420
2026-03-31 06:09:17.381 9 INFO neutron.wsgi [None req-42ec917d-1121-48a2-a5c2-07897eb3a7f2 383f4dfcb3b043ad9b790efc6c134a17 552080b6650643359b04362551b7ab52 - - default default] 10.0.0.150 "DELETE /v2.0/networks/0da910c5-5a4e-477e-b5c1-feed85e4cd4d HTTP/1.1" status: 204 len: 168 time: 0.3938518
2026-03-31 06:09:17.392 10 WARNING neutron_lib.context [None req-185b0d6e-9c25-4a9f-ab96-5d6e8a2f28df b194e690e66448d9a8d356cc1d0c7c0a 291ebb84edc0430083a4a53e5022c965 - - default default] Method 'is_advsvc' is deprecated since 2023.2 release (neutron-lib 3.8.0) and will be removed once support for the old RBAC API policies will be removed from Neutron. Please use method 'is_service_role' instead.
2026-03-31 06:09:17.652 10 WARNING neutron.scheduler.dhcp_agent_scheduler [None req-185b0d6e-9c25-4a9f-ab96-5d6e8a2f28df b194e690e66448d9a8d356cc1d0c7c0a 291ebb84edc0430083a4a53e5022c965 - - default default] No more DHCP agents
2026-03-31 06:09:17.655 10 WARNING neutron.api.rpc.agentnotifiers.dhcp_rpc_agent_api [None req-185b0d6e-9c25-4a9f-ab96-5d6e8a2f28df b194e690e66448d9a8d356cc1d0c7c0a 291ebb84edc0430083a4a53e5022c965 - - default default] Unable to schedule network 1235ccf0-b5ca-4339-8d1f-e77d14ed2762: no agents available; will retry on subsequent port and subnet creation events.
2026-03-31 06:09:18.100 9 INFO neutron.wsgi [None req-ebfcbc2a-5bd8-4c47-8428-1859fe0693aa 805bb2134d174bffb3dd348f04c0a4bc ea3b4cf9758c4a568bbbbb89a380be48 - - default default] 10.0.0.150 "GET /v2.0/security-groups?tenant_id=552080b6650643359b04362551b7ab52&name=default HTTP/1.1" status: 200 len: 3120 time: 0.2236967
2026-03-31 06:09:18.186 9 INFO neutron.services.segments.plugin [-] Segment d2015611-4bfd-4ca1-9805-098747d8b7fd resource provider aggregate not found
2026-03-31 06:09:18.196 9 INFO neutron.services.segments.plugin [-] Segment d2015611-4bfd-4ca1-9805-098747d8b7fd resource provider aggregate not found
2026-03-31 06:09:18.205 9 INFO neutron.services.segments.plugin [-] Segment d2015611-4bfd-4ca1-9805-098747d8b7fd resource provider not found; error: Placement Client Error (4xx): {"errors": [{"status": 404, "title": "Not Found", "detail": "The resource could not be found.\n\n No resource provider with uuid d2015611-4bfd-4ca1-9805-098747d8b7fd found for delete ", "request_id": "req-e20c9afd-d5e7-4bd0-8f6d-d5f58b3fd581"}]}
2026-03-31 06:09:18.212 9 INFO neutron.services.segments.plugin [-] Segment d2015611-4bfd-4ca1-9805-098747d8b7fd resource provider not found; error: Placement Client Error (4xx): {"errors": [{"status": 404, "title": "Not Found", "detail": "The resource could not be found.\n\n No resource provider with uuid d2015611-4bfd-4ca1-9805-098747d8b7fd found for delete ", "request_id": "req-225a6b01-7f3e-4c58-8249-02cb145fa934"}]}
2026-03-31 06:09:18.243 10 INFO neutron.db.ovn_revision_numbers_db [None req-185b0d6e-9c25-4a9f-ab96-5d6e8a2f28df b194e690e66448d9a8d356cc1d0c7c0a 291ebb84edc0430083a4a53e5022c965 - - default default] Successfully bumped revision number for resource b7dbdc1f-3e4a-4b76-9216-05cd89a50288 (type: ports) to 2
2026-03-31 06:09:18.288 10 INFO neutron.db.ovn_revision_numbers_db [None req-185b0d6e-9c25-4a9f-ab96-5d6e8a2f28df b194e690e66448d9a8d356cc1d0c7c0a 291ebb84edc0430083a4a53e5022c965 - - default default] Successfully bumped revision number for resource 7012a008-190d-42f6-b683-e730757a4e35 (type: subnets) to 0
2026-03-31 06:09:18.307 10 INFO neutron.wsgi [None req-185b0d6e-9c25-4a9f-ab96-5d6e8a2f28df b194e690e66448d9a8d356cc1d0c7c0a 291ebb84edc0430083a4a53e5022c965 - - default default] 10.0.0.150 "POST /v2.0/subnets HTTP/1.1" status: 201 len: 801 time: 0.9225760
2026-03-31 06:09:18.319 10 WARNING neutron_lib.context [None req-2c4d0723-838e-43a6-aea9-7fac7ce1fa9a b194e690e66448d9a8d356cc1d0c7c0a 291ebb84edc0430083a4a53e5022c965 - - default default] Method 'is_advsvc' is deprecated since 2023.2 release (neutron-lib 3.8.0) and will be removed once support for the old RBAC API policies will be removed from Neutron. Please use method 'is_service_role' instead.
2026-03-31 06:09:18.405 10 INFO neutron.wsgi [None req-1ec6979a-08b1-4118-9138-32448a812d1b 805bb2134d174bffb3dd348f04c0a4bc ea3b4cf9758c4a568bbbbb89a380be48 - - default default] 10.0.0.150 "DELETE /v2.0/security-groups/97b72c93-5e1c-4cf0-b41d-0c7888b71c7c HTTP/1.1" status: 204 len: 168 time: 0.2935886
2026-03-31 06:09:18.679 10 WARNING neutron.scheduler.dhcp_agent_scheduler [None req-2c4d0723-838e-43a6-aea9-7fac7ce1fa9a b194e690e66448d9a8d356cc1d0c7c0a 291ebb84edc0430083a4a53e5022c965 - - default default] No more DHCP agents
2026-03-31 06:09:18.682 10 WARNING neutron.api.rpc.agentnotifiers.dhcp_rpc_agent_api [None req-2c4d0723-838e-43a6-aea9-7fac7ce1fa9a b194e690e66448d9a8d356cc1d0c7c0a 291ebb84edc0430083a4a53e5022c965 - - default default] Unable to schedule network 1235ccf0-b5ca-4339-8d1f-e77d14ed2762: no agents available; will retry on subsequent port and subnet creation events.
2026-03-31 06:09:18.863 10 WARNING neutron_lib.context [None req-5c34a96f-8381-410c-9fa9-85f90e98683f 145d2b05f851428e9039a1722ca599e4 8aa09f338f294cb3b46cfb61e4a1993e - - default default] Method 'is_advsvc' is deprecated since 2023.2 release (neutron-lib 3.8.0) and will be removed once support for the old RBAC API policies will be removed from Neutron. Please use method 'is_service_role' instead.
2026-03-31 06:09:18.864 10 WARNING neutron_lib.context [None req-5c34a96f-8381-410c-9fa9-85f90e98683f 145d2b05f851428e9039a1722ca599e4 8aa09f338f294cb3b46cfb61e4a1993e - - default default] Method 'is_advsvc' is deprecated since 2023.2 release (neutron-lib 3.8.0) and will be removed once support for the old RBAC API policies will be removed from Neutron. Please use method 'is_service_role' instead.
2026-03-31 06:09:18.912 10 INFO neutron.db.ovn_revision_numbers_db [None req-2c4d0723-838e-43a6-aea9-7fac7ce1fa9a b194e690e66448d9a8d356cc1d0c7c0a 291ebb84edc0430083a4a53e5022c965 - - default default] Successfully bumped revision number for resource bd2d4886-8c5e-424f-a762-195db9cb2ef5 (type: ports) to 1
2026-03-31 06:09:18.944 10 INFO neutron.wsgi [None req-2c4d0723-838e-43a6-aea9-7fac7ce1fa9a b194e690e66448d9a8d356cc1d0c7c0a 291ebb84edc0430083a4a53e5022c965 - - default default] 10.0.0.150 "POST /v2.0/ports HTTP/1.1" status: 201 len: 1111 time: 0.6297336
2026-03-31 06:09:19.033 10 INFO neutron.db.ovn_revision_numbers_db [None req-5c34a96f-8381-410c-9fa9-85f90e98683f 145d2b05f851428e9039a1722ca599e4 8aa09f338f294cb3b46cfb61e4a1993e - - default default] Successfully bumped revision number for resource bc9b4132-5ea4-4923-8141-78cab062ae03 (type: security_groups) to 1
2026-03-31 06:09:19.047 10 INFO neutron.db.ovn_revision_numbers_db [None req-5c34a96f-8381-410c-9fa9-85f90e98683f 145d2b05f851428e9039a1722ca599e4 8aa09f338f294cb3b46cfb61e4a1993e - - default default] Successfully bumped revision number for resource 3e261cc8-b0d7-4344-9250-f57818757992 (type: security_group_rules) to 0
2026-03-31 06:09:19.062 10 INFO neutron.db.ovn_revision_numbers_db [None req-5c34a96f-8381-410c-9fa9-85f90e98683f 145d2b05f851428e9039a1722ca599e4 8aa09f338f294cb3b46cfb61e4a1993e - - default default] Successfully bumped revision number for resource 490aca98-65f8-42ad-b428-4fca31ca02e6 (type: security_group_rules) to 0
2026-03-31 06:09:19.079 10 INFO neutron.db.ovn_revision_numbers_db [None req-5c34a96f-8381-410c-9fa9-85f90e98683f 145d2b05f851428e9039a1722ca599e4 8aa09f338f294cb3b46cfb61e4a1993e - - default default] Successfully bumped revision number for resource 5cb6d3e8-f320-4712-aece-081eb49b998a (type: security_group_rules) to 0
2026-03-31 06:09:19.099 10 INFO neutron.db.ovn_revision_numbers_db [None req-5c34a96f-8381-410c-9fa9-85f90e98683f 145d2b05f851428e9039a1722ca599e4 8aa09f338f294cb3b46cfb61e4a1993e - - default default] Successfully bumped revision number for resource a8d27c37-ef1a-40e2-a24f-7b4de074c3d9 (type: security_group_rules) to 0
2026-03-31 06:09:19.182 10 INFO neutron.db.segments_db [None req-5c34a96f-8381-410c-9fa9-85f90e98683f 145d2b05f851428e9039a1722ca599e4 8aa09f338f294cb3b46cfb61e4a1993e - - default default] Added segment 34cf656e-034f-405e-aae3-ebba2e209e07 of type geneve for network 8b2e3031-7374-4e84-9cc5-da21e224ece2
2026-03-31 06:09:19.309 10 INFO neutron.db.segments_db [None req-5c34a96f-8381-410c-9fa9-85f90e98683f 145d2b05f851428e9039a1722ca599e4 8aa09f338f294cb3b46cfb61e4a1993e - - default default] Added segment ca82a0af-547d-4a93-ac2d-c4f7801adb93 of type geneve for network 17015c95-c709-437c-a037-0986b958d628
2026-03-31 06:09:19.429 9 INFO neutron.wsgi [None req-a55ef1e2-672f-4a54-8b9d-e932adf01f5b b194e690e66448d9a8d356cc1d0c7c0a 291ebb84edc0430083a4a53e5022c965 - - default default] 10.0.0.150 "DELETE /v2.0/ports/bd2d4886-8c5e-424f-a762-195db9cb2ef5 HTTP/1.1" status: 204 len: 168 time: 0.4780748
2026-03-31 06:09:19.459 9 INFO neutron.pecan_wsgi.hooks.translation [None req-f668b7d8-2c75-4a9c-b6a4-763191ba4aac b194e690e66448d9a8d356cc1d0c7c0a 291ebb84edc0430083a4a53e5022c965 - - default default] GET failed (client error): The resource could not be found.
2026-03-31 06:09:19.461 9 INFO neutron.wsgi [None req-f668b7d8-2c75-4a9c-b6a4-763191ba4aac b194e690e66448d9a8d356cc1d0c7c0a 291ebb84edc0430083a4a53e5022c965 - - default default] 10.0.0.150 "GET /v2.0/ports/bd2d4886-8c5e-424f-a762-195db9cb2ef5 HTTP/1.1" status: 404 len: 333 time: 0.0244715
2026-03-31 06:09:19.483 10 INFO neutron.db.ovn_revision_numbers_db [None req-5c34a96f-8381-410c-9fa9-85f90e98683f 145d2b05f851428e9039a1722ca599e4 8aa09f338f294cb3b46cfb61e4a1993e - - default default] Successfully bumped revision number for resource 8b2e3031-7374-4e84-9cc5-da21e224ece2 (type: networks) to 1
2026-03-31 06:09:19.649 10 INFO neutron.wsgi [-] 10.0.0.158 "GET / HTTP/1.1" status: 200 len: 247 time: 0.0019116
2026-03-31 06:09:19.652 10 INFO neutron.wsgi [-] 10.0.0.158 "GET / HTTP/1.1" status: 200 len: 247 time: 0.0016346
2026-03-31 06:09:19.701 10 WARNING neutron.scheduler.dhcp_agent_scheduler [None req-5c34a96f-8381-410c-9fa9-85f90e98683f 145d2b05f851428e9039a1722ca599e4 8aa09f338f294cb3b46cfb61e4a1993e - - default default] No more DHCP agents
2026-03-31 06:09:19.701 9 INFO neutron.wsgi [None req-c47930f9-5e02-4a59-8c8c-33a7c2231bda b194e690e66448d9a8d356cc1d0c7c0a 291ebb84edc0430083a4a53e5022c965 - - default default] 10.0.0.150 "DELETE /v2.0/subnets/7012a008-190d-42f6-b683-e730757a4e35 HTTP/1.1" status: 204 len: 168 time: 0.2334859
2026-03-31 06:09:19.704 10 WARNING neutron.api.rpc.agentnotifiers.dhcp_rpc_agent_api [None req-5c34a96f-8381-410c-9fa9-85f90e98683f 145d2b05f851428e9039a1722ca599e4 8aa09f338f294cb3b46cfb61e4a1993e - - default default] Unable to schedule network 8b2e3031-7374-4e84-9cc5-da21e224ece2: no agents available; will retry on subsequent port and subnet creation events.
2026-03-31 06:09:19.829 10 INFO neutron.db.ovn_revision_numbers_db [None req-5c34a96f-8381-410c-9fa9-85f90e98683f 145d2b05f851428e9039a1722ca599e4 8aa09f338f294cb3b46cfb61e4a1993e - - default default] Successfully bumped revision number for resource d3e525d6-b378-4394-9216-abeb6ba97baf (type: ports) to 1
2026-03-31 06:09:19.931 10 INFO neutron.db.ovn_revision_numbers_db [None req-5c34a96f-8381-410c-9fa9-85f90e98683f 145d2b05f851428e9039a1722ca599e4 8aa09f338f294cb3b46cfb61e4a1993e - - default default] Successfully bumped revision number for resource 17015c95-c709-437c-a037-0986b958d628 (type: networks) to 1
2026-03-31 06:09:20.171 10 WARNING neutron.scheduler.dhcp_agent_scheduler [None req-5c34a96f-8381-410c-9fa9-85f90e98683f 145d2b05f851428e9039a1722ca599e4 8aa09f338f294cb3b46cfb61e4a1993e - - default default] No more DHCP agents
2026-03-31 06:09:20.175 10 WARNING neutron.api.rpc.agentnotifiers.dhcp_rpc_agent_api [None req-5c34a96f-8381-410c-9fa9-85f90e98683f 145d2b05f851428e9039a1722ca599e4 8aa09f338f294cb3b46cfb61e4a1993e - - default default] Unable to schedule network 17015c95-c709-437c-a037-0986b958d628: no agents available; will retry on subsequent port and subnet creation events.
2026-03-31 06:09:20.212 10 INFO neutron.services.segments.plugin [-] Segment 2fc5e665-3975-4d5c-8eb0-bbd7e90de8e1 resource provider aggregate not found
2026-03-31 06:09:20.216 10 INFO neutron.services.segments.plugin [-] Segment 2fc5e665-3975-4d5c-8eb0-bbd7e90de8e1 resource provider aggregate not found
2026-03-31 06:09:20.233 10 INFO neutron.services.segments.plugin [-] Segment 2fc5e665-3975-4d5c-8eb0-bbd7e90de8e1 resource provider not found; error: Placement Client Error (4xx): {"errors": [{"status": 404, "title": "Not Found", "detail": "The resource could not be found.\n\n No resource provider with uuid 2fc5e665-3975-4d5c-8eb0-bbd7e90de8e1 found for delete ", "request_id": "req-58a4fe55-7133-49b3-8e0c-72edd12f0cb4"}]}
2026-03-31 06:09:20.234 10 INFO neutron.services.segments.plugin [-] Segment 2fc5e665-3975-4d5c-8eb0-bbd7e90de8e1 resource provider not found; error: Placement Client Error (4xx): {"errors": [{"status": 404, "title": "Not Found", "detail": "The resource could not be found.\n\n No resource provider with uuid 2fc5e665-3975-4d5c-8eb0-bbd7e90de8e1 found for delete ", "request_id": "req-368d1127-b247-4d48-96ff-bf3af05560e0"}]}
2026-03-31 06:09:20.265 10 INFO neutron.wsgi [None req-c70ed2f0-df83-48fc-b3ec-673493253596 b194e690e66448d9a8d356cc1d0c7c0a 291ebb84edc0430083a4a53e5022c965 - - default default] 10.0.0.150 "DELETE /v2.0/networks/1235ccf0-b5ca-4339-8d1f-e77d14ed2762 HTTP/1.1" status: 204 len: 168 time: 0.5578086
2026-03-31 06:09:20.280 9 WARNING neutron_lib.context [None req-057bf0c4-a7a4-4b5e-a660-729f73aa7726 b194e690e66448d9a8d356cc1d0c7c0a 291ebb84edc0430083a4a53e5022c965 - - default default] Method 'is_advsvc' is deprecated since 2023.2 release (neutron-lib 3.8.0) and will be removed once support for the old RBAC API policies will be removed from Neutron. Please use method 'is_service_role' instead.
2026-03-31 06:09:20.301 10 INFO neutron.db.ovn_revision_numbers_db [None req-5c34a96f-8381-410c-9fa9-85f90e98683f 145d2b05f851428e9039a1722ca599e4 8aa09f338f294cb3b46cfb61e4a1993e - - default default] Successfully bumped revision number for resource 01a497ce-aeb6-4f77-9d0c-55beefc85e0c (type: ports) to 1
2026-03-31 06:09:20.329 10 INFO neutron.wsgi [None req-5c34a96f-8381-410c-9fa9-85f90e98683f 145d2b05f851428e9039a1722ca599e4 8aa09f338f294cb3b46cfb61e4a1993e - - default default] 10.0.0.150 "POST /v2.0/networks HTTP/1.1" status: 201 len: 1444 time: 1.7029548
2026-03-31 06:09:20.427 9 WARNING neutron_lib.context [None req-5de6df1d-4e43-48d2-8dc8-1c20b3b887c3 4658b87a252c4649945bbe4cd9b9977f aea925e3291d4a86915fd8fe90735c06 - - default default] Method 'is_advsvc' is deprecated since 2023.2 release (neutron-lib 3.8.0) and will be removed once support for the old RBAC API policies will be removed from Neutron. Please use method 'is_service_role' instead.
2026-03-31 06:09:20.434 10 INFO neutron.wsgi [None req-0a021f5a-3e6d-4c2b-a642-d7c48dc63205 145d2b05f851428e9039a1722ca599e4 8aa09f338f294cb3b46cfb61e4a1993e - - default default] 10.0.0.150 "GET /v2.0/networks HTTP/1.1" status: 200 len: 2050 time: 0.0997734
2026-03-31 06:09:20.545 9 WARNING neutron.scheduler.dhcp_agent_scheduler [None req-057bf0c4-a7a4-4b5e-a660-729f73aa7726 b194e690e66448d9a8d356cc1d0c7c0a 291ebb84edc0430083a4a53e5022c965 - - default default] No more DHCP agents
2026-03-31 06:09:20.552 9 WARNING neutron.api.rpc.agentnotifiers.dhcp_rpc_agent_api [None req-057bf0c4-a7a4-4b5e-a660-729f73aa7726 b194e690e66448d9a8d356cc1d0c7c0a 291ebb84edc0430083a4a53e5022c965 - - default default] Unable to schedule network 2b934141-b876-4ad4-91fe-9a48eecf3b39: no agents available; will retry on subsequent port and subnet creation events.
2026-03-31 06:09:20.641 9 INFO neutron.db.ovn_revision_numbers_db [None req-5de6df1d-4e43-48d2-8dc8-1c20b3b887c3 4658b87a252c4649945bbe4cd9b9977f aea925e3291d4a86915fd8fe90735c06 - - default default] Successfully bumped revision number for resource 5ecf5841-6773-414e-96d5-6b015559ee77 (type: security_groups) to 1
2026-03-31 06:09:20.644 9 INFO neutron.db.ovn_revision_numbers_db [None req-057bf0c4-a7a4-4b5e-a660-729f73aa7726 b194e690e66448d9a8d356cc1d0c7c0a 291ebb84edc0430083a4a53e5022c965 - - default default] Successfully bumped revision number for resource 8eedbd43-4b4c-48a2-b6c0-4ee6c5164f73 (type: ports) to 1
2026-03-31 06:09:20.658 9 INFO neutron.db.ovn_revision_numbers_db [None req-5de6df1d-4e43-48d2-8dc8-1c20b3b887c3 4658b87a252c4649945bbe4cd9b9977f aea925e3291d4a86915fd8fe90735c06 - - default default] Successfully bumped revision number for resource 6515d126-9326-4a01-a136-fefc904346fa (type: security_group_rules) to 0
2026-03-31 06:09:20.668 9 INFO neutron.wsgi [None req-057bf0c4-a7a4-4b5e-a660-729f73aa7726 b194e690e66448d9a8d356cc1d0c7c0a 291ebb84edc0430083a4a53e5022c965 - - default default] 10.0.0.150 "POST /v2.0/ports HTTP/1.1" status: 201 len: 974 time: 0.3972511 /var/lib/openstack/lib/python3.10/site-packages/pycadf/identifier.py:71: UserWarning: Invalid uuid: neutron. To ensure interoperability, identifiers should be a valid uuid. warnings.warn(('Invalid uuid: %s. To ensure interoperability, '
2026-03-31 06:09:20.701 9 INFO neutron.db.ovn_revision_numbers_db [None req-5de6df1d-4e43-48d2-8dc8-1c20b3b887c3 4658b87a252c4649945bbe4cd9b9977f aea925e3291d4a86915fd8fe90735c06 - - default default] Successfully bumped revision number for resource 681dce49-fcb4-4638-9995-9d5eeb590549 (type: security_group_rules) to 0
2026-03-31 06:09:20.719 9 INFO neutron.db.ovn_revision_numbers_db [None req-5de6df1d-4e43-48d2-8dc8-1c20b3b887c3 4658b87a252c4649945bbe4cd9b9977f aea925e3291d4a86915fd8fe90735c06 - - default default] Successfully bumped revision number for resource 9f846507-e799-491a-aaf1-171bf676faf9 (type: security_group_rules) to 0
2026-03-31 06:09:20.740 9 INFO neutron.db.ovn_revision_numbers_db [None req-5de6df1d-4e43-48d2-8dc8-1c20b3b887c3 4658b87a252c4649945bbe4cd9b9977f aea925e3291d4a86915fd8fe90735c06 - - default default] Successfully bumped revision number for resource c69707f3-9524-4605-82cb-31f8351a4a5f (type: security_group_rules) to 0
2026-03-31 06:09:20.795 9 INFO neutron.db.segments_db [None req-5de6df1d-4e43-48d2-8dc8-1c20b3b887c3 4658b87a252c4649945bbe4cd9b9977f aea925e3291d4a86915fd8fe90735c06 - - default default] Added segment 84a68e39-4e7c-4c4b-9d0a-7e9b86ac42b0 of type geneve for network 0b9640a4-c25b-4a94-a6c5-93b13aa3a8d4
2026-03-31 06:09:20.853 10 INFO neutron.wsgi [None req-f624da61-ff72-4e63-8bb2-922c1274a1d0 145d2b05f851428e9039a1722ca599e4 8aa09f338f294cb3b46cfb61e4a1993e - - default default] 10.0.0.150 "DELETE /v2.0/networks/8b2e3031-7374-4e84-9cc5-da21e224ece2 HTTP/1.1" status: 204 len: 168 time: 0.4138746
2026-03-31 06:09:21.220 9 INFO neutron.plugins.ml2.drivers.ovn.mech_driver.mech_driver [None req-030bbb55-b044-41b5-b59e-7f1ab0a84184 - - - - - -] OVN reports status down for port: 8eedbd43-4b4c-48a2-b6c0-4ee6c5164f73
2026-03-31 06:09:21.241 9 INFO neutron.db.ovn_revision_numbers_db [None req-5de6df1d-4e43-48d2-8dc8-1c20b3b887c3 4658b87a252c4649945bbe4cd9b9977f aea925e3291d4a86915fd8fe90735c06 - - default default] Successfully bumped revision number for resource 0b9640a4-c25b-4a94-a6c5-93b13aa3a8d4 (type: networks) to 1
2026-03-31 06:09:21.250 10 INFO neutron.wsgi [None req-24e403ae-b3cb-4a39-8d76-5e1bab514329 145d2b05f851428e9039a1722ca599e4 8aa09f338f294cb3b46cfb61e4a1993e - - default default] 10.0.0.150 "DELETE /v2.0/networks/17015c95-c709-437c-a037-0986b958d628 HTTP/1.1" status: 204 len: 168 time: 0.3898783
2026-03-31 06:09:21.282 9 INFO neutron.db.ovn_revision_numbers_db [None req-515d4acd-9bd6-42be-9193-5f7fd9e7de87 b194e690e66448d9a8d356cc1d0c7c0a 291ebb84edc0430083a4a53e5022c965 - - default default] Successfully bumped revision number for resource 8eedbd43-4b4c-48a2-b6c0-4ee6c5164f73 (type: ports) to 2
2026-03-31 06:09:21.319 9 INFO neutron.wsgi [None req-515d4acd-9bd6-42be-9193-5f7fd9e7de87 b194e690e66448d9a8d356cc1d0c7c0a 291ebb84edc0430083a4a53e5022c965 - - default default] 10.0.0.150 "PUT /v2.0/ports/8eedbd43-4b4c-48a2-b6c0-4ee6c5164f73 HTTP/1.1" status: 200 len: 946 time: 0.6382852
2026-03-31 06:09:21.323 10 INFO neutron.wsgi [None req-f59d8b2a-2a23-471a-a4b0-3783d560e6be 145d2b05f851428e9039a1722ca599e4 8aa09f338f294cb3b46cfb61e4a1993e - - default default] 10.0.0.150 "GET /v2.0/networks HTTP/1.1" status: 200 len: 845 time: 0.0675409
2026-03-31 06:09:21.344 10 WARNING neutron_lib.context [None req-a9c18431-a34c-4ee5-82c5-62d93277258b 145d2b05f851428e9039a1722ca599e4 8aa09f338f294cb3b46cfb61e4a1993e - - default default] Method 'is_advsvc' is deprecated since 2023.2 release (neutron-lib 3.8.0) and will be removed once support for the old RBAC API policies will be removed from Neutron. Please use method 'is_service_role' instead.
2026-03-31 06:09:21.453 10 INFO neutron.db.segments_db [None req-a9c18431-a34c-4ee5-82c5-62d93277258b 145d2b05f851428e9039a1722ca599e4 8aa09f338f294cb3b46cfb61e4a1993e - - default default] Added segment c834dfe2-3b37-40ea-825b-b9de9123a89f of type geneve for network eab2f64c-4ea1-463b-bcf9-1fa844f15dd5
2026-03-31 06:09:21.476 9 WARNING neutron.scheduler.dhcp_agent_scheduler [None req-5de6df1d-4e43-48d2-8dc8-1c20b3b887c3 4658b87a252c4649945bbe4cd9b9977f aea925e3291d4a86915fd8fe90735c06 - - default default] No more DHCP agents
2026-03-31 06:09:21.478 9 WARNING neutron.api.rpc.agentnotifiers.dhcp_rpc_agent_api [None req-5de6df1d-4e43-48d2-8dc8-1c20b3b887c3 4658b87a252c4649945bbe4cd9b9977f aea925e3291d4a86915fd8fe90735c06 - - default default] Unable to schedule network 0b9640a4-c25b-4a94-a6c5-93b13aa3a8d4: no agents available; will retry on subsequent port and subnet creation events.
2026-03-31 06:09:21.565 9 INFO neutron.db.ovn_revision_numbers_db [None req-5de6df1d-4e43-48d2-8dc8-1c20b3b887c3 4658b87a252c4649945bbe4cd9b9977f aea925e3291d4a86915fd8fe90735c06 - - default default] Successfully bumped revision number for resource 92db5143-5528-4376-b4a5-bfd916ad46ec (type: ports) to 1
2026-03-31 06:09:21.592 9 INFO neutron.wsgi [None req-5de6df1d-4e43-48d2-8dc8-1c20b3b887c3 4658b87a252c4649945bbe4cd9b9977f aea925e3291d4a86915fd8fe90735c06 - - default default] 10.0.0.150 "POST /v2.0/networks HTTP/1.1" status: 201 len: 832 time: 1.3297625 /var/lib/openstack/lib/python3.10/site-packages/pycadf/identifier.py:71: UserWarning: Invalid uuid: neutron. To ensure interoperability, identifiers should be a valid uuid. warnings.warn(('Invalid uuid: %s. To ensure interoperability, '
2026-03-31 06:09:21.605 9 WARNING neutron_lib.context [None req-ab346ecb-54ae-4008-b48a-9c04946b65d7 4658b87a252c4649945bbe4cd9b9977f aea925e3291d4a86915fd8fe90735c06 - - default default] Method 'is_advsvc' is deprecated since 2023.2 release (neutron-lib 3.8.0) and will be removed once support for the old RBAC API policies will be removed from Neutron. Please use method 'is_service_role' instead.
2026-03-31 06:09:21.651 10 INFO neutron.db.ovn_revision_numbers_db [None req-a9c18431-a34c-4ee5-82c5-62d93277258b 145d2b05f851428e9039a1722ca599e4 8aa09f338f294cb3b46cfb61e4a1993e - - default default] Successfully bumped revision number for resource eab2f64c-4ea1-463b-bcf9-1fa844f15dd5 (type: networks) to 1
2026-03-31 06:09:21.703 9 INFO neutron.db.segments_db [None req-ab346ecb-54ae-4008-b48a-9c04946b65d7 4658b87a252c4649945bbe4cd9b9977f aea925e3291d4a86915fd8fe90735c06 - - default default] Added segment a09e400d-3725-4b42-8818-e02316e74d94 of type geneve for network 4a792406-2276-4563-905a-7bef255b1999
2026-03-31 06:09:21.729 10 INFO neutron.wsgi [None req-0cbba560-8b1e-43d0-b62f-8f359518d9dc b194e690e66448d9a8d356cc1d0c7c0a 291ebb84edc0430083a4a53e5022c965 - - default default] 10.0.0.150 "DELETE /v2.0/ports/8eedbd43-4b4c-48a2-b6c0-4ee6c5164f73 HTTP/1.1" status: 204 len: 168 time: 0.4044678
2026-03-31 06:09:21.851 10 WARNING neutron.scheduler.dhcp_agent_scheduler [None req-a9c18431-a34c-4ee5-82c5-62d93277258b 145d2b05f851428e9039a1722ca599e4 8aa09f338f294cb3b46cfb61e4a1993e - - default default] No more DHCP agents
2026-03-31 06:09:21.856 10 WARNING neutron.api.rpc.agentnotifiers.dhcp_rpc_agent_api [None req-a9c18431-a34c-4ee5-82c5-62d93277258b 145d2b05f851428e9039a1722ca599e4 8aa09f338f294cb3b46cfb61e4a1993e - - default default] Unable to schedule network eab2f64c-4ea1-463b-bcf9-1fa844f15dd5: no agents available; will retry on subsequent port and subnet creation events.
2026-03-31 06:09:21.886 9 INFO neutron.wsgi [None req-9cff09f9-4618-442a-94e2-deb70ca84edd b194e690e66448d9a8d356cc1d0c7c0a 291ebb84edc0430083a4a53e5022c965 - - default default] 10.0.0.150 "GET /v2.0/ports HTTP/1.1" status: 200 len: 1728 time: 0.1522250
2026-03-31 06:09:21.913 10 INFO neutron.pecan_wsgi.hooks.translation [None req-6ca49a21-77f8-4f52-b26c-3a2cf18ce7fc b194e690e66448d9a8d356cc1d0c7c0a 291ebb84edc0430083a4a53e5022c965 - - default default] GET failed (client error): The resource could not be found.
2026-03-31 06:09:21.915 10 INFO neutron.wsgi [None req-6ca49a21-77f8-4f52-b26c-3a2cf18ce7fc b194e690e66448d9a8d356cc1d0c7c0a 291ebb84edc0430083a4a53e5022c965 - - default default] 10.0.0.150 "GET /v2.0/ports/8eedbd43-4b4c-48a2-b6c0-4ee6c5164f73 HTTP/1.1" status: 404 len: 333 time: 0.0227342
2026-03-31 06:09:21.919 9 INFO neutron.db.ovn_revision_numbers_db [None req-ab346ecb-54ae-4008-b48a-9c04946b65d7 4658b87a252c4649945bbe4cd9b9977f aea925e3291d4a86915fd8fe90735c06 - - default default] Successfully bumped revision number for resource 4a792406-2276-4563-905a-7bef255b1999 (type: networks) to 1
2026-03-31 06:09:21.966 10 INFO neutron.wsgi [None req-1534c973-72b8-42f6-8133-a712c86afe31 b194e690e66448d9a8d356cc1d0c7c0a 291ebb84edc0430083a4a53e5022c965 - - default default] 10.0.0.150 "GET /v2.0/ports HTTP/1.1" status: 200 len: 1728 time: 0.0458779
2026-03-31 06:09:21.978 10 INFO neutron.db.ovn_revision_numbers_db [None req-a9c18431-a34c-4ee5-82c5-62d93277258b 145d2b05f851428e9039a1722ca599e4 8aa09f338f294cb3b46cfb61e4a1993e - - default default] Successfully bumped revision number for resource 6ee3c530-a3a5-4c2c-9494-a2ae6c5c51e0 (type: ports) to 1
2026-03-31 06:09:22.000 10 INFO neutron.wsgi [None req-a9c18431-a34c-4ee5-82c5-62d93277258b 145d2b05f851428e9039a1722ca599e4 8aa09f338f294cb3b46cfb61e4a1993e - - default default] 10.0.0.150 "POST /v2.0/networks HTTP/1.1" status: 201 len: 852 time: 0.6679623
2026-03-31 06:09:22.009 10 WARNING neutron_lib.context [None req-2411a54d-0744-4e17-abc3-43fb7d0d2c16 145d2b05f851428e9039a1722ca599e4 8aa09f338f294cb3b46cfb61e4a1993e - - default default] Method 'is_advsvc' is deprecated since 2023.2 release (neutron-lib 3.8.0) and will be removed once support for the old RBAC API policies will be removed from Neutron. Please use method 'is_service_role' instead.
2026-03-31 06:09:22.038 9 INFO neutron.wsgi [None req-534ffa26-aa19-4e5a-9021-fb90f4f081ae b194e690e66448d9a8d356cc1d0c7c0a 291ebb84edc0430083a4a53e5022c965 - - default default] 10.0.0.150 "GET /v2.0/ports/67a14ced-6734-4e32-98a9-0b68153add75 HTTP/1.1" status: 200 len: 968 time: 0.0639801
2026-03-31 06:09:22.070 9 INFO neutron.pecan_wsgi.hooks.translation [None req-552e4e31-0da9-4991-8842-ac3d35599a72 b194e690e66448d9a8d356cc1d0c7c0a 291ebb84edc0430083a4a53e5022c965 - - default default] DELETE failed (client error): The resource could not be found.
2026-03-31 06:09:22.073 9 INFO neutron.wsgi [None req-552e4e31-0da9-4991-8842-ac3d35599a72 b194e690e66448d9a8d356cc1d0c7c0a 291ebb84edc0430083a4a53e5022c965 - - default default] 10.0.0.150 "DELETE /v2.0/ports/bd2d4886-8c5e-424f-a762-195db9cb2ef5 HTTP/1.1" status: 404 len: 333 time: 0.0260425
