2026-03-31 06:12:23.726 12 ERROR oslo_messaging.rpc.server [None req-c57197ba-aa8a-4018-991a-273e95a31a12 c7a0cdb4f1c843658cc71f364eb8443e 85087d4ca8f44fe8ac35f4a91f357efc - - default default] Exception during message handling: sqlalchemy.exc.PendingRollbackError: This Session's transaction has been rolled back due to a previous exception during flush. To begin a new transaction with this Session, first issue Session.rollback(). Original exception was: (pymysql.err.IntegrityError) (1062, "Duplicate entry '0482461f-e682-44a2-8a3f-c9c97144fa78-2757731a-d13f-58bb-bb50-751' for key 'routervpnagentbindings.PRIMARY'") [SQL: INSERT INTO routervpnagentbindings (router_id, vpn_agent_id) VALUES (%(router_id)s, %(vpn_agent_id)s)] [parameters: {'router_id': '0482461f-e682-44a2-8a3f-c9c97144fa78', 'vpn_agent_id': '2757731a-d13f-58bb-bb50-751d9549acb4'}] (Background on this error at: https://sqlalche.me/e/14/gkpj) (Background on this error at: https://sqlalche.me/e/14/7s2a)
2026-03-31 06:12:23.726 12 ERROR oslo_messaging.rpc.server
Traceback (most recent call last):
2026-03-31 06:12:23.726 12 ERROR oslo_messaging.rpc.server
File "/var/lib/openstack/lib/python3.10/site-packages/oslo_messaging/rpc/server.py", line 165, in _process_incoming
2026-03-31 06:12:23.726 12 ERROR oslo_messaging.rpc.server res = self.dispatcher.dispatch(message)
2026-03-31 06:12:23.726 12 ERROR oslo_messaging.rpc.server
File "/var/lib/openstack/lib/python3.10/site-packages/oslo_messaging/rpc/dispatcher.py", line 309, in dispatch
2026-03-31 06:12:23.726 12 ERROR oslo_messaging.rpc.server return self._do_dispatch(endpoint, method, ctxt, args)
2026-03-31 06:12:23.726 12 ERROR oslo_messaging.rpc.server
File "/var/lib/openstack/lib/python3.10/site-packages/oslo_messaging/rpc/dispatcher.py", line 229, in _do_dispatch
2026-03-31 06:12:23.726 12 ERROR oslo_messaging.rpc.server result = func(ctxt, **new_args)
2026-03-31 06:12:23.726 12 ERROR oslo_messaging.rpc.server
File "/var/lib/openstack/lib/python3.10/site-packages/oslo_db/sqlalchemy/enginefacade.py", line 998, in wrapper
2026-03-31 06:12:23.726 12 ERROR oslo_messaging.rpc.server return fn(*args, **kwargs)
2026-03-31 06:12:23.726 12 ERROR oslo_messaging.rpc.server
File "/var/lib/openstack/lib/python3.10/site-packages/neutron_vpnaas/services/vpn/service_drivers/base_ipsec.py", line 80, in get_vpn_services_on_host
2026-03-31 06:12:23.726 12 ERROR oslo_messaging.rpc.server local_cidr_map = plugin._build_local_subnet_cidr_map(context)
2026-03-31 06:12:23.726 12 ERROR oslo_messaging.rpc.server
File "/var/lib/openstack/lib/python3.10/site-packages/neutron_vpnaas/db/vpn/vpn_db.py", line 729, in _build_local_subnet_cidr_map
2026-03-31 06:12:23.726 12 ERROR oslo_messaging.rpc.server return {sn.id: sn.cidr for sn in query.all()}
2026-03-31 06:12:23.726 12 ERROR oslo_messaging.rpc.server
File "/var/lib/openstack/lib/python3.10/site-packages/sqlalchemy/orm/query.py", line 2773, in all
2026-03-31 06:12:23.726 12 ERROR oslo_messaging.rpc.server return self._iter().all()
2026-03-31 06:12:23.726 12 ERROR oslo_messaging.rpc.server
File "/var/lib/openstack/lib/python3.10/site-packages/sqlalchemy/orm/query.py", line 2916, in _iter
2026-03-31 06:12:23.726 12 ERROR oslo_messaging.rpc.server result = self.session.execute(
2026-03-31 06:12:23.726 12 ERROR oslo_messaging.rpc.server
File "/var/lib/openstack/lib/python3.10/site-packages/sqlalchemy/orm/session.py", line 1716, in execute
2026-03-31 06:12:23.726 12 ERROR oslo_messaging.rpc.server conn = self._connection_for_bind(bind)
2026-03-31 06:12:23.726 12 ERROR oslo_messaging.rpc.server
File "/var/lib/openstack/lib/python3.10/site-packages/sqlalchemy/orm/session.py", line 1555, in _connection_for_bind
2026-03-31 06:12:23.726 12 ERROR oslo_messaging.rpc.server return self._transaction._connection_for_bind(
2026-03-31 06:12:23.726 12 ERROR oslo_messaging.rpc.server
File "/var/lib/openstack/lib/python3.10/site-packages/sqlalchemy/orm/session.py", line 724, in _connection_for_bind
2026-03-31 06:12:23.726 12 ERROR oslo_messaging.rpc.server self._assert_active()
2026-03-31 06:12:23.726 12 ERROR oslo_messaging.rpc.server
File "/var/lib/openstack/lib/python3.10/site-packages/sqlalchemy/orm/session.py", line 604, in _assert_active
2026-03-31 06:12:23.726 12 ERROR oslo_messaging.rpc.server raise sa_exc.PendingRollbackError(
2026-03-31 06:12:23.726 12 ERROR oslo_messaging.rpc.server sqlalchemy.exc.PendingRollbackError: This Session's transaction has been rolled back due to a previous exception during flush. To begin a new transaction with this Session, first issue Session.rollback(). Original exception was: (pymysql.err.IntegrityError) (1062, "Duplicate entry '0482461f-e682-44a2-8a3f-c9c97144fa78-2757731a-d13f-58bb-bb50-751' for key 'routervpnagentbindings.PRIMARY'")
2026-03-31 06:12:23.726 12 ERROR oslo_messaging.rpc.server [SQL: INSERT INTO routervpnagentbindings (router_id, vpn_agent_id) VALUES (%(router_id)s, %(vpn_agent_id)s)]
2026-03-31 06:12:23.726 12 ERROR oslo_messaging.rpc.server [parameters: {'router_id': '0482461f-e682-44a2-8a3f-c9c97144fa78', 'vpn_agent_id': '2757731a-d13f-58bb-bb50-751d9549acb4'}]
2026-03-31 06:12:23.726 12 ERROR oslo_messaging.rpc.server (Background on this error at: https://sqlalche.me/e/14/gkpj) (Background on this error at: https://sqlalche.me/e/14/7s2a)
2026-03-31 06:12:23.726 12 ERROR oslo_messaging.rpc.server 
2026-03-31 06:12:23.935 9 INFO neutron.wsgi [None req-288a6fda-1a7c-4c07-a603-aa41e2ef8103 c7a0cdb4f1c843658cc71f364eb8443e 85087d4ca8f44fe8ac35f4a91f357efc - - default default] 10.0.0.150 "POST /v2.0/vpn/vpnservices HTTP/1.1" status: 201 len: 657 time: 7.2715864
2026-03-31 06:12:23.958 9 INFO neutron.wsgi [None req-ca7cb37f-6f24-42d0-aa6b-1718cf20e07a c7a0cdb4f1c843658cc71f364eb8443e 85087d4ca8f44fe8ac35f4a91f357efc - - default default] 10.0.0.150 "GET /v2.0/vpn/vpnservices HTTP/1.1" status: 200 len: 1500 time: 0.0190854
2026-03-31 06:12:24.027 9 INFO neutron.db.ovn_revision_numbers_db [None req-0a46213b-df35-4a86-b55b-1cd083dda8ef 805bb2134d174bffb3dd348f04c0a4bc ea3b4cf9758c4a568bbbbb89a380be48 - - default default] Successfully bumped revision number for resource 42f530f1-fc11-4905-94ca-2b39b334f30c (type: security_groups) to 1
2026-03-31 06:12:24.042 9 INFO neutron.db.ovn_revision_numbers_db [None req-0a46213b-df35-4a86-b55b-1cd083dda8ef 805bb2134d174bffb3dd348f04c0a4bc ea3b4cf9758c4a568bbbbb89a380be48 - - default default] Successfully bumped revision number for resource 0045e6db-4406-4308-82b9-9d343be85bb2 (type: security_group_rules) to 0
2026-03-31 06:12:24.070 9 INFO neutron.db.ovn_revision_numbers_db [None req-0a46213b-df35-4a86-b55b-1cd083dda8ef 805bb2134d174bffb3dd348f04c0a4bc ea3b4cf9758c4a568bbbbb89a380be48 - - default default] Successfully bumped revision number for resource 2d320b78-4d90-49a7-8652-05d6e0fb4e1a (type: security_group_rules) to 0
2026-03-31 06:12:24.086 9 INFO neutron.db.ovn_revision_numbers_db [None req-0a46213b-df35-4a86-b55b-1cd083dda8ef 805bb2134d174bffb3dd348f04c0a4bc ea3b4cf9758c4a568bbbbb89a380be48 - - default default] Successfully bumped revision number for resource 8850f097-33c8-4ff1-9e2d-9235d9ae8563 (type: security_group_rules) to 0
2026-03-31 06:12:24.112 9 INFO neutron.db.ovn_revision_numbers_db [None req-0a46213b-df35-4a86-b55b-1cd083dda8ef 805bb2134d174bffb3dd348f04c0a4bc ea3b4cf9758c4a568bbbbb89a380be48 - - default default] Successfully bumped revision number for resource cafefea3-45aa-451d-bf47-fb28f26d3143 (type: security_group_rules) to 0
2026-03-31 06:12:24.132 9 WARNING neutron.plugins.ml2.drivers.ovn.mech_driver.ovsdb.ovn_client [None req-030bbb55-b044-41b5-b59e-7f1ab0a84184 - - - - - -] No hosting information found for port 07df11af-d6b4-4258-bc00-7e115e23610f: RuntimeError: No hosting information found for port 07df11af-d6b4-4258-bc00-7e115e23610f
2026-03-31 06:12:24.133 9 INFO neutron.plugins.ml2.drivers.ovn.mech_driver.mech_driver [None req-030bbb55-b044-41b5-b59e-7f1ab0a84184 - - - - - -] OVN reports status down for port: 0c20bab0-c417-4460-a250-fd8b9e170402
2026-03-31 06:12:24.151 9 INFO neutron.wsgi [None req-0a46213b-df35-4a86-b55b-1cd083dda8ef 805bb2134d174bffb3dd348f04c0a4bc ea3b4cf9758c4a568bbbbb89a380be48 - - default default] 10.0.0.150 "GET /v2.0/security-groups?tenant_id=b9eee0c7f08c467e8956a19e443092cc&name=default HTTP/1.1" status: 200 len: 3120 time: 0.4965091
2026-03-31 06:12:24.154 9 INFO neutron.plugins.ml2.drivers.ovn.mech_driver.mech_driver [None req-030bbb55-b044-41b5-b59e-7f1ab0a84184 - - - - - -] OVN reports status up for port: 126937a6-efff-423e-b78d-f5ca6b87b8e4
2026-03-31 06:12:24.179 9 INFO neutron.plugins.ml2.plugin [None req-030bbb55-b044-41b5-b59e-7f1ab0a84184 - - - - - -] Attempt 1 to provision port 126937a6-efff-423e-b78d-f5ca6b87b8e4
2026-03-31 06:12:24.718 9 INFO neutron.wsgi [None req-cad839cf-afaa-40c2-85ba-cc174619754e 805bb2134d174bffb3dd348f04c0a4bc ea3b4cf9758c4a568bbbbb89a380be48 - - default default] 10.0.0.150 "DELETE /v2.0/security-groups/42f530f1-fc11-4905-94ca-2b39b334f30c HTTP/1.1" status: 204 len: 168 time: 0.5607305
2026-03-31 06:12:24.945 9 INFO neutron.db.ovn_revision_numbers_db [None req-030bbb55-b044-41b5-b59e-7f1ab0a84184 - - - - - -] Successfully bumped revision number for resource 126937a6-efff-423e-b78d-f5ca6b87b8e4 (type: ports) to 2
2026-03-31 06:12:25.041 9 INFO neutron.db.ovn_revision_numbers_db [None req-4ad602a1-a930-42ce-b062-c2c24a598170 805bb2134d174bffb3dd348f04c0a4bc ea3b4cf9758c4a568bbbbb89a380be48 - - default default] Successfully bumped revision number for resource 707ff058-ff55-460c-a9e2-61ca369a5478 (type: security_groups) to 1
2026-03-31 06:12:25.082 9 INFO neutron.db.ovn_revision_numbers_db [None req-4ad602a1-a930-42ce-b062-c2c24a598170 805bb2134d174bffb3dd348f04c0a4bc ea3b4cf9758c4a568bbbbb89a380be48 - - default default] Successfully bumped revision number for resource 0b8c854f-383f-4383-8b61-4a74efddda93 (type: security_group_rules) to 0
2026-03-31 06:12:25.100 9 INFO neutron.db.ovn_revision_numbers_db [None req-4ad602a1-a930-42ce-b062-c2c24a598170 805bb2134d174bffb3dd348f04c0a4bc ea3b4cf9758c4a568bbbbb89a380be48 - - default default] Successfully bumped revision number for resource 413adce6-6930-466b-a50c-aa0198c491f7 (type: security_group_rules) to 0
2026-03-31 06:12:25.129 9 INFO neutron.db.ovn_revision_numbers_db [None req-4ad602a1-a930-42ce-b062-c2c24a598170 805bb2134d174bffb3dd348f04c0a4bc ea3b4cf9758c4a568bbbbb89a380be48 - - default default] Successfully bumped revision number for resource a8a8fdc6-f4e8-4389-8031-b30dd09d31fd (type: security_group_rules) to 0
2026-03-31 06:12:25.137 9 INFO neutron.db.ovn_revision_numbers_db [None req-030bbb55-b044-41b5-b59e-7f1ab0a84184 - - - - - -] Successfully bumped revision number for resource 126937a6-efff-423e-b78d-f5ca6b87b8e4 (type: router_ports) to 2
2026-03-31 06:12:25.152 9 INFO neutron.db.ovn_revision_numbers_db [None req-4ad602a1-a930-42ce-b062-c2c24a598170 805bb2134d174bffb3dd348f04c0a4bc ea3b4cf9758c4a568bbbbb89a380be48 - - default default] Successfully bumped revision number for resource ebdebd5a-5ba3-4751-8d0d-d5d380181a9c (type: security_group_rules) to 0
2026-03-31 06:12:25.176 9 INFO neutron.wsgi [None req-4ad602a1-a930-42ce-b062-c2c24a598170 805bb2134d174bffb3dd348f04c0a4bc ea3b4cf9758c4a568bbbbb89a380be48 - - default default] 10.0.0.150 "GET /v2.0/security-groups?tenant_id=b9a3a9c308ed443784d8b3a357287348&name=default HTTP/1.1" status: 200 len: 3120 time: 0.3393650
2026-03-31 06:12:25.650 10 INFO neutron.wsgi [None req-42cecd10-1480-4264-8486-6b66b4a36852 805bb2134d174bffb3dd348f04c0a4bc ea3b4cf9758c4a568bbbbb89a380be48 - - default default] 10.0.0.150 "DELETE /v2.0/security-groups/707ff058-ff55-460c-a9e2-61ca369a5478 HTTP/1.1" status: 204 len: 168 time: 0.4655054
2026-03-31 06:12:25.910 10 INFO neutron.wsgi [None req-710fcc34-fd1b-4629-be47-a1ed43be8a96 805bb2134d174bffb3dd348f04c0a4bc ea3b4cf9758c4a568bbbbb89a380be48 - - default default] 10.0.0.150 "PUT /v2.0/routers/0a2e0824-85e3-48f2-afb0-ff71b5e7a403/remove_router_interface HTTP/1.1" status: 200 len: 503 time: 2.2364938
2026-03-31 06:12:26.005 9 INFO neutron.db.ovn_revision_numbers_db [None req-a56ae085-ecc7-4e32-9a07-5f97da09d722 805bb2134d174bffb3dd348f04c0a4bc ea3b4cf9758c4a568bbbbb89a380be48 - - default default] Successfully bumped revision number for resource f78be9f0-e708-4599-a5bb-2af929a67d05 (type: security_groups) to 1
2026-03-31 06:12:26.040 9 INFO neutron.db.ovn_revision_numbers_db [None req-a56ae085-ecc7-4e32-9a07-5f97da09d722 805bb2134d174bffb3dd348f04c0a4bc ea3b4cf9758c4a568bbbbb89a380be48 - - default default] Successfully bumped revision number for resource 633e4134-dc67-4400-9d98-c91ca1f9ac92 (type: security_group_rules) to 0
2026-03-31 06:12:26.078 9 INFO neutron.db.ovn_revision_numbers_db [None req-a56ae085-ecc7-4e32-9a07-5f97da09d722 805bb2134d174bffb3dd348f04c0a4bc ea3b4cf9758c4a568bbbbb89a380be48 - - default default] Successfully bumped revision number for resource 79a04660-5d17-46fb-a802-e57db8bf32af (type: security_group_rules) to 0
2026-03-31 06:12:26.097 9 INFO neutron.db.ovn_revision_numbers_db [None req-a56ae085-ecc7-4e32-9a07-5f97da09d722 805bb2134d174bffb3dd348f04c0a4bc ea3b4cf9758c4a568bbbbb89a380be48 - - default default] Successfully bumped revision number for resource e734ea35-6702-45a8-8107-4722379bb023 (type: security_group_rules) to 0
2026-03-31 06:12:26.140 9 INFO neutron.db.ovn_revision_numbers_db [None req-a56ae085-ecc7-4e32-9a07-5f97da09d722 805bb2134d174bffb3dd348f04c0a4bc ea3b4cf9758c4a568bbbbb89a380be48 - - default default] Successfully bumped revision number for resource f441b906-1090-4168-be98-4ba18a3a51ae (type: security_group_rules) to 0
2026-03-31 06:12:26.182 9 INFO neutron.wsgi [None req-a56ae085-ecc7-4e32-9a07-5f97da09d722 805bb2134d174bffb3dd348f04c0a4bc ea3b4cf9758c4a568bbbbb89a380be48 - - default default] 10.0.0.150 "GET /v2.0/security-groups?tenant_id=3cb3d7c18184422aa4306320e1a9c720&name=default HTTP/1.1" status: 200 len: 3120 time: 0.3568432 /var/lib/openstack/lib/python3.10/site-packages/pycadf/identifier.py:71: UserWarning: Invalid uuid: neutron. To ensure interoperability, identifiers should be a valid uuid. warnings.warn(('Invalid uuid: %s. To ensure interoperability, '
2026-03-31 06:12:26.572 10 INFO neutron.wsgi [None req-950b3fe5-c1c6-4b08-89db-091cc9ec6d33 805bb2134d174bffb3dd348f04c0a4bc ea3b4cf9758c4a568bbbbb89a380be48 - - default default] 10.0.0.150 "DELETE /v2.0/security-groups/f78be9f0-e708-4599-a5bb-2af929a67d05 HTTP/1.1" status: 204 len: 168 time: 0.3837614
2026-03-31 06:12:26.904 9 INFO neutron.wsgi [None req-50826264-ab41-4fde-a883-db7905d38daf 805bb2134d174bffb3dd348f04c0a4bc ea3b4cf9758c4a568bbbbb89a380be48 - - default default] 10.0.0.150 "DELETE /v2.0/routers/0a2e0824-85e3-48f2-afb0-ff71b5e7a403 HTTP/1.1" status: 204 len: 168 time: 0.9848757
2026-03-31 06:12:27.141 9 INFO neutron.wsgi [None req-139abb4f-fc98-4fa1-88e1-7bbdb9f50aae 805bb2134d174bffb3dd348f04c0a4bc ea3b4cf9758c4a568bbbbb89a380be48 - - default default] 10.0.0.150 "DELETE /v2.0/subnets/547ddd23-f5ca-41d6-b4f4-625506de2189 HTTP/1.1" status: 204 len: 168 time: 0.2308352
2026-03-31 06:12:27.926 10 INFO neutron.services.segments.plugin [-] Segment 5bd4bc89-6950-48c5-99f8-1bbea7b1c470 resource provider aggregate not found
2026-03-31 06:12:27.938 10 INFO neutron.services.segments.plugin [-] Segment 5bd4bc89-6950-48c5-99f8-1bbea7b1c470 resource provider aggregate not found
2026-03-31 06:12:27.938 9 INFO neutron.services.segments.plugin [-] Segment 9c6e7e60-39f3-4270-86bc-a981a16e5e15 resource provider aggregate not found
2026-03-31 06:12:27.947 10 INFO neutron.services.segments.plugin [-] Segment 5bd4bc89-6950-48c5-99f8-1bbea7b1c470 resource provider not found; error: Placement Client Error (4xx): {"errors": [{"status": 404, "title": "Not Found", "detail": "The resource could not be found.\n\n No resource provider with uuid 5bd4bc89-6950-48c5-99f8-1bbea7b1c470 found for delete ", "request_id": "req-9eed92ee-6df1-44ec-b902-cc57910a363a"}]}
2026-03-31 06:12:27.947 9 INFO neutron.services.segments.plugin [-] Segment 9c6e7e60-39f3-4270-86bc-a981a16e5e15 resource provider aggregate not found
2026-03-31 06:12:27.958 9 INFO neutron.services.segments.plugin [-] Segment 9c6e7e60-39f3-4270-86bc-a981a16e5e15 resource provider not found; error: Placement Client Error (4xx): {"errors": [{"status": 404, "title": "Not Found", "detail": "The resource could not be found.\n\n No resource provider with uuid 9c6e7e60-39f3-4270-86bc-a981a16e5e15 found for delete ", "request_id": "req-bdf12e38-2f68-46ad-99d3-8bd7f3771b21"}]}
2026-03-31 06:12:27.961 10 INFO neutron.services.segments.plugin [-] Segment 5bd4bc89-6950-48c5-99f8-1bbea7b1c470 resource provider not found; error: Placement Client Error (4xx): {"errors": [{"status": 404, "title": "Not Found", "detail": "The resource could not be found.\n\n No resource provider with uuid 5bd4bc89-6950-48c5-99f8-1bbea7b1c470 found for delete ", "request_id": "req-98f6735e-ac43-430f-b556-1b522e28a7b6"}]}
2026-03-31 06:12:27.965 9 INFO neutron.services.segments.plugin [-] Segment 9c6e7e60-39f3-4270-86bc-a981a16e5e15 resource provider not found; error: Placement Client Error (4xx): {"errors": [{"status": 404, "title": "Not Found", "detail": "The resource could not be found.\n\n No resource provider with uuid 9c6e7e60-39f3-4270-86bc-a981a16e5e15 found for delete ", "request_id": "req-ae4c9a0c-07c8-4d51-938a-2c48e4798150"}]}
2026-03-31 06:12:27.978 9 INFO neutron.wsgi [None req-99936f4b-1a3d-480a-b794-61cfcef1ce81 805bb2134d174bffb3dd348f04c0a4bc ea3b4cf9758c4a568bbbbb89a380be48 - - default default] 10.0.0.150 "DELETE /v2.0/networks/37edf9c3-1258-4f88-90cc-842c3368b615 HTTP/1.1" status: 204 len: 168 time: 0.8322134
2026-03-31 06:12:27.984 10 INFO neutron.wsgi [None req-6533b719-f485-403c-baef-843d8ccbc736 c7a0cdb4f1c843658cc71f364eb8443e 85087d4ca8f44fe8ac35f4a91f357efc - - default default] 10.0.0.150 "DELETE /v2.0/vpn/vpnservices/49a45f44-5863-48e8-b02e-665cc32d0c7f HTTP/1.1" status: 204 len: 168 time: 4.0206730
2026-03-31 06:12:27.999 9 INFO neutron.wsgi [None req-7402a175-f182-4efb-8453-747bc696a04d c7a0cdb4f1c843658cc71f364eb8443e 85087d4ca8f44fe8ac35f4a91f357efc - - default default] 10.0.0.150 "GET /v2.0/vpn/vpnservices HTTP/1.1" status: 200 len: 1055 time: 0.0104904
2026-03-31 06:12:28.012 9 WARNING neutron_lib.context [None req-845174ce-ff85-4c45-ac87-5680a5a98523 c7a0cdb4f1c843658cc71f364eb8443e 85087d4ca8f44fe8ac35f4a91f357efc - - default default] Method 'is_advsvc' is deprecated since 2023.2 release (neutron-lib 3.8.0) and will be removed once support for the old RBAC API policies will be removed from Neutron. Please use method 'is_service_role' instead.
2026-03-31 06:12:28.091 9 INFO neutron.api.v2.resource [None req-845174ce-ff85-4c45-ac87-5680a5a98523 c7a0cdb4f1c843658cc71f364eb8443e 85087d4ca8f44fe8ac35f4a91f357efc - - default default] create failed (client error): The server could not comply with the request since it is either malformed or otherwise incorrect.
2026-03-31 06:12:28.093 9 INFO neutron.wsgi [None req-845174ce-ff85-4c45-ac87-5680a5a98523 c7a0cdb4f1c843658cc71f364eb8443e 85087d4ca8f44fe8ac35f4a91f357efc - - default default] 10.0.0.150 "POST /v2.0/vpn/ipsec-site-connections HTTP/1.1" status: 400 len: 330 time: 0.0877030
2026-03-31 06:12:28.112 9 WARNING neutron_lib.context [None req-c937b34d-520b-4964-a385-e357d6da19eb c7a0cdb4f1c843658cc71f364eb8443e 85087d4ca8f44fe8ac35f4a91f357efc - - default default] Method 'is_advsvc' is deprecated since 2023.2 release (neutron-lib 3.8.0) and will be removed once support for the old RBAC API policies will be removed from Neutron. Please use method 'is_service_role' instead.
2026-03-31 06:12:28.175 9 INFO neutron.api.v2.resource [None req-c937b34d-520b-4964-a385-e357d6da19eb c7a0cdb4f1c843658cc71f364eb8443e 85087d4ca8f44fe8ac35f4a91f357efc - - default default] create failed (client error): The server could not comply with the request since it is either malformed or otherwise incorrect.
2026-03-31 06:12:28.177 9 INFO neutron.wsgi [None req-c937b34d-520b-4964-a385-e357d6da19eb c7a0cdb4f1c843658cc71f364eb8443e 85087d4ca8f44fe8ac35f4a91f357efc - - default default] 10.0.0.150 "POST /v2.0/vpn/ipsec-site-connections HTTP/1.1" status: 400 len: 339 time: 0.0729849
2026-03-31 06:12:28.201 9 WARNING neutron.api.v2.base [None req-46273086-8575-452a-9671-8d60da6868bb c7a0cdb4f1c843658cc71f364eb8443e 85087d4ca8f44fe8ac35f4a91f357efc - - default default] An exception happened while processing the request body. The exception message is [Invalid input for dpd. Reason: '59' is not a dictionary.].: webob.exc.HTTPBadRequest: Invalid input for dpd. Reason: '59' is not a dictionary.
2026-03-31 06:12:28.202 9 INFO neutron.api.v2.resource [None req-46273086-8575-452a-9671-8d60da6868bb c7a0cdb4f1c843658cc71f364eb8443e 85087d4ca8f44fe8ac35f4a91f357efc - - default default] create failed (client error): Invalid input for dpd. Reason: '59' is not a dictionary.
2026-03-31 06:12:28.203 9 INFO neutron.wsgi [None req-46273086-8575-452a-9671-8d60da6868bb c7a0cdb4f1c843658cc71f364eb8443e 85087d4ca8f44fe8ac35f4a91f357efc - - default default] 10.0.0.150 "POST /v2.0/vpn/ipsec-site-connections HTTP/1.1" status: 400 len: 332 time: 0.0113356
2026-03-31 06:12:28.220 9 WARNING neutron_lib.context [None req-4f357582-aa00-49c6-888e-8f056fc4b364 c7a0cdb4f1c843658cc71f364eb8443e 85087d4ca8f44fe8ac35f4a91f357efc - - default default] Method 'is_advsvc' is deprecated since 2023.2 release (neutron-lib 3.8.0) and will be removed once support for the old RBAC API policies will be removed from Neutron. Please use method 'is_service_role' instead.
2026-03-31 06:12:28.268 9 INFO neutron.wsgi [None req-4f357582-aa00-49c6-888e-8f056fc4b364 c7a0cdb4f1c843658cc71f364eb8443e 85087d4ca8f44fe8ac35f4a91f357efc - - default default] 10.0.0.150 "POST /v2.0/vpn/endpoint-groups HTTP/1.1" status: 201 len: 492 time: 0.0570831
2026-03-31 06:12:28.280 9 WARNING neutron_lib.context [None req-a3cb762c-2d09-4664-9409-e02912b6fe05 c7a0cdb4f1c843658cc71f364eb8443e 85087d4ca8f44fe8ac35f4a91f357efc - - default default] Method 'is_advsvc' is deprecated since 2023.2 release (neutron-lib 3.8.0) and will be removed once support for the old RBAC API policies will be removed from Neutron. Please use method 'is_service_role' instead.
2026-03-31 06:12:28.331 9 INFO neutron.api.v2.resource [None req-a3cb762c-2d09-4664-9409-e02912b6fe05 c7a0cdb4f1c843658cc71f364eb8443e 85087d4ca8f44fe8ac35f4a91f357efc - - default default] create failed (client error): The server could not comply with the request since it is either malformed or otherwise incorrect.
2026-03-31 06:12:28.334 9 INFO neutron.wsgi [None req-a3cb762c-2d09-4664-9409-e02912b6fe05 c7a0cdb4f1c843658cc71f364eb8443e 85087d4ca8f44fe8ac35f4a91f357efc - - default default] 10.0.0.150 "POST /v2.0/vpn/ipsec-site-connections HTTP/1.1" status: 400 len: 352 time: 0.0598207
2026-03-31 06:12:28.355 9 INFO neutron.wsgi [None req-22893bfd-4ea2-42f4-893b-44d54e2b23a4 c7a0cdb4f1c843658cc71f364eb8443e 85087d4ca8f44fe8ac35f4a91f357efc - - default default] 10.0.0.150 "GET /v2.0/vpn/endpoint-groups HTTP/1.1" status: 200 len: 1102 time: 0.0169559 /var/lib/openstack/lib/python3.10/site-packages/pycadf/identifier.py:71: UserWarning: Invalid uuid: neutron. To ensure interoperability, identifiers should be a valid uuid. warnings.warn(('Invalid uuid: %s. To ensure interoperability, '
2026-03-31 06:12:28.396 9 INFO neutron.wsgi [None req-3f7561de-d2a8-40a7-be6f-023247622f2a c7a0cdb4f1c843658cc71f364eb8443e 85087d4ca8f44fe8ac35f4a91f357efc - - default default] 10.0.0.150 "DELETE /v2.0/vpn/endpoint-groups/fc86d82e-7ff6-4a01-807e-7f41c34dd4f4 HTTP/1.1" status: 204 len: 168 time: 0.0368791
2026-03-31 06:12:28.413 9 INFO neutron.wsgi [None req-7633ee82-1f65-4779-827a-86f78dc0341f c7a0cdb4f1c843658cc71f364eb8443e 85087d4ca8f44fe8ac35f4a91f357efc - - default default] 10.0.0.150 "GET /v2.0/vpn/endpoint-groups HTTP/1.1" status: 200 len: 827 time: 0.0115848
2026-03-31 06:12:28.426 9 WARNING neutron_lib.context [None req-ca4f5b1d-17af-4b6b-a119-4b5a4245917a c7a0cdb4f1c843658cc71f364eb8443e 85087d4ca8f44fe8ac35f4a91f357efc - - default default] Method 'is_advsvc' is deprecated since 2023.2 release (neutron-lib 3.8.0) and will be removed once support for the old RBAC API policies will be removed from Neutron. Please use method 'is_service_role' instead.
2026-03-31 06:12:28.460 10 INFO neutron.wsgi [None req-bb0b7574-10a9-4a19-9312-9a920a02d7aa 805bb2134d174bffb3dd348f04c0a4bc ea3b4cf9758c4a568bbbbb89a380be48 - - default default] 10.0.0.150 "GET /v2.0/security-groups?tenant_id=12986e02cd10464e91b2522803199b02&name=default HTTP/1.1" status: 200 len: 3120 time: 0.0684032
2026-03-31 06:12:28.518 9 INFO neutron.wsgi [None req-ca4f5b1d-17af-4b6b-a119-4b5a4245917a c7a0cdb4f1c843658cc71f364eb8443e 85087d4ca8f44fe8ac35f4a91f357efc - - default default] 10.0.0.150 "POST /v2.0/vpn/endpoint-groups HTTP/1.1" status: 201 len: 500 time: 0.0984101
2026-03-31 06:12:28.531 9 WARNING neutron_lib.context [None req-fabddbb3-d722-4e88-835c-55a616724b93 c7a0cdb4f1c843658cc71f364eb8443e 85087d4ca8f44fe8ac35f4a91f357efc - - default default] Method 'is_advsvc' is deprecated since 2023.2 release (neutron-lib 3.8.0) and will be removed once support for the old RBAC API policies will be removed from Neutron. Please use method 'is_service_role' instead.
2026-03-31 06:12:28.573 9 INFO neutron.api.v2.resource [None req-fabddbb3-d722-4e88-835c-55a616724b93 c7a0cdb4f1c843658cc71f364eb8443e 85087d4ca8f44fe8ac35f4a91f357efc - - default default] create failed (client error): The server could not comply with the request since it is either malformed or otherwise incorrect.
2026-03-31 06:12:28.575 9 INFO neutron.wsgi [None req-fabddbb3-d722-4e88-835c-55a616724b93 c7a0cdb4f1c843658cc71f364eb8443e 85087d4ca8f44fe8ac35f4a91f357efc - - default default] 10.0.0.150 "POST /v2.0/vpn/ipsec-site-connections HTTP/1.1" status: 400 len: 351 time: 0.0512149
2026-03-31 06:12:28.595 9 INFO neutron.wsgi [None req-12943eb5-c834-4d66-89b8-349bc02b4e10 c7a0cdb4f1c843658cc71f364eb8443e 85087d4ca8f44fe8ac35f4a91f357efc - - default default] 10.0.0.150 "GET /v2.0/vpn/endpoint-groups HTTP/1.1" status: 200 len: 1110 time: 0.0142565
2026-03-31 06:12:28.637 9 INFO neutron.wsgi [None req-2c36bfb2-9c72-4303-9967-d5af299b781f c7a0cdb4f1c843658cc71f364eb8443e 85087d4ca8f44fe8ac35f4a91f357efc - - default default] 10.0.0.150 "DELETE /v2.0/vpn/endpoint-groups/840b34be-2b30-4f22-99a5-3e4761e4f1cc HTTP/1.1" status: 204 len: 168 time: 0.0363426
2026-03-31 06:12:28.663 9 INFO neutron.wsgi [None req-4c659eb8-1df5-4154-b675-55bc7fffee28 c7a0cdb4f1c843658cc71f364eb8443e 85087d4ca8f44fe8ac35f4a91f357efc - - default default] 10.0.0.150 "GET /v2.0/vpn/endpoint-groups HTTP/1.1" status: 200 len: 827 time: 0.0197430
2026-03-31 06:12:28.683 9 WARNING neutron.api.v2.base [None req-66f9b631-b97e-4d49-9c7c-ba9b1651e812 c7a0cdb4f1c843658cc71f364eb8443e 85087d4ca8f44fe8ac35f4a91f357efc - - default default] An exception happened while processing the request body. The exception message is [Invalid input for peer_cidrs. Reason: '1.0.0.0/33' is not a valid IP subnet.].: webob.exc.HTTPBadRequest: Invalid input for peer_cidrs. Reason: '1.0.0.0/33' is not a valid IP subnet.
2026-03-31 06:12:28.684 9 INFO neutron.api.v2.resource [None req-66f9b631-b97e-4d49-9c7c-ba9b1651e812 c7a0cdb4f1c843658cc71f364eb8443e 85087d4ca8f44fe8ac35f4a91f357efc - - default default] create failed (client error): Invalid input for peer_cidrs. Reason: '1.0.0.0/33' is not a valid IP subnet.
2026-03-31 06:12:28.685 9 INFO neutron.wsgi [None req-66f9b631-b97e-4d49-9c7c-ba9b1651e812 c7a0cdb4f1c843658cc71f364eb8443e 85087d4ca8f44fe8ac35f4a91f357efc - - default default] 10.0.0.150 "POST /v2.0/vpn/ipsec-site-connections HTTP/1.1" status: 400 len: 352 time: 0.0089021
2026-03-31 06:12:28.699 10 WARNING neutron_lib.context [None req-73602c10-9789-476d-b7c5-ac946d438ba5 c7a0cdb4f1c843658cc71f364eb8443e 85087d4ca8f44fe8ac35f4a91f357efc - - default default] Method 'is_advsvc' is deprecated since 2023.2 release (neutron-lib 3.8.0) and will be removed once support for the old RBAC API policies will be removed from Neutron. Please use method 'is_service_role' instead.
2026-03-31 06:12:28.774 10 INFO neutron.wsgi [None req-d8581d57-d601-4fdf-8da9-00beafba0096 805bb2134d174bffb3dd348f04c0a4bc ea3b4cf9758c4a568bbbbb89a380be48 - - default default] 10.0.0.150 "DELETE /v2.0/security-groups/8c6081d5-415b-4e41-972c-1340ebd03ee2 HTTP/1.1" status: 204 len: 168 time: 0.3084929
2026-03-31 06:12:28.808 10 INFO neutron.db.segments_db [None req-73602c10-9789-476d-b7c5-ac946d438ba5 c7a0cdb4f1c843658cc71f364eb8443e 85087d4ca8f44fe8ac35f4a91f357efc - - default default] Added segment cd6986cb-4fd1-4650-bb26-4e8292d08f4a of type geneve for network 1fd07add-11f3-47a3-9ff7-d3842298e0bb
2026-03-31 06:12:28.997 10 INFO neutron.db.ovn_revision_numbers_db [None req-73602c10-9789-476d-b7c5-ac946d438ba5 c7a0cdb4f1c843658cc71f364eb8443e 85087d4ca8f44fe8ac35f4a91f357efc - - default default] Successfully bumped revision number for resource 1fd07add-11f3-47a3-9ff7-d3842298e0bb (type: networks) to 1
2026-03-31 06:12:29.010 9 INFO neutron.wsgi [None req-7673504b-5ff5-4ebf-acbd-eb7757cb5445 805bb2134d174bffb3dd348f04c0a4bc ea3b4cf9758c4a568bbbbb89a380be48 - - default default] 10.0.0.150 "GET /v2.0/security-groups?tenant_id=87aad93fca1e4533aa4c7c24d24438dd&name=default HTTP/1.1" status: 200 len: 3120 time: 0.0608966
2026-03-31 06:12:29.201 10 WARNING neutron.scheduler.dhcp_agent_scheduler [None req-73602c10-9789-476d-b7c5-ac946d438ba5 c7a0cdb4f1c843658cc71f364eb8443e 85087d4ca8f44fe8ac35f4a91f357efc - - default default] No more DHCP agents
2026-03-31 06:12:29.203 10 WARNING neutron.api.rpc.agentnotifiers.dhcp_rpc_agent_api [None req-73602c10-9789-476d-b7c5-ac946d438ba5 c7a0cdb4f1c843658cc71f364eb8443e 85087d4ca8f44fe8ac35f4a91f357efc - - default default] Unable to schedule network 1fd07add-11f3-47a3-9ff7-d3842298e0bb: no agents available; will retry on subsequent port and subnet creation events.
2026-03-31 06:12:29.268 9 INFO neutron.wsgi [None req-07f31f2b-aaad-4970-9661-2c67fbb29d64 805bb2134d174bffb3dd348f04c0a4bc ea3b4cf9758c4a568bbbbb89a380be48 - - default default] 10.0.0.150 "DELETE /v2.0/security-groups/f0f51bc2-1af5-4c0f-b29f-8a64dc531342 HTTP/1.1" status: 204 len: 168 time: 0.2532470
2026-03-31 06:12:29.293 10 INFO neutron.db.ovn_revision_numbers_db [None req-73602c10-9789-476d-b7c5-ac946d438ba5 c7a0cdb4f1c843658cc71f364eb8443e 85087d4ca8f44fe8ac35f4a91f357efc - - default default] Successfully bumped revision number for resource c3c98763-92c5-47a7-8902-0ddeb7d6d21f (type: ports) to 1
2026-03-31 06:12:29.315 10 INFO neutron.wsgi [None req-73602c10-9789-476d-b7c5-ac946d438ba5 c7a0cdb4f1c843658cc71f364eb8443e 85087d4ca8f44fe8ac35f4a91f357efc - - default default] 10.0.0.150 "POST /v2.0/networks HTTP/1.1" status: 201 len: 830 time: 0.6230509
2026-03-31 06:12:29.324 10 WARNING neutron_lib.context [None req-acec4cee-1969-42b1-99f1-d665ea5626d0 c7a0cdb4f1c843658cc71f364eb8443e 85087d4ca8f44fe8ac35f4a91f357efc - - default default] Method 'is_advsvc' is deprecated since 2023.2 release (neutron-lib 3.8.0) and will be removed once support for the old RBAC API policies will be removed from Neutron. Please use method 'is_service_role' instead.
2026-03-31 06:12:29.550 10 WARNING neutron.scheduler.dhcp_agent_scheduler [None req-acec4cee-1969-42b1-99f1-d665ea5626d0 c7a0cdb4f1c843658cc71f364eb8443e 85087d4ca8f44fe8ac35f4a91f357efc - - default default] No more DHCP agents
2026-03-31 06:12:29.553 10 WARNING neutron.api.rpc.agentnotifiers.dhcp_rpc_agent_api [None req-acec4cee-1969-42b1-99f1-d665ea5626d0 c7a0cdb4f1c843658cc71f364eb8443e 85087d4ca8f44fe8ac35f4a91f357efc - - default default] Unable to schedule network 1fd07add-11f3-47a3-9ff7-d3842298e0bb: no agents available; will retry on subsequent port and subnet creation events.
2026-03-31 06:12:30.167 9 WARNING neutron.plugins.ml2.drivers.ovn.mech_driver.ovsdb.ovn_client [None req-030bbb55-b044-41b5-b59e-7f1ab0a84184 - - - - - -] No port found with ID 126937a6-efff-423e-b78d-f5ca6b87b8e4: RuntimeError: No port found with ID 126937a6-efff-423e-b78d-f5ca6b87b8e4
2026-03-31 06:12:30.199 10 INFO neutron.db.ovn_revision_numbers_db [None req-acec4cee-1969-42b1-99f1-d665ea5626d0 c7a0cdb4f1c843658cc71f364eb8443e 85087d4ca8f44fe8ac35f4a91f357efc - - default default] Successfully bumped revision number for resource c3c98763-92c5-47a7-8902-0ddeb7d6d21f (type: ports) to 2
2026-03-31 06:12:30.241 10 INFO neutron.db.ovn_revision_numbers_db [None req-acec4cee-1969-42b1-99f1-d665ea5626d0 c7a0cdb4f1c843658cc71f364eb8443e 85087d4ca8f44fe8ac35f4a91f357efc - - default default] Successfully bumped revision number for resource ca375134-4815-471f-a40e-1a329241043a (type: subnets) to 0
2026-03-31 06:12:30.263 10 INFO neutron.wsgi [None req-acec4cee-1969-42b1-99f1-d665ea5626d0 c7a0cdb4f1c843658cc71f364eb8443e 85087d4ca8f44fe8ac35f4a91f357efc - - default default] 10.0.0.150 "POST /v2.0/subnets HTTP/1.1" status: 201 len: 804 time: 0.9436448
2026-03-31 06:12:30.274 10 WARNING neutron_lib.context [None req-3ab329d3-5a78-4e95-ba1d-b4738e09dd1a c7a0cdb4f1c843658cc71f364eb8443e 85087d4ca8f44fe8ac35f4a91f357efc - - default default] Method 'is_advsvc' is deprecated since 2023.2 release (neutron-lib 3.8.0) and will be removed once support for the old RBAC API policies will be removed from Neutron. Please use method 'is_service_role' instead.
2026-03-31 06:12:30.783 10 WARNING neutron.scheduler.dhcp_agent_scheduler [None req-3ab329d3-5a78-4e95-ba1d-b4738e09dd1a c7a0cdb4f1c843658cc71f364eb8443e 85087d4ca8f44fe8ac35f4a91f357efc - - default default] No more DHCP agents
2026-03-31 06:12:30.786 10 WARNING neutron.api.rpc.agentnotifiers.dhcp_rpc_agent_api [None req-3ab329d3-5a78-4e95-ba1d-b4738e09dd1a c7a0cdb4f1c843658cc71f364eb8443e 85087d4ca8f44fe8ac35f4a91f357efc - - default default] Unable to schedule network a06480ad-20a5-4a4c-9e66-78b05aafe665: no agents available; will retry on subsequent port and subnet creation events.
2026-03-31 06:12:30.977 10 INFO neutron.db.ovn_revision_numbers_db [None req-3ab329d3-5a78-4e95-ba1d-b4738e09dd1a c7a0cdb4f1c843658cc71f364eb8443e 85087d4ca8f44fe8ac35f4a91f357efc - - default default] Successfully bumped revision number for resource d4086bb7-304c-422f-85ff-dd9c4aaa1db4 (type: ports) to 1
2026-03-31 06:12:31.280 9 WARNING neutron_lib.context [None req-eed3c91f-554b-47a8-9e8a-a5c9be47cc5a 9694d3f6cd2b4571aef2d1884f73d88b e932e328fb9442f39921552e62595074 - - default default] Method 'is_advsvc' is deprecated since 2023.2 release (neutron-lib 3.8.0) and will be removed once support for the old RBAC API policies will be removed from Neutron. Please use method 'is_service_role' instead.
2026-03-31 06:12:31.454 9 INFO neutron.db.ovn_revision_numbers_db [None req-eed3c91f-554b-47a8-9e8a-a5c9be47cc5a 9694d3f6cd2b4571aef2d1884f73d88b e932e328fb9442f39921552e62595074 - - default default] Successfully bumped revision number for resource 549480ee-5c74-4309-ba43-ba338c0ee748 (type: security_groups) to 1
2026-03-31 06:12:31.473 9 INFO neutron.db.ovn_revision_numbers_db [None req-eed3c91f-554b-47a8-9e8a-a5c9be47cc5a 9694d3f6cd2b4571aef2d1884f73d88b e932e328fb9442f39921552e62595074 - - default default] Successfully bumped revision number for resource 50ed894f-97a8-4bc8-943c-002b8e4badfc (type: security_group_rules) to 0
2026-03-31 06:12:31.495 9 INFO neutron.db.ovn_revision_numbers_db [None req-eed3c91f-554b-47a8-9e8a-a5c9be47cc5a 9694d3f6cd2b4571aef2d1884f73d88b e932e328fb9442f39921552e62595074 - - default default] Successfully bumped revision number for resource 83dffbec-dded-48d1-b763-9f6e99b2d4ac (type: security_group_rules) to 0
2026-03-31 06:12:31.512 9 INFO neutron.db.ovn_revision_numbers_db [None req-eed3c91f-554b-47a8-9e8a-a5c9be47cc5a 9694d3f6cd2b4571aef2d1884f73d88b e932e328fb9442f39921552e62595074 - - default default] Successfully bumped revision number for resource d5bb7bd2-f747-4771-9122-7ea0dbc77068 (type: security_group_rules) to 0
2026-03-31 06:12:31.530 9 INFO neutron.db.ovn_revision_numbers_db [None req-eed3c91f-554b-47a8-9e8a-a5c9be47cc5a 9694d3f6cd2b4571aef2d1884f73d88b e932e328fb9442f39921552e62595074 - - default default] Successfully bumped revision number for resource dd642f74-5521-4c8f-ba18-38ffa73107ed (type: security_group_rules) to 0
2026-03-31 06:12:31.587 9 INFO neutron.db.segments_db [None req-eed3c91f-554b-47a8-9e8a-a5c9be47cc5a 9694d3f6cd2b4571aef2d1884f73d88b e932e328fb9442f39921552e62595074 - - default default] Added segment 31ef248e-326a-4236-b121-370c6385a7b5 of type geneve for network b005be6d-6082-4b7d-8929-bd6f7e5f0587
2026-03-31 06:12:31.791 9 INFO neutron.db.ovn_revision_numbers_db [None req-eed3c91f-554b-47a8-9e8a-a5c9be47cc5a 9694d3f6cd2b4571aef2d1884f73d88b e932e328fb9442f39921552e62595074 - - default default] Successfully bumped revision number for resource b005be6d-6082-4b7d-8929-bd6f7e5f0587 (type: networks) to 1
2026-03-31 06:12:32.030 9 WARNING neutron.scheduler.dhcp_agent_scheduler [None req-eed3c91f-554b-47a8-9e8a-a5c9be47cc5a 9694d3f6cd2b4571aef2d1884f73d88b e932e328fb9442f39921552e62595074 - - default default] No more DHCP agents
2026-03-31 06:12:32.031 10 INFO neutron.plugins.ml2.drivers.ovn.mech_driver.ovsdb.commands [None req-ccfd4401-7ed7-442c-84fb-c8e53bf34020 - - - - - -] Schedule LRP lrp-d4086bb7-304c-422f-85ff-dd9c4aaa1db4 on gateway e2b808ab-0a5c-4944-8f71-f16af0935e4f with priority 1
2026-03-31 06:12:32.032 9 WARNING neutron.api.rpc.agentnotifiers.dhcp_rpc_agent_api [None req-eed3c91f-554b-47a8-9e8a-a5c9be47cc5a 9694d3f6cd2b4571aef2d1884f73d88b e932e328fb9442f39921552e62595074 - - default default] Unable to schedule network b005be6d-6082-4b7d-8929-bd6f7e5f0587: no agents available; will retry on subsequent port and subnet creation events.
2026-03-31 06:12:32.051 9 INFO neutron.plugins.ml2.drivers.ovn.mech_driver.mech_driver [None req-030bbb55-b044-41b5-b59e-7f1ab0a84184 - - - - - -] OVN reports status up for port: d4086bb7-304c-422f-85ff-dd9c4aaa1db4
2026-03-31 06:12:32.076 9 INFO neutron.plugins.ml2.plugin [None req-030bbb55-b044-41b5-b59e-7f1ab0a84184 - - - - - -] Attempt 1 to provision port d4086bb7-304c-422f-85ff-dd9c4aaa1db4
2026-03-31 06:12:32.086 10 INFO neutron.db.ovn_revision_numbers_db [None req-3ab329d3-5a78-4e95-ba1d-b4738e09dd1a c7a0cdb4f1c843658cc71f364eb8443e 85087d4ca8f44fe8ac35f4a91f357efc - - default default] Successfully bumped revision number for resource d4086bb7-304c-422f-85ff-dd9c4aaa1db4 (type: router_ports) to 1
2026-03-31 06:12:32.165 9 INFO neutron.db.ovn_revision_numbers_db [None req-eed3c91f-554b-47a8-9e8a-a5c9be47cc5a 9694d3f6cd2b4571aef2d1884f73d88b e932e328fb9442f39921552e62595074 - - default default] Successfully bumped revision number for resource 597346d8-d9cf-475e-837f-334b5b5fcce2 (type: ports) to 1
2026-03-31 06:12:32.196 10 INFO neutron.db.ovn_revision_numbers_db [None req-3ab329d3-5a78-4e95-ba1d-b4738e09dd1a c7a0cdb4f1c843658cc71f364eb8443e 85087d4ca8f44fe8ac35f4a91f357efc - - default default] Successfully bumped revision number for resource 22a82fed-db4e-4e51-b787-3b86014ba1c2 (type: routers) to 2
2026-03-31 06:12:32.202 9 INFO neutron.wsgi [None req-eed3c91f-554b-47a8-9e8a-a5c9be47cc5a 9694d3f6cd2b4571aef2d1884f73d88b e932e328fb9442f39921552e62595074 - - default default] 10.0.0.150 "POST /v2.0/networks HTTP/1.1" status: 201 len: 831 time: 1.1144722
2026-03-31 06:12:32.214 10 WARNING neutron_lib.context [None req-d7808dde-4271-4aa0-a965-c9d750f1df86 9694d3f6cd2b4571aef2d1884f73d88b e932e328fb9442f39921552e62595074 - - default default] Method 'is_advsvc' is deprecated since 2023.2 release (neutron-lib 3.8.0) and will be removed once support for the old RBAC API policies will be removed from Neutron. Please use method 'is_service_role' instead.
2026-03-31 06:12:32.227 10 INFO neutron.wsgi [None req-3ab329d3-5a78-4e95-ba1d-b4738e09dd1a c7a0cdb4f1c843658cc71f364eb8443e 85087d4ca8f44fe8ac35f4a91f357efc - - default default] 10.0.0.150 "POST /v2.0/routers HTTP/1.1" status: 201 len: 1136 time: 1.9590943
2026-03-31 06:12:32.383 9 INFO neutron.api.v2.resource [None req-b09a7fa4-fa4f-43bb-a44f-577e81c44a0b 13d959e51b304577ab8cad9fff2eb6dd 4226614d12864337af68eb7cad82b3a4 - - default default] create failed (client error): The server could not comply with the request since it is either malformed or otherwise incorrect.
2026-03-31 06:12:32.385 9 INFO neutron.wsgi [None req-b09a7fa4-fa4f-43bb-a44f-577e81c44a0b 13d959e51b304577ab8cad9fff2eb6dd 4226614d12864337af68eb7cad82b3a4 - - default default] 10.0.0.150 "POST /v2.0/vpn/vpnservices HTTP/1.1" status: 400 len: 397 time: 0.1514111
2026-03-31 06:12:32.528 10 WARNING neutron.scheduler.dhcp_agent_scheduler [None req-d7808dde-4271-4aa0-a965-c9d750f1df86 9694d3f6cd2b4571aef2d1884f73d88b e932e328fb9442f39921552e62595074 - - default default] No more DHCP agents
2026-03-31 06:12:32.533 10 WARNING neutron.api.rpc.agentnotifiers.dhcp_rpc_agent_api [None req-d7808dde-4271-4aa0-a965-c9d750f1df86 9694d3f6cd2b4571aef2d1884f73d88b e932e328fb9442f39921552e62595074 - - default default] Unable to schedule network b005be6d-6082-4b7d-8929-bd6f7e5f0587: no agents available; will retry on subsequent port and subnet creation events.
2026-03-31 06:12:32.641 10 INFO neutron.db.ovn_revision_numbers_db [None req-d7808dde-4271-4aa0-a965-c9d750f1df86 9694d3f6cd2b4571aef2d1884f73d88b e932e328fb9442f39921552e62595074 - - default default] Successfully bumped revision number for resource e86fe455-6b08-4a31-9eba-fd47edb49ba8 (type: ports) to 1
2026-03-31 06:12:32.665 10 INFO neutron.wsgi [None req-d7808dde-4271-4aa0-a965-c9d750f1df86 9694d3f6cd2b4571aef2d1884f73d88b e932e328fb9442f39921552e62595074 - - default default] 10.0.0.150 "POST /v2.0/ports HTTP/1.1" status: 201 len: 942 time: 0.4563792
2026-03-31 06:12:32.683 9 WARNING neutron_lib.context [None req-19ecfe0f-4260-4b6e-a301-29113807561f 9694d3f6cd2b4571aef2d1884f73d88b e932e328fb9442f39921552e62595074 - - default default] Method 'is_advsvc' is deprecated since 2023.2 release (neutron-lib 3.8.0) and will be removed once support for the old RBAC API policies will be removed from Neutron. Please use method 'is_service_role' instead.
2026-03-31 06:12:33.058 9 INFO neutron.wsgi [None req-19ecfe0f-4260-4b6e-a301-29113807561f 9694d3f6cd2b4571aef2d1884f73d88b e932e328fb9442f39921552e62595074 - - default default] 10.0.0.150 "POST /v2.0/trunks HTTP/1.1" status: 201 len: 608 time: 0.3879092
2026-03-31 06:12:33.068 9 WARNING neutron_lib.context [None req-aa29642e-9eeb-425c-af7e-3e56240bf4d5 9694d3f6cd2b4571aef2d1884f73d88b e932e328fb9442f39921552e62595074 - - default default] Method 'is_advsvc' is deprecated since 2023.2 release (neutron-lib 3.8.0) and will be removed once support for the old RBAC API policies will be removed from Neutron. Please use method 'is_service_role' instead.
2026-03-31 06:12:33.159 9 INFO neutron.services.segments.plugin [-] Segment cd6986cb-4fd1-4650-bb26-4e8292d08f4a resource provider aggregate not found
2026-03-31 06:12:33.164 9 INFO neutron.services.segments.plugin [-] Segment cd6986cb-4fd1-4650-bb26-4e8292d08f4a resource provider aggregate not found
2026-03-31 06:12:33.175 9 INFO neutron.services.segments.plugin [-] Segment cd6986cb-4fd1-4650-bb26-4e8292d08f4a resource provider not found; error: Placement Client Error (4xx): {"errors": [{"status": 404, "title": "Not Found", "detail": "The resource could not be found.\n\n No resource provider with uuid cd6986cb-4fd1-4650-bb26-4e8292d08f4a found for delete ", "request_id": "req-c005c0be-f8e0-4404-b044-026867a4c6a8"}]}
2026-03-31 06:12:33.182 9 INFO neutron.services.segments.plugin [-] Segment cd6986cb-4fd1-4650-bb26-4e8292d08f4a resource provider not found; error: Placement Client Error (4xx): {"errors": [{"status": 404, "title": "Not Found", "detail": "The resource could not be found.\n\n No resource provider with uuid cd6986cb-4fd1-4650-bb26-4e8292d08f4a found for delete ", "request_id": "req-e955715f-fc3e-44c3-a890-cd6703b0ee43"}]}
2026-03-31 06:12:33.205 9 INFO neutron.wsgi [None req-84c36ef6-d314-4a64-ab84-590e0bcd6886 13d959e51b304577ab8cad9fff2eb6dd 4226614d12864337af68eb7cad82b3a4 - - default default] 10.0.0.150 "DELETE /v2.0/networks/1fd07add-11f3-47a3-9ff7-d3842298e0bb HTTP/1.1" status: 204 len: 168 time: 0.8139529 /var/lib/openstack/lib/python3.10/site-packages/pycadf/identifier.py:71: UserWarning: Invalid uuid: neutron. To ensure interoperability, identifiers should be a valid uuid. warnings.warn(('Invalid uuid: %s. To ensure interoperability, '
2026-03-31 06:12:33.226 9 INFO neutron.db.segments_db [None req-aa29642e-9eeb-425c-af7e-3e56240bf4d5 9694d3f6cd2b4571aef2d1884f73d88b e932e328fb9442f39921552e62595074 - - default default] Added segment 366cd203-46b7-40c1-ae43-bda8a822b290 of type geneve for network 580a10c6-7978-4b96-b0e6-aa19ec54e0ab
2026-03-31 06:12:33.385 9 INFO neutron.db.ovn_revision_numbers_db [None req-aa29642e-9eeb-425c-af7e-3e56240bf4d5 9694d3f6cd2b4571aef2d1884f73d88b e932e328fb9442f39921552e62595074 - - default default] Successfully bumped revision number for resource 580a10c6-7978-4b96-b0e6-aa19ec54e0ab (type: networks) to 1
2026-03-31 06:12:33.597 9 WARNING neutron.scheduler.dhcp_agent_scheduler [None req-aa29642e-9eeb-425c-af7e-3e56240bf4d5 9694d3f6cd2b4571aef2d1884f73d88b e932e328fb9442f39921552e62595074 - - default default] No more DHCP agents
2026-03-31 06:12:33.602 9 WARNING neutron.api.rpc.agentnotifiers.dhcp_rpc_agent_api [None req-aa29642e-9eeb-425c-af7e-3e56240bf4d5 9694d3f6cd2b4571aef2d1884f73d88b e932e328fb9442f39921552e62595074 - - default default] Unable to schedule network 580a10c6-7978-4b96-b0e6-aa19ec54e0ab: no agents available; will retry on subsequent port and subnet creation events.
2026-03-31 06:12:33.751 9 INFO neutron.db.ovn_revision_numbers_db [None req-aa29642e-9eeb-425c-af7e-3e56240bf4d5 9694d3f6cd2b4571aef2d1884f73d88b e932e328fb9442f39921552e62595074 - - default default] Successfully bumped revision number for resource 35513ad8-5d4a-495b-b9bd-b210e30ee483 (type: ports) to 1
2026-03-31 06:12:33.780 9 INFO neutron.wsgi [None req-aa29642e-9eeb-425c-af7e-3e56240bf4d5 9694d3f6cd2b4571aef2d1884f73d88b e932e328fb9442f39921552e62595074 - - default default] 10.0.0.150 "POST /v2.0/networks HTTP/1.1" status: 201 len: 829 time: 0.7174833
2026-03-31 06:12:33.792 9 WARNING neutron_lib.context [None req-538e9dd3-5e88-4db9-98d9-f66245b2955c 9694d3f6cd2b4571aef2d1884f73d88b e932e328fb9442f39921552e62595074 - - default default] Method 'is_advsvc' is deprecated since 2023.2 release (neutron-lib 3.8.0) and will be removed once support for the old RBAC API policies will be removed from Neutron. Please use method 'is_service_role' instead.
2026-03-31 06:12:33.996 10 WARNING neutron_lib.context [None req-dde7546a-5e30-401d-afad-e8f8df119db1 316ef9b9042043aab6fd51d01b47967a 2a4147a9a7e34710a472ce1fbe08864f - - default default] Method 'is_advsvc' is deprecated since 2023.2 release (neutron-lib 3.8.0) and will be removed once support for the old RBAC API policies will be removed from Neutron. Please use method 'is_service_role' instead.
2026-03-31 06:12:34.115 9 WARNING neutron.scheduler.dhcp_agent_scheduler [None req-538e9dd3-5e88-4db9-98d9-f66245b2955c 9694d3f6cd2b4571aef2d1884f73d88b e932e328fb9442f39921552e62595074 - - default default] No more DHCP agents
2026-03-31 06:12:34.118 9 WARNING neutron.api.rpc.agentnotifiers.dhcp_rpc_agent_api [None req-538e9dd3-5e88-4db9-98d9-f66245b2955c 9694d3f6cd2b4571aef2d1884f73d88b e932e328fb9442f39921552e62595074 - - default default] Unable to schedule network 580a10c6-7978-4b96-b0e6-aa19ec54e0ab: no agents available; will retry on subsequent port and subnet creation events.
2026-03-31 06:12:34.130 10 INFO neutron.wsgi [None req-c8a37181-337e-438e-a470-938366ccbc78 13d959e51b304577ab8cad9fff2eb6dd 4226614d12864337af68eb7cad82b3a4 - - default default] 10.0.0.150 "DELETE /v2.0/routers/22a82fed-db4e-4e51-b787-3b86014ba1c2 HTTP/1.1" status: 204 len: 168 time: 0.9178104
2026-03-31 06:12:34.149 10 WARNING neutron.api.v2.base [None req-8f9bf18f-883b-4503-bba3-684f85d18a82 c7a0cdb4f1c843658cc71f364eb8443e 85087d4ca8f44fe8ac35f4a91f357efc - - default default] An exception happened while processing the request body. The exception message is [Invalid input for description. Reason: 'yyyyyyyyyyyyyyyyyyyyyyyyyyyyyyyyyyyyyyyyyyyyyyyyyyyyyyyyyyyyyyyyyyyyyyyyyyyyyyyyyyyyyyyyyyyyyyyyyyyyyyyyyyyyyyyyyyyyyyyyyyyyyyyyyyyyyyyyyyyyyyyyyyyyyyyyyyyyyyyyyyyyyyyyyyyyyyyyyyyyyyyyyyyyyyyyyyyyyyyyyyyyyyyyyyyyyyyyyyyyyyyyyyyyyyyyyyyyyyyyyyyyyyyyyyyyyyyy' exceeds maximum length of 255.].: webob.exc.HTTPBadRequest: Invalid input for description. Reason: 'yyyyyyyyyyyyyyyyyyyyyyyyyyyyyyyyyyyyyyyyyyyyyyyyyyyyyyyyyyyyyyyyyyyyyyyyyyyyyyyyyyyyyyyyyyyyyyyyyyyyyyyyyyyyyyyyyyyyyyyyyyyyyyyyyyyyyyyyyyyyyyyyyyyyyyyyyyyyyyyyyyyyyyyyyyyyyyyyyyyyyyyyyyyyyyyyyyyyyyyyyyyyyyyyyyyyyyyyyyyyyyyyyyyyyyyyyyyyyyyyyyyyyyyyyyyyyyyy' exceeds maximum length of 255.
2026-03-31 06:12:34.149 10 INFO neutron.api.v2.resource [None req-8f9bf18f-883b-4503-bba3-684f85d18a82 c7a0cdb4f1c843658cc71f364eb8443e 85087d4ca8f44fe8ac35f4a91f357efc - - default default] create failed (client error): Invalid input for description. Reason: 'yyyyyyyyyyyyyyyyyyyyyyyyyyyyyyyyyyyyyyyyyyyyyyyyyyyyyyyyyyyyyyyyyyyyyyyyyyyyyyyyyyyyyyyyyyyyyyyyyyyyyyyyyyyyyyyyyyyyyyyyyyyyyyyyyyyyyyyyyyyyyyyyyyyyyyyyyyyyyyyyyyyyyyyyyyyyyyyyyyyyyyyyyyyyyyyyyyyyyyyyyyyyyyyyyyyyyyyyyyyyyyyyyyyyyyyyyyyyyyyyyyyyyyyyyyyyyyyy' exceeds maximum length of 255.
2026-03-31 06:12:34.150 10 INFO neutron.wsgi [None req-8f9bf18f-883b-4503-bba3-684f85d18a82 c7a0cdb4f1c843658cc71f364eb8443e 85087d4ca8f44fe8ac35f4a91f357efc - - default default] 10.0.0.150 "POST /v2.0/vpn/vpnservices HTTP/1.1" status: 400 len: 604 time: 0.0126376
