2026-03-31 06:11:53.670 9 INFO neutron.db.securitygroups_db [None req-44418dce-94f4-42a6-bc3f-906918af14fe e7ceb4d734aa47e282b52cbb6e8b07e3 12986e02cd10464e91b2522803199b02 - - default default] Project 12986e02cd10464e91b2522803199b02 added a security group rule with legacy IPv6 ICMP protocol name icmp, ipv6-icmp should be used instead. It was automatically converted.
2026-03-31 06:11:53.794 9 INFO neutron.db.ovn_revision_numbers_db [None req-44418dce-94f4-42a6-bc3f-906918af14fe e7ceb4d734aa47e282b52cbb6e8b07e3 12986e02cd10464e91b2522803199b02 - - default default] Successfully bumped revision number for resource 10804cd1-18c2-41d4-a268-799508a5f776 (type: security_group_rules) to 0
2026-03-31 06:11:53.838 9 INFO neutron.wsgi [None req-44418dce-94f4-42a6-bc3f-906918af14fe e7ceb4d734aa47e282b52cbb6e8b07e3 12986e02cd10464e91b2522803199b02 - - default default] 10.0.0.150 "POST /v2.0/security-group-rules HTTP/1.1" status: 201 len: 806 time: 0.2169096
2026-03-31 06:11:53.850 9 WARNING neutron_lib.context [None req-88c4dda6-2ee9-48db-af35-13ec3b82e16c e7ceb4d734aa47e282b52cbb6e8b07e3 12986e02cd10464e91b2522803199b02 - - default default] Method 'is_advsvc' is deprecated since 2023.2 release (neutron-lib 3.8.0) and will be removed once support for the old RBAC API policies will be removed from Neutron. Please use method 'is_service_role' instead.
2026-03-31 06:11:53.892 9 INFO neutron.db.securitygroups_db [None req-88c4dda6-2ee9-48db-af35-13ec3b82e16c e7ceb4d734aa47e282b52cbb6e8b07e3 12986e02cd10464e91b2522803199b02 - - default default] Project 12986e02cd10464e91b2522803199b02 added a security group rule with legacy IPv6 ICMP protocol name icmp, ipv6-icmp should be used instead. It was automatically converted.
2026-03-31 06:11:53.974 10 INFO neutron.services.segments.plugin [-] Segment 6c22b39c-014b-4086-ab5e-08415ba2aa6c resource provider aggregate not found
2026-03-31 06:11:53.988 10 INFO neutron.services.segments.plugin [-] Segment 6c22b39c-014b-4086-ab5e-08415ba2aa6c resource provider aggregate not found
2026-03-31 06:11:54.013 10 INFO neutron.db.ovn_revision_numbers_db [None req-8595c52e-ad65-4c82-a221-c5c38bacd897 - - - - - -] Successfully bumped revision number for resource fa17e913-1f68-48bc-9f2c-313ffb5884f2 (type: router_ports) to 4
2026-03-31 06:11:54.027 9 INFO neutron.db.ovn_revision_numbers_db [None req-88c4dda6-2ee9-48db-af35-13ec3b82e16c e7ceb4d734aa47e282b52cbb6e8b07e3 12986e02cd10464e91b2522803199b02 - - default default] Successfully bumped revision number for resource cbbdc96a-53a1-40bb-a089-aeaa8b08fbfe (type: security_group_rules) to 0
2026-03-31 06:11:54.028 10 INFO neutron.services.segments.plugin [-] Segment 6c22b39c-014b-4086-ab5e-08415ba2aa6c resource provider not found; error: Placement Client Error (4xx): {"errors": [{"status": 404, "title": "Not Found", "detail": "The resource could not be found.\n\n No resource provider with uuid 6c22b39c-014b-4086-ab5e-08415ba2aa6c found for delete ", "request_id": "req-a15b8da1-3a29-4f86-92d5-a998ab3ce665"}]}
2026-03-31 06:11:54.028 10 INFO neutron.services.segments.plugin [-] Segment 6c22b39c-014b-4086-ab5e-08415ba2aa6c resource provider not found; error: Placement Client Error (4xx): {"errors": [{"status": 404, "title": "Not Found", "detail": "The resource could not be found.\n\n No resource provider with uuid 6c22b39c-014b-4086-ab5e-08415ba2aa6c found for delete ", "request_id": "req-2e0f3f0b-3c10-426a-be1f-c6d6f95b1ddd"}]}
2026-03-31 06:11:54.064 9 INFO neutron.wsgi [None req-88c4dda6-2ee9-48db-af35-13ec3b82e16c e7ceb4d734aa47e282b52cbb6e8b07e3 12986e02cd10464e91b2522803199b02 - - default default] 10.0.0.150 "POST /v2.0/security-group-rules HTTP/1.1" status: 201 len: 805 time: 0.2185123
2026-03-31 06:11:54.092 10 INFO neutron.wsgi [None req-43e57acd-119f-4060-aac5-2b5f1220198e c5e70cdf1f9d4613bd388fa5f510277f f563d4b8fe634705a5897eba73994230 - - default default] 10.0.0.150 "DELETE /v2.0/networks/79239f44-46a2-450d-9fbe-db8df5480afe HTTP/1.1" status: 204 len: 168 time: 1.8059556
2026-03-31 06:11:54.529 9 WARNING neutron_lib.context [None req-26ef7dbd-ac95-4168-95ae-47723cea4540 e7ceb4d734aa47e282b52cbb6e8b07e3 12986e02cd10464e91b2522803199b02 - - default default] Method 'is_advsvc' is deprecated since 2023.2 release (neutron-lib 3.8.0) and will be removed once support for the old RBAC API policies will be removed from Neutron. Please use method 'is_service_role' instead.
2026-03-31 06:11:54.693 10 INFO neutron.db.ovn_revision_numbers_db [None req-e2f31618-046d-476a-a7ff-4884df1feeca - - - - - -] Successfully bumped revision number for resource 26fbc579-5c47-4eb2-85dc-11497767e9ec (type: ports) to 2
2026-03-31 06:11:54.731 9 INFO neutron.db.ovn_revision_numbers_db [None req-26ef7dbd-ac95-4168-95ae-47723cea4540 e7ceb4d734aa47e282b52cbb6e8b07e3 12986e02cd10464e91b2522803199b02 - - default default] Successfully bumped revision number for resource 28fbd0e7-d5c9-4d97-b1a5-67d634a91393 (type: security_groups) to 1
2026-03-31 06:11:54.753 9 INFO neutron.db.ovn_revision_numbers_db [None req-26ef7dbd-ac95-4168-95ae-47723cea4540 e7ceb4d734aa47e282b52cbb6e8b07e3 12986e02cd10464e91b2522803199b02 - - default default] Successfully bumped revision number for resource 1a42c16a-a693-4f5a-8774-398fd1e1256e (type: security_group_rules) to 0
2026-03-31 06:11:54.775 9 INFO neutron.db.ovn_revision_numbers_db [None req-26ef7dbd-ac95-4168-95ae-47723cea4540 e7ceb4d734aa47e282b52cbb6e8b07e3 12986e02cd10464e91b2522803199b02 - - default default] Successfully bumped revision number for resource 5e312a21-bfbc-4158-b8da-7ded4471a979 (type: security_group_rules) to 0
2026-03-31 06:11:54.820 9 INFO neutron.wsgi [None req-26ef7dbd-ac95-4168-95ae-47723cea4540 e7ceb4d734aa47e282b52cbb6e8b07e3 12986e02cd10464e91b2522803199b02 - - default default] 10.0.0.150 "POST /v2.0/security-groups HTTP/1.1" status: 201 len: 1861 time: 0.3101485
2026-03-31 06:11:54.831 9 WARNING neutron_lib.context [None req-3dd6310e-fc19-45fa-84c9-c3e51667694b e7ceb4d734aa47e282b52cbb6e8b07e3 12986e02cd10464e91b2522803199b02 - - default default] Method 'is_advsvc' is deprecated since 2023.2 release (neutron-lib 3.8.0) and will be removed once support for the old RBAC API policies will be removed from Neutron. Please use method 'is_service_role' instead.
2026-03-31 06:11:55.026 9 INFO neutron.db.ovn_revision_numbers_db [None req-3dd6310e-fc19-45fa-84c9-c3e51667694b e7ceb4d734aa47e282b52cbb6e8b07e3 12986e02cd10464e91b2522803199b02 - - default default] Successfully bumped revision number for resource 3b98e65b-20c3-4bb7-8478-9b26a6fc35ae (type: security_group_rules) to 0
2026-03-31 06:11:55.069 9 INFO neutron.wsgi [None req-3dd6310e-fc19-45fa-84c9-c3e51667694b e7ceb4d734aa47e282b52cbb6e8b07e3 12986e02cd10464e91b2522803199b02 - - default default] 10.0.0.150 "POST /v2.0/security-group-rules HTTP/1.1" status: 201 len: 796 time: 0.2433503
2026-03-31 06:11:55.080 9 WARNING neutron_lib.context [None req-a5c994d7-43d0-4820-8b9a-802147f720ab e7ceb4d734aa47e282b52cbb6e8b07e3 12986e02cd10464e91b2522803199b02 - - default default] Method 'is_advsvc' is deprecated since 2023.2 release (neutron-lib 3.8.0) and will be removed once support for the old RBAC API policies will be removed from Neutron. Please use method 'is_service_role' instead.
2026-03-31 06:11:55.158 10 INFO neutron.db.ovn_revision_numbers_db [None req-e2f31618-046d-476a-a7ff-4884df1feeca - - - - - -] Successfully bumped revision number for resource 26fbc579-5c47-4eb2-85dc-11497767e9ec (type: router_ports) to 2
2026-03-31 06:11:55.187 9 INFO neutron.wsgi [None req-7885094d-4c35-4702-9cbc-262552299b17 805bb2134d174bffb3dd348f04c0a4bc ea3b4cf9758c4a568bbbbb89a380be48 - - default default] 10.0.0.150 "GET /v2.0/security-groups?tenant_id=f563d4b8fe634705a5897eba73994230&name=default HTTP/1.1" status: 200 len: 3120 time: 0.2763205
2026-03-31 06:11:55.194 10 INFO neutron.wsgi [None req-0cccbc7c-3bc8-4eba-8bf5-a707495991ec f19babc591574c3a8757346bc29c9dc0 261cadf982c045f1adeeadcc807e529c - - default default] 10.0.0.150 "DELETE /v2.0/routers/be5736e6-eddf-4995-ae7a-44f39a07d44e HTTP/1.1" status: 204 len: 168 time: 2.9809029
2026-03-31 06:11:55.284 9 INFO neutron.db.ovn_revision_numbers_db [None req-a5c994d7-43d0-4820-8b9a-802147f720ab e7ceb4d734aa47e282b52cbb6e8b07e3 12986e02cd10464e91b2522803199b02 - - default default] Successfully bumped revision number for resource 3ad8bd70-6ab4-4adf-a412-7af492a0af80 (type: security_group_rules) to 0
2026-03-31 06:11:55.333 9 INFO neutron.wsgi [None req-a5c994d7-43d0-4820-8b9a-802147f720ab e7ceb4d734aa47e282b52cbb6e8b07e3 12986e02cd10464e91b2522803199b02 - - default default] 10.0.0.150 "POST /v2.0/security-group-rules HTTP/1.1" status: 201 len: 801 time: 0.2585990
2026-03-31 06:11:55.348 9 WARNING neutron_lib.context [None req-3c7802cb-b640-4a2a-9003-4cdc8ee55fa2 e7ceb4d734aa47e282b52cbb6e8b07e3 12986e02cd10464e91b2522803199b02 - - default default] Method 'is_advsvc' is deprecated since 2023.2 release (neutron-lib 3.8.0) and will be removed once support for the old RBAC API policies will be removed from Neutron. Please use method 'is_service_role' instead.
2026-03-31 06:11:55.553 10 INFO neutron.db.ovn_revision_numbers_db [None req-6ccdf80b-d889-48ab-806b-229eab83da6d 13d959e51b304577ab8cad9fff2eb6dd 4226614d12864337af68eb7cad82b3a4 - - default default] Successfully bumped revision number for resource d97714f6-b9f4-4105-88ca-98325102a406 (type: router_ports) to 1
2026-03-31 06:11:55.656 9 INFO neutron.wsgi [None req-d39558e4-d4e5-4bf2-b5cb-7adb271bc9a6 805bb2134d174bffb3dd348f04c0a4bc ea3b4cf9758c4a568bbbbb89a380be48 - - default default] 10.0.0.150 "DELETE /v2.0/security-groups/a485c4cd-6f23-4255-acba-452bb946d48f HTTP/1.1" status: 204 len: 168 time: 0.4651167
2026-03-31 06:11:55.799 9 WARNING neutron.scheduler.dhcp_agent_scheduler [None req-3c7802cb-b640-4a2a-9003-4cdc8ee55fa2 e7ceb4d734aa47e282b52cbb6e8b07e3 12986e02cd10464e91b2522803199b02 - - default default] No more DHCP agents
2026-03-31 06:11:55.804 9 WARNING neutron.api.rpc.agentnotifiers.dhcp_rpc_agent_api [None req-3c7802cb-b640-4a2a-9003-4cdc8ee55fa2 e7ceb4d734aa47e282b52cbb6e8b07e3 12986e02cd10464e91b2522803199b02 - - default default] Unable to schedule network a06480ad-20a5-4a4c-9e66-78b05aafe665: no agents available; will retry on subsequent port and subnet creation events.
2026-03-31 06:11:55.838 10 WARNING neutron.scheduler.dhcp_agent_scheduler [None req-31e77348-991e-4bd4-93b2-c05c7650c823 - - - - - -] No more DHCP agents
2026-03-31 06:11:55.843 10 WARNING neutron.api.rpc.agentnotifiers.dhcp_rpc_agent_api [None req-31e77348-991e-4bd4-93b2-c05c7650c823 - - - - - -] Unable to schedule network 03d8e53c-a286-4514-8e7e-9e0ba4116218: no agents available; will retry on subsequent port and subnet creation events.
2026-03-31 06:11:55.857 9 INFO neutron.services.segments.plugin [-] Segment ff914421-4037-4af5-819e-8994dfc70317 resource provider aggregate not found
2026-03-31 06:11:55.865 9 INFO neutron.services.segments.plugin [-] Segment ff914421-4037-4af5-819e-8994dfc70317 resource provider aggregate not found
2026-03-31 06:11:55.876 9 INFO neutron.services.segments.plugin [-] Segment ff914421-4037-4af5-819e-8994dfc70317 resource provider not found; error: Placement Client Error (4xx): {"errors": [{"status": 404, "title": "Not Found", "detail": "The resource could not be found.\n\n No resource provider with uuid ff914421-4037-4af5-819e-8994dfc70317 found for delete ", "request_id": "req-6b2baad0-a4fd-463c-a4fe-4115259170f7"}]}
2026-03-31 06:11:55.880 9 INFO neutron.services.segments.plugin [-] Segment ff914421-4037-4af5-819e-8994dfc70317 resource provider not found; error: Placement Client Error (4xx): {"errors": [{"status": 404, "title": "Not Found", "detail": "The resource could not be found.\n\n No resource provider with uuid ff914421-4037-4af5-819e-8994dfc70317 found for delete ", "request_id": "req-3091b6fb-54a7-407e-bed0-e0b844203b79"}]}
2026-03-31 06:11:55.912 9 INFO neutron.wsgi [None req-dccd3968-c8e9-4295-aa7b-b48ff9f69822 f19babc591574c3a8757346bc29c9dc0 261cadf982c045f1adeeadcc807e529c - - default default] 10.0.0.150 "DELETE /v2.0/networks/77d7603f-c7a5-431f-b1c7-422d7071014c HTTP/1.1" status: 204 len: 168 time: 0.7130845
2026-03-31 06:11:55.984 10 INFO neutron.db.ovn_revision_numbers_db [None req-fd5e3ce5-5c56-4ba8-a1e7-c7a4c90df3ec 805bb2134d174bffb3dd348f04c0a4bc ea3b4cf9758c4a568bbbbb89a380be48 - - default default] Successfully bumped revision number for resource c2fd81d6-f38d-41a1-820b-6cb483c7e524 (type: security_groups) to 1
2026-03-31 06:11:56.005 10 INFO neutron.db.ovn_revision_numbers_db [None req-fd5e3ce5-5c56-4ba8-a1e7-c7a4c90df3ec 805bb2134d174bffb3dd348f04c0a4bc ea3b4cf9758c4a568bbbbb89a380be48 - - default default] Successfully bumped revision number for resource 0bb81bd4-9c38-4258-880b-ad4e58ff7044 (type: security_group_rules) to 0
2026-03-31 06:11:56.033 10 INFO neutron.db.ovn_revision_numbers_db [None req-fd5e3ce5-5c56-4ba8-a1e7-c7a4c90df3ec 805bb2134d174bffb3dd348f04c0a4bc ea3b4cf9758c4a568bbbbb89a380be48 - - default default] Successfully bumped revision number for resource 73c1b4ef-9942-430d-a375-b57bcf15527f (type: security_group_rules) to 0
2026-03-31 06:11:56.048 9 WARNING neutron.plugins.ml2.drivers.ovn.mech_driver.ovsdb.ovn_client [None req-030bbb55-b044-41b5-b59e-7f1ab0a84184 - - - - - -] No hosting information found for port f6f5cda1-167a-4231-981f-01b7c7da5976: RuntimeError: No hosting information found for port f6f5cda1-167a-4231-981f-01b7c7da5976
2026-03-31 06:11:56.049 9 INFO neutron.plugins.ml2.drivers.ovn.mech_driver.mech_driver [None req-030bbb55-b044-41b5-b59e-7f1ab0a84184 - - - - - -] OVN reports status up for port: d97714f6-b9f4-4105-88ca-98325102a406
2026-03-31 06:11:56.050 10 INFO neutron.db.ovn_revision_numbers_db [None req-fd5e3ce5-5c56-4ba8-a1e7-c7a4c90df3ec 805bb2134d174bffb3dd348f04c0a4bc ea3b4cf9758c4a568bbbbb89a380be48 - - default default] Successfully bumped revision number for resource b0a81075-5520-466a-b9aa-9a932277ef73 (type: security_group_rules) to 0
2026-03-31 06:11:56.058 9 INFO neutron.plugins.ml2.plugin [None req-030bbb55-b044-41b5-b59e-7f1ab0a84184 - - - - - -] Attempt 1 to provision port d97714f6-b9f4-4105-88ca-98325102a406
2026-03-31 06:11:56.063 10 INFO neutron.db.ovn_revision_numbers_db [None req-31e77348-991e-4bd4-93b2-c05c7650c823 - - - - - -] Successfully bumped revision number for resource 844e542e-2845-49d2-a371-1926d96f2485 (type: ports) to 1
2026-03-31 06:11:56.066 10 INFO neutron.db.ovn_revision_numbers_db [None req-fd5e3ce5-5c56-4ba8-a1e7-c7a4c90df3ec 805bb2134d174bffb3dd348f04c0a4bc ea3b4cf9758c4a568bbbbb89a380be48 - - default default] Successfully bumped revision number for resource b8b47f18-2246-46a3-a9ca-de516de06a5a (type: security_group_rules) to 0
2026-03-31 06:11:56.097 10 INFO neutron.wsgi [None req-fd5e3ce5-5c56-4ba8-a1e7-c7a4c90df3ec 805bb2134d174bffb3dd348f04c0a4bc ea3b4cf9758c4a568bbbbb89a380be48 - - default default] 10.0.0.150 "GET /v2.0/security-groups?tenant_id=f43f3ff9fc3b45bbbd43c3ef334f9278&name=default HTTP/1.1" status: 200 len: 3120 time: 0.3150151
2026-03-31 06:11:56.391 9 INFO neutron.wsgi [None req-3c7802cb-b640-4a2a-9003-4cdc8ee55fa2 e7ceb4d734aa47e282b52cbb6e8b07e3 12986e02cd10464e91b2522803199b02 - - default default] 10.0.0.150 "POST /v2.0/floatingips HTTP/1.1" status: 201 len: 751 time: 1.0510423
2026-03-31 06:11:56.582 10 INFO neutron.wsgi [req-fd129916-7293-4666-b02c-fef0e8e79d53 req-04fed389-1316-44c5-99cf-7bd48941392d e7ceb4d734aa47e282b52cbb6e8b07e3 12986e02cd10464e91b2522803199b02 - - default default] 10.0.0.228 "GET /v2.0/security-groups?name=tempest-securitygroup--2042730063&fields=id&tenant_id=12986e02cd10464e91b2522803199b02 HTTP/1.1" status: 200 len: 267 time: 0.0561342
2026-03-31 06:11:56.637 10 INFO neutron.db.ovn_revision_numbers_db [None req-31e77348-991e-4bd4-93b2-c05c7650c823 - - - - - -] Successfully bumped revision number for resource 844e542e-2845-49d2-a371-1926d96f2485 (type: ports) to 1
2026-03-31 06:11:56.650 10 INFO neutron.wsgi [req-fd129916-7293-4666-b02c-fef0e8e79d53 req-9ebad384-6f3e-493c-9ff6-6dfdacf2bb3f e7ceb4d734aa47e282b52cbb6e8b07e3 12986e02cd10464e91b2522803199b02 - - default default] 10.0.0.228 "GET /v2.0/security-groups?name=tempest-secgroup-smoke-1123544715&fields=id&tenant_id=12986e02cd10464e91b2522803199b02 HTTP/1.1" status: 200 len: 267 time: 0.0594604
2026-03-31 06:11:56.787 9 INFO neutron.wsgi [None req-407e811d-0a4e-444e-a3e0-4c4b8cd06dfc 805bb2134d174bffb3dd348f04c0a4bc ea3b4cf9758c4a568bbbbb89a380be48 - - default default] 10.0.0.150 "DELETE /v2.0/security-groups/c2fd81d6-f38d-41a1-820b-6cb483c7e524 HTTP/1.1" status: 204 len: 168 time: 0.6842895
2026-03-31 06:11:56.825 10 INFO neutron.wsgi [req-fd129916-7293-4666-b02c-fef0e8e79d53 req-f2e04699-962b-4bed-b4c0-c161ad0794b4 e7ceb4d734aa47e282b52cbb6e8b07e3 12986e02cd10464e91b2522803199b02 - - default default] 10.0.0.228 "GET /v2.0/networks?id=23d8ae62-b807-4138-a868-8865ad5d6850 HTTP/1.1" status: 200 len: 872 time: 0.1546662
2026-03-31 06:11:56.851 10 INFO neutron.wsgi [req-fd129916-7293-4666-b02c-fef0e8e79d53 req-b324b552-9689-4beb-9284-1668d3197a6c e7ceb4d734aa47e282b52cbb6e8b07e3 12986e02cd10464e91b2522803199b02 - - default default] 10.0.0.228 "GET /v2.0/quotas/12986e02cd10464e91b2522803199b02 HTTP/1.1" status: 200 len: 491 time: 0.0138383
2026-03-31 06:11:56.984 9 INFO neutron.db.ovn_revision_numbers_db [None req-030bbb55-b044-41b5-b59e-7f1ab0a84184 - - - - - -] Successfully bumped revision number for resource d97714f6-b9f4-4105-88ca-98325102a406 (type: ports) to 2
2026-03-31 06:11:57.036 10 INFO neutron.wsgi [None req-ae41b497-501e-45af-86ae-b833b7d4bca9 805bb2134d174bffb3dd348f04c0a4bc ea3b4cf9758c4a568bbbbb89a380be48 - - default default] 10.0.0.150 "GET /v2.0/security-groups?tenant_id=261cadf982c045f1adeeadcc807e529c&name=default HTTP/1.1" status: 200 len: 3120 time: 0.3643138
2026-03-31 06:11:57.070 10 INFO neutron.wsgi [None req-6ccdf80b-d889-48ab-806b-229eab83da6d 13d959e51b304577ab8cad9fff2eb6dd 4226614d12864337af68eb7cad82b3a4 - - default default] 10.0.0.150 "POST /v2.0/vpn/vpnservices HTTP/1.1" status: 201 len: 656 time: 12.7467980
2026-03-31 06:11:57.095 10 INFO neutron.wsgi [None req-3b9d6a8a-08e7-46db-97da-f0878441af17 c7a0cdb4f1c843658cc71f364eb8443e 85087d4ca8f44fe8ac35f4a91f357efc - - default default] 10.0.0.150 "GET /v2.0/vpn/vpnservices HTTP/1.1" status: 200 len: 1507 time: 0.0188272
2026-03-31 06:11:57.100 10 INFO neutron.wsgi [req-fd129916-7293-4666-b02c-fef0e8e79d53 req-a87d319b-f0dc-40a4-982d-ecbc1eb7358f e7ceb4d734aa47e282b52cbb6e8b07e3 12986e02cd10464e91b2522803199b02 - - default default] 10.0.0.228 "GET /v2.0/ports?tenant_id=12986e02cd10464e91b2522803199b02&fields=id HTTP/1.1" status: 200 len: 302 time: 0.2402911
2026-03-31 06:11:57.168 9 INFO neutron.db.ovn_revision_numbers_db [None req-030bbb55-b044-41b5-b59e-7f1ab0a84184 - - - - - -] Successfully bumped revision number for resource d97714f6-b9f4-4105-88ca-98325102a406 (type: router_ports) to 2
2026-03-31 06:11:57.199 10 INFO neutron.wsgi [req-fd129916-7293-4666-b02c-fef0e8e79d53 req-ba3fa1d5-11d7-49ba-89fc-7976b76905a6 2484bc5e18394fd5807c4e9c6c01aa83 46d00126e9f84abe9169fc548c5482d3 - - 3bfaaca3c24a4c16a7fd45009453a68a 3bfaaca3c24a4c16a7fd45009453a68a] 10.0.0.228 "GET /v2.0/networks/23d8ae62-b807-4138-a868-8865ad5d6850?fields=segments HTTP/1.1" status: 200 len: 212 time: 0.0849109
2026-03-31 06:11:57.280 10 INFO neutron.wsgi [req-fd129916-7293-4666-b02c-fef0e8e79d53 req-16bd6ef5-9020-4a74-8749-7c0e67a80398 2484bc5e18394fd5807c4e9c6c01aa83 46d00126e9f84abe9169fc548c5482d3 - - 3bfaaca3c24a4c16a7fd45009453a68a 3bfaaca3c24a4c16a7fd45009453a68a] 10.0.0.228 "GET /v2.0/networks/23d8ae62-b807-4138-a868-8865ad5d6850?fields=provider%3Aphysical_network&fields=provider%3Anetwork_type HTTP/1.1" status: 200 len: 277 time: 0.0718584
2026-03-31 06:11:57.372 10 INFO neutron.wsgi [None req-258ae0f5-a613-4427-801d-ba327174b0b9 805bb2134d174bffb3dd348f04c0a4bc ea3b4cf9758c4a568bbbbb89a380be48 - - default default] 10.0.0.150 "DELETE /v2.0/security-groups/5b5acb87-2bda-4569-afe9-5b957d38c890 HTTP/1.1" status: 204 len: 168 time: 0.3291483
2026-03-31 06:11:57.486 9 INFO neutron.wsgi [req-e6f73133-0cf7-471a-aa5a-f807c68d90b3 req-0a059aef-12d6-4822-8328-79913424c83b e7ceb4d734aa47e282b52cbb6e8b07e3 12986e02cd10464e91b2522803199b02 - - default default] 10.0.0.228 "GET /v2.0/ports?device_id=80924602-6974-462e-a419-907bdb23f353 HTTP/1.1" status: 200 len: 210 time: 0.0272498
2026-03-31 06:11:57.773 10 INFO neutron.db.ovn_revision_numbers_db [None req-00e707bf-4a4a-4960-976f-b63e5fd86bcb 805bb2134d174bffb3dd348f04c0a4bc ea3b4cf9758c4a568bbbbb89a380be48 - - default default] Successfully bumped revision number for resource 0044dba1-56c2-4c92-8983-9d7108944c4e (type: security_groups) to 1
2026-03-31 06:11:57.793 10 INFO neutron.db.ovn_revision_numbers_db [None req-00e707bf-4a4a-4960-976f-b63e5fd86bcb 805bb2134d174bffb3dd348f04c0a4bc ea3b4cf9758c4a568bbbbb89a380be48 - - default default] Successfully bumped revision number for resource 07726b14-1dc6-4f2a-8c0b-3eab3d2da0e6 (type: security_group_rules) to 0
2026-03-31 06:11:57.817 10 INFO neutron.db.ovn_revision_numbers_db [None req-00e707bf-4a4a-4960-976f-b63e5fd86bcb 805bb2134d174bffb3dd348f04c0a4bc ea3b4cf9758c4a568bbbbb89a380be48 - - default default] Successfully bumped revision number for resource 0da7a556-fd22-4277-b4ea-7ada51e38ea5 (type: security_group_rules) to 0
2026-03-31 06:11:57.837 10 INFO neutron.db.ovn_revision_numbers_db [None req-00e707bf-4a4a-4960-976f-b63e5fd86bcb 805bb2134d174bffb3dd348f04c0a4bc ea3b4cf9758c4a568bbbbb89a380be48 - - default default] Successfully bumped revision number for resource 2cbac397-1078-4de7-bf8e-60333d312b30 (type: security_group_rules) to 0
2026-03-31 06:11:57.856 10 INFO neutron.db.ovn_revision_numbers_db [None req-00e707bf-4a4a-4960-976f-b63e5fd86bcb 805bb2134d174bffb3dd348f04c0a4bc ea3b4cf9758c4a568bbbbb89a380be48 - - default default] Successfully bumped revision number for resource 71b5e4fb-a75d-43df-8fe5-9cc1936fd793 (type: security_group_rules) to 0
2026-03-31 06:11:57.883 10 INFO neutron.wsgi [None req-00e707bf-4a4a-4960-976f-b63e5fd86bcb 805bb2134d174bffb3dd348f04c0a4bc ea3b4cf9758c4a568bbbbb89a380be48 - - default default] 10.0.0.150 "GET /v2.0/security-groups?tenant_id=6056e9fcb2e6459b9f02a118d0ed6e9c&name=default HTTP/1.1" status: 200 len: 3120 time: 0.2524445
2026-03-31 06:11:58.281 9 INFO neutron.wsgi [None req-ef7c0fae-85e5-4fa0-a2de-6e9d9e6d2433 805bb2134d174bffb3dd348f04c0a4bc ea3b4cf9758c4a568bbbbb89a380be48 - - default default] 10.0.0.150 "DELETE /v2.0/security-groups/0044dba1-56c2-4c92-8983-9d7108944c4e HTTP/1.1" status: 204 len: 168 time: 0.3872578
2026-03-31 06:11:58.353 10 INFO neutron.wsgi [req-fd129916-7293-4666-b02c-fef0e8e79d53 req-673c7863-3259-4513-8796-a8058989bd5e e7ceb4d734aa47e282b52cbb6e8b07e3 12986e02cd10464e91b2522803199b02 - - default default] 199.204.45.250 "GET /v2.0/networks?id=23d8ae62-b807-4138-a868-8865ad5d6850 HTTP/1.1" status: 200 len: 872 time: 0.0879633
2026-03-31 06:11:58.428 10 INFO neutron.wsgi [req-fd129916-7293-4666-b02c-fef0e8e79d53 req-0908fb14-39fb-4eca-a93d-b0f5326ddf27 e7ceb4d734aa47e282b52cbb6e8b07e3 12986e02cd10464e91b2522803199b02 - - default default] 199.204.45.250 "GET /v2.0/security-groups?fields=id&fields=name&tenant_id=12986e02cd10464e91b2522803199b02 HTTP/1.1" status: 200 len: 473 time: 0.0676055
2026-03-31 06:11:58.452 10 WARNING neutron_lib.context [req-fd129916-7293-4666-b02c-fef0e8e79d53 req-8777a747-2e5d-478a-8b1d-87e45bb77a78 e7ceb4d734aa47e282b52cbb6e8b07e3 12986e02cd10464e91b2522803199b02 - - default default] Method 'is_advsvc' is deprecated since 2023.2 release (neutron-lib 3.8.0) and will be removed once support for the old RBAC API policies will be removed from Neutron. Please use method 'is_service_role' instead.
2026-03-31 06:11:58.582 10 INFO neutron.wsgi [req-6a522f1a-b39a-4ead-9def-ddb53a795188 req-12cab2fc-97be-461c-b880-7e6dde6d87be e7ceb4d734aa47e282b52cbb6e8b07e3 12986e02cd10464e91b2522803199b02 - - default default] 10.0.0.228 "GET /v2.0/ports?device_id=80924602-6974-462e-a419-907bdb23f353 HTTP/1.1" status: 200 len: 210 time: 0.0314074
2026-03-31 06:11:58.904 10 WARNING neutron.scheduler.dhcp_agent_scheduler [req-fd129916-7293-4666-b02c-fef0e8e79d53 req-8777a747-2e5d-478a-8b1d-87e45bb77a78 e7ceb4d734aa47e282b52cbb6e8b07e3 12986e02cd10464e91b2522803199b02 - - default default] No more DHCP agents
2026-03-31 06:11:58.906 10 WARNING neutron.api.rpc.agentnotifiers.dhcp_rpc_agent_api [req-fd129916-7293-4666-b02c-fef0e8e79d53 req-8777a747-2e5d-478a-8b1d-87e45bb77a78 e7ceb4d734aa47e282b52cbb6e8b07e3 12986e02cd10464e91b2522803199b02 - - default default] Unable to schedule network 23d8ae62-b807-4138-a868-8865ad5d6850: no agents available; will retry on subsequent port and subnet creation events.
2026-03-31 06:11:59.073 10 INFO neutron.db.ovn_revision_numbers_db [req-fd129916-7293-4666-b02c-fef0e8e79d53 req-8777a747-2e5d-478a-8b1d-87e45bb77a78 e7ceb4d734aa47e282b52cbb6e8b07e3 12986e02cd10464e91b2522803199b02 - - default default] Successfully bumped revision number for resource 0c20bab0-c417-4460-a250-fd8b9e170402 (type: ports) to 1
2026-03-31 06:11:59.114 10 INFO neutron.wsgi [req-fd129916-7293-4666-b02c-fef0e8e79d53 req-8777a747-2e5d-478a-8b1d-87e45bb77a78 e7ceb4d734aa47e282b52cbb6e8b07e3 12986e02cd10464e91b2522803199b02 - - default default] 199.204.45.250 "POST /v2.0/ports HTTP/1.1" status: 201 len: 1201 time: 0.6701553 /var/lib/openstack/lib/python3.10/site-packages/pycadf/identifier.py:71: UserWarning: Invalid uuid: neutron. To ensure interoperability, identifiers should be a valid uuid. warnings.warn(('Invalid uuid: %s. To ensure interoperability, '
2026-03-31 06:11:59.202 9 INFO neutron.wsgi [None req-ce400147-1164-493b-83b4-61160ebbd421 805bb2134d174bffb3dd348f04c0a4bc ea3b4cf9758c4a568bbbbb89a380be48 - - default default] 10.0.0.226 "GET /v2.0/routers HTTP/1.1" status: 200 len: 4111 time: 0.3443093
2026-03-31 06:11:59.565 9 INFO neutron.wsgi [None req-57c069cc-4742-4eec-9ed3-d886eb0e70ec 805bb2134d174bffb3dd348f04c0a4bc ea3b4cf9758c4a568bbbbb89a380be48 - - default default] 10.0.0.226 "GET /v2.0/agents?binary=ovn-controller HTTP/1.1" status: 200 len: 591 time: 0.3600075
2026-03-31 06:11:59.597 9 INFO neutron.wsgi [None req-6103caa2-5ebf-4ac4-9de8-3fba0bef448e 805bb2134d174bffb3dd348f04c0a4bc ea3b4cf9758c4a568bbbbb89a380be48 - - default default] 10.0.0.226 "GET /v2.0/network-ip-availabilities HTTP/1.1" status: 200 len: 3912 time: 0.0303426
2026-03-31 06:11:59.606 10 INFO neutron.db.ovn_revision_numbers_db [req-fd129916-7293-4666-b02c-fef0e8e79d53 req-70910eb3-740a-446a-86f6-89c6de1d7943 2484bc5e18394fd5807c4e9c6c01aa83 46d00126e9f84abe9169fc548c5482d3 - - 3bfaaca3c24a4c16a7fd45009453a68a 3bfaaca3c24a4c16a7fd45009453a68a] Successfully bumped revision number for resource 0c20bab0-c417-4460-a250-fd8b9e170402 (type: ports) to 2
2026-03-31 06:11:59.822 9 INFO neutron.wsgi [None req-a55dd40d-cc9a-439c-9d1d-a15b718452a1 805bb2134d174bffb3dd348f04c0a4bc ea3b4cf9758c4a568bbbbb89a380be48 - - default default] 10.0.0.226 "GET /v2.0/networks HTTP/1.1" status: 200 len: 6760 time: 0.2148404
2026-03-31 06:11:59.846 10 INFO neutron.db.ovn_revision_numbers_db [req-fd129916-7293-4666-b02c-fef0e8e79d53 req-70910eb3-740a-446a-86f6-89c6de1d7943 2484bc5e18394fd5807c4e9c6c01aa83 46d00126e9f84abe9169fc548c5482d3 - - 3bfaaca3c24a4c16a7fd45009453a68a 3bfaaca3c24a4c16a7fd45009453a68a] Successfully bumped revision number for resource 0c20bab0-c417-4460-a250-fd8b9e170402 (type: ports) to 2
2026-03-31 06:11:59.868 10 INFO neutron.wsgi [req-fd129916-7293-4666-b02c-fef0e8e79d53 req-70910eb3-740a-446a-86f6-89c6de1d7943 2484bc5e18394fd5807c4e9c6c01aa83 46d00126e9f84abe9169fc548c5482d3 - - 3bfaaca3c24a4c16a7fd45009453a68a 3bfaaca3c24a4c16a7fd45009453a68a] 199.204.45.250 "PUT /v2.0/ports/0c20bab0-c417-4460-a250-fd8b9e170402 HTTP/1.1" status: 200 len: 1419 time: 0.7453158
2026-03-31 06:11:59.915 10 INFO neutron.notifiers.nova [-] Nova event matching ['req-2df4f40f-6d66-4419-918d-7788743b94c1'] response: {'name': 'network-changed', 'server_uuid': '80924602-6974-462e-a419-907bdb23f353', 'tag': '0c20bab0-c417-4460-a250-fd8b9e170402', 'status': 'completed', 'code': 200} /var/lib/openstack/lib/python3.10/site-packages/pycadf/identifier.py:71: UserWarning: Invalid uuid: neutron. To ensure interoperability, identifiers should be a valid uuid. warnings.warn(('Invalid uuid: %s. To ensure interoperability, '
2026-03-31 06:11:59.951 9 INFO neutron.wsgi [req-19fbcd9b-521b-46a5-86a9-644bedf3da6f req-dfca6075-e59e-4ff7-bf38-78a2ee9bc7d9 e7ceb4d734aa47e282b52cbb6e8b07e3 12986e02cd10464e91b2522803199b02 - - default default] 10.0.0.228 "GET /v2.0/ports?device_id=80924602-6974-462e-a419-907bdb23f353 HTTP/1.1" status: 200 len: 1212 time: 0.3008664
2026-03-31 06:11:59.993 10 INFO neutron.wsgi [req-fd129916-7293-4666-b02c-fef0e8e79d53 req-760fbee7-fca6-40ab-bbd2-fd87822c711a 2484bc5e18394fd5807c4e9c6c01aa83 46d00126e9f84abe9169fc548c5482d3 - - 3bfaaca3c24a4c16a7fd45009453a68a 3bfaaca3c24a4c16a7fd45009453a68a] 199.204.45.250 "GET /v2.0/ports?tenant_id=12986e02cd10464e91b2522803199b02&device_id=80924602-6974-462e-a419-907bdb23f353 HTTP/1.1" status: 200 len: 1450 time: 0.0722685
2026-03-31 06:12:00.021 9 INFO neutron.wsgi [None req-fa71c030-7180-4347-86e5-968e19ceba17 805bb2134d174bffb3dd348f04c0a4bc ea3b4cf9758c4a568bbbbb89a380be48 - - default default] 10.0.0.226 "GET /v2.0/ports HTTP/1.1" status: 200 len: 25251 time: 0.1939461
2026-03-31 06:12:00.030 10 INFO neutron.wsgi [req-fd129916-7293-4666-b02c-fef0e8e79d53 req-8b1a2349-ecee-4bf8-bec1-4dd09ad60e7d 2484bc5e18394fd5807c4e9c6c01aa83 46d00126e9f84abe9169fc548c5482d3 - - 3bfaaca3c24a4c16a7fd45009453a68a 3bfaaca3c24a4c16a7fd45009453a68a] 199.204.45.250 "GET /v2.0/floatingips?fixed_ip_address=10.100.0.11&port_id=0c20bab0-c417-4460-a250-fd8b9e170402 HTTP/1.1" status: 200 len: 217 time: 0.0317109
2026-03-31 06:12:00.149 9 INFO neutron.wsgi [None req-5008c363-cc73-424b-8162-475d0eafe707 805bb2134d174bffb3dd348f04c0a4bc ea3b4cf9758c4a568bbbbb89a380be48 - - default default] 10.0.0.226 "GET /v2.0/subnets HTTP/1.1" status: 200 len: 5308 time: 0.1055355
2026-03-31 06:12:00.154 9 INFO neutron.wsgi [req-19fbcd9b-521b-46a5-86a9-644bedf3da6f req-aa4ac8e2-6d9c-4685-b1b9-c5d61b41b1b9 e7ceb4d734aa47e282b52cbb6e8b07e3 12986e02cd10464e91b2522803199b02 - - default default] 10.0.0.228 "GET /v2.0/security-groups?id=28fbd0e7-d5c9-4d97-b1a5-67d634a91393&id=a74369fa-0b71-4e43-9182-69db3425ef98&fields=id&fields=name HTTP/1.1" status: 200 len: 406 time: 0.1308346
2026-03-31 06:12:00.189 9 INFO neutron.wsgi [None req-c92f529d-0d58-4292-bcbb-e61519e1e973 805bb2134d174bffb3dd348f04c0a4bc ea3b4cf9758c4a568bbbbb89a380be48 - - default default] 10.0.0.226 "GET /v2.0/agents HTTP/1.1" status: 200 len: 1390 time: 0.0338972
2026-03-31 06:12:00.245 9 INFO neutron.wsgi [None req-958e4b55-7bf8-4a19-bc88-1e74eee9d9c5 805bb2134d174bffb3dd348f04c0a4bc ea3b4cf9758c4a568bbbbb89a380be48 - - default default] 10.0.0.226 "GET /v2.0/subnets HTTP/1.1" status: 200 len: 5308 time: 0.0538523
2026-03-31 06:12:00.263 9 INFO neutron.wsgi [None req-e97fd546-29d3-45dd-ac25-e39d173f5866 805bb2134d174bffb3dd348f04c0a4bc ea3b4cf9758c4a568bbbbb89a380be48 - - default default] 10.0.0.226 "GET /v2.0/subnetpools HTTP/1.1" status: 200 len: 193 time: 0.0145428
2026-03-31 06:12:00.323 9 INFO neutron.wsgi [None req-0ae0cfc8-8536-4723-9997-1797078c0ded 805bb2134d174bffb3dd348f04c0a4bc ea3b4cf9758c4a568bbbbb89a380be48 - - default default] 10.0.0.226 "GET /v2.0/floatingips HTTP/1.1" status: 200 len: 730 time: 0.0600095
2026-03-31 06:12:00.341 10 INFO neutron.wsgi [req-fd129916-7293-4666-b02c-fef0e8e79d53 req-a55a1b6c-6ece-4513-93a9-671230eec4f7 2484bc5e18394fd5807c4e9c6c01aa83 46d00126e9f84abe9169fc548c5482d3 - - 3bfaaca3c24a4c16a7fd45009453a68a 3bfaaca3c24a4c16a7fd45009453a68a] 199.204.45.250 "GET /v2.0/subnets?id=ede5e2cb-a435-44a0-89b1-e9be528b384a HTTP/1.1" status: 200 len: 866 time: 0.3041968
2026-03-31 06:12:00.374 10 INFO neutron.wsgi [req-fd129916-7293-4666-b02c-fef0e8e79d53 req-0bb04223-cec2-4bf9-af22-fec0a8d24803 2484bc5e18394fd5807c4e9c6c01aa83 46d00126e9f84abe9169fc548c5482d3 - - 3bfaaca3c24a4c16a7fd45009453a68a 3bfaaca3c24a4c16a7fd45009453a68a] 199.204.45.250 "GET /v2.0/ports?network_id=23d8ae62-b807-4138-a868-8865ad5d6850&device_owner=network%3Adhcp HTTP/1.1" status: 200 len: 210 time: 0.0265763
2026-03-31 06:12:00.394 9 INFO neutron.wsgi [None req-8ccec33b-1553-4026-960c-886542f68d91 805bb2134d174bffb3dd348f04c0a4bc ea3b4cf9758c4a568bbbbb89a380be48 - - default default] 10.0.0.226 "GET /v2.0/security-groups HTTP/1.1" status: 200 len: 34494 time: 0.0688107
2026-03-31 06:12:00.448 10 INFO neutron.wsgi [req-fd129916-7293-4666-b02c-fef0e8e79d53 req-30d3c204-0b42-4370-a099-d9ec44f9dcc6 2484bc5e18394fd5807c4e9c6c01aa83 46d00126e9f84abe9169fc548c5482d3 - - 3bfaaca3c24a4c16a7fd45009453a68a 3bfaaca3c24a4c16a7fd45009453a68a] 199.204.45.250 "GET /v2.0/networks/23d8ae62-b807-4138-a868-8865ad5d6850?fields=segments HTTP/1.1" status: 200 len: 212 time: 0.0684960
2026-03-31 06:12:00.519 10 INFO neutron.wsgi [req-fd129916-7293-4666-b02c-fef0e8e79d53 req-e928ad52-947a-4bc0-8178-5a4da6dc0112 2484bc5e18394fd5807c4e9c6c01aa83 46d00126e9f84abe9169fc548c5482d3 - - 3bfaaca3c24a4c16a7fd45009453a68a 3bfaaca3c24a4c16a7fd45009453a68a] 199.204.45.250 "GET /v2.0/networks/23d8ae62-b807-4138-a868-8865ad5d6850?fields=provider%3Aphysical_network&fields=provider%3Anetwork_type HTTP/1.1" status: 200 len: 277 time: 0.0632701
2026-03-31 06:12:00.612 10 INFO neutron.wsgi [req-2e1fd9d9-c4a8-4702-a977-746092341a59 req-b9197e7d-90d4-44b2-baf9-5e9b76fda747 2484bc5e18394fd5807c4e9c6c01aa83 46d00126e9f84abe9169fc548c5482d3 - - 3bfaaca3c24a4c16a7fd45009453a68a 3bfaaca3c24a4c16a7fd45009453a68a] 199.204.45.250 "GET /v2.0/ports?tenant_id=12986e02cd10464e91b2522803199b02&device_id=80924602-6974-462e-a419-907bdb23f353 HTTP/1.1" status: 200 len: 1450 time: 0.0490148
2026-03-31 06:12:00.622 10 WARNING neutron.plugins.ml2.drivers.ovn.mech_driver.ovsdb.ovn_client [None req-e2f31618-046d-476a-a7ff-4884df1feeca - - - - - -] No hosting information found for port 26fbc579-5c47-4eb2-85dc-11497767e9ec: RuntimeError: No hosting information found for port 26fbc579-5c47-4eb2-85dc-11497767e9ec
2026-03-31 06:12:00.623 10 INFO neutron.plugins.ml2.drivers.ovn.mech_driver.mech_driver [None req-e2f31618-046d-476a-a7ff-4884df1feeca - - - - - -] OVN reports status up for port: fa17e913-1f68-48bc-9f2c-313ffb5884f2
2026-03-31 06:12:00.667 10 INFO neutron.plugins.ml2.plugin [None req-e2f31618-046d-476a-a7ff-4884df1feeca - - - - - -] Attempt 1 to provision port fa17e913-1f68-48bc-9f2c-313ffb5884f2
2026-03-31 06:12:00.728 10 INFO neutron.wsgi [req-2e1fd9d9-c4a8-4702-a977-746092341a59 req-8eb6ae60-ae29-41be-ab6c-9d2ef2b9709a 2484bc5e18394fd5807c4e9c6c01aa83 46d00126e9f84abe9169fc548c5482d3 - - 3bfaaca3c24a4c16a7fd45009453a68a 3bfaaca3c24a4c16a7fd45009453a68a] 199.204.45.250 "GET /v2.0/networks?id=23d8ae62-b807-4138-a868-8865ad5d6850 HTTP/1.1" status: 200 len: 971 time: 0.1067832
2026-03-31 06:12:00.772 10 INFO neutron.wsgi [req-2e1fd9d9-c4a8-4702-a977-746092341a59 req-2d34f1bf-2891-477e-801b-ffd6fe7e0e42 2484bc5e18394fd5807c4e9c6c01aa83 46d00126e9f84abe9169fc548c5482d3 - - 3bfaaca3c24a4c16a7fd45009453a68a 3bfaaca3c24a4c16a7fd45009453a68a] 199.204.45.250 "GET /v2.0/floatingips?fixed_ip_address=10.100.0.11&port_id=0c20bab0-c417-4460-a250-fd8b9e170402 HTTP/1.1" status: 200 len: 217 time: 0.0382776
2026-03-31 06:12:00.787 9 INFO neutron.wsgi [req-77e7a891-b17e-4b20-95ea-6c2025cbb79e req-47d649e2-5614-41f8-b02c-94c4b6298fcd 2484bc5e18394fd5807c4e9c6c01aa83 46d00126e9f84abe9169fc548c5482d3 - - 3bfaaca3c24a4c16a7fd45009453a68a 3bfaaca3c24a4c16a7fd45009453a68a] 199.204.45.250 "GET /v2.0/ports?device_id=80924602-6974-462e-a419-907bdb23f353 HTTP/1.1" status: 200 len: 1450 time: 0.0629671
2026-03-31 06:12:00.832 10 INFO neutron.wsgi [req-2e1fd9d9-c4a8-4702-a977-746092341a59 req-a59f628b-23c3-41b8-ac59-2d2b9296114f 2484bc5e18394fd5807c4e9c6c01aa83 46d00126e9f84abe9169fc548c5482d3 - - 3bfaaca3c24a4c16a7fd45009453a68a 3bfaaca3c24a4c16a7fd45009453a68a] 199.204.45.250 "GET /v2.0/subnets?id=ede5e2cb-a435-44a0-89b1-e9be528b384a HTTP/1.1" status: 200 len: 866 time: 0.0524671
2026-03-31 06:12:00.857 9 INFO neutron.wsgi [req-77e7a891-b17e-4b20-95ea-6c2025cbb79e req-6e4bf388-e440-4a78-adc5-c6b0713cfe10 2484bc5e18394fd5807c4e9c6c01aa83 46d00126e9f84abe9169fc548c5482d3 - - 3bfaaca3c24a4c16a7fd45009453a68a 3bfaaca3c24a4c16a7fd45009453a68a] 199.204.45.250 "GET /v2.0/security-groups?id=a74369fa-0b71-4e43-9182-69db3425ef98&id=28fbd0e7-d5c9-4d97-b1a5-67d634a91393&fields=id&fields=name HTTP/1.1" status: 200 len: 406 time: 0.0662100
2026-03-31 06:12:00.863 10 INFO neutron.wsgi [req-2e1fd9d9-c4a8-4702-a977-746092341a59 req-685f5ec4-6e7e-4371-8c67-fbdd9849b211 2484bc5e18394fd5807c4e9c6c01aa83 46d00126e9f84abe9169fc548c5482d3 - - 3bfaaca3c24a4c16a7fd45009453a68a 3bfaaca3c24a4c16a7fd45009453a68a] 199.204.45.250 "GET /v2.0/ports?network_id=23d8ae62-b807-4138-a868-8865ad5d6850&device_owner=network%3Adhcp HTTP/1.1" status: 200 len: 210 time: 0.0228281
2026-03-31 06:12:00.992 10 INFO neutron.wsgi [req-2e1fd9d9-c4a8-4702-a977-746092341a59 req-9277a609-b3ea-43f0-8bfd-44310cc544c5 2484bc5e18394fd5807c4e9c6c01aa83 46d00126e9f84abe9169fc548c5482d3 - - 3bfaaca3c24a4c16a7fd45009453a68a 3bfaaca3c24a4c16a7fd45009453a68a] 199.204.45.250 "GET /v2.0/networks/23d8ae62-b807-4138-a868-8865ad5d6850?fields=segments HTTP/1.1" status: 200 len: 212 time: 0.0974882
2026-03-31 06:12:01.092 10 INFO neutron.wsgi [req-2e1fd9d9-c4a8-4702-a977-746092341a59 req-d853a618-a409-4c39-93a0-15eb02d0e86d 2484bc5e18394fd5807c4e9c6c01aa83 46d00126e9f84abe9169fc548c5482d3 - - 3bfaaca3c24a4c16a7fd45009453a68a 3bfaaca3c24a4c16a7fd45009453a68a] 199.204.45.250 "GET /v2.0/networks/23d8ae62-b807-4138-a868-8865ad5d6850?fields=provider%3Aphysical_network&fields=provider%3Anetwork_type HTTP/1.1" status: 200 len: 277 time: 0.0914791
2026-03-31 06:12:01.284 10 INFO neutron.wsgi [req-287171e1-4b67-4840-a99c-a3f6973814de req-f2e5e5ba-eb2f-403d-867f-aa09382ebde9 e7ceb4d734aa47e282b52cbb6e8b07e3 12986e02cd10464e91b2522803199b02 - - default default] 10.0.0.228 "GET /v2.0/ports?device_id=80924602-6974-462e-a419-907bdb23f353 HTTP/1.1" status: 200 len: 1212 time: 0.0483806
2026-03-31 06:12:01.352 10 INFO neutron.wsgi [req-287171e1-4b67-4840-a99c-a3f6973814de req-c2e4effd-4a84-47de-80e2-41e73c0c8a32 e7ceb4d734aa47e282b52cbb6e8b07e3 12986e02cd10464e91b2522803199b02 - - default default] 10.0.0.228 "GET /v2.0/security-groups?id=28fbd0e7-d5c9-4d97-b1a5-67d634a91393&id=a74369fa-0b71-4e43-9182-69db3425ef98&fields=id&fields=name HTTP/1.1" status: 200 len: 406 time: 0.0629096
2026-03-31 06:12:01.512 9 INFO neutron.services.segments.plugin [-] Segment 049f69bf-c358-44a9-8c01-132756c849ea resource provider aggregate not found
2026-03-31 06:12:01.516 9 INFO neutron.services.segments.plugin [-] Segment 049f69bf-c358-44a9-8c01-132756c849ea resource provider aggregate not found
2026-03-31 06:12:01.536 9 INFO neutron.services.segments.plugin [-] Segment 049f69bf-c358-44a9-8c01-132756c849ea resource provider not found; error: Placement Client Error (4xx): {"errors": [{"status": 404, "title": "Not Found", "detail": "The resource could not be found.\n\n No resource provider with uuid 049f69bf-c358-44a9-8c01-132756c849ea found for delete ", "request_id": "req-11bea244-b921-4108-8947-68ddf381ddde"}]}
2026-03-31 06:12:01.537 9 INFO neutron.services.segments.plugin [-] Segment 049f69bf-c358-44a9-8c01-132756c849ea resource provider not found; error: Placement Client Error (4xx): {"errors": [{"status": 404, "title": "Not Found", "detail": "The resource could not be found.\n\n No resource provider with uuid 049f69bf-c358-44a9-8c01-132756c849ea found for delete ", "request_id": "req-219db93a-ef7a-4d5e-951e-319e2f675a16"}]}
2026-03-31 06:12:01.565 9 INFO neutron.wsgi [None req-4cd15da1-8e21-4825-b949-134480f36880 13d959e51b304577ab8cad9fff2eb6dd 4226614d12864337af68eb7cad82b3a4 - - default default] 10.0.0.150 "DELETE /v2.0/vpn/vpnservices/c3b97a86-45a3-4a20-b8fd-be58c624332c HTTP/1.1" status: 204 len: 168 time: 4.4643424 /var/lib/openstack/lib/python3.10/site-packages/pycadf/identifier.py:71: UserWarning: Invalid uuid: neutron. To ensure interoperability, identifiers should be a valid uuid. warnings.warn(('Invalid uuid: %s. To ensure interoperability, '
2026-03-31 06:12:01.579 9 WARNING neutron_lib.context [None req-c6c2fe79-6ace-4dfc-af8c-83bfb1727bd5 c7a0cdb4f1c843658cc71f364eb8443e 85087d4ca8f44fe8ac35f4a91f357efc - - default default] Method 'is_advsvc' is deprecated since 2023.2 release (neutron-lib 3.8.0) and will be removed once support for the old RBAC API policies will be removed from Neutron. Please use method 'is_service_role' instead.
2026-03-31 06:12:01.662 9 INFO neutron.wsgi [None req-c6c2fe79-6ace-4dfc-af8c-83bfb1727bd5 c7a0cdb4f1c843658cc71f364eb8443e 85087d4ca8f44fe8ac35f4a91f357efc - - default default] 10.0.0.150 "POST /v2.0/vpn/endpoint-groups HTTP/1.1" status: 201 len: 500 time: 0.0894701
2026-03-31 06:12:01.678 9 WARNING neutron_lib.context [None req-a503ec04-13c1-432b-9fe4-724da6fe6473 c7a0cdb4f1c843658cc71f364eb8443e 85087d4ca8f44fe8ac35f4a91f357efc - - default default] Method 'is_advsvc' is deprecated since 2023.2 release (neutron-lib 3.8.0) and will be removed once support for the old RBAC API policies will be removed from Neutron. Please use method 'is_service_role' instead.
2026-03-31 06:12:01.732 9 INFO neutron.wsgi [None req-a503ec04-13c1-432b-9fe4-724da6fe6473 c7a0cdb4f1c843658cc71f364eb8443e 85087d4ca8f44fe8ac35f4a91f357efc - - default default] 10.0.0.150 "POST /v2.0/vpn/endpoint-groups HTTP/1.1" status: 201 len: 492 time: 0.0601397
2026-03-31 06:12:01.745 9 WARNING neutron.api.v2.base [None req-e2686d3d-9646-4f11-b00a-192f10efcd9d c7a0cdb4f1c843658cc71f364eb8443e 85087d4ca8f44fe8ac35f4a91f357efc - - default default] An exception happened while processing the request body. The exception message is [Unrecognized attribute(s) 'peer_cidr'].: webob.exc.HTTPBadRequest: Unrecognized attribute(s) 'peer_cidr'
2026-03-31 06:12:01.746 9 INFO neutron.api.v2.resource [None req-e2686d3d-9646-4f11-b00a-192f10efcd9d c7a0cdb4f1c843658cc71f364eb8443e 85087d4ca8f44fe8ac35f4a91f357efc - - default default] create failed (client error): Unrecognized attribute(s) 'peer_cidr'
2026-03-31 06:12:01.747 9 INFO neutron.wsgi [None req-e2686d3d-9646-4f11-b00a-192f10efcd9d c7a0cdb4f1c843658cc71f364eb8443e 85087d4ca8f44fe8ac35f4a91f357efc - - default default] 10.0.0.150 "POST /v2.0/vpn/ipsec-site-connections HTTP/1.1" status: 400 len: 313 time: 0.0074339
2026-03-31 06:12:01.769 9 INFO neutron.wsgi [None req-973ce56c-585c-43eb-ba83-f15a900c9662 c7a0cdb4f1c843658cc71f364eb8443e 85087d4ca8f44fe8ac35f4a91f357efc - - default default] 10.0.0.150 "GET /v2.0/vpn/endpoint-groups HTTP/1.1" status: 200 len: 1386 time: 0.0151017
2026-03-31 06:12:01.809 9 INFO neutron.wsgi [None req-21c761ba-b2de-4b2c-9829-462d03718f5d c7a0cdb4f1c843658cc71f364eb8443e 85087d4ca8f44fe8ac35f4a91f357efc - - default default] 10.0.0.150 "DELETE /v2.0/vpn/endpoint-groups/4abdaac7-6f12-4f2c-b413-82f4262fa5f5 HTTP/1.1" status: 204 len: 168 time: 0.0332618
2026-03-31 06:12:01.827 9 INFO neutron.wsgi [None req-9987f7a3-0436-45d7-b891-7d6a8c7048c9 c7a0cdb4f1c843658cc71f364eb8443e 85087d4ca8f44fe8ac35f4a91f357efc - - default default] 10.0.0.150 "GET /v2.0/vpn/endpoint-groups HTTP/1.1" status: 200 len: 1110 time: 0.0141306
2026-03-31 06:12:01.844 9 INFO neutron.wsgi [None req-8ae93063-1e6a-47e2-a43b-177c5232eaba c7a0cdb4f1c843658cc71f364eb8443e 85087d4ca8f44fe8ac35f4a91f357efc - - default default] 10.0.0.150 "GET /v2.0/vpn/endpoint-groups HTTP/1.1" status: 200 len: 1110 time: 0.0116503
2026-03-31 06:12:01.871 9 INFO neutron.wsgi [None req-e526e33e-37a2-48a6-8afc-94a89b7e8d57 c7a0cdb4f1c843658cc71f364eb8443e 85087d4ca8f44fe8ac35f4a91f357efc - - default default] 10.0.0.150 "DELETE /v2.0/vpn/endpoint-groups/641a3aa0-fbb5-4284-8c79-788cf533cdc2 HTTP/1.1" status: 204 len: 168 time: 0.0235822
2026-03-31 06:12:01.889 9 INFO neutron.wsgi [None req-f2c860ae-9fcd-4ae0-a687-906525310a54 c7a0cdb4f1c843658cc71f364eb8443e 85087d4ca8f44fe8ac35f4a91f357efc - - default default] 10.0.0.150 "GET /v2.0/vpn/endpoint-groups HTTP/1.1" status: 200 len: 827 time: 0.0120876
2026-03-31 06:12:01.899 9 WARNING neutron_lib.context [None req-86266405-c359-49fc-ad01-2903a9002b78 c7a0cdb4f1c843658cc71f364eb8443e 85087d4ca8f44fe8ac35f4a91f357efc - - default default] Method 'is_advsvc' is deprecated since 2023.2 release (neutron-lib 3.8.0) and will be removed once support for the old RBAC API policies will be removed from Neutron. Please use method 'is_service_role' instead.
2026-03-31 06:12:01.963 9 INFO neutron.wsgi [None req-86266405-c359-49fc-ad01-2903a9002b78 c7a0cdb4f1c843658cc71f364eb8443e 85087d4ca8f44fe8ac35f4a91f357efc - - default default] 10.0.0.150 "POST /v2.0/vpn/endpoint-groups HTTP/1.1" status: 201 len: 500 time: 0.0682721
2026-03-31 06:12:01.977 9 WARNING neutron_lib.context [None req-ddbca03d-f0b9-40ba-9732-0a1ed5686794 c7a0cdb4f1c843658cc71f364eb8443e 85087d4ca8f44fe8ac35f4a91f357efc - - default default] Method 'is_advsvc' is deprecated since 2023.2 release (neutron-lib 3.8.0) and will be removed once support for the old RBAC API policies will be removed from Neutron. Please use method 'is_service_role' instead.
2026-03-31 06:12:02.019 9 INFO neutron.wsgi [None req-ddbca03d-f0b9-40ba-9732-0a1ed5686794 c7a0cdb4f1c843658cc71f364eb8443e 85087d4ca8f44fe8ac35f4a91f357efc - - default default] 10.0.0.150 "POST /v2.0/vpn/endpoint-groups HTTP/1.1" status: 201 len: 492 time: 0.0474823
2026-03-31 06:12:02.032 10 WARNING neutron_lib.context [None req-221c7167-5329-4c5a-b624-41d7db9264ab c7a0cdb4f1c843658cc71f364eb8443e 85087d4ca8f44fe8ac35f4a91f357efc - - default default] Method 'is_advsvc' is deprecated since 2023.2 release (neutron-lib 3.8.0) and will be removed once support for the old RBAC API policies will be removed from Neutron. Please use method 'is_service_role' instead.
2026-03-31 06:12:02.086 10 INFO neutron.api.v2.resource [None req-221c7167-5329-4c5a-b624-41d7db9264ab c7a0cdb4f1c843658cc71f364eb8443e 85087d4ca8f44fe8ac35f4a91f357efc - - default default] create failed (client error): The server could not comply with the request since it is either malformed or otherwise incorrect.
2026-03-31 06:12:02.087 10 INFO neutron.wsgi [None req-221c7167-5329-4c5a-b624-41d7db9264ab c7a0cdb4f1c843658cc71f364eb8443e 85087d4ca8f44fe8ac35f4a91f357efc - - default default] 10.0.0.150 "POST /v2.0/vpn/ipsec-site-connections HTTP/1.1" status: 400 len: 373 time: 0.0615175
2026-03-31 06:12:02.121 10 INFO neutron.wsgi [None req-a15a1ea0-9c53-49bd-9d68-d8eb908fcfc4 c7a0cdb4f1c843658cc71f364eb8443e 85087d4ca8f44fe8ac35f4a91f357efc - - default default] 10.0.0.150 "GET /v2.0/vpn/endpoint-groups HTTP/1.1" status: 200 len: 1386 time: 0.0262372
2026-03-31 06:12:02.162 10 INFO neutron.wsgi [None req-bad3cd92-8cb5-4830-806e-6356f08bc4e8 c7a0cdb4f1c843658cc71f364eb8443e 85087d4ca8f44fe8ac35f4a91f357efc - - default default] 10.0.0.150 "DELETE /v2.0/vpn/endpoint-groups/21750a40-e325-4f0c-9553-a03178377b02 HTTP/1.1" status: 204 len: 168 time: 0.0356498
2026-03-31 06:12:02.180 10 INFO neutron.wsgi [None req-fedf5adb-7b5e-48dd-a4a1-fa6305e3d0a8 c7a0cdb4f1c843658cc71f364eb8443e 85087d4ca8f44fe8ac35f4a91f357efc - - default default] 10.0.0.150 "GET /v2.0/vpn/endpoint-groups HTTP/1.1" status: 200 len: 1110 time: 0.0123389
2026-03-31 06:12:02.197 10 INFO neutron.wsgi [None req-13da6fff-806a-47f6-aab7-6e17cf65ddb4 c7a0cdb4f1c843658cc71f364eb8443e 85087d4ca8f44fe8ac35f4a91f357efc - - default default] 10.0.0.150 "GET /v2.0/vpn/endpoint-groups HTTP/1.1" status: 200 len: 1110 time: 0.0129278
2026-03-31 06:12:02.209 9 WARNING neutron.plugins.ml2.drivers.ovn.mech_driver.ovsdb.ovn_client [None req-030bbb55-b044-41b5-b59e-7f1ab0a84184 - - - - - -] No port found with ID d97714f6-b9f4-4105-88ca-98325102a406: RuntimeError: No port found with ID d97714f6-b9f4-4105-88ca-98325102a406
2026-03-31 06:12:02.209 9 INFO neutron.plugins.ml2.drivers.ovn.mech_driver.mech_driver [None req-030bbb55-b044-41b5-b59e-7f1ab0a84184 - - - - - -] OVN reports status up for port: 0c20bab0-c417-4460-a250-fd8b9e170402
2026-03-31 06:12:02.222 9 INFO neutron.plugins.ml2.plugin [None req-030bbb55-b044-41b5-b59e-7f1ab0a84184 - - - - - -] Attempt 1 to provision port 0c20bab0-c417-4460-a250-fd8b9e170402
2026-03-31 06:12:02.231 10 INFO neutron.wsgi [None req-7a1b5c62-ec34-45e5-aae4-ff2fcf09e4dc c7a0cdb4f1c843658cc71f364eb8443e 85087d4ca8f44fe8ac35f4a91f357efc - - default default] 10.0.0.150 "DELETE /v2.0/vpn/endpoint-groups/8a2fe23d-d5fc-4b95-b2f4-e527e12853d5 HTTP/1.1" status: 204 len: 168 time: 0.0281208
2026-03-31 06:12:02.250 10 INFO neutron.wsgi [None req-1b486bef-6090-45e1-8f10-8d600516d6e1 c7a0cdb4f1c843658cc71f364eb8443e 85087d4ca8f44fe8ac35f4a91f357efc - - default default] 10.0.0.150 "GET /v2.0/vpn/endpoint-groups HTTP/1.1" status: 200 len: 827 time: 0.0142457
2026-03-31 06:12:02.262 10 WARNING neutron_lib.context [None req-535b847f-f555-4f38-b412-2d99bacdad66 c7a0cdb4f1c843658cc71f364eb8443e 85087d4ca8f44fe8ac35f4a91f357efc - - default default] Method 'is_advsvc' is deprecated since 2023.2 release (neutron-lib 3.8.0) and will be removed once support for the old RBAC API policies will be removed from Neutron. Please use method 'is_service_role' instead.
2026-03-31 06:12:02.326 10 INFO neutron.wsgi [None req-535b847f-f555-4f38-b412-2d99bacdad66 c7a0cdb4f1c843658cc71f364eb8443e 85087d4ca8f44fe8ac35f4a91f357efc - - default default] 10.0.0.150 "POST /v2.0/vpn/endpoint-groups HTTP/1.1" status: 201 len: 499 time: 0.0691786
