2026-03-31 06:07:36.203 10 INFO neutron.wsgi [None req-dc9900ef-c3b6-47d4-97fe-240845500359 805bb2134d174bffb3dd348f04c0a4bc ea3b4cf9758c4a568bbbbb89a380be48 - - default default] 10.0.0.150 "GET /v2.0/subnets HTTP/1.1" status: 200 len: 1456 time: 0.0383704
2026-03-31 06:07:36.289 10 INFO neutron.wsgi [None req-2dd29f72-f1c1-47f6-a101-dd46e14b8f3c 805bb2134d174bffb3dd348f04c0a4bc ea3b4cf9758c4a568bbbbb89a380be48 - - default default] 10.0.0.150 "GET /v2.0/networks HTTP/1.1" status: 200 len: 2369 time: 0.0823507
2026-03-31 06:07:36.336 10 INFO neutron.wsgi [None req-6834ef63-5993-41e0-b09d-7604c42d994a 805bb2134d174bffb3dd348f04c0a4bc ea3b4cf9758c4a568bbbbb89a380be48 - - default default] 10.0.0.150 "GET /v2.0/security-groups HTTP/1.1" status: 200 len: 17593 time: 0.0425286
2026-03-31 06:07:36.352 10 INFO neutron.wsgi [None req-3c43f047-0c70-46b6-aabf-4c53b8a232dd 805bb2134d174bffb3dd348f04c0a4bc ea3b4cf9758c4a568bbbbb89a380be48 - - default default] 10.0.0.150 "GET /v2.0/subnetpools HTTP/1.1" status: 200 len: 212 time: 0.0109646
2026-03-31 06:07:47.900 10 INFO neutron.db.ovn_revision_numbers_db [None req-e327e75d-735f-4615-a59b-8ca04fb03243 805bb2134d174bffb3dd348f04c0a4bc ea3b4cf9758c4a568bbbbb89a380be48 - - default default] Successfully bumped revision number for resource 1de0daae-5b8a-43f2-bde3-2ec415b491ed (type: security_groups) to 1
2026-03-31 06:07:47.921 10 INFO neutron.db.ovn_revision_numbers_db [None req-e327e75d-735f-4615-a59b-8ca04fb03243 805bb2134d174bffb3dd348f04c0a4bc ea3b4cf9758c4a568bbbbb89a380be48 - - default default] Successfully bumped revision number for resource 1779e154-387a-4f7e-8686-7564aca2d176 (type: security_group_rules) to 0
2026-03-31 06:07:47.928 9 INFO neutron.db.ovn_revision_numbers_db [None req-c7281627-69a8-42bb-b6f5-3ca518c4f309 805bb2134d174bffb3dd348f04c0a4bc ea3b4cf9758c4a568bbbbb89a380be48 - - default default] Successfully bumped revision number for resource 903ac0bd-8bd1-4894-8f36-5a16fca124d1 (type: security_groups) to 1
2026-03-31 06:07:47.933 9 INFO neutron.db.ovn_revision_numbers_db [None req-c6a9f5c8-e9fa-41a8-ae43-5f6b70bb267f 805bb2134d174bffb3dd348f04c0a4bc ea3b4cf9758c4a568bbbbb89a380be48 - - default default] Successfully bumped revision number for resource 251a5253-26d8-458d-9eaa-deeeeb9cdb80 (type: security_groups) to 1
2026-03-31 06:07:47.947 10 INFO neutron.db.ovn_revision_numbers_db [None req-e327e75d-735f-4615-a59b-8ca04fb03243 805bb2134d174bffb3dd348f04c0a4bc ea3b4cf9758c4a568bbbbb89a380be48 - - default default] Successfully bumped revision number for resource 3d6f8463-762d-4a25-afc8-f24089b35e99 (type: security_group_rules) to 0
2026-03-31 06:07:47.948 9 INFO neutron.db.ovn_revision_numbers_db [None req-c6a9f5c8-e9fa-41a8-ae43-5f6b70bb267f 805bb2134d174bffb3dd348f04c0a4bc ea3b4cf9758c4a568bbbbb89a380be48 - - default default] Successfully bumped revision number for resource 02f9ad55-1c5c-491a-a9d9-fa7a2111d1bd (type: security_group_rules) to 0
2026-03-31 06:07:47.950 9 INFO neutron.db.ovn_revision_numbers_db [None req-c7281627-69a8-42bb-b6f5-3ca518c4f309 805bb2134d174bffb3dd348f04c0a4bc ea3b4cf9758c4a568bbbbb89a380be48 - - default default] Successfully bumped revision number for resource 5a1df911-c8ad-4459-b664-e6edaa3c0e2c (type: security_group_rules) to 0
2026-03-31 06:07:47.961 10 INFO neutron.db.ovn_revision_numbers_db [None req-e327e75d-735f-4615-a59b-8ca04fb03243 805bb2134d174bffb3dd348f04c0a4bc ea3b4cf9758c4a568bbbbb89a380be48 - - default default] Successfully bumped revision number for resource a7eb386f-20a6-4465-8c3b-66d380544970 (type: security_group_rules) to 0
2026-03-31 06:07:47.964 9 INFO neutron.db.ovn_revision_numbers_db [None req-c6a9f5c8-e9fa-41a8-ae43-5f6b70bb267f 805bb2134d174bffb3dd348f04c0a4bc ea3b4cf9758c4a568bbbbb89a380be48 - - default default] Successfully bumped revision number for resource 2e41faee-44dd-474f-9323-77dd55a75a18 (type: security_group_rules) to 0
2026-03-31 06:07:47.968 9 INFO neutron.db.ovn_revision_numbers_db [None req-c7281627-69a8-42bb-b6f5-3ca518c4f309 805bb2134d174bffb3dd348f04c0a4bc ea3b4cf9758c4a568bbbbb89a380be48 - - default default] Successfully bumped revision number for resource 7becc28b-deeb-4345-899b-f89c7f4b8a5d (type: security_group_rules) to 0
2026-03-31 06:07:47.978 10 INFO neutron.db.ovn_revision_numbers_db [None req-e327e75d-735f-4615-a59b-8ca04fb03243 805bb2134d174bffb3dd348f04c0a4bc ea3b4cf9758c4a568bbbbb89a380be48 - - default default] Successfully bumped revision number for resource b7a4bffa-e21c-4dfd-b188-a8c27c96d728 (type: security_group_rules) to 0
2026-03-31 06:07:47.982 9 INFO neutron.db.ovn_revision_numbers_db [None req-c6a9f5c8-e9fa-41a8-ae43-5f6b70bb267f 805bb2134d174bffb3dd348f04c0a4bc ea3b4cf9758c4a568bbbbb89a380be48 - - default default] Successfully bumped revision number for resource 349806ab-c5f5-4e54-99f5-bbe35fdcc0be (type: security_group_rules) to 0
2026-03-31 06:07:47.989 9 INFO neutron.db.ovn_revision_numbers_db [None req-c7281627-69a8-42bb-b6f5-3ca518c4f309 805bb2134d174bffb3dd348f04c0a4bc ea3b4cf9758c4a568bbbbb89a380be48 - - default default] Successfully bumped revision number for resource b8510763-0043-47e5-9a6c-548c326c5ac5 (type: security_group_rules) to 0
2026-03-31 06:07:48.000 9 INFO neutron.db.ovn_revision_numbers_db [None req-c6a9f5c8-e9fa-41a8-ae43-5f6b70bb267f 805bb2134d174bffb3dd348f04c0a4bc ea3b4cf9758c4a568bbbbb89a380be48 - - default default] Successfully bumped revision number for resource 9fc188f5-d89f-47f3-b5ef-7790cf3e7e3f (type: security_group_rules) to 0
2026-03-31 06:07:48.015 9 INFO neutron.db.ovn_revision_numbers_db [None req-c7281627-69a8-42bb-b6f5-3ca518c4f309 805bb2134d174bffb3dd348f04c0a4bc ea3b4cf9758c4a568bbbbb89a380be48 - - default default] Successfully bumped revision number for resource e21b9f49-22b6-4673-9a94-4c969fb2c605 (type: security_group_rules) to 0
2026-03-31 06:07:48.064 10 INFO neutron.db.segments_db [None req-e327e75d-735f-4615-a59b-8ca04fb03243 805bb2134d174bffb3dd348f04c0a4bc ea3b4cf9758c4a568bbbbb89a380be48 - - default default] Added segment 223120cf-9eb8-4481-8c2e-78a6dd96d8bf of type geneve for network 61e58301-ec23-4e13-85aa-cb0a953be3cc
2026-03-31 06:07:48.087 9 INFO neutron.db.segments_db [None req-c6a9f5c8-e9fa-41a8-ae43-5f6b70bb267f 805bb2134d174bffb3dd348f04c0a4bc ea3b4cf9758c4a568bbbbb89a380be48 - - default default] Added segment b82fd5dd-a96e-4ac3-b0ec-8257f50b1ad5 of type geneve for network d8beb6f2-1f95-4832-bb2a-53dc9f429288
2026-03-31 06:07:48.151 9 INFO neutron.db.segments_db [None req-c7281627-69a8-42bb-b6f5-3ca518c4f309 805bb2134d174bffb3dd348f04c0a4bc ea3b4cf9758c4a568bbbbb89a380be48 - - default default] Added segment 606a7a6d-ca4d-4bb1-9166-d4755fa7d3d7 of type geneve for network 0ebbc608-0eb7-415e-b068-2d8332368dcd
2026-03-31 06:07:48.234 10 INFO neutron.db.ovn_revision_numbers_db [None req-e327e75d-735f-4615-a59b-8ca04fb03243 805bb2134d174bffb3dd348f04c0a4bc ea3b4cf9758c4a568bbbbb89a380be48 - - default default] Successfully bumped revision number for resource 61e58301-ec23-4e13-85aa-cb0a953be3cc (type: networks) to 1
2026-03-31 06:07:48.413 10 WARNING neutron.scheduler.dhcp_agent_scheduler [None req-e327e75d-735f-4615-a59b-8ca04fb03243 805bb2134d174bffb3dd348f04c0a4bc ea3b4cf9758c4a568bbbbb89a380be48 - - default default] No more DHCP agents
2026-03-31 06:07:48.416 10 WARNING neutron.api.rpc.agentnotifiers.dhcp_rpc_agent_api [None req-e327e75d-735f-4615-a59b-8ca04fb03243 805bb2134d174bffb3dd348f04c0a4bc ea3b4cf9758c4a568bbbbb89a380be48 - - default default] Unable to schedule network 61e58301-ec23-4e13-85aa-cb0a953be3cc: no agents available; will retry on subsequent port and subnet creation events.
2026-03-31 06:07:48.420 9 INFO neutron.db.ovn_revision_numbers_db [None req-c6a9f5c8-e9fa-41a8-ae43-5f6b70bb267f 805bb2134d174bffb3dd348f04c0a4bc ea3b4cf9758c4a568bbbbb89a380be48 - - default default] Successfully bumped revision number for resource d8beb6f2-1f95-4832-bb2a-53dc9f429288 (type: networks) to 1
2026-03-31 06:07:48.449 9 INFO neutron.db.ovn_revision_numbers_db [None req-c7281627-69a8-42bb-b6f5-3ca518c4f309 805bb2134d174bffb3dd348f04c0a4bc ea3b4cf9758c4a568bbbbb89a380be48 - - default default] Successfully bumped revision number for resource 0ebbc608-0eb7-415e-b068-2d8332368dcd (type: networks) to 1
2026-03-31 06:07:48.504 10 INFO neutron.db.ovn_revision_numbers_db [None req-e327e75d-735f-4615-a59b-8ca04fb03243 805bb2134d174bffb3dd348f04c0a4bc ea3b4cf9758c4a568bbbbb89a380be48 - - default default] Successfully bumped revision number for resource 2e4b4b2a-9578-4ed9-a253-437644ac3f6c (type: ports) to 1
2026-03-31 06:07:48.526 10 INFO neutron.wsgi [None req-e327e75d-735f-4615-a59b-8ca04fb03243 805bb2134d174bffb3dd348f04c0a4bc ea3b4cf9758c4a568bbbbb89a380be48 - - default default] 10.0.0.150 "POST /v2.0/networks HTTP/1.1" status: 201 len: 950 time: 0.8790929
2026-03-31 06:07:48.700 9 WARNING neutron.scheduler.dhcp_agent_scheduler [None req-c7281627-69a8-42bb-b6f5-3ca518c4f309 805bb2134d174bffb3dd348f04c0a4bc ea3b4cf9758c4a568bbbbb89a380be48 - - default default] No more DHCP agents
2026-03-31 06:07:48.701 9 WARNING neutron.api.rpc.agentnotifiers.dhcp_rpc_agent_api [None req-c7281627-69a8-42bb-b6f5-3ca518c4f309 805bb2134d174bffb3dd348f04c0a4bc ea3b4cf9758c4a568bbbbb89a380be48 - - default default] Unable to schedule network 0ebbc608-0eb7-415e-b068-2d8332368dcd: no agents available; will retry on subsequent port and subnet creation events.
2026-03-31 06:07:48.721 10 WARNING neutron.scheduler.dhcp_agent_scheduler [None req-3e6dc254-0c59-48a0-b0fc-18a13eb97c57 805bb2134d174bffb3dd348f04c0a4bc ea3b4cf9758c4a568bbbbb89a380be48 - - default default] No more DHCP agents
2026-03-31 06:07:48.723 10 WARNING neutron.api.rpc.agentnotifiers.dhcp_rpc_agent_api [None req-3e6dc254-0c59-48a0-b0fc-18a13eb97c57 805bb2134d174bffb3dd348f04c0a4bc ea3b4cf9758c4a568bbbbb89a380be48 - - default default] Unable to schedule network 61e58301-ec23-4e13-85aa-cb0a953be3cc: no agents available; will retry on subsequent port and subnet creation events.
2026-03-31 06:07:48.746 9 WARNING neutron.scheduler.dhcp_agent_scheduler [None req-c6a9f5c8-e9fa-41a8-ae43-5f6b70bb267f 805bb2134d174bffb3dd348f04c0a4bc ea3b4cf9758c4a568bbbbb89a380be48 - - default default] No more DHCP agents
2026-03-31 06:07:48.750 9 WARNING neutron.api.rpc.agentnotifiers.dhcp_rpc_agent_api [None req-c6a9f5c8-e9fa-41a8-ae43-5f6b70bb267f 805bb2134d174bffb3dd348f04c0a4bc ea3b4cf9758c4a568bbbbb89a380be48 - - default default] Unable to schedule network d8beb6f2-1f95-4832-bb2a-53dc9f429288: no agents available; will retry on subsequent port and subnet creation events.
2026-03-31 06:07:48.857 9 INFO neutron.db.ovn_revision_numbers_db [None req-c7281627-69a8-42bb-b6f5-3ca518c4f309 805bb2134d174bffb3dd348f04c0a4bc ea3b4cf9758c4a568bbbbb89a380be48 - - default default] Successfully bumped revision number for resource 51b42d85-c40f-4fde-83b3-3ddde5ee0a9b (type: ports) to 1
2026-03-31 06:07:48.872 9 INFO neutron.db.ovn_revision_numbers_db [None req-c6a9f5c8-e9fa-41a8-ae43-5f6b70bb267f 805bb2134d174bffb3dd348f04c0a4bc ea3b4cf9758c4a568bbbbb89a380be48 - - default default] Successfully bumped revision number for resource 10feb273-ba2a-4ad2-a16d-d8c9fa0d0d9f (type: ports) to 1
2026-03-31 06:07:48.885 9 INFO neutron.wsgi [None req-c7281627-69a8-42bb-b6f5-3ca518c4f309 805bb2134d174bffb3dd348f04c0a4bc ea3b4cf9758c4a568bbbbb89a380be48 - - default default] 10.0.0.150 "POST /v2.0/networks HTTP/1.1" status: 201 len: 953 time: 1.4243166
2026-03-31 06:07:48.905 9 INFO neutron.wsgi [None req-c6a9f5c8-e9fa-41a8-ae43-5f6b70bb267f 805bb2134d174bffb3dd348f04c0a4bc ea3b4cf9758c4a568bbbbb89a380be48 - - default default] 10.0.0.150 "POST /v2.0/networks HTTP/1.1" status: 201 len: 939 time: 1.2803168
2026-03-31 06:07:49.116 10 INFO neutron.db.ovn_revision_numbers_db [None req-4be1cba1-781c-4133-8f1c-a4ee66b951bc 805bb2134d174bffb3dd348f04c0a4bc ea3b4cf9758c4a568bbbbb89a380be48 - - default default] Successfully bumped revision number for resource 2bad7acf-01a9-4ecd-8a6f-8ccebeaceb93 (type: security_groups) to 1
2026-03-31 06:07:49.140 10 INFO neutron.db.ovn_revision_numbers_db [None req-4be1cba1-781c-4133-8f1c-a4ee66b951bc 805bb2134d174bffb3dd348f04c0a4bc ea3b4cf9758c4a568bbbbb89a380be48 - - default default] Successfully bumped revision number for resource 5b887b30-170c-4961-b9b5-314c97f1f29b (type: security_group_rules) to 0
2026-03-31 06:07:49.144 9 WARNING neutron.scheduler.dhcp_agent_scheduler [None req-86bbb82f-3ee8-4e23-b285-7164b0639623 805bb2134d174bffb3dd348f04c0a4bc ea3b4cf9758c4a568bbbbb89a380be48 - - default default] No more DHCP agents
2026-03-31 06:07:49.150 9 WARNING neutron.api.rpc.agentnotifiers.dhcp_rpc_agent_api [None req-86bbb82f-3ee8-4e23-b285-7164b0639623 805bb2134d174bffb3dd348f04c0a4bc ea3b4cf9758c4a568bbbbb89a380be48 - - default default] Unable to schedule network d8beb6f2-1f95-4832-bb2a-53dc9f429288: no agents available; will retry on subsequent port and subnet creation events.
2026-03-31 06:07:49.174 9 WARNING neutron.scheduler.dhcp_agent_scheduler [None req-567f0443-40b4-4ad2-bd85-18de67294d9c 805bb2134d174bffb3dd348f04c0a4bc ea3b4cf9758c4a568bbbbb89a380be48 - - default default] No more DHCP agents
2026-03-31 06:07:49.177 10 INFO neutron.db.ovn_revision_numbers_db [None req-4be1cba1-781c-4133-8f1c-a4ee66b951bc 805bb2134d174bffb3dd348f04c0a4bc ea3b4cf9758c4a568bbbbb89a380be48 - - default default] Successfully bumped revision number for resource 679f11b5-fe6f-4081-bc43-562ee5af9666 (type: security_group_rules) to 0
2026-03-31 06:07:49.179 9 WARNING neutron.api.rpc.agentnotifiers.dhcp_rpc_agent_api [None req-567f0443-40b4-4ad2-bd85-18de67294d9c 805bb2134d174bffb3dd348f04c0a4bc ea3b4cf9758c4a568bbbbb89a380be48 - - default default] Unable to schedule network 0ebbc608-0eb7-415e-b068-2d8332368dcd: no agents available; will retry on subsequent port and subnet creation events.
2026-03-31 06:07:49.202 10 INFO neutron.db.ovn_revision_numbers_db [None req-4be1cba1-781c-4133-8f1c-a4ee66b951bc 805bb2134d174bffb3dd348f04c0a4bc ea3b4cf9758c4a568bbbbb89a380be48 - - default default] Successfully bumped revision number for resource 80d7eced-22ca-437b-81e0-9adc72d2d75b (type: security_group_rules) to 0
2026-03-31 06:07:49.237 10 INFO neutron.db.ovn_revision_numbers_db [None req-4be1cba1-781c-4133-8f1c-a4ee66b951bc 805bb2134d174bffb3dd348f04c0a4bc ea3b4cf9758c4a568bbbbb89a380be48 - - default default] Successfully bumped revision number for resource b9f75635-e57b-40f7-a8b7-c09611bcf93b (type: security_group_rules) to 0
2026-03-31 06:07:49.274 10 INFO neutron.wsgi [None req-4be1cba1-781c-4133-8f1c-a4ee66b951bc 805bb2134d174bffb3dd348f04c0a4bc ea3b4cf9758c4a568bbbbb89a380be48 - - default default] 10.0.0.150 "GET /v2.0/security-groups?tenant_id=37c1a8aa0373416fb7a02203a922bdc1&name=default HTTP/1.1" status: 200 len: 3116 time: 0.5636187
2026-03-31 06:07:49.523 10 INFO neutron.db.ovn_revision_numbers_db [None req-3e6dc254-0c59-48a0-b0fc-18a13eb97c57 805bb2134d174bffb3dd348f04c0a4bc ea3b4cf9758c4a568bbbbb89a380be48 - - default default] Successfully bumped revision number for resource 2e4b4b2a-9578-4ed9-a253-437644ac3f6c (type: ports) to 2
2026-03-31 06:07:49.592 10 INFO neutron.db.ovn_revision_numbers_db [None req-3e6dc254-0c59-48a0-b0fc-18a13eb97c57 805bb2134d174bffb3dd348f04c0a4bc ea3b4cf9758c4a568bbbbb89a380be48 - - default default] Successfully bumped revision number for resource d12fc8be-36a8-4f4c-bd43-bf219bd822f9 (type: subnets) to 0
2026-03-31 06:07:49.619 10 INFO neutron.wsgi [None req-3e6dc254-0c59-48a0-b0fc-18a13eb97c57 805bb2134d174bffb3dd348f04c0a4bc ea3b4cf9758c4a568bbbbb89a380be48 - - default default] 10.0.0.150 "POST /v2.0/subnets HTTP/1.1" status: 201 len: 870 time: 1.0883274
2026-03-31 06:07:49.650 10 INFO neutron.wsgi [-] 10.0.0.158 "GET / HTTP/1.1" status: 200 len: 247 time: 0.0021901
2026-03-31 06:07:49.652 10 INFO neutron.wsgi [-] 10.0.0.158 "GET / HTTP/1.1" status: 200 len: 247 time: 0.0010159
2026-03-31 06:07:49.725 10 INFO neutron.wsgi [None req-80b0c456-932c-4e21-b9bc-8152eb12c7ef 805bb2134d174bffb3dd348f04c0a4bc ea3b4cf9758c4a568bbbbb89a380be48 - - default default] 10.0.0.150 "DELETE /v2.0/security-groups/2bad7acf-01a9-4ecd-8a6f-8ccebeaceb93 HTTP/1.1" status: 204 len: 168 time: 0.4441271
2026-03-31 06:07:50.013 9 INFO neutron.db.ovn_revision_numbers_db [None req-567f0443-40b4-4ad2-bd85-18de67294d9c 805bb2134d174bffb3dd348f04c0a4bc ea3b4cf9758c4a568bbbbb89a380be48 - - default default] Successfully bumped revision number for resource 51b42d85-c40f-4fde-83b3-3ddde5ee0a9b (type: ports) to 2
2026-03-31 06:07:50.052 9 INFO neutron.db.ovn_revision_numbers_db [None req-86bbb82f-3ee8-4e23-b285-7164b0639623 805bb2134d174bffb3dd348f04c0a4bc ea3b4cf9758c4a568bbbbb89a380be48 - - default default] Successfully bumped revision number for resource 10feb273-ba2a-4ad2-a16d-d8c9fa0d0d9f (type: ports) to 2
2026-03-31 06:07:50.070 9 INFO neutron.db.ovn_revision_numbers_db [None req-567f0443-40b4-4ad2-bd85-18de67294d9c 805bb2134d174bffb3dd348f04c0a4bc ea3b4cf9758c4a568bbbbb89a380be48 - - default default] Successfully bumped revision number for resource 54a4236c-80dd-48f9-ba83-2c5f7c844f23 (type: subnets) to 0
2026-03-31 06:07:50.087 9 INFO neutron.wsgi [None req-567f0443-40b4-4ad2-bd85-18de67294d9c 805bb2134d174bffb3dd348f04c0a4bc ea3b4cf9758c4a568bbbbb89a380be48 - - default default] 10.0.0.150 "POST /v2.0/subnets HTTP/1.1" status: 201 len: 873 time: 1.1951084
2026-03-31 06:07:50.092 9 INFO neutron.db.ovn_revision_numbers_db [None req-86bbb82f-3ee8-4e23-b285-7164b0639623 805bb2134d174bffb3dd348f04c0a4bc ea3b4cf9758c4a568bbbbb89a380be48 - - default default] Successfully bumped revision number for resource 93399acf-b112-47ad-a65e-950f9e0edb42 (type: subnets) to 0
2026-03-31 06:07:50.109 9 INFO neutron.wsgi [None req-86bbb82f-3ee8-4e23-b285-7164b0639623 805bb2134d174bffb3dd348f04c0a4bc ea3b4cf9758c4a568bbbbb89a380be48 - - default default] 10.0.0.150 "POST /v2.0/subnets HTTP/1.1" status: 201 len: 859 time: 1.1951902
2026-03-31 06:07:50.589 10 WARNING neutron.scheduler.dhcp_agent_scheduler [None req-182e78dc-2fee-4f80-bff3-c47e47433d96 805bb2134d174bffb3dd348f04c0a4bc ea3b4cf9758c4a568bbbbb89a380be48 - - default default] No more DHCP agents
2026-03-31 06:07:50.594 10 WARNING neutron.api.rpc.agentnotifiers.dhcp_rpc_agent_api [None req-182e78dc-2fee-4f80-bff3-c47e47433d96 805bb2134d174bffb3dd348f04c0a4bc ea3b4cf9758c4a568bbbbb89a380be48 - - default default] Unable to schedule network a06480ad-20a5-4a4c-9e66-78b05aafe665: no agents available; will retry on subsequent port and subnet creation events.
2026-03-31 06:07:50.797 10 INFO neutron.db.ovn_revision_numbers_db [None req-182e78dc-2fee-4f80-bff3-c47e47433d96 805bb2134d174bffb3dd348f04c0a4bc ea3b4cf9758c4a568bbbbb89a380be48 - - default default] Successfully bumped revision number for resource b72d311d-3522-462f-a7a3-6412ff8cdf9a (type: ports) to 1
2026-03-31 06:07:50.860 9 WARNING neutron.scheduler.dhcp_agent_scheduler [None req-5d23969e-4b56-4403-9f93-4fc01202a646 805bb2134d174bffb3dd348f04c0a4bc ea3b4cf9758c4a568bbbbb89a380be48 - - default default] No more DHCP agents
2026-03-31 06:07:50.871 9 WARNING neutron.api.rpc.agentnotifiers.dhcp_rpc_agent_api [None req-5d23969e-4b56-4403-9f93-4fc01202a646 805bb2134d174bffb3dd348f04c0a4bc ea3b4cf9758c4a568bbbbb89a380be48 - - default default] Unable to schedule network a06480ad-20a5-4a4c-9e66-78b05aafe665: no agents available; will retry on subsequent port and subnet creation events.
2026-03-31 06:07:50.967 10 WARNING neutron.scheduler.dhcp_agent_scheduler [None req-30cb6757-4eb2-4d8f-89de-46c86e005aa8 805bb2134d174bffb3dd348f04c0a4bc ea3b4cf9758c4a568bbbbb89a380be48 - - default default] No more DHCP agents
2026-03-31 06:07:50.975 10 WARNING neutron.api.rpc.agentnotifiers.dhcp_rpc_agent_api [None req-30cb6757-4eb2-4d8f-89de-46c86e005aa8 805bb2134d174bffb3dd348f04c0a4bc ea3b4cf9758c4a568bbbbb89a380be48 - - default default] Unable to schedule network a06480ad-20a5-4a4c-9e66-78b05aafe665: no agents available; will retry on subsequent port and subnet creation events.
2026-03-31 06:07:51.040 9 INFO neutron.db.ovn_revision_numbers_db [None req-5d23969e-4b56-4403-9f93-4fc01202a646 805bb2134d174bffb3dd348f04c0a4bc ea3b4cf9758c4a568bbbbb89a380be48 - - default default] Successfully bumped revision number for resource 291d3ca9-2ee2-48ac-a4d4-ecdedab02311 (type: ports) to 1
2026-03-31 06:07:51.412 10 INFO neutron.db.ovn_revision_numbers_db [None req-30cb6757-4eb2-4d8f-89de-46c86e005aa8 805bb2134d174bffb3dd348f04c0a4bc ea3b4cf9758c4a568bbbbb89a380be48 - - default default] Successfully bumped revision number for resource d4be5096-5db6-4ed9-b297-8e28624e7426 (type: ports) to 1
2026-03-31 06:07:51.434 9 INFO neutron.plugins.ml2.drivers.ovn.mech_driver.ovsdb.extensions.qos [None req-5d23969e-4b56-4403-9f93-4fc01202a646 805bb2134d174bffb3dd348f04c0a4bc ea3b4cf9758c4a568bbbbb89a380be48 - - default default] Starting OVNClientQosExtension
2026-03-31 06:07:51.536 10 INFO neutron.plugins.ml2.drivers.ovn.mech_driver.ovsdb.extensions.qos [None req-182e78dc-2fee-4f80-bff3-c47e47433d96 805bb2134d174bffb3dd348f04c0a4bc ea3b4cf9758c4a568bbbbb89a380be48 - - default default] Starting OVNClientQosExtension
2026-03-31 06:07:51.772 9 INFO neutron.db.ovn_revision_numbers_db [None req-ed4d6433-73b9-4057-bbff-bc9310e2decd 805bb2134d174bffb3dd348f04c0a4bc ea3b4cf9758c4a568bbbbb89a380be48 - - default default] Successfully bumped revision number for resource 7d3f1e81-4f02-4d92-a672-3352f1b0d42c (type: security_groups) to 1
2026-03-31 06:07:51.791 9 INFO neutron.db.ovn_revision_numbers_db [None req-ed4d6433-73b9-4057-bbff-bc9310e2decd 805bb2134d174bffb3dd348f04c0a4bc ea3b4cf9758c4a568bbbbb89a380be48 - - default default] Successfully bumped revision number for resource 400fa17a-debc-4df8-9a4f-e7f723735dd9 (type: security_group_rules) to 0
2026-03-31 06:07:51.829 9 INFO neutron.db.ovn_revision_numbers_db [None req-ed4d6433-73b9-4057-bbff-bc9310e2decd 805bb2134d174bffb3dd348f04c0a4bc ea3b4cf9758c4a568bbbbb89a380be48 - - default default] Successfully bumped revision number for resource 48b4daf2-d93d-4990-8221-cf990c1cd69f (type: security_group_rules) to 0
2026-03-31 06:07:51.860 9 INFO neutron.db.ovn_revision_numbers_db [None req-ed4d6433-73b9-4057-bbff-bc9310e2decd 805bb2134d174bffb3dd348f04c0a4bc ea3b4cf9758c4a568bbbbb89a380be48 - - default default] Successfully bumped revision number for resource cc07b776-e5bb-45a9-a822-aff975fbdb65 (type: security_group_rules) to 0
2026-03-31 06:07:51.899 9 INFO neutron.db.ovn_revision_numbers_db [None req-ed4d6433-73b9-4057-bbff-bc9310e2decd 805bb2134d174bffb3dd348f04c0a4bc ea3b4cf9758c4a568bbbbb89a380be48 - - default default] Successfully bumped revision number for resource ce442339-a799-4d32-95b3-754d0847c3c3 (type: security_group_rules) to 0
2026-03-31 06:07:51.952 9 INFO neutron.db.segments_db [None req-ed4d6433-73b9-4057-bbff-bc9310e2decd 805bb2134d174bffb3dd348f04c0a4bc ea3b4cf9758c4a568bbbbb89a380be48 - - default default] Added segment 5810d1a7-1802-476a-aa92-f1cd8b849915 of type geneve for network d86ca93c-d777-4343-9afd-4d1e42b95db6
2026-03-31 06:07:52.002 9 INFO neutron.plugins.ml2.drivers.ovn.mech_driver.ovsdb.commands [None req-d5bf4641-73a6-437e-946a-b2425304c856 - - - - - -] Schedule LRP lrp-291d3ca9-2ee2-48ac-a4d4-ecdedab02311 on gateway e2b808ab-0a5c-4944-8f71-f16af0935e4f with priority 1
2026-03-31 06:07:52.010 10 INFO neutron.plugins.ml2.drivers.ovn.mech_driver.mech_driver [None req-e2f31618-046d-476a-a7ff-4884df1feeca - - - - - -] OVN reports status up for port: 291d3ca9-2ee2-48ac-a4d4-ecdedab02311
2026-03-31 06:07:52.028 10 INFO neutron.plugins.ml2.plugin [None req-e2f31618-046d-476a-a7ff-4884df1feeca - - - - - -] Attempt 1 to provision port 291d3ca9-2ee2-48ac-a4d4-ecdedab02311
2026-03-31 06:07:52.047 9 INFO neutron.plugins.ml2.drivers.ovn.mech_driver.ovsdb.ovsdb_monitor [-] Router e3fae5c5-96c9-4477-a38a-bcba8369e7b7 is bound to host instance
2026-03-31 06:07:52.111 9 INFO neutron.db.ovn_revision_numbers_db [None req-5d23969e-4b56-4403-9f93-4fc01202a646 805bb2134d174bffb3dd348f04c0a4bc ea3b4cf9758c4a568bbbbb89a380be48 - - default default] Successfully bumped revision number for resource 291d3ca9-2ee2-48ac-a4d4-ecdedab02311 (type: router_ports) to 1
2026-03-31 06:07:52.122 10 INFO neutron.plugins.ml2.drivers.ovn.mech_driver.ovsdb.commands [None req-ccfd4401-7ed7-442c-84fb-c8e53bf34020 - - - - - -] Schedule LRP lrp-b72d311d-3522-462f-a7a3-6412ff8cdf9a on gateway e2b808ab-0a5c-4944-8f71-f16af0935e4f with priority 1
2026-03-31 06:07:52.184 10 INFO neutron.db.ovn_revision_numbers_db [None req-182e78dc-2fee-4f80-bff3-c47e47433d96 805bb2134d174bffb3dd348f04c0a4bc ea3b4cf9758c4a568bbbbb89a380be48 - - default default] Successfully bumped revision number for resource b72d311d-3522-462f-a7a3-6412ff8cdf9a (type: router_ports) to 1
2026-03-31 06:07:52.272 9 INFO neutron.db.ovn_revision_numbers_db [None req-5d23969e-4b56-4403-9f93-4fc01202a646 805bb2134d174bffb3dd348f04c0a4bc ea3b4cf9758c4a568bbbbb89a380be48 - - default default] Successfully bumped revision number for resource e3fae5c5-96c9-4477-a38a-bcba8369e7b7 (type: routers) to 2
2026-03-31 06:07:52.277 9 INFO neutron.db.ovn_revision_numbers_db [None req-ed4d6433-73b9-4057-bbff-bc9310e2decd 805bb2134d174bffb3dd348f04c0a4bc ea3b4cf9758c4a568bbbbb89a380be48 - - default default] Successfully bumped revision number for resource d86ca93c-d777-4343-9afd-4d1e42b95db6 (type: networks) to 1
2026-03-31 06:07:52.323 9 INFO neutron.wsgi [None req-5d23969e-4b56-4403-9f93-4fc01202a646 805bb2134d174bffb3dd348f04c0a4bc ea3b4cf9758c4a568bbbbb89a380be48 - - default default] 10.0.0.150 "POST /v2.0/routers HTTP/1.1" status: 201 len: 1161 time: 2.2085986
2026-03-31 06:07:52.395 10 INFO neutron.db.ovn_revision_numbers_db [None req-182e78dc-2fee-4f80-bff3-c47e47433d96 805bb2134d174bffb3dd348f04c0a4bc ea3b4cf9758c4a568bbbbb89a380be48 - - default default] Successfully bumped revision number for resource 97f09812-1102-4b75-a14e-ca16560145b0 (type: routers) to 2
2026-03-31 06:07:52.434 10 INFO neutron.wsgi [None req-182e78dc-2fee-4f80-bff3-c47e47433d96 805bb2134d174bffb3dd348f04c0a4bc ea3b4cf9758c4a568bbbbb89a380be48 - - default default] 10.0.0.150 "POST /v2.0/routers HTTP/1.1" status: 201 len: 1172 time: 2.8062549
2026-03-31 06:07:52.587 10 INFO neutron.plugins.ml2.drivers.ovn.mech_driver.ovsdb.commands [None req-ccfd4401-7ed7-442c-84fb-c8e53bf34020 - - - - - -] Schedule LRP lrp-d4be5096-5db6-4ed9-b297-8e28624e7426 on gateway e2b808ab-0a5c-4944-8f71-f16af0935e4f with priority 1
2026-03-31 06:07:52.627 10 INFO neutron.plugins.ml2.drivers.ovn.mech_driver.ovsdb.ovsdb_monitor [-] Router 75e34568-0156-4c0e-a284-00139aa50dbb is bound to host instance
2026-03-31 06:07:52.664 10 INFO neutron.db.ovn_revision_numbers_db [None req-30cb6757-4eb2-4d8f-89de-46c86e005aa8 805bb2134d174bffb3dd348f04c0a4bc ea3b4cf9758c4a568bbbbb89a380be48 - - default default] Successfully bumped revision number for resource d4be5096-5db6-4ed9-b297-8e28624e7426 (type: router_ports) to 1
2026-03-31 06:07:52.678 9 INFO neutron.plugins.ml2.drivers.ovn.mech_driver.mech_driver [None req-030bbb55-b044-41b5-b59e-7f1ab0a84184 - - - - - -] OVN reports status up for port: d4be5096-5db6-4ed9-b297-8e28624e7426
2026-03-31 06:07:52.731 9 INFO neutron.plugins.ml2.plugin [None req-030bbb55-b044-41b5-b59e-7f1ab0a84184 - - - - - -] Attempt 1 to provision port d4be5096-5db6-4ed9-b297-8e28624e7426
2026-03-31 06:07:52.788 10 INFO neutron.db.ovn_revision_numbers_db [None req-30cb6757-4eb2-4d8f-89de-46c86e005aa8 805bb2134d174bffb3dd348f04c0a4bc ea3b4cf9758c4a568bbbbb89a380be48 - - default default] Successfully bumped revision number for resource 75e34568-0156-4c0e-a284-00139aa50dbb (type: routers) to 2
2026-03-31 06:07:52.818 10 INFO neutron.wsgi [None req-30cb6757-4eb2-4d8f-89de-46c86e005aa8 805bb2134d174bffb3dd348f04c0a4bc ea3b4cf9758c4a568bbbbb89a380be48 - - default default] 10.0.0.150 "POST /v2.0/routers HTTP/1.1" status: 201 len: 1175 time: 2.7233498
2026-03-31 06:07:52.823 9 WARNING neutron.scheduler.dhcp_agent_scheduler [None req-ed4d6433-73b9-4057-bbff-bc9310e2decd 805bb2134d174bffb3dd348f04c0a4bc ea3b4cf9758c4a568bbbbb89a380be48 - - default default] No more DHCP agents
2026-03-31 06:07:52.845 9 WARNING neutron.api.rpc.agentnotifiers.dhcp_rpc_agent_api [None req-ed4d6433-73b9-4057-bbff-bc9310e2decd 805bb2134d174bffb3dd348f04c0a4bc ea3b4cf9758c4a568bbbbb89a380be48 - - default default] Unable to schedule network d86ca93c-d777-4343-9afd-4d1e42b95db6: no agents available; will retry on subsequent port and subnet creation events.
2026-03-31 06:07:53.079 9 INFO neutron.db.ovn_revision_numbers_db [None req-ed4d6433-73b9-4057-bbff-bc9310e2decd 805bb2134d174bffb3dd348f04c0a4bc ea3b4cf9758c4a568bbbbb89a380be48 - - default default] Successfully bumped revision number for resource c8b35fb2-60c0-476e-9754-7572957f6588 (type: ports) to 1
2026-03-31 06:07:53.157 9 INFO neutron.wsgi [None req-ed4d6433-73b9-4057-bbff-bc9310e2decd 805bb2134d174bffb3dd348f04c0a4bc ea3b4cf9758c4a568bbbbb89a380be48 - - default default] 10.0.0.150 "POST /v2.0/networks HTTP/1.1" status: 201 len: 949 time: 1.8067360
2026-03-31 06:07:53.456 9 WARNING neutron.scheduler.dhcp_agent_scheduler [None req-c3b097d2-ac45-4cf4-86a2-dc75b3685954 805bb2134d174bffb3dd348f04c0a4bc ea3b4cf9758c4a568bbbbb89a380be48 - - default default] No more DHCP agents
2026-03-31 06:07:53.462 9 WARNING neutron.api.rpc.agentnotifiers.dhcp_rpc_agent_api [None req-c3b097d2-ac45-4cf4-86a2-dc75b3685954 805bb2134d174bffb3dd348f04c0a4bc ea3b4cf9758c4a568bbbbb89a380be48 - - default default] Unable to schedule network d86ca93c-d777-4343-9afd-4d1e42b95db6: no agents available; will retry on subsequent port and subnet creation events.
2026-03-31 06:07:53.572 10 WARNING neutron.scheduler.dhcp_agent_scheduler [None req-77989597-0ec5-4470-80e8-7778bc0bde61 805bb2134d174bffb3dd348f04c0a4bc ea3b4cf9758c4a568bbbbb89a380be48 - - default default] No more DHCP agents
2026-03-31 06:07:53.581 10 WARNING neutron.api.rpc.agentnotifiers.dhcp_rpc_agent_api [None req-77989597-0ec5-4470-80e8-7778bc0bde61 805bb2134d174bffb3dd348f04c0a4bc ea3b4cf9758c4a568bbbbb89a380be48 - - default default] Unable to schedule network 61e58301-ec23-4e13-85aa-cb0a953be3cc: no agents available; will retry on subsequent port and subnet creation events.
2026-03-31 06:07:53.773 9 WARNING neutron.scheduler.dhcp_agent_scheduler [None req-27f5b943-f9d6-486d-a056-791ca2e9105c 805bb2134d174bffb3dd348f04c0a4bc ea3b4cf9758c4a568bbbbb89a380be48 - - default default] No more DHCP agents
2026-03-31 06:07:53.783 9 WARNING neutron.api.rpc.agentnotifiers.dhcp_rpc_agent_api [None req-27f5b943-f9d6-486d-a056-791ca2e9105c 805bb2134d174bffb3dd348f04c0a4bc ea3b4cf9758c4a568bbbbb89a380be48 - - default default] Unable to schedule network d8beb6f2-1f95-4832-bb2a-53dc9f429288: no agents available; will retry on subsequent port and subnet creation events.
2026-03-31 06:07:53.788 9 INFO neutron.db.ovn_revision_numbers_db [None req-e122a2dc-f776-4368-aea3-5e578d3a003e - - - - - -] Successfully bumped revision number for resource 291d3ca9-2ee2-48ac-a4d4-ecdedab02311 (type: ports) to 1
2026-03-31 06:07:53.837 10 INFO neutron.db.ovn_revision_numbers_db [None req-77989597-0ec5-4470-80e8-7778bc0bde61 805bb2134d174bffb3dd348f04c0a4bc ea3b4cf9758c4a568bbbbb89a380be48 - - default default] Successfully bumped revision number for resource 2a334444-5459-4cc9-90b8-2a864926a014 (type: ports) to 1
2026-03-31 06:07:54.036 9 INFO neutron.db.ovn_revision_numbers_db [None req-27f5b943-f9d6-486d-a056-791ca2e9105c 805bb2134d174bffb3dd348f04c0a4bc ea3b4cf9758c4a568bbbbb89a380be48 - - default default] Successfully bumped revision number for resource 5a4ccf29-b3f0-4d45-8855-238222ccacb2 (type: ports) to 1
2026-03-31 06:07:54.266 10 WARNING neutron.scheduler.dhcp_agent_scheduler [None req-136c61ae-3330-43a5-982c-3072ec58523f 805bb2134d174bffb3dd348f04c0a4bc ea3b4cf9758c4a568bbbbb89a380be48 - - default default] No more DHCP agents
2026-03-31 06:07:54.282 10 WARNING neutron.api.rpc.agentnotifiers.dhcp_rpc_agent_api [None req-136c61ae-3330-43a5-982c-3072ec58523f 805bb2134d174bffb3dd348f04c0a4bc ea3b4cf9758c4a568bbbbb89a380be48 - - default default] Unable to schedule network 0ebbc608-0eb7-415e-b068-2d8332368dcd: no agents available; will retry on subsequent port and subnet creation events.
2026-03-31 06:07:54.356 10 INFO neutron.db.ovn_revision_numbers_db [None req-8595c52e-ad65-4c82-a221-c5c38bacd897 - - - - - -] Successfully bumped revision number for resource d4be5096-5db6-4ed9-b297-8e28624e7426 (type: ports) to 1
2026-03-31 06:07:54.539 10 INFO neutron.db.ovn_revision_numbers_db [None req-136c61ae-3330-43a5-982c-3072ec58523f 805bb2134d174bffb3dd348f04c0a4bc ea3b4cf9758c4a568bbbbb89a380be48 - - default default] Successfully bumped revision number for resource ba62af4e-c416-4b9c-9257-bc1394601888 (type: ports) to 1
2026-03-31 06:07:54.793 9 INFO neutron.db.ovn_revision_numbers_db [None req-e122a2dc-f776-4368-aea3-5e578d3a003e - - - - - -] Successfully bumped revision number for resource 291d3ca9-2ee2-48ac-a4d4-ecdedab02311 (type: router_ports) to 3
2026-03-31 06:07:54.889 9 INFO neutron.db.ovn_revision_numbers_db [None req-c3b097d2-ac45-4cf4-86a2-dc75b3685954 805bb2134d174bffb3dd348f04c0a4bc ea3b4cf9758c4a568bbbbb89a380be48 - - default default] Successfully bumped revision number for resource c8b35fb2-60c0-476e-9754-7572957f6588 (type: ports) to 2
2026-03-31 06:07:54.975 9 INFO neutron.db.ovn_revision_numbers_db [None req-c3b097d2-ac45-4cf4-86a2-dc75b3685954 805bb2134d174bffb3dd348f04c0a4bc ea3b4cf9758c4a568bbbbb89a380be48 - - default default] Successfully bumped revision number for resource 4199fac8-6570-4d2f-a0f2-de9a9be31a06 (type: subnets) to 0
2026-03-31 06:07:55.015 9 INFO neutron.wsgi [None req-c3b097d2-ac45-4cf4-86a2-dc75b3685954 805bb2134d174bffb3dd348f04c0a4bc ea3b4cf9758c4a568bbbbb89a380be48 - - default default] 10.0.0.150 "POST /v2.0/subnets HTTP/1.1" status: 201 len: 869 time: 1.8529844
2026-03-31 06:07:55.193 9 INFO neutron.db.ovn_revision_numbers_db [None req-e122a2dc-f776-4368-aea3-5e578d3a003e - - - - - -] Successfully bumped revision number for resource 291d3ca9-2ee2-48ac-a4d4-ecdedab02311 (type: ports) to 2
2026-03-31 06:07:55.229 9 ERROR ovsdbapp.backend.ovs_idl.command [None req-27f5b943-f9d6-486d-a056-791ca2e9105c 805bb2134d174bffb3dd348f04c0a4bc ea3b4cf9758c4a568bbbbb89a380be48 - - default default] Error executing command (DbGetCommand): ovsdbapp.backend.ovs_idl.idlutils.RowNotFound: Cannot find Logical_Router_Port with name=lrp-5a4ccf29-b3f0-4d45-8855-238222ccacb2
2026-03-31 06:07:55.229 9 ERROR ovsdbapp.backend.ovs_idl.command
Traceback (most recent call last):
2026-03-31 06:07:55.229 9 ERROR ovsdbapp.backend.ovs_idl.command
File "/var/lib/openstack/lib/python3.10/site-packages/ovsdbapp/backend/ovs_idl/command.py", line 47, in execute
2026-03-31 06:07:55.229 9 ERROR ovsdbapp.backend.ovs_idl.command self.run_idl(None)
2026-03-31 06:07:55.229 9 ERROR ovsdbapp.backend.ovs_idl.command
File "/var/lib/openstack/lib/python3.10/site-packages/ovsdbapp/backend/ovs_idl/command.py", line 235, in run_idl
2026-03-31 06:07:55.229 9 ERROR ovsdbapp.backend.ovs_idl.command record = self.api.lookup(self.table, self.record)
2026-03-31 06:07:55.229 9 ERROR ovsdbapp.backend.ovs_idl.command
File "/var/lib/openstack/lib/python3.10/site-packages/ovsdbapp/backend/ovs_idl/__init__.py", line 184, in lookup
2026-03-31 06:07:55.229 9 ERROR ovsdbapp.backend.ovs_idl.command return self._lookup(table, record)
2026-03-31 06:07:55.229 9 ERROR ovsdbapp.backend.ovs_idl.command
File "/var/lib/openstack/lib/python3.10/site-packages/ovsdbapp/backend/ovs_idl/__init__.py", line 235, in _lookup
2026-03-31 06:07:55.229 9 ERROR ovsdbapp.backend.ovs_idl.command row = idlutils.row_by_value(self, rl.table, rl.column, record)
2026-03-31 06:07:55.229 9 ERROR ovsdbapp.backend.ovs_idl.command
File "/var/lib/openstack/lib/python3.10/site-packages/ovsdbapp/backend/ovs_idl/idlutils.py", line 114, in row_by_value
2026-03-31 06:07:55.229 9 ERROR ovsdbapp.backend.ovs_idl.command raise RowNotFound(table=table, col=column, match=match)
2026-03-31 06:07:55.229 9 ERROR ovsdbapp.backend.ovs_idl.command ovsdbapp.backend.ovs_idl.idlutils.RowNotFound: Cannot find Logical_Router_Port with name=lrp-5a4ccf29-b3f0-4d45-8855-238222ccacb2
2026-03-31 06:07:55.229 9 ERROR ovsdbapp.backend.ovs_idl.command 
2026-03-31 06:07:55.230 9 ERROR neutron_lib.callbacks.manager [None req-27f5b943-f9d6-486d-a056-791ca2e9105c 805bb2134d174bffb3dd348f04c0a4bc ea3b4cf9758c4a568bbbbb89a380be48 - - default default] Error during notification for neutron.services.ovn_l3.plugin.OVNL3RouterPlugin._port_update-8773592256239 port, after_update: ovsdbapp.backend.ovs_idl.idlutils.RowNotFound: Cannot find Logical_Router_Port with name=lrp-5a4ccf29-b3f0-4d45-8855-238222ccacb2
2026-03-31 06:07:55.230 9 ERROR neutron_lib.callbacks.manager
Traceback (most recent call last):
2026-03-31 06:07:55.230 9 ERROR neutron_lib.callbacks.manager
File "/var/lib/openstack/lib/python3.10/site-packages/neutron_lib/callbacks/manager.py", line 189, in _notify_loop
2026-03-31 06:07:55.230 9 ERROR neutron_lib.callbacks.manager callback.method(resource, event, trigger, payload=payload)
2026-03-31 06:07:55.230 9 ERROR neutron_lib.callbacks.manager
File "/var/lib/openstack/lib/python3.10/site-packages/neutron/services/ovn_l3/plugin.py", line 391, in _port_update
2026-03-31 06:07:55.230 9 ERROR neutron_lib.callbacks.manager l3plugin._ovn_client.update_router_port(context,
2026-03-31 06:07:55.230 9 ERROR neutron_lib.callbacks.manager
File "/var/lib/openstack/lib/python3.10/site-packages/neutron/plugins/ml2/drivers/ovn/mech_driver/ovsdb/ovn_client.py", line 1878, in update_router_port
2026-03-31 06:07:55.230 9 ERROR neutron_lib.callbacks.manager self._update_lrouter_port(context, port, if_exists=if_exists,
2026-03-31 06:07:55.230 9 ERROR neutron_lib.callbacks.manager
File "/var/lib/openstack/lib/python3.10/site-packages/neutron/plugins/ml2/drivers/ovn/mech_driver/ovsdb/ovn_client.py", line 1855, in _update_lrouter_port
2026-03-31 06:07:55.230 9 ERROR neutron_lib.callbacks.manager external_ids = self._nb_idl.db_get(
2026-03-31 06:07:55.230 9 ERROR neutron_lib.callbacks.manager
File "/var/lib/openstack/lib/python3.10/site-packages/ovsdbapp/backend/ovs_idl/command.py", line 47, in execute
2026-03-31 06:07:55.230 9 ERROR neutron_lib.callbacks.manager self.run_idl(None)
2026-03-31 06:07:55.230 9 ERROR neutron_lib.callbacks.manager
File "/var/lib/openstack/lib/python3.10/site-packages/ovsdbapp/backend/ovs_idl/command.py", line 235, in run_idl
2026-03-31 06:07:55.230 9 ERROR neutron_lib.callbacks.manager record = self.api.lookup(self.table, self.record)
2026-03-31 06:07:55.230 9 ERROR neutron_lib.callbacks.manager
File "/var/lib/openstack/lib/python3.10/site-packages/ovsdbapp/backend/ovs_idl/__init__.py", line 184, in lookup
2026-03-31 06:07:55.230 9 ERROR neutron_lib.callbacks.manager return self._lookup(table, record)
2026-03-31 06:07:55.230 9 ERROR neutron_lib.callbacks.manager
File "/var/lib/openstack/lib/python3.10/site-packages/ovsdbapp/backend/ovs_idl/__init__.py", line 235, in _lookup
2026-03-31 06:07:55.230 9 ERROR neutron_lib.callbacks.manager row = idlutils.row_by_value(self, rl.table, rl.column, record)
2026-03-31 06:07:55.230 9 ERROR neutron_lib.callbacks.manager
File "/var/lib/openstack/lib/python3.10/site-packages/ovsdbapp/backend/ovs_idl/idlutils.py", line 114, in row_by_value
2026-03-31 06:07:55.230 9 ERROR neutron_lib.callbacks.manager raise RowNotFound(table=table, col=column, match=match)
2026-03-31 06:07:55.230 9 ERROR neutron_lib.callbacks.manager ovsdbapp.backend.ovs_idl.idlutils.RowNotFound: Cannot find Logical_Router_Port with name=lrp-5a4ccf29-b3f0-4d45-8855-238222ccacb2
2026-03-31 06:07:55.230 9 ERROR neutron_lib.callbacks.manager 
2026-03-31 06:07:55.295 10 INFO neutron.plugins.ml2.drivers.ovn.mech_driver.mech_driver [None req-e2f31618-046d-476a-a7ff-4884df1feeca - - - - - -] OVN reports status up for port: b72d311d-3522-462f-a7a3-6412ff8cdf9a
2026-03-31 06:07:55.338 10 INFO neutron.plugins.ml2.plugin [None req-e2f31618-046d-476a-a7ff-4884df1feeca - - - - - -] Attempt 1 to provision port b72d311d-3522-462f-a7a3-6412ff8cdf9a
2026-03-31 06:07:55.370 10 ERROR ovsdbapp.backend.ovs_idl.command [None req-77989597-0ec5-4470-80e8-7778bc0bde61 805bb2134d174bffb3dd348f04c0a4bc ea3b4cf9758c4a568bbbbb89a380be48 - - default default] Error executing command (DbGetCommand): ovsdbapp.backend.ovs_idl.idlutils.RowNotFound: Cannot find Logical_Router_Port with name=lrp-2a334444-5459-4cc9-90b8-2a864926a014
2026-03-31 06:07:55.370 10 ERROR ovsdbapp.backend.ovs_idl.command
Traceback (most recent call last):
2026-03-31 06:07:55.370 10 ERROR ovsdbapp.backend.ovs_idl.command
File "/var/lib/openstack/lib/python3.10/site-packages/ovsdbapp/backend/ovs_idl/command.py", line 47, in execute
2026-03-31 06:07:55.370 10 ERROR ovsdbapp.backend.ovs_idl.command self.run_idl(None)
2026-03-31 06:07:55.370 10 ERROR ovsdbapp.backend.ovs_idl.command
File "/var/lib/openstack/lib/python3.10/site-packages/ovsdbapp/backend/ovs_idl/command.py", line 235, in run_idl
2026-03-31 06:07:55.370 10 ERROR ovsdbapp.backend.ovs_idl.command record = self.api.lookup(self.table, self.record)
2026-03-31 06:07:55.370 10 ERROR ovsdbapp.backend.ovs_idl.command
File "/var/lib/openstack/lib/python3.10/site-packages/ovsdbapp/backend/ovs_idl/__init__.py", line 184, in lookup
2026-03-31 06:07:55.370 10 ERROR ovsdbapp.backend.ovs_idl.command return self._lookup(table, record)
2026-03-31 06:07:55.370 10 ERROR ovsdbapp.backend.ovs_idl.command
File "/var/lib/openstack/lib/python3.10/site-packages/ovsdbapp/backend/ovs_idl/__init__.py", line 235, in _lookup
2026-03-31 06:07:55.370 10 ERROR ovsdbapp.backend.ovs_idl.command row = idlutils.row_by_value(self, rl.table, rl.column, record)
2026-03-31 06:07:55.370 10 ERROR ovsdbapp.backend.ovs_idl.command
File "/var/lib/openstack/lib/python3.10/site-packages/ovsdbapp/backend/ovs_idl/idlutils.py", line 114, in row_by_value
2026-03-31 06:07:55.370 10 ERROR ovsdbapp.backend.ovs_idl.command raise RowNotFound(table=table, col=column, match=match)
2026-03-31 06:07:55.370 10 ERROR ovsdbapp.backend.ovs_idl.command ovsdbapp.backend.ovs_idl.idlutils.RowNotFound: Cannot find Logical_Router_Port with name=lrp-2a334444-5459-4cc9-90b8-2a864926a014
2026-03-31 06:07:55.370 10 ERROR ovsdbapp.backend.ovs_idl.command 
2026-03-31 06:07:55.371 10 ERROR neutron_lib.callbacks.manager [None req-77989597-0ec5-4470-80e8-7778bc0bde61 805bb2134d174bffb3dd348f04c0a4bc ea3b4cf9758c4a568bbbbb89a380be48 - - default default] Error during notification for neutron.services.ovn_l3.plugin.OVNL3RouterPlugin._port_update-8773592256239 port, after_update: ovsdbapp.backend.ovs_idl.idlutils.RowNotFound: Cannot find Logical_Router_Port with name=lrp-2a334444-5459-4cc9-90b8-2a864926a014
2026-03-31 06:07:55.371 10 ERROR neutron_lib.callbacks.manager
Traceback (most recent call last):
2026-03-31 06:07:55.371 10 ERROR neutron_lib.callbacks.manager
File "/var/lib/openstack/lib/python3.10/site-packages/neutron_lib/callbacks/manager.py", line 189, in _notify_loop
2026-03-31 06:07:55.371 10 ERROR neutron_lib.callbacks.manager callback.method(resource, event, trigger, payload=payload)
2026-03-31 06:07:55.371 10 ERROR neutron_lib.callbacks.manager
File "/var/lib/openstack/lib/python3.10/site-packages/neutron/services/ovn_l3/plugin.py", line 391, in _port_update
2026-03-31 06:07:55.371 10 ERROR neutron_lib.callbacks.manager l3plugin._ovn_client.update_router_port(context,
2026-03-31 06:07:55.371 10 ERROR neutron_lib.callbacks.manager
File "/var/lib/openstack/lib/python3.10/site-packages/neutron/plugins/ml2/drivers/ovn/mech_driver/ovsdb/ovn_client.py", line 1878, in update_router_port
2026-03-31 06:07:55.371 10 ERROR neutron_lib.callbacks.manager self._update_lrouter_port(context, port, if_exists=if_exists,
2026-03-31 06:07:55.371 10 ERROR neutron_lib.callbacks.manager
File "/var/lib/openstack/lib/python3.10/site-packages/neutron/plugins/ml2/drivers/ovn/mech_driver/ovsdb/ovn_client.py", line 1855, in _update_lrouter_port
2026-03-31 06:07:55.371 10 ERROR neutron_lib.callbacks.manager external_ids = self._nb_idl.db_get(
2026-03-31 06:07:55.371 10 ERROR neutron_lib.callbacks.manager
File "/var/lib/openstack/lib/python3.10/site-packages/ovsdbapp/backend/ovs_idl/command.py", line 47, in execute
2026-03-31 06:07:55.371 10 ERROR neutron_lib.callbacks.manager self.run_idl(None)
2026-03-31 06:07:55.371 10 ERROR neutron_lib.callbacks.manager
File "/var/lib/openstack/lib/python3.10/site-packages/ovsdbapp/backend/ovs_idl/command.py", line 235, in run_idl
2026-03-31 06:07:55.371 10 ERROR neutron_lib.callbacks.manager record = self.api.lookup(self.table, self.record)
2026-03-31 06:07:55.371 10 ERROR neutron_lib.callbacks.manager
File "/var/lib/openstack/lib/python3.10/site-packages/ovsdbapp/backend/ovs_idl/__init__.py", line 184, in lookup
2026-03-31 06:07:55.371 10 ERROR neutron_lib.callbacks.manager return self._lookup(table, record)
2026-03-31 06:07:55.371 10 ERROR neutron_lib.callbacks.manager
File "/var/lib/openstack/lib/python3.10/site-packages/ovsdbapp/backend/ovs_idl/__init__.py", line 235, in _lookup
2026-03-31 06:07:55.371 10 ERROR neutron_lib.callbacks.manager row = idlutils.row_by_value(self, rl.table, rl.column, record)
2026-03-31 06:07:55.371 10 ERROR neutron_lib.callbacks.manager
File "/var/lib/openstack/lib/python3.10/site-packages/ovsdbapp/backend/ovs_idl/idlutils.py", line 114, in row_by_value
2026-03-31 06:07:55.371 10 ERROR neutron_lib.callbacks.manager raise RowNotFound(table=table, col=column, match=match)
2026-03-31 06:07:55.371 10 ERROR neutron_lib.callbacks.manager ovsdbapp.backend.ovs_idl.idlutils.RowNotFound: Cannot find Logical_Router_Port with name=lrp-2a334444-5459-4cc9-90b8-2a864926a014
2026-03-31 06:07:55.371 10 ERROR neutron_lib.callbacks.manager 
2026-03-31 06:07:55.502 9 INFO neutron.db.ovn_revision_numbers_db [None req-27f5b943-f9d6-486d-a056-791ca2e9105c 805bb2134d174bffb3dd348f04c0a4bc ea3b4cf9758c4a568bbbbb89a380be48 - - default default] Successfully bumped revision number for resource 5a4ccf29-b3f0-4d45-8855-238222ccacb2 (type: ports) to 1
2026-03-31 06:07:55.524 10 INFO neutron.db.ovn_revision_numbers_db [None req-8595c52e-ad65-4c82-a221-c5c38bacd897 - - - - - -] Successfully bumped revision number for resource d4be5096-5db6-4ed9-b297-8e28624e7426 (type: router_ports) to 3
2026-03-31 06:07:55.747 9 WARNING neutron.scheduler.dhcp_agent_scheduler [None req-27f5b943-f9d6-486d-a056-791ca2e9105c 805bb2134d174bffb3dd348f04c0a4bc ea3b4cf9758c4a568bbbbb89a380be48 - - default default] No more DHCP agents
2026-03-31 06:07:55.752 9 WARNING neutron.api.rpc.agentnotifiers.dhcp_rpc_agent_api [None req-27f5b943-f9d6-486d-a056-791ca2e9105c 805bb2134d174bffb3dd348f04c0a4bc ea3b4cf9758c4a568bbbbb89a380be48 - - default default] Unable to schedule network d8beb6f2-1f95-4832-bb2a-53dc9f429288: no agents available; will retry on subsequent port and subnet creation events.
2026-03-31 06:07:55.756 9 INFO neutron.plugins.ml2.drivers.ovn.mech_driver.mech_driver [None req-030bbb55-b044-41b5-b59e-7f1ab0a84184 - - - - - -] OVN reports status up for port: 5a4ccf29-b3f0-4d45-8855-238222ccacb2
2026-03-31 06:07:55.773 9 INFO neutron.plugins.ml2.plugin [None req-030bbb55-b044-41b5-b59e-7f1ab0a84184 - - - - - -] Attempt 1 to provision port 5a4ccf29-b3f0-4d45-8855-238222ccacb2
2026-03-31 06:07:55.878 9 INFO neutron.db.ovn_revision_numbers_db [None req-e122a2dc-f776-4368-aea3-5e578d3a003e - - - - - -] Successfully bumped revision number for resource 291d3ca9-2ee2-48ac-a4d4-ecdedab02311 (type: ports) to 4
2026-03-31 06:07:56.223 10 INFO neutron.db.ovn_revision_numbers_db [None req-77989597-0ec5-4470-80e8-7778bc0bde61 805bb2134d174bffb3dd348f04c0a4bc ea3b4cf9758c4a568bbbbb89a380be48 - - default default] Successfully bumped revision number for resource 2a334444-5459-4cc9-90b8-2a864926a014 (type: ports) to 1
2026-03-31 06:07:56.230 10 ERROR ovsdbapp.backend.ovs_idl.command [None req-136c61ae-3330-43a5-982c-3072ec58523f 805bb2134d174bffb3dd348f04c0a4bc ea3b4cf9758c4a568bbbbb89a380be48 - - default default] Error executing command (DbGetCommand): ovsdbapp.backend.ovs_idl.idlutils.RowNotFound: Cannot find Logical_Router_Port with name=lrp-ba62af4e-c416-4b9c-9257-bc1394601888
2026-03-31 06:07:56.230 10 ERROR ovsdbapp.backend.ovs_idl.command
Traceback (most recent call last):
2026-03-31 06:07:56.230 10 ERROR ovsdbapp.backend.ovs_idl.command
File "/var/lib/openstack/lib/python3.10/site-packages/ovsdbapp/backend/ovs_idl/command.py", line 47, in execute
2026-03-31 06:07:56.230 10 ERROR ovsdbapp.backend.ovs_idl.command self.run_idl(None)
2026-03-31 06:07:56.230 10 ERROR ovsdbapp.backend.ovs_idl.command
File "/var/lib/openstack/lib/python3.10/site-packages/ovsdbapp/backend/ovs_idl/command.py", line 235, in run_idl
2026-03-31 06:07:56.230 10 ERROR ovsdbapp.backend.ovs_idl.command record = self.api.lookup(self.table, self.record)
2026-03-31 06:07:56.230 10 ERROR ovsdbapp.backend.ovs_idl.command
File "/var/lib/openstack/lib/python3.10/site-packages/ovsdbapp/backend/ovs_idl/__init__.py", line 184, in lookup
2026-03-31 06:07:56.230 10 ERROR ovsdbapp.backend.ovs_idl.command return self._lookup(table, record)
2026-03-31 06:07:56.230 10 ERROR ovsdbapp.backend.ovs_idl.command
File "/var/lib/openstack/lib/python3.10/site-packages/ovsdbapp/backend/ovs_idl/__init__.py", line 235, in _lookup
2026-03-31 06:07:56.230 10 ERROR ovsdbapp.backend.ovs_idl.command row = idlutils.row_by_value(self, rl.table, rl.column, record)
2026-03-31 06:07:56.230 10 ERROR ovsdbapp.backend.ovs_idl.command
File "/var/lib/openstack/lib/python3.10/site-packages/ovsdbapp/backend/ovs_idl/idlutils.py", line 114, in row_by_value
2026-03-31 06:07:56.230 10 ERROR ovsdbapp.backend.ovs_idl.command raise RowNotFound(table=table, col=column, match=match)
