2026-03-31 06:08:02.405 9 INFO neutron.wsgi [req-1909e08d-7f8f-49ab-a891-f742a783bb1d req-c3a6b6e7-255b-4436-95d8-29977f6ac7a2 b366d8d0819b4e679ffe31cc9526a094 c0f41b1cddae42c3be37e695e48ffc41 - - default default] 10.0.0.228 "GET /v2.0/security-groups/28681dca-1e85-4722-8f57-4b1a5064df01 HTTP/1.1" status: 200 len: 3141 time: 0.0652978
2026-03-31 06:08:02.573 10 INFO neutron.wsgi [req-411f787e-cddb-4e0d-8685-dd27b36878ff req-2fb94cbe-ccda-445f-8aef-38acfb24f4f1 b366d8d0819b4e679ffe31cc9526a094 c0f41b1cddae42c3be37e695e48ffc41 - - default default] 10.0.0.228 "GET /v2.0/security-group-rules/1e8978a5-34da-41e0-9aeb-86e892bec6df HTTP/1.1" status: 200 len: 815 time: 0.0548143
2026-03-31 06:08:02.597 9 INFO neutron.wsgi [req-49576ddb-75e3-4146-a31e-7ac59bd73d40 req-31b89bc0-fba8-456f-a52e-56ac9bcc01d3 5bd6bb55ff884fd3866b48fd90732954 f5880e1a408c428c8ccd78c24cafa305 - - default default] 10.0.0.228 "GET /v2.0/security-groups?name=tempest-securitygroup--1350795195&fields=id&tenant_id=f5880e1a408c428c8ccd78c24cafa305 HTTP/1.1" status: 200 len: 267 time: 0.0911582
2026-03-31 06:08:02.619 10 INFO neutron.wsgi [req-411f787e-cddb-4e0d-8685-dd27b36878ff req-9e673857-17b2-4aa4-ae7b-09dd2957c02d b366d8d0819b4e679ffe31cc9526a094 c0f41b1cddae42c3be37e695e48ffc41 - - default default] 10.0.0.228 "GET /v2.0/security-groups/28681dca-1e85-4722-8f57-4b1a5064df01 HTTP/1.1" status: 200 len: 3141 time: 0.0362694
2026-03-31 06:08:02.688 9 INFO neutron.db.ovn_revision_numbers_db [None req-e122a2dc-f776-4368-aea3-5e578d3a003e - - - - - -] Successfully bumped revision number for resource 7d6378b6-86d0-4c39-91b6-3d53567ed0f1 (type: ports) to 4
2026-03-31 06:08:02.770 9 INFO neutron.wsgi [req-49576ddb-75e3-4146-a31e-7ac59bd73d40 req-c7aa68ef-dafc-461c-b63b-09950791e7fe 5bd6bb55ff884fd3866b48fd90732954 f5880e1a408c428c8ccd78c24cafa305 - - default default] 10.0.0.228 "GET /v2.0/networks?id=0ebbc608-0eb7-415e-b068-2d8332368dcd HTTP/1.1" status: 200 len: 882 time: 0.1564982
2026-03-31 06:08:02.805 9 INFO neutron.wsgi [req-49576ddb-75e3-4146-a31e-7ac59bd73d40 req-13b0db53-4df8-48af-8455-e1983c50c4cc 5bd6bb55ff884fd3866b48fd90732954 f5880e1a408c428c8ccd78c24cafa305 - - default default] 10.0.0.228 "GET /v2.0/quotas/f5880e1a408c428c8ccd78c24cafa305 HTTP/1.1" status: 200 len: 491 time: 0.0272903
2026-03-31 06:08:02.938 10 INFO neutron.wsgi [req-411f787e-cddb-4e0d-8685-dd27b36878ff req-22ace8dd-0bc0-487e-912f-2974355309e2 b366d8d0819b4e679ffe31cc9526a094 c0f41b1cddae42c3be37e695e48ffc41 - - default default] 10.0.0.228 "DELETE /v2.0/security-group-rules/1e8978a5-34da-41e0-9aeb-86e892bec6df HTTP/1.1" status: 204 len: 173 time: 0.3068058
2026-03-31 06:08:03.013 10 INFO neutron.wsgi [req-cbfe173b-c28b-41cd-b83d-9898985d4967 req-858f99e4-e6c5-4cf9-979b-a190c67a7801 69610550cd2e41eb8b022bc7e687ac55 58d5fc54e9c14e44b7cbbbaab9999b46 - - default default] 10.0.0.228 "GET /v2.0/ports?device_id=1fbee5c7-f6b1-4a3b-93fb-36fee8d595bc HTTP/1.1" status: 200 len: 210 time: 0.0442371
2026-03-31 06:08:03.172 9 INFO neutron.wsgi [req-49576ddb-75e3-4146-a31e-7ac59bd73d40 req-002110da-ad5e-4b41-b4b3-6efe7902e5d7 5bd6bb55ff884fd3866b48fd90732954 f5880e1a408c428c8ccd78c24cafa305 - - default default] 10.0.0.228 "GET /v2.0/ports?tenant_id=f5880e1a408c428c8ccd78c24cafa305&fields=id HTTP/1.1" status: 200 len: 302 time: 0.3611958
2026-03-31 06:08:03.256 10 INFO neutron.wsgi [req-4ae11ef1-c6dd-40a3-aef2-5ee9dffdfa2e req-d76d5f82-33fa-4a68-9a39-daba105a35cf b366d8d0819b4e679ffe31cc9526a094 c0f41b1cddae42c3be37e695e48ffc41 - - default default] 10.0.0.228 "GET /v2.0/security-groups/28681dca-1e85-4722-8f57-4b1a5064df01 HTTP/1.1" status: 200 len: 2511 time: 0.0415909
2026-03-31 06:08:03.293 9 INFO neutron.db.ovn_revision_numbers_db [None req-030bbb55-b044-41b5-b59e-7f1ab0a84184 - - - - - -] Successfully bumped revision number for resource 2a334444-5459-4cc9-90b8-2a864926a014 (type: ports) to 2
2026-03-31 06:08:03.400 9 INFO neutron.db.ovn_revision_numbers_db [None req-e122a2dc-f776-4368-aea3-5e578d3a003e - - - - - -] Successfully bumped revision number for resource 7d6378b6-86d0-4c39-91b6-3d53567ed0f1 (type: router_ports) to 4
2026-03-31 06:08:03.452 10 INFO neutron.wsgi [req-4ae11ef1-c6dd-40a3-aef2-5ee9dffdfa2e req-85396300-df62-4871-a42d-d779417fff78 b366d8d0819b4e679ffe31cc9526a094 c0f41b1cddae42c3be37e695e48ffc41 - - default default] 10.0.0.228 "DELETE /v2.0/security-groups/28681dca-1e85-4722-8f57-4b1a5064df01 HTTP/1.1" status: 204 len: 173 time: 0.1865740
2026-03-31 06:08:03.473 9 INFO neutron.db.ovn_revision_numbers_db [None req-030bbb55-b044-41b5-b59e-7f1ab0a84184 - - - - - -] Successfully bumped revision number for resource 2a334444-5459-4cc9-90b8-2a864926a014 (type: router_ports) to 2
2026-03-31 06:08:03.494 10 INFO neutron.db.ovn_revision_numbers_db [None req-d0cc496d-c66b-46bd-b86b-4d89f5850634 805bb2134d174bffb3dd348f04c0a4bc ea3b4cf9758c4a568bbbbb89a380be48 - - default default] Successfully bumped revision number for resource bebba101-c37b-4ac8-9334-af6562c8f396 (type: router_ports) to 1
2026-03-31 06:08:03.501 10 INFO neutron.wsgi [None req-d0cc496d-c66b-46bd-b86b-4d89f5850634 805bb2134d174bffb3dd348f04c0a4bc ea3b4cf9758c4a568bbbbb89a380be48 - - default default] 10.0.0.150 "PUT /v2.0/routers/291e73ab-55af-4d8a-8f19-81777a043c17/add_router_interface HTTP/1.1" status: 200 len: 503 time: 4.0243428
2026-03-31 06:08:03.513 10 INFO neutron.wsgi [req-bbbf0494-5d22-4e9f-913a-9fd54e87a514 req-d67da43e-d9ea-4d92-9816-220b0c3159b3 b366d8d0819b4e679ffe31cc9526a094 c0f41b1cddae42c3be37e695e48ffc41 - - default default] 10.0.0.228 "GET /v2.0/security-groups/7b1be30c-e8f9-4a61-9243-deabeb1dd3cb HTTP/1.1" status: 200 len: 2510 time: 0.0442836
2026-03-31 06:08:03.563 9 INFO neutron.wsgi [req-49576ddb-75e3-4146-a31e-7ac59bd73d40 req-531bee1d-f13c-45a3-9246-971e76867ff5 2484bc5e18394fd5807c4e9c6c01aa83 46d00126e9f84abe9169fc548c5482d3 - - 3bfaaca3c24a4c16a7fd45009453a68a 3bfaaca3c24a4c16a7fd45009453a68a] 10.0.0.228 "GET /v2.0/extensions HTTP/1.1" status: 200 len: 18683 time: 0.0429027
2026-03-31 06:08:03.648 9 INFO neutron.wsgi [req-49576ddb-75e3-4146-a31e-7ac59bd73d40 req-56376931-6162-4808-86ef-f22aebf08814 2484bc5e18394fd5807c4e9c6c01aa83 46d00126e9f84abe9169fc548c5482d3 - - 3bfaaca3c24a4c16a7fd45009453a68a 3bfaaca3c24a4c16a7fd45009453a68a] 10.0.0.228 "GET /v2.0/networks/0ebbc608-0eb7-415e-b068-2d8332368dcd?fields=segments HTTP/1.1" status: 200 len: 212 time: 0.0752373
2026-03-31 06:08:03.652 10 INFO neutron.wsgi [req-bbbf0494-5d22-4e9f-913a-9fd54e87a514 req-062b1d77-b4fe-4eb7-8ea4-6f23acc97720 b366d8d0819b4e679ffe31cc9526a094 c0f41b1cddae42c3be37e695e48ffc41 - - default default] 10.0.0.228 "DELETE /v2.0/security-groups/7b1be30c-e8f9-4a61-9243-deabeb1dd3cb HTTP/1.1" status: 204 len: 173 time: 0.1294780
2026-03-31 06:08:03.733 9 INFO neutron.wsgi [req-49576ddb-75e3-4146-a31e-7ac59bd73d40 req-d9bc0906-68fa-4b4a-b948-508c6b69ce90 2484bc5e18394fd5807c4e9c6c01aa83 46d00126e9f84abe9169fc548c5482d3 - - 3bfaaca3c24a4c16a7fd45009453a68a 3bfaaca3c24a4c16a7fd45009453a68a] 10.0.0.228 "GET /v2.0/networks/0ebbc608-0eb7-415e-b068-2d8332368dcd?fields=provider%3Aphysical_network&fields=provider%3Anetwork_type HTTP/1.1" status: 200 len: 277 time: 0.0764689
2026-03-31 06:08:03.892 10 INFO neutron.wsgi [req-c393420a-605d-4287-98ff-b280e2d767f3 req-07dde296-d4f7-4051-b62d-5fa42a75a303 5bd6bb55ff884fd3866b48fd90732954 f5880e1a408c428c8ccd78c24cafa305 - - default default] 10.0.0.228 "GET /v2.0/ports?device_id=901af89a-d132-43f2-b2fa-b762921f83a6 HTTP/1.1" status: 200 len: 210 time: 0.0236502
2026-03-31 06:08:03.988 9 WARNING neutron_lib.context [None req-54930cb1-4963-4cb7-90ff-486ca48ffcde 6d83ba6935a546a0a36ed34131936659 c5ad7ca27f894f6d9432691fa861a376 - - default default] Method 'is_advsvc' is deprecated since 2023.2 release (neutron-lib 3.8.0) and will be removed once support for the old RBAC API policies will be removed from Neutron. Please use method 'is_service_role' instead.
2026-03-31 06:08:04.139 9 INFO neutron.db.ovn_revision_numbers_db [None req-54930cb1-4963-4cb7-90ff-486ca48ffcde 6d83ba6935a546a0a36ed34131936659 c5ad7ca27f894f6d9432691fa861a376 - - default default] Successfully bumped revision number for resource f8f88651-dbe8-47a9-976b-d0cc07a10edf (type: security_groups) to 1
2026-03-31 06:08:04.155 9 INFO neutron.db.ovn_revision_numbers_db [None req-54930cb1-4963-4cb7-90ff-486ca48ffcde 6d83ba6935a546a0a36ed34131936659 c5ad7ca27f894f6d9432691fa861a376 - - default default] Successfully bumped revision number for resource 924d4edc-6c32-453b-9144-eb56703e086a (type: security_group_rules) to 0
2026-03-31 06:08:04.181 10 INFO neutron.wsgi [req-dab56396-c769-4fea-a929-b36d8a5914bf req-b3a1a160-47b6-409e-ac57-f3e67c092088 69610550cd2e41eb8b022bc7e687ac55 58d5fc54e9c14e44b7cbbbaab9999b46 - - default default] 199.204.45.250 "GET /v2.0/networks?id=d8beb6f2-1f95-4832-bb2a-53dc9f429288 HTTP/1.1" status: 200 len: 868 time: 0.1442440
2026-03-31 06:08:04.186 9 INFO neutron.db.ovn_revision_numbers_db [None req-54930cb1-4963-4cb7-90ff-486ca48ffcde 6d83ba6935a546a0a36ed34131936659 c5ad7ca27f894f6d9432691fa861a376 - - default default] Successfully bumped revision number for resource d8b59aa7-790a-4b1f-9beb-2d36e5f84648 (type: security_group_rules) to 0
2026-03-31 06:08:04.194 10 INFO neutron.wsgi [req-f42eece4-4654-4114-987e-dfd8d825dc4e req-ccabf459-e233-4435-a53d-36ceb704721b 69610550cd2e41eb8b022bc7e687ac55 58d5fc54e9c14e44b7cbbbaab9999b46 - - default default] 10.0.0.228 "GET /v2.0/ports?device_id=1fbee5c7-f6b1-4a3b-93fb-36fee8d595bc HTTP/1.1" status: 200 len: 210 time: 0.0266523
2026-03-31 06:08:04.216 9 INFO neutron.wsgi [None req-54930cb1-4963-4cb7-90ff-486ca48ffcde 6d83ba6935a546a0a36ed34131936659 c5ad7ca27f894f6d9432691fa861a376 - - default default] 10.0.0.150 "POST /v2.0/security-groups HTTP/1.1" status: 201 len: 1861 time: 0.2354555
2026-03-31 06:08:04.228 9 WARNING neutron_lib.context [None req-d3f96466-1b40-47b9-9949-3ab7dbb40d4d 6d83ba6935a546a0a36ed34131936659 c5ad7ca27f894f6d9432691fa861a376 - - default default] Method 'is_advsvc' is deprecated since 2023.2 release (neutron-lib 3.8.0) and will be removed once support for the old RBAC API policies will be removed from Neutron. Please use method 'is_service_role' instead.
2026-03-31 06:08:04.272 10 INFO neutron.wsgi [req-dab56396-c769-4fea-a929-b36d8a5914bf req-8be17394-2e78-47d9-950f-e850945ab420 69610550cd2e41eb8b022bc7e687ac55 58d5fc54e9c14e44b7cbbbaab9999b46 - - default default] 199.204.45.250 "GET /v2.0/security-groups?fields=id&fields=name&tenant_id=58d5fc54e9c14e44b7cbbbaab9999b46 HTTP/1.1" status: 200 len: 380 time: 0.0706828
2026-03-31 06:08:04.302 10 WARNING neutron_lib.context [req-dab56396-c769-4fea-a929-b36d8a5914bf req-ae11f091-0221-4d29-b638-d7d926bd37ab 69610550cd2e41eb8b022bc7e687ac55 58d5fc54e9c14e44b7cbbbaab9999b46 - - default default] Method 'is_advsvc' is deprecated since 2023.2 release (neutron-lib 3.8.0) and will be removed once support for the old RBAC API policies will be removed from Neutron. Please use method 'is_service_role' instead.
2026-03-31 06:08:04.390 9 INFO neutron.db.ovn_revision_numbers_db [None req-d3f96466-1b40-47b9-9949-3ab7dbb40d4d 6d83ba6935a546a0a36ed34131936659 c5ad7ca27f894f6d9432691fa861a376 - - default default] Successfully bumped revision number for resource 1fc05ff6-e099-4a9b-88b7-eb78ce530c0f (type: security_group_rules) to 0
2026-03-31 06:08:04.424 9 INFO neutron.wsgi [None req-d3f96466-1b40-47b9-9949-3ab7dbb40d4d 6d83ba6935a546a0a36ed34131936659 c5ad7ca27f894f6d9432691fa861a376 - - default default] 10.0.0.150 "POST /v2.0/security-group-rules HTTP/1.1" status: 201 len: 796 time: 0.2013454
2026-03-31 06:08:04.434 9 WARNING neutron_lib.context [None req-71be2328-f905-4122-9a88-1ecabd9d9b8d 6d83ba6935a546a0a36ed34131936659 c5ad7ca27f894f6d9432691fa861a376 - - default default] Method 'is_advsvc' is deprecated since 2023.2 release (neutron-lib 3.8.0) and will be removed once support for the old RBAC API policies will be removed from Neutron. Please use method 'is_service_role' instead.
2026-03-31 06:08:04.621 9 INFO neutron.db.ovn_revision_numbers_db [None req-71be2328-f905-4122-9a88-1ecabd9d9b8d 6d83ba6935a546a0a36ed34131936659 c5ad7ca27f894f6d9432691fa861a376 - - default default] Successfully bumped revision number for resource 5cafbb49-26a9-41a3-90ae-ef8cddd1e983 (type: security_group_rules) to 0
2026-03-31 06:08:04.650 9 INFO neutron.wsgi [-] 10.0.0.158 "GET / HTTP/1.1" status: 200 len: 247 time: 0.0013180
2026-03-31 06:08:04.651 9 INFO neutron.wsgi [-] 10.0.0.158 "GET / HTTP/1.1" status: 200 len: 247 time: 0.0011067
2026-03-31 06:08:04.665 9 INFO neutron.wsgi [None req-71be2328-f905-4122-9a88-1ecabd9d9b8d 6d83ba6935a546a0a36ed34131936659 c5ad7ca27f894f6d9432691fa861a376 - - default default] 10.0.0.150 "POST /v2.0/security-group-rules HTTP/1.1" status: 201 len: 801 time: 0.2358522
2026-03-31 06:08:04.677 9 WARNING neutron_lib.context [None req-5d0a407d-8b0f-4a67-92c3-9baa08613175 6d83ba6935a546a0a36ed34131936659 c5ad7ca27f894f6d9432691fa861a376 - - default default] Method 'is_advsvc' is deprecated since 2023.2 release (neutron-lib 3.8.0) and will be removed once support for the old RBAC API policies will be removed from Neutron. Please use method 'is_service_role' instead.
2026-03-31 06:08:05.021 10 WARNING neutron.scheduler.dhcp_agent_scheduler [req-dab56396-c769-4fea-a929-b36d8a5914bf req-ae11f091-0221-4d29-b638-d7d926bd37ab 69610550cd2e41eb8b022bc7e687ac55 58d5fc54e9c14e44b7cbbbaab9999b46 - - default default] No more DHCP agents
2026-03-31 06:08:05.029 10 WARNING neutron.api.rpc.agentnotifiers.dhcp_rpc_agent_api [req-dab56396-c769-4fea-a929-b36d8a5914bf req-ae11f091-0221-4d29-b638-d7d926bd37ab 69610550cd2e41eb8b022bc7e687ac55 58d5fc54e9c14e44b7cbbbaab9999b46 - - default default] Unable to schedule network d8beb6f2-1f95-4832-bb2a-53dc9f429288: no agents available; will retry on subsequent port and subnet creation events.
2026-03-31 06:08:05.045 9 INFO neutron.wsgi [req-49576ddb-75e3-4146-a31e-7ac59bd73d40 req-c25d1a1b-492a-4ec3-a423-ea6beb23614d 5bd6bb55ff884fd3866b48fd90732954 f5880e1a408c428c8ccd78c24cafa305 - - default default] 199.204.45.250 "GET /v2.0/networks?id=0ebbc608-0eb7-415e-b068-2d8332368dcd HTTP/1.1" status: 200 len: 882 time: 0.0905085
2026-03-31 06:08:05.132 9 INFO neutron.wsgi [req-4a1dd6ab-96c7-442c-82c8-7674c85aa88d req-83c97b6d-1992-4e80-a6bd-94d492628672 5bd6bb55ff884fd3866b48fd90732954 f5880e1a408c428c8ccd78c24cafa305 - - default default] 10.0.0.228 "GET /v2.0/ports?device_id=901af89a-d132-43f2-b2fa-b762921f83a6 HTTP/1.1" status: 200 len: 210 time: 0.0452497
2026-03-31 06:08:05.138 9 INFO neutron.wsgi [req-49576ddb-75e3-4146-a31e-7ac59bd73d40 req-4f273e5c-09ce-4658-aeca-dafcd3ddd6f7 5bd6bb55ff884fd3866b48fd90732954 f5880e1a408c428c8ccd78c24cafa305 - - default default] 199.204.45.250 "GET /v2.0/security-groups?fields=id&fields=name&tenant_id=f5880e1a408c428c8ccd78c24cafa305 HTTP/1.1" status: 200 len: 380 time: 0.0821736
2026-03-31 06:08:05.155 9 WARNING neutron_lib.context [req-49576ddb-75e3-4146-a31e-7ac59bd73d40 req-3d1cbba8-a002-412a-baa2-152a8db48aee 5bd6bb55ff884fd3866b48fd90732954 f5880e1a408c428c8ccd78c24cafa305 - - default default] Method 'is_advsvc' is deprecated since 2023.2 release (neutron-lib 3.8.0) and will be removed once support for the old RBAC API policies will be removed from Neutron. Please use method 'is_service_role' instead.
2026-03-31 06:08:05.243 9 WARNING neutron.scheduler.dhcp_agent_scheduler [None req-5d0a407d-8b0f-4a67-92c3-9baa08613175 6d83ba6935a546a0a36ed34131936659 c5ad7ca27f894f6d9432691fa861a376 - - default default] No more DHCP agents
2026-03-31 06:08:05.247 10 INFO neutron.db.ovn_revision_numbers_db [req-dab56396-c769-4fea-a929-b36d8a5914bf req-ae11f091-0221-4d29-b638-d7d926bd37ab 69610550cd2e41eb8b022bc7e687ac55 58d5fc54e9c14e44b7cbbbaab9999b46 - - default default] Successfully bumped revision number for resource d2726988-a2e4-4a2d-95b1-867a2acc1378 (type: ports) to 1
2026-03-31 06:08:05.249 9 WARNING neutron.api.rpc.agentnotifiers.dhcp_rpc_agent_api [None req-5d0a407d-8b0f-4a67-92c3-9baa08613175 6d83ba6935a546a0a36ed34131936659 c5ad7ca27f894f6d9432691fa861a376 - - default default] Unable to schedule network a06480ad-20a5-4a4c-9e66-78b05aafe665: no agents available; will retry on subsequent port and subnet creation events. /var/lib/openstack/lib/python3.10/site-packages/pycadf/identifier.py:71: UserWarning: Invalid uuid: neutron. To ensure interoperability, identifiers should be a valid uuid. warnings.warn(('Invalid uuid: %s. To ensure interoperability, '
2026-03-31 06:08:05.308 10 INFO neutron.wsgi [req-dab56396-c769-4fea-a929-b36d8a5914bf req-ae11f091-0221-4d29-b638-d7d926bd37ab 69610550cd2e41eb8b022bc7e687ac55 58d5fc54e9c14e44b7cbbbaab9999b46 - - default default] 199.204.45.250 "POST /v2.0/ports HTTP/1.1" status: 201 len: 1162 time: 1.0294766
2026-03-31 06:08:05.320 10 INFO neutron.wsgi [req-dab56396-c769-4fea-a929-b36d8a5914bf req-78f70b70-5bdc-4488-8e3d-ecdcd0968422 69610550cd2e41eb8b022bc7e687ac55 58d5fc54e9c14e44b7cbbbaab9999b46 - - default default] 199.204.45.250 "GET /v2.0/extensions HTTP/1.1" status: 200 len: 18683 time: 0.0098937
2026-03-31 06:08:05.332 10 INFO neutron.wsgi [req-b863e88f-e468-446d-ac3d-912bb5d4360d req-5fc2e751-b069-463f-970b-b3ad9b8daa4f 69610550cd2e41eb8b022bc7e687ac55 58d5fc54e9c14e44b7cbbbaab9999b46 - - default default] 10.0.0.228 "GET /v2.0/ports?device_id=1fbee5c7-f6b1-4a3b-93fb-36fee8d595bc HTTP/1.1" status: 200 len: 1160 time: 0.0707147
2026-03-31 06:08:05.397 10 INFO neutron.wsgi [req-b863e88f-e468-446d-ac3d-912bb5d4360d req-b7c6c25d-1200-4a27-a3e4-321545d23f89 69610550cd2e41eb8b022bc7e687ac55 58d5fc54e9c14e44b7cbbbaab9999b46 - - default default] 10.0.0.228 "GET /v2.0/security-groups?id=2e132f21-3bc5-46e8-a561-e930749a6afe&fields=id&fields=name HTTP/1.1" status: 200 len: 313 time: 0.0436954
2026-03-31 06:08:05.840 10 INFO neutron.wsgi [None req-7ce568e1-fdf9-4eca-bf0c-b0817a2f2a8a 805bb2134d174bffb3dd348f04c0a4bc ea3b4cf9758c4a568bbbbb89a380be48 - - default default] 10.0.0.150 "PUT /v2.0/routers/97f09812-1102-4b75-a14e-ca16560145b0/remove_router_interface HTTP/1.1" status: 200 len: 503 time: 2.1768787 /var/lib/openstack/lib/python3.10/site-packages/pycadf/identifier.py:71: UserWarning: Invalid uuid: neutron. To ensure interoperability, identifiers should be a valid uuid. warnings.warn(('Invalid uuid: %s. To ensure interoperability, '
2026-03-31 06:08:05.854 9 WARNING neutron.scheduler.dhcp_agent_scheduler [req-49576ddb-75e3-4146-a31e-7ac59bd73d40 req-3d1cbba8-a002-412a-baa2-152a8db48aee 5bd6bb55ff884fd3866b48fd90732954 f5880e1a408c428c8ccd78c24cafa305 - - default default] No more DHCP agents
2026-03-31 06:08:05.857 9 WARNING neutron.api.rpc.agentnotifiers.dhcp_rpc_agent_api [req-49576ddb-75e3-4146-a31e-7ac59bd73d40 req-3d1cbba8-a002-412a-baa2-152a8db48aee 5bd6bb55ff884fd3866b48fd90732954 f5880e1a408c428c8ccd78c24cafa305 - - default default] Unable to schedule network 0ebbc608-0eb7-415e-b068-2d8332368dcd: no agents available; will retry on subsequent port and subnet creation events.
2026-03-31 06:08:05.953 9 INFO neutron.wsgi [None req-5d0a407d-8b0f-4a67-92c3-9baa08613175 6d83ba6935a546a0a36ed34131936659 c5ad7ca27f894f6d9432691fa861a376 - - default default] 10.0.0.150 "POST /v2.0/floatingips HTTP/1.1" status: 201 len: 751 time: 1.2824454
2026-03-31 06:08:06.159 9 INFO neutron.db.ovn_revision_numbers_db [req-49576ddb-75e3-4146-a31e-7ac59bd73d40 req-3d1cbba8-a002-412a-baa2-152a8db48aee 5bd6bb55ff884fd3866b48fd90732954 f5880e1a408c428c8ccd78c24cafa305 - - default default] Successfully bumped revision number for resource 00c1d42b-e8a7-46be-ac07-a926f40e357b (type: ports) to 1
2026-03-31 06:08:06.187 9 INFO neutron.wsgi [req-49576ddb-75e3-4146-a31e-7ac59bd73d40 req-3d1cbba8-a002-412a-baa2-152a8db48aee 5bd6bb55ff884fd3866b48fd90732954 f5880e1a408c428c8ccd78c24cafa305 - - default default] 199.204.45.250 "POST /v2.0/ports HTTP/1.1" status: 201 len: 1158 time: 1.0376387 /var/lib/openstack/lib/python3.10/site-packages/pycadf/identifier.py:71: UserWarning: Invalid uuid: neutron. To ensure interoperability, identifiers should be a valid uuid. warnings.warn(('Invalid uuid: %s. To ensure interoperability, '
2026-03-31 06:08:06.281 10 INFO neutron.db.ovn_revision_numbers_db [req-dab56396-c769-4fea-a929-b36d8a5914bf req-7c94ea0c-6be4-45dd-b2ad-ab5479e4a86c 2484bc5e18394fd5807c4e9c6c01aa83 46d00126e9f84abe9169fc548c5482d3 - - 3bfaaca3c24a4c16a7fd45009453a68a 3bfaaca3c24a4c16a7fd45009453a68a] Successfully bumped revision number for resource d2726988-a2e4-4a2d-95b1-867a2acc1378 (type: ports) to 2
2026-03-31 06:08:06.294 9 INFO neutron.wsgi [req-de9c9e1e-7d95-4ee4-bf98-452ea9d0aae9 req-e3500fd8-a168-4bee-aafd-d3084f2df5bd 5bd6bb55ff884fd3866b48fd90732954 f5880e1a408c428c8ccd78c24cafa305 - - default default] 10.0.0.228 "GET /v2.0/ports?device_id=901af89a-d132-43f2-b2fa-b762921f83a6 HTTP/1.1" status: 200 len: 1156 time: 0.0809472
2026-03-31 06:08:06.375 9 INFO neutron.wsgi [req-de9c9e1e-7d95-4ee4-bf98-452ea9d0aae9 req-7a0985af-658e-4836-8e1d-404c16ab77b3 5bd6bb55ff884fd3866b48fd90732954 f5880e1a408c428c8ccd78c24cafa305 - - default default] 10.0.0.228 "GET /v2.0/security-groups?id=4c4ed061-0fc4-4953-bc24-f68891f9f979&fields=id&fields=name HTTP/1.1" status: 200 len: 313 time: 0.0729384 /var/lib/openstack/lib/python3.10/site-packages/pycadf/identifier.py:71: UserWarning: Invalid uuid: neutron. To ensure interoperability, identifiers should be a valid uuid. warnings.warn(('Invalid uuid: %s. To ensure interoperability, '
2026-03-31 06:08:06.527 10 INFO neutron.db.ovn_revision_numbers_db [req-dab56396-c769-4fea-a929-b36d8a5914bf req-7c94ea0c-6be4-45dd-b2ad-ab5479e4a86c 2484bc5e18394fd5807c4e9c6c01aa83 46d00126e9f84abe9169fc548c5482d3 - - 3bfaaca3c24a4c16a7fd45009453a68a 3bfaaca3c24a4c16a7fd45009453a68a] Successfully bumped revision number for resource d2726988-a2e4-4a2d-95b1-867a2acc1378 (type: ports) to 2
2026-03-31 06:08:06.537 10 INFO neutron.wsgi [req-d26780c5-2a46-49a9-8a9f-9e4616d3e975 req-2a5c157d-66f6-4a66-bb6e-e532e611e98d 69610550cd2e41eb8b022bc7e687ac55 58d5fc54e9c14e44b7cbbbaab9999b46 - - default default] 10.0.0.228 "GET /v2.0/ports?device_id=1fbee5c7-f6b1-4a3b-93fb-36fee8d595bc HTTP/1.1" status: 200 len: 1172 time: 0.0409236
2026-03-31 06:08:06.565 10 INFO neutron.wsgi [req-dab56396-c769-4fea-a929-b36d8a5914bf req-7c94ea0c-6be4-45dd-b2ad-ab5479e4a86c 2484bc5e18394fd5807c4e9c6c01aa83 46d00126e9f84abe9169fc548c5482d3 - - 3bfaaca3c24a4c16a7fd45009453a68a 3bfaaca3c24a4c16a7fd45009453a68a] 199.204.45.250 "PUT /v2.0/ports/d2726988-a2e4-4a2d-95b1-867a2acc1378 HTTP/1.1" status: 200 len: 1380 time: 0.8780282
2026-03-31 06:08:06.630 10 INFO neutron.wsgi [req-d26780c5-2a46-49a9-8a9f-9e4616d3e975 req-a6f617ef-d89a-4f42-a5b0-bb8debb8b9c0 69610550cd2e41eb8b022bc7e687ac55 58d5fc54e9c14e44b7cbbbaab9999b46 - - default default] 10.0.0.228 "GET /v2.0/security-groups?id=2e132f21-3bc5-46e8-a561-e930749a6afe&fields=id&fields=name HTTP/1.1" status: 200 len: 313 time: 0.0838721
2026-03-31 06:08:06.685 10 INFO neutron.wsgi [req-dab56396-c769-4fea-a929-b36d8a5914bf req-2dfce224-b396-40e3-8fd3-ad7086cc72f3 2484bc5e18394fd5807c4e9c6c01aa83 46d00126e9f84abe9169fc548c5482d3 - - 3bfaaca3c24a4c16a7fd45009453a68a 3bfaaca3c24a4c16a7fd45009453a68a] 199.204.45.250 "GET /v2.0/ports?tenant_id=58d5fc54e9c14e44b7cbbbaab9999b46&device_id=1fbee5c7-f6b1-4a3b-93fb-36fee8d595bc HTTP/1.1" status: 200 len: 1411 time: 0.0732992
2026-03-31 06:08:06.723 10 INFO neutron.wsgi [req-dab56396-c769-4fea-a929-b36d8a5914bf req-3013f45e-2228-40ac-93bd-1ff160b75a5a 2484bc5e18394fd5807c4e9c6c01aa83 46d00126e9f84abe9169fc548c5482d3 - - 3bfaaca3c24a4c16a7fd45009453a68a 3bfaaca3c24a4c16a7fd45009453a68a] 199.204.45.250 "GET /v2.0/floatingips?fixed_ip_address=10.100.0.10&port_id=d2726988-a2e4-4a2d-95b1-867a2acc1378 HTTP/1.1" status: 200 len: 217 time: 0.0326281
2026-03-31 06:08:06.774 10 INFO neutron.wsgi [req-dab56396-c769-4fea-a929-b36d8a5914bf req-64f72279-4212-4777-8c29-0dd8e559a219 2484bc5e18394fd5807c4e9c6c01aa83 46d00126e9f84abe9169fc548c5482d3 - - 3bfaaca3c24a4c16a7fd45009453a68a 3bfaaca3c24a4c16a7fd45009453a68a] 199.204.45.250 "GET /v2.0/subnets?id=93399acf-b112-47ad-a65e-950f9e0edb42 HTTP/1.1" status: 200 len: 862 time: 0.0424302
2026-03-31 06:08:06.874 10 INFO neutron.wsgi [req-dab56396-c769-4fea-a929-b36d8a5914bf req-b2c710f2-8663-40bc-a92a-d1b6ce8500f9 2484bc5e18394fd5807c4e9c6c01aa83 46d00126e9f84abe9169fc548c5482d3 - - 3bfaaca3c24a4c16a7fd45009453a68a 3bfaaca3c24a4c16a7fd45009453a68a] 199.204.45.250 "GET /v2.0/ports?network_id=d8beb6f2-1f95-4832-bb2a-53dc9f429288&device_owner=network%3Adhcp HTTP/1.1" status: 200 len: 210 time: 0.0335562
2026-03-31 06:08:06.934 9 INFO neutron.db.ovn_revision_numbers_db [req-49576ddb-75e3-4146-a31e-7ac59bd73d40 req-39b050da-e3e1-4dcd-ac81-2bbfc865810f 2484bc5e18394fd5807c4e9c6c01aa83 46d00126e9f84abe9169fc548c5482d3 - - 3bfaaca3c24a4c16a7fd45009453a68a 3bfaaca3c24a4c16a7fd45009453a68a] Successfully bumped revision number for resource 00c1d42b-e8a7-46be-ac07-a926f40e357b (type: ports) to 2
2026-03-31 06:08:06.971 10 INFO neutron.wsgi [req-dab56396-c769-4fea-a929-b36d8a5914bf req-73b7c333-441e-4379-9066-e685318bbdef 2484bc5e18394fd5807c4e9c6c01aa83 46d00126e9f84abe9169fc548c5482d3 - - 3bfaaca3c24a4c16a7fd45009453a68a 3bfaaca3c24a4c16a7fd45009453a68a] 199.204.45.250 "GET /v2.0/networks/d8beb6f2-1f95-4832-bb2a-53dc9f429288?fields=segments HTTP/1.1" status: 200 len: 212 time: 0.0709569
2026-03-31 06:08:07.036 10 INFO neutron.notifiers.nova [-] Nova event matching ['req-a40cc711-9e67-4ebe-981a-fe8d26e3e594'] response: {'name': 'network-changed', 'server_uuid': '1fbee5c7-f6b1-4a3b-93fb-36fee8d595bc', 'tag': 'd2726988-a2e4-4a2d-95b1-867a2acc1378', 'status': 'completed', 'code': 200}
2026-03-31 06:08:07.047 10 INFO neutron.wsgi [req-dab56396-c769-4fea-a929-b36d8a5914bf req-ce32f5e0-b0d5-460c-91d4-f48962d55cfc 2484bc5e18394fd5807c4e9c6c01aa83 46d00126e9f84abe9169fc548c5482d3 - - 3bfaaca3c24a4c16a7fd45009453a68a 3bfaaca3c24a4c16a7fd45009453a68a] 199.204.45.250 "GET /v2.0/networks/d8beb6f2-1f95-4832-bb2a-53dc9f429288?fields=provider%3Aphysical_network&fields=provider%3Anetwork_type HTTP/1.1" status: 200 len: 277 time: 0.0682051
2026-03-31 06:08:07.144 10 INFO neutron.wsgi [req-1c447858-dcf9-44dc-ae17-72d413e1646e req-08785395-4e85-4b5b-9f89-c93ac8f880e7 2484bc5e18394fd5807c4e9c6c01aa83 46d00126e9f84abe9169fc548c5482d3 - - 3bfaaca3c24a4c16a7fd45009453a68a 3bfaaca3c24a4c16a7fd45009453a68a] 199.204.45.250 "GET /v2.0/ports?tenant_id=58d5fc54e9c14e44b7cbbbaab9999b46&device_id=1fbee5c7-f6b1-4a3b-93fb-36fee8d595bc HTTP/1.1" status: 200 len: 1411 time: 0.0395389
2026-03-31 06:08:07.336 9 INFO neutron.wsgi [None req-aecd9bf5-065b-4af7-8b1f-caa5729e43df 805bb2134d174bffb3dd348f04c0a4bc ea3b4cf9758c4a568bbbbb89a380be48 - - default default] 10.0.0.150 "DELETE /v2.0/routers/97f09812-1102-4b75-a14e-ca16560145b0 HTTP/1.1" status: 204 len: 168 time: 1.4894917
2026-03-31 06:08:07.350 9 INFO neutron.db.ovn_revision_numbers_db [req-49576ddb-75e3-4146-a31e-7ac59bd73d40 req-39b050da-e3e1-4dcd-ac81-2bbfc865810f 2484bc5e18394fd5807c4e9c6c01aa83 46d00126e9f84abe9169fc548c5482d3 - - 3bfaaca3c24a4c16a7fd45009453a68a 3bfaaca3c24a4c16a7fd45009453a68a] Successfully bumped revision number for resource 00c1d42b-e8a7-46be-ac07-a926f40e357b (type: ports) to 2
2026-03-31 06:08:07.372 9 INFO neutron.wsgi [req-49576ddb-75e3-4146-a31e-7ac59bd73d40 req-39b050da-e3e1-4dcd-ac81-2bbfc865810f 2484bc5e18394fd5807c4e9c6c01aa83 46d00126e9f84abe9169fc548c5482d3 - - 3bfaaca3c24a4c16a7fd45009453a68a 3bfaaca3c24a4c16a7fd45009453a68a] 199.204.45.250 "PUT /v2.0/ports/00c1d42b-e8a7-46be-ac07-a926f40e357b HTTP/1.1" status: 200 len: 1376 time: 1.1671646
2026-03-31 06:08:07.406 10 INFO neutron.wsgi [req-1c447858-dcf9-44dc-ae17-72d413e1646e req-87310cac-ea81-442c-bdc7-924ee609223a 2484bc5e18394fd5807c4e9c6c01aa83 46d00126e9f84abe9169fc548c5482d3 - - 3bfaaca3c24a4c16a7fd45009453a68a 3bfaaca3c24a4c16a7fd45009453a68a] 199.204.45.250 "GET /v2.0/networks?id=d8beb6f2-1f95-4832-bb2a-53dc9f429288 HTTP/1.1" status: 200 len: 967 time: 0.1437056 /var/lib/openstack/lib/python3.10/site-packages/pycadf/identifier.py:71: UserWarning: Invalid uuid: neutron. To ensure interoperability, identifiers should be a valid uuid. warnings.warn(('Invalid uuid: %s. To ensure interoperability, '
2026-03-31 06:08:07.461 10 INFO neutron.wsgi [req-1c447858-dcf9-44dc-ae17-72d413e1646e req-01389b0d-f4a8-4ff7-a3bb-379b42626354 2484bc5e18394fd5807c4e9c6c01aa83 46d00126e9f84abe9169fc548c5482d3 - - 3bfaaca3c24a4c16a7fd45009453a68a 3bfaaca3c24a4c16a7fd45009453a68a] 199.204.45.250 "GET /v2.0/floatingips?fixed_ip_address=10.100.0.10&port_id=d2726988-a2e4-4a2d-95b1-867a2acc1378 HTTP/1.1" status: 200 len: 217 time: 0.0475669
2026-03-31 06:08:07.477 9 INFO neutron.wsgi [req-49576ddb-75e3-4146-a31e-7ac59bd73d40 req-be3c23f6-b030-4d67-bb00-a99eb94e84b3 2484bc5e18394fd5807c4e9c6c01aa83 46d00126e9f84abe9169fc548c5482d3 - - 3bfaaca3c24a4c16a7fd45009453a68a 3bfaaca3c24a4c16a7fd45009453a68a] 199.204.45.250 "GET /v2.0/ports?tenant_id=f5880e1a408c428c8ccd78c24cafa305&device_id=901af89a-d132-43f2-b2fa-b762921f83a6 HTTP/1.1" status: 200 len: 1407 time: 0.0595546
2026-03-31 06:08:07.513 9 INFO neutron.wsgi [req-49576ddb-75e3-4146-a31e-7ac59bd73d40 req-dd013c71-0c67-44a6-a272-49799ee830f6 2484bc5e18394fd5807c4e9c6c01aa83 46d00126e9f84abe9169fc548c5482d3 - - 3bfaaca3c24a4c16a7fd45009453a68a 3bfaaca3c24a4c16a7fd45009453a68a] 199.204.45.250 "GET /v2.0/floatingips?fixed_ip_address=10.100.0.3&port_id=00c1d42b-e8a7-46be-ac07-a926f40e357b HTTP/1.1" status: 200 len: 217 time: 0.0303552
2026-03-31 06:08:07.529 10 INFO neutron.wsgi [req-1c447858-dcf9-44dc-ae17-72d413e1646e req-e17c978b-804f-4e48-99a4-853911d8aa98 2484bc5e18394fd5807c4e9c6c01aa83 46d00126e9f84abe9169fc548c5482d3 - - 3bfaaca3c24a4c16a7fd45009453a68a 3bfaaca3c24a4c16a7fd45009453a68a] 199.204.45.250 "GET /v2.0/subnets?id=93399acf-b112-47ad-a65e-950f9e0edb42 HTTP/1.1" status: 200 len: 862 time: 0.0619292
2026-03-31 06:08:07.563 9 INFO neutron.wsgi [req-49576ddb-75e3-4146-a31e-7ac59bd73d40 req-dcde7712-3c49-4d96-bcec-290fb283bdc7 2484bc5e18394fd5807c4e9c6c01aa83 46d00126e9f84abe9169fc548c5482d3 - - 3bfaaca3c24a4c16a7fd45009453a68a 3bfaaca3c24a4c16a7fd45009453a68a] 199.204.45.250 "GET /v2.0/subnets?id=54a4236c-80dd-48f9-ba83-2c5f7c844f23 HTTP/1.1" status: 200 len: 876 time: 0.0417664
2026-03-31 06:08:07.570 10 INFO neutron.wsgi [req-1c447858-dcf9-44dc-ae17-72d413e1646e req-34fa05ec-e592-4b3e-8c1e-9146624c46e9 2484bc5e18394fd5807c4e9c6c01aa83 46d00126e9f84abe9169fc548c5482d3 - - 3bfaaca3c24a4c16a7fd45009453a68a 3bfaaca3c24a4c16a7fd45009453a68a] 199.204.45.250 "GET /v2.0/ports?network_id=d8beb6f2-1f95-4832-bb2a-53dc9f429288&device_owner=network%3Adhcp HTTP/1.1" status: 200 len: 210 time: 0.0326316
2026-03-31 06:08:07.616 9 INFO neutron.wsgi [req-49576ddb-75e3-4146-a31e-7ac59bd73d40 req-d62829ee-d3d0-46c8-bca7-58acf1001a52 2484bc5e18394fd5807c4e9c6c01aa83 46d00126e9f84abe9169fc548c5482d3 - - 3bfaaca3c24a4c16a7fd45009453a68a 3bfaaca3c24a4c16a7fd45009453a68a] 199.204.45.250 "GET /v2.0/ports?network_id=0ebbc608-0eb7-415e-b068-2d8332368dcd&device_owner=network%3Adhcp HTTP/1.1" status: 200 len: 210 time: 0.0394821
2026-03-31 06:08:07.675 9 INFO neutron.wsgi [req-49576ddb-75e3-4146-a31e-7ac59bd73d40 req-705d330c-b9eb-429f-8ecb-e373a0b0e3b7 2484bc5e18394fd5807c4e9c6c01aa83 46d00126e9f84abe9169fc548c5482d3 - - 3bfaaca3c24a4c16a7fd45009453a68a 3bfaaca3c24a4c16a7fd45009453a68a] 199.204.45.250 "GET /v2.0/networks/0ebbc608-0eb7-415e-b068-2d8332368dcd?fields=segments HTTP/1.1" status: 200 len: 212 time: 0.0542533
2026-03-31 06:08:07.810 9 INFO neutron.wsgi [req-49576ddb-75e3-4146-a31e-7ac59bd73d40 req-f680b4d3-9622-4b31-a815-94d8e7f2398d 2484bc5e18394fd5807c4e9c6c01aa83 46d00126e9f84abe9169fc548c5482d3 - - 3bfaaca3c24a4c16a7fd45009453a68a 3bfaaca3c24a4c16a7fd45009453a68a] 199.204.45.250 "GET /v2.0/networks/0ebbc608-0eb7-415e-b068-2d8332368dcd?fields=provider%3Aphysical_network&fields=provider%3Anetwork_type HTTP/1.1" status: 200 len: 277 time: 0.1274889
2026-03-31 06:08:07.829 9 INFO neutron.wsgi [req-5ee05bf4-5b83-4321-95e0-6ca94350e9c5 req-976bdf32-adbc-4206-9603-156fe559e225 69610550cd2e41eb8b022bc7e687ac55 58d5fc54e9c14e44b7cbbbaab9999b46 - - default default] 10.0.0.228 "GET /v2.0/ports?device_id=1fbee5c7-f6b1-4a3b-93fb-36fee8d595bc HTTP/1.1" status: 200 len: 1172 time: 0.1319506
2026-03-31 06:08:07.876 10 INFO neutron.wsgi [req-61ab2a16-c79c-43fd-b02d-9fc0ae157d60 req-630fb26d-0936-4104-929f-156556c0c48d 5bd6bb55ff884fd3866b48fd90732954 f5880e1a408c428c8ccd78c24cafa305 - - default default] 10.0.0.228 "GET /v2.0/ports?device_id=901af89a-d132-43f2-b2fa-b762921f83a6 HTTP/1.1" status: 200 len: 1168 time: 0.4149315
2026-03-31 06:08:07.878 9 INFO neutron.wsgi [req-5ee05bf4-5b83-4321-95e0-6ca94350e9c5 req-bbc8eca9-aa2b-4c0f-bedb-e0328f33da16 69610550cd2e41eb8b022bc7e687ac55 58d5fc54e9c14e44b7cbbbaab9999b46 - - default default] 10.0.0.228 "GET /v2.0/security-groups?id=2e132f21-3bc5-46e8-a561-e930749a6afe&fields=id&fields=name HTTP/1.1" status: 200 len: 313 time: 0.0432193
2026-03-31 06:08:07.913 10 INFO neutron.wsgi [req-1c447858-dcf9-44dc-ae17-72d413e1646e req-6445182a-7488-409e-be79-722f06454c13 2484bc5e18394fd5807c4e9c6c01aa83 46d00126e9f84abe9169fc548c5482d3 - - 3bfaaca3c24a4c16a7fd45009453a68a 3bfaaca3c24a4c16a7fd45009453a68a] 199.204.45.250 "GET /v2.0/networks/d8beb6f2-1f95-4832-bb2a-53dc9f429288?fields=segments HTTP/1.1" status: 200 len: 212 time: 0.3365080
2026-03-31 06:08:07.968 10 INFO neutron.wsgi [req-61ab2a16-c79c-43fd-b02d-9fc0ae157d60 req-e4f5e230-7dca-4fee-bba5-386a4670e15a 5bd6bb55ff884fd3866b48fd90732954 f5880e1a408c428c8ccd78c24cafa305 - - default default] 10.0.0.228 "GET /v2.0/security-groups?id=4c4ed061-0fc4-4953-bc24-f68891f9f979&fields=id&fields=name HTTP/1.1" status: 200 len: 313 time: 0.0802321
2026-03-31 06:08:07.977 9 INFO neutron.notifiers.nova [-] Nova event matching ['req-9e1fbba7-c969-455e-956f-e3d2e247fc3d'] response: {'name': 'network-changed', 'server_uuid': '901af89a-d132-43f2-b2fa-b762921f83a6', 'tag': '00c1d42b-e8a7-46be-ac07-a926f40e357b', 'status': 'completed', 'code': 200}
2026-03-31 06:08:08.009 10 INFO neutron.wsgi [None req-9a7d7cf9-a344-49b9-9711-63e6faabc934 805bb2134d174bffb3dd348f04c0a4bc ea3b4cf9758c4a568bbbbb89a380be48 - - default default] 10.0.0.150 "DELETE /v2.0/subnets/d12fc8be-36a8-4f4c-bd43-bf219bd822f9 HTTP/1.1" status: 204 len: 168 time: 0.6619394
2026-03-31 06:08:08.013 10 INFO neutron.wsgi [req-1c447858-dcf9-44dc-ae17-72d413e1646e req-c21de1f9-6763-4297-86bb-f13707525eca 2484bc5e18394fd5807c4e9c6c01aa83 46d00126e9f84abe9169fc548c5482d3 - - 3bfaaca3c24a4c16a7fd45009453a68a 3bfaaca3c24a4c16a7fd45009453a68a] 199.204.45.250 "GET /v2.0/networks/d8beb6f2-1f95-4832-bb2a-53dc9f429288?fields=provider%3Aphysical_network&fields=provider%3Anetwork_type HTTP/1.1" status: 200 len: 277 time: 0.0928483
2026-03-31 06:08:08.048 9 INFO neutron.wsgi [req-c0aca034-66f6-40ca-b592-5bf904ab9f7d req-da193aff-d860-4cd3-9bc0-15ae53d8dd8a 2484bc5e18394fd5807c4e9c6c01aa83 46d00126e9f84abe9169fc548c5482d3 - - 3bfaaca3c24a4c16a7fd45009453a68a 3bfaaca3c24a4c16a7fd45009453a68a] 199.204.45.250 "GET /v2.0/ports?tenant_id=f5880e1a408c428c8ccd78c24cafa305&device_id=901af89a-d132-43f2-b2fa-b762921f83a6 HTTP/1.1" status: 200 len: 1407 time: 0.0506058
2026-03-31 06:08:08.093 9 WARNING neutron.plugins.ml2.drivers.ovn.mech_driver.ovsdb.ovn_client [None req-030bbb55-b044-41b5-b59e-7f1ab0a84184 - - - - - -] No port found with ID 2a334444-5459-4cc9-90b8-2a864926a014: RuntimeError: No port found with ID 2a334444-5459-4cc9-90b8-2a864926a014
2026-03-31 06:08:08.093 9 INFO neutron.plugins.ml2.drivers.ovn.mech_driver.mech_driver [None req-030bbb55-b044-41b5-b59e-7f1ab0a84184 - - - - - -] OVN reports status up for port: ba62af4e-c416-4b9c-9257-bc1394601888
2026-03-31 06:08:08.104 9 INFO neutron.plugins.ml2.plugin [None req-030bbb55-b044-41b5-b59e-7f1ab0a84184 - - - - - -] Attempt 1 to provision port ba62af4e-c416-4b9c-9257-bc1394601888
2026-03-31 06:08:08.149 9 INFO neutron.wsgi [req-c0aca034-66f6-40ca-b592-5bf904ab9f7d req-ad05cd1f-8c0b-4bda-b533-02665968070b 2484bc5e18394fd5807c4e9c6c01aa83 46d00126e9f84abe9169fc548c5482d3 - - 3bfaaca3c24a4c16a7fd45009453a68a 3bfaaca3c24a4c16a7fd45009453a68a] 199.204.45.250 "GET /v2.0/networks?id=0ebbc608-0eb7-415e-b068-2d8332368dcd HTTP/1.1" status: 200 len: 981 time: 0.0939708
2026-03-31 06:08:08.184 9 INFO neutron.wsgi [req-c0aca034-66f6-40ca-b592-5bf904ab9f7d req-8d8e8efd-67e2-47e4-bf77-00e0f54d9a17 2484bc5e18394fd5807c4e9c6c01aa83 46d00126e9f84abe9169fc548c5482d3 - - 3bfaaca3c24a4c16a7fd45009453a68a 3bfaaca3c24a4c16a7fd45009453a68a] 199.204.45.250 "GET /v2.0/floatingips?fixed_ip_address=10.100.0.3&port_id=00c1d42b-e8a7-46be-ac07-a926f40e357b HTTP/1.1" status: 200 len: 217 time: 0.0278342
2026-03-31 06:08:08.234 9 INFO neutron.wsgi [req-c0aca034-66f6-40ca-b592-5bf904ab9f7d req-2dc5086d-f693-4a32-8fcb-97514d982a01 2484bc5e18394fd5807c4e9c6c01aa83 46d00126e9f84abe9169fc548c5482d3 - - 3bfaaca3c24a4c16a7fd45009453a68a 3bfaaca3c24a4c16a7fd45009453a68a] 199.204.45.250 "GET /v2.0/subnets?id=54a4236c-80dd-48f9-ba83-2c5f7c844f23 HTTP/1.1" status: 200 len: 876 time: 0.0435598
2026-03-31 06:08:08.263 9 INFO neutron.wsgi [req-c0aca034-66f6-40ca-b592-5bf904ab9f7d req-e5d6784f-7976-4872-b79a-0fe1cda576e8 2484bc5e18394fd5807c4e9c6c01aa83 46d00126e9f84abe9169fc548c5482d3 - - 3bfaaca3c24a4c16a7fd45009453a68a 3bfaaca3c24a4c16a7fd45009453a68a] 199.204.45.250 "GET /v2.0/ports?network_id=0ebbc608-0eb7-415e-b068-2d8332368dcd&device_owner=network%3Adhcp HTTP/1.1" status: 200 len: 210 time: 0.0240510
2026-03-31 06:08:08.381 9 INFO neutron.wsgi [req-c0aca034-66f6-40ca-b592-5bf904ab9f7d req-c1195d08-341c-473a-9dc5-b928a33076c8 2484bc5e18394fd5807c4e9c6c01aa83 46d00126e9f84abe9169fc548c5482d3 - - 3bfaaca3c24a4c16a7fd45009453a68a 3bfaaca3c24a4c16a7fd45009453a68a] 199.204.45.250 "GET /v2.0/networks/0ebbc608-0eb7-415e-b068-2d8332368dcd?fields=segments HTTP/1.1" status: 200 len: 212 time: 0.1112192
2026-03-31 06:08:08.479 9 INFO neutron.wsgi [req-c0aca034-66f6-40ca-b592-5bf904ab9f7d req-03e62e0f-8e14-4d73-8f97-f609efb829d4 2484bc5e18394fd5807c4e9c6c01aa83 46d00126e9f84abe9169fc548c5482d3 - - 3bfaaca3c24a4c16a7fd45009453a68a 3bfaaca3c24a4c16a7fd45009453a68a] 199.204.45.250 "GET /v2.0/networks/0ebbc608-0eb7-415e-b068-2d8332368dcd?fields=provider%3Aphysical_network&fields=provider%3Anetwork_type HTTP/1.1" status: 200 len: 277 time: 0.0762873
2026-03-31 06:08:08.542 10 INFO neutron.wsgi [None req-6f2c50bb-098c-4b42-95e6-72611495004a 805bb2134d174bffb3dd348f04c0a4bc ea3b4cf9758c4a568bbbbb89a380be48 - - default default] 10.0.0.150 "DELETE /v2.0/networks/61e58301-ec23-4e13-85aa-cb0a953be3cc HTTP/1.1" status: 204 len: 168 time: 0.5216801
2026-03-31 06:08:08.703 10 INFO neutron.wsgi [None req-17e4e7ee-307b-4e3a-b0b5-8361206f4e03 805bb2134d174bffb3dd348f04c0a4bc ea3b4cf9758c4a568bbbbb89a380be48 - - default default] 10.0.0.150 "GET /v2.0/security-groups?tenant_id=c0f41b1cddae42c3be37e695e48ffc41&name=default HTTP/1.1" status: 200 len: 3116 time: 0.0451131
2026-03-31 06:08:08.934 9 INFO neutron.db.ovn_revision_numbers_db [None req-030bbb55-b044-41b5-b59e-7f1ab0a84184 - - - - - -] Successfully bumped revision number for resource ba62af4e-c416-4b9c-9257-bc1394601888 (type: ports) to 2
2026-03-31 06:08:08.967 10 INFO neutron.wsgi [None req-b84ac492-4855-4df4-a736-d50030c05b5d 805bb2134d174bffb3dd348f04c0a4bc ea3b4cf9758c4a568bbbbb89a380be48 - - default default] 10.0.0.150 "DELETE /v2.0/security-groups/1de0daae-5b8a-43f2-bde3-2ec415b491ed HTTP/1.1" status: 204 len: 168 time: 0.2577171
2026-03-31 06:08:09.015 10 INFO neutron.services.segments.plugin [-] Segment 223120cf-9eb8-4481-8c2e-78a6dd96d8bf resource provider aggregate not found
2026-03-31 06:08:09.022 10 INFO neutron.services.segments.plugin [-] Segment 223120cf-9eb8-4481-8c2e-78a6dd96d8bf resource provider aggregate not found
2026-03-31 06:08:09.022 9 INFO neutron.wsgi [req-354d876a-1d7d-40df-bc4e-4ea8034fc60b req-c2a05646-c15d-4ce7-9b9f-f279d49730e2 69610550cd2e41eb8b022bc7e687ac55 58d5fc54e9c14e44b7cbbbaab9999b46 - - default default] 10.0.0.228 "GET /v2.0/ports?device_id=1fbee5c7-f6b1-4a3b-93fb-36fee8d595bc HTTP/1.1" status: 200 len: 1172 time: 0.0760264
2026-03-31 06:08:09.035 10 INFO neutron.services.segments.plugin [-] Segment 223120cf-9eb8-4481-8c2e-78a6dd96d8bf resource provider not found; error: Placement Client Error (4xx): {"errors": [{"status": 404, "title": "Not Found", "detail": "The resource could not be found.\n\n No resource provider with uuid 223120cf-9eb8-4481-8c2e-78a6dd96d8bf found for delete ", "request_id": "req-d4fb046d-ab48-4547-8d4f-23d1f39a37ed"}]}
2026-03-31 06:08:09.052 10 INFO neutron.services.segments.plugin [-] Segment 223120cf-9eb8-4481-8c2e-78a6dd96d8bf resource provider not found; error: Placement Client Error (4xx): {"errors": [{"status": 404, "title": "Not Found", "detail": "The resource could not be found.\n\n No resource provider with uuid 223120cf-9eb8-4481-8c2e-78a6dd96d8bf found for delete ", "request_id": "req-02482359-c5d2-4d6d-aa5c-8cae95161dc9"}]}
2026-03-31 06:08:09.081 9 INFO neutron.wsgi [req-354d876a-1d7d-40df-bc4e-4ea8034fc60b req-d52f9e7c-cee1-4773-9444-ae5efb7d82e6 69610550cd2e41eb8b022bc7e687ac55 58d5fc54e9c14e44b7cbbbaab9999b46 - - default default] 10.0.0.228 "GET /v2.0/security-groups?id=2e132f21-3bc5-46e8-a561-e930749a6afe&fields=id&fields=name HTTP/1.1" status: 200 len: 313 time: 0.0494773
2026-03-31 06:08:09.099 10 INFO neutron.wsgi [req-04d4b509-bb51-42c3-a9ce-036d8e71d784 req-8a9d602b-7c10-492b-81e6-8ed641a4119b 5bd6bb55ff884fd3866b48fd90732954 f5880e1a408c428c8ccd78c24cafa305 - - default default] 10.0.0.228 "GET /v2.0/ports?device_id=901af89a-d132-43f2-b2fa-b762921f83a6 HTTP/1.1" status: 200 len: 1168 time: 0.0595770
2026-03-31 06:08:09.120 9 INFO neutron.db.ovn_revision_numbers_db [None req-030bbb55-b044-41b5-b59e-7f1ab0a84184 - - - - - -] Successfully bumped revision number for resource ba62af4e-c416-4b9c-9257-bc1394601888 (type: router_ports) to 2
2026-03-31 06:08:09.147 10 INFO neutron.wsgi [req-04d4b509-bb51-42c3-a9ce-036d8e71d784 req-50956394-7721-49aa-9198-8b96dfab845c 5bd6bb55ff884fd3866b48fd90732954 f5880e1a408c428c8ccd78c24cafa305 - - default default] 10.0.0.228 "GET /v2.0/security-groups?id=4c4ed061-0fc4-4953-bc24-f68891f9f979&fields=id&fields=name HTTP/1.1" status: 200 len: 313 time: 0.0400062
2026-03-31 06:08:10.188 9 INFO neutron.wsgi [req-26b6260c-20c4-49aa-a049-65d6bb037eb6 req-84f1c599-7b95-4f8a-b3f7-7f893be366a5 69610550cd2e41eb8b022bc7e687ac55 58d5fc54e9c14e44b7cbbbaab9999b46 - - default default] 10.0.0.228 "GET /v2.0/ports?device_id=1fbee5c7-f6b1-4a3b-93fb-36fee8d595bc HTTP/1.1" status: 200 len: 1172 time: 0.0441458
2026-03-31 06:08:10.246 9 INFO neutron.wsgi [req-26b6260c-20c4-49aa-a049-65d6bb037eb6 req-b80c511b-e627-4da7-a081-16a829b0ffa9 69610550cd2e41eb8b022bc7e687ac55 58d5fc54e9c14e44b7cbbbaab9999b46 - - default default] 10.0.0.228 "GET /v2.0/security-groups?id=2e132f21-3bc5-46e8-a561-e930749a6afe&fields=id&fields=name HTTP/1.1" status: 200 len: 313 time: 0.0507004
2026-03-31 06:08:10.258 10 INFO neutron.wsgi [req-1050deae-be19-40b1-9490-450e220bc2e7 req-19c767f4-cf1c-4170-b4e5-346e36e84c5e 5bd6bb55ff884fd3866b48fd90732954 f5880e1a408c428c8ccd78c24cafa305 - - default default] 10.0.0.228 "GET /v2.0/ports?device_id=901af89a-d132-43f2-b2fa-b762921f83a6 HTTP/1.1" status: 200 len: 1168 time: 0.0509310
2026-03-31 06:08:10.313 10 INFO neutron.wsgi [req-1050deae-be19-40b1-9490-450e220bc2e7 req-b52889c1-3c57-4720-b971-4c0de66b1122 5bd6bb55ff884fd3866b48fd90732954 f5880e1a408c428c8ccd78c24cafa305 - - default default] 10.0.0.228 "GET /v2.0/security-groups?id=4c4ed061-0fc4-4953-bc24-f68891f9f979&fields=id&fields=name HTTP/1.1" status: 200 len: 313 time: 0.0476029
2026-03-31 06:08:10.652 9 INFO neutron.wsgi [req-539d6004-16d8-41cb-bc41-9c4061ab785e req-a0e2a8a6-a2c1-4015-aeb0-5c82f8c952e4 6d83ba6935a546a0a36ed34131936659 c5ad7ca27f894f6d9432691fa861a376 - - default default] 10.0.0.228 "GET /v2.0/security-groups?name=tempest-securitygroup--1358418394&fields=id&tenant_id=c5ad7ca27f894f6d9432691fa861a376 HTTP/1.1" status: 200 len: 267 time: 0.0539412
2026-03-31 06:08:10.722 9 INFO neutron.wsgi [req-539d6004-16d8-41cb-bc41-9c4061ab785e req-72a053ad-acd6-4442-b5a4-979c8a57f699 6d83ba6935a546a0a36ed34131936659 c5ad7ca27f894f6d9432691fa861a376 - - default default] 10.0.0.228 "GET /v2.0/networks?id=d86ca93c-d777-4343-9afd-4d1e42b95db6 HTTP/1.1" status: 200 len: 878 time: 0.0616918
2026-03-31 06:08:10.746 9 INFO neutron.wsgi [req-539d6004-16d8-41cb-bc41-9c4061ab785e req-0edb7d6d-9ed7-4c37-90a6-59ad364842a3 6d83ba6935a546a0a36ed34131936659 c5ad7ca27f894f6d9432691fa861a376 - - default default] 10.0.0.228 "GET /v2.0/quotas/c5ad7ca27f894f6d9432691fa861a376 HTTP/1.1" status: 200 len: 491 time: 0.0177155
2026-03-31 06:08:10.845 9 INFO neutron.wsgi [req-539d6004-16d8-41cb-bc41-9c4061ab785e req-69963d49-9e1f-4294-8d8b-92bca92d0b14 6d83ba6935a546a0a36ed34131936659 c5ad7ca27f894f6d9432691fa861a376 - - default default] 10.0.0.228 "GET /v2.0/ports?tenant_id=c5ad7ca27f894f6d9432691fa861a376&fields=id HTTP/1.1" status: 200 len: 302 time: 0.0909317
2026-03-31 06:08:10.926 9 INFO neutron.wsgi [req-539d6004-16d8-41cb-bc41-9c4061ab785e req-12c83f4f-f3f8-4706-8ce2-b2615d59f9fa 2484bc5e18394fd5807c4e9c6c01aa83 46d00126e9f84abe9169fc548c5482d3 - - 3bfaaca3c24a4c16a7fd45009453a68a 3bfaaca3c24a4c16a7fd45009453a68a] 10.0.0.228 "GET /v2.0/networks/d86ca93c-d777-4343-9afd-4d1e42b95db6?fields=segments HTTP/1.1" status: 200 len: 212 time: 0.0682771
2026-03-31 06:08:10.999 9 INFO neutron.wsgi [req-539d6004-16d8-41cb-bc41-9c4061ab785e req-37996311-dbf7-4387-ba00-8129e0f10593 2484bc5e18394fd5807c4e9c6c01aa83 46d00126e9f84abe9169fc548c5482d3 - - 3bfaaca3c24a4c16a7fd45009453a68a 3bfaaca3c24a4c16a7fd45009453a68a] 10.0.0.228 "GET /v2.0/networks/d86ca93c-d777-4343-9afd-4d1e42b95db6?fields=provider%3Aphysical_network&fields=provider%3Anetwork_type HTTP/1.1" status: 200 len: 277 time: 0.0673258
2026-03-31 06:08:11.190 10 INFO neutron.db.ovn_revision_numbers_db [None req-a293251f-6d51-486d-a866-a449f4ec2ecc 805bb2134d174bffb3dd348f04c0a4bc ea3b4cf9758c4a568bbbbb89a380be48 - - default default] Successfully bumped revision number for resource 451ee8f1-e888-440c-992e-e19cb6e21df2 (type: security_groups) to 1
2026-03-31 06:08:11.202 10 INFO neutron.db.ovn_revision_numbers_db [None req-a293251f-6d51-486d-a866-a449f4ec2ecc 805bb2134d174bffb3dd348f04c0a4bc ea3b4cf9758c4a568bbbbb89a380be48 - - default default] Successfully bumped revision number for resource 3920a8c4-c1cf-495a-9a0f-146956540e84 (type: security_group_rules) to 0
2026-03-31 06:08:11.215 10 INFO neutron.db.ovn_revision_numbers_db [None req-a293251f-6d51-486d-a866-a449f4ec2ecc 805bb2134d174bffb3dd348f04c0a4bc ea3b4cf9758c4a568bbbbb89a380be48 - - default default] Successfully bumped revision number for resource 68e869fb-e37e-4333-94a3-0582494e4e85 (type: security_group_rules) to 0
2026-03-31 06:08:11.229 10 INFO neutron.db.ovn_revision_numbers_db [None req-a293251f-6d51-486d-a866-a449f4ec2ecc 805bb2134d174bffb3dd348f04c0a4bc ea3b4cf9758c4a568bbbbb89a380be48 - - default default] Successfully bumped revision number for resource b0554484-9b83-4d7a-bb7b-d69c13720af2 (type: security_group_rules) to 0
2026-03-31 06:08:11.241 10 INFO neutron.db.ovn_revision_numbers_db [None req-a293251f-6d51-486d-a866-a449f4ec2ecc 805bb2134d174bffb3dd348f04c0a4bc ea3b4cf9758c4a568bbbbb89a380be48 - - default default] Successfully bumped revision number for resource c271adad-1668-461a-a68b-27b93c43e734 (type: security_group_rules) to 0
2026-03-31 06:08:11.291 10 INFO neutron.db.segments_db [None req-a293251f-6d51-486d-a866-a449f4ec2ecc 805bb2134d174bffb3dd348f04c0a4bc ea3b4cf9758c4a568bbbbb89a380be48 - - default default] Added segment 12a8e32d-ace2-4594-8a30-3f10831f2e32 of type geneve for network 4e5d42ae-fd57-47ab-bf08-38a1fd8c36c6
2026-03-31 06:08:11.326 10 INFO neutron.wsgi [req-3206101e-2217-4337-b366-c37b77eecbd8 req-a0af52a1-80dd-4438-8ef2-ff92dcbb4937 6d83ba6935a546a0a36ed34131936659 c5ad7ca27f894f6d9432691fa861a376 - - default default] 10.0.0.228 "GET /v2.0/ports?device_id=876f27c0-ca21-4f3d-8089-ec0b73e9371c HTTP/1.1" status: 200 len: 210 time: 0.0365255
2026-03-31 06:08:11.355 9 INFO neutron.wsgi [req-9f9c0ba0-f1e9-46e7-851f-c40905604cf5 req-bb9f63ee-0352-4048-bcfe-2de2886bb661 69610550cd2e41eb8b022bc7e687ac55 58d5fc54e9c14e44b7cbbbaab9999b46 - - default default] 10.0.0.228 "GET /v2.0/ports?device_id=1fbee5c7-f6b1-4a3b-93fb-36fee8d595bc HTTP/1.1" status: 200 len: 1172 time: 0.0470369
2026-03-31 06:08:11.412 9 INFO neutron.wsgi [req-9f9c0ba0-f1e9-46e7-851f-c40905604cf5 req-60f7367b-69c5-4d02-abee-702b0f572d9d 69610550cd2e41eb8b022bc7e687ac55 58d5fc54e9c14e44b7cbbbaab9999b46 - - default default] 10.0.0.228 "GET /v2.0/security-groups?id=2e132f21-3bc5-46e8-a561-e930749a6afe&fields=id&fields=name HTTP/1.1" status: 200 len: 313 time: 0.0480735
2026-03-31 06:08:11.468 10 INFO neutron.wsgi [req-6fc9a0f0-95d1-4cc2-98ce-dbd8d9fde8b2 req-24082089-6474-4172-92f2-fbfaeea684d8 5bd6bb55ff884fd3866b48fd90732954 f5880e1a408c428c8ccd78c24cafa305 - - default default] 10.0.0.228 "GET /v2.0/ports?device_id=901af89a-d132-43f2-b2fa-b762921f83a6 HTTP/1.1" status: 200 len: 1168 time: 0.0856185
2026-03-31 06:08:11.506 10 INFO neutron.db.ovn_revision_numbers_db [None req-a293251f-6d51-486d-a866-a449f4ec2ecc 805bb2134d174bffb3dd348f04c0a4bc ea3b4cf9758c4a568bbbbb89a380be48 - - default default] Successfully bumped revision number for resource 4e5d42ae-fd57-47ab-bf08-38a1fd8c36c6 (type: networks) to 1
