2026-03-31 06:11:07.977 10 INFO neutron.wsgi [None req-acfce7dd-0f3a-4671-9ca0-dedcbdc2b086 3edf3022998f445696e0ac7b12b82050 7c7c9f17dce742e28f6737ef484f487f - - default default] 10.0.0.150 "POST /v2.0/subnetpools HTTP/1.1" status: 201 len: 715 time: 0.2480969
2026-03-31 06:11:07.988 10 WARNING neutron_lib.context [None req-5965e59f-9268-4fbd-aaf0-52579a779a8e 3edf3022998f445696e0ac7b12b82050 7c7c9f17dce742e28f6737ef484f487f - - default default] Method 'is_advsvc' is deprecated since 2023.2 release (neutron-lib 3.8.0) and will be removed once support for the old RBAC API policies will be removed from Neutron. Please use method 'is_service_role' instead.
2026-03-31 06:11:08.071 10 INFO neutron.wsgi [req-e2a0722c-7064-47cd-8837-a685b161bcaf req-76fe67b2-cb49-49a2-924f-dc642d243d62 2484bc5e18394fd5807c4e9c6c01aa83 46d00126e9f84abe9169fc548c5482d3 - - 3bfaaca3c24a4c16a7fd45009453a68a 3bfaaca3c24a4c16a7fd45009453a68a] 199.204.45.250 "GET /v2.0/networks?id=77d7603f-c7a5-431f-b1c7-422d7071014c HTTP/1.1" status: 200 len: 958 time: 0.0897868
2026-03-31 06:11:08.086 10 INFO neutron.wsgi [None req-5965e59f-9268-4fbd-aaf0-52579a779a8e 3edf3022998f445696e0ac7b12b82050 7c7c9f17dce742e28f6737ef484f487f - - default default] 10.0.0.150 "POST /v2.0/subnetpools HTTP/1.1" status: 201 len: 715 time: 0.1031597
2026-03-31 06:11:08.097 9 WARNING neutron_lib.context [None req-7b6653af-07a0-4458-aa8b-ccd4011037bc 3edf3022998f445696e0ac7b12b82050 7c7c9f17dce742e28f6737ef484f487f - - default default] Method 'is_advsvc' is deprecated since 2023.2 release (neutron-lib 3.8.0) and will be removed once support for the old RBAC API policies will be removed from Neutron. Please use method 'is_service_role' instead.
2026-03-31 06:11:08.144 10 INFO neutron.wsgi [req-e2a0722c-7064-47cd-8837-a685b161bcaf req-8576667e-7f5f-476e-a40f-d1ee958a30e2 2484bc5e18394fd5807c4e9c6c01aa83 46d00126e9f84abe9169fc548c5482d3 - - 3bfaaca3c24a4c16a7fd45009453a68a 3bfaaca3c24a4c16a7fd45009453a68a] 199.204.45.250 "GET /v2.0/floatingips?fixed_ip_address=10.100.0.11&port_id=4666497c-718e-4fce-bf3b-331a564dd42d HTTP/1.1" status: 200 len: 1060 time: 0.0664461
2026-03-31 06:11:08.187 10 INFO neutron.wsgi [req-e2a0722c-7064-47cd-8837-a685b161bcaf req-472c0364-5fde-431f-8bb0-c10a6a6ae7f8 2484bc5e18394fd5807c4e9c6c01aa83 46d00126e9f84abe9169fc548c5482d3 - - 3bfaaca3c24a4c16a7fd45009453a68a 3bfaaca3c24a4c16a7fd45009453a68a] 199.204.45.250 "GET /v2.0/subnets?id=cafb6ac1-271b-4453-903a-14c07117a161 HTTP/1.1" status: 200 len: 853 time: 0.0348213
2026-03-31 06:11:08.214 9 INFO neutron.wsgi [None req-7b6653af-07a0-4458-aa8b-ccd4011037bc 3edf3022998f445696e0ac7b12b82050 7c7c9f17dce742e28f6737ef484f487f - - default default] 10.0.0.150 "POST /v2.0/subnetpools HTTP/1.1" status: 201 len: 715 time: 0.1217864
2026-03-31 06:11:08.221 10 INFO neutron.wsgi [req-e2a0722c-7064-47cd-8837-a685b161bcaf req-250bf239-adc6-4e1b-929e-e950b1f7db58 2484bc5e18394fd5807c4e9c6c01aa83 46d00126e9f84abe9169fc548c5482d3 - - 3bfaaca3c24a4c16a7fd45009453a68a 3bfaaca3c24a4c16a7fd45009453a68a] 199.204.45.250 "GET /v2.0/ports?network_id=77d7603f-c7a5-431f-b1c7-422d7071014c&device_owner=network%3Adhcp HTTP/1.1" status: 200 len: 210 time: 0.0263689
2026-03-31 06:11:08.222 9 WARNING neutron_lib.context [None req-2ad489c0-e51d-4653-857d-61da3459a254 3edf3022998f445696e0ac7b12b82050 7c7c9f17dce742e28f6737ef484f487f - - default default] Method 'is_advsvc' is deprecated since 2023.2 release (neutron-lib 3.8.0) and will be removed once support for the old RBAC API policies will be removed from Neutron. Please use method 'is_service_role' instead.
2026-03-31 06:11:08.274 9 INFO neutron.wsgi [None req-2ad489c0-e51d-4653-857d-61da3459a254 3edf3022998f445696e0ac7b12b82050 7c7c9f17dce742e28f6737ef484f487f - - default default] 10.0.0.150 "POST /v2.0/subnetpools HTTP/1.1" status: 201 len: 715 time: 0.0560751
2026-03-31 06:11:08.283 9 WARNING neutron_lib.context [None req-11f0f538-8c2f-4dd4-9698-64c67b3f3979 3edf3022998f445696e0ac7b12b82050 7c7c9f17dce742e28f6737ef484f487f - - default default] Method 'is_advsvc' is deprecated since 2023.2 release (neutron-lib 3.8.0) and will be removed once support for the old RBAC API policies will be removed from Neutron. Please use method 'is_service_role' instead.
2026-03-31 06:11:08.296 10 INFO neutron.wsgi [req-e2a0722c-7064-47cd-8837-a685b161bcaf req-9586baed-0fa7-46a5-8e5b-be5b199c8402 2484bc5e18394fd5807c4e9c6c01aa83 46d00126e9f84abe9169fc548c5482d3 - - 3bfaaca3c24a4c16a7fd45009453a68a 3bfaaca3c24a4c16a7fd45009453a68a] 199.204.45.250 "GET /v2.0/networks/77d7603f-c7a5-431f-b1c7-422d7071014c?fields=segments HTTP/1.1" status: 200 len: 212 time: 0.0664053
2026-03-31 06:11:08.329 9 INFO neutron.wsgi [None req-11f0f538-8c2f-4dd4-9698-64c67b3f3979 3edf3022998f445696e0ac7b12b82050 7c7c9f17dce742e28f6737ef484f487f - - default default] 10.0.0.150 "POST /v2.0/subnetpools HTTP/1.1" status: 201 len: 715 time: 0.0506914
2026-03-31 06:11:08.376 9 INFO neutron.wsgi [None req-e96edc1f-eab5-4262-8da3-7de47705a8a6 3edf3022998f445696e0ac7b12b82050 7c7c9f17dce742e28f6737ef484f487f - - default default] 10.0.0.150 "PUT /v2.0/subnetpools/a1488b54-31b5-4029-9eeb-d2b112f22ab8/tags HTTP/1.1" status: 200 len: 210 time: 0.0417340
2026-03-31 06:11:08.392 10 INFO neutron.wsgi [req-e2a0722c-7064-47cd-8837-a685b161bcaf req-ec5cc189-9297-4fa7-849e-a10592913b60 2484bc5e18394fd5807c4e9c6c01aa83 46d00126e9f84abe9169fc548c5482d3 - - 3bfaaca3c24a4c16a7fd45009453a68a 3bfaaca3c24a4c16a7fd45009453a68a] 199.204.45.250 "GET /v2.0/networks/77d7603f-c7a5-431f-b1c7-422d7071014c?fields=provider%3Aphysical_network&fields=provider%3Anetwork_type HTTP/1.1" status: 200 len: 277 time: 0.0861371
2026-03-31 06:11:08.408 9 INFO neutron.wsgi [None req-6b775b30-4565-4b6d-8938-d4768bd90abc 3edf3022998f445696e0ac7b12b82050 7c7c9f17dce742e28f6737ef484f487f - - default default] 10.0.0.150 "PUT /v2.0/subnetpools/52438637-2161-4d23-9c7a-afa131bb5d72/tags HTTP/1.1" status: 200 len: 218 time: 0.0269530
2026-03-31 06:11:08.459 9 INFO neutron.wsgi [None req-4c1df117-cfbc-4e97-9ee8-4751bd84a92a 3edf3022998f445696e0ac7b12b82050 7c7c9f17dce742e28f6737ef484f487f - - default default] 10.0.0.150 "PUT /v2.0/subnetpools/a90f67b8-65ae-4f84-bb7b-0795b9184138/tags HTTP/1.1" status: 200 len: 227 time: 0.0385730
2026-03-31 06:11:08.502 9 INFO neutron.wsgi [None req-b29c38af-495a-45fa-9881-60f64ede7398 3edf3022998f445696e0ac7b12b82050 7c7c9f17dce742e28f6737ef484f487f - - default default] 10.0.0.150 "PUT /v2.0/subnetpools/19b86395-c670-45b7-867f-d9b72ea29988/tags HTTP/1.1" status: 200 len: 212 time: 0.0340548
2026-03-31 06:11:08.540 10 INFO neutron.wsgi [None req-7877decb-b033-4eeb-b755-90c45f46298b 3edf3022998f445696e0ac7b12b82050 7c7c9f17dce742e28f6737ef484f487f - - default default] 10.0.0.150 "GET /v2.0/subnetpools?tags=red HTTP/1.1" status: 200 len: 1758 time: 0.0319233
2026-03-31 06:11:08.583 10 INFO neutron.wsgi [None req-e811074b-0a67-4711-ae86-375e682b767f 3edf3022998f445696e0ac7b12b82050 7c7c9f17dce742e28f6737ef484f487f - - default default] 10.0.0.150 "GET /v2.0/subnetpools?tags=red%2Cblue HTTP/1.1" status: 200 len: 1251 time: 0.0330639
2026-03-31 06:11:08.633 10 INFO neutron.wsgi [None req-1dada0cc-7c5b-4f97-a9d7-7652c2ab6099 3edf3022998f445696e0ac7b12b82050 7c7c9f17dce742e28f6737ef484f487f - - default default] 10.0.0.150 "GET /v2.0/subnetpools?tags-any=blue HTTP/1.1" status: 200 len: 1251 time: 0.0454259
2026-03-31 06:11:08.664 10 INFO neutron.wsgi [None req-627b24f9-f6f9-4301-ad67-11327e7ae785 3edf3022998f445696e0ac7b12b82050 7c7c9f17dce742e28f6737ef484f487f - - default default] 10.0.0.150 "GET /v2.0/subnetpools?tags-any=red%2Cblue HTTP/1.1" status: 200 len: 1758 time: 0.0260899
2026-03-31 06:11:08.713 10 INFO neutron.wsgi [None req-09ba88d8-453d-405c-b143-e8b544964ddd 3edf3022998f445696e0ac7b12b82050 7c7c9f17dce742e28f6737ef484f487f - - default default] 10.0.0.150 "GET /v2.0/subnetpools?not-tags=red HTTP/1.1" status: 200 len: 1223 time: 0.0443881
2026-03-31 06:11:08.760 9 INFO neutron.wsgi [None req-31fc42ca-e79c-44b6-83ed-93e5c0cc1aa0 3edf3022998f445696e0ac7b12b82050 7c7c9f17dce742e28f6737ef484f487f - - default default] 10.0.0.150 "GET /v2.0/subnetpools?not-tags=red%2Cblue HTTP/1.1" status: 200 len: 1730 time: 0.0295341
2026-03-31 06:11:08.801 9 INFO neutron.wsgi [None req-0abf2953-515b-4297-a131-6b08fb6ced4e 3edf3022998f445696e0ac7b12b82050 7c7c9f17dce742e28f6737ef484f487f - - default default] 10.0.0.150 "GET /v2.0/subnetpools?not-tags-any=blue HTTP/1.1" status: 200 len: 1730 time: 0.0342259
2026-03-31 06:11:08.831 9 INFO neutron.wsgi [None req-e8e97691-825e-473d-9f63-d4baaf6d3731 3edf3022998f445696e0ac7b12b82050 7c7c9f17dce742e28f6737ef484f487f - - default default] 10.0.0.150 "GET /v2.0/subnetpools?not-tags-any=red%2Cblue HTTP/1.1" status: 200 len: 1223 time: 0.0250874
2026-03-31 06:11:08.919 10 INFO neutron.wsgi [None req-59225465-7338-4606-b790-560906a9820e 3edf3022998f445696e0ac7b12b82050 7c7c9f17dce742e28f6737ef484f487f - - default default] 10.0.0.150 "DELETE /v2.0/subnetpools/a1488b54-31b5-4029-9eeb-d2b112f22ab8 HTTP/1.1" status: 204 len: 168 time: 0.0781412
2026-03-31 06:11:08.994 10 INFO neutron.wsgi [None req-00535bf4-6115-48fd-b10c-cd04258c0706 3edf3022998f445696e0ac7b12b82050 7c7c9f17dce742e28f6737ef484f487f - - default default] 10.0.0.150 "DELETE /v2.0/subnetpools/52438637-2161-4d23-9c7a-afa131bb5d72 HTTP/1.1" status: 204 len: 168 time: 0.0690081
2026-03-31 06:11:09.073 10 INFO neutron.wsgi [None req-b7c89df4-74cf-4f6d-89a7-04d9ef303015 3edf3022998f445696e0ac7b12b82050 7c7c9f17dce742e28f6737ef484f487f - - default default] 10.0.0.150 "DELETE /v2.0/subnetpools/a90f67b8-65ae-4f84-bb7b-0795b9184138 HTTP/1.1" status: 204 len: 168 time: 0.0700912
2026-03-31 06:11:09.141 10 INFO neutron.wsgi [None req-8b7f762d-a535-4d68-9b2b-75cea7e95ed7 3edf3022998f445696e0ac7b12b82050 7c7c9f17dce742e28f6737ef484f487f - - default default] 10.0.0.150 "DELETE /v2.0/subnetpools/19b86395-c670-45b7-867f-d9b72ea29988 HTTP/1.1" status: 204 len: 168 time: 0.0610385
2026-03-31 06:11:09.233 10 INFO neutron.wsgi [None req-151cbb6c-4512-4b18-b8fa-3c02b2a7614d 3edf3022998f445696e0ac7b12b82050 7c7c9f17dce742e28f6737ef484f487f - - default default] 10.0.0.150 "DELETE /v2.0/subnetpools/1006c568-d42c-481c-a566-a21798ca128d HTTP/1.1" status: 204 len: 168 time: 0.0859425
2026-03-31 06:11:09.625 10 WARNING neutron_lib.context [None req-43b753db-fe59-4048-ad02-a7183ba6465d ef5b2f963f184a0399156ccb35c5dcc1 c5859ce2b7184197af92bacecb714f4a - - default default] Method 'is_advsvc' is deprecated since 2023.2 release (neutron-lib 3.8.0) and will be removed once support for the old RBAC API policies will be removed from Neutron. Please use method 'is_service_role' instead.
2026-03-31 06:11:09.676 10 INFO neutron.wsgi [None req-43b753db-fe59-4048-ad02-a7183ba6465d ef5b2f963f184a0399156ccb35c5dcc1 c5859ce2b7184197af92bacecb714f4a - - default default] 10.0.0.150 "POST /v2.0/subnetpools HTTP/1.1" status: 201 len: 748 time: 0.2761161
2026-03-31 06:11:09.701 10 INFO neutron.wsgi [None req-8acc3a02-fa50-444a-826b-51b8184c3c3e ef5b2f963f184a0399156ccb35c5dcc1 c5859ce2b7184197af92bacecb714f4a - - default default] 10.0.0.150 "GET /v2.0/subnetpools/15f53f89-c8b1-4cf7-a7b5-b9fb397e2ed3 HTTP/1.1" status: 200 len: 743 time: 0.0196404
2026-03-31 06:11:09.784 10 INFO neutron.wsgi [None req-7249bbe5-dd2b-4fab-ad79-5727598b46b1 ef5b2f963f184a0399156ccb35c5dcc1 c5859ce2b7184197af92bacecb714f4a - - default default] 10.0.0.150 "PUT /v2.0/subnetpools/15f53f89-c8b1-4cf7-a7b5-b9fb397e2ed3 HTTP/1.1" status: 200 len: 694 time: 0.0766904
2026-03-31 06:11:09.841 10 INFO neutron.wsgi [None req-f0d8bdda-6986-4ef1-9868-a8669214b5dc ef5b2f963f184a0399156ccb35c5dcc1 c5859ce2b7184197af92bacecb714f4a - - default default] 10.0.0.150 "DELETE /v2.0/subnetpools/15f53f89-c8b1-4cf7-a7b5-b9fb397e2ed3 HTTP/1.1" status: 204 len: 168 time: 0.0520391
2026-03-31 06:11:09.858 10 INFO neutron.api.v2.resource [None req-f9bc1363-4e0c-4968-8cc0-63f2fa4f5f72 ef5b2f963f184a0399156ccb35c5dcc1 c5859ce2b7184197af92bacecb714f4a - - default default] show failed (client error): The resource could not be found.
2026-03-31 06:11:09.860 10 INFO neutron.wsgi [None req-f9bc1363-4e0c-4968-8cc0-63f2fa4f5f72 ef5b2f963f184a0399156ccb35c5dcc1 c5859ce2b7184197af92bacecb714f4a - - default default] 10.0.0.150 "GET /v2.0/subnetpools/15f53f89-c8b1-4cf7-a7b5-b9fb397e2ed3 HTTP/1.1" status: 404 len: 346 time: 0.0136008
2026-03-31 06:11:09.879 9 INFO neutron.api.v2.resource [None req-b6fc4531-1906-4a77-8df5-82dc77fb1a01 ef5b2f963f184a0399156ccb35c5dcc1 c5859ce2b7184197af92bacecb714f4a - - default default] delete failed (client error): The resource could not be found.
2026-03-31 06:11:09.880 9 INFO neutron.wsgi [None req-b6fc4531-1906-4a77-8df5-82dc77fb1a01 ef5b2f963f184a0399156ccb35c5dcc1 c5859ce2b7184197af92bacecb714f4a - - default default] 10.0.0.150 "DELETE /v2.0/subnetpools/15f53f89-c8b1-4cf7-a7b5-b9fb397e2ed3 HTTP/1.1" status: 404 len: 346 time: 0.0158105
2026-03-31 06:11:10.508 9 INFO neutron.db.ovn_revision_numbers_db [None req-8571ebee-4acb-429e-a2dc-0c00a5ee8173 805bb2134d174bffb3dd348f04c0a4bc ea3b4cf9758c4a568bbbbb89a380be48 - - default default] Successfully bumped revision number for resource c3074de0-4ec1-4aa8-ad29-bd890b0adbc9 (type: security_groups) to 1
2026-03-31 06:11:10.528 9 INFO neutron.db.ovn_revision_numbers_db [None req-8571ebee-4acb-429e-a2dc-0c00a5ee8173 805bb2134d174bffb3dd348f04c0a4bc ea3b4cf9758c4a568bbbbb89a380be48 - - default default] Successfully bumped revision number for resource 1c1b93da-a7fc-474e-a84c-3afc85b5a944 (type: security_group_rules) to 0
2026-03-31 06:11:10.547 9 INFO neutron.db.ovn_revision_numbers_db [None req-8571ebee-4acb-429e-a2dc-0c00a5ee8173 805bb2134d174bffb3dd348f04c0a4bc ea3b4cf9758c4a568bbbbb89a380be48 - - default default] Successfully bumped revision number for resource 40ff2ca4-2fc2-4d40-a78b-2a2487942f2a (type: security_group_rules) to 0
2026-03-31 06:11:10.561 9 INFO neutron.db.ovn_revision_numbers_db [None req-8571ebee-4acb-429e-a2dc-0c00a5ee8173 805bb2134d174bffb3dd348f04c0a4bc ea3b4cf9758c4a568bbbbb89a380be48 - - default default] Successfully bumped revision number for resource 6114d563-529b-4e00-8775-68fc6a8d64a4 (type: security_group_rules) to 0
2026-03-31 06:11:10.588 9 INFO neutron.db.ovn_revision_numbers_db [None req-8571ebee-4acb-429e-a2dc-0c00a5ee8173 805bb2134d174bffb3dd348f04c0a4bc ea3b4cf9758c4a568bbbbb89a380be48 - - default default] Successfully bumped revision number for resource ba165aec-0ea8-4c12-8489-e470612fbedd (type: security_group_rules) to 0
2026-03-31 06:11:10.603 9 INFO neutron.db.ovn_revision_numbers_db [None req-7603f385-961c-47ea-a475-104ca056d135 805bb2134d174bffb3dd348f04c0a4bc ea3b4cf9758c4a568bbbbb89a380be48 - - default default] Successfully bumped revision number for resource 8f50f6b4-ba14-4ec7-89b8-a76f820555f6 (type: security_groups) to 1
2026-03-31 06:11:10.620 9 INFO neutron.wsgi [None req-8571ebee-4acb-429e-a2dc-0c00a5ee8173 805bb2134d174bffb3dd348f04c0a4bc ea3b4cf9758c4a568bbbbb89a380be48 - - default default] 10.0.0.150 "GET /v2.0/security-groups?tenant_id=c385c095ee9f4246b1d34810b97db854&name=default HTTP/1.1" status: 200 len: 3120 time: 0.5057704
2026-03-31 06:11:10.655 9 INFO neutron.db.ovn_revision_numbers_db [None req-7603f385-961c-47ea-a475-104ca056d135 805bb2134d174bffb3dd348f04c0a4bc ea3b4cf9758c4a568bbbbb89a380be48 - - default default] Successfully bumped revision number for resource 497bdc9e-0045-46f0-8c1a-b11736795ba9 (type: security_group_rules) to 0
2026-03-31 06:11:10.668 9 INFO neutron.db.ovn_revision_numbers_db [None req-7603f385-961c-47ea-a475-104ca056d135 805bb2134d174bffb3dd348f04c0a4bc ea3b4cf9758c4a568bbbbb89a380be48 - - default default] Successfully bumped revision number for resource 4ac077a5-2373-4388-adbf-c93830060732 (type: security_group_rules) to 0
2026-03-31 06:11:10.684 9 INFO neutron.db.ovn_revision_numbers_db [None req-7603f385-961c-47ea-a475-104ca056d135 805bb2134d174bffb3dd348f04c0a4bc ea3b4cf9758c4a568bbbbb89a380be48 - - default default] Successfully bumped revision number for resource a09976a6-eeee-417e-9ef7-947c6d9e86b5 (type: security_group_rules) to 0
2026-03-31 06:11:10.700 9 INFO neutron.db.ovn_revision_numbers_db [None req-7603f385-961c-47ea-a475-104ca056d135 805bb2134d174bffb3dd348f04c0a4bc ea3b4cf9758c4a568bbbbb89a380be48 - - default default] Successfully bumped revision number for resource cca12a1f-3324-4fb8-8835-e98fe605f971 (type: security_group_rules) to 0
2026-03-31 06:11:10.725 9 INFO neutron.wsgi [None req-7603f385-961c-47ea-a475-104ca056d135 805bb2134d174bffb3dd348f04c0a4bc ea3b4cf9758c4a568bbbbb89a380be48 - - default default] 10.0.0.150 "GET /v2.0/security-groups?tenant_id=c5859ce2b7184197af92bacecb714f4a&name=default HTTP/1.1" status: 200 len: 3120 time: 0.3410077
2026-03-31 06:11:10.925 10 INFO neutron.wsgi [None req-aad15376-8a1b-42d0-b934-449c231159a1 805bb2134d174bffb3dd348f04c0a4bc ea3b4cf9758c4a568bbbbb89a380be48 - - default default] 10.0.0.150 "DELETE /v2.0/security-groups/c3074de0-4ec1-4aa8-ad29-bd890b0adbc9 HTTP/1.1" status: 204 len: 168 time: 0.2967346
2026-03-31 06:11:11.025 10 INFO neutron.wsgi [None req-319f4e59-f711-4f02-b744-dcebda3e35fb 805bb2134d174bffb3dd348f04c0a4bc ea3b4cf9758c4a568bbbbb89a380be48 - - default default] 10.0.0.150 "DELETE /v2.0/security-groups/8f50f6b4-ba14-4ec7-89b8-a76f820555f6 HTTP/1.1" status: 204 len: 168 time: 0.2919929
2026-03-31 06:11:11.224 10 INFO neutron.db.ovn_revision_numbers_db [None req-e1b2b894-3c20-425b-8310-2d313806939f 805bb2134d174bffb3dd348f04c0a4bc ea3b4cf9758c4a568bbbbb89a380be48 - - default default] Successfully bumped revision number for resource 627a8a20-f8b4-4b16-890c-ef399a926252 (type: security_groups) to 1
2026-03-31 06:11:11.243 10 INFO neutron.db.ovn_revision_numbers_db [None req-e1b2b894-3c20-425b-8310-2d313806939f 805bb2134d174bffb3dd348f04c0a4bc ea3b4cf9758c4a568bbbbb89a380be48 - - default default] Successfully bumped revision number for resource 20f044c9-89b9-4962-b689-19f3b21ad7f7 (type: security_group_rules) to 0
2026-03-31 06:11:11.261 10 INFO neutron.db.ovn_revision_numbers_db [None req-e1b2b894-3c20-425b-8310-2d313806939f 805bb2134d174bffb3dd348f04c0a4bc ea3b4cf9758c4a568bbbbb89a380be48 - - default default] Successfully bumped revision number for resource 4f92e0de-fb1f-4b1f-8f9f-9f14247304bf (type: security_group_rules) to 0
2026-03-31 06:11:11.282 10 INFO neutron.db.ovn_revision_numbers_db [None req-e1b2b894-3c20-425b-8310-2d313806939f 805bb2134d174bffb3dd348f04c0a4bc ea3b4cf9758c4a568bbbbb89a380be48 - - default default] Successfully bumped revision number for resource befbca2c-005b-4272-83cb-44a2f5bb36b4 (type: security_group_rules) to 0
2026-03-31 06:11:11.295 10 INFO neutron.db.ovn_revision_numbers_db [None req-e1b2b894-3c20-425b-8310-2d313806939f 805bb2134d174bffb3dd348f04c0a4bc ea3b4cf9758c4a568bbbbb89a380be48 - - default default] Successfully bumped revision number for resource f4ea4ef7-f95b-4ce8-af85-3011feafc083 (type: security_group_rules) to 0
2026-03-31 06:11:11.312 10 INFO neutron.wsgi [None req-e1b2b894-3c20-425b-8310-2d313806939f 805bb2134d174bffb3dd348f04c0a4bc ea3b4cf9758c4a568bbbbb89a380be48 - - default default] 10.0.0.150 "GET /v2.0/security-groups?tenant_id=819fb865fe2049a4b7033d8dfba7edaf&name=default HTTP/1.1" status: 200 len: 3120 time: 0.2570679
2026-03-31 06:11:11.550 10 INFO neutron.wsgi [None req-ee5f9009-44ba-4135-bdae-dde79cf904b5 805bb2134d174bffb3dd348f04c0a4bc ea3b4cf9758c4a568bbbbb89a380be48 - - default default] 10.0.0.150 "DELETE /v2.0/security-groups/627a8a20-f8b4-4b16-890c-ef399a926252 HTTP/1.1" status: 204 len: 168 time: 0.2332456
2026-03-31 06:11:11.762 9 INFO neutron.db.ovn_revision_numbers_db [None req-4d4d63eb-f5e8-4513-994e-b119fb5b0739 805bb2134d174bffb3dd348f04c0a4bc ea3b4cf9758c4a568bbbbb89a380be48 - - default default] Successfully bumped revision number for resource be7110cb-ad14-4c0f-ad27-cb1204dbd917 (type: security_groups) to 1
2026-03-31 06:11:11.784 9 INFO neutron.db.ovn_revision_numbers_db [None req-4d4d63eb-f5e8-4513-994e-b119fb5b0739 805bb2134d174bffb3dd348f04c0a4bc ea3b4cf9758c4a568bbbbb89a380be48 - - default default] Successfully bumped revision number for resource 1d16210d-da44-4d9b-bf53-9dd33dc24d6f (type: security_group_rules) to 0
2026-03-31 06:11:11.805 9 INFO neutron.db.ovn_revision_numbers_db [None req-4d4d63eb-f5e8-4513-994e-b119fb5b0739 805bb2134d174bffb3dd348f04c0a4bc ea3b4cf9758c4a568bbbbb89a380be48 - - default default] Successfully bumped revision number for resource 40356d07-c36f-49f4-a70a-79c6aee00403 (type: security_group_rules) to 0
2026-03-31 06:11:11.810 10 INFO neutron.db.ovn_revision_numbers_db [None req-c5dcf993-e305-4309-8a1c-147fc2b9efcc 805bb2134d174bffb3dd348f04c0a4bc ea3b4cf9758c4a568bbbbb89a380be48 - - default default] Successfully bumped revision number for resource 50e48dc8-26c8-4c01-91c0-218cb1b886ea (type: security_groups) to 1
2026-03-31 06:11:11.827 9 INFO neutron.db.ovn_revision_numbers_db [None req-4d4d63eb-f5e8-4513-994e-b119fb5b0739 805bb2134d174bffb3dd348f04c0a4bc ea3b4cf9758c4a568bbbbb89a380be48 - - default default] Successfully bumped revision number for resource ce6034d8-33e6-4e58-8123-63aad320d3f5 (type: security_group_rules) to 0
2026-03-31 06:11:11.828 10 INFO neutron.db.ovn_revision_numbers_db [None req-c5dcf993-e305-4309-8a1c-147fc2b9efcc 805bb2134d174bffb3dd348f04c0a4bc ea3b4cf9758c4a568bbbbb89a380be48 - - default default] Successfully bumped revision number for resource 16359048-443e-4a01-8319-d40dab13027d (type: security_group_rules) to 0
2026-03-31 06:11:11.844 9 INFO neutron.db.ovn_revision_numbers_db [None req-4d4d63eb-f5e8-4513-994e-b119fb5b0739 805bb2134d174bffb3dd348f04c0a4bc ea3b4cf9758c4a568bbbbb89a380be48 - - default default] Successfully bumped revision number for resource ff5fb6fb-7bf3-4a1a-8852-7ba9b824981c (type: security_group_rules) to 0
2026-03-31 06:11:11.846 10 INFO neutron.db.ovn_revision_numbers_db [None req-c5dcf993-e305-4309-8a1c-147fc2b9efcc 805bb2134d174bffb3dd348f04c0a4bc ea3b4cf9758c4a568bbbbb89a380be48 - - default default] Successfully bumped revision number for resource 212a31b4-cf70-4691-8776-0b279151b71b (type: security_group_rules) to 0
2026-03-31 06:11:11.860 10 INFO neutron.db.ovn_revision_numbers_db [None req-c5dcf993-e305-4309-8a1c-147fc2b9efcc 805bb2134d174bffb3dd348f04c0a4bc ea3b4cf9758c4a568bbbbb89a380be48 - - default default] Successfully bumped revision number for resource 22f32a09-369c-4a44-8cd4-369d07543033 (type: security_group_rules) to 0
2026-03-31 06:11:11.869 9 INFO neutron.wsgi [None req-4d4d63eb-f5e8-4513-994e-b119fb5b0739 805bb2134d174bffb3dd348f04c0a4bc ea3b4cf9758c4a568bbbbb89a380be48 - - default default] 10.0.0.150 "GET /v2.0/security-groups?tenant_id=5daff357698d47e7a23b598f1a06abcf&name=default HTTP/1.1" status: 200 len: 3120 time: 0.4519694
2026-03-31 06:11:11.881 10 INFO neutron.db.ovn_revision_numbers_db [None req-c5dcf993-e305-4309-8a1c-147fc2b9efcc 805bb2134d174bffb3dd348f04c0a4bc ea3b4cf9758c4a568bbbbb89a380be48 - - default default] Successfully bumped revision number for resource 47c933a2-de16-4620-8139-3dbcab7bfad6 (type: security_group_rules) to 0
2026-03-31 06:11:11.915 10 INFO neutron.wsgi [None req-c5dcf993-e305-4309-8a1c-147fc2b9efcc 805bb2134d174bffb3dd348f04c0a4bc ea3b4cf9758c4a568bbbbb89a380be48 - - default default] 10.0.0.150 "GET /v2.0/security-groups?tenant_id=7c7c9f17dce742e28f6737ef484f487f&name=default HTTP/1.1" status: 200 len: 3120 time: 0.2651124
2026-03-31 06:11:12.116 10 INFO neutron.wsgi [None req-ad240ffc-a65c-4722-84fb-ded2d4f5ced1 805bb2134d174bffb3dd348f04c0a4bc ea3b4cf9758c4a568bbbbb89a380be48 - - default default] 10.0.0.150 "DELETE /v2.0/security-groups/be7110cb-ad14-4c0f-ad27-cb1204dbd917 HTTP/1.1" status: 204 len: 168 time: 0.2422426
2026-03-31 06:11:12.226 9 INFO neutron.wsgi [None req-615da4a9-2d88-4655-ba7d-1869823a8390 805bb2134d174bffb3dd348f04c0a4bc ea3b4cf9758c4a568bbbbb89a380be48 - - default default] 10.0.0.150 "DELETE /v2.0/security-groups/50e48dc8-26c8-4c01-91c0-218cb1b886ea HTTP/1.1" status: 204 len: 168 time: 0.3062904
2026-03-31 06:11:15.550 9 INFO neutron.wsgi [req-47d26076-3bf0-4ddf-ab29-03aeecaeae18 req-c5c35cc9-3091-47ed-877e-bb8e68d2a7c0 2484bc5e18394fd5807c4e9c6c01aa83 46d00126e9f84abe9169fc548c5482d3 - - 3bfaaca3c24a4c16a7fd45009453a68a 3bfaaca3c24a4c16a7fd45009453a68a] 10.0.0.106 "GET /v2.0/ports?device_id=5f7a906f-ceca-419a-97c6-ab35ecee0c5e HTTP/1.1" status: 200 len: 1413 time: 0.0665357
2026-03-31 06:11:15.609 9 INFO neutron.wsgi [req-47d26076-3bf0-4ddf-ab29-03aeecaeae18 req-691b79fc-6357-4c2e-b242-76343b600ea0 2484bc5e18394fd5807c4e9c6c01aa83 46d00126e9f84abe9169fc548c5482d3 - - 3bfaaca3c24a4c16a7fd45009453a68a 3bfaaca3c24a4c16a7fd45009453a68a] 10.0.0.106 "GET /v2.0/security-groups?id=2f528542-3c8f-42b1-9e71-2867f5f17db7&fields=id&fields=name HTTP/1.1" status: 200 len: 312 time: 0.0499685
2026-03-31 06:11:15.806 10 WARNING neutron_lib.context [None req-3d6f78d6-8f91-461f-a4b5-782ce17f6bec 91f63ab72f7f42bba687cf2cc13e4083 bd7eba383c74485fbfe04b776fe86fb2 - - default default] Method 'is_advsvc' is deprecated since 2023.2 release (neutron-lib 3.8.0) and will be removed once support for the old RBAC API policies will be removed from Neutron. Please use method 'is_service_role' instead.
2026-03-31 06:11:16.029 9 WARNING neutron_lib.context [None req-d696aba1-f735-4602-979a-5877cc3f2bce c7a0cdb4f1c843658cc71f364eb8443e 85087d4ca8f44fe8ac35f4a91f357efc - - default default] Method 'is_advsvc' is deprecated since 2023.2 release (neutron-lib 3.8.0) and will be removed once support for the old RBAC API policies will be removed from Neutron. Please use method 'is_service_role' instead.
2026-03-31 06:11:16.137 10 WARNING neutron.scheduler.dhcp_agent_scheduler [None req-3d6f78d6-8f91-461f-a4b5-782ce17f6bec 91f63ab72f7f42bba687cf2cc13e4083 bd7eba383c74485fbfe04b776fe86fb2 - - default default] No more DHCP agents
2026-03-31 06:11:16.139 10 WARNING neutron.api.rpc.agentnotifiers.dhcp_rpc_agent_api [None req-3d6f78d6-8f91-461f-a4b5-782ce17f6bec 91f63ab72f7f42bba687cf2cc13e4083 bd7eba383c74485fbfe04b776fe86fb2 - - default default] Unable to schedule network a06480ad-20a5-4a4c-9e66-78b05aafe665: no agents available; will retry on subsequent port and subnet creation events.
2026-03-31 06:11:16.236 9 INFO neutron.db.ovn_revision_numbers_db [None req-d696aba1-f735-4602-979a-5877cc3f2bce c7a0cdb4f1c843658cc71f364eb8443e 85087d4ca8f44fe8ac35f4a91f357efc - - default default] Successfully bumped revision number for resource 9662cfe8-35b9-42f4-8247-343d6e2c5fbd (type: security_groups) to 1
2026-03-31 06:11:16.268 9 INFO neutron.db.ovn_revision_numbers_db [None req-d696aba1-f735-4602-979a-5877cc3f2bce c7a0cdb4f1c843658cc71f364eb8443e 85087d4ca8f44fe8ac35f4a91f357efc - - default default] Successfully bumped revision number for resource 573051f0-1300-4b44-a7b7-c6cbe2a7bdbb (type: security_group_rules) to 0
2026-03-31 06:11:16.299 9 INFO neutron.db.ovn_revision_numbers_db [None req-d696aba1-f735-4602-979a-5877cc3f2bce c7a0cdb4f1c843658cc71f364eb8443e 85087d4ca8f44fe8ac35f4a91f357efc - - default default] Successfully bumped revision number for resource 624b2356-88b1-4129-9932-db35231d500f (type: security_group_rules) to 0
2026-03-31 06:11:16.318 9 INFO neutron.db.ovn_revision_numbers_db [None req-d696aba1-f735-4602-979a-5877cc3f2bce c7a0cdb4f1c843658cc71f364eb8443e 85087d4ca8f44fe8ac35f4a91f357efc - - default default] Successfully bumped revision number for resource 9b84725e-a251-45e8-b405-15c80642c52c (type: security_group_rules) to 0
2026-03-31 06:11:16.333 9 INFO neutron.db.ovn_revision_numbers_db [None req-d696aba1-f735-4602-979a-5877cc3f2bce c7a0cdb4f1c843658cc71f364eb8443e 85087d4ca8f44fe8ac35f4a91f357efc - - default default] Successfully bumped revision number for resource c8ed9bb6-4fdf-4b22-92fc-419daf25b906 (type: security_group_rules) to 0
2026-03-31 06:11:16.394 9 INFO neutron.db.segments_db [None req-d696aba1-f735-4602-979a-5877cc3f2bce c7a0cdb4f1c843658cc71f364eb8443e 85087d4ca8f44fe8ac35f4a91f357efc - - default default] Added segment 27307768-cc42-40f9-b004-ac606ed89859 of type geneve for network 779dc4a3-bd30-420a-90a4-cd9df7ab6337
2026-03-31 06:11:16.454 10 INFO neutron.wsgi [None req-3d6f78d6-8f91-461f-a4b5-782ce17f6bec 91f63ab72f7f42bba687cf2cc13e4083 bd7eba383c74485fbfe04b776fe86fb2 - - default default] 10.0.0.150 "POST /v2.0/floatingips HTTP/1.1" status: 201 len: 751 time: 0.8144810
2026-03-31 06:11:16.514 10 INFO neutron.wsgi [None req-533cf775-a2d2-4a0b-a419-7b19f0c4df81 91f63ab72f7f42bba687cf2cc13e4083 bd7eba383c74485fbfe04b776fe86fb2 - - default default] 10.0.0.150 "PUT /v2.0/floatingips/22b76390-e62f-4cc9-a696-997b0d8a0c57/tags HTTP/1.1" status: 200 len: 218 time: 0.0545020
2026-03-31 06:11:16.549 10 INFO neutron.wsgi [None req-211e5869-55ae-4111-b274-692e6387b3b1 91f63ab72f7f42bba687cf2cc13e4083 bd7eba383c74485fbfe04b776fe86fb2 - - default default] 10.0.0.150 "GET /v2.0/floatingips/22b76390-e62f-4cc9-a696-997b0d8a0c57/tags HTTP/1.1" status: 200 len: 218 time: 0.0294123
2026-03-31 06:11:16.570 9 INFO neutron.db.ovn_revision_numbers_db [None req-d696aba1-f735-4602-979a-5877cc3f2bce c7a0cdb4f1c843658cc71f364eb8443e 85087d4ca8f44fe8ac35f4a91f357efc - - default default] Successfully bumped revision number for resource 779dc4a3-bd30-420a-90a4-cd9df7ab6337 (type: networks) to 1
2026-03-31 06:11:16.598 10 INFO neutron.wsgi [None req-687241e4-dbf9-4235-bdea-3cb2993578b5 91f63ab72f7f42bba687cf2cc13e4083 bd7eba383c74485fbfe04b776fe86fb2 - - default default] 10.0.0.150 "PUT /v2.0/floatingips/22b76390-e62f-4cc9-a696-997b0d8a0c57/tags/green HTTP/1.1" status: 201 len: 201 time: 0.0426745
2026-03-31 06:11:16.646 10 INFO neutron.wsgi [None req-6587c133-5343-40aa-88ad-98c83b8788de 91f63ab72f7f42bba687cf2cc13e4083 bd7eba383c74485fbfe04b776fe86fb2 - - default default] 10.0.0.150 "GET /v2.0/floatingips/22b76390-e62f-4cc9-a696-997b0d8a0c57/tags HTTP/1.1" status: 200 len: 227 time: 0.0385735
2026-03-31 06:11:16.698 10 INFO neutron.wsgi [None req-58138c3b-15bd-49ac-87cd-f62df9518b1d 91f63ab72f7f42bba687cf2cc13e4083 bd7eba383c74485fbfe04b776fe86fb2 - - default default] 10.0.0.150 "PUT /v2.0/floatingips/22b76390-e62f-4cc9-a696-997b0d8a0c57/tags/red HTTP/1.1" status: 201 len: 201 time: 0.0440679
2026-03-31 06:11:16.762 10 INFO neutron.wsgi [None req-e793b072-44e0-4f7c-b38b-1e3238063b3e 91f63ab72f7f42bba687cf2cc13e4083 bd7eba383c74485fbfe04b776fe86fb2 - - default default] 10.0.0.150 "GET /v2.0/floatingips/22b76390-e62f-4cc9-a696-997b0d8a0c57/tags HTTP/1.1" status: 200 len: 227 time: 0.0606959
2026-03-31 06:11:16.826 10 INFO neutron.db.ovn_revision_numbers_db [None req-71f43e8b-d6a9-496e-a86d-a6e01f755457 805bb2134d174bffb3dd348f04c0a4bc ea3b4cf9758c4a568bbbbb89a380be48 - - default default] Successfully bumped revision number for resource a319ab21-fdbc-450b-aad1-028f84c60b39 (type: security_groups) to 1
2026-03-31 06:11:16.848 10 INFO neutron.db.ovn_revision_numbers_db [None req-71f43e8b-d6a9-496e-a86d-a6e01f755457 805bb2134d174bffb3dd348f04c0a4bc ea3b4cf9758c4a568bbbbb89a380be48 - - default default] Successfully bumped revision number for resource 390abded-72ef-48a8-9d79-34d4baca2906 (type: security_group_rules) to 0
2026-03-31 06:11:16.869 10 INFO neutron.db.ovn_revision_numbers_db [None req-71f43e8b-d6a9-496e-a86d-a6e01f755457 805bb2134d174bffb3dd348f04c0a4bc ea3b4cf9758c4a568bbbbb89a380be48 - - default default] Successfully bumped revision number for resource 40a73fb0-3ea9-424d-ba21-702c07a9ff5c (type: security_group_rules) to 0
2026-03-31 06:11:16.873 9 INFO neutron.wsgi [None req-9d52995b-8eee-4440-84b0-005cff36233e 91f63ab72f7f42bba687cf2cc13e4083 bd7eba383c74485fbfe04b776fe86fb2 - - default default] 10.0.0.150 "PUT /v2.0/floatingips/22b76390-e62f-4cc9-a696-997b0d8a0c57/tags/black.or.white HTTP/1.1" status: 201 len: 201 time: 0.1039128
2026-03-31 06:11:16.876 9 WARNING neutron.scheduler.dhcp_agent_scheduler [None req-d696aba1-f735-4602-979a-5877cc3f2bce c7a0cdb4f1c843658cc71f364eb8443e 85087d4ca8f44fe8ac35f4a91f357efc - - default default] No more DHCP agents
2026-03-31 06:11:16.883 9 WARNING neutron.api.rpc.agentnotifiers.dhcp_rpc_agent_api [None req-d696aba1-f735-4602-979a-5877cc3f2bce c7a0cdb4f1c843658cc71f364eb8443e 85087d4ca8f44fe8ac35f4a91f357efc - - default default] Unable to schedule network 779dc4a3-bd30-420a-90a4-cd9df7ab6337: no agents available; will retry on subsequent port and subnet creation events.
2026-03-31 06:11:16.892 10 INFO neutron.db.ovn_revision_numbers_db [None req-71f43e8b-d6a9-496e-a86d-a6e01f755457 805bb2134d174bffb3dd348f04c0a4bc ea3b4cf9758c4a568bbbbb89a380be48 - - default default] Successfully bumped revision number for resource 87036da3-df09-401f-8321-48ac3319e65a (type: security_group_rules) to 0
2026-03-31 06:11:16.920 10 INFO neutron.db.ovn_revision_numbers_db [None req-71f43e8b-d6a9-496e-a86d-a6e01f755457 805bb2134d174bffb3dd348f04c0a4bc ea3b4cf9758c4a568bbbbb89a380be48 - - default default] Successfully bumped revision number for resource ec1589a8-13d5-41d0-bf42-3728be1229e1 (type: security_group_rules) to 0
2026-03-31 06:11:16.966 9 INFO neutron.wsgi [None req-c1c02319-d92a-433e-b068-690fecd7698e 91f63ab72f7f42bba687cf2cc13e4083 bd7eba383c74485fbfe04b776fe86fb2 - - default default] 10.0.0.150 "GET /v2.0/floatingips/22b76390-e62f-4cc9-a696-997b0d8a0c57/tags HTTP/1.1" status: 200 len: 245 time: 0.0860009
2026-03-31 06:11:16.966 10 INFO neutron.wsgi [None req-71f43e8b-d6a9-496e-a86d-a6e01f755457 805bb2134d174bffb3dd348f04c0a4bc ea3b4cf9758c4a568bbbbb89a380be48 - - default default] 10.0.0.150 "GET /v2.0/security-groups?tenant_id=e8e02bde53d843adbbb4d635e4b68de8&name=default HTTP/1.1" status: 200 len: 3120 time: 0.5199871
2026-03-31 06:11:17.062 9 INFO neutron.wsgi [None req-dd612af5-fd1b-41c0-a9e2-f3fc6defeeae 91f63ab72f7f42bba687cf2cc13e4083 bd7eba383c74485fbfe04b776fe86fb2 - - default default] 10.0.0.150 "PUT /v2.0/floatingips/22b76390-e62f-4cc9-a696-997b0d8a0c57/tags HTTP/1.1" status: 200 len: 230 time: 0.0894420
2026-03-31 06:11:17.074 9 INFO neutron.db.ovn_revision_numbers_db [None req-d696aba1-f735-4602-979a-5877cc3f2bce c7a0cdb4f1c843658cc71f364eb8443e 85087d4ca8f44fe8ac35f4a91f357efc - - default default] Successfully bumped revision number for resource 39c549c5-55da-42ef-be08-3845fe2e716c (type: ports) to 1
2026-03-31 06:11:17.100 10 INFO neutron.wsgi [None req-71197521-9083-40b8-9006-73b55e91f34d 91f63ab72f7f42bba687cf2cc13e4083 bd7eba383c74485fbfe04b776fe86fb2 - - default default] 10.0.0.150 "GET /v2.0/floatingips/22b76390-e62f-4cc9-a696-997b0d8a0c57/tags HTTP/1.1" status: 200 len: 230 time: 0.0322976
2026-03-31 06:11:17.113 9 INFO neutron.wsgi [None req-d696aba1-f735-4602-979a-5877cc3f2bce c7a0cdb4f1c843658cc71f364eb8443e 85087d4ca8f44fe8ac35f4a91f357efc - - default default] 10.0.0.150 "POST /v2.0/networks HTTP/1.1" status: 201 len: 826 time: 1.2751806
2026-03-31 06:11:17.127 10 WARNING neutron_lib.context [None req-bfb570d7-21ad-4cc1-bb40-f9d5088525ef c7a0cdb4f1c843658cc71f364eb8443e 85087d4ca8f44fe8ac35f4a91f357efc - - default default] Method 'is_advsvc' is deprecated since 2023.2 release (neutron-lib 3.8.0) and will be removed once support for the old RBAC API policies will be removed from Neutron. Please use method 'is_service_role' instead.
2026-03-31 06:11:17.158 10 INFO neutron.wsgi [None req-deaa511c-1ecb-4383-b6db-fd429124e290 91f63ab72f7f42bba687cf2cc13e4083 bd7eba383c74485fbfe04b776fe86fb2 - - default default] 10.0.0.150 "GET /v2.0/floatingips/22b76390-e62f-4cc9-a696-997b0d8a0c57/tags/red HTTP/1.1" status: 204 len: 168 time: 0.0529222
2026-03-31 06:11:17.204 9 INFO neutron.api.v2.resource [None req-92f97caf-5bbe-4eea-a544-d131476bc010 91f63ab72f7f42bba687cf2cc13e4083 bd7eba383c74485fbfe04b776fe86fb2 - - default default] show failed (client error): The resource could not be found.
2026-03-31 06:11:17.205 9 INFO neutron.wsgi [None req-92f97caf-5bbe-4eea-a544-d131476bc010 91f63ab72f7f42bba687cf2cc13e4083 bd7eba383c74485fbfe04b776fe86fb2 - - default default] 10.0.0.150 "GET /v2.0/floatingips/22b76390-e62f-4cc9-a696-997b0d8a0c57/tags/green HTTP/1.1" status: 404 len: 299 time: 0.0414913
2026-03-31 06:11:17.265 9 INFO neutron.wsgi [None req-f1b33135-8c14-42c3-be8e-5947c68411e5 91f63ab72f7f42bba687cf2cc13e4083 bd7eba383c74485fbfe04b776fe86fb2 - - default default] 10.0.0.150 "DELETE /v2.0/floatingips/22b76390-e62f-4cc9-a696-997b0d8a0c57/tags/red HTTP/1.1" status: 204 len: 168 time: 0.0539012
2026-03-31 06:11:17.307 9 INFO neutron.wsgi [None req-a3a1a98c-134b-49ab-9d9d-7ce1493946f0 91f63ab72f7f42bba687cf2cc13e4083 bd7eba383c74485fbfe04b776fe86fb2 - - default default] 10.0.0.150 "GET /v2.0/floatingips/22b76390-e62f-4cc9-a696-997b0d8a0c57/tags HTTP/1.1" status: 200 len: 223 time: 0.0372689
2026-03-31 06:11:17.320 9 INFO neutron.wsgi [None req-075e8179-f217-40ca-a22e-2feb6316996b 805bb2134d174bffb3dd348f04c0a4bc ea3b4cf9758c4a568bbbbb89a380be48 - - default default] 10.0.0.150 "DELETE /v2.0/security-groups/a319ab21-fdbc-450b-aad1-028f84c60b39 HTTP/1.1" status: 204 len: 168 time: 0.3486409
2026-03-31 06:11:17.371 10 INFO neutron.api.v2.resource [None req-8d634b48-eaee-4905-a8f8-7d7daaa7e588 91f63ab72f7f42bba687cf2cc13e4083 bd7eba383c74485fbfe04b776fe86fb2 - - default default] delete failed (client error): The resource could not be found.
2026-03-31 06:11:17.373 10 INFO neutron.wsgi [None req-8d634b48-eaee-4905-a8f8-7d7daaa7e588 91f63ab72f7f42bba687cf2cc13e4083 bd7eba383c74485fbfe04b776fe86fb2 - - default default] 10.0.0.150 "DELETE /v2.0/floatingips/22b76390-e62f-4cc9-a696-997b0d8a0c57/tags/green HTTP/1.1" status: 404 len: 299 time: 0.0594604
2026-03-31 06:11:17.447 10 INFO neutron.wsgi [None req-7eb2d53f-ddd2-4867-993f-5319a60d32ee 91f63ab72f7f42bba687cf2cc13e4083 bd7eba383c74485fbfe04b776fe86fb2 - - default default] 10.0.0.150 "DELETE /v2.0/floatingips/22b76390-e62f-4cc9-a696-997b0d8a0c57/tags HTTP/1.1" status: 204 len: 168 time: 0.0693240
2026-03-31 06:11:17.458 10 WARNING neutron.scheduler.dhcp_agent_scheduler [None req-bfb570d7-21ad-4cc1-bb40-f9d5088525ef c7a0cdb4f1c843658cc71f364eb8443e 85087d4ca8f44fe8ac35f4a91f357efc - - default default] No more DHCP agents
2026-03-31 06:11:17.460 10 WARNING neutron.api.rpc.agentnotifiers.dhcp_rpc_agent_api [None req-bfb570d7-21ad-4cc1-bb40-f9d5088525ef c7a0cdb4f1c843658cc71f364eb8443e 85087d4ca8f44fe8ac35f4a91f357efc - - default default] Unable to schedule network 779dc4a3-bd30-420a-90a4-cd9df7ab6337: no agents available; will retry on subsequent port and subnet creation events.
2026-03-31 06:11:17.491 9 INFO neutron.wsgi [None req-249f5184-71cd-42a1-a925-965076b85be0 91f63ab72f7f42bba687cf2cc13e4083 bd7eba383c74485fbfe04b776fe86fb2 - - default default] 10.0.0.150 "GET /v2.0/floatingips/22b76390-e62f-4cc9-a696-997b0d8a0c57/tags HTTP/1.1" status: 200 len: 205 time: 0.0374639
2026-03-31 06:11:17.684 10 INFO neutron.db.ovn_revision_numbers_db [None req-5f4fa66f-218f-454b-b776-41d8d495d8e3 805bb2134d174bffb3dd348f04c0a4bc ea3b4cf9758c4a568bbbbb89a380be48 - - default default] Successfully bumped revision number for resource e61ef1db-528f-4c0d-a2c0-03586805aeec (type: security_groups) to 1
2026-03-31 06:11:17.706 10 INFO neutron.db.ovn_revision_numbers_db [None req-5f4fa66f-218f-454b-b776-41d8d495d8e3 805bb2134d174bffb3dd348f04c0a4bc ea3b4cf9758c4a568bbbbb89a380be48 - - default default] Successfully bumped revision number for resource 511aeb0f-f1f8-466f-b66b-6adeccc05b01 (type: security_group_rules) to 0
2026-03-31 06:11:17.730 10 INFO neutron.db.ovn_revision_numbers_db [None req-5f4fa66f-218f-454b-b776-41d8d495d8e3 805bb2134d174bffb3dd348f04c0a4bc ea3b4cf9758c4a568bbbbb89a380be48 - - default default] Successfully bumped revision number for resource 6b5c5036-6475-48ae-b759-26f006b0911f (type: security_group_rules) to 0
2026-03-31 06:11:17.902 9 INFO neutron.wsgi [None req-e79a811d-3ee4-47f2-8c48-9a8a96c0f805 91f63ab72f7f42bba687cf2cc13e4083 bd7eba383c74485fbfe04b776fe86fb2 - - default default] 10.0.0.150 "DELETE /v2.0/floatingips/22b76390-e62f-4cc9-a696-997b0d8a0c57 HTTP/1.1" status: 204 len: 168 time: 0.4032440
2026-03-31 06:11:18.040 10 INFO neutron.db.ovn_revision_numbers_db [None req-5f4fa66f-218f-454b-b776-41d8d495d8e3 805bb2134d174bffb3dd348f04c0a4bc ea3b4cf9758c4a568bbbbb89a380be48 - - default default] Successfully bumped revision number for resource 87670cfd-b26d-44d4-91a2-336a69301bdc (type: security_group_rules) to 0
2026-03-31 06:11:18.061 10 INFO neutron.db.ovn_revision_numbers_db [None req-5f4fa66f-218f-454b-b776-41d8d495d8e3 805bb2134d174bffb3dd348f04c0a4bc ea3b4cf9758c4a568bbbbb89a380be48 - - default default] Successfully bumped revision number for resource f6ecf699-d8ec-4196-8f75-7a0b0e98a9ad (type: security_group_rules) to 0
2026-03-31 06:11:18.093 10 INFO neutron.wsgi [None req-5f4fa66f-218f-454b-b776-41d8d495d8e3 805bb2134d174bffb3dd348f04c0a4bc ea3b4cf9758c4a568bbbbb89a380be48 - - default default] 10.0.0.150 "GET /v2.0/security-groups?tenant_id=af81edcfae1e4824b9b34fd66bd4272e&name=default HTTP/1.1" status: 200 len: 3120 time: 0.6080253
2026-03-31 06:11:18.348 9 INFO neutron.wsgi [None req-8b064761-ed46-4f15-8c99-828a80f2ae9c 805bb2134d174bffb3dd348f04c0a4bc ea3b4cf9758c4a568bbbbb89a380be48 - - default default] 10.0.0.150 "DELETE /v2.0/security-groups/e61ef1db-528f-4c0d-a2c0-03586805aeec HTTP/1.1" status: 204 len: 168 time: 0.2508318
2026-03-31 06:11:18.398 10 INFO neutron.db.ovn_revision_numbers_db [None req-bfb570d7-21ad-4cc1-bb40-f9d5088525ef c7a0cdb4f1c843658cc71f364eb8443e 85087d4ca8f44fe8ac35f4a91f357efc - - default default] Successfully bumped revision number for resource 39c549c5-55da-42ef-be08-3845fe2e716c (type: ports) to 2
2026-03-31 06:11:18.448 10 INFO neutron.db.ovn_revision_numbers_db [None req-bfb570d7-21ad-4cc1-bb40-f9d5088525ef c7a0cdb4f1c843658cc71f364eb8443e 85087d4ca8f44fe8ac35f4a91f357efc - - default default] Successfully bumped revision number for resource fe7c4c24-e963-4dce-b482-6ad297d47a50 (type: subnets) to 0
2026-03-31 06:11:18.471 10 INFO neutron.wsgi [None req-bfb570d7-21ad-4cc1-bb40-f9d5088525ef c7a0cdb4f1c843658cc71f364eb8443e 85087d4ca8f44fe8ac35f4a91f357efc - - default default] 10.0.0.150 "POST /v2.0/subnets HTTP/1.1" status: 201 len: 801 time: 1.3519323
2026-03-31 06:11:18.483 9 WARNING neutron_lib.context [None req-8cda1db5-d627-4335-b2a3-02433eb88900 c7a0cdb4f1c843658cc71f364eb8443e 85087d4ca8f44fe8ac35f4a91f357efc - - default default] Method 'is_advsvc' is deprecated since 2023.2 release (neutron-lib 3.8.0) and will be removed once support for the old RBAC API policies will be removed from Neutron. Please use method 'is_service_role' instead.
2026-03-31 06:11:18.806 10 INFO neutron.wsgi [None req-be0ac6d5-3b1f-458e-a274-254e6a30da41 c6b19fad1b664d60ad6b1e2fb09c4fc0 6056e9fcb2e6459b9f02a118d0ed6e9c - - default default] 10.0.0.150 "GET /v2.0/ports?project_id=261cadf982c045f1adeeadcc807e529c&network_id=77d7603f-c7a5-431f-b1c7-422d7071014c HTTP/1.1" status: 200 len: 3514 time: 0.0974660
2026-03-31 06:11:19.017 10 INFO neutron.db.ovn_revision_numbers_db [None req-92d4a34f-10e8-41c0-b786-cc183f2555fe 805bb2134d174bffb3dd348f04c0a4bc ea3b4cf9758c4a568bbbbb89a380be48 - - default default] Successfully bumped revision number for resource a3a83393-1401-48ed-8336-84e0a900530f (type: security_groups) to 1
2026-03-31 06:11:19.036 10 INFO neutron.db.ovn_revision_numbers_db [None req-92d4a34f-10e8-41c0-b786-cc183f2555fe 805bb2134d174bffb3dd348f04c0a4bc ea3b4cf9758c4a568bbbbb89a380be48 - - default default] Successfully bumped revision number for resource 698d3014-26b7-4371-bd53-fc9dad9e07cf (type: security_group_rules) to 0
2026-03-31 06:11:19.054 10 INFO neutron.db.ovn_revision_numbers_db [None req-92d4a34f-10e8-41c0-b786-cc183f2555fe 805bb2134d174bffb3dd348f04c0a4bc ea3b4cf9758c4a568bbbbb89a380be48 - - default default] Successfully bumped revision number for resource 8c98104d-fc9e-4194-8f03-1bb718c4c7e3 (type: security_group_rules) to 0
2026-03-31 06:11:19.072 10 INFO neutron.db.ovn_revision_numbers_db [None req-92d4a34f-10e8-41c0-b786-cc183f2555fe 805bb2134d174bffb3dd348f04c0a4bc ea3b4cf9758c4a568bbbbb89a380be48 - - default default] Successfully bumped revision number for resource b3df1b85-2f00-476a-9cea-20c8dab63b21 (type: security_group_rules) to 0
2026-03-31 06:11:19.088 10 INFO neutron.db.ovn_revision_numbers_db [None req-92d4a34f-10e8-41c0-b786-cc183f2555fe 805bb2134d174bffb3dd348f04c0a4bc ea3b4cf9758c4a568bbbbb89a380be48 - - default default] Successfully bumped revision number for resource dcc858b5-bb8e-4d04-863d-89e311b81a64 (type: security_group_rules) to 0
2026-03-31 06:11:19.112 10 INFO neutron.wsgi [None req-92d4a34f-10e8-41c0-b786-cc183f2555fe 805bb2134d174bffb3dd348f04c0a4bc ea3b4cf9758c4a568bbbbb89a380be48 - - default default] 10.0.0.150 "GET /v2.0/security-groups?tenant_id=c170f02a4a124e6ca4f775cdba6aefd8&name=default HTTP/1.1" status: 200 len: 3120 time: 0.4864037
2026-03-31 06:11:19.131 9 INFO neutron.wsgi [None req-aa824eee-190a-493d-a9ad-321836fd282c c6b19fad1b664d60ad6b1e2fb09c4fc0 6056e9fcb2e6459b9f02a118d0ed6e9c - - default default] 10.0.0.150 "GET /v2.0/subnets?network_id=a06480ad-20a5-4a4c-9e66-78b05aafe665 HTTP/1.1" status: 200 len: 838 time: 0.0746772
2026-03-31 06:11:19.436 10 INFO neutron.wsgi [None req-e942183b-7489-4079-9f9e-788cb328607b 805bb2134d174bffb3dd348f04c0a4bc ea3b4cf9758c4a568bbbbb89a380be48 - - default default] 10.0.0.150 "DELETE /v2.0/security-groups/a3a83393-1401-48ed-8336-84e0a900530f HTTP/1.1" status: 204 len: 168 time: 0.3189881
2026-03-31 06:11:19.502 9 WARNING neutron.scheduler.dhcp_agent_scheduler [None req-8cda1db5-d627-4335-b2a3-02433eb88900 c7a0cdb4f1c843658cc71f364eb8443e 85087d4ca8f44fe8ac35f4a91f357efc - - default default] No more DHCP agents
2026-03-31 06:11:19.505 9 WARNING neutron.api.rpc.agentnotifiers.dhcp_rpc_agent_api [None req-8cda1db5-d627-4335-b2a3-02433eb88900 c7a0cdb4f1c843658cc71f364eb8443e 85087d4ca8f44fe8ac35f4a91f357efc - - default default] Unable to schedule network a06480ad-20a5-4a4c-9e66-78b05aafe665: no agents available; will retry on subsequent port and subnet creation events.
2026-03-31 06:11:19.597 10 INFO neutron.db.ovn_revision_numbers_db [None req-08cadc1d-3748-4bb7-ba81-58136848223b f19babc591574c3a8757346bc29c9dc0 261cadf982c045f1adeeadcc807e529c - - default default] Successfully bumped revision number for resource 522688b0-e77d-4c62-8248-aa928468fcc2 (type: floatingips) to 2
2026-03-31 06:11:19.651 10 INFO neutron.wsgi [-] 10.0.0.158 "GET / HTTP/1.1" status: 200 len: 247 time: 0.0027027
2026-03-31 06:11:19.654 10 INFO neutron.wsgi [-] 10.0.0.158 "GET / HTTP/1.1" status: 200 len: 247 time: 0.0018878
2026-03-31 06:11:19.667 10 INFO neutron.db.l3_db [None req-08cadc1d-3748-4bb7-ba81-58136848223b f19babc591574c3a8757346bc29c9dc0 261cadf982c045f1adeeadcc807e529c - - default default] Floating IP 522688b0-e77d-4c62-8248-aa928468fcc2 disassociated. External IP: 10.96.250.220, port: 4666497c-718e-4fce-bf3b-331a564dd42d.
2026-03-31 06:11:19.713 10 INFO neutron.wsgi [None req-08cadc1d-3748-4bb7-ba81-58136848223b f19babc591574c3a8757346bc29c9dc0 261cadf982c045f1adeeadcc807e529c - - default default] 10.0.0.150 "PUT /v2.0/floatingips/522688b0-e77d-4c62-8248-aa928468fcc2 HTTP/1.1" status: 200 len: 748 time: 0.3531308
2026-03-31 06:11:19.744 9 INFO neutron.db.ovn_revision_numbers_db [None req-3f9e7460-4572-4ada-a4ff-fefd23ba6212 805bb2134d174bffb3dd348f04c0a4bc ea3b4cf9758c4a568bbbbb89a380be48 - - default default] Successfully bumped revision number for resource 2f7ecc6c-6a2e-4e82-bc1a-a47b65eeefe6 (type: security_groups) to 1
2026-03-31 06:11:19.749 9 INFO neutron.db.ovn_revision_numbers_db [None req-8cda1db5-d627-4335-b2a3-02433eb88900 c7a0cdb4f1c843658cc71f364eb8443e 85087d4ca8f44fe8ac35f4a91f357efc - - default default] Successfully bumped revision number for resource 05cfce41-78e5-42d1-8f4d-3b17f1cadbc0 (type: ports) to 1
2026-03-31 06:11:19.754 10 INFO neutron.notifiers.nova [-] Nova event matching ['req-6ce25c08-1b7d-47b8-b97e-6d4423cfffcc'] response: {'name': 'network-changed', 'server_uuid': '5f7a906f-ceca-419a-97c6-ab35ecee0c5e', 'tag': '4666497c-718e-4fce-bf3b-331a564dd42d', 'status': 'completed', 'code': 200}
2026-03-31 06:11:19.770 9 INFO neutron.wsgi [None req-9bb023e5-4103-46f8-b30b-f8b5be5951ee f19babc591574c3a8757346bc29c9dc0 261cadf982c045f1adeeadcc807e529c - - default default] 10.0.0.150 "GET /v2.0/floatingips/522688b0-e77d-4c62-8248-aa928468fcc2 HTTP/1.1" status: 200 len: 746 time: 0.0518625 /var/lib/openstack/lib/python3.10/site-packages/pycadf/identifier.py:71: UserWarning: Invalid uuid: neutron. To ensure interoperability, identifiers should be a valid uuid. warnings.warn(('Invalid uuid: %s. To ensure interoperability, '
2026-03-31 06:11:19.802 9 INFO neutron.db.ovn_revision_numbers_db [None req-3f9e7460-4572-4ada-a4ff-fefd23ba6212 805bb2134d174bffb3dd348f04c0a4bc ea3b4cf9758c4a568bbbbb89a380be48 - - default default] Successfully bumped revision number for resource 6bd1b033-ef1c-4b83-b222-63daa1333864 (type: security_group_rules) to 0
2026-03-31 06:11:19.828 10 INFO neutron.wsgi [req-8bab0bb6-79af-49e4-9e99-5ce65066597b req-1c449a93-300c-4113-9660-7a7ba403e294 2484bc5e18394fd5807c4e9c6c01aa83 46d00126e9f84abe9169fc548c5482d3 - - 3bfaaca3c24a4c16a7fd45009453a68a 3bfaaca3c24a4c16a7fd45009453a68a] 199.204.45.250 "GET /v2.0/ports?tenant_id=261cadf982c045f1adeeadcc807e529c&device_id=5f7a906f-ceca-419a-97c6-ab35ecee0c5e HTTP/1.1" status: 200 len: 1413 time: 0.0514421
2026-03-31 06:11:19.845 9 INFO neutron.db.ovn_revision_numbers_db [None req-3f9e7460-4572-4ada-a4ff-fefd23ba6212 805bb2134d174bffb3dd348f04c0a4bc ea3b4cf9758c4a568bbbbb89a380be48 - - default default] Successfully bumped revision number for resource 91689c86-855a-41c9-be3d-e87668967f2c (type: security_group_rules) to 0
