2026-03-31 06:12:11.477 10 WARNING neutron_lib.context [None req-a25583d6-1964-45dd-8163-81e9ed05ffb7 c7a0cdb4f1c843658cc71f364eb8443e 85087d4ca8f44fe8ac35f4a91f357efc - - default default] Method 'is_advsvc' is deprecated since 2023.2 release (neutron-lib 3.8.0) and will be removed once support for the old RBAC API policies will be removed from Neutron. Please use method 'is_service_role' instead.
2026-03-31 06:12:11.644 9 INFO neutron.wsgi [None req-7c0d73a5-2888-4898-b17c-a688a04bcc35 bdce9cd869f248069392cae64f767004 df29d3fcc0dc493d96b7dce1b105b757 - - default default] 10.0.0.150 "DELETE /v2.0/networks/1bfca14c-501b-48e5-bdd3-7c32b3c49a50 HTTP/1.1" status: 204 len: 168 time: 0.4615431
2026-03-31 06:12:12.079 9 INFO neutron.wsgi [None req-8f8de1ba-e5fd-4868-ae26-4fd43a719466 bdce9cd869f248069392cae64f767004 df29d3fcc0dc493d96b7dce1b105b757 - - default default] 10.0.0.150 "DELETE /v2.0/networks/b9db007b-be0f-472c-a1f1-9748a89058dc HTTP/1.1" status: 204 len: 168 time: 0.4288483
2026-03-31 06:12:12.095 9 INFO neutron.services.segments.plugin [-] Segment 1cbf440d-8b1a-44af-b17a-77424f9701ca resource provider aggregate not found
2026-03-31 06:12:12.101 9 INFO neutron.services.segments.plugin [-] Segment 1cbf440d-8b1a-44af-b17a-77424f9701ca resource provider aggregate not found
2026-03-31 06:12:12.116 9 INFO neutron.services.segments.plugin [-] Segment 1cbf440d-8b1a-44af-b17a-77424f9701ca resource provider not found; error: Placement Client Error (4xx): {"errors": [{"status": 404, "title": "Not Found", "detail": "The resource could not be found.\n\n No resource provider with uuid 1cbf440d-8b1a-44af-b17a-77424f9701ca found for delete ", "request_id": "req-d377fae4-0281-44bf-91c8-b4d7d8a6fa0b"}]}
2026-03-31 06:12:12.122 9 INFO neutron.services.segments.plugin [-] Segment 1cbf440d-8b1a-44af-b17a-77424f9701ca resource provider not found; error: Placement Client Error (4xx): {"errors": [{"status": 404, "title": "Not Found", "detail": "The resource could not be found.\n\n No resource provider with uuid 1cbf440d-8b1a-44af-b17a-77424f9701ca found for delete ", "request_id": "req-da7bf425-324b-49b3-adc1-521dd6166e81"}]}
2026-03-31 06:12:12.137 9 INFO neutron.services.segments.plugin [-] Segment 84313a99-f6d3-4f13-957e-bffe5c8f8e5e resource provider aggregate not found
2026-03-31 06:12:12.144 9 INFO neutron.services.segments.plugin [-] Segment 84313a99-f6d3-4f13-957e-bffe5c8f8e5e resource provider aggregate not found
2026-03-31 06:12:12.146 10 WARNING neutron.scheduler.dhcp_agent_scheduler [None req-a25583d6-1964-45dd-8163-81e9ed05ffb7 c7a0cdb4f1c843658cc71f364eb8443e 85087d4ca8f44fe8ac35f4a91f357efc - - default default] No more DHCP agents
2026-03-31 06:12:12.151 10 WARNING neutron.api.rpc.agentnotifiers.dhcp_rpc_agent_api [None req-a25583d6-1964-45dd-8163-81e9ed05ffb7 c7a0cdb4f1c843658cc71f364eb8443e 85087d4ca8f44fe8ac35f4a91f357efc - - default default] Unable to schedule network a06480ad-20a5-4a4c-9e66-78b05aafe665: no agents available; will retry on subsequent port and subnet creation events.
2026-03-31 06:12:12.161 9 INFO neutron.services.segments.plugin [-] Segment 84313a99-f6d3-4f13-957e-bffe5c8f8e5e resource provider not found; error: Placement Client Error (4xx): {"errors": [{"status": 404, "title": "Not Found", "detail": "The resource could not be found.\n\n No resource provider with uuid 84313a99-f6d3-4f13-957e-bffe5c8f8e5e found for delete ", "request_id": "req-525d6dc6-d2c4-4f77-9d18-cbfbeaab2cb1"}]}
2026-03-31 06:12:12.166 9 INFO neutron.services.segments.plugin [-] Segment 84313a99-f6d3-4f13-957e-bffe5c8f8e5e resource provider not found; error: Placement Client Error (4xx): {"errors": [{"status": 404, "title": "Not Found", "detail": "The resource could not be found.\n\n No resource provider with uuid 84313a99-f6d3-4f13-957e-bffe5c8f8e5e found for delete ", "request_id": "req-5ebd3a07-b00d-4734-904a-c30b566b80ba"}]}
2026-03-31 06:12:12.175 9 INFO neutron.services.segments.plugin [-] Segment 519c5be0-4866-479f-8128-7f198b35fe1d resource provider aggregate not found
2026-03-31 06:12:12.184 9 INFO neutron.services.segments.plugin [-] Segment 519c5be0-4866-479f-8128-7f198b35fe1d resource provider aggregate not found
2026-03-31 06:12:12.189 9 INFO neutron.services.segments.plugin [-] Segment 519c5be0-4866-479f-8128-7f198b35fe1d resource provider not found; error: Placement Client Error (4xx): {"errors": [{"status": 404, "title": "Not Found", "detail": "The resource could not be found.\n\n No resource provider with uuid 519c5be0-4866-479f-8128-7f198b35fe1d found for delete ", "request_id": "req-f946daaf-b5ea-4fac-b25e-fd4e6e7f231e"}]}
2026-03-31 06:12:12.199 9 INFO neutron.services.segments.plugin [-] Segment 519c5be0-4866-479f-8128-7f198b35fe1d resource provider not found; error: Placement Client Error (4xx): {"errors": [{"status": 404, "title": "Not Found", "detail": "The resource could not be found.\n\n No resource provider with uuid 519c5be0-4866-479f-8128-7f198b35fe1d found for delete ", "request_id": "req-6c0c6730-b232-475b-8383-1c85dd80f186"}]}
2026-03-31 06:12:12.339 10 INFO neutron.db.ovn_revision_numbers_db [None req-a25583d6-1964-45dd-8163-81e9ed05ffb7 c7a0cdb4f1c843658cc71f364eb8443e 85087d4ca8f44fe8ac35f4a91f357efc - - default default] Successfully bumped revision number for resource 1bcd342c-804c-470f-b2d5-502e58e2f79a (type: ports) to 1
2026-03-31 06:12:13.036 10 INFO neutron.wsgi [req-ac8c9437-fabd-4e0e-8866-62de9458ad5a req-8d2dcd31-bffb-4f32-a15c-a7fc76c1399f e7ceb4d734aa47e282b52cbb6e8b07e3 12986e02cd10464e91b2522803199b02 - - default default] 10.0.0.228 "GET /v2.0/ports?device_id=80924602-6974-462e-a419-907bdb23f353 HTTP/1.1" status: 200 len: 1214 time: 0.1445556
2026-03-31 06:12:13.112 10 INFO neutron.wsgi [req-ac8c9437-fabd-4e0e-8866-62de9458ad5a req-f418938b-c70b-4901-83f7-b6e626c9075e e7ceb4d734aa47e282b52cbb6e8b07e3 12986e02cd10464e91b2522803199b02 - - default default] 10.0.0.228 "GET /v2.0/security-groups?id=28fbd0e7-d5c9-4d97-b1a5-67d634a91393&id=a74369fa-0b71-4e43-9182-69db3425ef98&fields=id&fields=name HTTP/1.1" status: 200 len: 406 time: 0.0625682
2026-03-31 06:12:13.342 9 INFO neutron.db.ovn_revision_numbers_db [None req-0a2f2bc8-fe62-4ce2-b966-41475361c4c9 805bb2134d174bffb3dd348f04c0a4bc ea3b4cf9758c4a568bbbbb89a380be48 - - default default] Successfully bumped revision number for resource 032e1ccf-8cc7-42b0-8171-2f246b3ba6a1 (type: security_groups) to 1
2026-03-31 06:12:13.360 9 INFO neutron.db.ovn_revision_numbers_db [None req-0a2f2bc8-fe62-4ce2-b966-41475361c4c9 805bb2134d174bffb3dd348f04c0a4bc ea3b4cf9758c4a568bbbbb89a380be48 - - default default] Successfully bumped revision number for resource 249b9107-e6b6-4a5c-9195-29ab93e9ee31 (type: security_group_rules) to 0
2026-03-31 06:12:13.378 9 INFO neutron.db.ovn_revision_numbers_db [None req-0a2f2bc8-fe62-4ce2-b966-41475361c4c9 805bb2134d174bffb3dd348f04c0a4bc ea3b4cf9758c4a568bbbbb89a380be48 - - default default] Successfully bumped revision number for resource 6572df63-e1cd-42d3-ba93-1bf67d0f2816 (type: security_group_rules) to 0
2026-03-31 06:12:13.409 9 INFO neutron.db.ovn_revision_numbers_db [None req-0a2f2bc8-fe62-4ce2-b966-41475361c4c9 805bb2134d174bffb3dd348f04c0a4bc ea3b4cf9758c4a568bbbbb89a380be48 - - default default] Successfully bumped revision number for resource 8060e218-4b9c-4062-ac9a-cd96cbf66637 (type: security_group_rules) to 0
2026-03-31 06:12:13.424 9 INFO neutron.wsgi [None req-986e4e58-8852-49eb-b82b-3e4b3d428c6c 60cfbfbad2324026bb515ca9c2742ce3 87aad93fca1e4533aa4c7c24d24438dd - - default default] 10.0.0.150 "GET /v2.0/ports?device_id=80924602-6974-462e-a419-907bdb23f353 HTTP/1.1" status: 200 len: 1447 time: 0.2849967
2026-03-31 06:12:13.431 9 INFO neutron.db.ovn_revision_numbers_db [None req-0a2f2bc8-fe62-4ce2-b966-41475361c4c9 805bb2134d174bffb3dd348f04c0a4bc ea3b4cf9758c4a568bbbbb89a380be48 - - default default] Successfully bumped revision number for resource d783040a-8b6a-439f-a095-4d81366f2c13 (type: security_group_rules) to 0
2026-03-31 06:12:13.456 9 INFO neutron.wsgi [None req-0a2f2bc8-fe62-4ce2-b966-41475361c4c9 805bb2134d174bffb3dd348f04c0a4bc ea3b4cf9758c4a568bbbbb89a380be48 - - default default] 10.0.0.150 "GET /v2.0/security-groups?tenant_id=2ee47c0358164088a1712c2dbf88e843&name=default HTTP/1.1" status: 200 len: 3120 time: 0.4591899
2026-03-31 06:12:13.505 10 INFO neutron.plugins.ml2.drivers.ovn.mech_driver.ovsdb.commands [None req-ccfd4401-7ed7-442c-84fb-c8e53bf34020 - - - - - -] Schedule LRP lrp-1bcd342c-804c-470f-b2d5-502e58e2f79a on gateway e2b808ab-0a5c-4944-8f71-f16af0935e4f with priority 1
2026-03-31 06:12:13.515 10 INFO neutron.wsgi [None req-c7361b82-d6a9-47d8-afcc-9604b4435791 e7ceb4d734aa47e282b52cbb6e8b07e3 12986e02cd10464e91b2522803199b02 - - default default] 10.0.0.150 "GET /v2.0/floatingips?floating_network_id=a06480ad-20a5-4a4c-9e66-78b05aafe665&port_id=0c20bab0-c417-4460-a250-fd8b9e170402 HTTP/1.1" status: 200 len: 1055 time: 0.0855749
2026-03-31 06:12:13.522 9 INFO neutron.plugins.ml2.drivers.ovn.mech_driver.mech_driver [None req-030bbb55-b044-41b5-b59e-7f1ab0a84184 - - - - - -] OVN reports status up for port: 1bcd342c-804c-470f-b2d5-502e58e2f79a
2026-03-31 06:12:13.534 9 INFO neutron.plugins.ml2.plugin [None req-030bbb55-b044-41b5-b59e-7f1ab0a84184 - - - - - -] Attempt 1 to provision port 1bcd342c-804c-470f-b2d5-502e58e2f79a
2026-03-31 06:12:13.552 10 INFO neutron.db.ovn_revision_numbers_db [None req-a25583d6-1964-45dd-8163-81e9ed05ffb7 c7a0cdb4f1c843658cc71f364eb8443e 85087d4ca8f44fe8ac35f4a91f357efc - - default default] Successfully bumped revision number for resource 1bcd342c-804c-470f-b2d5-502e58e2f79a (type: router_ports) to 1
2026-03-31 06:12:13.652 10 INFO neutron.db.ovn_revision_numbers_db [None req-a25583d6-1964-45dd-8163-81e9ed05ffb7 c7a0cdb4f1c843658cc71f364eb8443e 85087d4ca8f44fe8ac35f4a91f357efc - - default default] Successfully bumped revision number for resource 0482461f-e682-44a2-8a3f-c9c97144fa78 (type: routers) to 2
2026-03-31 06:12:13.674 10 INFO neutron.wsgi [None req-a25583d6-1964-45dd-8163-81e9ed05ffb7 c7a0cdb4f1c843658cc71f364eb8443e 85087d4ca8f44fe8ac35f4a91f357efc - - default default] 10.0.0.150 "POST /v2.0/routers HTTP/1.1" status: 201 len: 1136 time: 2.2046576
2026-03-31 06:12:13.775 9 INFO neutron.wsgi [None req-bc152358-805f-42d5-87b8-5d6c6ed4d54b 805bb2134d174bffb3dd348f04c0a4bc ea3b4cf9758c4a568bbbbb89a380be48 - - default default] 10.0.0.150 "DELETE /v2.0/security-groups/032e1ccf-8cc7-42b0-8171-2f246b3ba6a1 HTTP/1.1" status: 204 len: 168 time: 0.3114407
2026-03-31 06:12:13.814 9 INFO neutron.wsgi [req-8ead24c4-0fc2-4630-bb34-78d0e7f43961 req-eb17fba1-31b7-4c5f-9399-7e565a215871 2484bc5e18394fd5807c4e9c6c01aa83 46d00126e9f84abe9169fc548c5482d3 - - 3bfaaca3c24a4c16a7fd45009453a68a 3bfaaca3c24a4c16a7fd45009453a68a] 10.0.0.106 "GET /v2.0/ports?device_id=80924602-6974-462e-a419-907bdb23f353 HTTP/1.1" status: 200 len: 1452 time: 0.0372372
2026-03-31 06:12:13.876 9 INFO neutron.wsgi [req-8ead24c4-0fc2-4630-bb34-78d0e7f43961 req-8913645b-466d-42c7-958a-eebfdb2c042b 2484bc5e18394fd5807c4e9c6c01aa83 46d00126e9f84abe9169fc548c5482d3 - - 3bfaaca3c24a4c16a7fd45009453a68a 3bfaaca3c24a4c16a7fd45009453a68a] 10.0.0.106 "GET /v2.0/security-groups?id=28fbd0e7-d5c9-4d97-b1a5-67d634a91393&id=a74369fa-0b71-4e43-9182-69db3425ef98&fields=id&fields=name HTTP/1.1" status: 200 len: 406 time: 0.0539188
2026-03-31 06:12:13.940 9 INFO neutron.wsgi [None req-23c7e2ad-cabc-4c27-a7bf-9b8765b9ef84 805bb2134d174bffb3dd348f04c0a4bc ea3b4cf9758c4a568bbbbb89a380be48 - - default default] 10.0.0.150 "GET /v2.0/security-groups?tenant_id=df29d3fcc0dc493d96b7dce1b105b757&name=default HTTP/1.1" status: 200 len: 3120 time: 0.0564754
2026-03-31 06:12:14.433 10 INFO neutron.wsgi [None req-2ff9a465-bd6f-48bd-a48e-f810dede9658 805bb2134d174bffb3dd348f04c0a4bc ea3b4cf9758c4a568bbbbb89a380be48 - - default default] 10.0.0.150 "DELETE /v2.0/security-groups/78f3d77f-9bbc-4f20-9708-7fbf64c2a4bc HTTP/1.1" status: 204 len: 168 time: 0.4865615
2026-03-31 06:12:14.607 10 WARNING neutron.scheduler.dhcp_agent_scheduler [None req-3ab334fd-96d7-411e-bfb9-136bfbdfa61b c7a0cdb4f1c843658cc71f364eb8443e 85087d4ca8f44fe8ac35f4a91f357efc - - default default] No more DHCP agents
2026-03-31 06:12:14.610 10 WARNING neutron.api.rpc.agentnotifiers.dhcp_rpc_agent_api [None req-3ab334fd-96d7-411e-bfb9-136bfbdfa61b c7a0cdb4f1c843658cc71f364eb8443e 85087d4ca8f44fe8ac35f4a91f357efc - - default default] Unable to schedule network 404823a9-c8a6-4d09-a8f8-49472e9862bd: no agents available; will retry on subsequent port and subnet creation events.
2026-03-31 06:12:14.768 9 INFO neutron.db.ovn_revision_numbers_db [None req-256056ea-aff8-4fc3-b746-03af42d8b427 805bb2134d174bffb3dd348f04c0a4bc ea3b4cf9758c4a568bbbbb89a380be48 - - default default] Successfully bumped revision number for resource cdc43cc6-e004-4111-9694-20abc848ca74 (type: security_groups) to 1
2026-03-31 06:12:14.809 9 INFO neutron.db.ovn_revision_numbers_db [None req-256056ea-aff8-4fc3-b746-03af42d8b427 805bb2134d174bffb3dd348f04c0a4bc ea3b4cf9758c4a568bbbbb89a380be48 - - default default] Successfully bumped revision number for resource 20450d75-d90b-4d44-adb7-3c3be1cc7e8a (type: security_group_rules) to 0
2026-03-31 06:12:14.829 9 INFO neutron.db.ovn_revision_numbers_db [None req-256056ea-aff8-4fc3-b746-03af42d8b427 805bb2134d174bffb3dd348f04c0a4bc ea3b4cf9758c4a568bbbbb89a380be48 - - default default] Successfully bumped revision number for resource 564df218-3db8-49a0-9e7c-f4ef6db4ba17 (type: security_group_rules) to 0
2026-03-31 06:12:14.837 10 INFO neutron.db.ovn_revision_numbers_db [None req-3ab334fd-96d7-411e-bfb9-136bfbdfa61b c7a0cdb4f1c843658cc71f364eb8443e 85087d4ca8f44fe8ac35f4a91f357efc - - default default] Successfully bumped revision number for resource 07df11af-d6b4-4258-bc00-7e115e23610f (type: ports) to 1
2026-03-31 06:12:14.855 9 INFO neutron.db.ovn_revision_numbers_db [None req-256056ea-aff8-4fc3-b746-03af42d8b427 805bb2134d174bffb3dd348f04c0a4bc ea3b4cf9758c4a568bbbbb89a380be48 - - default default] Successfully bumped revision number for resource 5de7dcb4-eaa5-479d-9ff2-9de17dfec326 (type: security_group_rules) to 0
2026-03-31 06:12:14.875 9 INFO neutron.db.ovn_revision_numbers_db [None req-256056ea-aff8-4fc3-b746-03af42d8b427 805bb2134d174bffb3dd348f04c0a4bc ea3b4cf9758c4a568bbbbb89a380be48 - - default default] Successfully bumped revision number for resource bafa3a5d-3975-4b12-921f-76a55895ce9d (type: security_group_rules) to 0
2026-03-31 06:12:14.923 9 INFO neutron.wsgi [None req-256056ea-aff8-4fc3-b746-03af42d8b427 805bb2134d174bffb3dd348f04c0a4bc ea3b4cf9758c4a568bbbbb89a380be48 - - default default] 10.0.0.150 "GET /v2.0/security-groups?tenant_id=124915a3ddc2420d9a111f1a779adb24&name=default HTTP/1.1" status: 200 len: 3120 time: 0.2914872
2026-03-31 06:12:15.198 9 INFO neutron.wsgi [None req-e5ce770b-c32f-4321-a869-d931d9da1ae6 805bb2134d174bffb3dd348f04c0a4bc ea3b4cf9758c4a568bbbbb89a380be48 - - default default] 10.0.0.150 "DELETE /v2.0/security-groups/cdc43cc6-e004-4111-9694-20abc848ca74 HTTP/1.1" status: 204 len: 168 time: 0.2697742
2026-03-31 06:12:15.841 10 ERROR ovsdbapp.backend.ovs_idl.command [None req-3ab334fd-96d7-411e-bfb9-136bfbdfa61b c7a0cdb4f1c843658cc71f364eb8443e 85087d4ca8f44fe8ac35f4a91f357efc - - default default] Error executing command (DbGetCommand): ovsdbapp.backend.ovs_idl.idlutils.RowNotFound: Cannot find Logical_Router_Port with name=lrp-07df11af-d6b4-4258-bc00-7e115e23610f
2026-03-31 06:12:15.841 10 ERROR ovsdbapp.backend.ovs_idl.command
Traceback (most recent call last):
2026-03-31 06:12:15.841 10 ERROR ovsdbapp.backend.ovs_idl.command
File "/var/lib/openstack/lib/python3.10/site-packages/ovsdbapp/backend/ovs_idl/command.py", line 47, in execute
2026-03-31 06:12:15.841 10 ERROR ovsdbapp.backend.ovs_idl.command self.run_idl(None)
2026-03-31 06:12:15.841 10 ERROR ovsdbapp.backend.ovs_idl.command
File "/var/lib/openstack/lib/python3.10/site-packages/ovsdbapp/backend/ovs_idl/command.py", line 235, in run_idl
2026-03-31 06:12:15.841 10 ERROR ovsdbapp.backend.ovs_idl.command record = self.api.lookup(self.table, self.record)
2026-03-31 06:12:15.841 10 ERROR ovsdbapp.backend.ovs_idl.command
File "/var/lib/openstack/lib/python3.10/site-packages/ovsdbapp/backend/ovs_idl/__init__.py", line 184, in lookup
2026-03-31 06:12:15.841 10 ERROR ovsdbapp.backend.ovs_idl.command return self._lookup(table, record)
2026-03-31 06:12:15.841 10 ERROR ovsdbapp.backend.ovs_idl.command
File "/var/lib/openstack/lib/python3.10/site-packages/ovsdbapp/backend/ovs_idl/__init__.py", line 235, in _lookup
2026-03-31 06:12:15.841 10 ERROR ovsdbapp.backend.ovs_idl.command row = idlutils.row_by_value(self, rl.table, rl.column, record)
2026-03-31 06:12:15.841 10 ERROR ovsdbapp.backend.ovs_idl.command
File "/var/lib/openstack/lib/python3.10/site-packages/ovsdbapp/backend/ovs_idl/idlutils.py", line 114, in row_by_value
2026-03-31 06:12:15.841 10 ERROR ovsdbapp.backend.ovs_idl.command raise RowNotFound(table=table, col=column, match=match)
2026-03-31 06:12:15.841 10 ERROR ovsdbapp.backend.ovs_idl.command ovsdbapp.backend.ovs_idl.idlutils.RowNotFound: Cannot find Logical_Router_Port with name=lrp-07df11af-d6b4-4258-bc00-7e115e23610f
2026-03-31 06:12:15.841 10 ERROR ovsdbapp.backend.ovs_idl.command 
2026-03-31 06:12:15.842 10 ERROR neutron_lib.callbacks.manager [None req-3ab334fd-96d7-411e-bfb9-136bfbdfa61b c7a0cdb4f1c843658cc71f364eb8443e 85087d4ca8f44fe8ac35f4a91f357efc - - default default] Error during notification for neutron.services.ovn_l3.plugin.OVNL3RouterPlugin._port_update-8773592256239 port, after_update: ovsdbapp.backend.ovs_idl.idlutils.RowNotFound: Cannot find Logical_Router_Port with name=lrp-07df11af-d6b4-4258-bc00-7e115e23610f
2026-03-31 06:12:15.842 10 ERROR neutron_lib.callbacks.manager
Traceback (most recent call last):
2026-03-31 06:12:15.842 10 ERROR neutron_lib.callbacks.manager
File "/var/lib/openstack/lib/python3.10/site-packages/neutron_lib/callbacks/manager.py", line 189, in _notify_loop
2026-03-31 06:12:15.842 10 ERROR neutron_lib.callbacks.manager callback.method(resource, event, trigger, payload=payload)
2026-03-31 06:12:15.842 10 ERROR neutron_lib.callbacks.manager
File "/var/lib/openstack/lib/python3.10/site-packages/neutron/services/ovn_l3/plugin.py", line 391, in _port_update
2026-03-31 06:12:15.842 10 ERROR neutron_lib.callbacks.manager l3plugin._ovn_client.update_router_port(context,
2026-03-31 06:12:15.842 10 ERROR neutron_lib.callbacks.manager
File "/var/lib/openstack/lib/python3.10/site-packages/neutron/plugins/ml2/drivers/ovn/mech_driver/ovsdb/ovn_client.py", line 1878, in update_router_port
2026-03-31 06:12:15.842 10 ERROR neutron_lib.callbacks.manager self._update_lrouter_port(context, port, if_exists=if_exists,
2026-03-31 06:12:15.842 10 ERROR neutron_lib.callbacks.manager
File "/var/lib/openstack/lib/python3.10/site-packages/neutron/plugins/ml2/drivers/ovn/mech_driver/ovsdb/ovn_client.py", line 1855, in _update_lrouter_port
2026-03-31 06:12:15.842 10 ERROR neutron_lib.callbacks.manager external_ids = self._nb_idl.db_get(
2026-03-31 06:12:15.842 10 ERROR neutron_lib.callbacks.manager
File "/var/lib/openstack/lib/python3.10/site-packages/ovsdbapp/backend/ovs_idl/command.py", line 47, in execute
2026-03-31 06:12:15.842 10 ERROR neutron_lib.callbacks.manager self.run_idl(None)
2026-03-31 06:12:15.842 10 ERROR neutron_lib.callbacks.manager
File "/var/lib/openstack/lib/python3.10/site-packages/ovsdbapp/backend/ovs_idl/command.py", line 235, in run_idl
2026-03-31 06:12:15.842 10 ERROR neutron_lib.callbacks.manager record = self.api.lookup(self.table, self.record)
2026-03-31 06:12:15.842 10 ERROR neutron_lib.callbacks.manager
File "/var/lib/openstack/lib/python3.10/site-packages/ovsdbapp/backend/ovs_idl/__init__.py", line 184, in lookup
2026-03-31 06:12:15.842 10 ERROR neutron_lib.callbacks.manager return self._lookup(table, record)
2026-03-31 06:12:15.842 10 ERROR neutron_lib.callbacks.manager
File "/var/lib/openstack/lib/python3.10/site-packages/ovsdbapp/backend/ovs_idl/__init__.py", line 235, in _lookup
2026-03-31 06:12:15.842 10 ERROR neutron_lib.callbacks.manager row = idlutils.row_by_value(self, rl.table, rl.column, record)
2026-03-31 06:12:15.842 10 ERROR neutron_lib.callbacks.manager
File "/var/lib/openstack/lib/python3.10/site-packages/ovsdbapp/backend/ovs_idl/idlutils.py", line 114, in row_by_value
2026-03-31 06:12:15.842 10 ERROR neutron_lib.callbacks.manager raise RowNotFound(table=table, col=column, match=match)
2026-03-31 06:12:15.842 10 ERROR neutron_lib.callbacks.manager ovsdbapp.backend.ovs_idl.idlutils.RowNotFound: Cannot find Logical_Router_Port with name=lrp-07df11af-d6b4-4258-bc00-7e115e23610f
2026-03-31 06:12:15.842 10 ERROR neutron_lib.callbacks.manager 
2026-03-31 06:12:16.112 10 INFO neutron.db.ovn_revision_numbers_db [None req-3ab334fd-96d7-411e-bfb9-136bfbdfa61b c7a0cdb4f1c843658cc71f364eb8443e 85087d4ca8f44fe8ac35f4a91f357efc - - default default] Successfully bumped revision number for resource 07df11af-d6b4-4258-bc00-7e115e23610f (type: ports) to 1
2026-03-31 06:12:16.208 10 WARNING neutron.scheduler.dhcp_agent_scheduler [None req-3ab334fd-96d7-411e-bfb9-136bfbdfa61b c7a0cdb4f1c843658cc71f364eb8443e 85087d4ca8f44fe8ac35f4a91f357efc - - default default] No more DHCP agents
2026-03-31 06:12:16.210 10 WARNING neutron.api.rpc.agentnotifiers.dhcp_rpc_agent_api [None req-3ab334fd-96d7-411e-bfb9-136bfbdfa61b c7a0cdb4f1c843658cc71f364eb8443e 85087d4ca8f44fe8ac35f4a91f357efc - - default default] Unable to schedule network 404823a9-c8a6-4d09-a8f8-49472e9862bd: no agents available; will retry on subsequent port and subnet creation events.
2026-03-31 06:12:16.224 9 INFO neutron.wsgi [req-fe74ffdf-9218-4a00-a691-5d4bd98879d7 req-bb8a6cae-1593-4638-9891-32fd315c92aa e7ceb4d734aa47e282b52cbb6e8b07e3 12986e02cd10464e91b2522803199b02 - - default default] 10.0.0.228 "GET /v2.0/ports?device_id=80924602-6974-462e-a419-907bdb23f353 HTTP/1.1" status: 200 len: 1214 time: 0.1256931
2026-03-31 06:12:16.314 9 INFO neutron.wsgi [req-fe74ffdf-9218-4a00-a691-5d4bd98879d7 req-e726b83a-dfe0-4df4-b8eb-114c9994d1d2 e7ceb4d734aa47e282b52cbb6e8b07e3 12986e02cd10464e91b2522803199b02 - - default default] 10.0.0.228 "GET /v2.0/security-groups?id=28fbd0e7-d5c9-4d97-b1a5-67d634a91393&id=a74369fa-0b71-4e43-9182-69db3425ef98&fields=id&fields=name HTTP/1.1" status: 200 len: 406 time: 0.0810359
2026-03-31 06:12:16.456 10 INFO neutron.wsgi [req-5a8a93b8-b509-428e-acf3-81a980995a9b req-85d055f4-5d66-405e-920b-64b0709e43c5 e7ceb4d734aa47e282b52cbb6e8b07e3 12986e02cd10464e91b2522803199b02 - - default default] 199.204.45.250 "GET /v2.0/ports?device_id=80924602-6974-462e-a419-907bdb23f353 HTTP/1.1" status: 200 len: 1214 time: 0.0561335
2026-03-31 06:12:16.652 10 INFO neutron.db.ovn_revision_numbers_db [None req-3ab334fd-96d7-411e-bfb9-136bfbdfa61b c7a0cdb4f1c843658cc71f364eb8443e 85087d4ca8f44fe8ac35f4a91f357efc - - default default] Successfully bumped revision number for resource 07df11af-d6b4-4258-bc00-7e115e23610f (type: router_ports) to 1
2026-03-31 06:12:16.658 10 INFO neutron.wsgi [None req-3ab334fd-96d7-411e-bfb9-136bfbdfa61b c7a0cdb4f1c843658cc71f364eb8443e 85087d4ca8f44fe8ac35f4a91f357efc - - default default] 10.0.0.150 "PUT /v2.0/routers/0482461f-e682-44a2-8a3f-c9c97144fa78/add_router_interface HTTP/1.1" status: 200 len: 503 time: 2.9786718
2026-03-31 06:12:16.672 9 WARNING neutron_lib.context [None req-288a6fda-1a7c-4c07-a603-aa41e2ef8103 c7a0cdb4f1c843658cc71f364eb8443e 85087d4ca8f44fe8ac35f4a91f357efc - - default default] Method 'is_advsvc' is deprecated since 2023.2 release (neutron-lib 3.8.0) and will be removed once support for the old RBAC API policies will be removed from Neutron. Please use method 'is_service_role' instead.
2026-03-31 06:12:16.990 10 INFO neutron.db.l3_db [req-5a8a93b8-b509-428e-acf3-81a980995a9b req-ad2f6ad3-2aa0-4a3a-9f5c-0770e845c68d e7ceb4d734aa47e282b52cbb6e8b07e3 12986e02cd10464e91b2522803199b02 - - default default] Floating IP 69959fe2-cf02-46c1-91d7-8b70200cc29d disassociated. External IP: 10.96.250.209, port: 0c20bab0-c417-4460-a250-fd8b9e170402.
2026-03-31 06:12:17.161 10 INFO neutron.wsgi [req-5a8a93b8-b509-428e-acf3-81a980995a9b req-ad2f6ad3-2aa0-4a3a-9f5c-0770e845c68d e7ceb4d734aa47e282b52cbb6e8b07e3 12986e02cd10464e91b2522803199b02 - - default default] 199.204.45.250 "DELETE /v2.0/ports/0c20bab0-c417-4460-a250-fd8b9e170402 HTTP/1.1" status: 204 len: 173 time: 0.6975856
2026-03-31 06:12:17.214 10 INFO neutron.notifiers.nova [-] Nova event matching ['req-0cb6324c-32e6-43c6-8547-7be5cb688809'] response: {'server_uuid': '80924602-6974-462e-a419-907bdb23f353', 'name': 'network-vif-deleted', 'tag': '0c20bab0-c417-4460-a250-fd8b9e170402', 'status': 'completed', 'code': 200}
2026-03-31 06:12:17.344 9 WARNING neutron.scheduler.dhcp_agent_scheduler [None req-288a6fda-1a7c-4c07-a603-aa41e2ef8103 c7a0cdb4f1c843658cc71f364eb8443e 85087d4ca8f44fe8ac35f4a91f357efc - - default default] No more DHCP agents
2026-03-31 06:12:17.349 9 WARNING neutron.api.rpc.agentnotifiers.dhcp_rpc_agent_api [None req-288a6fda-1a7c-4c07-a603-aa41e2ef8103 c7a0cdb4f1c843658cc71f364eb8443e 85087d4ca8f44fe8ac35f4a91f357efc - - default default] Unable to schedule network a06480ad-20a5-4a4c-9e66-78b05aafe665: no agents available; will retry on subsequent port and subnet creation events.
2026-03-31 06:12:17.438 9 INFO neutron.wsgi [req-2ab3660b-af2d-45ef-b1ff-3845b0b1cdc6 req-c7c3f0d3-abe4-4700-b6f0-4254fac5c9c0 e7ceb4d734aa47e282b52cbb6e8b07e3 12986e02cd10464e91b2522803199b02 - - default default] 10.0.0.228 "GET /v2.0/ports?device_id=80924602-6974-462e-a419-907bdb23f353 HTTP/1.1" status: 200 len: 210 time: 0.0301299
2026-03-31 06:12:17.565 9 INFO neutron.db.ovn_revision_numbers_db [None req-288a6fda-1a7c-4c07-a603-aa41e2ef8103 c7a0cdb4f1c843658cc71f364eb8443e 85087d4ca8f44fe8ac35f4a91f357efc - - default default] Successfully bumped revision number for resource 3f9deb6f-06d1-4bf0-b22a-8505adb4f052 (type: ports) to 1
2026-03-31 06:12:17.842 9 INFO neutron.db.ovn_revision_numbers_db [None req-288a6fda-1a7c-4c07-a603-aa41e2ef8103 c7a0cdb4f1c843658cc71f364eb8443e 85087d4ca8f44fe8ac35f4a91f357efc - - default default] Successfully bumped revision number for resource 3f9deb6f-06d1-4bf0-b22a-8505adb4f052 (type: ports) to 1
2026-03-31 06:12:17.922 9 INFO neutron.db.segments_db [None req-288a6fda-1a7c-4c07-a603-aa41e2ef8103 c7a0cdb4f1c843658cc71f364eb8443e 85087d4ca8f44fe8ac35f4a91f357efc - - default default] Added segment 5bd4bc89-6950-48c5-99f8-1bbea7b1c470 of type geneve for network 7bd7ebe8-f1e0-4963-b285-7bd43545d57a
2026-03-31 06:12:18.114 9 INFO neutron.db.ovn_revision_numbers_db [None req-288a6fda-1a7c-4c07-a603-aa41e2ef8103 c7a0cdb4f1c843658cc71f364eb8443e 85087d4ca8f44fe8ac35f4a91f357efc - - default default] Successfully bumped revision number for resource 7bd7ebe8-f1e0-4963-b285-7bd43545d57a (type: networks) to 1
2026-03-31 06:12:18.320 9 WARNING neutron.plugins.ml2.drivers.ovn.mech_driver.ovsdb.ovn_client [None req-030bbb55-b044-41b5-b59e-7f1ab0a84184 - - - - - -] No hosting information found for port 1bcd342c-804c-470f-b2d5-502e58e2f79a: RuntimeError: No hosting information found for port 1bcd342c-804c-470f-b2d5-502e58e2f79a
2026-03-31 06:12:18.320 9 INFO neutron.plugins.ml2.drivers.ovn.mech_driver.mech_driver [None req-030bbb55-b044-41b5-b59e-7f1ab0a84184 - - - - - -] OVN reports status up for port: 07df11af-d6b4-4258-bc00-7e115e23610f
2026-03-31 06:12:18.322 9 WARNING neutron.scheduler.dhcp_agent_scheduler [None req-288a6fda-1a7c-4c07-a603-aa41e2ef8103 c7a0cdb4f1c843658cc71f364eb8443e 85087d4ca8f44fe8ac35f4a91f357efc - - default default] No more DHCP agents
2026-03-31 06:12:18.327 9 WARNING neutron.api.rpc.agentnotifiers.dhcp_rpc_agent_api [None req-288a6fda-1a7c-4c07-a603-aa41e2ef8103 c7a0cdb4f1c843658cc71f364eb8443e 85087d4ca8f44fe8ac35f4a91f357efc - - default default] Unable to schedule network 7bd7ebe8-f1e0-4963-b285-7bd43545d57a: no agents available; will retry on subsequent port and subnet creation events.
2026-03-31 06:12:18.339 9 INFO neutron.plugins.ml2.plugin [None req-030bbb55-b044-41b5-b59e-7f1ab0a84184 - - - - - -] Attempt 1 to provision port 07df11af-d6b4-4258-bc00-7e115e23610f
2026-03-31 06:12:18.476 9 INFO neutron.db.ovn_revision_numbers_db [None req-288a6fda-1a7c-4c07-a603-aa41e2ef8103 c7a0cdb4f1c843658cc71f364eb8443e 85087d4ca8f44fe8ac35f4a91f357efc - - default default] Successfully bumped revision number for resource be1c5735-bf41-4c63-95b6-0247e6479995 (type: ports) to 1 /var/lib/openstack/lib/python3.10/site-packages/pycadf/identifier.py:71: UserWarning: Invalid uuid: neutron. To ensure interoperability, identifiers should be a valid uuid. warnings.warn(('Invalid uuid: %s. To ensure interoperability, '
2026-03-31 06:12:18.721 9 WARNING neutron.scheduler.dhcp_agent_scheduler [None req-288a6fda-1a7c-4c07-a603-aa41e2ef8103 c7a0cdb4f1c843658cc71f364eb8443e 85087d4ca8f44fe8ac35f4a91f357efc - - default default] No more DHCP agents
2026-03-31 06:12:18.725 9 WARNING neutron.api.rpc.agentnotifiers.dhcp_rpc_agent_api [None req-288a6fda-1a7c-4c07-a603-aa41e2ef8103 c7a0cdb4f1c843658cc71f364eb8443e 85087d4ca8f44fe8ac35f4a91f357efc - - default default] Unable to schedule network 7bd7ebe8-f1e0-4963-b285-7bd43545d57a: no agents available; will retry on subsequent port and subnet creation events.
2026-03-31 06:12:18.788 9 INFO neutron.db.ovn_revision_numbers_db [None req-288a6fda-1a7c-4c07-a603-aa41e2ef8103 c7a0cdb4f1c843658cc71f364eb8443e 85087d4ca8f44fe8ac35f4a91f357efc - - default default] Successfully bumped revision number for resource facebba7-88d8-4051-bb7a-848c083be8db (type: subnets) to 0
2026-03-31 06:12:18.813 10 INFO neutron.wsgi [None req-af269c11-9022-4fb0-a667-df3daf966e80 e7ceb4d734aa47e282b52cbb6e8b07e3 12986e02cd10464e91b2522803199b02 - - default default] 10.0.0.150 "DELETE /v2.0/security-groups/28fbd0e7-d5c9-4d97-b1a5-67d634a91393 HTTP/1.1" status: 204 len: 168 time: 0.1731191
2026-03-31 06:12:18.831 10 INFO neutron.api.v2.resource [None req-3ee77d26-ae01-428f-8216-a216553f4f4c e7ceb4d734aa47e282b52cbb6e8b07e3 12986e02cd10464e91b2522803199b02 - - default default] show failed (client error): The resource could not be found.
2026-03-31 06:12:18.832 10 INFO neutron.wsgi [None req-3ee77d26-ae01-428f-8216-a216553f4f4c e7ceb4d734aa47e282b52cbb6e8b07e3 12986e02cd10464e91b2522803199b02 - - default default] 10.0.0.150 "GET /v2.0/security-groups/28fbd0e7-d5c9-4d97-b1a5-67d634a91393 HTTP/1.1" status: 404 len: 347 time: 0.0145116
2026-03-31 06:12:19.244 10 INFO neutron.wsgi [None req-424c7228-63b0-44c6-8bcd-906a9298251d e7ceb4d734aa47e282b52cbb6e8b07e3 12986e02cd10464e91b2522803199b02 - - default default] 10.0.0.150 "DELETE /v2.0/floatingips/69959fe2-cf02-46c1-91d7-8b70200cc29d HTTP/1.1" status: 204 len: 168 time: 0.4053299
2026-03-31 06:12:19.330 9 INFO neutron.db.ovn_revision_numbers_db [None req-030bbb55-b044-41b5-b59e-7f1ab0a84184 - - - - - -] Successfully bumped revision number for resource 07df11af-d6b4-4258-bc00-7e115e23610f (type: ports) to 2
2026-03-31 06:12:19.472 10 INFO neutron.wsgi [None req-589907f0-df96-419c-9ee8-0f0f5ff22be1 e7ceb4d734aa47e282b52cbb6e8b07e3 12986e02cd10464e91b2522803199b02 - - default default] 10.0.0.150 "DELETE /v2.0/security-groups/a74369fa-0b71-4e43-9182-69db3425ef98 HTTP/1.1" status: 204 len: 168 time: 0.2228203
2026-03-31 06:12:19.565 9 INFO neutron.db.ovn_revision_numbers_db [None req-030bbb55-b044-41b5-b59e-7f1ab0a84184 - - - - - -] Successfully bumped revision number for resource 07df11af-d6b4-4258-bc00-7e115e23610f (type: router_ports) to 2
2026-03-31 06:12:19.650 10 INFO neutron.wsgi [-] 10.0.0.158 "GET / HTTP/1.1" status: 200 len: 247 time: 0.0023029
2026-03-31 06:12:19.653 10 INFO neutron.wsgi [-] 10.0.0.158 "GET / HTTP/1.1" status: 200 len: 247 time: 0.0019135
2026-03-31 06:12:19.852 9 WARNING neutron.scheduler.dhcp_agent_scheduler [None req-288a6fda-1a7c-4c07-a603-aa41e2ef8103 c7a0cdb4f1c843658cc71f364eb8443e 85087d4ca8f44fe8ac35f4a91f357efc - - default default] No more DHCP agents
2026-03-31 06:12:19.855 9 WARNING neutron.api.rpc.agentnotifiers.dhcp_rpc_agent_api [None req-288a6fda-1a7c-4c07-a603-aa41e2ef8103 c7a0cdb4f1c843658cc71f364eb8443e 85087d4ca8f44fe8ac35f4a91f357efc - - default default] Unable to schedule network 7bd7ebe8-f1e0-4963-b285-7bd43545d57a: no agents available; will retry on subsequent port and subnet creation events.
2026-03-31 06:12:20.026 9 INFO neutron.wsgi [None req-c7010637-f131-4c5e-949d-e1203e711de0 c446909b5bfa458b99d6bcd43d3a722b b9a3a9c308ed443784d8b3a357287348 - - default default] 10.0.0.150 "POST /v2.0/qos/policies HTTP/1.1" status: 201 len: 558 time: 0.3059700
2026-03-31 06:12:20.105 9 INFO neutron.wsgi [None req-20a09a78-ae09-4404-88c7-83d3c183067b c446909b5bfa458b99d6bcd43d3a722b b9a3a9c308ed443784d8b3a357287348 - - default default] 10.0.0.150 "POST /v2.0/qos/policies HTTP/1.1" status: 201 len: 558 time: 0.0735347
2026-03-31 06:12:20.161 9 INFO neutron.db.ovn_revision_numbers_db [None req-288a6fda-1a7c-4c07-a603-aa41e2ef8103 c7a0cdb4f1c843658cc71f364eb8443e 85087d4ca8f44fe8ac35f4a91f357efc - - default default] Successfully bumped revision number for resource 126937a6-efff-423e-b78d-f5ca6b87b8e4 (type: ports) to 1
2026-03-31 06:12:20.182 9 INFO neutron.wsgi [None req-9f5eb870-4340-4432-84ed-7610a42d2797 c446909b5bfa458b99d6bcd43d3a722b b9a3a9c308ed443784d8b3a357287348 - - default default] 10.0.0.150 "POST /v2.0/qos/policies HTTP/1.1" status: 201 len: 558 time: 0.0619793
2026-03-31 06:12:20.288 9 INFO neutron.wsgi [None req-17c5f1ae-9948-49d4-a3a4-c13b8c5aab5e c446909b5bfa458b99d6bcd43d3a722b b9a3a9c308ed443784d8b3a357287348 - - default default] 10.0.0.150 "POST /v2.0/qos/policies HTTP/1.1" status: 201 len: 558 time: 0.0834372
2026-03-31 06:12:20.364 9 INFO neutron.wsgi [None req-70f11f88-2cd7-442e-a3c2-fd8e7909e875 c446909b5bfa458b99d6bcd43d3a722b b9a3a9c308ed443784d8b3a357287348 - - default default] 10.0.0.150 "POST /v2.0/qos/policies HTTP/1.1" status: 201 len: 558 time: 0.0710104
2026-03-31 06:12:20.416 9 INFO neutron.wsgi [None req-930d86aa-ffaf-49a5-b436-aecf6c8d4934 c446909b5bfa458b99d6bcd43d3a722b b9a3a9c308ed443784d8b3a357287348 - - default default] 10.0.0.150 "PUT /v2.0/policies/87ec9942-49f1-47c0-8fd7-f1bd30dcb3bd/tags HTTP/1.1" status: 200 len: 210 time: 0.0422187
2026-03-31 06:12:20.471 10 INFO neutron.wsgi [None req-2f6223df-62ad-47e5-85d5-3f1ebb14ee0e c446909b5bfa458b99d6bcd43d3a722b b9a3a9c308ed443784d8b3a357287348 - - default default] 10.0.0.150 "PUT /v2.0/policies/3549cb69-5624-45ba-9707-b042b2fd11a8/tags HTTP/1.1" status: 200 len: 218 time: 0.0455201
2026-03-31 06:12:20.530 9 INFO neutron.wsgi [None req-23409971-a4ce-4092-b47f-1fc85ea2a550 c446909b5bfa458b99d6bcd43d3a722b b9a3a9c308ed443784d8b3a357287348 - - default default] 10.0.0.150 "PUT /v2.0/policies/ee358c42-751c-4746-b6a5-115b7e3dee9f/tags HTTP/1.1" status: 200 len: 227 time: 0.0533164
2026-03-31 06:12:20.589 10 INFO neutron.wsgi [None req-bed3b4b4-86e1-4b29-969e-f59b589fa3cd c446909b5bfa458b99d6bcd43d3a722b b9a3a9c308ed443784d8b3a357287348 - - default default] 10.0.0.150 "PUT /v2.0/policies/601cd95d-9a49-422d-baf9-6c0973570779/tags HTTP/1.1" status: 200 len: 212 time: 0.0506258
2026-03-31 06:12:20.933 9 ERROR ovsdbapp.backend.ovs_idl.command [None req-288a6fda-1a7c-4c07-a603-aa41e2ef8103 c7a0cdb4f1c843658cc71f364eb8443e 85087d4ca8f44fe8ac35f4a91f357efc - - default default] Error executing command (DbGetCommand): ovsdbapp.backend.ovs_idl.idlutils.RowNotFound: Cannot find Logical_Router_Port with name=lrp-126937a6-efff-423e-b78d-f5ca6b87b8e4
2026-03-31 06:12:20.933 9 ERROR ovsdbapp.backend.ovs_idl.command
Traceback (most recent call last):
2026-03-31 06:12:20.933 9 ERROR ovsdbapp.backend.ovs_idl.command
File "/var/lib/openstack/lib/python3.10/site-packages/ovsdbapp/backend/ovs_idl/command.py", line 47, in execute
2026-03-31 06:12:20.933 9 ERROR ovsdbapp.backend.ovs_idl.command self.run_idl(None)
2026-03-31 06:12:20.933 9 ERROR ovsdbapp.backend.ovs_idl.command
File "/var/lib/openstack/lib/python3.10/site-packages/ovsdbapp/backend/ovs_idl/command.py", line 235, in run_idl
2026-03-31 06:12:20.933 9 ERROR ovsdbapp.backend.ovs_idl.command record = self.api.lookup(self.table, self.record)
2026-03-31 06:12:20.933 9 ERROR ovsdbapp.backend.ovs_idl.command
File "/var/lib/openstack/lib/python3.10/site-packages/ovsdbapp/backend/ovs_idl/__init__.py", line 184, in lookup
2026-03-31 06:12:20.933 9 ERROR ovsdbapp.backend.ovs_idl.command return self._lookup(table, record)
2026-03-31 06:12:20.933 9 ERROR ovsdbapp.backend.ovs_idl.command
File "/var/lib/openstack/lib/python3.10/site-packages/ovsdbapp/backend/ovs_idl/__init__.py", line 235, in _lookup
2026-03-31 06:12:20.933 9 ERROR ovsdbapp.backend.ovs_idl.command row = idlutils.row_by_value(self, rl.table, rl.column, record)
2026-03-31 06:12:20.933 9 ERROR ovsdbapp.backend.ovs_idl.command
File "/var/lib/openstack/lib/python3.10/site-packages/ovsdbapp/backend/ovs_idl/idlutils.py", line 114, in row_by_value
2026-03-31 06:12:20.933 9 ERROR ovsdbapp.backend.ovs_idl.command raise RowNotFound(table=table, col=column, match=match)
2026-03-31 06:12:20.933 9 ERROR ovsdbapp.backend.ovs_idl.command ovsdbapp.backend.ovs_idl.idlutils.RowNotFound: Cannot find Logical_Router_Port with name=lrp-126937a6-efff-423e-b78d-f5ca6b87b8e4
2026-03-31 06:12:20.933 9 ERROR ovsdbapp.backend.ovs_idl.command 
2026-03-31 06:12:20.933 9 ERROR neutron_lib.callbacks.manager [None req-288a6fda-1a7c-4c07-a603-aa41e2ef8103 c7a0cdb4f1c843658cc71f364eb8443e 85087d4ca8f44fe8ac35f4a91f357efc - - default default] Error during notification for neutron.services.ovn_l3.plugin.OVNL3RouterPlugin._port_update-8773592256239 port, after_update: ovsdbapp.backend.ovs_idl.idlutils.RowNotFound: Cannot find Logical_Router_Port with name=lrp-126937a6-efff-423e-b78d-f5ca6b87b8e4
2026-03-31 06:12:20.933 9 ERROR neutron_lib.callbacks.manager
Traceback (most recent call last):
2026-03-31 06:12:20.933 9 ERROR neutron_lib.callbacks.manager
File "/var/lib/openstack/lib/python3.10/site-packages/neutron_lib/callbacks/manager.py", line 189, in _notify_loop
2026-03-31 06:12:20.933 9 ERROR neutron_lib.callbacks.manager callback.method(resource, event, trigger, payload=payload)
2026-03-31 06:12:20.933 9 ERROR neutron_lib.callbacks.manager
File "/var/lib/openstack/lib/python3.10/site-packages/neutron/services/ovn_l3/plugin.py", line 391, in _port_update
2026-03-31 06:12:20.933 9 ERROR neutron_lib.callbacks.manager l3plugin._ovn_client.update_router_port(context,
2026-03-31 06:12:20.933 9 ERROR neutron_lib.callbacks.manager
File "/var/lib/openstack/lib/python3.10/site-packages/neutron/plugins/ml2/drivers/ovn/mech_driver/ovsdb/ovn_client.py", line 1878, in update_router_port
2026-03-31 06:12:20.933 9 ERROR neutron_lib.callbacks.manager self._update_lrouter_port(context, port, if_exists=if_exists,
2026-03-31 06:12:20.933 9 ERROR neutron_lib.callbacks.manager
File "/var/lib/openstack/lib/python3.10/site-packages/neutron/plugins/ml2/drivers/ovn/mech_driver/ovsdb/ovn_client.py", line 1855, in _update_lrouter_port
2026-03-31 06:12:20.933 9 ERROR neutron_lib.callbacks.manager external_ids = self._nb_idl.db_get(
2026-03-31 06:12:20.933 9 ERROR neutron_lib.callbacks.manager
File "/var/lib/openstack/lib/python3.10/site-packages/ovsdbapp/backend/ovs_idl/command.py", line 47, in execute
2026-03-31 06:12:20.933 9 ERROR neutron_lib.callbacks.manager self.run_idl(None)
2026-03-31 06:12:20.933 9 ERROR neutron_lib.callbacks.manager
File "/var/lib/openstack/lib/python3.10/site-packages/ovsdbapp/backend/ovs_idl/command.py", line 235, in run_idl
2026-03-31 06:12:20.933 9 ERROR neutron_lib.callbacks.manager record = self.api.lookup(self.table, self.record)
2026-03-31 06:12:20.933 9 ERROR neutron_lib.callbacks.manager
File "/var/lib/openstack/lib/python3.10/site-packages/ovsdbapp/backend/ovs_idl/__init__.py", line 184, in lookup
2026-03-31 06:12:20.933 9 ERROR neutron_lib.callbacks.manager return self._lookup(table, record)
2026-03-31 06:12:20.933 9 ERROR neutron_lib.callbacks.manager
File "/var/lib/openstack/lib/python3.10/site-packages/ovsdbapp/backend/ovs_idl/__init__.py", line 235, in _lookup
2026-03-31 06:12:20.933 9 ERROR neutron_lib.callbacks.manager row = idlutils.row_by_value(self, rl.table, rl.column, record)
2026-03-31 06:12:20.933 9 ERROR neutron_lib.callbacks.manager
File "/var/lib/openstack/lib/python3.10/site-packages/ovsdbapp/backend/ovs_idl/idlutils.py", line 114, in row_by_value
2026-03-31 06:12:20.933 9 ERROR neutron_lib.callbacks.manager raise RowNotFound(table=table, col=column, match=match)
2026-03-31 06:12:20.933 9 ERROR neutron_lib.callbacks.manager ovsdbapp.backend.ovs_idl.idlutils.RowNotFound: Cannot find Logical_Router_Port with name=lrp-126937a6-efff-423e-b78d-f5ca6b87b8e4
2026-03-31 06:12:20.933 9 ERROR neutron_lib.callbacks.manager 
2026-03-31 06:12:21.170 9 INFO neutron.wsgi [None req-653d53ae-8514-4e26-835a-5675d14faa0a d093ce2e087644bbafe4be7c7a38165f b9eee0c7f08c467e8956a19e443092cc - - default default] 10.0.0.150 "GET /v2.0/qos/policies?tags=red HTTP/1.1" status: 200 len: 1296 time: 0.1965830
2026-03-31 06:12:21.240 9 INFO neutron.db.ovn_revision_numbers_db [None req-288a6fda-1a7c-4c07-a603-aa41e2ef8103 c7a0cdb4f1c843658cc71f364eb8443e 85087d4ca8f44fe8ac35f4a91f357efc - - default default] Successfully bumped revision number for resource 126937a6-efff-423e-b78d-f5ca6b87b8e4 (type: ports) to 1
2026-03-31 06:12:21.286 10 INFO neutron.wsgi [None req-d9ac1ac8-59fb-4b25-95e8-ad0d3b2810c0 d093ce2e087644bbafe4be7c7a38165f b9eee0c7f08c467e8956a19e443092cc - - default default] 10.0.0.150 "GET /v2.0/qos/policies?tags=red%2Cblue HTTP/1.1" status: 200 len: 941 time: 0.1115825
2026-03-31 06:12:21.331 9 WARNING neutron.scheduler.dhcp_agent_scheduler [None req-288a6fda-1a7c-4c07-a603-aa41e2ef8103 c7a0cdb4f1c843658cc71f364eb8443e 85087d4ca8f44fe8ac35f4a91f357efc - - default default] No more DHCP agents
2026-03-31 06:12:21.332 9 WARNING neutron.api.rpc.agentnotifiers.dhcp_rpc_agent_api [None req-288a6fda-1a7c-4c07-a603-aa41e2ef8103 c7a0cdb4f1c843658cc71f364eb8443e 85087d4ca8f44fe8ac35f4a91f357efc - - default default] Unable to schedule network 7bd7ebe8-f1e0-4963-b285-7bd43545d57a: no agents available; will retry on subsequent port and subnet creation events.
2026-03-31 06:12:21.396 9 INFO neutron.wsgi [None req-8c7d8d4f-56af-4729-b25c-59b3590fbddf d093ce2e087644bbafe4be7c7a38165f b9eee0c7f08c467e8956a19e443092cc - - default default] 10.0.0.150 "GET /v2.0/qos/policies?tags-any=blue HTTP/1.1" status: 200 len: 941 time: 0.1037989
2026-03-31 06:12:21.532 9 INFO neutron.wsgi [None req-cd258b54-a4b3-4f33-87dc-65a78f0df763 d093ce2e087644bbafe4be7c7a38165f b9eee0c7f08c467e8956a19e443092cc - - default default] 10.0.0.150 "GET /v2.0/qos/policies?tags-any=red%2Cblue HTTP/1.1" status: 200 len: 1296 time: 0.1278932
2026-03-31 06:12:21.622 10 INFO neutron.wsgi [None req-c7c633a3-a223-4291-bfc0-500d6f9e319b d093ce2e087644bbafe4be7c7a38165f b9eee0c7f08c467e8956a19e443092cc - - default default] 10.0.0.150 "GET /v2.0/qos/policies?not-tags=red HTTP/1.1" status: 200 len: 913 time: 0.0860116
2026-03-31 06:12:21.762 10 INFO neutron.wsgi [None req-361c1fa2-3a1e-45b6-943b-4532fe0fb316 805bb2134d174bffb3dd348f04c0a4bc ea3b4cf9758c4a568bbbbb89a380be48 - - default default] 10.0.0.150 "PUT /v2.0/routers/cd665c68-5385-4dbe-b83a-0255b24e674c/remove_router_interface HTTP/1.1" status: 200 len: 503 time: 2.2342379 /var/lib/openstack/lib/python3.10/site-packages/pycadf/identifier.py:71: UserWarning: Invalid uuid: neutron. To ensure interoperability, identifiers should be a valid uuid. warnings.warn(('Invalid uuid: %s. To ensure interoperability, '
2026-03-31 06:12:21.812 9 INFO neutron.wsgi [None req-c8fc758c-baf4-4eda-b38d-027c8297f27b d093ce2e087644bbafe4be7c7a38165f b9eee0c7f08c467e8956a19e443092cc - - default default] 10.0.0.150 "GET /v2.0/qos/policies?not-tags=red%2Cblue HTTP/1.1" status: 200 len: 1268 time: 0.1839893
2026-03-31 06:12:21.962 10 INFO neutron.wsgi [None req-cd627c0d-cc76-4c96-8726-2dd182aa9580 d093ce2e087644bbafe4be7c7a38165f b9eee0c7f08c467e8956a19e443092cc - - default default] 10.0.0.150 "GET /v2.0/qos/policies?not-tags-any=blue HTTP/1.1" status: 200 len: 1268 time: 0.1416867
2026-03-31 06:12:22.296 10 INFO neutron.wsgi [None req-721a8b95-9988-46ec-a72c-f3f66dfd9cd4 d093ce2e087644bbafe4be7c7a38165f b9eee0c7f08c467e8956a19e443092cc - - default default] 10.0.0.150 "GET /v2.0/qos/policies?not-tags-any=red%2Cblue HTTP/1.1" status: 200 len: 913 time: 0.3279798
2026-03-31 06:12:22.385 10 INFO neutron.wsgi [None req-29e100a9-280e-4685-8ce6-297e38dcd923 c446909b5bfa458b99d6bcd43d3a722b b9a3a9c308ed443784d8b3a357287348 - - default default] 10.0.0.150 "DELETE /v2.0/qos/policies/87ec9942-49f1-47c0-8fd7-f1bd30dcb3bd HTTP/1.1" status: 204 len: 168 time: 0.0820522
2026-03-31 06:12:22.477 10 INFO neutron.wsgi [None req-8ad50b45-7960-474f-9d2d-458b3d2deb9e c446909b5bfa458b99d6bcd43d3a722b b9a3a9c308ed443784d8b3a357287348 - - default default] 10.0.0.150 "DELETE /v2.0/qos/policies/3549cb69-5624-45ba-9707-b042b2fd11a8 HTTP/1.1" status: 204 len: 168 time: 0.0874465
2026-03-31 06:12:22.560 10 INFO neutron.wsgi [None req-e5410726-bc70-4092-a0cc-62c7194b1e77 c446909b5bfa458b99d6bcd43d3a722b b9a3a9c308ed443784d8b3a357287348 - - default default] 10.0.0.150 "DELETE /v2.0/qos/policies/ee358c42-751c-4746-b6a5-115b7e3dee9f HTTP/1.1" status: 204 len: 168 time: 0.0773058
2026-03-31 06:12:22.643 10 INFO neutron.wsgi [None req-eabdcdd5-b662-4742-95ab-4b62bb7e5896 c446909b5bfa458b99d6bcd43d3a722b b9a3a9c308ed443784d8b3a357287348 - - default default] 10.0.0.150 "DELETE /v2.0/qos/policies/601cd95d-9a49-422d-baf9-6c0973570779 HTTP/1.1" status: 204 len: 168 time: 0.0782661
2026-03-31 06:12:22.729 9 INFO neutron.wsgi [None req-924f37f7-7ae1-425e-bd60-77fe6de8712d c446909b5bfa458b99d6bcd43d3a722b b9a3a9c308ed443784d8b3a357287348 - - default default] 10.0.0.150 "DELETE /v2.0/qos/policies/43e95f60-c9a0-49f7-993f-90d6ac78e77c HTTP/1.1" status: 204 len: 168 time: 0.0818861
2026-03-31 06:12:22.779 9 INFO neutron.db.ovn_revision_numbers_db [None req-288a6fda-1a7c-4c07-a603-aa41e2ef8103 c7a0cdb4f1c843658cc71f364eb8443e 85087d4ca8f44fe8ac35f4a91f357efc - - default default] Successfully bumped revision number for resource 126937a6-efff-423e-b78d-f5ca6b87b8e4 (type: router_ports) to 1
2026-03-31 06:12:22.902 10 INFO neutron.wsgi [None req-0cbc3a35-ba96-4df1-b85f-e8bd58bdf8db 805bb2134d174bffb3dd348f04c0a4bc ea3b4cf9758c4a568bbbbb89a380be48 - - default default] 10.0.0.150 "DELETE /v2.0/routers/cd665c68-5385-4dbe-b83a-0255b24e674c HTTP/1.1" status: 204 len: 168 time: 1.1345737
2026-03-31 06:12:23.141 9 WARNING neutron.scheduler.dhcp_agent_scheduler [None req-ac3ab844-0fc2-43ca-a55d-f1552303fd8b - - - - - -] No more DHCP agents
2026-03-31 06:12:23.146 9 WARNING neutron.api.rpc.agentnotifiers.dhcp_rpc_agent_api [None req-ac3ab844-0fc2-43ca-a55d-f1552303fd8b - - - - - -] Unable to schedule network 7bd7ebe8-f1e0-4963-b285-7bd43545d57a: no agents available; will retry on subsequent port and subnet creation events.
2026-03-31 06:12:23.201 9 INFO neutron.wsgi [None req-c899ef78-3805-45e7-887e-49f81d1e57e9 805bb2134d174bffb3dd348f04c0a4bc ea3b4cf9758c4a568bbbbb89a380be48 - - default default] 10.0.0.150 "DELETE /v2.0/subnets/ede5e2cb-a435-44a0-89b1-e9be528b384a HTTP/1.1" status: 204 len: 168 time: 0.2930236
2026-03-31 06:12:23.339 9 INFO neutron.db.ovn_revision_numbers_db [None req-ac3ab844-0fc2-43ca-a55d-f1552303fd8b - - - - - -] Successfully bumped revision number for resource 1bcd056a-d2cb-4c0e-99b4-bf1bee4c28b9 (type: ports) to 1
2026-03-31 06:12:23.616 10 INFO neutron.services.segments.plugin [-] Segment 4ef83865-8a63-45cc-adbb-608b71f968b8 resource provider aggregate not found
2026-03-31 06:12:23.622 10 INFO neutron.services.segments.plugin [-] Segment 4ef83865-8a63-45cc-adbb-608b71f968b8 resource provider aggregate not found
2026-03-31 06:12:23.637 10 INFO neutron.services.segments.plugin [-] Segment 4ef83865-8a63-45cc-adbb-608b71f968b8 resource provider not found; error: Placement Client Error (4xx): {"errors": [{"status": 404, "title": "Not Found", "detail": "The resource could not be found.\n\n No resource provider with uuid 4ef83865-8a63-45cc-adbb-608b71f968b8 found for delete ", "request_id": "req-40312830-25cb-461c-89cd-3222400a0790"}]}
2026-03-31 06:12:23.641 9 INFO neutron.db.ovn_revision_numbers_db [None req-ac3ab844-0fc2-43ca-a55d-f1552303fd8b - - - - - -] Successfully bumped revision number for resource 1bcd056a-d2cb-4c0e-99b4-bf1bee4c28b9 (type: ports) to 1
2026-03-31 06:12:23.644 10 INFO neutron.services.segments.plugin [-] Segment 4ef83865-8a63-45cc-adbb-608b71f968b8 resource provider not found; error: Placement Client Error (4xx): {"errors": [{"status": 404, "title": "Not Found", "detail": "The resource could not be found.\n\n No resource provider with uuid 4ef83865-8a63-45cc-adbb-608b71f968b8 found for delete ", "request_id": "req-4ff0e4e8-fe58-4d66-b3f2-5457ece6da8e"}]}
2026-03-31 06:12:23.668 10 INFO neutron.wsgi [None req-d7d519aa-8634-4a9d-9a50-1816d7074169 805bb2134d174bffb3dd348f04c0a4bc ea3b4cf9758c4a568bbbbb89a380be48 - - default default] 10.0.0.150 "DELETE /v2.0/networks/23d8ae62-b807-4138-a868-8865ad5d6850 HTTP/1.1" status: 204 len: 168 time: 0.4604254
