File "/var/lib/openstack/lib/python3.10/site-packages/ovsdbapp/backend/ovs_idl/__init__.py", line 184, in lookup
2026-03-31 06:10:03.717 9 ERROR ovsdbapp.event return self._lookup(table, record)
2026-03-31 06:10:03.717 9 ERROR ovsdbapp.event
File "/var/lib/openstack/lib/python3.10/site-packages/ovsdbapp/backend/ovs_idl/__init__.py", line 235, in _lookup
2026-03-31 06:10:03.717 9 ERROR ovsdbapp.event row = idlutils.row_by_value(self, rl.table, rl.column, record)
2026-03-31 06:10:03.717 9 ERROR ovsdbapp.event
File "/var/lib/openstack/lib/python3.10/site-packages/ovsdbapp/backend/ovs_idl/idlutils.py", line 114, in row_by_value
2026-03-31 06:10:03.717 9 ERROR ovsdbapp.event raise RowNotFound(table=table, col=column, match=match)
2026-03-31 06:10:03.717 9 ERROR ovsdbapp.event ovsdbapp.backend.ovs_idl.idlutils.RowNotFound: Cannot find Logical_Switch_Port with name=52939f07-3f40-426b-872e-bdea1c5d0cd7
2026-03-31 06:10:03.717 9 ERROR ovsdbapp.event 
2026-03-31 06:10:03.756 9 WARNING neutron.scheduler.dhcp_agent_scheduler [None req-5bf5c978-064d-46e6-8cc0-87b08e650137 06628ac6a628459c978c3bd7605a88a5 ce4edbdea903486191138bb52a8d185b - - default default] No more DHCP agents
2026-03-31 06:10:03.761 9 WARNING neutron.api.rpc.agentnotifiers.dhcp_rpc_agent_api [None req-5bf5c978-064d-46e6-8cc0-87b08e650137 06628ac6a628459c978c3bd7605a88a5 ce4edbdea903486191138bb52a8d185b - - default default] Unable to schedule network 2d622170-a3e5-4aed-89ce-e4efbb145802: no agents available; will retry on subsequent port and subnet creation events.
2026-03-31 06:10:03.777 10 INFO neutron.pecan_wsgi.hooks.translation [None req-bb3ad3b5-affc-496f-a1fc-148842167378 3cb7b8843d96464d8fa31e10a4d0e7da 36abfc08d0364d2888000b01ada751ac - - default default] GET failed (client error): The resource could not be found.
2026-03-31 06:10:03.779 10 INFO neutron.wsgi [None req-bb3ad3b5-affc-496f-a1fc-148842167378 3cb7b8843d96464d8fa31e10a4d0e7da 36abfc08d0364d2888000b01ada751ac - - default default] 10.0.0.150 "GET /v2.0/networks/628ec75f-e9ef-40fe-8f7b-813b8445bc02 HTTP/1.1" status: 404 len: 339 time: 0.1475248
2026-03-31 06:10:03.953 9 INFO neutron.db.ovn_revision_numbers_db [None req-5bf5c978-064d-46e6-8cc0-87b08e650137 06628ac6a628459c978c3bd7605a88a5 ce4edbdea903486191138bb52a8d185b - - default default] Successfully bumped revision number for resource 3b4d3885-7ea7-4a60-b034-1484754f1817 (type: ports) to 1
2026-03-31 06:10:04.394 10 WARNING neutron_lib.context [None req-f6003615-2fdf-4928-ade8-29d008eba7e8 b06aa9af987540858e8436b8d8fcedf3 cdb96b5c8bf042c2a9db396151247f34 - - default default] Method 'is_advsvc' is deprecated since 2023.2 release (neutron-lib 3.8.0) and will be removed once support for the old RBAC API policies will be removed from Neutron. Please use method 'is_service_role' instead.
2026-03-31 06:10:04.446 10 INFO neutron.services.segments.plugin [-] Segment 440a8197-2244-45fe-9690-821af95a5a76 resource provider aggregate not found
2026-03-31 06:10:04.454 10 INFO neutron.services.segments.plugin [-] Segment 440a8197-2244-45fe-9690-821af95a5a76 resource provider aggregate not found
2026-03-31 06:10:04.463 10 INFO neutron.services.segments.plugin [-] Segment 440a8197-2244-45fe-9690-821af95a5a76 resource provider not found; error: Placement Client Error (4xx): {"errors": [{"status": 404, "title": "Not Found", "detail": "The resource could not be found.\n\n No resource provider with uuid 440a8197-2244-45fe-9690-821af95a5a76 found for delete ", "request_id": "req-23c0b03f-cb77-49d1-87ee-882dafcd26e9"}]}
2026-03-31 06:10:04.476 10 INFO neutron.services.segments.plugin [-] Segment 440a8197-2244-45fe-9690-821af95a5a76 resource provider not found; error: Placement Client Error (4xx): {"errors": [{"status": 404, "title": "Not Found", "detail": "The resource could not be found.\n\n No resource provider with uuid 440a8197-2244-45fe-9690-821af95a5a76 found for delete ", "request_id": "req-4f6bbdc2-35de-4ff9-9079-87870a2e3566"}]}
2026-03-31 06:10:04.540 10 INFO neutron.wsgi [None req-2b0f73d3-89f2-4539-9f42-7386e48d93fe 99a31dc928804935a9693c1ae29ee41c d3976d5248324e9c977be95d45d1d704 - - default default] 10.0.0.150 "DELETE /v2.0/networks/628ec75f-e9ef-40fe-8f7b-813b8445bc02 HTTP/1.1" status: 204 len: 168 time: 0.7546444
2026-03-31 06:10:04.576 9 ERROR ovsdbapp.backend.ovs_idl.command [None req-5bf5c978-064d-46e6-8cc0-87b08e650137 06628ac6a628459c978c3bd7605a88a5 ce4edbdea903486191138bb52a8d185b - - default default] Error executing command (DbGetCommand): ovsdbapp.backend.ovs_idl.idlutils.RowNotFound: Cannot find Logical_Router_Port with name=lrp-3b4d3885-7ea7-4a60-b034-1484754f1817
2026-03-31 06:10:04.576 9 ERROR ovsdbapp.backend.ovs_idl.command
Traceback (most recent call last):
2026-03-31 06:10:04.576 9 ERROR ovsdbapp.backend.ovs_idl.command
File "/var/lib/openstack/lib/python3.10/site-packages/ovsdbapp/backend/ovs_idl/command.py", line 47, in execute
2026-03-31 06:10:04.576 9 ERROR ovsdbapp.backend.ovs_idl.command self.run_idl(None)
2026-03-31 06:10:04.576 9 ERROR ovsdbapp.backend.ovs_idl.command
File "/var/lib/openstack/lib/python3.10/site-packages/ovsdbapp/backend/ovs_idl/command.py", line 235, in run_idl
2026-03-31 06:10:04.576 9 ERROR ovsdbapp.backend.ovs_idl.command record = self.api.lookup(self.table, self.record)
2026-03-31 06:10:04.576 9 ERROR ovsdbapp.backend.ovs_idl.command
File "/var/lib/openstack/lib/python3.10/site-packages/ovsdbapp/backend/ovs_idl/__init__.py", line 184, in lookup
2026-03-31 06:10:04.576 9 ERROR ovsdbapp.backend.ovs_idl.command return self._lookup(table, record)
2026-03-31 06:10:04.576 9 ERROR ovsdbapp.backend.ovs_idl.command
File "/var/lib/openstack/lib/python3.10/site-packages/ovsdbapp/backend/ovs_idl/__init__.py", line 235, in _lookup
2026-03-31 06:10:04.576 9 ERROR ovsdbapp.backend.ovs_idl.command row = idlutils.row_by_value(self, rl.table, rl.column, record)
2026-03-31 06:10:04.576 9 ERROR ovsdbapp.backend.ovs_idl.command
File "/var/lib/openstack/lib/python3.10/site-packages/ovsdbapp/backend/ovs_idl/idlutils.py", line 114, in row_by_value
2026-03-31 06:10:04.576 9 ERROR ovsdbapp.backend.ovs_idl.command raise RowNotFound(table=table, col=column, match=match)
2026-03-31 06:10:04.576 9 ERROR ovsdbapp.backend.ovs_idl.command ovsdbapp.backend.ovs_idl.idlutils.RowNotFound: Cannot find Logical_Router_Port with name=lrp-3b4d3885-7ea7-4a60-b034-1484754f1817
2026-03-31 06:10:04.576 9 ERROR ovsdbapp.backend.ovs_idl.command 
2026-03-31 06:10:04.577 9 ERROR neutron_lib.callbacks.manager [None req-5bf5c978-064d-46e6-8cc0-87b08e650137 06628ac6a628459c978c3bd7605a88a5 ce4edbdea903486191138bb52a8d185b - - default default] Error during notification for neutron.services.ovn_l3.plugin.OVNL3RouterPlugin._port_update-8773592256239 port, after_update: ovsdbapp.backend.ovs_idl.idlutils.RowNotFound: Cannot find Logical_Router_Port with name=lrp-3b4d3885-7ea7-4a60-b034-1484754f1817
2026-03-31 06:10:04.577 9 ERROR neutron_lib.callbacks.manager
Traceback (most recent call last):
2026-03-31 06:10:04.577 9 ERROR neutron_lib.callbacks.manager
File "/var/lib/openstack/lib/python3.10/site-packages/neutron_lib/callbacks/manager.py", line 189, in _notify_loop
2026-03-31 06:10:04.577 9 ERROR neutron_lib.callbacks.manager callback.method(resource, event, trigger, payload=payload)
2026-03-31 06:10:04.577 9 ERROR neutron_lib.callbacks.manager
File "/var/lib/openstack/lib/python3.10/site-packages/neutron/services/ovn_l3/plugin.py", line 391, in _port_update
2026-03-31 06:10:04.577 9 ERROR neutron_lib.callbacks.manager l3plugin._ovn_client.update_router_port(context,
2026-03-31 06:10:04.577 9 ERROR neutron_lib.callbacks.manager
File "/var/lib/openstack/lib/python3.10/site-packages/neutron/plugins/ml2/drivers/ovn/mech_driver/ovsdb/ovn_client.py", line 1878, in update_router_port
2026-03-31 06:10:04.577 9 ERROR neutron_lib.callbacks.manager self._update_lrouter_port(context, port, if_exists=if_exists,
2026-03-31 06:10:04.577 9 ERROR neutron_lib.callbacks.manager
File "/var/lib/openstack/lib/python3.10/site-packages/neutron/plugins/ml2/drivers/ovn/mech_driver/ovsdb/ovn_client.py", line 1855, in _update_lrouter_port
2026-03-31 06:10:04.577 9 ERROR neutron_lib.callbacks.manager external_ids = self._nb_idl.db_get(
2026-03-31 06:10:04.577 9 ERROR neutron_lib.callbacks.manager
File "/var/lib/openstack/lib/python3.10/site-packages/ovsdbapp/backend/ovs_idl/command.py", line 47, in execute
2026-03-31 06:10:04.577 9 ERROR neutron_lib.callbacks.manager self.run_idl(None)
2026-03-31 06:10:04.577 9 ERROR neutron_lib.callbacks.manager
File "/var/lib/openstack/lib/python3.10/site-packages/ovsdbapp/backend/ovs_idl/command.py", line 235, in run_idl
2026-03-31 06:10:04.577 9 ERROR neutron_lib.callbacks.manager record = self.api.lookup(self.table, self.record)
2026-03-31 06:10:04.577 9 ERROR neutron_lib.callbacks.manager
File "/var/lib/openstack/lib/python3.10/site-packages/ovsdbapp/backend/ovs_idl/__init__.py", line 184, in lookup
2026-03-31 06:10:04.577 9 ERROR neutron_lib.callbacks.manager return self._lookup(table, record)
2026-03-31 06:10:04.577 9 ERROR neutron_lib.callbacks.manager
File "/var/lib/openstack/lib/python3.10/site-packages/ovsdbapp/backend/ovs_idl/__init__.py", line 235, in _lookup
2026-03-31 06:10:04.577 9 ERROR neutron_lib.callbacks.manager row = idlutils.row_by_value(self, rl.table, rl.column, record)
2026-03-31 06:10:04.577 9 ERROR neutron_lib.callbacks.manager
File "/var/lib/openstack/lib/python3.10/site-packages/ovsdbapp/backend/ovs_idl/idlutils.py", line 114, in row_by_value
2026-03-31 06:10:04.577 9 ERROR neutron_lib.callbacks.manager raise RowNotFound(table=table, col=column, match=match)
2026-03-31 06:10:04.577 9 ERROR neutron_lib.callbacks.manager ovsdbapp.backend.ovs_idl.idlutils.RowNotFound: Cannot find Logical_Router_Port with name=lrp-3b4d3885-7ea7-4a60-b034-1484754f1817
2026-03-31 06:10:04.577 9 ERROR neutron_lib.callbacks.manager 
2026-03-31 06:10:04.587 10 INFO neutron.pecan_wsgi.hooks.translation [None req-8f073a3f-4fa8-4d8a-9c3f-c0e88e75628e 99a31dc928804935a9693c1ae29ee41c d3976d5248324e9c977be95d45d1d704 - - default default] DELETE failed (client error): The resource could not be found.
2026-03-31 06:10:04.589 10 INFO neutron.wsgi [None req-8f073a3f-4fa8-4d8a-9c3f-c0e88e75628e 99a31dc928804935a9693c1ae29ee41c d3976d5248324e9c977be95d45d1d704 - - default default] 10.0.0.150 "DELETE /v2.0/subnets/c3df3bbf-1288-4fab-b0a6-f69006116fa8 HTTP/1.1" status: 404 len: 337 time: 0.0373335
2026-03-31 06:10:04.621 10 INFO neutron.pecan_wsgi.hooks.translation [None req-1342f479-2c27-41c9-ada5-7bc579a68358 99a31dc928804935a9693c1ae29ee41c d3976d5248324e9c977be95d45d1d704 - - default default] DELETE failed (client error): The resource could not be found.
2026-03-31 06:10:04.624 10 INFO neutron.wsgi [None req-1342f479-2c27-41c9-ada5-7bc579a68358 99a31dc928804935a9693c1ae29ee41c d3976d5248324e9c977be95d45d1d704 - - default default] 10.0.0.150 "DELETE /v2.0/subnets/67f09de6-a350-483d-bd72-22c9a65d5371 HTTP/1.1" status: 404 len: 337 time: 0.0257332
2026-03-31 06:10:04.648 10 INFO neutron.wsgi [-] 10.0.0.158 "GET / HTTP/1.1" status: 200 len: 247 time: 0.0012860
2026-03-31 06:10:04.649 10 INFO neutron.wsgi [-] 10.0.0.158 "GET / HTTP/1.1" status: 200 len: 247 time: 0.0008976
2026-03-31 06:10:04.656 9 INFO neutron.pecan_wsgi.hooks.translation [None req-78557f91-4405-4dae-9a39-ba2363c52c41 99a31dc928804935a9693c1ae29ee41c d3976d5248324e9c977be95d45d1d704 - - default default] DELETE failed (client error): The resource could not be found.
2026-03-31 06:10:04.658 9 INFO neutron.wsgi [None req-78557f91-4405-4dae-9a39-ba2363c52c41 99a31dc928804935a9693c1ae29ee41c d3976d5248324e9c977be95d45d1d704 - - default default] 10.0.0.150 "DELETE /v2.0/subnets/d4aceb9b-3f03-46a5-b5ee-2281c3b4fa91 HTTP/1.1" status: 404 len: 337 time: 0.0205133
2026-03-31 06:10:04.739 10 INFO neutron.db.ovn_revision_numbers_db [None req-f6003615-2fdf-4928-ade8-29d008eba7e8 b06aa9af987540858e8436b8d8fcedf3 cdb96b5c8bf042c2a9db396151247f34 - - default default] Successfully bumped revision number for resource dc40c948-d5c5-46f0-b53d-90a32dcb57c3 (type: security_groups) to 1
2026-03-31 06:10:04.774 10 INFO neutron.db.ovn_revision_numbers_db [None req-f6003615-2fdf-4928-ade8-29d008eba7e8 b06aa9af987540858e8436b8d8fcedf3 cdb96b5c8bf042c2a9db396151247f34 - - default default] Successfully bumped revision number for resource 256021d0-fe5d-4529-9f45-67f1ec6c1273 (type: security_group_rules) to 0
2026-03-31 06:10:04.800 10 INFO neutron.db.ovn_revision_numbers_db [None req-f6003615-2fdf-4928-ade8-29d008eba7e8 b06aa9af987540858e8436b8d8fcedf3 cdb96b5c8bf042c2a9db396151247f34 - - default default] Successfully bumped revision number for resource 690348b5-79fa-4d91-be4b-a9b63db051b6 (type: security_group_rules) to 0
2026-03-31 06:10:04.826 9 INFO neutron.plugins.ml2.drivers.ovn.mech_driver.mech_driver [None req-030bbb55-b044-41b5-b59e-7f1ab0a84184 - - - - - -] OVN reports status up for port: 3b4d3885-7ea7-4a60-b034-1484754f1817
2026-03-31 06:10:04.849 10 INFO neutron.db.ovn_revision_numbers_db [None req-f6003615-2fdf-4928-ade8-29d008eba7e8 b06aa9af987540858e8436b8d8fcedf3 cdb96b5c8bf042c2a9db396151247f34 - - default default] Successfully bumped revision number for resource bf05d495-e8ed-4753-a577-237e561d6292 (type: security_group_rules) to 0
2026-03-31 06:10:04.869 9 INFO neutron.plugins.ml2.plugin [None req-030bbb55-b044-41b5-b59e-7f1ab0a84184 - - - - - -] Attempt 1 to provision port 3b4d3885-7ea7-4a60-b034-1484754f1817
2026-03-31 06:10:04.873 10 INFO neutron.db.ovn_revision_numbers_db [None req-f6003615-2fdf-4928-ade8-29d008eba7e8 b06aa9af987540858e8436b8d8fcedf3 cdb96b5c8bf042c2a9db396151247f34 - - default default] Successfully bumped revision number for resource cd46a51e-5c37-4ffd-8911-5afe66950b16 (type: security_group_rules) to 0
2026-03-31 06:10:04.890 9 INFO neutron.db.ovn_revision_numbers_db [None req-5bf5c978-064d-46e6-8cc0-87b08e650137 06628ac6a628459c978c3bd7605a88a5 ce4edbdea903486191138bb52a8d185b - - default default] Successfully bumped revision number for resource 3b4d3885-7ea7-4a60-b034-1484754f1817 (type: ports) to 1
2026-03-31 06:10:04.982 9 WARNING neutron.scheduler.dhcp_agent_scheduler [None req-5bf5c978-064d-46e6-8cc0-87b08e650137 06628ac6a628459c978c3bd7605a88a5 ce4edbdea903486191138bb52a8d185b - - default default] No more DHCP agents
2026-03-31 06:10:04.985 9 WARNING neutron.api.rpc.agentnotifiers.dhcp_rpc_agent_api [None req-5bf5c978-064d-46e6-8cc0-87b08e650137 06628ac6a628459c978c3bd7605a88a5 ce4edbdea903486191138bb52a8d185b - - default default] Unable to schedule network 2d622170-a3e5-4aed-89ce-e4efbb145802: no agents available; will retry on subsequent port and subnet creation events.
2026-03-31 06:10:05.005 10 INFO neutron.db.ovn_revision_numbers_db [None req-f6003615-2fdf-4928-ade8-29d008eba7e8 b06aa9af987540858e8436b8d8fcedf3 cdb96b5c8bf042c2a9db396151247f34 - - default default] Successfully bumped revision number for resource b344d029-5d0f-4d6a-b087-1a097ad71651 (type: security_groups) to 1
2026-03-31 06:10:05.030 10 INFO neutron.db.ovn_revision_numbers_db [None req-f6003615-2fdf-4928-ade8-29d008eba7e8 b06aa9af987540858e8436b8d8fcedf3 cdb96b5c8bf042c2a9db396151247f34 - - default default] Successfully bumped revision number for resource 0003d60a-3178-4397-aadc-53b1ca1ad021 (type: security_group_rules) to 0
2026-03-31 06:10:05.066 10 INFO neutron.db.ovn_revision_numbers_db [None req-f6003615-2fdf-4928-ade8-29d008eba7e8 b06aa9af987540858e8436b8d8fcedf3 cdb96b5c8bf042c2a9db396151247f34 - - default default] Successfully bumped revision number for resource 51475c45-739f-4113-9b39-d23e416df139 (type: security_group_rules) to 0
2026-03-31 06:10:05.099 10 INFO neutron.wsgi [None req-f6003615-2fdf-4928-ade8-29d008eba7e8 b06aa9af987540858e8436b8d8fcedf3 cdb96b5c8bf042c2a9db396151247f34 - - default default] 10.0.0.150 "POST /v2.0/security-groups HTTP/1.1" status: 201 len: 1825 time: 0.8768167
2026-03-31 06:10:05.197 9 INFO neutron.wsgi [None req-ecc7b6e9-2cb0-46ad-b13d-be4e0577bb83 b06aa9af987540858e8436b8d8fcedf3 cdb96b5c8bf042c2a9db396151247f34 - - default default] 10.0.0.150 "GET /v2.0/security-groups HTTP/1.1" status: 200 len: 4725 time: 0.0892169
2026-03-31 06:10:05.275 9 INFO neutron.db.ovn_revision_numbers_db [None req-5bf5c978-064d-46e6-8cc0-87b08e650137 06628ac6a628459c978c3bd7605a88a5 ce4edbdea903486191138bb52a8d185b - - default default] Successfully bumped revision number for resource 3b4d3885-7ea7-4a60-b034-1484754f1817 (type: router_ports) to 1
2026-03-31 06:10:05.282 9 INFO neutron.wsgi [None req-5bf5c978-064d-46e6-8cc0-87b08e650137 06628ac6a628459c978c3bd7605a88a5 ce4edbdea903486191138bb52a8d185b - - default default] 10.0.0.150 "PUT /v2.0/routers/da6a9444-7422-45b8-8ee1-ba56bce44cb7/add_router_interface HTTP/1.1" status: 200 len: 503 time: 2.7023468
2026-03-31 06:10:05.336 10 INFO neutron.db.ovn_revision_numbers_db [None req-a73f0615-b066-4def-886b-5d882fbf8cda b06aa9af987540858e8436b8d8fcedf3 cdb96b5c8bf042c2a9db396151247f34 - - default default] Successfully bumped revision number for resource b344d029-5d0f-4d6a-b087-1a097ad71651 (type: security_groups) to 2
2026-03-31 06:10:05.340 10 INFO neutron.wsgi [None req-a73f0615-b066-4def-886b-5d882fbf8cda b06aa9af987540858e8436b8d8fcedf3 cdb96b5c8bf042c2a9db396151247f34 - - default default] 10.0.0.150 "PUT /v2.0/security-groups/b344d029-5d0f-4d6a-b087-1a097ad71651 HTTP/1.1" status: 200 len: 1858 time: 0.1363134
2026-03-31 06:10:05.378 9 INFO neutron.wsgi [None req-edea48fb-25c7-4089-ad2e-3d8f64d4e57e b06aa9af987540858e8436b8d8fcedf3 cdb96b5c8bf042c2a9db396151247f34 - - default default] 10.0.0.150 "GET /v2.0/security-groups/b344d029-5d0f-4d6a-b087-1a097ad71651 HTTP/1.1" status: 200 len: 1858 time: 0.0328736
2026-03-31 06:10:05.458 9 INFO neutron.notifiers.nova [-] Nova event matching ['req-80ef6137-98d2-4d55-8e85-ef76c71b25ec'] response: {'server_uuid': 'deefcc9d-2988-4daf-bf71-dd7d58de2c09', 'name': 'network-vif-unplugged', 'status': 'completed', 'tag': '52939f07-3f40-426b-872e-bdea1c5d0cd7', 'code': 200}
2026-03-31 06:10:05.458 9 INFO neutron.notifiers.nova [-] Nova event matching ['req-80ef6137-98d2-4d55-8e85-ef76c71b25ec'] response: {'server_uuid': 'deefcc9d-2988-4daf-bf71-dd7d58de2c09', 'name': 'network-vif-unplugged', 'status': 'completed', 'tag': '52939f07-3f40-426b-872e-bdea1c5d0cd7', 'code': 200}
2026-03-31 06:10:05.489 9 INFO neutron.db.ovn_revision_numbers_db [None req-030bbb55-b044-41b5-b59e-7f1ab0a84184 - - - - - -] Successfully bumped revision number for resource 3b4d3885-7ea7-4a60-b034-1484754f1817 (type: ports) to 2
2026-03-31 06:10:05.653 9 INFO neutron.db.ovn_revision_numbers_db [None req-030bbb55-b044-41b5-b59e-7f1ab0a84184 - - - - - -] Successfully bumped revision number for resource 3b4d3885-7ea7-4a60-b034-1484754f1817 (type: router_ports) to 2
2026-03-31 06:10:05.706 10 INFO neutron.wsgi [None req-e7fab9a9-0bb8-424b-81e5-d048c1f0b627 06628ac6a628459c978c3bd7605a88a5 ce4edbdea903486191138bb52a8d185b - - default default] 10.0.0.150 "GET /v2.0/ports/3b4d3885-7ea7-4a60-b034-1484754f1817 HTTP/1.1" status: 200 len: 1137 time: 0.4198012
2026-03-31 06:10:05.837 9 INFO neutron.wsgi [None req-c5127a1e-7aec-47f4-8119-440d6799eee4 06628ac6a628459c978c3bd7605a88a5 ce4edbdea903486191138bb52a8d185b - - default default] 10.0.0.150 "GET /v2.0/ports/3b4d3885-7ea7-4a60-b034-1484754f1817 HTTP/1.1" status: 200 len: 1137 time: 0.1240430
2026-03-31 06:10:05.866 10 INFO neutron.wsgi [None req-d75e6cec-025d-4220-a46a-c696e47f7a40 b06aa9af987540858e8436b8d8fcedf3 cdb96b5c8bf042c2a9db396151247f34 - - default default] 10.0.0.150 "DELETE /v2.0/security-groups/b344d029-5d0f-4d6a-b087-1a097ad71651 HTTP/1.1" status: 204 len: 168 time: 0.4827592
2026-03-31 06:10:05.961 10 INFO neutron.wsgi [None req-6555bbaa-e63e-496f-a591-34241c379799 b06aa9af987540858e8436b8d8fcedf3 cdb96b5c8bf042c2a9db396151247f34 - - default default] 10.0.0.150 "GET /v2.0/security-groups HTTP/1.1" status: 200 len: 3120 time: 0.0827827
2026-03-31 06:10:05.996 10 INFO neutron.api.v2.resource [None req-65e724fc-fa1f-4d72-90c1-6182681d2f3f b06aa9af987540858e8436b8d8fcedf3 cdb96b5c8bf042c2a9db396151247f34 - - default default] delete failed (client error): The resource could not be found.
2026-03-31 06:10:05.998 10 INFO neutron.wsgi [None req-65e724fc-fa1f-4d72-90c1-6182681d2f3f b06aa9af987540858e8436b8d8fcedf3 cdb96b5c8bf042c2a9db396151247f34 - - default default] 10.0.0.150 "DELETE /v2.0/security-groups/b344d029-5d0f-4d6a-b087-1a097ad71651 HTTP/1.1" status: 404 len: 347 time: 0.0302794
2026-03-31 06:10:06.009 10 WARNING neutron_lib.context [None req-37f652a3-d202-43f4-a31d-c816bb5e849a b06aa9af987540858e8436b8d8fcedf3 cdb96b5c8bf042c2a9db396151247f34 - - default default] Method 'is_advsvc' is deprecated since 2023.2 release (neutron-lib 3.8.0) and will be removed once support for the old RBAC API policies will be removed from Neutron. Please use method 'is_service_role' instead.
2026-03-31 06:10:06.144 9 INFO neutron.db.ovn_revision_numbers_db [None req-1565e938-137e-44e8-8c53-3ef0292edf8a 805bb2134d174bffb3dd348f04c0a4bc ea3b4cf9758c4a568bbbbb89a380be48 - - default default] Successfully bumped revision number for resource c900a160-12a1-4c80-a180-a83f1a0622d3 (type: security_groups) to 1
2026-03-31 06:10:06.161 9 INFO neutron.db.ovn_revision_numbers_db [None req-1565e938-137e-44e8-8c53-3ef0292edf8a 805bb2134d174bffb3dd348f04c0a4bc ea3b4cf9758c4a568bbbbb89a380be48 - - default default] Successfully bumped revision number for resource 16bc6a91-719e-4514-aca2-ae62d812dd9d (type: security_group_rules) to 0
2026-03-31 06:10:06.188 9 INFO neutron.db.ovn_revision_numbers_db [None req-1565e938-137e-44e8-8c53-3ef0292edf8a 805bb2134d174bffb3dd348f04c0a4bc ea3b4cf9758c4a568bbbbb89a380be48 - - default default] Successfully bumped revision number for resource 2c2a12ef-523e-4acd-b8a1-aad778e6d6eb (type: security_group_rules) to 0
2026-03-31 06:10:06.210 9 INFO neutron.db.ovn_revision_numbers_db [None req-1565e938-137e-44e8-8c53-3ef0292edf8a 805bb2134d174bffb3dd348f04c0a4bc ea3b4cf9758c4a568bbbbb89a380be48 - - default default] Successfully bumped revision number for resource d8a71fbb-7256-4b36-9aad-9cbefa6c65d3 (type: security_group_rules) to 0
2026-03-31 06:10:06.225 9 INFO neutron.db.ovn_revision_numbers_db [None req-1565e938-137e-44e8-8c53-3ef0292edf8a 805bb2134d174bffb3dd348f04c0a4bc ea3b4cf9758c4a568bbbbb89a380be48 - - default default] Successfully bumped revision number for resource feaa492c-3936-4f16-a723-6a1f16c1d040 (type: security_group_rules) to 0
2026-03-31 06:10:06.228 10 INFO neutron.db.ovn_revision_numbers_db [None req-37f652a3-d202-43f4-a31d-c816bb5e849a b06aa9af987540858e8436b8d8fcedf3 cdb96b5c8bf042c2a9db396151247f34 - - default default] Successfully bumped revision number for resource 98326df3-0da7-41ea-be26-3e3438cf091f (type: security_groups) to 1
2026-03-31 06:10:06.252 10 INFO neutron.wsgi [None req-c025477c-388d-4fbb-a5f3-bdfe33506c2b 805bb2134d174bffb3dd348f04c0a4bc ea3b4cf9758c4a568bbbbb89a380be48 - - default default] 10.0.0.150 "PUT /v2.0/routers/4364195f-26ba-48bc-9f51-ec1dce0cfaaa/remove_router_interface HTTP/1.1" status: 200 len: 503 time: 1.7655551 /var/lib/openstack/lib/python3.10/site-packages/pycadf/identifier.py:71: UserWarning: Invalid uuid: neutron. To ensure interoperability, identifiers should be a valid uuid. warnings.warn(('Invalid uuid: %s. To ensure interoperability, '
2026-03-31 06:10:06.264 9 INFO neutron.wsgi [None req-1565e938-137e-44e8-8c53-3ef0292edf8a 805bb2134d174bffb3dd348f04c0a4bc ea3b4cf9758c4a568bbbbb89a380be48 - - default default] 10.0.0.150 "GET /v2.0/security-groups?tenant_id=ac32093bd3cc40e8b641d66dc545243b&name=default HTTP/1.1" status: 200 len: 3120 time: 0.5756383
2026-03-31 06:10:06.266 10 INFO neutron.db.ovn_revision_numbers_db [None req-37f652a3-d202-43f4-a31d-c816bb5e849a b06aa9af987540858e8436b8d8fcedf3 cdb96b5c8bf042c2a9db396151247f34 - - default default] Successfully bumped revision number for resource 626f01d4-c575-4a66-a032-b2ad55c52111 (type: security_group_rules) to 0
2026-03-31 06:10:06.320 10 INFO neutron.db.ovn_revision_numbers_db [None req-37f652a3-d202-43f4-a31d-c816bb5e849a b06aa9af987540858e8436b8d8fcedf3 cdb96b5c8bf042c2a9db396151247f34 - - default default] Successfully bumped revision number for resource daaeda63-d18d-4b70-aaed-3240f0612c3c (type: security_group_rules) to 0
2026-03-31 06:10:06.349 10 INFO neutron.wsgi [None req-37f652a3-d202-43f4-a31d-c816bb5e849a b06aa9af987540858e8436b8d8fcedf3 cdb96b5c8bf042c2a9db396151247f34 - - default default] 10.0.0.150 "POST /v2.0/security-groups HTTP/1.1" status: 201 len: 1825 time: 0.3449230
2026-03-31 06:10:06.366 10 WARNING neutron_lib.context [None req-a9d03116-d6da-4f73-a6bb-b1b2fae4f013 b06aa9af987540858e8436b8d8fcedf3 cdb96b5c8bf042c2a9db396151247f34 - - default default] Method 'is_advsvc' is deprecated since 2023.2 release (neutron-lib 3.8.0) and will be removed once support for the old RBAC API policies will be removed from Neutron. Please use method 'is_service_role' instead.
2026-03-31 06:10:06.635 10 INFO neutron.db.ovn_revision_numbers_db [None req-a9d03116-d6da-4f73-a6bb-b1b2fae4f013 b06aa9af987540858e8436b8d8fcedf3 cdb96b5c8bf042c2a9db396151247f34 - - default default] Successfully bumped revision number for resource 7396bb59-9daf-41d9-a5df-f4dace6389b1 (type: security_group_rules) to 0
2026-03-31 06:10:06.639 9 INFO neutron.wsgi [None req-813059c0-8f00-42b5-b134-3ceb79e3bfac 805bb2134d174bffb3dd348f04c0a4bc ea3b4cf9758c4a568bbbbb89a380be48 - - default default] 10.0.0.150 "DELETE /v2.0/security-groups/c900a160-12a1-4c80-a180-a83f1a0622d3 HTTP/1.1" status: 204 len: 168 time: 0.3618259
2026-03-31 06:10:06.679 10 INFO neutron.wsgi [None req-a9d03116-d6da-4f73-a6bb-b1b2fae4f013 b06aa9af987540858e8436b8d8fcedf3 cdb96b5c8bf042c2a9db396151247f34 - - default default] 10.0.0.150 "POST /v2.0/security-group-rules HTTP/1.1" status: 201 len: 800 time: 0.3231332
2026-03-31 06:10:06.712 10 INFO neutron.wsgi [None req-497f72e8-b781-4a92-a969-8fce1f0aa871 b06aa9af987540858e8436b8d8fcedf3 cdb96b5c8bf042c2a9db396151247f34 - - default default] 10.0.0.150 "GET /v2.0/security-group-rules/7396bb59-9daf-41d9-a5df-f4dace6389b1 HTTP/1.1" status: 200 len: 795 time: 0.0271778
2026-03-31 06:10:06.867 9 INFO neutron.wsgi [None req-7577cf06-e816-460b-b6fc-a7f38e8f9344 06628ac6a628459c978c3bd7605a88a5 ce4edbdea903486191138bb52a8d185b - - default default] 10.0.0.150 "PUT /v2.0/routers/da6a9444-7422-45b8-8ee1-ba56bce44cb7/remove_router_interface HTTP/1.1" status: 200 len: 503 time: 1.0244036 /var/lib/openstack/lib/python3.10/site-packages/pycadf/identifier.py:71: UserWarning: Invalid uuid: neutron. To ensure interoperability, identifiers should be a valid uuid. warnings.warn(('Invalid uuid: %s. To ensure interoperability, '
2026-03-31 06:10:06.922 9 INFO neutron.wsgi [None req-d91b2e7a-5b2a-4035-abe4-84a01838df44 b06aa9af987540858e8436b8d8fcedf3 cdb96b5c8bf042c2a9db396151247f34 - - default default] 10.0.0.150 "GET /v2.0/security-group-rules HTTP/1.1" status: 200 len: 4333 time: 0.2040362
2026-03-31 06:10:06.933 9 INFO neutron.wsgi [None req-9eededa6-256b-4de2-8992-05ee11d9b475 06628ac6a628459c978c3bd7605a88a5 ce4edbdea903486191138bb52a8d185b - - default default] 10.0.0.150 "GET /v2.0/ports/88a0632c-a431-486f-a1b8-508bd266fc7d HTTP/1.1" status: 200 len: 1137 time: 0.0600631
2026-03-31 06:10:06.985 10 INFO neutron.db.ovn_revision_numbers_db [None req-2c76a26a-04d7-40d9-9ee9-7d3b02e0a4be 805bb2134d174bffb3dd348f04c0a4bc ea3b4cf9758c4a568bbbbb89a380be48 - - default default] Successfully bumped revision number for resource 7af5c6b4-15d9-419d-b3e3-598bec1365db (type: security_groups) to 1
2026-03-31 06:10:07.010 10 INFO neutron.db.ovn_revision_numbers_db [None req-2c76a26a-04d7-40d9-9ee9-7d3b02e0a4be 805bb2134d174bffb3dd348f04c0a4bc ea3b4cf9758c4a568bbbbb89a380be48 - - default default] Successfully bumped revision number for resource 3b4e618c-8cb4-4c42-a720-2528a513c5f7 (type: security_group_rules) to 0
2026-03-31 06:10:07.046 10 INFO neutron.db.ovn_revision_numbers_db [None req-2c76a26a-04d7-40d9-9ee9-7d3b02e0a4be 805bb2134d174bffb3dd348f04c0a4bc ea3b4cf9758c4a568bbbbb89a380be48 - - default default] Successfully bumped revision number for resource 4243dc49-42b1-47e1-bfb2-fc2a79d1a5b8 (type: security_group_rules) to 0
2026-03-31 06:10:07.067 10 INFO neutron.db.ovn_revision_numbers_db [None req-2c76a26a-04d7-40d9-9ee9-7d3b02e0a4be 805bb2134d174bffb3dd348f04c0a4bc ea3b4cf9758c4a568bbbbb89a380be48 - - default default] Successfully bumped revision number for resource a9a688a4-b5ec-4d3e-96a6-7df873a494b3 (type: security_group_rules) to 0
2026-03-31 06:10:07.099 10 INFO neutron.db.ovn_revision_numbers_db [None req-2c76a26a-04d7-40d9-9ee9-7d3b02e0a4be 805bb2134d174bffb3dd348f04c0a4bc ea3b4cf9758c4a568bbbbb89a380be48 - - default default] Successfully bumped revision number for resource f45dd797-1297-481d-8c7d-2bf5c7138321 (type: security_group_rules) to 0
2026-03-31 06:10:07.124 10 INFO neutron.wsgi [None req-2c76a26a-04d7-40d9-9ee9-7d3b02e0a4be 805bb2134d174bffb3dd348f04c0a4bc ea3b4cf9758c4a568bbbbb89a380be48 - - default default] 10.0.0.150 "GET /v2.0/security-groups?tenant_id=36abfc08d0364d2888000b01ada751ac&name=default HTTP/1.1" status: 200 len: 3120 time: 0.3704073
2026-03-31 06:10:07.162 10 INFO neutron.wsgi [None req-f5bc7210-785f-4ec5-ada2-2bd83311703e b06aa9af987540858e8436b8d8fcedf3 cdb96b5c8bf042c2a9db396151247f34 - - default default] 10.0.0.150 "DELETE /v2.0/security-group-rules/7396bb59-9daf-41d9-a5df-f4dace6389b1 HTTP/1.1" status: 204 len: 168 time: 0.2323999
2026-03-31 06:10:07.327 10 INFO neutron.wsgi [None req-2dfeed00-65a8-4f22-ac33-4a84d83cb1c0 b06aa9af987540858e8436b8d8fcedf3 cdb96b5c8bf042c2a9db396151247f34 - - default default] 10.0.0.150 "GET /v2.0/security-group-rules HTTP/1.1" status: 200 len: 3755 time: 0.1587465
2026-03-31 06:10:07.360 10 WARNING neutron_lib.context [None req-4a1ba247-b914-48ec-a8f3-36dd54724d08 b06aa9af987540858e8436b8d8fcedf3 cdb96b5c8bf042c2a9db396151247f34 - - default default] Method 'is_advsvc' is deprecated since 2023.2 release (neutron-lib 3.8.0) and will be removed once support for the old RBAC API policies will be removed from Neutron. Please use method 'is_service_role' instead.
2026-03-31 06:10:07.449 10 INFO neutron.wsgi [None req-8c013398-d1e4-4421-b3d6-2dad1db2a88f 805bb2134d174bffb3dd348f04c0a4bc ea3b4cf9758c4a568bbbbb89a380be48 - - default default] 10.0.0.150 "DELETE /v2.0/routers/4364195f-26ba-48bc-9f51-ec1dce0cfaaa HTTP/1.1" status: 204 len: 168 time: 1.1915843
2026-03-31 06:10:07.560 10 INFO neutron.db.ovn_revision_numbers_db [None req-4a1ba247-b914-48ec-a8f3-36dd54724d08 b06aa9af987540858e8436b8d8fcedf3 cdb96b5c8bf042c2a9db396151247f34 - - default default] Successfully bumped revision number for resource 8cdaee94-2360-4ca0-8bcb-74d9a1826d25 (type: security_group_rules) to 0
2026-03-31 06:10:07.606 10 INFO neutron.wsgi [None req-4a1ba247-b914-48ec-a8f3-36dd54724d08 b06aa9af987540858e8436b8d8fcedf3 cdb96b5c8bf042c2a9db396151247f34 - - default default] 10.0.0.150 "POST /v2.0/security-group-rules HTTP/1.1" status: 201 len: 800 time: 0.2522712
2026-03-31 06:10:07.650 10 INFO neutron.wsgi [None req-96337775-5f63-4786-89ab-8bfeaa1b3232 b06aa9af987540858e8436b8d8fcedf3 cdb96b5c8bf042c2a9db396151247f34 - - default default] 10.0.0.150 "GET /v2.0/security-group-rules/8cdaee94-2360-4ca0-8bcb-74d9a1826d25 HTTP/1.1" status: 200 len: 795 time: 0.0380032
2026-03-31 06:10:07.696 9 INFO neutron.wsgi [None req-2599c93a-2fad-4bc5-b424-b4a1c4b2a2c9 805bb2134d174bffb3dd348f04c0a4bc ea3b4cf9758c4a568bbbbb89a380be48 - - default default] 10.0.0.150 "DELETE /v2.0/security-groups/7af5c6b4-15d9-419d-b3e3-598bec1365db HTTP/1.1" status: 204 len: 168 time: 0.5664697
2026-03-31 06:10:07.723 10 WARNING neutron.plugins.ml2.drivers.ovn.mech_driver.ovsdb.ovn_client [None req-e2f31618-046d-476a-a7ff-4884df1feeca - - - - - -] No hosting information found for port 88a0632c-a431-486f-a1b8-508bd266fc7d: RuntimeError: No hosting information found for port 88a0632c-a431-486f-a1b8-508bd266fc7d
2026-03-31 06:10:07.752 9 INFO neutron.wsgi [None req-b989acf3-c841-43bd-bc3c-e1e304c05a23 b06aa9af987540858e8436b8d8fcedf3 cdb96b5c8bf042c2a9db396151247f34 - - default default] 10.0.0.150 "GET /v2.0/security-group-rules HTTP/1.1" status: 200 len: 4333 time: 0.0970385
2026-03-31 06:10:07.796 10 INFO neutron.wsgi [None req-95f5d913-beb1-4427-bace-0dab81b08a15 805bb2134d174bffb3dd348f04c0a4bc ea3b4cf9758c4a568bbbbb89a380be48 - - default default] 10.0.0.150 "DELETE /v2.0/subnets/20bbbe1e-38dc-4bfa-9e1c-b5853284adaa HTTP/1.1" status: 204 len: 168 time: 0.3408136
2026-03-31 06:10:07.980 10 INFO neutron.wsgi [None req-f6e17c38-3af2-4491-9c3b-8819cb8a8787 805bb2134d174bffb3dd348f04c0a4bc ea3b4cf9758c4a568bbbbb89a380be48 - - default default] 10.0.0.150 "GET /v2.0/security-groups?tenant_id=d3976d5248324e9c977be95d45d1d704&name=default HTTP/1.1" status: 200 len: 3120 time: 0.0670569
2026-03-31 06:10:08.005 9 INFO neutron.wsgi [None req-95413f6c-6af4-46ba-8801-6d9fa0954d08 b06aa9af987540858e8436b8d8fcedf3 cdb96b5c8bf042c2a9db396151247f34 - - default default] 10.0.0.150 "DELETE /v2.0/security-group-rules/8cdaee94-2360-4ca0-8bcb-74d9a1826d25 HTTP/1.1" status: 204 len: 168 time: 0.2437024
2026-03-31 06:10:08.110 9 INFO neutron.wsgi [None req-1fbd91e4-00ce-4d06-9504-6e2aa66bf1ff b06aa9af987540858e8436b8d8fcedf3 cdb96b5c8bf042c2a9db396151247f34 - - default default] 10.0.0.150 "GET /v2.0/security-group-rules HTTP/1.1" status: 200 len: 3755 time: 0.1004250
2026-03-31 06:10:08.124 10 WARNING neutron_lib.context [None req-03cee17a-d3cc-488f-a68d-13a28359f765 b06aa9af987540858e8436b8d8fcedf3 cdb96b5c8bf042c2a9db396151247f34 - - default default] Method 'is_advsvc' is deprecated since 2023.2 release (neutron-lib 3.8.0) and will be removed once support for the old RBAC API policies will be removed from Neutron. Please use method 'is_service_role' instead.
2026-03-31 06:10:08.179 9 INFO neutron.wsgi [None req-7df0fa44-6f05-4de5-b061-413081d4119b 06628ac6a628459c978c3bd7605a88a5 ce4edbdea903486191138bb52a8d185b - - default default] 10.0.0.150 "PUT /v2.0/routers/da6a9444-7422-45b8-8ee1-ba56bce44cb7/remove_router_interface HTTP/1.1" status: 200 len: 503 time: 1.2414956 /var/lib/openstack/lib/python3.10/site-packages/pycadf/identifier.py:71: UserWarning: Invalid uuid: neutron. To ensure interoperability, identifiers should be a valid uuid. warnings.warn(('Invalid uuid: %s. To ensure interoperability, '
2026-03-31 06:10:08.198 10 INFO neutron.db.securitygroups_db [None req-03cee17a-d3cc-488f-a68d-13a28359f765 b06aa9af987540858e8436b8d8fcedf3 cdb96b5c8bf042c2a9db396151247f34 - - default default] Project cdb96b5c8bf042c2a9db396151247f34 added a security group rule with legacy IPv6 ICMP protocol name icmp, ipv6-icmp should be used instead. It was automatically converted.
2026-03-31 06:10:08.214 9 INFO neutron.wsgi [None req-5c2e20f9-ec47-44c8-a319-d37fa3cbbf0e 06628ac6a628459c978c3bd7605a88a5 ce4edbdea903486191138bb52a8d185b - - default default] 10.0.0.150 "GET /v2.0/ports?device_id=da6a9444-7422-45b8-8ee1-ba56bce44cb7 HTTP/1.1" status: 200 len: 205 time: 0.0271306
2026-03-31 06:10:08.353 10 INFO neutron.services.segments.plugin [-] Segment 5dd27997-7e4e-41ef-a6bb-a7240b50ca9d resource provider aggregate not found
2026-03-31 06:10:08.357 10 INFO neutron.services.segments.plugin [-] Segment 5dd27997-7e4e-41ef-a6bb-a7240b50ca9d resource provider aggregate not found
2026-03-31 06:10:08.374 10 INFO neutron.services.segments.plugin [-] Segment 5dd27997-7e4e-41ef-a6bb-a7240b50ca9d resource provider not found; error: Placement Client Error (4xx): {"errors": [{"status": 404, "title": "Not Found", "detail": "The resource could not be found.\n\n No resource provider with uuid 5dd27997-7e4e-41ef-a6bb-a7240b50ca9d found for delete ", "request_id": "req-88ee922c-440e-4c32-9405-378f9ffefee2"}]}
2026-03-31 06:10:08.378 10 INFO neutron.services.segments.plugin [-] Segment 5dd27997-7e4e-41ef-a6bb-a7240b50ca9d resource provider not found; error: Placement Client Error (4xx): {"errors": [{"status": 404, "title": "Not Found", "detail": "The resource could not be found.\n\n No resource provider with uuid 5dd27997-7e4e-41ef-a6bb-a7240b50ca9d found for delete ", "request_id": "req-18afcf6a-b59f-4ddf-a825-5070d8c27d22"}]}
2026-03-31 06:10:08.383 10 INFO neutron.wsgi [None req-ba9f3929-703e-4d3b-ac2c-44028a196e49 805bb2134d174bffb3dd348f04c0a4bc ea3b4cf9758c4a568bbbbb89a380be48 - - default default] 10.0.0.150 "DELETE /v2.0/security-groups/ca32a38a-5c99-4891-b806-4cf4b4fc3c9a HTTP/1.1" status: 204 len: 168 time: 0.3979976
2026-03-31 06:10:08.385 10 INFO neutron.db.ovn_revision_numbers_db [None req-03cee17a-d3cc-488f-a68d-13a28359f765 b06aa9af987540858e8436b8d8fcedf3 cdb96b5c8bf042c2a9db396151247f34 - - default default] Successfully bumped revision number for resource 1ce6c9cf-5c83-4fa6-ae01-4292479c9421 (type: security_group_rules) to 0
2026-03-31 06:10:08.415 10 INFO neutron.wsgi [None req-22682902-32da-4968-9304-2d4fb9b2e83d 805bb2134d174bffb3dd348f04c0a4bc ea3b4cf9758c4a568bbbbb89a380be48 - - default default] 10.0.0.150 "DELETE /v2.0/networks/2010f99c-58e5-46f7-9a98-73dc8e93a37b HTTP/1.1" status: 204 len: 168 time: 0.6039913
2026-03-31 06:10:08.423 10 INFO neutron.wsgi [None req-03cee17a-d3cc-488f-a68d-13a28359f765 b06aa9af987540858e8436b8d8fcedf3 cdb96b5c8bf042c2a9db396151247f34 - - default default] 10.0.0.150 "POST /v2.0/security-group-rules HTTP/1.1" status: 201 len: 806 time: 0.3065724
2026-03-31 06:10:08.446 10 INFO neutron.wsgi [None req-92dc6bb8-f4a2-4a76-8fd8-225e8b6bf4bc b06aa9af987540858e8436b8d8fcedf3 cdb96b5c8bf042c2a9db396151247f34 - - default default] 10.0.0.150 "GET /v2.0/security-group-rules/1ce6c9cf-5c83-4fa6-ae01-4292479c9421 HTTP/1.1" status: 200 len: 801 time: 0.0178034
2026-03-31 06:10:08.497 9 INFO neutron.wsgi [None req-dd133efb-b899-4d41-aeab-65504e0ee004 06628ac6a628459c978c3bd7605a88a5 ce4edbdea903486191138bb52a8d185b - - default default] 10.0.0.150 "DELETE /v2.0/routers/da6a9444-7422-45b8-8ee1-ba56bce44cb7 HTTP/1.1" status: 204 len: 168 time: 0.2783873
2026-03-31 06:10:08.523 10 INFO neutron.wsgi [None req-e46461aa-ec9b-4954-a936-86e333aad71a b06aa9af987540858e8436b8d8fcedf3 cdb96b5c8bf042c2a9db396151247f34 - - default default] 10.0.0.150 "GET /v2.0/security-group-rules HTTP/1.1" status: 200 len: 4339 time: 0.0721960
2026-03-31 06:10:08.627 10 INFO neutron.wsgi [None req-50ce52ad-e022-46f9-b0e9-f6bd7ef20a2b 805bb2134d174bffb3dd348f04c0a4bc ea3b4cf9758c4a568bbbbb89a380be48 - - default default] 10.0.0.150 "GET /v2.0/security-groups?tenant_id=939a6abc37e445a2b91f64f03741e5eb&name=default HTTP/1.1" status: 200 len: 3120 time: 0.0440555
2026-03-31 06:10:08.693 10 INFO neutron.wsgi [None req-c99db23d-d0a9-4d7d-a24c-584eae8d123b b06aa9af987540858e8436b8d8fcedf3 cdb96b5c8bf042c2a9db396151247f34 - - default default] 10.0.0.150 "DELETE /v2.0/security-group-rules/1ce6c9cf-5c83-4fa6-ae01-4292479c9421 HTTP/1.1" status: 204 len: 168 time: 0.1630361
2026-03-31 06:10:08.743 9 INFO neutron.wsgi [None req-86c93897-bd49-468f-925c-c3c5f3de92c5 06628ac6a628459c978c3bd7605a88a5 ce4edbdea903486191138bb52a8d185b - - default default] 10.0.0.150 "DELETE /v2.0/subnets/092ebc3a-4581-4da0-9184-3624a88dcb72 HTTP/1.1" status: 204 len: 168 time: 0.2410352
2026-03-31 06:10:08.798 10 INFO neutron.wsgi [None req-4c464ea6-a763-4192-accf-f7b1138cc7a7 b06aa9af987540858e8436b8d8fcedf3 cdb96b5c8bf042c2a9db396151247f34 - - default default] 10.0.0.150 "GET /v2.0/security-group-rules HTTP/1.1" status: 200 len: 3755 time: 0.0994298
2026-03-31 06:10:08.924 9 INFO neutron.wsgi [None req-1b4c4a76-7921-4be5-bef6-8355f7011753 06628ac6a628459c978c3bd7605a88a5 ce4edbdea903486191138bb52a8d185b - - default default] 10.0.0.150 "DELETE /v2.0/subnets/9432b1e7-0ae3-41c8-adbb-10538a3b7108 HTTP/1.1" status: 204 len: 168 time: 0.1762667
2026-03-31 06:10:08.962 10 INFO neutron.wsgi [None req-0bfea255-5f09-438f-ae11-396b331eee42 b06aa9af987540858e8436b8d8fcedf3 cdb96b5c8bf042c2a9db396151247f34 - - default default] 10.0.0.150 "DELETE /v2.0/security-groups/98326df3-0da7-41ea-be26-3e3438cf091f HTTP/1.1" status: 204 len: 168 time: 0.1582794
2026-03-31 06:10:08.974 10 INFO neutron.wsgi [None req-71796507-1eed-4508-ada1-c4a0054691ec 805bb2134d174bffb3dd348f04c0a4bc ea3b4cf9758c4a568bbbbb89a380be48 - - default default] 10.0.0.150 "DELETE /v2.0/security-groups/07e379ae-c219-4353-a66e-3eda7e588800 HTTP/1.1" status: 204 len: 168 time: 0.3379245
2026-03-31 06:10:09.020 9 INFO neutron.wsgi [None req-3cd844e1-b8a7-4613-bd05-a620cac8e42c b06aa9af987540858e8436b8d8fcedf3 cdb96b5c8bf042c2a9db396151247f34 - - default default] 10.0.0.150 "GET /v2.0/security-groups HTTP/1.1" status: 200 len: 3120 time: 0.0487387
2026-03-31 06:10:09.074 10 INFO neutron.wsgi [None req-acf38680-10b9-4431-be00-963045aebd53 b06aa9af987540858e8436b8d8fcedf3 cdb96b5c8bf042c2a9db396151247f34 - - default default] 10.0.0.150 "GET /v2.0/security-groups HTTP/1.1" status: 200 len: 3120 time: 0.0471113
2026-03-31 06:10:09.356 9 INFO neutron.services.segments.plugin [-] Segment bb08e4de-5448-4fbd-8fb6-9781a971b1f4 resource provider aggregate not found
2026-03-31 06:10:09.360 9 INFO neutron.services.segments.plugin [-] Segment bb08e4de-5448-4fbd-8fb6-9781a971b1f4 resource provider aggregate not found
2026-03-31 06:10:09.380 9 INFO neutron.services.segments.plugin [-] Segment bb08e4de-5448-4fbd-8fb6-9781a971b1f4 resource provider not found; error: Placement Client Error (4xx): {"errors": [{"status": 404, "title": "Not Found", "detail": "The resource could not be found.\n\n No resource provider with uuid bb08e4de-5448-4fbd-8fb6-9781a971b1f4 found for delete ", "request_id": "req-402d6e87-1c0c-48a5-bb9f-c171f48facd6"}]}
2026-03-31 06:10:09.384 9 INFO neutron.services.segments.plugin [-] Segment bb08e4de-5448-4fbd-8fb6-9781a971b1f4 resource provider not found; error: Placement Client Error (4xx): {"errors": [{"status": 404, "title": "Not Found", "detail": "The resource could not be found.\n\n No resource provider with uuid bb08e4de-5448-4fbd-8fb6-9781a971b1f4 found for delete ", "request_id": "req-0f946d1e-e8f2-40f5-864b-df721791fc11"}]}
2026-03-31 06:10:09.400 9 INFO neutron.wsgi [None req-fae539b3-e69e-4749-bf54-40b6b85771c5 06628ac6a628459c978c3bd7605a88a5 ce4edbdea903486191138bb52a8d185b - - default default] 10.0.0.150 "DELETE /v2.0/networks/2d622170-a3e5-4aed-89ce-e4efbb145802 HTTP/1.1" status: 204 len: 168 time: 0.4719529
2026-03-31 06:10:09.692 9 INFO neutron.wsgi [None req-0ecc4050-782f-4a7e-ac0a-5918767bd476 805bb2134d174bffb3dd348f04c0a4bc ea3b4cf9758c4a568bbbbb89a380be48 - - default default] 10.0.0.150 "GET /v2.0/security-groups?tenant_id=cdb96b5c8bf042c2a9db396151247f34&name=default HTTP/1.1" status: 200 len: 3120 time: 0.1367211
2026-03-31 06:10:09.922 9 INFO neutron.wsgi [None req-ee668819-dc80-4f4d-93d9-6444c52baaa0 805bb2134d174bffb3dd348f04c0a4bc ea3b4cf9758c4a568bbbbb89a380be48 - - default default] 10.0.0.150 "DELETE /v2.0/security-groups/dc40c948-d5c5-46f0-b53d-90a32dcb57c3 HTTP/1.1" status: 204 len: 168 time: 0.2252812
2026-03-31 06:10:10.174 10 INFO neutron.wsgi [None req-db5b646b-dadc-4306-9230-c1b6559944e5 06628ac6a628459c978c3bd7605a88a5 ce4edbdea903486191138bb52a8d185b - - default default] 10.0.0.150 "DELETE /v2.0/networks/8ca78082-b301-41ac-a414-3121e2021b13 HTTP/1.1" status: 204 len: 168 time: 0.7685850
2026-03-31 06:10:10.186 9 WARNING neutron_lib.context [None req-dec77b28-861d-4103-9cbc-702468c3fae1 06628ac6a628459c978c3bd7605a88a5 ce4edbdea903486191138bb52a8d185b - - default default] Method 'is_advsvc' is deprecated since 2023.2 release (neutron-lib 3.8.0) and will be removed once support for the old RBAC API policies will be removed from Neutron. Please use method 'is_service_role' instead.
2026-03-31 06:10:10.277 9 INFO neutron.db.segments_db [None req-dec77b28-861d-4103-9cbc-702468c3fae1 06628ac6a628459c978c3bd7605a88a5 ce4edbdea903486191138bb52a8d185b - - default default] Added segment 6c61a5d4-3296-47d0-9a97-d97563580d76 of type geneve for network 885c7acd-11a4-4a74-b89e-8d986baead54
2026-03-31 06:10:10.413 10 INFO neutron.services.segments.plugin [-] Segment 5d1eee7f-dd78-4275-af94-f402d431db9a resource provider aggregate not found
2026-03-31 06:10:10.422 10 INFO neutron.services.segments.plugin [-] Segment 5d1eee7f-dd78-4275-af94-f402d431db9a resource provider aggregate not found
2026-03-31 06:10:10.439 10 INFO neutron.services.segments.plugin [-] Segment 5d1eee7f-dd78-4275-af94-f402d431db9a resource provider not found; error: Placement Client Error (4xx): {"errors": [{"status": 404, "title": "Not Found", "detail": "The resource could not be found.\n\n No resource provider with uuid 5d1eee7f-dd78-4275-af94-f402d431db9a found for delete ", "request_id": "req-81c154c4-2809-41a8-a4bb-4a32ff6ba0de"}]}
2026-03-31 06:10:10.441 10 INFO neutron.services.segments.plugin [-] Segment 5d1eee7f-dd78-4275-af94-f402d431db9a resource provider not found; error: Placement Client Error (4xx): {"errors": [{"status": 404, "title": "Not Found", "detail": "The resource could not be found.\n\n No resource provider with uuid 5d1eee7f-dd78-4275-af94-f402d431db9a found for delete ", "request_id": "req-aac9d725-b451-4d52-abf1-c217e5f111a4"}]}
2026-03-31 06:10:10.479 9 INFO neutron.db.ovn_revision_numbers_db [None req-dec77b28-861d-4103-9cbc-702468c3fae1 06628ac6a628459c978c3bd7605a88a5 ce4edbdea903486191138bb52a8d185b - - default default] Successfully bumped revision number for resource 885c7acd-11a4-4a74-b89e-8d986baead54 (type: networks) to 1
2026-03-31 06:10:10.536 9 WARNING neutron.plugins.ml2.drivers.ovn.mech_driver.ovsdb.ovn_client [None req-030bbb55-b044-41b5-b59e-7f1ab0a84184 - - - - - -] No port found with ID 3b4d3885-7ea7-4a60-b034-1484754f1817: RuntimeError: No port found with ID 3b4d3885-7ea7-4a60-b034-1484754f1817
2026-03-31 06:10:10.743 9 WARNING neutron.scheduler.dhcp_agent_scheduler [None req-dec77b28-861d-4103-9cbc-702468c3fae1 06628ac6a628459c978c3bd7605a88a5 ce4edbdea903486191138bb52a8d185b - - default default] No more DHCP agents
2026-03-31 06:10:10.745 9 WARNING neutron.api.rpc.agentnotifiers.dhcp_rpc_agent_api [None req-dec77b28-861d-4103-9cbc-702468c3fae1 06628ac6a628459c978c3bd7605a88a5 ce4edbdea903486191138bb52a8d185b - - default default] Unable to schedule network 885c7acd-11a4-4a74-b89e-8d986baead54: no agents available; will retry on subsequent port and subnet creation events.
2026-03-31 06:10:10.854 9 INFO neutron.db.ovn_revision_numbers_db [None req-dec77b28-861d-4103-9cbc-702468c3fae1 06628ac6a628459c978c3bd7605a88a5 ce4edbdea903486191138bb52a8d185b - - default default] Successfully bumped revision number for resource f8f6c926-db09-4dd9-b3ff-02fb264dcc54 (type: ports) to 1
2026-03-31 06:10:10.881 9 INFO neutron.wsgi [None req-dec77b28-861d-4103-9cbc-702468c3fae1 06628ac6a628459c978c3bd7605a88a5 ce4edbdea903486191138bb52a8d185b - - default default] 10.0.0.150 "POST /v2.0/networks HTTP/1.1" status: 201 len: 829 time: 0.7011483
2026-03-31 06:10:10.899 10 WARNING neutron_lib.context [None req-06a08fbd-5c91-42a3-ace3-a86f6c9e0ab3 06628ac6a628459c978c3bd7605a88a5 ce4edbdea903486191138bb52a8d185b - - default default] Method 'is_advsvc' is deprecated since 2023.2 release (neutron-lib 3.8.0) and will be removed once support for the old RBAC API policies will be removed from Neutron. Please use method 'is_service_role' instead.
2026-03-31 06:10:11.231 10 WARNING neutron.scheduler.dhcp_agent_scheduler [None req-06a08fbd-5c91-42a3-ace3-a86f6c9e0ab3 06628ac6a628459c978c3bd7605a88a5 ce4edbdea903486191138bb52a8d185b - - default default] No more DHCP agents
2026-03-31 06:10:11.234 10 WARNING neutron.api.rpc.agentnotifiers.dhcp_rpc_agent_api [None req-06a08fbd-5c91-42a3-ace3-a86f6c9e0ab3 06628ac6a628459c978c3bd7605a88a5 ce4edbdea903486191138bb52a8d185b - - default default] Unable to schedule network 885c7acd-11a4-4a74-b89e-8d986baead54: no agents available; will retry on subsequent port and subnet creation events.
2026-03-31 06:10:11.845 10 INFO neutron.db.ovn_revision_numbers_db [None req-06a08fbd-5c91-42a3-ace3-a86f6c9e0ab3 06628ac6a628459c978c3bd7605a88a5 ce4edbdea903486191138bb52a8d185b - - default default] Successfully bumped revision number for resource f8f6c926-db09-4dd9-b3ff-02fb264dcc54 (type: ports) to 2
2026-03-31 06:10:11.882 10 INFO neutron.db.ovn_revision_numbers_db [None req-06a08fbd-5c91-42a3-ace3-a86f6c9e0ab3 06628ac6a628459c978c3bd7605a88a5 ce4edbdea903486191138bb52a8d185b - - default default] Successfully bumped revision number for resource 19789634-564d-4f77-9505-88216ab27d4c (type: subnets) to 0
2026-03-31 06:10:11.900 10 INFO neutron.wsgi [None req-06a08fbd-5c91-42a3-ace3-a86f6c9e0ab3 06628ac6a628459c978c3bd7605a88a5 ce4edbdea903486191138bb52a8d185b - - default default] 10.0.0.150 "POST /v2.0/subnets HTTP/1.1" status: 201 len: 801 time: 1.0104194
2026-03-31 06:10:11.911 10 WARNING neutron_lib.context [None req-80304a8e-5a09-4b37-a1e4-273699a7f58d 06628ac6a628459c978c3bd7605a88a5 ce4edbdea903486191138bb52a8d185b - - default default] Method 'is_advsvc' is deprecated since 2023.2 release (neutron-lib 3.8.0) and will be removed once support for the old RBAC API policies will be removed from Neutron. Please use method 'is_service_role' instead.
2026-03-31 06:10:12.029 10 INFO neutron.db.ovn_revision_numbers_db [None req-80304a8e-5a09-4b37-a1e4-273699a7f58d 06628ac6a628459c978c3bd7605a88a5 ce4edbdea903486191138bb52a8d185b - - default default] Successfully bumped revision number for resource 72c4d577-b4bb-4e0f-ba06-a12a9e17f963 (type: routers) to 1
2026-03-31 06:10:12.045 10 INFO neutron.wsgi [None req-80304a8e-5a09-4b37-a1e4-273699a7f58d 06628ac6a628459c978c3bd7605a88a5 ce4edbdea903486191138bb52a8d185b - - default default] 10.0.0.150 "POST /v2.0/routers HTTP/1.1" status: 201 len: 802 time: 0.1388974
