2026-03-31 06:08:28.409 10 INFO neutron.wsgi [req-4962526c-ce91-4834-bb8d-c720a586c827 req-7ef82613-4689-491a-85ce-e6a178f240fb 2484bc5e18394fd5807c4e9c6c01aa83 46d00126e9f84abe9169fc548c5482d3 - - 3bfaaca3c24a4c16a7fd45009453a68a 3bfaaca3c24a4c16a7fd45009453a68a] 199.204.45.250 "GET /v2.0/ports?network_id=d86ca93c-d777-4343-9afd-4d1e42b95db6&device_owner=network%3Adhcp HTTP/1.1" status: 200 len: 210 time: 0.0222964
2026-03-31 06:08:28.472 9 INFO neutron.db.l3_db [req-cacc92cf-4908-4b81-baad-905c75dd7ddf req-3169b952-ccbf-4003-9c3a-e317460f1e29 6d83ba6935a546a0a36ed34131936659 c5ad7ca27f894f6d9432691fa861a376 - - default default] Floating IP 41e6dfe0-fdaf-4ca0-af8a-5439b5291d9f disassociated. External IP: 10.96.250.211, port: 05517341-aee6-43d2-957f-cd94f72068c6.
2026-03-31 06:08:28.505 10 INFO neutron.wsgi [req-4962526c-ce91-4834-bb8d-c720a586c827 req-34c43ae0-9580-4818-b97d-95c01600d9dd 2484bc5e18394fd5807c4e9c6c01aa83 46d00126e9f84abe9169fc548c5482d3 - - 3bfaaca3c24a4c16a7fd45009453a68a 3bfaaca3c24a4c16a7fd45009453a68a] 199.204.45.250 "GET /v2.0/networks/d86ca93c-d777-4343-9afd-4d1e42b95db6?fields=segments HTTP/1.1" status: 200 len: 212 time: 0.0773153
2026-03-31 06:08:28.600 9 INFO neutron.wsgi [req-cacc92cf-4908-4b81-baad-905c75dd7ddf req-3169b952-ccbf-4003-9c3a-e317460f1e29 6d83ba6935a546a0a36ed34131936659 c5ad7ca27f894f6d9432691fa861a376 - - default default] 199.204.45.250 "DELETE /v2.0/ports/05517341-aee6-43d2-957f-cd94f72068c6 HTTP/1.1" status: 204 len: 173 time: 0.8116496
2026-03-31 06:08:28.622 10 INFO neutron.wsgi [req-4962526c-ce91-4834-bb8d-c720a586c827 req-6df45776-ae6a-4b1c-a719-b81598244b3c 2484bc5e18394fd5807c4e9c6c01aa83 46d00126e9f84abe9169fc548c5482d3 - - 3bfaaca3c24a4c16a7fd45009453a68a 3bfaaca3c24a4c16a7fd45009453a68a] 199.204.45.250 "GET /v2.0/networks/d86ca93c-d777-4343-9afd-4d1e42b95db6?fields=provider%3Aphysical_network&fields=provider%3Anetwork_type HTTP/1.1" status: 200 len: 277 time: 0.1045437
2026-03-31 06:08:28.653 10 INFO neutron.wsgi [req-6d8f9b65-2748-4966-b0cb-45a61c9e777a req-ba38e140-eadf-4c51-b64d-b35130f86b88 6d83ba6935a546a0a36ed34131936659 c5ad7ca27f894f6d9432691fa861a376 - - default default] 10.0.0.228 "GET /v2.0/ports?device_id=876f27c0-ca21-4f3d-8089-ec0b73e9371c HTTP/1.1" status: 200 len: 210 time: 0.0449646
2026-03-31 06:08:29.326 10 INFO neutron.db.ovn_revision_numbers_db [None req-9f93ef78-a837-4278-b01d-04fa3d1f7ee3 805bb2134d174bffb3dd348f04c0a4bc ea3b4cf9758c4a568bbbbb89a380be48 - - default default] Successfully bumped revision number for resource 9bfec5ef-8c0c-4448-b134-c7fb141cc217 (type: ports) to 2
2026-03-31 06:08:29.368 10 INFO neutron.db.ovn_revision_numbers_db [None req-9f93ef78-a837-4278-b01d-04fa3d1f7ee3 805bb2134d174bffb3dd348f04c0a4bc ea3b4cf9758c4a568bbbbb89a380be48 - - default default] Successfully bumped revision number for resource 3772744f-5e73-4a17-b40f-820ac8167ed9 (type: subnets) to 0
2026-03-31 06:08:29.398 10 INFO neutron.wsgi [None req-9f93ef78-a837-4278-b01d-04fa3d1f7ee3 805bb2134d174bffb3dd348f04c0a4bc ea3b4cf9758c4a568bbbbb89a380be48 - - default default] 10.0.0.150 "POST /v2.0/subnets HTTP/1.1" status: 201 len: 865 time: 1.3546643 /var/lib/openstack/lib/python3.10/site-packages/pycadf/identifier.py:71: UserWarning: Invalid uuid: neutron. To ensure interoperability, identifiers should be a valid uuid. warnings.warn(('Invalid uuid: %s. To ensure interoperability, '
2026-03-31 06:08:29.950 9 WARNING neutron.scheduler.dhcp_agent_scheduler [None req-69133f73-56d8-4cf9-81e9-f8d207d12909 805bb2134d174bffb3dd348f04c0a4bc ea3b4cf9758c4a568bbbbb89a380be48 - - default default] No more DHCP agents
2026-03-31 06:08:29.954 9 INFO neutron.wsgi [None req-e0268091-c899-4a21-bfa0-919ebef8e21a 6d83ba6935a546a0a36ed34131936659 c5ad7ca27f894f6d9432691fa861a376 - - default default] 10.0.0.150 "DELETE /v2.0/security-groups/f8f88651-dbe8-47a9-976b-d0cc07a10edf HTTP/1.1" status: 204 len: 168 time: 0.1977606
2026-03-31 06:08:29.957 9 WARNING neutron.api.rpc.agentnotifiers.dhcp_rpc_agent_api [None req-69133f73-56d8-4cf9-81e9-f8d207d12909 805bb2134d174bffb3dd348f04c0a4bc ea3b4cf9758c4a568bbbbb89a380be48 - - default default] Unable to schedule network a06480ad-20a5-4a4c-9e66-78b05aafe665: no agents available; will retry on subsequent port and subnet creation events.
2026-03-31 06:08:29.970 10 INFO neutron.api.v2.resource [None req-60cd6aa8-8cef-47fe-9577-32f8441434ed 6d83ba6935a546a0a36ed34131936659 c5ad7ca27f894f6d9432691fa861a376 - - default default] show failed (client error): The resource could not be found.
2026-03-31 06:08:29.971 10 INFO neutron.wsgi [None req-60cd6aa8-8cef-47fe-9577-32f8441434ed 6d83ba6935a546a0a36ed34131936659 c5ad7ca27f894f6d9432691fa861a376 - - default default] 10.0.0.150 "GET /v2.0/security-groups/f8f88651-dbe8-47a9-976b-d0cc07a10edf HTTP/1.1" status: 404 len: 347 time: 0.0117974
2026-03-31 06:08:30.063 9 INFO neutron.notifiers.nova [-] Nova event matching ['req-11c7e484-4e8e-489e-938b-96cf75fc3e29'] response: {'server_uuid': '876f27c0-ca21-4f3d-8089-ec0b73e9371c', 'name': 'network-vif-deleted', 'tag': '05517341-aee6-43d2-957f-cd94f72068c6', 'status': 'completed', 'code': 200}
2026-03-31 06:08:30.116 10 INFO neutron.wsgi [None req-2f1edb49-84a8-44dc-a456-fd3441c233aa 805bb2134d174bffb3dd348f04c0a4bc ea3b4cf9758c4a568bbbbb89a380be48 - - default default] 10.0.0.150 "PUT /v2.0/routers/e3fae5c5-96c9-4477-a38a-bcba8369e7b7/remove_router_interface HTTP/1.1" status: 200 len: 503 time: 1.7708714
2026-03-31 06:08:30.121 9 INFO neutron.db.ovn_revision_numbers_db [None req-69133f73-56d8-4cf9-81e9-f8d207d12909 805bb2134d174bffb3dd348f04c0a4bc ea3b4cf9758c4a568bbbbb89a380be48 - - default default] Successfully bumped revision number for resource 15e2518c-75a3-4f3a-98b5-2d3d68f8b9d2 (type: ports) to 1 /var/lib/openstack/lib/python3.10/site-packages/pycadf/identifier.py:71: UserWarning: Invalid uuid: neutron. To ensure interoperability, identifiers should be a valid uuid. warnings.warn(('Invalid uuid: %s. To ensure interoperability, '
2026-03-31 06:08:30.463 10 INFO neutron.wsgi [None req-7122f8bd-d21a-424d-98fa-e12dc42e922c 6d83ba6935a546a0a36ed34131936659 c5ad7ca27f894f6d9432691fa861a376 - - default default] 10.0.0.150 "DELETE /v2.0/floatingips/41e6dfe0-fdaf-4ca0-af8a-5439b5291d9f HTTP/1.1" status: 204 len: 168 time: 0.4863000
2026-03-31 06:08:30.953 9 INFO neutron.plugins.ml2.drivers.ovn.mech_driver.ovsdb.commands [None req-d5bf4641-73a6-437e-946a-b2425304c856 - - - - - -] Schedule LRP lrp-15e2518c-75a3-4f3a-98b5-2d3d68f8b9d2 on gateway e2b808ab-0a5c-4944-8f71-f16af0935e4f with priority 1
2026-03-31 06:08:30.995 9 INFO neutron.plugins.ml2.drivers.ovn.mech_driver.ovsdb.ovsdb_monitor [None req-e122a2dc-f776-4368-aea3-5e578d3a003e - - - - - -] Router e04a12d7-48d5-4a2e-bdf0-3c7939cee5f1 is bound to host instance
2026-03-31 06:08:31.042 9 INFO neutron.db.ovn_revision_numbers_db [None req-69133f73-56d8-4cf9-81e9-f8d207d12909 805bb2134d174bffb3dd348f04c0a4bc ea3b4cf9758c4a568bbbbb89a380be48 - - default default] Successfully bumped revision number for resource 15e2518c-75a3-4f3a-98b5-2d3d68f8b9d2 (type: router_ports) to 1
2026-03-31 06:08:31.182 9 INFO neutron.db.ovn_revision_numbers_db [None req-69133f73-56d8-4cf9-81e9-f8d207d12909 805bb2134d174bffb3dd348f04c0a4bc ea3b4cf9758c4a568bbbbb89a380be48 - - default default] Successfully bumped revision number for resource e04a12d7-48d5-4a2e-bdf0-3c7939cee5f1 (type: routers) to 2
2026-03-31 06:08:31.193 10 INFO neutron.plugins.ml2.drivers.ovn.mech_driver.mech_driver [None req-e2f31618-046d-476a-a7ff-4884df1feeca - - - - - -] OVN reports status up for port: 15e2518c-75a3-4f3a-98b5-2d3d68f8b9d2
2026-03-31 06:08:31.204 10 INFO neutron.plugins.ml2.plugin [None req-e2f31618-046d-476a-a7ff-4884df1feeca - - - - - -] Attempt 1 to provision port 15e2518c-75a3-4f3a-98b5-2d3d68f8b9d2
2026-03-31 06:08:31.215 9 INFO neutron.wsgi [None req-69133f73-56d8-4cf9-81e9-f8d207d12909 805bb2134d174bffb3dd348f04c0a4bc ea3b4cf9758c4a568bbbbb89a380be48 - - default default] 10.0.0.150 "POST /v2.0/routers HTTP/1.1" status: 201 len: 1167 time: 1.8118045
2026-03-31 06:08:31.228 10 INFO neutron.wsgi [None req-35b3fdd1-84de-43c6-8b7b-346e9a0b5930 805bb2134d174bffb3dd348f04c0a4bc ea3b4cf9758c4a568bbbbb89a380be48 - - default default] 10.0.0.150 "DELETE /v2.0/routers/e3fae5c5-96c9-4477-a38a-bcba8369e7b7 HTTP/1.1" status: 204 len: 168 time: 1.1074996
2026-03-31 06:08:31.533 10 INFO neutron.wsgi [None req-da85d4be-1128-468e-aaf4-cd26baf4d307 805bb2134d174bffb3dd348f04c0a4bc ea3b4cf9758c4a568bbbbb89a380be48 - - default default] 10.0.0.150 "DELETE /v2.0/subnets/93399acf-b112-47ad-a65e-950f9e0edb42 HTTP/1.1" status: 204 len: 168 time: 0.2976604
2026-03-31 06:08:31.843 10 WARNING neutron.scheduler.dhcp_agent_scheduler [None req-fea57a4f-63c1-4a92-ac2b-58d9032cafb1 805bb2134d174bffb3dd348f04c0a4bc ea3b4cf9758c4a568bbbbb89a380be48 - - default default] No more DHCP agents
2026-03-31 06:08:31.845 10 WARNING neutron.api.rpc.agentnotifiers.dhcp_rpc_agent_api [None req-fea57a4f-63c1-4a92-ac2b-58d9032cafb1 805bb2134d174bffb3dd348f04c0a4bc ea3b4cf9758c4a568bbbbb89a380be48 - - default default] Unable to schedule network 9cd0ac6b-038e-4e44-a80e-0ea79b7940fe: no agents available; will retry on subsequent port and subnet creation events.
2026-03-31 06:08:31.991 10 INFO neutron.db.ovn_revision_numbers_db [None req-fea57a4f-63c1-4a92-ac2b-58d9032cafb1 805bb2134d174bffb3dd348f04c0a4bc ea3b4cf9758c4a568bbbbb89a380be48 - - default default] Successfully bumped revision number for resource 1625a283-bcc1-4689-b60f-d6a2955dd829 (type: ports) to 1
2026-03-31 06:08:32.401 9 INFO neutron.wsgi [None req-a1db743e-3b08-4746-a409-cc753d159250 805bb2134d174bffb3dd348f04c0a4bc ea3b4cf9758c4a568bbbbb89a380be48 - - default default] 10.0.0.150 "DELETE /v2.0/networks/d8beb6f2-1f95-4832-bb2a-53dc9f429288 HTTP/1.1" status: 204 len: 168 time: 0.8636403
2026-03-31 06:08:32.490 9 INFO neutron.db.ovn_revision_numbers_db [None req-e122a2dc-f776-4368-aea3-5e578d3a003e - - - - - -] Successfully bumped revision number for resource 15e2518c-75a3-4f3a-98b5-2d3d68f8b9d2 (type: ports) to 1
2026-03-31 06:08:32.541 10 ERROR ovsdbapp.backend.ovs_idl.command [None req-fea57a4f-63c1-4a92-ac2b-58d9032cafb1 805bb2134d174bffb3dd348f04c0a4bc ea3b4cf9758c4a568bbbbb89a380be48 - - default default] Error executing command (DbGetCommand): ovsdbapp.backend.ovs_idl.idlutils.RowNotFound: Cannot find Logical_Router_Port with name=lrp-1625a283-bcc1-4689-b60f-d6a2955dd829
2026-03-31 06:08:32.541 10 ERROR ovsdbapp.backend.ovs_idl.command
Traceback (most recent call last):
2026-03-31 06:08:32.541 10 ERROR ovsdbapp.backend.ovs_idl.command
File "/var/lib/openstack/lib/python3.10/site-packages/ovsdbapp/backend/ovs_idl/command.py", line 47, in execute
2026-03-31 06:08:32.541 10 ERROR ovsdbapp.backend.ovs_idl.command self.run_idl(None)
2026-03-31 06:08:32.541 10 ERROR ovsdbapp.backend.ovs_idl.command
File "/var/lib/openstack/lib/python3.10/site-packages/ovsdbapp/backend/ovs_idl/command.py", line 235, in run_idl
2026-03-31 06:08:32.541 10 ERROR ovsdbapp.backend.ovs_idl.command record = self.api.lookup(self.table, self.record)
2026-03-31 06:08:32.541 10 ERROR ovsdbapp.backend.ovs_idl.command
File "/var/lib/openstack/lib/python3.10/site-packages/ovsdbapp/backend/ovs_idl/__init__.py", line 184, in lookup
2026-03-31 06:08:32.541 10 ERROR ovsdbapp.backend.ovs_idl.command return self._lookup(table, record)
2026-03-31 06:08:32.541 10 ERROR ovsdbapp.backend.ovs_idl.command
File "/var/lib/openstack/lib/python3.10/site-packages/ovsdbapp/backend/ovs_idl/__init__.py", line 235, in _lookup
2026-03-31 06:08:32.541 10 ERROR ovsdbapp.backend.ovs_idl.command row = idlutils.row_by_value(self, rl.table, rl.column, record)
2026-03-31 06:08:32.541 10 ERROR ovsdbapp.backend.ovs_idl.command
File "/var/lib/openstack/lib/python3.10/site-packages/ovsdbapp/backend/ovs_idl/idlutils.py", line 114, in row_by_value
2026-03-31 06:08:32.541 10 ERROR ovsdbapp.backend.ovs_idl.command raise RowNotFound(table=table, col=column, match=match)
2026-03-31 06:08:32.541 10 ERROR ovsdbapp.backend.ovs_idl.command ovsdbapp.backend.ovs_idl.idlutils.RowNotFound: Cannot find Logical_Router_Port with name=lrp-1625a283-bcc1-4689-b60f-d6a2955dd829
2026-03-31 06:08:32.541 10 ERROR ovsdbapp.backend.ovs_idl.command 
2026-03-31 06:08:32.542 10 ERROR neutron_lib.callbacks.manager [None req-fea57a4f-63c1-4a92-ac2b-58d9032cafb1 805bb2134d174bffb3dd348f04c0a4bc ea3b4cf9758c4a568bbbbb89a380be48 - - default default] Error during notification for neutron.services.ovn_l3.plugin.OVNL3RouterPlugin._port_update-8773592256239 port, after_update: ovsdbapp.backend.ovs_idl.idlutils.RowNotFound: Cannot find Logical_Router_Port with name=lrp-1625a283-bcc1-4689-b60f-d6a2955dd829
2026-03-31 06:08:32.542 10 ERROR neutron_lib.callbacks.manager
Traceback (most recent call last):
2026-03-31 06:08:32.542 10 ERROR neutron_lib.callbacks.manager
File "/var/lib/openstack/lib/python3.10/site-packages/neutron_lib/callbacks/manager.py", line 189, in _notify_loop
2026-03-31 06:08:32.542 10 ERROR neutron_lib.callbacks.manager callback.method(resource, event, trigger, payload=payload)
2026-03-31 06:08:32.542 10 ERROR neutron_lib.callbacks.manager
File "/var/lib/openstack/lib/python3.10/site-packages/neutron/services/ovn_l3/plugin.py", line 391, in _port_update
2026-03-31 06:08:32.542 10 ERROR neutron_lib.callbacks.manager l3plugin._ovn_client.update_router_port(context,
2026-03-31 06:08:32.542 10 ERROR neutron_lib.callbacks.manager
File "/var/lib/openstack/lib/python3.10/site-packages/neutron/plugins/ml2/drivers/ovn/mech_driver/ovsdb/ovn_client.py", line 1878, in update_router_port
2026-03-31 06:08:32.542 10 ERROR neutron_lib.callbacks.manager self._update_lrouter_port(context, port, if_exists=if_exists,
2026-03-31 06:08:32.542 10 ERROR neutron_lib.callbacks.manager
File "/var/lib/openstack/lib/python3.10/site-packages/neutron/plugins/ml2/drivers/ovn/mech_driver/ovsdb/ovn_client.py", line 1855, in _update_lrouter_port
2026-03-31 06:08:32.542 10 ERROR neutron_lib.callbacks.manager external_ids = self._nb_idl.db_get(
2026-03-31 06:08:32.542 10 ERROR neutron_lib.callbacks.manager
File "/var/lib/openstack/lib/python3.10/site-packages/ovsdbapp/backend/ovs_idl/command.py", line 47, in execute
2026-03-31 06:08:32.542 10 ERROR neutron_lib.callbacks.manager self.run_idl(None)
2026-03-31 06:08:32.542 10 ERROR neutron_lib.callbacks.manager
File "/var/lib/openstack/lib/python3.10/site-packages/ovsdbapp/backend/ovs_idl/command.py", line 235, in run_idl
2026-03-31 06:08:32.542 10 ERROR neutron_lib.callbacks.manager record = self.api.lookup(self.table, self.record)
2026-03-31 06:08:32.542 10 ERROR neutron_lib.callbacks.manager
File "/var/lib/openstack/lib/python3.10/site-packages/ovsdbapp/backend/ovs_idl/__init__.py", line 184, in lookup
2026-03-31 06:08:32.542 10 ERROR neutron_lib.callbacks.manager return self._lookup(table, record)
2026-03-31 06:08:32.542 10 ERROR neutron_lib.callbacks.manager
File "/var/lib/openstack/lib/python3.10/site-packages/ovsdbapp/backend/ovs_idl/__init__.py", line 235, in _lookup
2026-03-31 06:08:32.542 10 ERROR neutron_lib.callbacks.manager row = idlutils.row_by_value(self, rl.table, rl.column, record)
2026-03-31 06:08:32.542 10 ERROR neutron_lib.callbacks.manager
File "/var/lib/openstack/lib/python3.10/site-packages/ovsdbapp/backend/ovs_idl/idlutils.py", line 114, in row_by_value
2026-03-31 06:08:32.542 10 ERROR neutron_lib.callbacks.manager raise RowNotFound(table=table, col=column, match=match)
2026-03-31 06:08:32.542 10 ERROR neutron_lib.callbacks.manager ovsdbapp.backend.ovs_idl.idlutils.RowNotFound: Cannot find Logical_Router_Port with name=lrp-1625a283-bcc1-4689-b60f-d6a2955dd829
2026-03-31 06:08:32.542 10 ERROR neutron_lib.callbacks.manager 
2026-03-31 06:08:32.687 10 INFO neutron.wsgi [None req-41e89718-d3c6-4b4f-9ba7-d189e9c15669 805bb2134d174bffb3dd348f04c0a4bc ea3b4cf9758c4a568bbbbb89a380be48 - - default default] 10.0.0.150 "GET /v2.0/security-groups?tenant_id=58d5fc54e9c14e44b7cbbbaab9999b46&name=default HTTP/1.1" status: 200 len: 3116 time: 0.0697098
2026-03-31 06:08:32.903 10 INFO neutron.db.ovn_revision_numbers_db [None req-fea57a4f-63c1-4a92-ac2b-58d9032cafb1 805bb2134d174bffb3dd348f04c0a4bc ea3b4cf9758c4a568bbbbb89a380be48 - - default default] Successfully bumped revision number for resource 1625a283-bcc1-4689-b60f-d6a2955dd829 (type: ports) to 1
2026-03-31 06:08:32.920 9 INFO neutron.services.segments.plugin [-] Segment b82fd5dd-a96e-4ac3-b0ec-8257f50b1ad5 resource provider aggregate not found
2026-03-31 06:08:32.964 9 INFO neutron.services.segments.plugin [-] Segment b82fd5dd-a96e-4ac3-b0ec-8257f50b1ad5 resource provider not found; error: Placement Client Error (4xx): {"errors": [{"status": 404, "title": "Not Found", "detail": "The resource could not be found.\n\n No resource provider with uuid b82fd5dd-a96e-4ac3-b0ec-8257f50b1ad5 found for delete ", "request_id": "req-7cf4c20c-7e7f-4fe3-b4e4-ad2b7149e567"}]}
2026-03-31 06:08:32.979 10 WARNING neutron.scheduler.dhcp_agent_scheduler [None req-fea57a4f-63c1-4a92-ac2b-58d9032cafb1 805bb2134d174bffb3dd348f04c0a4bc ea3b4cf9758c4a568bbbbb89a380be48 - - default default] No more DHCP agents
2026-03-31 06:08:32.980 10 WARNING neutron.api.rpc.agentnotifiers.dhcp_rpc_agent_api [None req-fea57a4f-63c1-4a92-ac2b-58d9032cafb1 805bb2134d174bffb3dd348f04c0a4bc ea3b4cf9758c4a568bbbbb89a380be48 - - default default] Unable to schedule network 9cd0ac6b-038e-4e44-a80e-0ea79b7940fe: no agents available; will retry on subsequent port and subnet creation events.
2026-03-31 06:08:33.025 9 INFO neutron.services.segments.plugin [-] Segment b82fd5dd-a96e-4ac3-b0ec-8257f50b1ad5 resource provider aggregate not found
2026-03-31 06:08:33.056 9 INFO neutron.services.segments.plugin [-] Segment b82fd5dd-a96e-4ac3-b0ec-8257f50b1ad5 resource provider not found; error: Placement Client Error (4xx): {"errors": [{"status": 404, "title": "Not Found", "detail": "The resource could not be found.\n\n No resource provider with uuid b82fd5dd-a96e-4ac3-b0ec-8257f50b1ad5 found for delete ", "request_id": "req-075981e1-7036-46c6-9b69-b618b838170f"}]}
2026-03-31 06:08:33.204 9 INFO neutron.wsgi [None req-e1552ef1-980f-4cc3-bd6e-50e999a133a0 805bb2134d174bffb3dd348f04c0a4bc ea3b4cf9758c4a568bbbbb89a380be48 - - default default] 10.0.0.150 "PUT /v2.0/routers/291e73ab-55af-4d8a-8f19-81777a043c17/remove_router_interface HTTP/1.1" status: 200 len: 503 time: 2.7347815 /var/lib/openstack/lib/python3.10/site-packages/pycadf/identifier.py:71: UserWarning: Invalid uuid: neutron. To ensure interoperability, identifiers should be a valid uuid. warnings.warn(('Invalid uuid: %s. To ensure interoperability, '
2026-03-31 06:08:33.460 9 INFO neutron.wsgi [None req-fa4d851f-5d84-4dd3-b4bd-b8e8629a33d6 805bb2134d174bffb3dd348f04c0a4bc ea3b4cf9758c4a568bbbbb89a380be48 - - default default] 10.0.0.150 "DELETE /v2.0/security-groups/251a5253-26d8-458d-9eaa-deeeeb9cdb80 HTTP/1.1" status: 204 len: 168 time: 0.7642622
2026-03-31 06:08:33.495 9 INFO neutron.db.ovn_revision_numbers_db [None req-e122a2dc-f776-4368-aea3-5e578d3a003e - - - - - -] Successfully bumped revision number for resource 15e2518c-75a3-4f3a-98b5-2d3d68f8b9d2 (type: router_ports) to 3
2026-03-31 06:08:33.646 10 INFO neutron.db.ovn_revision_numbers_db [None req-fea57a4f-63c1-4a92-ac2b-58d9032cafb1 805bb2134d174bffb3dd348f04c0a4bc ea3b4cf9758c4a568bbbbb89a380be48 - - default default] Successfully bumped revision number for resource 1625a283-bcc1-4689-b60f-d6a2955dd829 (type: router_ports) to 1
2026-03-31 06:08:33.652 10 INFO neutron.wsgi [None req-fea57a4f-63c1-4a92-ac2b-58d9032cafb1 805bb2134d174bffb3dd348f04c0a4bc ea3b4cf9758c4a568bbbbb89a380be48 - - default default] 10.0.0.150 "PUT /v2.0/routers/e04a12d7-48d5-4a2e-bdf0-3c7939cee5f1/add_router_interface HTTP/1.1" status: 200 len: 503 time: 2.4223554
2026-03-31 06:08:33.801 9 INFO neutron.db.ovn_revision_numbers_db [None req-e122a2dc-f776-4368-aea3-5e578d3a003e - - - - - -] Successfully bumped revision number for resource 15e2518c-75a3-4f3a-98b5-2d3d68f8b9d2 (type: ports) to 2
2026-03-31 06:08:34.349 10 INFO neutron.plugins.ml2.drivers.ovn.mech_driver.mech_driver [None req-e2f31618-046d-476a-a7ff-4884df1feeca - - - - - -] OVN reports status up for port: 1625a283-bcc1-4689-b60f-d6a2955dd829
2026-03-31 06:08:34.357 10 WARNING neutron_lib.context [None req-32ea3286-9510-4930-b804-44ba45fa7025 a4f1ca655b39478f8ff4393eee763b2a f9a7307a86724406869ac4101fc87fb3 - - default default] Method 'is_advsvc' is deprecated since 2023.2 release (neutron-lib 3.8.0) and will be removed once support for the old RBAC API policies will be removed from Neutron. Please use method 'is_service_role' instead.
2026-03-31 06:08:34.375 10 INFO neutron.plugins.ml2.plugin [None req-e2f31618-046d-476a-a7ff-4884df1feeca - - - - - -] Attempt 1 to provision port 1625a283-bcc1-4689-b60f-d6a2955dd829
2026-03-31 06:08:34.430 9 INFO neutron.wsgi [None req-95afd24b-88b0-4b1b-927a-d28758e6b86d 805bb2134d174bffb3dd348f04c0a4bc ea3b4cf9758c4a568bbbbb89a380be48 - - default default] 10.0.0.150 "DELETE /v2.0/routers/291e73ab-55af-4d8a-8f19-81777a043c17 HTTP/1.1" status: 204 len: 168 time: 1.2206993
2026-03-31 06:08:34.457 9 INFO neutron.db.ovn_revision_numbers_db [None req-e122a2dc-f776-4368-aea3-5e578d3a003e - - - - - -] Successfully bumped revision number for resource 15e2518c-75a3-4f3a-98b5-2d3d68f8b9d2 (type: ports) to 4
2026-03-31 06:08:34.598 10 INFO neutron.db.ovn_revision_numbers_db [None req-32ea3286-9510-4930-b804-44ba45fa7025 a4f1ca655b39478f8ff4393eee763b2a f9a7307a86724406869ac4101fc87fb3 - - default default] Successfully bumped revision number for resource 067fa3ae-1403-4d0c-8755-cd9b90b45947 (type: security_groups) to 1
2026-03-31 06:08:34.629 10 INFO neutron.db.ovn_revision_numbers_db [None req-32ea3286-9510-4930-b804-44ba45fa7025 a4f1ca655b39478f8ff4393eee763b2a f9a7307a86724406869ac4101fc87fb3 - - default default] Successfully bumped revision number for resource c727f5bc-20ec-4da1-8132-0db33923f390 (type: security_group_rules) to 0
2026-03-31 06:08:34.649 9 INFO neutron.wsgi [-] 10.0.0.158 "GET / HTTP/1.1" status: 200 len: 247 time: 0.0019603
2026-03-31 06:08:34.652 9 INFO neutron.wsgi [-] 10.0.0.158 "GET / HTTP/1.1" status: 200 len: 247 time: 0.0014100
2026-03-31 06:08:34.662 10 INFO neutron.db.ovn_revision_numbers_db [None req-32ea3286-9510-4930-b804-44ba45fa7025 a4f1ca655b39478f8ff4393eee763b2a f9a7307a86724406869ac4101fc87fb3 - - default default] Successfully bumped revision number for resource dc935d02-3b7f-485b-a5d0-3c0e01723d3a (type: security_group_rules) to 0
2026-03-31 06:08:34.693 10 INFO neutron.wsgi [None req-32ea3286-9510-4930-b804-44ba45fa7025 a4f1ca655b39478f8ff4393eee763b2a f9a7307a86724406869ac4101fc87fb3 - - default default] 10.0.0.150 "POST /v2.0/security-groups HTTP/1.1" status: 201 len: 1860 time: 0.3418725
2026-03-31 06:08:34.705 9 WARNING neutron_lib.context [None req-3ae41987-02c7-45df-80e9-40714a588fab a4f1ca655b39478f8ff4393eee763b2a f9a7307a86724406869ac4101fc87fb3 - - default default] Method 'is_advsvc' is deprecated since 2023.2 release (neutron-lib 3.8.0) and will be removed once support for the old RBAC API policies will be removed from Neutron. Please use method 'is_service_role' instead.
2026-03-31 06:08:34.746 10 INFO neutron.wsgi [None req-5de3d039-f8c5-4b99-9a19-900013390eb7 805bb2134d174bffb3dd348f04c0a4bc ea3b4cf9758c4a568bbbbb89a380be48 - - default default] 10.0.0.150 "DELETE /v2.0/subnets/4199fac8-6570-4d2f-a0f2-de9a9be31a06 HTTP/1.1" status: 204 len: 168 time: 0.3108757
2026-03-31 06:08:34.755 9 INFO neutron.db.ovn_revision_numbers_db [None req-e122a2dc-f776-4368-aea3-5e578d3a003e - - - - - -] Successfully bumped revision number for resource 15e2518c-75a3-4f3a-98b5-2d3d68f8b9d2 (type: router_ports) to 4
2026-03-31 06:08:34.928 9 INFO neutron.db.ovn_revision_numbers_db [None req-3ae41987-02c7-45df-80e9-40714a588fab a4f1ca655b39478f8ff4393eee763b2a f9a7307a86724406869ac4101fc87fb3 - - default default] Successfully bumped revision number for resource 42dd6620-05e2-41c7-a32e-4e5da2c7025a (type: security_group_rules) to 0
2026-03-31 06:08:34.958 9 INFO neutron.wsgi [None req-3ae41987-02c7-45df-80e9-40714a588fab a4f1ca655b39478f8ff4393eee763b2a f9a7307a86724406869ac4101fc87fb3 - - default default] 10.0.0.150 "POST /v2.0/security-group-rules HTTP/1.1" status: 201 len: 796 time: 0.2579231
2026-03-31 06:08:34.971 9 WARNING neutron_lib.context [None req-0067eba3-57ec-495b-8c38-9350be42c2ed a4f1ca655b39478f8ff4393eee763b2a f9a7307a86724406869ac4101fc87fb3 - - default default] Method 'is_advsvc' is deprecated since 2023.2 release (neutron-lib 3.8.0) and will be removed once support for the old RBAC API policies will be removed from Neutron. Please use method 'is_service_role' instead.
2026-03-31 06:08:35.119 9 INFO neutron.db.ovn_revision_numbers_db [None req-0067eba3-57ec-495b-8c38-9350be42c2ed a4f1ca655b39478f8ff4393eee763b2a f9a7307a86724406869ac4101fc87fb3 - - default default] Successfully bumped revision number for resource 1b1db955-b5f6-4e86-9bf1-c20d544e6de0 (type: security_group_rules) to 0
2026-03-31 06:08:35.145 9 INFO neutron.wsgi [None req-0067eba3-57ec-495b-8c38-9350be42c2ed a4f1ca655b39478f8ff4393eee763b2a f9a7307a86724406869ac4101fc87fb3 - - default default] 10.0.0.150 "POST /v2.0/security-group-rules HTTP/1.1" status: 201 len: 801 time: 0.1794105
2026-03-31 06:08:35.156 9 WARNING neutron_lib.context [None req-2245ead2-a181-4fe6-80fe-599ec8ae3b6f a4f1ca655b39478f8ff4393eee763b2a f9a7307a86724406869ac4101fc87fb3 - - default default] Method 'is_advsvc' is deprecated since 2023.2 release (neutron-lib 3.8.0) and will be removed once support for the old RBAC API policies will be removed from Neutron. Please use method 'is_service_role' instead.
2026-03-31 06:08:35.222 10 INFO neutron.db.ovn_revision_numbers_db [None req-e2f31618-046d-476a-a7ff-4884df1feeca - - - - - -] Successfully bumped revision number for resource 1625a283-bcc1-4689-b60f-d6a2955dd829 (type: ports) to 2
2026-03-31 06:08:35.417 9 WARNING neutron.scheduler.dhcp_agent_scheduler [None req-2245ead2-a181-4fe6-80fe-599ec8ae3b6f a4f1ca655b39478f8ff4393eee763b2a f9a7307a86724406869ac4101fc87fb3 - - default default] No more DHCP agents
2026-03-31 06:08:35.420 9 WARNING neutron.api.rpc.agentnotifiers.dhcp_rpc_agent_api [None req-2245ead2-a181-4fe6-80fe-599ec8ae3b6f a4f1ca655b39478f8ff4393eee763b2a f9a7307a86724406869ac4101fc87fb3 - - default default] Unable to schedule network a06480ad-20a5-4a4c-9e66-78b05aafe665: no agents available; will retry on subsequent port and subnet creation events.
2026-03-31 06:08:35.454 10 INFO neutron.db.ovn_revision_numbers_db [None req-e2f31618-046d-476a-a7ff-4884df1feeca - - - - - -] Successfully bumped revision number for resource 1625a283-bcc1-4689-b60f-d6a2955dd829 (type: router_ports) to 2
2026-03-31 06:08:35.485 10 INFO neutron.wsgi [req-f198ec4b-5c6b-4218-9b63-0032e43890dc req-ed617658-f048-4277-8853-8732c5c68535 2484bc5e18394fd5807c4e9c6c01aa83 46d00126e9f84abe9169fc548c5482d3 - - 3bfaaca3c24a4c16a7fd45009453a68a 3bfaaca3c24a4c16a7fd45009453a68a] 10.0.0.106 "GET /v2.0/ports?device_id=901af89a-d132-43f2-b2fa-b762921f83a6 HTTP/1.1" status: 200 len: 1409 time: 0.2549970
2026-03-31 06:08:35.577 10 INFO neutron.wsgi [req-f198ec4b-5c6b-4218-9b63-0032e43890dc req-198e1c4e-1402-4a86-9ef5-98a0024459a7 2484bc5e18394fd5807c4e9c6c01aa83 46d00126e9f84abe9169fc548c5482d3 - - 3bfaaca3c24a4c16a7fd45009453a68a 3bfaaca3c24a4c16a7fd45009453a68a] 10.0.0.106 "GET /v2.0/security-groups?id=4c4ed061-0fc4-4953-bc24-f68891f9f979&fields=id&fields=name HTTP/1.1" status: 200 len: 313 time: 0.0860682
2026-03-31 06:08:35.614 10 INFO neutron.services.segments.plugin [-] Segment 5810d1a7-1802-476a-aa92-f1cd8b849915 resource provider aggregate not found
2026-03-31 06:08:35.626 10 INFO neutron.services.segments.plugin [-] Segment 5810d1a7-1802-476a-aa92-f1cd8b849915 resource provider aggregate not found
2026-03-31 06:08:35.634 10 INFO neutron.services.segments.plugin [-] Segment 5810d1a7-1802-476a-aa92-f1cd8b849915 resource provider not found; error: Placement Client Error (4xx): {"errors": [{"status": 404, "title": "Not Found", "detail": "The resource could not be found.\n\n No resource provider with uuid 5810d1a7-1802-476a-aa92-f1cd8b849915 found for delete ", "request_id": "req-af677695-0536-4da0-ba96-219998b08d88"}]}
2026-03-31 06:08:35.659 10 INFO neutron.wsgi [None req-7b806d09-cb81-448d-96c7-4c580dd3a54e 805bb2134d174bffb3dd348f04c0a4bc ea3b4cf9758c4a568bbbbb89a380be48 - - default default] 10.0.0.150 "DELETE /v2.0/networks/d86ca93c-d777-4343-9afd-4d1e42b95db6 HTTP/1.1" status: 204 len: 168 time: 0.9072394
2026-03-31 06:08:35.660 10 INFO neutron.services.segments.plugin [-] Segment 5810d1a7-1802-476a-aa92-f1cd8b849915 resource provider not found; error: Placement Client Error (4xx): {"errors": [{"status": 404, "title": "Not Found", "detail": "The resource could not be found.\n\n No resource provider with uuid 5810d1a7-1802-476a-aa92-f1cd8b849915 found for delete ", "request_id": "req-04d6f75c-299d-42d9-9ee7-dbedc1cffb04"}]}
2026-03-31 06:08:35.970 9 INFO neutron.wsgi [None req-1ae17d8d-c6d6-47c1-8c0d-c37723685869 805bb2134d174bffb3dd348f04c0a4bc ea3b4cf9758c4a568bbbbb89a380be48 - - default default] 10.0.0.150 "GET /v2.0/security-groups?tenant_id=c5ad7ca27f894f6d9432691fa861a376&name=default HTTP/1.1" status: 200 len: 3116 time: 0.0476825
2026-03-31 06:08:36.116 9 INFO neutron.wsgi [None req-2245ead2-a181-4fe6-80fe-599ec8ae3b6f a4f1ca655b39478f8ff4393eee763b2a f9a7307a86724406869ac4101fc87fb3 - - default default] 10.0.0.150 "POST /v2.0/floatingips HTTP/1.1" status: 201 len: 751 time: 0.9655018
2026-03-31 06:08:36.319 9 INFO neutron.wsgi [None req-7d6b964e-dc71-4c16-b77d-d34fb5bf656c 805bb2134d174bffb3dd348f04c0a4bc ea3b4cf9758c4a568bbbbb89a380be48 - - default default] 10.0.0.150 "DELETE /v2.0/security-groups/7d3f1e81-4f02-4d92-a672-3352f1b0d42c HTTP/1.1" status: 204 len: 168 time: 0.3440766
2026-03-31 06:08:36.648 9 INFO neutron.wsgi [req-79f2c9f0-7ae9-48ce-a5f1-c4b5854766a3 req-1c1686cf-dc8f-4888-af7a-372ff7dc1882 a4f1ca655b39478f8ff4393eee763b2a f9a7307a86724406869ac4101fc87fb3 - - default default] 10.0.0.228 "GET /v2.0/security-groups?name=tempest-securitygroup--2058081273&fields=id&tenant_id=f9a7307a86724406869ac4101fc87fb3 HTTP/1.1" status: 200 len: 267 time: 0.0425787
2026-03-31 06:08:36.736 9 INFO neutron.wsgi [req-79f2c9f0-7ae9-48ce-a5f1-c4b5854766a3 req-3593d532-3ca9-40b1-9079-c979c4c43ede a4f1ca655b39478f8ff4393eee763b2a f9a7307a86724406869ac4101fc87fb3 - - default default] 10.0.0.228 "GET /v2.0/networks?id=9cd0ac6b-038e-4e44-a80e-0ea79b7940fe HTTP/1.1" status: 200 len: 874 time: 0.0791221
2026-03-31 06:08:36.755 9 INFO neutron.wsgi [req-79f2c9f0-7ae9-48ce-a5f1-c4b5854766a3 req-fc457bf1-2cdb-4ee1-a93e-8fd82fc8acc8 a4f1ca655b39478f8ff4393eee763b2a f9a7307a86724406869ac4101fc87fb3 - - default default] 10.0.0.228 "GET /v2.0/quotas/f9a7307a86724406869ac4101fc87fb3 HTTP/1.1" status: 200 len: 491 time: 0.0105567
2026-03-31 06:08:36.856 9 INFO neutron.wsgi [req-79f2c9f0-7ae9-48ce-a5f1-c4b5854766a3 req-a81ab3ea-5914-4e88-a83a-46e1c38dee0e a4f1ca655b39478f8ff4393eee763b2a f9a7307a86724406869ac4101fc87fb3 - - default default] 10.0.0.228 "GET /v2.0/ports?tenant_id=f9a7307a86724406869ac4101fc87fb3&fields=id HTTP/1.1" status: 200 len: 302 time: 0.0927155
2026-03-31 06:08:36.929 9 INFO neutron.wsgi [req-79f2c9f0-7ae9-48ce-a5f1-c4b5854766a3 req-b3defd53-e013-46d4-8113-71fca4f08d2b 2484bc5e18394fd5807c4e9c6c01aa83 46d00126e9f84abe9169fc548c5482d3 - - 3bfaaca3c24a4c16a7fd45009453a68a 3bfaaca3c24a4c16a7fd45009453a68a] 10.0.0.228 "GET /v2.0/networks/9cd0ac6b-038e-4e44-a80e-0ea79b7940fe?fields=segments HTTP/1.1" status: 200 len: 212 time: 0.0607581
2026-03-31 06:08:36.994 10 INFO neutron.db.ovn_revision_numbers_db [None req-bba686df-9263-4b4a-b90a-ab6411fa1dc6 805bb2134d174bffb3dd348f04c0a4bc ea3b4cf9758c4a568bbbbb89a380be48 - - default default] Successfully bumped revision number for resource 1b12aa66-dffc-4d81-b504-54a70678da90 (type: security_groups) to 1
2026-03-31 06:08:36.995 9 INFO neutron.wsgi [req-79f2c9f0-7ae9-48ce-a5f1-c4b5854766a3 req-fd8e0b69-ca8b-4b7a-bf0c-38ed1b1be426 2484bc5e18394fd5807c4e9c6c01aa83 46d00126e9f84abe9169fc548c5482d3 - - 3bfaaca3c24a4c16a7fd45009453a68a 3bfaaca3c24a4c16a7fd45009453a68a] 10.0.0.228 "GET /v2.0/networks/9cd0ac6b-038e-4e44-a80e-0ea79b7940fe?fields=provider%3Aphysical_network&fields=provider%3Anetwork_type HTTP/1.1" status: 200 len: 277 time: 0.0606880
2026-03-31 06:08:37.009 10 INFO neutron.db.ovn_revision_numbers_db [None req-bba686df-9263-4b4a-b90a-ab6411fa1dc6 805bb2134d174bffb3dd348f04c0a4bc ea3b4cf9758c4a568bbbbb89a380be48 - - default default] Successfully bumped revision number for resource 04902d7b-20b2-43c6-b939-adf265e210d4 (type: security_group_rules) to 0
2026-03-31 06:08:37.024 10 INFO neutron.db.ovn_revision_numbers_db [None req-bba686df-9263-4b4a-b90a-ab6411fa1dc6 805bb2134d174bffb3dd348f04c0a4bc ea3b4cf9758c4a568bbbbb89a380be48 - - default default] Successfully bumped revision number for resource 07d07df5-3bf3-4b90-b5cf-3d776c4e6e5d (type: security_group_rules) to 0
2026-03-31 06:08:37.039 10 INFO neutron.db.ovn_revision_numbers_db [None req-bba686df-9263-4b4a-b90a-ab6411fa1dc6 805bb2134d174bffb3dd348f04c0a4bc ea3b4cf9758c4a568bbbbb89a380be48 - - default default] Successfully bumped revision number for resource c9b9ba65-6db6-453c-91d9-ae6271278d24 (type: security_group_rules) to 0
2026-03-31 06:08:37.052 10 INFO neutron.db.ovn_revision_numbers_db [None req-bba686df-9263-4b4a-b90a-ab6411fa1dc6 805bb2134d174bffb3dd348f04c0a4bc ea3b4cf9758c4a568bbbbb89a380be48 - - default default] Successfully bumped revision number for resource ef7f58b4-ddad-49fa-a6e0-67e65e766343 (type: security_group_rules) to 0
2026-03-31 06:08:37.074 10 INFO neutron.wsgi [None req-bba686df-9263-4b4a-b90a-ab6411fa1dc6 805bb2134d174bffb3dd348f04c0a4bc ea3b4cf9758c4a568bbbbb89a380be48 - - default default] 10.0.0.150 "GET /v2.0/security-groups?tenant_id=fae0e66246024471904b963b007ab4b8&name=default HTTP/1.1" status: 200 len: 3120 time: 0.3548625
2026-03-31 06:08:37.156 10 INFO neutron.wsgi [req-19f618fa-7441-44d8-8e9f-b68a7cab2f41 req-d3a63e6f-5b7c-4094-8560-eddf7b41db27 a4f1ca655b39478f8ff4393eee763b2a f9a7307a86724406869ac4101fc87fb3 - - default default] 10.0.0.228 "GET /v2.0/ports?device_id=4180241a-6199-4ab5-8875-d9a52ef2b0bf HTTP/1.1" status: 200 len: 210 time: 0.0247550
2026-03-31 06:08:37.317 9 INFO neutron.wsgi [None req-5caefa66-39d7-440c-995e-5cfa35a51c47 805bb2134d174bffb3dd348f04c0a4bc ea3b4cf9758c4a568bbbbb89a380be48 - - default default] 10.0.0.150 "DELETE /v2.0/security-groups/1b12aa66-dffc-4d81-b504-54a70678da90 HTTP/1.1" status: 204 len: 168 time: 0.2354429
2026-03-31 06:08:37.943 10 INFO neutron.wsgi [req-79f2c9f0-7ae9-48ce-a5f1-c4b5854766a3 req-bb56fa43-d4f9-41ca-8c55-9a7408dff810 a4f1ca655b39478f8ff4393eee763b2a f9a7307a86724406869ac4101fc87fb3 - - default default] 199.204.45.250 "GET /v2.0/networks?id=9cd0ac6b-038e-4e44-a80e-0ea79b7940fe HTTP/1.1" status: 200 len: 874 time: 0.0850973
2026-03-31 06:08:38.008 10 INFO neutron.wsgi [req-79f2c9f0-7ae9-48ce-a5f1-c4b5854766a3 req-410e130c-7b7a-4d43-be0f-c85cb15d3d2b a4f1ca655b39478f8ff4393eee763b2a f9a7307a86724406869ac4101fc87fb3 - - default default] 199.204.45.250 "GET /v2.0/security-groups?fields=id&fields=name&tenant_id=f9a7307a86724406869ac4101fc87fb3 HTTP/1.1" status: 200 len: 380 time: 0.0558732
2026-03-31 06:08:38.021 10 WARNING neutron_lib.context [req-79f2c9f0-7ae9-48ce-a5f1-c4b5854766a3 req-3ba1999f-ab05-46e8-b8ea-958e32136c6a a4f1ca655b39478f8ff4393eee763b2a f9a7307a86724406869ac4101fc87fb3 - - default default] Method 'is_advsvc' is deprecated since 2023.2 release (neutron-lib 3.8.0) and will be removed once support for the old RBAC API policies will be removed from Neutron. Please use method 'is_service_role' instead.
2026-03-31 06:08:38.269 9 INFO neutron.wsgi [req-bdcc19e8-ab73-46ea-a4f0-cd7bd530143d req-60a29789-ad88-499e-bd69-08a616cf73f4 a4f1ca655b39478f8ff4393eee763b2a f9a7307a86724406869ac4101fc87fb3 - - default default] 10.0.0.228 "GET /v2.0/ports?device_id=4180241a-6199-4ab5-8875-d9a52ef2b0bf HTTP/1.1" status: 200 len: 210 time: 0.0337386
2026-03-31 06:08:38.387 10 WARNING neutron.scheduler.dhcp_agent_scheduler [req-79f2c9f0-7ae9-48ce-a5f1-c4b5854766a3 req-3ba1999f-ab05-46e8-b8ea-958e32136c6a a4f1ca655b39478f8ff4393eee763b2a f9a7307a86724406869ac4101fc87fb3 - - default default] No more DHCP agents
2026-03-31 06:08:38.389 10 WARNING neutron.api.rpc.agentnotifiers.dhcp_rpc_agent_api [req-79f2c9f0-7ae9-48ce-a5f1-c4b5854766a3 req-3ba1999f-ab05-46e8-b8ea-958e32136c6a a4f1ca655b39478f8ff4393eee763b2a f9a7307a86724406869ac4101fc87fb3 - - default default] Unable to schedule network 9cd0ac6b-038e-4e44-a80e-0ea79b7940fe: no agents available; will retry on subsequent port and subnet creation events.
2026-03-31 06:08:38.578 10 INFO neutron.db.ovn_revision_numbers_db [req-79f2c9f0-7ae9-48ce-a5f1-c4b5854766a3 req-3ba1999f-ab05-46e8-b8ea-958e32136c6a a4f1ca655b39478f8ff4393eee763b2a f9a7307a86724406869ac4101fc87fb3 - - default default] Successfully bumped revision number for resource bc718786-6fc3-4dc1-93e4-17eeda4a50b5 (type: ports) to 1
2026-03-31 06:08:38.584 9 INFO neutron.db.ovn_revision_numbers_db [None req-317011e9-91a9-42d9-a9b5-fff89d989674 805bb2134d174bffb3dd348f04c0a4bc ea3b4cf9758c4a568bbbbb89a380be48 - - default default] Successfully bumped revision number for resource ba6c6617-b380-4200-bb3b-fd04ddcc5e9a (type: security_groups) to 1
2026-03-31 06:08:38.603 9 INFO neutron.db.ovn_revision_numbers_db [None req-317011e9-91a9-42d9-a9b5-fff89d989674 805bb2134d174bffb3dd348f04c0a4bc ea3b4cf9758c4a568bbbbb89a380be48 - - default default] Successfully bumped revision number for resource 43b99972-34ba-430f-955d-d40da6eff3a0 (type: security_group_rules) to 0
2026-03-31 06:08:38.604 10 INFO neutron.wsgi [req-79f2c9f0-7ae9-48ce-a5f1-c4b5854766a3 req-3ba1999f-ab05-46e8-b8ea-958e32136c6a a4f1ca655b39478f8ff4393eee763b2a f9a7307a86724406869ac4101fc87fb3 - - default default] 199.204.45.250 "POST /v2.0/ports HTTP/1.1" status: 201 len: 1158 time: 0.5882993
2026-03-31 06:08:38.617 9 INFO neutron.db.ovn_revision_numbers_db [None req-317011e9-91a9-42d9-a9b5-fff89d989674 805bb2134d174bffb3dd348f04c0a4bc ea3b4cf9758c4a568bbbbb89a380be48 - - default default] Successfully bumped revision number for resource 89b321f3-9a74-4e91-9147-18c8e6b4e979 (type: security_group_rules) to 0 /var/lib/openstack/lib/python3.10/site-packages/pycadf/identifier.py:71: UserWarning: Invalid uuid: neutron. To ensure interoperability, identifiers should be a valid uuid. warnings.warn(('Invalid uuid: %s. To ensure interoperability, '
2026-03-31 06:08:38.637 9 INFO neutron.db.ovn_revision_numbers_db [None req-317011e9-91a9-42d9-a9b5-fff89d989674 805bb2134d174bffb3dd348f04c0a4bc ea3b4cf9758c4a568bbbbb89a380be48 - - default default] Successfully bumped revision number for resource 949062f5-3654-4090-aa70-7011d95dc659 (type: security_group_rules) to 0
2026-03-31 06:08:38.653 9 INFO neutron.db.ovn_revision_numbers_db [None req-317011e9-91a9-42d9-a9b5-fff89d989674 805bb2134d174bffb3dd348f04c0a4bc ea3b4cf9758c4a568bbbbb89a380be48 - - default default] Successfully bumped revision number for resource ab89ec3c-808f-4650-b5f5-70528204ffb6 (type: security_group_rules) to 0
2026-03-31 06:08:38.705 9 INFO neutron.db.segments_db [None req-317011e9-91a9-42d9-a9b5-fff89d989674 805bb2134d174bffb3dd348f04c0a4bc ea3b4cf9758c4a568bbbbb89a380be48 - - default default] Added segment 2b9fa342-2c57-4223-8ed0-bc6128c1964e of type geneve for network 55170cec-8911-4292-9c47-00f1f96946ce
2026-03-31 06:08:38.893 9 INFO neutron.db.ovn_revision_numbers_db [None req-317011e9-91a9-42d9-a9b5-fff89d989674 805bb2134d174bffb3dd348f04c0a4bc ea3b4cf9758c4a568bbbbb89a380be48 - - default default] Successfully bumped revision number for resource 55170cec-8911-4292-9c47-00f1f96946ce (type: networks) to 1
2026-03-31 06:08:39.069 9 WARNING neutron.scheduler.dhcp_agent_scheduler [None req-317011e9-91a9-42d9-a9b5-fff89d989674 805bb2134d174bffb3dd348f04c0a4bc ea3b4cf9758c4a568bbbbb89a380be48 - - default default] No more DHCP agents
2026-03-31 06:08:39.072 9 WARNING neutron.api.rpc.agentnotifiers.dhcp_rpc_agent_api [None req-317011e9-91a9-42d9-a9b5-fff89d989674 805bb2134d174bffb3dd348f04c0a4bc ea3b4cf9758c4a568bbbbb89a380be48 - - default default] Unable to schedule network 55170cec-8911-4292-9c47-00f1f96946ce: no agents available; will retry on subsequent port and subnet creation events.
2026-03-31 06:08:39.096 10 INFO neutron.db.ovn_revision_numbers_db [req-79f2c9f0-7ae9-48ce-a5f1-c4b5854766a3 req-d92a7a10-cc79-40f7-a683-4ea96d1363a9 2484bc5e18394fd5807c4e9c6c01aa83 46d00126e9f84abe9169fc548c5482d3 - - 3bfaaca3c24a4c16a7fd45009453a68a 3bfaaca3c24a4c16a7fd45009453a68a] Successfully bumped revision number for resource bc718786-6fc3-4dc1-93e4-17eeda4a50b5 (type: ports) to 2
2026-03-31 06:08:39.151 9 INFO neutron.db.ovn_revision_numbers_db [None req-317011e9-91a9-42d9-a9b5-fff89d989674 805bb2134d174bffb3dd348f04c0a4bc ea3b4cf9758c4a568bbbbb89a380be48 - - default default] Successfully bumped revision number for resource 0d78896b-dcaa-41b0-82dd-e78f1af3708c (type: ports) to 1
2026-03-31 06:08:39.171 9 INFO neutron.wsgi [None req-317011e9-91a9-42d9-a9b5-fff89d989674 805bb2134d174bffb3dd348f04c0a4bc ea3b4cf9758c4a568bbbbb89a380be48 - - default default] 10.0.0.150 "POST /v2.0/networks HTTP/1.1" status: 201 len: 946 time: 0.9374082
2026-03-31 06:08:39.327 10 INFO neutron.db.ovn_revision_numbers_db [req-79f2c9f0-7ae9-48ce-a5f1-c4b5854766a3 req-d92a7a10-cc79-40f7-a683-4ea96d1363a9 2484bc5e18394fd5807c4e9c6c01aa83 46d00126e9f84abe9169fc548c5482d3 - - 3bfaaca3c24a4c16a7fd45009453a68a 3bfaaca3c24a4c16a7fd45009453a68a] Successfully bumped revision number for resource bc718786-6fc3-4dc1-93e4-17eeda4a50b5 (type: ports) to 2 /var/lib/openstack/lib/python3.10/site-packages/pycadf/identifier.py:71: UserWarning: Invalid uuid: neutron. To ensure interoperability, identifiers should be a valid uuid. warnings.warn(('Invalid uuid: %s. To ensure interoperability, '
2026-03-31 06:08:39.337 9 WARNING neutron.scheduler.dhcp_agent_scheduler [None req-cdd04383-4ae1-4106-ad25-0253900c5600 805bb2134d174bffb3dd348f04c0a4bc ea3b4cf9758c4a568bbbbb89a380be48 - - default default] No more DHCP agents
2026-03-31 06:08:39.341 9 WARNING neutron.api.rpc.agentnotifiers.dhcp_rpc_agent_api [None req-cdd04383-4ae1-4106-ad25-0253900c5600 805bb2134d174bffb3dd348f04c0a4bc ea3b4cf9758c4a568bbbbb89a380be48 - - default default] Unable to schedule network 55170cec-8911-4292-9c47-00f1f96946ce: no agents available; will retry on subsequent port and subnet creation events.
2026-03-31 06:08:39.351 10 INFO neutron.wsgi [req-79f2c9f0-7ae9-48ce-a5f1-c4b5854766a3 req-d92a7a10-cc79-40f7-a683-4ea96d1363a9 2484bc5e18394fd5807c4e9c6c01aa83 46d00126e9f84abe9169fc548c5482d3 - - 3bfaaca3c24a4c16a7fd45009453a68a 3bfaaca3c24a4c16a7fd45009453a68a] 199.204.45.250 "PUT /v2.0/ports/bc718786-6fc3-4dc1-93e4-17eeda4a50b5 HTTP/1.1" status: 200 len: 1376 time: 0.7367468
2026-03-31 06:08:39.411 10 INFO neutron.notifiers.nova [-] Nova event matching ['req-d20d28cc-47af-421f-85bc-055ee2fa84b5'] response: {'name': 'network-changed', 'server_uuid': '4180241a-6199-4ab5-8875-d9a52ef2b0bf', 'tag': 'bc718786-6fc3-4dc1-93e4-17eeda4a50b5', 'status': 'completed', 'code': 200}
2026-03-31 06:08:39.439 10 INFO neutron.wsgi [req-79f2c9f0-7ae9-48ce-a5f1-c4b5854766a3 req-f1b6e90a-bd32-4a5a-84e6-e709d33b9732 2484bc5e18394fd5807c4e9c6c01aa83 46d00126e9f84abe9169fc548c5482d3 - - 3bfaaca3c24a4c16a7fd45009453a68a 3bfaaca3c24a4c16a7fd45009453a68a] 199.204.45.250 "GET /v2.0/ports?tenant_id=f9a7307a86724406869ac4101fc87fb3&device_id=4180241a-6199-4ab5-8875-d9a52ef2b0bf HTTP/1.1" status: 200 len: 1407 time: 0.0403719
2026-03-31 06:08:39.457 10 INFO neutron.wsgi [req-413b5cb3-25ad-4616-a80a-5fb9a2682096 req-a6099059-33a9-4313-904f-f57035666fe3 a4f1ca655b39478f8ff4393eee763b2a f9a7307a86724406869ac4101fc87fb3 - - default default] 10.0.0.228 "GET /v2.0/ports?device_id=4180241a-6199-4ab5-8875-d9a52ef2b0bf HTTP/1.1" status: 200 len: 1168 time: 0.1238606
2026-03-31 06:08:39.471 10 INFO neutron.wsgi [req-79f2c9f0-7ae9-48ce-a5f1-c4b5854766a3 req-6f8aa89c-a25b-47e2-8967-915d51c5e717 2484bc5e18394fd5807c4e9c6c01aa83 46d00126e9f84abe9169fc548c5482d3 - - 3bfaaca3c24a4c16a7fd45009453a68a 3bfaaca3c24a4c16a7fd45009453a68a] 199.204.45.250 "GET /v2.0/floatingips?fixed_ip_address=10.100.0.3&port_id=bc718786-6fc3-4dc1-93e4-17eeda4a50b5 HTTP/1.1" status: 200 len: 217 time: 0.0259798
2026-03-31 06:08:39.512 10 INFO neutron.wsgi [req-79f2c9f0-7ae9-48ce-a5f1-c4b5854766a3 req-e7e3e483-88d2-4186-92b1-96c7ad1e2c63 2484bc5e18394fd5807c4e9c6c01aa83 46d00126e9f84abe9169fc548c5482d3 - - 3bfaaca3c24a4c16a7fd45009453a68a 3bfaaca3c24a4c16a7fd45009453a68a] 199.204.45.250 "GET /v2.0/subnets?id=3772744f-5e73-4a17-b40f-820ac8167ed9 HTTP/1.1" status: 200 len: 868 time: 0.0357482
2026-03-31 06:08:39.517 10 INFO neutron.wsgi [req-413b5cb3-25ad-4616-a80a-5fb9a2682096 req-f8ed8299-8650-4142-83f8-a954fef72876 a4f1ca655b39478f8ff4393eee763b2a f9a7307a86724406869ac4101fc87fb3 - - default default] 10.0.0.228 "GET /v2.0/security-groups?id=067fa3ae-1403-4d0c-8755-cd9b90b45947&fields=id&fields=name HTTP/1.1" status: 200 len: 313 time: 0.0478613
2026-03-31 06:08:39.542 10 INFO neutron.wsgi [req-79f2c9f0-7ae9-48ce-a5f1-c4b5854766a3 req-45fb3917-6402-4d03-9d95-ec57411c69df 2484bc5e18394fd5807c4e9c6c01aa83 46d00126e9f84abe9169fc548c5482d3 - - 3bfaaca3c24a4c16a7fd45009453a68a 3bfaaca3c24a4c16a7fd45009453a68a] 199.204.45.250 "GET /v2.0/ports?network_id=9cd0ac6b-038e-4e44-a80e-0ea79b7940fe&device_owner=network%3Adhcp HTTP/1.1" status: 200 len: 210 time: 0.0224631
2026-03-31 06:08:39.629 10 INFO neutron.wsgi [req-79f2c9f0-7ae9-48ce-a5f1-c4b5854766a3 req-cb0cb26a-a3c0-48b2-9a50-28a673661ba8 2484bc5e18394fd5807c4e9c6c01aa83 46d00126e9f84abe9169fc548c5482d3 - - 3bfaaca3c24a4c16a7fd45009453a68a 3bfaaca3c24a4c16a7fd45009453a68a] 199.204.45.250 "GET /v2.0/networks/9cd0ac6b-038e-4e44-a80e-0ea79b7940fe?fields=segments HTTP/1.1" status: 200 len: 212 time: 0.0812078
2026-03-31 06:08:39.696 10 INFO neutron.wsgi [req-79f2c9f0-7ae9-48ce-a5f1-c4b5854766a3 req-3eecb190-3e4d-4faf-9b43-27a7b782610e 2484bc5e18394fd5807c4e9c6c01aa83 46d00126e9f84abe9169fc548c5482d3 - - 3bfaaca3c24a4c16a7fd45009453a68a 3bfaaca3c24a4c16a7fd45009453a68a] 199.204.45.250 "GET /v2.0/networks/9cd0ac6b-038e-4e44-a80e-0ea79b7940fe?fields=provider%3Aphysical_network&fields=provider%3Anetwork_type HTTP/1.1" status: 200 len: 277 time: 0.0605106
2026-03-31 06:08:39.782 10 INFO neutron.wsgi [req-1e5244e2-610f-4c71-a352-eeee0853bf30 req-4d3f219c-55b6-4b64-b344-df8f41b66cd0 2484bc5e18394fd5807c4e9c6c01aa83 46d00126e9f84abe9169fc548c5482d3 - - 3bfaaca3c24a4c16a7fd45009453a68a 3bfaaca3c24a4c16a7fd45009453a68a] 199.204.45.250 "GET /v2.0/ports?tenant_id=f9a7307a86724406869ac4101fc87fb3&device_id=4180241a-6199-4ab5-8875-d9a52ef2b0bf HTTP/1.1" status: 200 len: 1407 time: 0.0488982
2026-03-31 06:08:39.861 10 INFO neutron.wsgi [req-1e5244e2-610f-4c71-a352-eeee0853bf30 req-9c091345-262e-497c-b8b3-798c02f43dc8 2484bc5e18394fd5807c4e9c6c01aa83 46d00126e9f84abe9169fc548c5482d3 - - 3bfaaca3c24a4c16a7fd45009453a68a 3bfaaca3c24a4c16a7fd45009453a68a] 199.204.45.250 "GET /v2.0/networks?id=9cd0ac6b-038e-4e44-a80e-0ea79b7940fe HTTP/1.1" status: 200 len: 973 time: 0.0753102
2026-03-31 06:08:39.891 9 INFO neutron.plugins.ml2.drivers.ovn.mech_driver.mech_driver [None req-030bbb55-b044-41b5-b59e-7f1ab0a84184 - - - - - -] OVN reports status up for port: bc718786-6fc3-4dc1-93e4-17eeda4a50b5
2026-03-31 06:08:39.898 10 INFO neutron.wsgi [req-1e5244e2-610f-4c71-a352-eeee0853bf30 req-c4b9b724-ad05-4dae-b432-62afa5426257 2484bc5e18394fd5807c4e9c6c01aa83 46d00126e9f84abe9169fc548c5482d3 - - 3bfaaca3c24a4c16a7fd45009453a68a 3bfaaca3c24a4c16a7fd45009453a68a] 199.204.45.250 "GET /v2.0/floatingips?fixed_ip_address=10.100.0.3&port_id=bc718786-6fc3-4dc1-93e4-17eeda4a50b5 HTTP/1.1" status: 200 len: 217 time: 0.0298691
2026-03-31 06:08:39.918 9 INFO neutron.plugins.ml2.plugin [None req-030bbb55-b044-41b5-b59e-7f1ab0a84184 - - - - - -] Attempt 1 to provision port bc718786-6fc3-4dc1-93e4-17eeda4a50b5
2026-03-31 06:08:39.938 10 INFO neutron.wsgi [req-1e5244e2-610f-4c71-a352-eeee0853bf30 req-ce96740b-12c6-4d8a-8a98-55c9db311801 2484bc5e18394fd5807c4e9c6c01aa83 46d00126e9f84abe9169fc548c5482d3 - - 3bfaaca3c24a4c16a7fd45009453a68a 3bfaaca3c24a4c16a7fd45009453a68a] 199.204.45.250 "GET /v2.0/subnets?id=3772744f-5e73-4a17-b40f-820ac8167ed9 HTTP/1.1" status: 200 len: 868 time: 0.0361693
2026-03-31 06:08:39.974 9 INFO neutron.db.ovn_revision_numbers_db [None req-cdd04383-4ae1-4106-ad25-0253900c5600 805bb2134d174bffb3dd348f04c0a4bc ea3b4cf9758c4a568bbbbb89a380be48 - - default default] Successfully bumped revision number for resource 0d78896b-dcaa-41b0-82dd-e78f1af3708c (type: ports) to 2
2026-03-31 06:08:39.987 10 INFO neutron.wsgi [req-1e5244e2-610f-4c71-a352-eeee0853bf30 req-282fca56-2ffc-455d-b4f1-63c5224a5045 2484bc5e18394fd5807c4e9c6c01aa83 46d00126e9f84abe9169fc548c5482d3 - - 3bfaaca3c24a4c16a7fd45009453a68a 3bfaaca3c24a4c16a7fd45009453a68a] 199.204.45.250 "GET /v2.0/ports?network_id=9cd0ac6b-038e-4e44-a80e-0ea79b7940fe&device_owner=network%3Adhcp HTTP/1.1" status: 200 len: 210 time: 0.0437453
2026-03-31 06:08:40.032 9 INFO neutron.db.ovn_revision_numbers_db [None req-cdd04383-4ae1-4106-ad25-0253900c5600 805bb2134d174bffb3dd348f04c0a4bc ea3b4cf9758c4a568bbbbb89a380be48 - - default default] Successfully bumped revision number for resource 3651c2bb-5ba2-4c23-ae3d-b13f885f588c (type: subnets) to 0
2026-03-31 06:08:40.071 9 INFO neutron.wsgi [None req-cdd04383-4ae1-4106-ad25-0253900c5600 805bb2134d174bffb3dd348f04c0a4bc ea3b4cf9758c4a568bbbbb89a380be48 - - default default] 10.0.0.150 "POST /v2.0/subnets HTTP/1.1" status: 201 len: 866 time: 0.8921952
