2026-03-31 06:10:27.698 10 INFO neutron.db.ovn_revision_numbers_db [req-b70b416a-07f0-4eae-8834-32b3e49cec7e req-9a2a14d0-c2b7-4abc-8336-e3153433c7b3 2392fe1d59394893a93b87d644b41510 74c551e2a47f4358ba49255aee662e66 - - default default] Successfully bumped revision number for resource 172ac80a-88fe-4dbf-9e55-cce06c86cc4f (type: ports) to 1
2026-03-31 06:10:27.735 10 INFO neutron.wsgi [req-b70b416a-07f0-4eae-8834-32b3e49cec7e req-9a2a14d0-c2b7-4abc-8336-e3153433c7b3 2392fe1d59394893a93b87d644b41510 74c551e2a47f4358ba49255aee662e66 - - default default] 199.204.45.250 "POST /v2.0/ports HTTP/1.1" status: 201 len: 1158 time: 0.8041191
2026-03-31 06:10:27.755 9 WARNING neutron.plugins.ml2.drivers.ovn.mech_driver.ovsdb.ovn_client [None req-030bbb55-b044-41b5-b59e-7f1ab0a84184 - - - - - -] No hosting information found for port 7eccb163-5b60-44aa-ba77-e109f86d4940: RuntimeError: No hosting information found for port 7eccb163-5b60-44aa-ba77-e109f86d4940
2026-03-31 06:10:27.755 9 INFO neutron.plugins.ml2.drivers.ovn.mech_driver.mech_driver [None req-030bbb55-b044-41b5-b59e-7f1ab0a84184 - - - - - -] OVN reports status up for port: 3aaf6393-6bae-4a5c-a751-d5fc32398465
2026-03-31 06:10:27.763 9 INFO neutron.plugins.ml2.plugin [None req-030bbb55-b044-41b5-b59e-7f1ab0a84184 - - - - - -] Attempt 1 to provision port 3aaf6393-6bae-4a5c-a751-d5fc32398465
2026-03-31 06:10:27.992 10 INFO neutron.wsgi [None req-62db45d4-b498-4b31-8496-e0dfe8d2cc43 06628ac6a628459c978c3bd7605a88a5 ce4edbdea903486191138bb52a8d185b - - default default] 10.0.0.150 "GET /v2.0/ports/3aaf6393-6bae-4a5c-a751-d5fc32398465 HTTP/1.1" status: 200 len: 1135 time: 0.1071885
2026-03-31 06:10:28.209 9 INFO neutron.db.ovn_revision_numbers_db [None req-90cbb36f-4b7a-40ce-8420-2e62ce2cc02a 805bb2134d174bffb3dd348f04c0a4bc ea3b4cf9758c4a568bbbbb89a380be48 - - default default] Successfully bumped revision number for resource c7dd0a48-6ecc-411f-a8ff-211299e8afd6 (type: security_groups) to 1
2026-03-31 06:10:28.229 9 INFO neutron.db.ovn_revision_numbers_db [None req-90cbb36f-4b7a-40ce-8420-2e62ce2cc02a 805bb2134d174bffb3dd348f04c0a4bc ea3b4cf9758c4a568bbbbb89a380be48 - - default default] Successfully bumped revision number for resource 263cbb1a-6e14-4b09-a020-115040adf96b (type: security_group_rules) to 0
2026-03-31 06:10:28.258 9 INFO neutron.db.ovn_revision_numbers_db [None req-90cbb36f-4b7a-40ce-8420-2e62ce2cc02a 805bb2134d174bffb3dd348f04c0a4bc ea3b4cf9758c4a568bbbbb89a380be48 - - default default] Successfully bumped revision number for resource 4899ad56-9687-48c2-98fa-9eea6ff9ec97 (type: security_group_rules) to 0
2026-03-31 06:10:28.275 9 INFO neutron.db.ovn_revision_numbers_db [None req-90cbb36f-4b7a-40ce-8420-2e62ce2cc02a 805bb2134d174bffb3dd348f04c0a4bc ea3b4cf9758c4a568bbbbb89a380be48 - - default default] Successfully bumped revision number for resource a8dc3478-092c-4cea-b132-664fcb1e44b6 (type: security_group_rules) to 0
2026-03-31 06:10:28.280 10 INFO neutron.services.segments.plugin [-] Segment ce3b4257-42cb-426f-aa39-5053e9822057 resource provider aggregate not found
2026-03-31 06:10:28.287 10 INFO neutron.services.segments.plugin [-] Segment ce3b4257-42cb-426f-aa39-5053e9822057 resource provider aggregate not found
2026-03-31 06:10:28.305 9 INFO neutron.db.ovn_revision_numbers_db [None req-90cbb36f-4b7a-40ce-8420-2e62ce2cc02a 805bb2134d174bffb3dd348f04c0a4bc ea3b4cf9758c4a568bbbbb89a380be48 - - default default] Successfully bumped revision number for resource c11f08ed-2c37-4cbe-8343-c41c998be50b (type: security_group_rules) to 0
2026-03-31 06:10:28.308 10 INFO neutron.services.segments.plugin [-] Segment ce3b4257-42cb-426f-aa39-5053e9822057 resource provider not found; error: Placement Client Error (4xx): {"errors": [{"status": 404, "title": "Not Found", "detail": "The resource could not be found.\n\n No resource provider with uuid ce3b4257-42cb-426f-aa39-5053e9822057 found for delete ", "request_id": "req-17b87b10-4ea1-400d-b3ba-37e08b5fa84a"}]}
2026-03-31 06:10:28.309 10 INFO neutron.services.segments.plugin [-] Segment ce3b4257-42cb-426f-aa39-5053e9822057 resource provider not found; error: Placement Client Error (4xx): {"errors": [{"status": 404, "title": "Not Found", "detail": "The resource could not be found.\n\n No resource provider with uuid ce3b4257-42cb-426f-aa39-5053e9822057 found for delete ", "request_id": "req-6dfa47d0-6bfb-4b07-a3bd-a0226f991a49"}]}
2026-03-31 06:10:28.343 10 INFO neutron.wsgi [None req-062ce745-587b-46ab-8d75-7a4623592642 a4bcd8e1819c48a5bb617963223be0d9 a2b328adb70a4700b1bf1b41ecdb945b - - default default] 10.0.0.150 "DELETE /v2.0/networks/472fd265-9666-44db-a8b5-668bf9f805c2 HTTP/1.1" status: 204 len: 168 time: 0.6857510
2026-03-31 06:10:28.344 9 INFO neutron.wsgi [None req-90cbb36f-4b7a-40ce-8420-2e62ce2cc02a 805bb2134d174bffb3dd348f04c0a4bc ea3b4cf9758c4a568bbbbb89a380be48 - - default default] 10.0.0.150 "GET /v2.0/security-groups?tenant_id=9cd50a0765ea4ae8ab6f5fdf2f24d9d7&name=default HTTP/1.1" status: 200 len: 3120 time: 0.5792820 /var/lib/openstack/lib/python3.10/site-packages/pycadf/identifier.py:71: UserWarning: Invalid uuid: neutron. To ensure interoperability, identifiers should be a valid uuid. warnings.warn(('Invalid uuid: %s. To ensure interoperability, '
2026-03-31 06:10:28.489 10 INFO neutron.wsgi [req-6cf4f713-8a6a-4f7d-aa1a-447c80ada37f req-12070e61-0b8d-4ced-afe5-50847d3521e6 2392fe1d59394893a93b87d644b41510 74c551e2a47f4358ba49255aee662e66 - - default default] 10.0.0.228 "GET /v2.0/ports?device_id=fc6af020-cea5-4f0e-9d5a-7e60546ca355 HTTP/1.1" status: 200 len: 1168 time: 0.1186121
2026-03-31 06:10:28.494 10 INFO neutron.db.ovn_revision_numbers_db [req-b70b416a-07f0-4eae-8834-32b3e49cec7e req-5a7b73bc-f375-4194-b4d8-fe36d1b39072 2484bc5e18394fd5807c4e9c6c01aa83 46d00126e9f84abe9169fc548c5482d3 - - 3bfaaca3c24a4c16a7fd45009453a68a 3bfaaca3c24a4c16a7fd45009453a68a] Successfully bumped revision number for resource 172ac80a-88fe-4dbf-9e55-cce06c86cc4f (type: ports) to 2
2026-03-31 06:10:28.547 10 INFO neutron.wsgi [req-6cf4f713-8a6a-4f7d-aa1a-447c80ada37f req-d2c67cd5-94d1-4af3-90eb-3794ad41c9fe 2392fe1d59394893a93b87d644b41510 74c551e2a47f4358ba49255aee662e66 - - default default] 10.0.0.228 "GET /v2.0/security-groups?id=1479cc24-7b94-4b07-9dbb-282a71edae8e&fields=id&fields=name HTTP/1.1" status: 200 len: 286 time: 0.0486395
2026-03-31 06:10:28.602 9 INFO neutron.db.ovn_revision_numbers_db [None req-030bbb55-b044-41b5-b59e-7f1ab0a84184 - - - - - -] Successfully bumped revision number for resource 3aaf6393-6bae-4a5c-a751-d5fc32398465 (type: ports) to 2
2026-03-31 06:10:28.755 10 INFO neutron.db.ovn_revision_numbers_db [req-b70b416a-07f0-4eae-8834-32b3e49cec7e req-5a7b73bc-f375-4194-b4d8-fe36d1b39072 2484bc5e18394fd5807c4e9c6c01aa83 46d00126e9f84abe9169fc548c5482d3 - - 3bfaaca3c24a4c16a7fd45009453a68a 3bfaaca3c24a4c16a7fd45009453a68a] Successfully bumped revision number for resource 172ac80a-88fe-4dbf-9e55-cce06c86cc4f (type: ports) to 2
2026-03-31 06:10:28.777 10 INFO neutron.wsgi [req-b70b416a-07f0-4eae-8834-32b3e49cec7e req-5a7b73bc-f375-4194-b4d8-fe36d1b39072 2484bc5e18394fd5807c4e9c6c01aa83 46d00126e9f84abe9169fc548c5482d3 - - 3bfaaca3c24a4c16a7fd45009453a68a 3bfaaca3c24a4c16a7fd45009453a68a] 199.204.45.250 "PUT /v2.0/ports/172ac80a-88fe-4dbf-9e55-cce06c86cc4f HTTP/1.1" status: 200 len: 1376 time: 1.0288088 /var/lib/openstack/lib/python3.10/site-packages/pycadf/identifier.py:71: UserWarning: Invalid uuid: neutron. To ensure interoperability, identifiers should be a valid uuid. warnings.warn(('Invalid uuid: %s. To ensure interoperability, '
2026-03-31 06:10:28.826 10 INFO neutron.notifiers.nova [-] Nova event matching ['req-61b78c9d-a6ac-49b7-aea5-b21a1f1b6e76'] response: {'name': 'network-changed', 'server_uuid': 'fc6af020-cea5-4f0e-9d5a-7e60546ca355', 'tag': '172ac80a-88fe-4dbf-9e55-cce06c86cc4f', 'status': 'completed', 'code': 200}
2026-03-31 06:10:28.841 9 INFO neutron.wsgi [None req-db506ac2-b062-403f-9fe1-9a06e45af4ca 805bb2134d174bffb3dd348f04c0a4bc ea3b4cf9758c4a568bbbbb89a380be48 - - default default] 10.0.0.150 "DELETE /v2.0/security-groups/c7dd0a48-6ecc-411f-a8ff-211299e8afd6 HTTP/1.1" status: 204 len: 168 time: 0.4892931
2026-03-31 06:10:28.842 9 INFO neutron.db.ovn_revision_numbers_db [None req-030bbb55-b044-41b5-b59e-7f1ab0a84184 - - - - - -] Successfully bumped revision number for resource 3aaf6393-6bae-4a5c-a751-d5fc32398465 (type: router_ports) to 2
2026-03-31 06:10:28.886 10 INFO neutron.wsgi [req-b70b416a-07f0-4eae-8834-32b3e49cec7e req-9060a4ee-026b-4319-9522-aa257aa39dd7 2484bc5e18394fd5807c4e9c6c01aa83 46d00126e9f84abe9169fc548c5482d3 - - 3bfaaca3c24a4c16a7fd45009453a68a 3bfaaca3c24a4c16a7fd45009453a68a] 199.204.45.250 "GET /v2.0/ports?tenant_id=74c551e2a47f4358ba49255aee662e66&device_id=fc6af020-cea5-4f0e-9d5a-7e60546ca355 HTTP/1.1" status: 200 len: 1407 time: 0.0692246
2026-03-31 06:10:28.920 10 INFO neutron.wsgi [req-b70b416a-07f0-4eae-8834-32b3e49cec7e req-cdde6d26-60ec-4b5e-8cb9-867ade79c89b 2484bc5e18394fd5807c4e9c6c01aa83 46d00126e9f84abe9169fc548c5482d3 - - 3bfaaca3c24a4c16a7fd45009453a68a 3bfaaca3c24a4c16a7fd45009453a68a] 199.204.45.250 "GET /v2.0/floatingips?fixed_ip_address=10.100.0.4&port_id=172ac80a-88fe-4dbf-9e55-cce06c86cc4f HTTP/1.1" status: 200 len: 217 time: 0.0270216
2026-03-31 06:10:28.965 10 INFO neutron.wsgi [req-b70b416a-07f0-4eae-8834-32b3e49cec7e req-6d720760-d111-40af-9eac-72552e593973 2484bc5e18394fd5807c4e9c6c01aa83 46d00126e9f84abe9169fc548c5482d3 - - 3bfaaca3c24a4c16a7fd45009453a68a 3bfaaca3c24a4c16a7fd45009453a68a] 199.204.45.250 "GET /v2.0/subnets?id=90161ae3-6245-4529-a8f7-6b8dd7f7a5a2 HTTP/1.1" status: 200 len: 865 time: 0.0389647
2026-03-31 06:10:29.002 10 INFO neutron.wsgi [req-b70b416a-07f0-4eae-8834-32b3e49cec7e req-67dcc8d1-6f52-4093-816d-28af1841d249 2484bc5e18394fd5807c4e9c6c01aa83 46d00126e9f84abe9169fc548c5482d3 - - 3bfaaca3c24a4c16a7fd45009453a68a 3bfaaca3c24a4c16a7fd45009453a68a] 199.204.45.250 "GET /v2.0/ports?network_id=85d70d42-19fb-4d02-b341-603e1055c83b&device_owner=network%3Adhcp HTTP/1.1" status: 200 len: 210 time: 0.0291233
2026-03-31 06:10:29.029 9 INFO neutron.services.segments.plugin [-] Segment b215f4ea-ed9e-4b0a-8cae-fb640584096c resource provider aggregate not found
2026-03-31 06:10:29.037 9 INFO neutron.services.segments.plugin [-] Segment b215f4ea-ed9e-4b0a-8cae-fb640584096c resource provider aggregate not found
2026-03-31 06:10:29.047 9 INFO neutron.services.segments.plugin [-] Segment b215f4ea-ed9e-4b0a-8cae-fb640584096c resource provider not found; error: Placement Client Error (4xx): {"errors": [{"status": 404, "title": "Not Found", "detail": "The resource could not be found.\n\n No resource provider with uuid b215f4ea-ed9e-4b0a-8cae-fb640584096c found for delete ", "request_id": "req-dc5ece1d-15a2-45c2-99ab-ee3dd05ed2e6"}]}
2026-03-31 06:10:29.050 9 INFO neutron.services.segments.plugin [-] Segment b215f4ea-ed9e-4b0a-8cae-fb640584096c resource provider not found; error: Placement Client Error (4xx): {"errors": [{"status": 404, "title": "Not Found", "detail": "The resource could not be found.\n\n No resource provider with uuid b215f4ea-ed9e-4b0a-8cae-fb640584096c found for delete ", "request_id": "req-93ab503f-2d4e-478c-b393-9376cadf60fc"}]}
2026-03-31 06:10:29.082 9 INFO neutron.wsgi [None req-6efc8071-a841-4875-851a-ba9dbcdab60d a4bcd8e1819c48a5bb617963223be0d9 a2b328adb70a4700b1bf1b41ecdb945b - - default default] 10.0.0.150 "DELETE /v2.0/networks/8262d0e2-6ee0-4ce3-b307-021a95db44e6 HTTP/1.1" status: 204 len: 168 time: 0.7309165
2026-03-31 06:10:29.113 10 INFO neutron.wsgi [req-b70b416a-07f0-4eae-8834-32b3e49cec7e req-0a0e2d40-b2d4-4a4f-813f-b7472c58ad16 2484bc5e18394fd5807c4e9c6c01aa83 46d00126e9f84abe9169fc548c5482d3 - - 3bfaaca3c24a4c16a7fd45009453a68a 3bfaaca3c24a4c16a7fd45009453a68a] 199.204.45.250 "GET /v2.0/networks/85d70d42-19fb-4d02-b341-603e1055c83b?fields=segments HTTP/1.1" status: 200 len: 212 time: 0.1015944
2026-03-31 06:10:29.120 9 INFO neutron.wsgi [None req-bc891b29-204a-481b-b009-e753e908b450 06628ac6a628459c978c3bd7605a88a5 ce4edbdea903486191138bb52a8d185b - - default default] 10.0.0.150 "GET /v2.0/ports/3aaf6393-6bae-4a5c-a751-d5fc32398465 HTTP/1.1" status: 200 len: 1137 time: 0.1199260
2026-03-31 06:10:29.199 10 INFO neutron.wsgi [req-b70b416a-07f0-4eae-8834-32b3e49cec7e req-bca22bb7-5f55-4f20-85d0-75bd8ccfb0b6 2484bc5e18394fd5807c4e9c6c01aa83 46d00126e9f84abe9169fc548c5482d3 - - 3bfaaca3c24a4c16a7fd45009453a68a 3bfaaca3c24a4c16a7fd45009453a68a] 199.204.45.250 "GET /v2.0/networks/85d70d42-19fb-4d02-b341-603e1055c83b?fields=provider%3Aphysical_network&fields=provider%3Anetwork_type HTTP/1.1" status: 200 len: 277 time: 0.0699036
2026-03-31 06:10:29.288 10 INFO neutron.wsgi [req-426fb0dc-11da-453f-8cff-f607324861d4 req-6aa8bbb7-b8fb-47b3-9cb3-c8a502135534 2484bc5e18394fd5807c4e9c6c01aa83 46d00126e9f84abe9169fc548c5482d3 - - 3bfaaca3c24a4c16a7fd45009453a68a 3bfaaca3c24a4c16a7fd45009453a68a] 199.204.45.250 "GET /v2.0/ports?tenant_id=74c551e2a47f4358ba49255aee662e66&device_id=fc6af020-cea5-4f0e-9d5a-7e60546ca355 HTTP/1.1" status: 200 len: 1407 time: 0.0488122
2026-03-31 06:10:29.434 10 INFO neutron.wsgi [req-426fb0dc-11da-453f-8cff-f607324861d4 req-52664cfd-27be-4da5-97a9-83ec538fa8a8 2484bc5e18394fd5807c4e9c6c01aa83 46d00126e9f84abe9169fc548c5482d3 - - 3bfaaca3c24a4c16a7fd45009453a68a 3bfaaca3c24a4c16a7fd45009453a68a] 199.204.45.250 "GET /v2.0/networks?id=85d70d42-19fb-4d02-b341-603e1055c83b HTTP/1.1" status: 200 len: 970 time: 0.1407530
2026-03-31 06:10:29.469 10 INFO neutron.wsgi [req-426fb0dc-11da-453f-8cff-f607324861d4 req-e99beba4-d3ed-4b61-ac61-3e59e9992fe7 2484bc5e18394fd5807c4e9c6c01aa83 46d00126e9f84abe9169fc548c5482d3 - - 3bfaaca3c24a4c16a7fd45009453a68a 3bfaaca3c24a4c16a7fd45009453a68a] 199.204.45.250 "GET /v2.0/floatingips?fixed_ip_address=10.100.0.4&port_id=172ac80a-88fe-4dbf-9e55-cce06c86cc4f HTTP/1.1" status: 200 len: 217 time: 0.0276787
2026-03-31 06:10:29.516 10 INFO neutron.wsgi [req-426fb0dc-11da-453f-8cff-f607324861d4 req-b88a5b2f-a7b1-4335-bc00-dd0ef8687f6a 2484bc5e18394fd5807c4e9c6c01aa83 46d00126e9f84abe9169fc548c5482d3 - - 3bfaaca3c24a4c16a7fd45009453a68a 3bfaaca3c24a4c16a7fd45009453a68a] 199.204.45.250 "GET /v2.0/subnets?id=90161ae3-6245-4529-a8f7-6b8dd7f7a5a2 HTTP/1.1" status: 200 len: 865 time: 0.0421815
2026-03-31 06:10:29.543 10 INFO neutron.wsgi [req-426fb0dc-11da-453f-8cff-f607324861d4 req-8b1477c2-097f-47ee-82e8-87a1fabda59b 2484bc5e18394fd5807c4e9c6c01aa83 46d00126e9f84abe9169fc548c5482d3 - - 3bfaaca3c24a4c16a7fd45009453a68a 3bfaaca3c24a4c16a7fd45009453a68a] 199.204.45.250 "GET /v2.0/ports?network_id=85d70d42-19fb-4d02-b341-603e1055c83b&device_owner=network%3Adhcp HTTP/1.1" status: 200 len: 210 time: 0.0186343
2026-03-31 06:10:29.907 10 INFO neutron.wsgi [req-6eea1ff7-b0ce-4cd7-ad3a-a3d22a1db411 req-4f5bef4b-73c9-447e-9b98-c968fd9bfe9b 2392fe1d59394893a93b87d644b41510 74c551e2a47f4358ba49255aee662e66 - - default default] 10.0.0.228 "GET /v2.0/ports?device_id=fc6af020-cea5-4f0e-9d5a-7e60546ca355 HTTP/1.1" status: 200 len: 1168 time: 0.0597773
2026-03-31 06:10:29.936 9 INFO neutron.wsgi [None req-e3c69257-99f3-42d0-b453-ddb3b021092d 06628ac6a628459c978c3bd7605a88a5 ce4edbdea903486191138bb52a8d185b - - default default] 10.0.0.150 "PUT /v2.0/routers/d22ffff8-9ac8-4d6e-a1ac-5bd5f9f3eefa/remove_router_interface HTTP/1.1" status: 200 len: 503 time: 0.8100631 /var/lib/openstack/lib/python3.10/site-packages/pycadf/identifier.py:71: UserWarning: Invalid uuid: neutron. To ensure interoperability, identifiers should be a valid uuid. warnings.warn(('Invalid uuid: %s. To ensure interoperability, '
2026-03-31 06:10:29.951 10 INFO neutron.wsgi [req-426fb0dc-11da-453f-8cff-f607324861d4 req-85eb0e7a-abea-478d-af91-9197ff15ab02 2484bc5e18394fd5807c4e9c6c01aa83 46d00126e9f84abe9169fc548c5482d3 - - 3bfaaca3c24a4c16a7fd45009453a68a 3bfaaca3c24a4c16a7fd45009453a68a] 199.204.45.250 "GET /v2.0/networks/85d70d42-19fb-4d02-b341-603e1055c83b?fields=segments HTTP/1.1" status: 200 len: 212 time: 0.4014797
2026-03-31 06:10:29.967 9 INFO neutron.wsgi [None req-41876648-223b-4b17-a559-19ef0934d975 06628ac6a628459c978c3bd7605a88a5 ce4edbdea903486191138bb52a8d185b - - default default] 10.0.0.150 "GET /v2.0/ports?device_id=d22ffff8-9ac8-4d6e-a1ac-5bd5f9f3eefa HTTP/1.1" status: 200 len: 205 time: 0.0256102
2026-03-31 06:10:30.013 10 INFO neutron.wsgi [req-6eea1ff7-b0ce-4cd7-ad3a-a3d22a1db411 req-d5f38357-f898-461f-a082-a953ef7233d5 2392fe1d59394893a93b87d644b41510 74c551e2a47f4358ba49255aee662e66 - - default default] 10.0.0.228 "GET /v2.0/security-groups?id=1479cc24-7b94-4b07-9dbb-282a71edae8e&fields=id&fields=name HTTP/1.1" status: 200 len: 286 time: 0.0980687
2026-03-31 06:10:30.045 10 INFO neutron.wsgi [None req-059625be-5bd5-4d77-8883-2100c57e7780 a4bcd8e1819c48a5bb617963223be0d9 a2b328adb70a4700b1bf1b41ecdb945b - - default default] 10.0.0.150 "DELETE /v2.0/networks/a6dbd47d-e6b0-4e38-93d3-a76c6c30aa05 HTTP/1.1" status: 204 len: 168 time: 0.9563167
2026-03-31 06:10:30.049 10 INFO neutron.wsgi [req-426fb0dc-11da-453f-8cff-f607324861d4 req-c215ebee-d58a-42c2-a78e-165d1e93c961 2484bc5e18394fd5807c4e9c6c01aa83 46d00126e9f84abe9169fc548c5482d3 - - 3bfaaca3c24a4c16a7fd45009453a68a 3bfaaca3c24a4c16a7fd45009453a68a] 199.204.45.250 "GET /v2.0/networks/85d70d42-19fb-4d02-b341-603e1055c83b?fields=provider%3Aphysical_network&fields=provider%3Anetwork_type HTTP/1.1" status: 200 len: 277 time: 0.0889831
2026-03-31 06:10:30.253 9 INFO neutron.wsgi [None req-e4f03c8e-a95e-4ecb-8f45-d9c88d098d65 06628ac6a628459c978c3bd7605a88a5 ce4edbdea903486191138bb52a8d185b - - default default] 10.0.0.150 "DELETE /v2.0/routers/d22ffff8-9ac8-4d6e-a1ac-5bd5f9f3eefa HTTP/1.1" status: 204 len: 168 time: 0.2821867
2026-03-31 06:10:30.330 10 INFO neutron.services.segments.plugin [-] Segment 48106ab4-42f3-43d5-8c35-2cd9b1567cf5 resource provider aggregate not found
2026-03-31 06:10:30.342 10 INFO neutron.services.segments.plugin [-] Segment 48106ab4-42f3-43d5-8c35-2cd9b1567cf5 resource provider aggregate not found
2026-03-31 06:10:30.348 10 INFO neutron.services.segments.plugin [-] Segment 48106ab4-42f3-43d5-8c35-2cd9b1567cf5 resource provider not found; error: Placement Client Error (4xx): {"errors": [{"status": 404, "title": "Not Found", "detail": "The resource could not be found.\n\n No resource provider with uuid 48106ab4-42f3-43d5-8c35-2cd9b1567cf5 found for delete ", "request_id": "req-eb1ac802-f46a-49fc-be9c-42c99dbacb99"}]}
2026-03-31 06:10:30.366 10 INFO neutron.services.segments.plugin [-] Segment 48106ab4-42f3-43d5-8c35-2cd9b1567cf5 resource provider not found; error: Placement Client Error (4xx): {"errors": [{"status": 404, "title": "Not Found", "detail": "The resource could not be found.\n\n No resource provider with uuid 48106ab4-42f3-43d5-8c35-2cd9b1567cf5 found for delete ", "request_id": "req-9ad1cd39-a54d-403a-a450-125283ddeaf3"}]}
2026-03-31 06:10:30.572 10 INFO neutron.wsgi [None req-c80a84a3-9b8b-455e-bcbd-0ab4f5dbf268 a4bcd8e1819c48a5bb617963223be0d9 a2b328adb70a4700b1bf1b41ecdb945b - - default default] 10.0.0.150 "DELETE /v2.0/networks/eeb8150b-9388-4113-85a7-a88350c30890 HTTP/1.1" status: 204 len: 168 time: 0.5197268
2026-03-31 06:10:30.591 10 INFO neutron.wsgi [None req-671efd30-e391-4aa6-a0e9-596c9e2c0a5d 06628ac6a628459c978c3bd7605a88a5 ce4edbdea903486191138bb52a8d185b - - default default] 10.0.0.150 "DELETE /v2.0/subnets/1a740e62-63fa-4e36-9264-0fa51e04340b HTTP/1.1" status: 204 len: 168 time: 0.3327804
2026-03-31 06:10:31.019 10 INFO neutron.wsgi [None req-4e342468-4fa3-4750-adbf-9399437c03be 06628ac6a628459c978c3bd7605a88a5 ce4edbdea903486191138bb52a8d185b - - default default] 10.0.0.150 "DELETE /v2.0/networks/e46a1889-be7e-4a5e-96cd-58c1118ad025 HTTP/1.1" status: 204 len: 168 time: 0.4222231
2026-03-31 06:10:31.034 10 WARNING neutron_lib.context [None req-a0712190-36b0-46f8-af2d-49087fcb18b1 06628ac6a628459c978c3bd7605a88a5 ce4edbdea903486191138bb52a8d185b - - default default] Method 'is_advsvc' is deprecated since 2023.2 release (neutron-lib 3.8.0) and will be removed once support for the old RBAC API policies will be removed from Neutron. Please use method 'is_service_role' instead.
2026-03-31 06:10:31.124 10 INFO neutron.wsgi [req-40fb6efd-dbc1-4059-921a-6d72e936631c req-e09289d9-cabb-4215-8a06-0d54f4db0bd1 2392fe1d59394893a93b87d644b41510 74c551e2a47f4358ba49255aee662e66 - - default default] 10.0.0.228 "GET /v2.0/ports?device_id=fc6af020-cea5-4f0e-9d5a-7e60546ca355 HTTP/1.1" status: 200 len: 1168 time: 0.0533082
2026-03-31 06:10:31.206 9 INFO neutron.services.segments.plugin [-] Segment 6848a1c8-3fdc-48ba-a965-e46b312d3510 resource provider aggregate not found
2026-03-31 06:10:31.210 9 INFO neutron.services.segments.plugin [-] Segment 6848a1c8-3fdc-48ba-a965-e46b312d3510 resource provider aggregate not found
2026-03-31 06:10:31.228 10 INFO neutron.wsgi [req-40fb6efd-dbc1-4059-921a-6d72e936631c req-28ec1030-0c54-464a-b1a2-b920accab490 2392fe1d59394893a93b87d644b41510 74c551e2a47f4358ba49255aee662e66 - - default default] 10.0.0.228 "GET /v2.0/security-groups?id=1479cc24-7b94-4b07-9dbb-282a71edae8e&fields=id&fields=name HTTP/1.1" status: 200 len: 286 time: 0.0974376
2026-03-31 06:10:31.228 9 INFO neutron.services.segments.plugin [-] Segment 6848a1c8-3fdc-48ba-a965-e46b312d3510 resource provider not found; error: Placement Client Error (4xx): {"errors": [{"status": 404, "title": "Not Found", "detail": "The resource could not be found.\n\n No resource provider with uuid 6848a1c8-3fdc-48ba-a965-e46b312d3510 found for delete ", "request_id": "req-4ae61536-31d7-43fe-baa2-4cd68812d20c"}]}
2026-03-31 06:10:31.229 9 INFO neutron.services.segments.plugin [-] Segment 6848a1c8-3fdc-48ba-a965-e46b312d3510 resource provider not found; error: Placement Client Error (4xx): {"errors": [{"status": 404, "title": "Not Found", "detail": "The resource could not be found.\n\n No resource provider with uuid 6848a1c8-3fdc-48ba-a965-e46b312d3510 found for delete ", "request_id": "req-9ff5a5ee-7084-4b2f-bd9c-0333bf3cdfa9"}]}
2026-03-31 06:10:31.252 9 INFO neutron.wsgi [None req-81b63bb4-92ae-47e6-906d-82c5d3b9a0b7 a4bcd8e1819c48a5bb617963223be0d9 a2b328adb70a4700b1bf1b41ecdb945b - - default default] 10.0.0.150 "DELETE /v2.0/networks/01ee7e6f-dfe1-47d3-9ac6-94d246b7c24b HTTP/1.1" status: 204 len: 168 time: 0.6736233
2026-03-31 06:10:31.689 9 INFO neutron.db.ovn_revision_numbers_db [None req-9b77a01f-da92-4fed-a3a6-ca275c5ace21 805bb2134d174bffb3dd348f04c0a4bc ea3b4cf9758c4a568bbbbb89a380be48 - - default default] Successfully bumped revision number for resource fa250c32-2c93-45d8-a1ce-7e51daac9eca (type: security_groups) to 1
2026-03-31 06:10:31.691 10 WARNING neutron.scheduler.dhcp_agent_scheduler [None req-a0712190-36b0-46f8-af2d-49087fcb18b1 06628ac6a628459c978c3bd7605a88a5 ce4edbdea903486191138bb52a8d185b - - default default] No more DHCP agents
2026-03-31 06:10:31.695 10 WARNING neutron.api.rpc.agentnotifiers.dhcp_rpc_agent_api [None req-a0712190-36b0-46f8-af2d-49087fcb18b1 06628ac6a628459c978c3bd7605a88a5 ce4edbdea903486191138bb52a8d185b - - default default] Unable to schedule network a06480ad-20a5-4a4c-9e66-78b05aafe665: no agents available; will retry on subsequent port and subnet creation events.
2026-03-31 06:10:31.704 9 INFO neutron.db.ovn_revision_numbers_db [None req-9b77a01f-da92-4fed-a3a6-ca275c5ace21 805bb2134d174bffb3dd348f04c0a4bc ea3b4cf9758c4a568bbbbb89a380be48 - - default default] Successfully bumped revision number for resource 1f586a0a-3e30-4702-b3e1-301a4aba5ec8 (type: security_group_rules) to 0
2026-03-31 06:10:31.719 9 INFO neutron.db.ovn_revision_numbers_db [None req-9b77a01f-da92-4fed-a3a6-ca275c5ace21 805bb2134d174bffb3dd348f04c0a4bc ea3b4cf9758c4a568bbbbb89a380be48 - - default default] Successfully bumped revision number for resource 48d1f56a-dbf7-4ccb-9a3f-75e8dd26542b (type: security_group_rules) to 0
2026-03-31 06:10:31.734 9 INFO neutron.db.ovn_revision_numbers_db [None req-9b77a01f-da92-4fed-a3a6-ca275c5ace21 805bb2134d174bffb3dd348f04c0a4bc ea3b4cf9758c4a568bbbbb89a380be48 - - default default] Successfully bumped revision number for resource 50b2d9f4-a888-4b81-b4c0-d73f7f31edf7 (type: security_group_rules) to 0
2026-03-31 06:10:31.750 9 INFO neutron.db.ovn_revision_numbers_db [None req-9b77a01f-da92-4fed-a3a6-ca275c5ace21 805bb2134d174bffb3dd348f04c0a4bc ea3b4cf9758c4a568bbbbb89a380be48 - - default default] Successfully bumped revision number for resource 60e97333-af2a-49ac-9031-70b1b9b6dde7 (type: security_group_rules) to 0
2026-03-31 06:10:31.777 9 INFO neutron.wsgi [None req-9b77a01f-da92-4fed-a3a6-ca275c5ace21 805bb2134d174bffb3dd348f04c0a4bc ea3b4cf9758c4a568bbbbb89a380be48 - - default default] 10.0.0.150 "GET /v2.0/security-groups?tenant_id=c1b19911cac945f7a02a2b4b96b8ccb7&name=default HTTP/1.1" status: 200 len: 3120 time: 0.3981149
2026-03-31 06:10:31.890 10 INFO neutron.db.ovn_revision_numbers_db [None req-a0712190-36b0-46f8-af2d-49087fcb18b1 06628ac6a628459c978c3bd7605a88a5 ce4edbdea903486191138bb52a8d185b - - default default] Successfully bumped revision number for resource b476380e-3489-43ac-b8e8-5a91e15fa5b3 (type: ports) to 1
2026-03-31 06:10:32.135 10 INFO neutron.wsgi [None req-d3a9b298-e67e-4806-afb4-4d9ccf871215 805bb2134d174bffb3dd348f04c0a4bc ea3b4cf9758c4a568bbbbb89a380be48 - - default default] 10.0.0.150 "DELETE /v2.0/security-groups/fa250c32-2c93-45d8-a1ce-7e51daac9eca HTTP/1.1" status: 204 len: 168 time: 0.3512597
2026-03-31 06:10:32.274 9 INFO neutron.wsgi [None req-60a7efda-fe56-44ec-a6aa-48891cefbb74 805bb2134d174bffb3dd348f04c0a4bc ea3b4cf9758c4a568bbbbb89a380be48 - - default default] 10.0.0.150 "GET /v2.0/security-groups?tenant_id=a2b328adb70a4700b1bf1b41ecdb945b&name=default HTTP/1.1" status: 200 len: 3120 time: 0.1507239
2026-03-31 06:10:32.430 9 INFO neutron.wsgi [req-20e7b294-a354-407d-91b9-3d314dd791f7 req-1075e0b0-ceca-4407-b11c-7afb13dbfe5c 2392fe1d59394893a93b87d644b41510 74c551e2a47f4358ba49255aee662e66 - - default default] 10.0.0.228 "GET /v2.0/ports?device_id=fc6af020-cea5-4f0e-9d5a-7e60546ca355 HTTP/1.1" status: 200 len: 1168 time: 0.1398337
2026-03-31 06:10:32.452 10 INFO neutron.services.segments.plugin [-] Segment 795042d5-6451-471f-81aa-c72a4c14e355 resource provider aggregate not found
2026-03-31 06:10:32.460 10 INFO neutron.services.segments.plugin [-] Segment 795042d5-6451-471f-81aa-c72a4c14e355 resource provider aggregate not found
2026-03-31 06:10:32.482 10 INFO neutron.services.segments.plugin [-] Segment 795042d5-6451-471f-81aa-c72a4c14e355 resource provider not found; error: Placement Client Error (4xx): {"errors": [{"status": 404, "title": "Not Found", "detail": "The resource could not be found.\n\n No resource provider with uuid 795042d5-6451-471f-81aa-c72a4c14e355 found for delete ", "request_id": "req-6945192c-147e-4360-844a-8ba7a8d3fe67"}]}
2026-03-31 06:10:32.489 10 INFO neutron.services.segments.plugin [-] Segment 795042d5-6451-471f-81aa-c72a4c14e355 resource provider not found; error: Placement Client Error (4xx): {"errors": [{"status": 404, "title": "Not Found", "detail": "The resource could not be found.\n\n No resource provider with uuid 795042d5-6451-471f-81aa-c72a4c14e355 found for delete ", "request_id": "req-31384c80-9155-4cf0-b546-be49e50edf1e"}]}
2026-03-31 06:10:32.500 10 INFO neutron.services.segments.plugin [-] Segment d870a07d-31ad-403d-a358-116c49be8a1a resource provider aggregate not found
2026-03-31 06:10:32.508 10 INFO neutron.services.segments.plugin [-] Segment d870a07d-31ad-403d-a358-116c49be8a1a resource provider aggregate not found
2026-03-31 06:10:32.517 9 INFO neutron.wsgi [req-20e7b294-a354-407d-91b9-3d314dd791f7 req-502a0f63-b955-40ee-971a-80be53df8813 2392fe1d59394893a93b87d644b41510 74c551e2a47f4358ba49255aee662e66 - - default default] 10.0.0.228 "GET /v2.0/security-groups?id=1479cc24-7b94-4b07-9dbb-282a71edae8e&fields=id&fields=name HTTP/1.1" status: 200 len: 286 time: 0.0770659
2026-03-31 06:10:32.519 10 INFO neutron.services.segments.plugin [-] Segment d870a07d-31ad-403d-a358-116c49be8a1a resource provider not found; error: Placement Client Error (4xx): {"errors": [{"status": 404, "title": "Not Found", "detail": "The resource could not be found.\n\n No resource provider with uuid d870a07d-31ad-403d-a358-116c49be8a1a found for delete ", "request_id": "req-ad870d80-d5cd-4037-af3e-66f62661de3a"}]}
2026-03-31 06:10:32.533 10 INFO neutron.services.segments.plugin [-] Segment d870a07d-31ad-403d-a358-116c49be8a1a resource provider not found; error: Placement Client Error (4xx): {"errors": [{"status": 404, "title": "Not Found", "detail": "The resource could not be found.\n\n No resource provider with uuid d870a07d-31ad-403d-a358-116c49be8a1a found for delete ", "request_id": "req-9ab93e70-8d1c-4273-af43-4876a509ad5d"}]}
2026-03-31 06:10:32.618 9 INFO neutron.wsgi [None req-3f4b1250-b6de-48ec-91af-18b540d68a3d 805bb2134d174bffb3dd348f04c0a4bc ea3b4cf9758c4a568bbbbb89a380be48 - - default default] 10.0.0.150 "DELETE /v2.0/security-groups/0cce028f-9093-4eac-bcca-9de9bf92569a HTTP/1.1" status: 204 len: 168 time: 0.3378706
2026-03-31 06:10:32.955 10 INFO neutron.db.ovn_revision_numbers_db [None req-634d83d4-2d6a-427b-83af-848eef8d1b89 805bb2134d174bffb3dd348f04c0a4bc ea3b4cf9758c4a568bbbbb89a380be48 - - default default] Successfully bumped revision number for resource 6ed222af-7696-4107-a584-4a9a320a2279 (type: security_groups) to 1
2026-03-31 06:10:32.977 10 INFO neutron.plugins.ml2.drivers.ovn.mech_driver.ovsdb.commands [None req-ccfd4401-7ed7-442c-84fb-c8e53bf34020 - - - - - -] Schedule LRP lrp-b476380e-3489-43ac-b8e8-5a91e15fa5b3 on gateway e2b808ab-0a5c-4944-8f71-f16af0935e4f with priority 1
2026-03-31 06:10:32.993 10 INFO neutron.db.ovn_revision_numbers_db [None req-634d83d4-2d6a-427b-83af-848eef8d1b89 805bb2134d174bffb3dd348f04c0a4bc ea3b4cf9758c4a568bbbbb89a380be48 - - default default] Successfully bumped revision number for resource 8189c6dd-2512-433c-ad2d-bff2a3301ada (type: security_group_rules) to 0
2026-03-31 06:10:33.018 10 INFO neutron.db.ovn_revision_numbers_db [None req-634d83d4-2d6a-427b-83af-848eef8d1b89 805bb2134d174bffb3dd348f04c0a4bc ea3b4cf9758c4a568bbbbb89a380be48 - - default default] Successfully bumped revision number for resource 9093cfac-5f8a-4dbf-baae-d1d2181b427b (type: security_group_rules) to 0
2026-03-31 06:10:33.025 10 INFO neutron.db.ovn_revision_numbers_db [None req-a0712190-36b0-46f8-af2d-49087fcb18b1 06628ac6a628459c978c3bd7605a88a5 ce4edbdea903486191138bb52a8d185b - - default default] Successfully bumped revision number for resource b476380e-3489-43ac-b8e8-5a91e15fa5b3 (type: router_ports) to 1
2026-03-31 06:10:33.045 10 INFO neutron.db.ovn_revision_numbers_db [None req-634d83d4-2d6a-427b-83af-848eef8d1b89 805bb2134d174bffb3dd348f04c0a4bc ea3b4cf9758c4a568bbbbb89a380be48 - - default default] Successfully bumped revision number for resource 9f87e265-eb4f-4393-93e6-b05d5673f39b (type: security_group_rules) to 0
2026-03-31 06:10:33.070 10 INFO neutron.db.ovn_revision_numbers_db [None req-634d83d4-2d6a-427b-83af-848eef8d1b89 805bb2134d174bffb3dd348f04c0a4bc ea3b4cf9758c4a568bbbbb89a380be48 - - default default] Successfully bumped revision number for resource eadfb6ab-6179-494f-8c11-68880da6b9bb (type: security_group_rules) to 0
2026-03-31 06:10:33.101 10 INFO neutron.wsgi [None req-634d83d4-2d6a-427b-83af-848eef8d1b89 805bb2134d174bffb3dd348f04c0a4bc ea3b4cf9758c4a568bbbbb89a380be48 - - default default] 10.0.0.150 "GET /v2.0/security-groups?tenant_id=fee12d9b8242457b87f6fc4570090d7a&name=default HTTP/1.1" status: 200 len: 3120 time: 0.3709619
2026-03-31 06:10:33.115 10 INFO neutron.db.ovn_revision_numbers_db [None req-a0712190-36b0-46f8-af2d-49087fcb18b1 06628ac6a628459c978c3bd7605a88a5 ce4edbdea903486191138bb52a8d185b - - default default] Successfully bumped revision number for resource eb28ed3d-de5b-4a3a-a323-93f84a8ff2eb (type: routers) to 2
2026-03-31 06:10:33.134 10 INFO neutron.wsgi [None req-a0712190-36b0-46f8-af2d-49087fcb18b1 06628ac6a628459c978c3bd7605a88a5 ce4edbdea903486191138bb52a8d185b - - default default] 10.0.0.150 "POST /v2.0/routers HTTP/1.1" status: 201 len: 1147 time: 2.1068106
2026-03-31 06:10:33.219 10 INFO neutron.wsgi [None req-28badcf1-b8fe-423b-892a-e207389b1ad6 06628ac6a628459c978c3bd7605a88a5 ce4edbdea903486191138bb52a8d185b - - default default] 10.0.0.150 "GET /v2.0/routers/eb28ed3d-de5b-4a3a-a323-93f84a8ff2eb HTTP/1.1" status: 200 len: 1148 time: 0.0804970
2026-03-31 06:10:33.333 9 INFO neutron.wsgi [None req-483e3343-a664-47da-aeb4-2be17e8f953f 805bb2134d174bffb3dd348f04c0a4bc ea3b4cf9758c4a568bbbbb89a380be48 - - default default] 10.0.0.150 "DELETE /v2.0/security-groups/6ed222af-7696-4107-a584-4a9a320a2279 HTTP/1.1" status: 204 len: 168 time: 0.2266836
2026-03-31 06:10:33.386 10 INFO neutron.wsgi [None req-b08c5887-bf20-4258-a9b0-44a0090416bc 06628ac6a628459c978c3bd7605a88a5 ce4edbdea903486191138bb52a8d185b - - default default] 10.0.0.150 "GET /v2.0/routers HTTP/1.1" status: 200 len: 1151 time: 0.1610229
2026-03-31 06:10:33.708 9 INFO neutron.db.ovn_revision_numbers_db [None req-1d3c55fa-73c9-4c61-938f-0f4670010536 805bb2134d174bffb3dd348f04c0a4bc ea3b4cf9758c4a568bbbbb89a380be48 - - default default] Successfully bumped revision number for resource f013a76d-e20e-4027-bfee-1c1aef0f0ae8 (type: security_groups) to 1
2026-03-31 06:10:33.724 10 INFO neutron.wsgi [req-97cb7087-3e62-43ee-9c56-aa530d669493 req-655e0e4f-9f47-4dfc-a5e7-c3ff01230de2 2392fe1d59394893a93b87d644b41510 74c551e2a47f4358ba49255aee662e66 - - default default] 10.0.0.228 "GET /v2.0/ports?device_id=fc6af020-cea5-4f0e-9d5a-7e60546ca355 HTTP/1.1" status: 200 len: 1168 time: 0.1338313
2026-03-31 06:10:33.736 9 INFO neutron.db.ovn_revision_numbers_db [None req-1d3c55fa-73c9-4c61-938f-0f4670010536 805bb2134d174bffb3dd348f04c0a4bc ea3b4cf9758c4a568bbbbb89a380be48 - - default default] Successfully bumped revision number for resource 5867d4c0-f8dc-4bdc-9bba-83caa8866ee3 (type: security_group_rules) to 0
2026-03-31 06:10:33.757 9 INFO neutron.db.ovn_revision_numbers_db [None req-1d3c55fa-73c9-4c61-938f-0f4670010536 805bb2134d174bffb3dd348f04c0a4bc ea3b4cf9758c4a568bbbbb89a380be48 - - default default] Successfully bumped revision number for resource dfdeb0ad-c5e0-46da-8fbf-e45520b6448a (type: security_group_rules) to 0
2026-03-31 06:10:33.775 9 INFO neutron.db.ovn_revision_numbers_db [None req-1d3c55fa-73c9-4c61-938f-0f4670010536 805bb2134d174bffb3dd348f04c0a4bc ea3b4cf9758c4a568bbbbb89a380be48 - - default default] Successfully bumped revision number for resource e7ff224b-77a3-4810-a236-fcdeb11b8307 (type: security_group_rules) to 0
2026-03-31 06:10:33.791 9 INFO neutron.db.ovn_revision_numbers_db [None req-1d3c55fa-73c9-4c61-938f-0f4670010536 805bb2134d174bffb3dd348f04c0a4bc ea3b4cf9758c4a568bbbbb89a380be48 - - default default] Successfully bumped revision number for resource f666cfe9-91af-480c-9a6f-ddb8d7e086f9 (type: security_group_rules) to 0
2026-03-31 06:10:33.796 10 INFO neutron.wsgi [req-97cb7087-3e62-43ee-9c56-aa530d669493 req-106d927e-64d4-4d74-9901-50dc01d2f095 2392fe1d59394893a93b87d644b41510 74c551e2a47f4358ba49255aee662e66 - - default default] 10.0.0.228 "GET /v2.0/security-groups?id=1479cc24-7b94-4b07-9dbb-282a71edae8e&fields=id&fields=name HTTP/1.1" status: 200 len: 286 time: 0.0612597
2026-03-31 06:10:33.811 9 INFO neutron.wsgi [None req-1d3c55fa-73c9-4c61-938f-0f4670010536 805bb2134d174bffb3dd348f04c0a4bc ea3b4cf9758c4a568bbbbb89a380be48 - - default default] 10.0.0.150 "GET /v2.0/security-groups?tenant_id=33b68b620b8a47b8870acd4c6beb7c3a&name=default HTTP/1.1" status: 200 len: 3120 time: 0.2478704
2026-03-31 06:10:34.227 9 WARNING neutron.plugins.ml2.drivers.ovn.mech_driver.ovsdb.ovn_client [None req-030bbb55-b044-41b5-b59e-7f1ab0a84184 - - - - - -] No port found with ID 3aaf6393-6bae-4a5c-a751-d5fc32398465: RuntimeError: No port found with ID 3aaf6393-6bae-4a5c-a751-d5fc32398465
2026-03-31 06:10:34.227 9 INFO neutron.plugins.ml2.drivers.ovn.mech_driver.mech_driver [None req-030bbb55-b044-41b5-b59e-7f1ab0a84184 - - - - - -] OVN reports status up for port: 172ac80a-88fe-4dbf-9e55-cce06c86cc4f
2026-03-31 06:10:34.247 9 INFO neutron.plugins.ml2.plugin [None req-030bbb55-b044-41b5-b59e-7f1ab0a84184 - - - - - -] Attempt 1 to provision port 172ac80a-88fe-4dbf-9e55-cce06c86cc4f
2026-03-31 06:10:34.263 10 INFO neutron.db.ovn_revision_numbers_db [None req-af33f0f6-9959-44e2-9fd3-7547a1c48296 06628ac6a628459c978c3bd7605a88a5 ce4edbdea903486191138bb52a8d185b - - default default] Successfully bumped revision number for resource eb28ed3d-de5b-4a3a-a323-93f84a8ff2eb (type: routers) to 3
2026-03-31 06:10:34.271 10 INFO neutron.wsgi [None req-af33f0f6-9959-44e2-9fd3-7547a1c48296 06628ac6a628459c978c3bd7605a88a5 ce4edbdea903486191138bb52a8d185b - - default default] 10.0.0.150 "PUT /v2.0/routers/eb28ed3d-de5b-4a3a-a323-93f84a8ff2eb HTTP/1.1" status: 200 len: 1155 time: 0.8738732
2026-03-31 06:10:34.358 10 INFO neutron.wsgi [None req-8b66610d-e2b5-475c-a7ac-884b4c89b0b4 805bb2134d174bffb3dd348f04c0a4bc ea3b4cf9758c4a568bbbbb89a380be48 - - default default] 10.0.0.150 "DELETE /v2.0/security-groups/f013a76d-e20e-4027-bfee-1c1aef0f0ae8 HTTP/1.1" status: 204 len: 168 time: 0.5412273
2026-03-31 06:10:34.393 9 INFO neutron.wsgi [None req-f27f383c-df35-4202-933b-242efe1f740e 06628ac6a628459c978c3bd7605a88a5 ce4edbdea903486191138bb52a8d185b - - default default] 10.0.0.150 "GET /v2.0/routers/eb28ed3d-de5b-4a3a-a323-93f84a8ff2eb HTTP/1.1" status: 200 len: 1155 time: 0.1176109
2026-03-31 06:10:34.431 9 INFO neutron.wsgi [None req-d2c363f5-d5ab-427c-a92e-e01d87901656 06628ac6a628459c978c3bd7605a88a5 ce4edbdea903486191138bb52a8d185b - - default default] 10.0.0.150 "GET /v2.0/ports?device_id=eb28ed3d-de5b-4a3a-a323-93f84a8ff2eb HTTP/1.1" status: 200 len: 205 time: 0.0329311
2026-03-31 06:10:34.486 9 INFO neutron.notifiers.nova [-] Nova event matching ['req-2a20be29-e819-42e6-ab63-a702e934cdc9'] response: {'server_uuid': 'fc6af020-cea5-4f0e-9d5a-7e60546ca355', 'name': 'network-vif-plugged', 'status': 'completed', 'tag': '172ac80a-88fe-4dbf-9e55-cce06c86cc4f', 'code': 200}
2026-03-31 06:10:34.649 10 INFO neutron.wsgi [-] 10.0.0.158 "GET / HTTP/1.1" status: 200 len: 247 time: 0.0015872
2026-03-31 06:10:34.650 10 INFO neutron.wsgi [-] 10.0.0.158 "GET / HTTP/1.1" status: 200 len: 247 time: 0.0010836
2026-03-31 06:10:34.690 9 INFO neutron.db.ovn_revision_numbers_db [None req-030bbb55-b044-41b5-b59e-7f1ab0a84184 - - - - - -] Successfully bumped revision number for resource 172ac80a-88fe-4dbf-9e55-cce06c86cc4f (type: ports) to 4
2026-03-31 06:10:34.747 9 INFO neutron.plugins.ml2.drivers.ovn.mech_driver.mech_driver [None req-030bbb55-b044-41b5-b59e-7f1ab0a84184 - - - - - -] OVN reports status up for port: b476380e-3489-43ac-b8e8-5a91e15fa5b3
2026-03-31 06:10:34.757 9 INFO neutron.plugins.ml2.plugin [None req-030bbb55-b044-41b5-b59e-7f1ab0a84184 - - - - - -] Attempt 1 to provision port b476380e-3489-43ac-b8e8-5a91e15fa5b3
2026-03-31 06:10:34.933 10 INFO neutron.wsgi [req-d889cd53-fd9b-4745-b919-a69f8bce497f req-2f20eccc-1da5-4ddc-9f26-12b0a1d3f3c7 2392fe1d59394893a93b87d644b41510 74c551e2a47f4358ba49255aee662e66 - - default default] 10.0.0.228 "GET /v2.0/ports?device_id=fc6af020-cea5-4f0e-9d5a-7e60546ca355 HTTP/1.1" status: 200 len: 1170 time: 0.0501988
2026-03-31 06:10:34.993 10 INFO neutron.wsgi [req-d889cd53-fd9b-4745-b919-a69f8bce497f req-c69b8335-f60e-46e1-9903-04e80c1f51c5 2392fe1d59394893a93b87d644b41510 74c551e2a47f4358ba49255aee662e66 - - default default] 10.0.0.228 "GET /v2.0/security-groups?id=1479cc24-7b94-4b07-9dbb-282a71edae8e&fields=id&fields=name HTTP/1.1" status: 200 len: 286 time: 0.0438089
2026-03-31 06:10:35.445 10 INFO neutron.wsgi [None req-72917bac-bfb5-4fd7-b6e5-618a508146e5 06628ac6a628459c978c3bd7605a88a5 ce4edbdea903486191138bb52a8d185b - - default default] 10.0.0.150 "DELETE /v2.0/routers/eb28ed3d-de5b-4a3a-a323-93f84a8ff2eb HTTP/1.1" status: 204 len: 168 time: 1.0076382 /var/lib/openstack/lib/python3.10/site-packages/pycadf/identifier.py:71: UserWarning: Invalid uuid: neutron. To ensure interoperability, identifiers should be a valid uuid. warnings.warn(('Invalid uuid: %s. To ensure interoperability, '
2026-03-31 06:10:35.488 9 INFO neutron.wsgi [None req-0fc0c726-0cf3-42ed-b4bf-a112afaee7c9 06628ac6a628459c978c3bd7605a88a5 ce4edbdea903486191138bb52a8d185b - - default default] 10.0.0.150 "GET /v2.0/ports?device_id=eb28ed3d-de5b-4a3a-a323-93f84a8ff2eb HTTP/1.1" status: 200 len: 205 time: 0.0363696
2026-03-31 06:10:35.531 9 INFO neutron.api.v2.resource [None req-a2216eb0-8107-4d28-8786-59503d984e7e 06628ac6a628459c978c3bd7605a88a5 ce4edbdea903486191138bb52a8d185b - - default default] delete failed (client error): The resource could not be found.
2026-03-31 06:10:35.532 9 INFO neutron.wsgi [None req-a2216eb0-8107-4d28-8786-59503d984e7e 06628ac6a628459c978c3bd7605a88a5 ce4edbdea903486191138bb52a8d185b - - default default] 10.0.0.150 "DELETE /v2.0/routers/eb28ed3d-de5b-4a3a-a323-93f84a8ff2eb HTTP/1.1" status: 404 len: 336 time: 0.0376015
2026-03-31 06:10:35.556 9 INFO neutron.wsgi [None req-11374473-9baf-4294-bb68-0493e516b698 06628ac6a628459c978c3bd7605a88a5 ce4edbdea903486191138bb52a8d185b - - default default] 10.0.0.150 "GET /v2.0/ports?device_id=d22ffff8-9ac8-4d6e-a1ac-5bd5f9f3eefa HTTP/1.1" status: 200 len: 205 time: 0.0193484
2026-03-31 06:10:35.602 9 INFO neutron.api.v2.resource [None req-66f35ca8-24ab-4fd4-8998-b1ef73e6c5e9 06628ac6a628459c978c3bd7605a88a5 ce4edbdea903486191138bb52a8d185b - - default default] delete failed (client error): The resource could not be found.
2026-03-31 06:10:35.603 9 INFO neutron.wsgi [None req-66f35ca8-24ab-4fd4-8998-b1ef73e6c5e9 06628ac6a628459c978c3bd7605a88a5 ce4edbdea903486191138bb52a8d185b - - default default] 10.0.0.150 "DELETE /v2.0/routers/d22ffff8-9ac8-4d6e-a1ac-5bd5f9f3eefa HTTP/1.1" status: 404 len: 336 time: 0.0403147
2026-03-31 06:10:35.625 10 INFO neutron.wsgi [req-b0bd40bf-950d-4786-ba43-bf2645cba8d9 req-229890e4-0711-48f6-abb0-166484f851a5 2392fe1d59394893a93b87d644b41510 74c551e2a47f4358ba49255aee662e66 - - default default] 10.0.0.228 "GET /v2.0/ports?device_id=fc6af020-cea5-4f0e-9d5a-7e60546ca355 HTTP/1.1" status: 200 len: 1170 time: 0.0654290
2026-03-31 06:10:35.641 9 INFO neutron.pecan_wsgi.hooks.translation [None req-0694ad32-8448-41d3-ab7c-052208679a96 06628ac6a628459c978c3bd7605a88a5 ce4edbdea903486191138bb52a8d185b - - default default] DELETE failed (client error): The resource could not be found.
2026-03-31 06:10:35.644 9 INFO neutron.wsgi [None req-0694ad32-8448-41d3-ab7c-052208679a96 06628ac6a628459c978c3bd7605a88a5 ce4edbdea903486191138bb52a8d185b - - default default] 10.0.0.150 "DELETE /v2.0/subnets/1a740e62-63fa-4e36-9264-0fa51e04340b HTTP/1.1" status: 404 len: 337 time: 0.0230386
2026-03-31 06:10:35.669 9 INFO neutron.wsgi [None req-41d99097-7c72-489b-b3c4-0f2aa8252fb6 06628ac6a628459c978c3bd7605a88a5 ce4edbdea903486191138bb52a8d185b - - default default] 10.0.0.150 "GET /v2.0/ports?device_id=72c4d577-b4bb-4e0f-ba06-a12a9e17f963 HTTP/1.1" status: 200 len: 205 time: 0.0174305
2026-03-31 06:10:35.693 10 INFO neutron.wsgi [req-b0bd40bf-950d-4786-ba43-bf2645cba8d9 req-b501da4e-41c1-41ce-b55b-402b63f20d21 2392fe1d59394893a93b87d644b41510 74c551e2a47f4358ba49255aee662e66 - - default default] 10.0.0.228 "GET /v2.0/security-groups?id=1479cc24-7b94-4b07-9dbb-282a71edae8e&fields=id&fields=name HTTP/1.1" status: 200 len: 286 time: 0.0511949
2026-03-31 06:10:35.710 9 INFO neutron.api.v2.resource [None req-b007cfd4-a467-4036-a253-a8d77bb20f59 06628ac6a628459c978c3bd7605a88a5 ce4edbdea903486191138bb52a8d185b - - default default] delete failed (client error): The resource could not be found.
2026-03-31 06:10:35.712 9 INFO neutron.wsgi [None req-b007cfd4-a467-4036-a253-a8d77bb20f59 06628ac6a628459c978c3bd7605a88a5 ce4edbdea903486191138bb52a8d185b - - default default] 10.0.0.150 "DELETE /v2.0/routers/72c4d577-b4bb-4e0f-ba06-a12a9e17f963 HTTP/1.1" status: 404 len: 336 time: 0.0389843
2026-03-31 06:10:35.765 10 INFO neutron.pecan_wsgi.hooks.translation [None req-56aa1cb5-3fa2-4987-8ab4-d36464310211 06628ac6a628459c978c3bd7605a88a5 ce4edbdea903486191138bb52a8d185b - - default default] DELETE failed (client error): The resource could not be found.
2026-03-31 06:10:35.768 10 INFO neutron.wsgi [None req-56aa1cb5-3fa2-4987-8ab4-d36464310211 06628ac6a628459c978c3bd7605a88a5 ce4edbdea903486191138bb52a8d185b - - default default] 10.0.0.150 "DELETE /v2.0/subnets/19789634-564d-4f77-9505-88216ab27d4c HTTP/1.1" status: 404 len: 337 time: 0.0268805
2026-03-31 06:10:35.803 10 INFO neutron.wsgi [None req-37e88fa1-35dc-47ac-815f-18d74e59ffac 06628ac6a628459c978c3bd7605a88a5 ce4edbdea903486191138bb52a8d185b - - default default] 10.0.0.150 "GET /v2.0/ports?device_id=da6a9444-7422-45b8-8ee1-ba56bce44cb7 HTTP/1.1" status: 200 len: 205 time: 0.0307226
2026-03-31 06:10:35.860 10 INFO neutron.api.v2.resource [None req-efb36a7b-e7ea-4faf-9df4-36dd71c8b9fa 06628ac6a628459c978c3bd7605a88a5 ce4edbdea903486191138bb52a8d185b - - default default] delete failed (client error): The resource could not be found.
2026-03-31 06:10:35.862 10 INFO neutron.wsgi [None req-efb36a7b-e7ea-4faf-9df4-36dd71c8b9fa 06628ac6a628459c978c3bd7605a88a5 ce4edbdea903486191138bb52a8d185b - - default default] 10.0.0.150 "DELETE /v2.0/routers/da6a9444-7422-45b8-8ee1-ba56bce44cb7 HTTP/1.1" status: 404 len: 336 time: 0.0511003
2026-03-31 06:10:35.891 10 INFO neutron.pecan_wsgi.hooks.translation [None req-11a4a4e7-bfed-4d61-aac9-1c5011f4e426 06628ac6a628459c978c3bd7605a88a5 ce4edbdea903486191138bb52a8d185b - - default default] DELETE failed (client error): The resource could not be found.
2026-03-31 06:10:35.896 10 INFO neutron.wsgi [None req-11a4a4e7-bfed-4d61-aac9-1c5011f4e426 06628ac6a628459c978c3bd7605a88a5 ce4edbdea903486191138bb52a8d185b - - default default] 10.0.0.150 "DELETE /v2.0/subnets/092ebc3a-4581-4da0-9184-3624a88dcb72 HTTP/1.1" status: 404 len: 337 time: 0.0285408
2026-03-31 06:10:35.922 9 INFO neutron.pecan_wsgi.hooks.translation [None req-d44b0012-41f7-4b89-88fc-cb1bc3027396 06628ac6a628459c978c3bd7605a88a5 ce4edbdea903486191138bb52a8d185b - - default default] DELETE failed (client error): The resource could not be found.
2026-03-31 06:10:35.926 9 INFO neutron.wsgi [None req-d44b0012-41f7-4b89-88fc-cb1bc3027396 06628ac6a628459c978c3bd7605a88a5 ce4edbdea903486191138bb52a8d185b - - default default] 10.0.0.150 "DELETE /v2.0/subnets/9432b1e7-0ae3-41c8-adbb-10538a3b7108 HTTP/1.1" status: 404 len: 337 time: 0.0248632
2026-03-31 06:10:35.963 10 INFO neutron.wsgi [req-525683e4-9f04-41e7-a967-7d70668e5848 req-b584f959-94e3-4d4d-9a5f-e409bb383637 2392fe1d59394893a93b87d644b41510 74c551e2a47f4358ba49255aee662e66 - - default default] 199.204.45.250 "GET /v2.0/ports?device_id=fc6af020-cea5-4f0e-9d5a-7e60546ca355 HTTP/1.1" status: 200 len: 1170 time: 0.0647812
2026-03-31 06:10:36.324 10 INFO neutron.wsgi [req-525683e4-9f04-41e7-a967-7d70668e5848 req-fea5df3e-b6d0-4ab3-b709-d34c6c46e4d2 2392fe1d59394893a93b87d644b41510 74c551e2a47f4358ba49255aee662e66 - - default default] 199.204.45.250 "DELETE /v2.0/ports/172ac80a-88fe-4dbf-9e55-cce06c86cc4f HTTP/1.1" status: 204 len: 173 time: 0.3534124
2026-03-31 06:10:36.370 10 INFO neutron.notifiers.nova [-] Nova event matching ['req-bc42c22e-8dc9-44d6-97ea-70d2d68a94c9'] response: {'server_uuid': 'fc6af020-cea5-4f0e-9d5a-7e60546ca355', 'name': 'network-vif-deleted', 'tag': '172ac80a-88fe-4dbf-9e55-cce06c86cc4f', 'status': 'completed', 'code': 200}
2026-03-31 06:10:36.551 9 INFO neutron.notifiers.nova [-] Nova event matching ['req-9aa2c6b2-13c1-4463-8b7b-956b4669c869'] response: {'server_uuid': 'fc6af020-cea5-4f0e-9d5a-7e60546ca355', 'name': 'network-vif-plugged', 'status': 'completed', 'tag': '172ac80a-88fe-4dbf-9e55-cce06c86cc4f', 'code': 200}
2026-03-31 06:10:36.764 9 INFO neutron.wsgi [None req-fca7e72b-bffa-42dd-8c65-499676436096 805bb2134d174bffb3dd348f04c0a4bc ea3b4cf9758c4a568bbbbb89a380be48 - - default default] 10.0.0.150 "GET /v2.0/security-groups?tenant_id=ce4edbdea903486191138bb52a8d185b&name=default HTTP/1.1" status: 200 len: 3120 time: 0.1714859
2026-03-31 06:10:36.819 9 INFO neutron.wsgi [req-ae6bef4c-b601-4abf-ac13-f1cf25be56d7 req-838c80a1-e249-4d34-aafd-30b67aa1e20a 2392fe1d59394893a93b87d644b41510 74c551e2a47f4358ba49255aee662e66 - - default default] 10.0.0.228 "GET /v2.0/ports?device_id=fc6af020-cea5-4f0e-9d5a-7e60546ca355 HTTP/1.1" status: 200 len: 210 time: 0.0273063
2026-03-31 06:10:37.059 9 INFO neutron.wsgi [None req-780c93d7-4981-421f-a50d-4ee08000ca81 805bb2134d174bffb3dd348f04c0a4bc ea3b4cf9758c4a568bbbbb89a380be48 - - default default] 10.0.0.150 "DELETE /v2.0/security-groups/b1bb2ac3-417a-4ed2-9958-5ff5d2ffa92b HTTP/1.1" status: 204 len: 168 time: 0.2908704
2026-03-31 06:10:37.121 9 INFO neutron.db.ovn_revision_numbers_db [None req-067fc3a8-54f0-469c-adfc-4bbfe3979356 805bb2134d174bffb3dd348f04c0a4bc ea3b4cf9758c4a568bbbbb89a380be48 - - default default] Successfully bumped revision number for resource b15f3a53-7fd5-4f17-9080-f34a9e368c06 (type: security_groups) to 1
2026-03-31 06:10:37.136 9 INFO neutron.db.ovn_revision_numbers_db [None req-067fc3a8-54f0-469c-adfc-4bbfe3979356 805bb2134d174bffb3dd348f04c0a4bc ea3b4cf9758c4a568bbbbb89a380be48 - - default default] Successfully bumped revision number for resource 085edd8e-0879-4496-a938-78522a1587aa (type: security_group_rules) to 0
2026-03-31 06:10:37.150 9 INFO neutron.db.ovn_revision_numbers_db [None req-067fc3a8-54f0-469c-adfc-4bbfe3979356 805bb2134d174bffb3dd348f04c0a4bc ea3b4cf9758c4a568bbbbb89a380be48 - - default default] Successfully bumped revision number for resource 74260f57-4f3f-42f4-9528-979e9632aa06 (type: security_group_rules) to 0
