2026-03-31 06:11:45.266 10 INFO neutron.wsgi [req-57fd841a-0e24-4bb1-84e4-439338f1cb3e req-1304e126-13fc-49a5-81d8-da3f301391ee f19babc591574c3a8757346bc29c9dc0 261cadf982c045f1adeeadcc807e529c - - default default] 10.0.0.228 "GET /v2.0/ports?device_id=5f7a906f-ceca-419a-97c6-ab35ecee0c5e HTTP/1.1" status: 200 len: 1174 time: 0.0769889
2026-03-31 06:11:45.395 10 INFO neutron.wsgi [req-57fd841a-0e24-4bb1-84e4-439338f1cb3e req-e7692f43-b16a-4789-8f7a-76f964ef477b f19babc591574c3a8757346bc29c9dc0 261cadf982c045f1adeeadcc807e529c - - default default] 10.0.0.228 "GET /v2.0/security-groups?id=2f528542-3c8f-42b1-9e71-2867f5f17db7&fields=id&fields=name HTTP/1.1" status: 200 len: 312 time: 0.1194582
2026-03-31 06:11:45.412 10 WARNING neutron.scheduler.dhcp_agent_scheduler [None req-6a3ebe37-28d7-46a7-afa8-59dd1e9ccefa 805bb2134d174bffb3dd348f04c0a4bc ea3b4cf9758c4a568bbbbb89a380be48 - - default default] No more DHCP agents
2026-03-31 06:11:45.419 10 WARNING neutron.api.rpc.agentnotifiers.dhcp_rpc_agent_api [None req-6a3ebe37-28d7-46a7-afa8-59dd1e9ccefa 805bb2134d174bffb3dd348f04c0a4bc ea3b4cf9758c4a568bbbbb89a380be48 - - default default] Unable to schedule network a06480ad-20a5-4a4c-9e66-78b05aafe665: no agents available; will retry on subsequent port and subnet creation events.
2026-03-31 06:11:45.577 9 INFO neutron.db.ovn_revision_numbers_db [None req-030bbb55-b044-41b5-b59e-7f1ab0a84184 - - - - - -] Successfully bumped revision number for resource 4666497c-718e-4fce-bf3b-331a564dd42d (type: ports) to 5
2026-03-31 06:11:45.594 10 INFO neutron.wsgi [req-8dbef211-b444-42c0-a77e-fcd8c2d66420 req-aae310eb-7247-40ae-b82d-4a6c24c6132f f19babc591574c3a8757346bc29c9dc0 261cadf982c045f1adeeadcc807e529c - - default default] 199.204.45.250 "GET /v2.0/ports?device_id=5f7a906f-ceca-419a-97c6-ab35ecee0c5e HTTP/1.1" status: 200 len: 1172 time: 0.0913758
2026-03-31 06:11:45.603 10 WARNING neutron.scheduler.dhcp_agent_scheduler [None req-6ccdf80b-d889-48ab-806b-229eab83da6d 13d959e51b304577ab8cad9fff2eb6dd 4226614d12864337af68eb7cad82b3a4 - - default default] No more DHCP agents
2026-03-31 06:11:45.606 10 WARNING neutron.api.rpc.agentnotifiers.dhcp_rpc_agent_api [None req-6ccdf80b-d889-48ab-806b-229eab83da6d 13d959e51b304577ab8cad9fff2eb6dd 4226614d12864337af68eb7cad82b3a4 - - default default] Unable to schedule network a06480ad-20a5-4a4c-9e66-78b05aafe665: no agents available; will retry on subsequent port and subnet creation events.
2026-03-31 06:11:45.743 10 INFO neutron.db.ovn_revision_numbers_db [None req-6a3ebe37-28d7-46a7-afa8-59dd1e9ccefa 805bb2134d174bffb3dd348f04c0a4bc ea3b4cf9758c4a568bbbbb89a380be48 - - default default] Successfully bumped revision number for resource fa17e913-1f68-48bc-9f2c-313ffb5884f2 (type: ports) to 1
2026-03-31 06:11:45.925 10 INFO neutron.db.ovn_revision_numbers_db [None req-6ccdf80b-d889-48ab-806b-229eab83da6d 13d959e51b304577ab8cad9fff2eb6dd 4226614d12864337af68eb7cad82b3a4 - - default default] Successfully bumped revision number for resource a409da1a-1b32-4aea-ab3d-06e6b811cfb5 (type: ports) to 1
2026-03-31 06:11:46.282 9 INFO neutron.notifiers.nova [-] Nova event matching ['req-439a7097-940e-4e6f-afea-e6edb4a3d6da'] response: {'server_uuid': '5f7a906f-ceca-419a-97c6-ab35ecee0c5e', 'name': 'network-vif-unplugged', 'status': 'completed', 'tag': '4666497c-718e-4fce-bf3b-331a564dd42d', 'code': 200}
2026-03-31 06:11:46.282 10 INFO neutron.wsgi [req-8dbef211-b444-42c0-a77e-fcd8c2d66420 req-cd486e40-7e31-403f-a046-83646046ce55 f19babc591574c3a8757346bc29c9dc0 261cadf982c045f1adeeadcc807e529c - - default default] 199.204.45.250 "DELETE /v2.0/ports/4666497c-718e-4fce-bf3b-331a564dd42d HTTP/1.1" status: 204 len: 173 time: 0.6818786
2026-03-31 06:11:46.283 9 INFO neutron.notifiers.nova [-] Nova event matching ['req-439a7097-940e-4e6f-afea-e6edb4a3d6da'] response: {'server_uuid': '5f7a906f-ceca-419a-97c6-ab35ecee0c5e', 'name': 'network-vif-unplugged', 'status': 'completed', 'tag': '4666497c-718e-4fce-bf3b-331a564dd42d', 'code': 200}
2026-03-31 06:11:46.330 10 INFO neutron.notifiers.nova [-] Nova event matching ['req-0d54dc43-a5be-4cbf-9399-b81d2cb1ea4f'] response: {'server_uuid': '5f7a906f-ceca-419a-97c6-ab35ecee0c5e', 'name': 'network-vif-deleted', 'tag': '4666497c-718e-4fce-bf3b-331a564dd42d', 'status': 'completed', 'code': 200}
2026-03-31 06:11:46.413 10 INFO neutron.db.ovn_revision_numbers_db [None req-6ccdf80b-d889-48ab-806b-229eab83da6d 13d959e51b304577ab8cad9fff2eb6dd 4226614d12864337af68eb7cad82b3a4 - - default default] Successfully bumped revision number for resource a409da1a-1b32-4aea-ab3d-06e6b811cfb5 (type: ports) to 1
2026-03-31 06:11:46.496 10 INFO neutron.db.segments_db [None req-6ccdf80b-d889-48ab-806b-229eab83da6d 13d959e51b304577ab8cad9fff2eb6dd 4226614d12864337af68eb7cad82b3a4 - - default default] Added segment 049f69bf-c358-44a9-8c01-132756c849ea of type geneve for network 03d8e53c-a286-4514-8e7e-9e0ba4116218 /var/lib/openstack/lib/python3.10/site-packages/pycadf/identifier.py:71: UserWarning: Invalid uuid: neutron. To ensure interoperability, identifiers should be a valid uuid. warnings.warn(('Invalid uuid: %s. To ensure interoperability, '
2026-03-31 06:11:46.532 9 INFO neutron.wsgi [req-388cdc08-4d34-4d19-9f31-983b25112533 req-3e34212c-f8ae-45b5-9f29-0af415a597ca f19babc591574c3a8757346bc29c9dc0 261cadf982c045f1adeeadcc807e529c - - default default] 10.0.0.228 "GET /v2.0/ports?device_id=5f7a906f-ceca-419a-97c6-ab35ecee0c5e HTTP/1.1" status: 200 len: 210 time: 0.0307198
2026-03-31 06:11:46.724 10 INFO neutron.db.ovn_revision_numbers_db [None req-6ccdf80b-d889-48ab-806b-229eab83da6d 13d959e51b304577ab8cad9fff2eb6dd 4226614d12864337af68eb7cad82b3a4 - - default default] Successfully bumped revision number for resource 03d8e53c-a286-4514-8e7e-9e0ba4116218 (type: networks) to 1
2026-03-31 06:11:46.852 10 INFO neutron.plugins.ml2.drivers.ovn.mech_driver.ovsdb.commands [None req-ccfd4401-7ed7-442c-84fb-c8e53bf34020 - - - - - -] Schedule LRP lrp-fa17e913-1f68-48bc-9f2c-313ffb5884f2 on gateway e2b808ab-0a5c-4944-8f71-f16af0935e4f with priority 1
2026-03-31 06:11:46.862 10 WARNING neutron.plugins.ml2.drivers.ovn.mech_driver.ovsdb.ovn_client [None req-e2f31618-046d-476a-a7ff-4884df1feeca - - - - - -] No hosting information found for port c8f18f37-eafb-4815-87c8-d0b80225f41c: RuntimeError: No hosting information found for port c8f18f37-eafb-4815-87c8-d0b80225f41c
2026-03-31 06:11:46.862 10 INFO neutron.plugins.ml2.drivers.ovn.mech_driver.mech_driver [None req-e2f31618-046d-476a-a7ff-4884df1feeca - - - - - -] OVN reports status up for port: a7bf90e7-34a9-4a1a-9ed2-1e0ba370146c
2026-03-31 06:11:46.877 10 INFO neutron.plugins.ml2.drivers.ovn.mech_driver.ovsdb.ovsdb_monitor [None req-8595c52e-ad65-4c82-a221-c5c38bacd897 - - - - - -] Router 0a2e0824-85e3-48f2-afb0-ff71b5e7a403 is bound to host instance
2026-03-31 06:11:46.904 10 INFO neutron.plugins.ml2.plugin [None req-e2f31618-046d-476a-a7ff-4884df1feeca - - - - - -] Attempt 1 to provision port a7bf90e7-34a9-4a1a-9ed2-1e0ba370146c
2026-03-31 06:11:47.254 10 WARNING neutron_lib.context [None req-87955e80-c6a3-4fef-ac48-ac0610f1a2e9 c5e70cdf1f9d4613bd388fa5f510277f f563d4b8fe634705a5897eba73994230 - - default default] Method 'is_advsvc' is deprecated since 2023.2 release (neutron-lib 3.8.0) and will be removed once support for the old RBAC API policies will be removed from Neutron. Please use method 'is_service_role' instead.
2026-03-31 06:11:47.312 10 INFO neutron.db.ovn_revision_numbers_db [None req-6a3ebe37-28d7-46a7-afa8-59dd1e9ccefa 805bb2134d174bffb3dd348f04c0a4bc ea3b4cf9758c4a568bbbbb89a380be48 - - default default] Successfully bumped revision number for resource fa17e913-1f68-48bc-9f2c-313ffb5884f2 (type: router_ports) to 1
2026-03-31 06:11:47.373 10 WARNING neutron.scheduler.dhcp_agent_scheduler [None req-6ccdf80b-d889-48ab-806b-229eab83da6d 13d959e51b304577ab8cad9fff2eb6dd 4226614d12864337af68eb7cad82b3a4 - - default default] No more DHCP agents
2026-03-31 06:11:47.383 10 WARNING neutron.api.rpc.agentnotifiers.dhcp_rpc_agent_api [None req-6ccdf80b-d889-48ab-806b-229eab83da6d 13d959e51b304577ab8cad9fff2eb6dd 4226614d12864337af68eb7cad82b3a4 - - default default] Unable to schedule network 03d8e53c-a286-4514-8e7e-9e0ba4116218: no agents available; will retry on subsequent port and subnet creation events.
2026-03-31 06:11:47.517 10 INFO neutron.db.ovn_revision_numbers_db [None req-6a3ebe37-28d7-46a7-afa8-59dd1e9ccefa 805bb2134d174bffb3dd348f04c0a4bc ea3b4cf9758c4a568bbbbb89a380be48 - - default default] Successfully bumped revision number for resource 0a2e0824-85e3-48f2-afb0-ff71b5e7a403 (type: routers) to 2
2026-03-31 06:11:47.576 10 INFO neutron.wsgi [None req-6a3ebe37-28d7-46a7-afa8-59dd1e9ccefa 805bb2134d174bffb3dd348f04c0a4bc ea3b4cf9758c4a568bbbbb89a380be48 - - default default] 10.0.0.150 "POST /v2.0/routers HTTP/1.1" status: 201 len: 1165 time: 3.3526666
2026-03-31 06:11:47.630 10 INFO neutron.db.ovn_revision_numbers_db [None req-6ccdf80b-d889-48ab-806b-229eab83da6d 13d959e51b304577ab8cad9fff2eb6dd 4226614d12864337af68eb7cad82b3a4 - - default default] Successfully bumped revision number for resource bb6c3f6c-aa8d-4c6c-b616-7be8c0dfd421 (type: ports) to 1
2026-03-31 06:11:47.861 10 INFO neutron.db.ovn_revision_numbers_db [None req-87955e80-c6a3-4fef-ac48-ac0610f1a2e9 c5e70cdf1f9d4613bd388fa5f510277f f563d4b8fe634705a5897eba73994230 - - default default] Successfully bumped revision number for resource a485c4cd-6f23-4255-acba-452bb946d48f (type: security_groups) to 1
2026-03-31 06:11:47.922 10 INFO neutron.db.ovn_revision_numbers_db [None req-87955e80-c6a3-4fef-ac48-ac0610f1a2e9 c5e70cdf1f9d4613bd388fa5f510277f f563d4b8fe634705a5897eba73994230 - - default default] Successfully bumped revision number for resource 0f0046d6-0f51-4960-95a6-66c7e5cd3d49 (type: security_group_rules) to 0
2026-03-31 06:11:47.966 10 INFO neutron.db.ovn_revision_numbers_db [None req-87955e80-c6a3-4fef-ac48-ac0610f1a2e9 c5e70cdf1f9d4613bd388fa5f510277f f563d4b8fe634705a5897eba73994230 - - default default] Successfully bumped revision number for resource 23c5b0b1-b81c-4f0c-ac53-15086f4108b4 (type: security_group_rules) to 0
2026-03-31 06:11:48.009 10 WARNING neutron.scheduler.dhcp_agent_scheduler [None req-6ccdf80b-d889-48ab-806b-229eab83da6d 13d959e51b304577ab8cad9fff2eb6dd 4226614d12864337af68eb7cad82b3a4 - - default default] No more DHCP agents
2026-03-31 06:11:48.017 10 WARNING neutron.api.rpc.agentnotifiers.dhcp_rpc_agent_api [None req-6ccdf80b-d889-48ab-806b-229eab83da6d 13d959e51b304577ab8cad9fff2eb6dd 4226614d12864337af68eb7cad82b3a4 - - default default] Unable to schedule network 03d8e53c-a286-4514-8e7e-9e0ba4116218: no agents available; will retry on subsequent port and subnet creation events.
2026-03-31 06:11:48.034 10 INFO neutron.db.ovn_revision_numbers_db [None req-87955e80-c6a3-4fef-ac48-ac0610f1a2e9 c5e70cdf1f9d4613bd388fa5f510277f f563d4b8fe634705a5897eba73994230 - - default default] Successfully bumped revision number for resource af3b2808-f3d2-42e1-a24f-75819b5a3c15 (type: security_group_rules) to 0
2026-03-31 06:11:48.076 10 INFO neutron.db.ovn_revision_numbers_db [None req-87955e80-c6a3-4fef-ac48-ac0610f1a2e9 c5e70cdf1f9d4613bd388fa5f510277f f563d4b8fe634705a5897eba73994230 - - default default] Successfully bumped revision number for resource c42f86c9-bfdd-4093-8684-c447f6ac3ba5 (type: security_group_rules) to 0
2026-03-31 06:11:48.084 10 INFO neutron.db.ovn_revision_numbers_db [None req-6ccdf80b-d889-48ab-806b-229eab83da6d 13d959e51b304577ab8cad9fff2eb6dd 4226614d12864337af68eb7cad82b3a4 - - default default] Successfully bumped revision number for resource 4733c65f-f057-4c93-9b9b-db26f0176da6 (type: subnets) to 0
2026-03-31 06:11:48.144 10 INFO neutron.wsgi [None req-f13dc468-bcdf-4c4c-8b75-59d693f3a283 f19babc591574c3a8757346bc29c9dc0 261cadf982c045f1adeeadcc807e529c - - default default] 10.0.0.150 "DELETE /v2.0/security-groups/2f528542-3c8f-42b1-9e71-2867f5f17db7 HTTP/1.1" status: 204 len: 168 time: 0.5293536
2026-03-31 06:11:48.173 10 INFO neutron.db.segments_db [None req-87955e80-c6a3-4fef-ac48-ac0610f1a2e9 c5e70cdf1f9d4613bd388fa5f510277f f563d4b8fe634705a5897eba73994230 - - default default] Added segment 73ebfd9a-c532-4560-8a0c-f00d45597954 of type geneve for network 4703cccf-d430-44ec-a409-4513366a62bd
2026-03-31 06:11:48.242 9 WARNING neutron.scheduler.dhcp_agent_scheduler [None req-0da3dd77-2dc1-4244-a477-f4090bf075a8 805bb2134d174bffb3dd348f04c0a4bc ea3b4cf9758c4a568bbbbb89a380be48 - - default default] No more DHCP agents
2026-03-31 06:11:48.243 9 WARNING neutron.api.rpc.agentnotifiers.dhcp_rpc_agent_api [None req-0da3dd77-2dc1-4244-a477-f4090bf075a8 805bb2134d174bffb3dd348f04c0a4bc ea3b4cf9758c4a568bbbbb89a380be48 - - default default] Unable to schedule network 37edf9c3-1258-4f88-90cc-842c3368b615: no agents available; will retry on subsequent port and subnet creation events.
2026-03-31 06:11:48.404 9 INFO neutron.db.ovn_revision_numbers_db [None req-0da3dd77-2dc1-4244-a477-f4090bf075a8 805bb2134d174bffb3dd348f04c0a4bc ea3b4cf9758c4a568bbbbb89a380be48 - - default default] Successfully bumped revision number for resource f6f5cda1-167a-4231-981f-01b7c7da5976 (type: ports) to 1
2026-03-31 06:11:48.937 10 INFO neutron.db.ovn_revision_numbers_db [None req-87955e80-c6a3-4fef-ac48-ac0610f1a2e9 c5e70cdf1f9d4613bd388fa5f510277f f563d4b8fe634705a5897eba73994230 - - default default] Successfully bumped revision number for resource 4703cccf-d430-44ec-a409-4513366a62bd (type: networks) to 1
2026-03-31 06:11:49.010 9 ERROR ovsdbapp.backend.ovs_idl.command [None req-0da3dd77-2dc1-4244-a477-f4090bf075a8 805bb2134d174bffb3dd348f04c0a4bc ea3b4cf9758c4a568bbbbb89a380be48 - - default default] Error executing command (DbGetCommand): ovsdbapp.backend.ovs_idl.idlutils.RowNotFound: Cannot find Logical_Router_Port with name=lrp-f6f5cda1-167a-4231-981f-01b7c7da5976
2026-03-31 06:11:49.010 9 ERROR ovsdbapp.backend.ovs_idl.command
Traceback (most recent call last):
2026-03-31 06:11:49.010 9 ERROR ovsdbapp.backend.ovs_idl.command
File "/var/lib/openstack/lib/python3.10/site-packages/ovsdbapp/backend/ovs_idl/command.py", line 47, in execute
2026-03-31 06:11:49.010 9 ERROR ovsdbapp.backend.ovs_idl.command self.run_idl(None)
2026-03-31 06:11:49.010 9 ERROR ovsdbapp.backend.ovs_idl.command
File "/var/lib/openstack/lib/python3.10/site-packages/ovsdbapp/backend/ovs_idl/command.py", line 235, in run_idl
2026-03-31 06:11:49.010 9 ERROR ovsdbapp.backend.ovs_idl.command record = self.api.lookup(self.table, self.record)
2026-03-31 06:11:49.010 9 ERROR ovsdbapp.backend.ovs_idl.command
File "/var/lib/openstack/lib/python3.10/site-packages/ovsdbapp/backend/ovs_idl/__init__.py", line 184, in lookup
2026-03-31 06:11:49.010 9 ERROR ovsdbapp.backend.ovs_idl.command return self._lookup(table, record)
2026-03-31 06:11:49.010 9 ERROR ovsdbapp.backend.ovs_idl.command
File "/var/lib/openstack/lib/python3.10/site-packages/ovsdbapp/backend/ovs_idl/__init__.py", line 235, in _lookup
2026-03-31 06:11:49.010 9 ERROR ovsdbapp.backend.ovs_idl.command row = idlutils.row_by_value(self, rl.table, rl.column, record)
2026-03-31 06:11:49.010 9 ERROR ovsdbapp.backend.ovs_idl.command
File "/var/lib/openstack/lib/python3.10/site-packages/ovsdbapp/backend/ovs_idl/idlutils.py", line 114, in row_by_value
2026-03-31 06:11:49.010 9 ERROR ovsdbapp.backend.ovs_idl.command raise RowNotFound(table=table, col=column, match=match)
2026-03-31 06:11:49.010 9 ERROR ovsdbapp.backend.ovs_idl.command ovsdbapp.backend.ovs_idl.idlutils.RowNotFound: Cannot find Logical_Router_Port with name=lrp-f6f5cda1-167a-4231-981f-01b7c7da5976
2026-03-31 06:11:49.010 9 ERROR ovsdbapp.backend.ovs_idl.command 
2026-03-31 06:11:49.011 9 ERROR neutron_lib.callbacks.manager [None req-0da3dd77-2dc1-4244-a477-f4090bf075a8 805bb2134d174bffb3dd348f04c0a4bc ea3b4cf9758c4a568bbbbb89a380be48 - - default default] Error during notification for neutron.services.ovn_l3.plugin.OVNL3RouterPlugin._port_update-8773592256239 port, after_update: ovsdbapp.backend.ovs_idl.idlutils.RowNotFound: Cannot find Logical_Router_Port with name=lrp-f6f5cda1-167a-4231-981f-01b7c7da5976
2026-03-31 06:11:49.011 9 ERROR neutron_lib.callbacks.manager
Traceback (most recent call last):
2026-03-31 06:11:49.011 9 ERROR neutron_lib.callbacks.manager
File "/var/lib/openstack/lib/python3.10/site-packages/neutron_lib/callbacks/manager.py", line 189, in _notify_loop
2026-03-31 06:11:49.011 9 ERROR neutron_lib.callbacks.manager callback.method(resource, event, trigger, payload=payload)
2026-03-31 06:11:49.011 9 ERROR neutron_lib.callbacks.manager
File "/var/lib/openstack/lib/python3.10/site-packages/neutron/services/ovn_l3/plugin.py", line 391, in _port_update
2026-03-31 06:11:49.011 9 ERROR neutron_lib.callbacks.manager l3plugin._ovn_client.update_router_port(context,
2026-03-31 06:11:49.011 9 ERROR neutron_lib.callbacks.manager
File "/var/lib/openstack/lib/python3.10/site-packages/neutron/plugins/ml2/drivers/ovn/mech_driver/ovsdb/ovn_client.py", line 1878, in update_router_port
2026-03-31 06:11:49.011 9 ERROR neutron_lib.callbacks.manager self._update_lrouter_port(context, port, if_exists=if_exists,
2026-03-31 06:11:49.011 9 ERROR neutron_lib.callbacks.manager
File "/var/lib/openstack/lib/python3.10/site-packages/neutron/plugins/ml2/drivers/ovn/mech_driver/ovsdb/ovn_client.py", line 1855, in _update_lrouter_port
2026-03-31 06:11:49.011 9 ERROR neutron_lib.callbacks.manager external_ids = self._nb_idl.db_get(
2026-03-31 06:11:49.011 9 ERROR neutron_lib.callbacks.manager
File "/var/lib/openstack/lib/python3.10/site-packages/ovsdbapp/backend/ovs_idl/command.py", line 47, in execute
2026-03-31 06:11:49.011 9 ERROR neutron_lib.callbacks.manager self.run_idl(None)
2026-03-31 06:11:49.011 9 ERROR neutron_lib.callbacks.manager
File "/var/lib/openstack/lib/python3.10/site-packages/ovsdbapp/backend/ovs_idl/command.py", line 235, in run_idl
2026-03-31 06:11:49.011 9 ERROR neutron_lib.callbacks.manager record = self.api.lookup(self.table, self.record)
2026-03-31 06:11:49.011 9 ERROR neutron_lib.callbacks.manager
File "/var/lib/openstack/lib/python3.10/site-packages/ovsdbapp/backend/ovs_idl/__init__.py", line 184, in lookup
2026-03-31 06:11:49.011 9 ERROR neutron_lib.callbacks.manager return self._lookup(table, record)
2026-03-31 06:11:49.011 9 ERROR neutron_lib.callbacks.manager
File "/var/lib/openstack/lib/python3.10/site-packages/ovsdbapp/backend/ovs_idl/__init__.py", line 235, in _lookup
2026-03-31 06:11:49.011 9 ERROR neutron_lib.callbacks.manager row = idlutils.row_by_value(self, rl.table, rl.column, record)
2026-03-31 06:11:49.011 9 ERROR neutron_lib.callbacks.manager
File "/var/lib/openstack/lib/python3.10/site-packages/ovsdbapp/backend/ovs_idl/idlutils.py", line 114, in row_by_value
2026-03-31 06:11:49.011 9 ERROR neutron_lib.callbacks.manager raise RowNotFound(table=table, col=column, match=match)
2026-03-31 06:11:49.011 9 ERROR neutron_lib.callbacks.manager ovsdbapp.backend.ovs_idl.idlutils.RowNotFound: Cannot find Logical_Router_Port with name=lrp-f6f5cda1-167a-4231-981f-01b7c7da5976
2026-03-31 06:11:49.011 9 ERROR neutron_lib.callbacks.manager 
2026-03-31 06:11:49.255 9 INFO neutron.plugins.ml2.drivers.ovn.mech_driver.mech_driver [None req-030bbb55-b044-41b5-b59e-7f1ab0a84184 - - - - - -] OVN reports status up for port: f6f5cda1-167a-4231-981f-01b7c7da5976
2026-03-31 06:11:49.276 9 INFO neutron.plugins.ml2.plugin [None req-030bbb55-b044-41b5-b59e-7f1ab0a84184 - - - - - -] Attempt 1 to provision port f6f5cda1-167a-4231-981f-01b7c7da5976
2026-03-31 06:11:49.298 9 INFO neutron.db.ovn_revision_numbers_db [None req-0da3dd77-2dc1-4244-a477-f4090bf075a8 805bb2134d174bffb3dd348f04c0a4bc ea3b4cf9758c4a568bbbbb89a380be48 - - default default] Successfully bumped revision number for resource f6f5cda1-167a-4231-981f-01b7c7da5976 (type: ports) to 1
2026-03-31 06:11:49.395 9 WARNING neutron.scheduler.dhcp_agent_scheduler [None req-0da3dd77-2dc1-4244-a477-f4090bf075a8 805bb2134d174bffb3dd348f04c0a4bc ea3b4cf9758c4a568bbbbb89a380be48 - - default default] No more DHCP agents
2026-03-31 06:11:49.398 9 WARNING neutron.api.rpc.agentnotifiers.dhcp_rpc_agent_api [None req-0da3dd77-2dc1-4244-a477-f4090bf075a8 805bb2134d174bffb3dd348f04c0a4bc ea3b4cf9758c4a568bbbbb89a380be48 - - default default] Unable to schedule network 37edf9c3-1258-4f88-90cc-842c3368b615: no agents available; will retry on subsequent port and subnet creation events.
2026-03-31 06:11:49.432 10 WARNING neutron.scheduler.dhcp_agent_scheduler [None req-87955e80-c6a3-4fef-ac48-ac0610f1a2e9 c5e70cdf1f9d4613bd388fa5f510277f f563d4b8fe634705a5897eba73994230 - - default default] No more DHCP agents
2026-03-31 06:11:49.452 10 WARNING neutron.api.rpc.agentnotifiers.dhcp_rpc_agent_api [None req-87955e80-c6a3-4fef-ac48-ac0610f1a2e9 c5e70cdf1f9d4613bd388fa5f510277f f563d4b8fe634705a5897eba73994230 - - default default] Unable to schedule network 4703cccf-d430-44ec-a409-4513366a62bd: no agents available; will retry on subsequent port and subnet creation events.
2026-03-31 06:11:49.650 9 INFO neutron.wsgi [-] 10.0.0.158 "GET / HTTP/1.1" status: 200 len: 247 time: 0.0016842
2026-03-31 06:11:49.651 9 INFO neutron.wsgi [-] 10.0.0.158 "GET / HTTP/1.1" status: 200 len: 247 time: 0.0010035
2026-03-31 06:11:49.743 10 INFO neutron.db.ovn_revision_numbers_db [None req-8595c52e-ad65-4c82-a221-c5c38bacd897 - - - - - -] Successfully bumped revision number for resource fa17e913-1f68-48bc-9f2c-313ffb5884f2 (type: ports) to 1
2026-03-31 06:11:49.911 9 INFO neutron.db.ovn_revision_numbers_db [None req-030bbb55-b044-41b5-b59e-7f1ab0a84184 - - - - - -] Successfully bumped revision number for resource f6f5cda1-167a-4231-981f-01b7c7da5976 (type: ports) to 2
2026-03-31 06:11:49.928 10 WARNING neutron.scheduler.dhcp_agent_scheduler [None req-6ccdf80b-d889-48ab-806b-229eab83da6d 13d959e51b304577ab8cad9fff2eb6dd 4226614d12864337af68eb7cad82b3a4 - - default default] No more DHCP agents
2026-03-31 06:11:49.938 10 WARNING neutron.api.rpc.agentnotifiers.dhcp_rpc_agent_api [None req-6ccdf80b-d889-48ab-806b-229eab83da6d 13d959e51b304577ab8cad9fff2eb6dd 4226614d12864337af68eb7cad82b3a4 - - default default] Unable to schedule network 03d8e53c-a286-4514-8e7e-9e0ba4116218: no agents available; will retry on subsequent port and subnet creation events.
2026-03-31 06:11:49.966 10 INFO neutron.db.ovn_revision_numbers_db [None req-87955e80-c6a3-4fef-ac48-ac0610f1a2e9 c5e70cdf1f9d4613bd388fa5f510277f f563d4b8fe634705a5897eba73994230 - - default default] Successfully bumped revision number for resource a1c49fa3-2b9b-4501-ad8e-2f2b68f69673 (type: ports) to 1
2026-03-31 06:11:50.037 10 INFO neutron.wsgi [None req-87955e80-c6a3-4fef-ac48-ac0610f1a2e9 c5e70cdf1f9d4613bd388fa5f510277f f563d4b8fe634705a5897eba73994230 - - default default] 10.0.0.150 "POST /v2.0/networks HTTP/1.1" status: 201 len: 830 time: 3.2394967
2026-03-31 06:11:50.362 9 WARNING neutron_lib.context [None req-8809fcab-5c19-4201-b4ca-118ee82db0ae c5e70cdf1f9d4613bd388fa5f510277f f563d4b8fe634705a5897eba73994230 - - default default] Method 'is_advsvc' is deprecated since 2023.2 release (neutron-lib 3.8.0) and will be removed once support for the old RBAC API policies will be removed from Neutron. Please use method 'is_service_role' instead.
2026-03-31 06:11:50.376 10 INFO neutron.db.ovn_revision_numbers_db [None req-6ccdf80b-d889-48ab-806b-229eab83da6d 13d959e51b304577ab8cad9fff2eb6dd 4226614d12864337af68eb7cad82b3a4 - - default default] Successfully bumped revision number for resource d97714f6-b9f4-4105-88ca-98325102a406 (type: ports) to 1
2026-03-31 06:11:50.497 9 ERROR ovsdbapp.backend.ovs_idl.command [None req-030bbb55-b044-41b5-b59e-7f1ab0a84184 - - - - - -] Error executing command (DbGetCommand): ovsdbapp.backend.ovs_idl.idlutils.RowNotFound: Cannot find Logical_Router_Port with name=lrp-f6f5cda1-167a-4231-981f-01b7c7da5976
2026-03-31 06:11:50.497 9 ERROR ovsdbapp.backend.ovs_idl.command
Traceback (most recent call last):
2026-03-31 06:11:50.497 9 ERROR ovsdbapp.backend.ovs_idl.command
File "/var/lib/openstack/lib/python3.10/site-packages/ovsdbapp/backend/ovs_idl/command.py", line 47, in execute
2026-03-31 06:11:50.497 9 ERROR ovsdbapp.backend.ovs_idl.command self.run_idl(None)
2026-03-31 06:11:50.497 9 ERROR ovsdbapp.backend.ovs_idl.command
File "/var/lib/openstack/lib/python3.10/site-packages/ovsdbapp/backend/ovs_idl/command.py", line 235, in run_idl
2026-03-31 06:11:50.497 9 ERROR ovsdbapp.backend.ovs_idl.command record = self.api.lookup(self.table, self.record)
2026-03-31 06:11:50.497 9 ERROR ovsdbapp.backend.ovs_idl.command
File "/var/lib/openstack/lib/python3.10/site-packages/ovsdbapp/backend/ovs_idl/__init__.py", line 184, in lookup
2026-03-31 06:11:50.497 9 ERROR ovsdbapp.backend.ovs_idl.command return self._lookup(table, record)
2026-03-31 06:11:50.497 9 ERROR ovsdbapp.backend.ovs_idl.command
File "/var/lib/openstack/lib/python3.10/site-packages/ovsdbapp/backend/ovs_idl/__init__.py", line 235, in _lookup
2026-03-31 06:11:50.497 9 ERROR ovsdbapp.backend.ovs_idl.command row = idlutils.row_by_value(self, rl.table, rl.column, record)
2026-03-31 06:11:50.497 9 ERROR ovsdbapp.backend.ovs_idl.command
File "/var/lib/openstack/lib/python3.10/site-packages/ovsdbapp/backend/ovs_idl/idlutils.py", line 114, in row_by_value
2026-03-31 06:11:50.497 9 ERROR ovsdbapp.backend.ovs_idl.command raise RowNotFound(table=table, col=column, match=match)
2026-03-31 06:11:50.497 9 ERROR ovsdbapp.backend.ovs_idl.command ovsdbapp.backend.ovs_idl.idlutils.RowNotFound: Cannot find Logical_Router_Port with name=lrp-f6f5cda1-167a-4231-981f-01b7c7da5976
2026-03-31 06:11:50.497 9 ERROR ovsdbapp.backend.ovs_idl.command 
2026-03-31 06:11:50.498 9 ERROR neutron_lib.callbacks.manager [None req-030bbb55-b044-41b5-b59e-7f1ab0a84184 - - - - - -] Error during notification for neutron.services.ovn_l3.plugin.OVNL3RouterPlugin._port_update-8773592256239 port, after_update: ovsdbapp.backend.ovs_idl.idlutils.RowNotFound: Cannot find Logical_Router_Port with name=lrp-f6f5cda1-167a-4231-981f-01b7c7da5976
2026-03-31 06:11:50.498 9 ERROR neutron_lib.callbacks.manager
Traceback (most recent call last):
2026-03-31 06:11:50.498 9 ERROR neutron_lib.callbacks.manager
File "/var/lib/openstack/lib/python3.10/site-packages/neutron_lib/callbacks/manager.py", line 189, in _notify_loop
2026-03-31 06:11:50.498 9 ERROR neutron_lib.callbacks.manager callback.method(resource, event, trigger, payload=payload)
2026-03-31 06:11:50.498 9 ERROR neutron_lib.callbacks.manager
File "/var/lib/openstack/lib/python3.10/site-packages/neutron/services/ovn_l3/plugin.py", line 391, in _port_update
2026-03-31 06:11:50.498 9 ERROR neutron_lib.callbacks.manager l3plugin._ovn_client.update_router_port(context,
2026-03-31 06:11:50.498 9 ERROR neutron_lib.callbacks.manager
File "/var/lib/openstack/lib/python3.10/site-packages/neutron/plugins/ml2/drivers/ovn/mech_driver/ovsdb/ovn_client.py", line 1878, in update_router_port
2026-03-31 06:11:50.498 9 ERROR neutron_lib.callbacks.manager self._update_lrouter_port(context, port, if_exists=if_exists,
2026-03-31 06:11:50.498 9 ERROR neutron_lib.callbacks.manager
File "/var/lib/openstack/lib/python3.10/site-packages/neutron/plugins/ml2/drivers/ovn/mech_driver/ovsdb/ovn_client.py", line 1855, in _update_lrouter_port
2026-03-31 06:11:50.498 9 ERROR neutron_lib.callbacks.manager external_ids = self._nb_idl.db_get(
2026-03-31 06:11:50.498 9 ERROR neutron_lib.callbacks.manager
File "/var/lib/openstack/lib/python3.10/site-packages/ovsdbapp/backend/ovs_idl/command.py", line 47, in execute
2026-03-31 06:11:50.498 9 ERROR neutron_lib.callbacks.manager self.run_idl(None)
2026-03-31 06:11:50.498 9 ERROR neutron_lib.callbacks.manager
File "/var/lib/openstack/lib/python3.10/site-packages/ovsdbapp/backend/ovs_idl/command.py", line 235, in run_idl
2026-03-31 06:11:50.498 9 ERROR neutron_lib.callbacks.manager record = self.api.lookup(self.table, self.record)
2026-03-31 06:11:50.498 9 ERROR neutron_lib.callbacks.manager
File "/var/lib/openstack/lib/python3.10/site-packages/ovsdbapp/backend/ovs_idl/__init__.py", line 184, in lookup
2026-03-31 06:11:50.498 9 ERROR neutron_lib.callbacks.manager return self._lookup(table, record)
2026-03-31 06:11:50.498 9 ERROR neutron_lib.callbacks.manager
File "/var/lib/openstack/lib/python3.10/site-packages/ovsdbapp/backend/ovs_idl/__init__.py", line 235, in _lookup
2026-03-31 06:11:50.498 9 ERROR neutron_lib.callbacks.manager row = idlutils.row_by_value(self, rl.table, rl.column, record)
2026-03-31 06:11:50.498 9 ERROR neutron_lib.callbacks.manager
File "/var/lib/openstack/lib/python3.10/site-packages/ovsdbapp/backend/ovs_idl/idlutils.py", line 114, in row_by_value
2026-03-31 06:11:50.498 9 ERROR neutron_lib.callbacks.manager raise RowNotFound(table=table, col=column, match=match)
2026-03-31 06:11:50.498 9 ERROR neutron_lib.callbacks.manager ovsdbapp.backend.ovs_idl.idlutils.RowNotFound: Cannot find Logical_Router_Port with name=lrp-f6f5cda1-167a-4231-981f-01b7c7da5976
2026-03-31 06:11:50.498 9 ERROR neutron_lib.callbacks.manager 
2026-03-31 06:11:50.518 9 INFO neutron.db.segments_db [None req-8809fcab-5c19-4201-b4ca-118ee82db0ae c5e70cdf1f9d4613bd388fa5f510277f f563d4b8fe634705a5897eba73994230 - - default default] Added segment 6c22b39c-014b-4086-ab5e-08415ba2aa6c of type geneve for network 79239f44-46a2-450d-9fbe-db8df5480afe
2026-03-31 06:11:50.679 10 INFO neutron.db.ovn_revision_numbers_db [None req-8595c52e-ad65-4c82-a221-c5c38bacd897 - - - - - -] Successfully bumped revision number for resource fa17e913-1f68-48bc-9f2c-313ffb5884f2 (type: router_ports) to 3
2026-03-31 06:11:50.754 9 INFO neutron.db.ovn_revision_numbers_db [None req-8809fcab-5c19-4201-b4ca-118ee82db0ae c5e70cdf1f9d4613bd388fa5f510277f f563d4b8fe634705a5897eba73994230 - - default default] Successfully bumped revision number for resource 79239f44-46a2-450d-9fbe-db8df5480afe (type: networks) to 1
2026-03-31 06:11:51.059 9 WARNING neutron.scheduler.dhcp_agent_scheduler [None req-8809fcab-5c19-4201-b4ca-118ee82db0ae c5e70cdf1f9d4613bd388fa5f510277f f563d4b8fe634705a5897eba73994230 - - default default] No more DHCP agents
2026-03-31 06:11:51.067 9 WARNING neutron.api.rpc.agentnotifiers.dhcp_rpc_agent_api [None req-8809fcab-5c19-4201-b4ca-118ee82db0ae c5e70cdf1f9d4613bd388fa5f510277f f563d4b8fe634705a5897eba73994230 - - default default] Unable to schedule network 79239f44-46a2-450d-9fbe-db8df5480afe: no agents available; will retry on subsequent port and subnet creation events.
2026-03-31 06:11:51.215 9 INFO neutron.db.ovn_revision_numbers_db [None req-8809fcab-5c19-4201-b4ca-118ee82db0ae c5e70cdf1f9d4613bd388fa5f510277f f563d4b8fe634705a5897eba73994230 - - default default] Successfully bumped revision number for resource 8a616633-996f-4e79-8e64-4fef6dce4671 (type: ports) to 1
2026-03-31 06:11:51.224 9 INFO neutron.db.ovn_revision_numbers_db [None req-0da3dd77-2dc1-4244-a477-f4090bf075a8 805bb2134d174bffb3dd348f04c0a4bc ea3b4cf9758c4a568bbbbb89a380be48 - - default default] Successfully bumped revision number for resource f6f5cda1-167a-4231-981f-01b7c7da5976 (type: router_ports) to 1
2026-03-31 06:11:51.233 9 INFO neutron.wsgi [None req-0da3dd77-2dc1-4244-a477-f4090bf075a8 805bb2134d174bffb3dd348f04c0a4bc ea3b4cf9758c4a568bbbbb89a380be48 - - default default] 10.0.0.150 "PUT /v2.0/routers/0a2e0824-85e3-48f2-afb0-ff71b5e7a403/add_router_interface HTTP/1.1" status: 200 len: 503 time: 3.6474311
2026-03-31 06:11:51.250 9 INFO neutron.wsgi [None req-8809fcab-5c19-4201-b4ca-118ee82db0ae c5e70cdf1f9d4613bd388fa5f510277f f563d4b8fe634705a5897eba73994230 - - default default] 10.0.0.150 "POST /v2.0/networks HTTP/1.1" status: 201 len: 831 time: 1.2065122
2026-03-31 06:11:51.323 9 INFO neutron.wsgi [None req-a0062e64-8fa6-4014-a2d5-23a9ad575971 c5e70cdf1f9d4613bd388fa5f510277f f563d4b8fe634705a5897eba73994230 - - default default] 10.0.0.150 "PUT /v2.0/networks/4703cccf-d430-44ec-a409-4513366a62bd/tags HTTP/1.1" status: 200 len: 218 time: 0.0696278
2026-03-31 06:11:51.398 9 INFO neutron.wsgi [None req-6044a1fc-474d-4a96-9eab-37524650ebb7 c5e70cdf1f9d4613bd388fa5f510277f f563d4b8fe634705a5897eba73994230 - - default default] 10.0.0.150 "GET /v2.0/networks/4703cccf-d430-44ec-a409-4513366a62bd/tags HTTP/1.1" status: 200 len: 218 time: 0.0673180
2026-03-31 06:11:51.485 9 INFO neutron.wsgi [None req-db712468-dad7-47c9-a9f3-012e41b12ecc c5e70cdf1f9d4613bd388fa5f510277f f563d4b8fe634705a5897eba73994230 - - default default] 10.0.0.150 "PUT /v2.0/networks/79239f44-46a2-450d-9fbe-db8df5480afe/tags HTTP/1.1" status: 200 len: 210 time: 0.0784972
2026-03-31 06:11:51.530 10 INFO neutron.db.ovn_revision_numbers_db [None req-8595c52e-ad65-4c82-a221-c5c38bacd897 - - - - - -] Successfully bumped revision number for resource fa17e913-1f68-48bc-9f2c-313ffb5884f2 (type: ports) to 2
2026-03-31 06:11:51.557 9 INFO neutron.wsgi [None req-57297999-daf6-48df-9304-9fb6800535ac c5e70cdf1f9d4613bd388fa5f510277f f563d4b8fe634705a5897eba73994230 - - default default] 10.0.0.150 "GET /v2.0/networks/79239f44-46a2-450d-9fbe-db8df5480afe/tags HTTP/1.1" status: 200 len: 210 time: 0.0650451
2026-03-31 06:11:51.560 10 INFO neutron.wsgi [None req-97977a01-6d48-464d-bc57-eb7bc6deb76d f19babc591574c3a8757346bc29c9dc0 261cadf982c045f1adeeadcc807e529c - - default default] 10.0.0.150 "PUT /v2.0/routers/be5736e6-eddf-4995-ae7a-44f39a07d44e/remove_router_interface HTTP/1.1" status: 200 len: 503 time: 3.3831968 /var/lib/openstack/lib/python3.10/site-packages/pycadf/identifier.py:71: UserWarning: Invalid uuid: neutron. To ensure interoperability, identifiers should be a valid uuid. warnings.warn(('Invalid uuid: %s. To ensure interoperability, '
2026-03-31 06:11:51.635 9 INFO neutron.wsgi [None req-338155d7-6f09-4458-b86e-265e04acdae5 c5e70cdf1f9d4613bd388fa5f510277f f563d4b8fe634705a5897eba73994230 - - default default] 10.0.0.150 "PUT /v2.0/networks/79239f44-46a2-450d-9fbe-db8df5480afe/tags HTTP/1.1" status: 200 len: 205 time: 0.0740447
2026-03-31 06:11:51.696 9 INFO neutron.wsgi [None req-0f616551-8a57-4dca-b234-338c5add3a0d c5e70cdf1f9d4613bd388fa5f510277f f563d4b8fe634705a5897eba73994230 - - default default] 10.0.0.150 "GET /v2.0/networks/79239f44-46a2-450d-9fbe-db8df5480afe/tags HTTP/1.1" status: 200 len: 205 time: 0.0558541
2026-03-31 06:11:51.751 9 INFO neutron.wsgi [None req-f1961c8f-bf6e-4c3c-a52f-b866e227bd9f c5e70cdf1f9d4613bd388fa5f510277f f563d4b8fe634705a5897eba73994230 - - default default] 10.0.0.150 "GET /v2.0/networks/4703cccf-d430-44ec-a409-4513366a62bd/tags HTTP/1.1" status: 200 len: 218 time: 0.0509710
2026-03-31 06:11:51.915 10 WARNING neutron_lib.context [None req-a1db0ee7-305f-4dd4-b5d3-6aafb9b83717 e7ceb4d734aa47e282b52cbb6e8b07e3 12986e02cd10464e91b2522803199b02 - - default default] Method 'is_advsvc' is deprecated since 2023.2 release (neutron-lib 3.8.0) and will be removed once support for the old RBAC API policies will be removed from Neutron. Please use method 'is_service_role' instead.
2026-03-31 06:11:51.972 10 ERROR ovsdbapp.backend.ovs_idl.command [None req-6ccdf80b-d889-48ab-806b-229eab83da6d 13d959e51b304577ab8cad9fff2eb6dd 4226614d12864337af68eb7cad82b3a4 - - default default] Error executing command (DbGetCommand): ovsdbapp.backend.ovs_idl.idlutils.RowNotFound: Cannot find Logical_Router_Port with name=lrp-d97714f6-b9f4-4105-88ca-98325102a406
2026-03-31 06:11:51.972 10 ERROR ovsdbapp.backend.ovs_idl.command
Traceback (most recent call last):
2026-03-31 06:11:51.972 10 ERROR ovsdbapp.backend.ovs_idl.command
File "/var/lib/openstack/lib/python3.10/site-packages/ovsdbapp/backend/ovs_idl/command.py", line 47, in execute
2026-03-31 06:11:51.972 10 ERROR ovsdbapp.backend.ovs_idl.command self.run_idl(None)
2026-03-31 06:11:51.972 10 ERROR ovsdbapp.backend.ovs_idl.command
File "/var/lib/openstack/lib/python3.10/site-packages/ovsdbapp/backend/ovs_idl/command.py", line 235, in run_idl
2026-03-31 06:11:51.972 10 ERROR ovsdbapp.backend.ovs_idl.command record = self.api.lookup(self.table, self.record)
2026-03-31 06:11:51.972 10 ERROR ovsdbapp.backend.ovs_idl.command
File "/var/lib/openstack/lib/python3.10/site-packages/ovsdbapp/backend/ovs_idl/__init__.py", line 184, in lookup
2026-03-31 06:11:51.972 10 ERROR ovsdbapp.backend.ovs_idl.command return self._lookup(table, record)
2026-03-31 06:11:51.972 10 ERROR ovsdbapp.backend.ovs_idl.command
File "/var/lib/openstack/lib/python3.10/site-packages/ovsdbapp/backend/ovs_idl/__init__.py", line 235, in _lookup
2026-03-31 06:11:51.972 10 ERROR ovsdbapp.backend.ovs_idl.command row = idlutils.row_by_value(self, rl.table, rl.column, record)
2026-03-31 06:11:51.972 10 ERROR ovsdbapp.backend.ovs_idl.command
File "/var/lib/openstack/lib/python3.10/site-packages/ovsdbapp/backend/ovs_idl/idlutils.py", line 114, in row_by_value
2026-03-31 06:11:51.972 10 ERROR ovsdbapp.backend.ovs_idl.command raise RowNotFound(table=table, col=column, match=match)
2026-03-31 06:11:51.972 10 ERROR ovsdbapp.backend.ovs_idl.command ovsdbapp.backend.ovs_idl.idlutils.RowNotFound: Cannot find Logical_Router_Port with name=lrp-d97714f6-b9f4-4105-88ca-98325102a406
2026-03-31 06:11:51.972 10 ERROR ovsdbapp.backend.ovs_idl.command 
2026-03-31 06:11:51.973 10 ERROR neutron_lib.callbacks.manager [None req-6ccdf80b-d889-48ab-806b-229eab83da6d 13d959e51b304577ab8cad9fff2eb6dd 4226614d12864337af68eb7cad82b3a4 - - default default] Error during notification for neutron.services.ovn_l3.plugin.OVNL3RouterPlugin._port_update-8773592256239 port, after_update: ovsdbapp.backend.ovs_idl.idlutils.RowNotFound: Cannot find Logical_Router_Port with name=lrp-d97714f6-b9f4-4105-88ca-98325102a406
2026-03-31 06:11:51.973 10 ERROR neutron_lib.callbacks.manager
Traceback (most recent call last):
2026-03-31 06:11:51.973 10 ERROR neutron_lib.callbacks.manager
File "/var/lib/openstack/lib/python3.10/site-packages/neutron_lib/callbacks/manager.py", line 189, in _notify_loop
2026-03-31 06:11:51.973 10 ERROR neutron_lib.callbacks.manager callback.method(resource, event, trigger, payload=payload)
2026-03-31 06:11:51.973 10 ERROR neutron_lib.callbacks.manager
File "/var/lib/openstack/lib/python3.10/site-packages/neutron/services/ovn_l3/plugin.py", line 391, in _port_update
2026-03-31 06:11:51.973 10 ERROR neutron_lib.callbacks.manager l3plugin._ovn_client.update_router_port(context,
2026-03-31 06:11:51.973 10 ERROR neutron_lib.callbacks.manager
File "/var/lib/openstack/lib/python3.10/site-packages/neutron/plugins/ml2/drivers/ovn/mech_driver/ovsdb/ovn_client.py", line 1878, in update_router_port
2026-03-31 06:11:51.973 10 ERROR neutron_lib.callbacks.manager self._update_lrouter_port(context, port, if_exists=if_exists,
2026-03-31 06:11:51.973 10 ERROR neutron_lib.callbacks.manager
File "/var/lib/openstack/lib/python3.10/site-packages/neutron/plugins/ml2/drivers/ovn/mech_driver/ovsdb/ovn_client.py", line 1855, in _update_lrouter_port
2026-03-31 06:11:51.973 10 ERROR neutron_lib.callbacks.manager external_ids = self._nb_idl.db_get(
2026-03-31 06:11:51.973 10 ERROR neutron_lib.callbacks.manager
File "/var/lib/openstack/lib/python3.10/site-packages/ovsdbapp/backend/ovs_idl/command.py", line 47, in execute
2026-03-31 06:11:51.973 10 ERROR neutron_lib.callbacks.manager self.run_idl(None)
2026-03-31 06:11:51.973 10 ERROR neutron_lib.callbacks.manager
File "/var/lib/openstack/lib/python3.10/site-packages/ovsdbapp/backend/ovs_idl/command.py", line 235, in run_idl
2026-03-31 06:11:51.973 10 ERROR neutron_lib.callbacks.manager record = self.api.lookup(self.table, self.record)
2026-03-31 06:11:51.973 10 ERROR neutron_lib.callbacks.manager
File "/var/lib/openstack/lib/python3.10/site-packages/ovsdbapp/backend/ovs_idl/__init__.py", line 184, in lookup
2026-03-31 06:11:51.973 10 ERROR neutron_lib.callbacks.manager return self._lookup(table, record)
2026-03-31 06:11:51.973 10 ERROR neutron_lib.callbacks.manager
File "/var/lib/openstack/lib/python3.10/site-packages/ovsdbapp/backend/ovs_idl/__init__.py", line 235, in _lookup
2026-03-31 06:11:51.973 10 ERROR neutron_lib.callbacks.manager row = idlutils.row_by_value(self, rl.table, rl.column, record)
2026-03-31 06:11:51.973 10 ERROR neutron_lib.callbacks.manager
File "/var/lib/openstack/lib/python3.10/site-packages/ovsdbapp/backend/ovs_idl/idlutils.py", line 114, in row_by_value
2026-03-31 06:11:51.973 10 ERROR neutron_lib.callbacks.manager raise RowNotFound(table=table, col=column, match=match)
2026-03-31 06:11:51.973 10 ERROR neutron_lib.callbacks.manager ovsdbapp.backend.ovs_idl.idlutils.RowNotFound: Cannot find Logical_Router_Port with name=lrp-d97714f6-b9f4-4105-88ca-98325102a406
2026-03-31 06:11:51.973 10 ERROR neutron_lib.callbacks.manager 
2026-03-31 06:11:52.201 10 INFO neutron.wsgi [None req-7c9717fd-4bc3-475b-8f6e-34aabe0ecfb6 f19babc591574c3a8757346bc29c9dc0 261cadf982c045f1adeeadcc807e529c - - default default] 10.0.0.150 "DELETE /v2.0/subnets/cafb6ac1-271b-4453-903a-14c07117a161 HTTP/1.1" status: 204 len: 168 time: 0.6345026
2026-03-31 06:11:52.224 9 INFO neutron.services.segments.plugin [-] Segment 73ebfd9a-c532-4560-8a0c-f00d45597954 resource provider aggregate not found
2026-03-31 06:11:52.228 9 INFO neutron.services.segments.plugin [-] Segment 73ebfd9a-c532-4560-8a0c-f00d45597954 resource provider aggregate not found
2026-03-31 06:11:52.244 9 INFO neutron.services.segments.plugin [-] Segment 73ebfd9a-c532-4560-8a0c-f00d45597954 resource provider not found; error: Placement Client Error (4xx): {"errors": [{"status": 404, "title": "Not Found", "detail": "The resource could not be found.\n\n No resource provider with uuid 73ebfd9a-c532-4560-8a0c-f00d45597954 found for delete ", "request_id": "req-bc5bf3dc-7f6c-457b-97b0-ba08e52affe5"}]}
2026-03-31 06:11:52.252 9 INFO neutron.services.segments.plugin [-] Segment 73ebfd9a-c532-4560-8a0c-f00d45597954 resource provider not found; error: Placement Client Error (4xx): {"errors": [{"status": 404, "title": "Not Found", "detail": "The resource could not be found.\n\n No resource provider with uuid 73ebfd9a-c532-4560-8a0c-f00d45597954 found for delete ", "request_id": "req-be7770f9-91f0-4788-a540-c2d1f6ff0bdf"}]}
2026-03-31 06:11:52.280 9 INFO neutron.wsgi [None req-47ec516b-0acf-4d06-a92a-ad8522620d40 c5e70cdf1f9d4613bd388fa5f510277f f563d4b8fe634705a5897eba73994230 - - default default] 10.0.0.150 "DELETE /v2.0/networks/4703cccf-d430-44ec-a409-4513366a62bd HTTP/1.1" status: 204 len: 168 time: 0.5049598
2026-03-31 06:11:52.364 10 INFO neutron.db.ovn_revision_numbers_db [None req-a1db0ee7-305f-4dd4-b5d3-6aafb9b83717 e7ceb4d734aa47e282b52cbb6e8b07e3 12986e02cd10464e91b2522803199b02 - - default default] Successfully bumped revision number for resource a74369fa-0b71-4e43-9182-69db3425ef98 (type: security_groups) to 1
2026-03-31 06:11:52.449 10 INFO neutron.db.ovn_revision_numbers_db [None req-a1db0ee7-305f-4dd4-b5d3-6aafb9b83717 e7ceb4d734aa47e282b52cbb6e8b07e3 12986e02cd10464e91b2522803199b02 - - default default] Successfully bumped revision number for resource 88d45266-5d6e-4bf5-8c40-36728755f203 (type: security_group_rules) to 0
2026-03-31 06:11:52.512 10 INFO neutron.db.ovn_revision_numbers_db [None req-a1db0ee7-305f-4dd4-b5d3-6aafb9b83717 e7ceb4d734aa47e282b52cbb6e8b07e3 12986e02cd10464e91b2522803199b02 - - default default] Successfully bumped revision number for resource b22667ef-df1c-4d33-912b-8e5eb1142871 (type: security_group_rules) to 0
2026-03-31 06:11:52.831 10 INFO neutron.wsgi [None req-a1db0ee7-305f-4dd4-b5d3-6aafb9b83717 e7ceb4d734aa47e282b52cbb6e8b07e3 12986e02cd10464e91b2522803199b02 - - default default] 10.0.0.150 "POST /v2.0/security-groups HTTP/1.1" status: 201 len: 1875 time: 0.9280605
2026-03-31 06:11:52.847 9 WARNING neutron_lib.context [None req-41266851-7205-45ed-86c3-5054d719a0ce e7ceb4d734aa47e282b52cbb6e8b07e3 12986e02cd10464e91b2522803199b02 - - default default] Method 'is_advsvc' is deprecated since 2023.2 release (neutron-lib 3.8.0) and will be removed once support for the old RBAC API policies will be removed from Neutron. Please use method 'is_service_role' instead.
2026-03-31 06:11:52.935 10 WARNING neutron.plugins.ml2.drivers.ovn.mech_driver.ovsdb.ovn_client [None req-e2f31618-046d-476a-a7ff-4884df1feeca - - - - - -] No hosting information found for port a7bf90e7-34a9-4a1a-9ed2-1e0ba370146c: RuntimeError: No hosting information found for port a7bf90e7-34a9-4a1a-9ed2-1e0ba370146c
2026-03-31 06:11:52.935 10 INFO neutron.plugins.ml2.drivers.ovn.mech_driver.mech_driver [None req-e2f31618-046d-476a-a7ff-4884df1feeca - - - - - -] OVN reports status up for port: 26fbc579-5c47-4eb2-85dc-11497767e9ec
2026-03-31 06:11:52.966 10 INFO neutron.db.ovn_revision_numbers_db [None req-6ccdf80b-d889-48ab-806b-229eab83da6d 13d959e51b304577ab8cad9fff2eb6dd 4226614d12864337af68eb7cad82b3a4 - - default default] Successfully bumped revision number for resource d97714f6-b9f4-4105-88ca-98325102a406 (type: ports) to 1
2026-03-31 06:11:52.976 10 INFO neutron.plugins.ml2.plugin [None req-e2f31618-046d-476a-a7ff-4884df1feeca - - - - - -] Attempt 1 to provision port 26fbc579-5c47-4eb2-85dc-11497767e9ec
2026-03-31 06:11:53.021 9 INFO neutron.db.ovn_revision_numbers_db [None req-41266851-7205-45ed-86c3-5054d719a0ce e7ceb4d734aa47e282b52cbb6e8b07e3 12986e02cd10464e91b2522803199b02 - - default default] Successfully bumped revision number for resource 44c13bf5-301e-4cd2-9dc3-22e15ff68566 (type: security_group_rules) to 0
2026-03-31 06:11:53.025 10 INFO neutron.db.ovn_revision_numbers_db [None req-8595c52e-ad65-4c82-a221-c5c38bacd897 - - - - - -] Successfully bumped revision number for resource fa17e913-1f68-48bc-9f2c-313ffb5884f2 (type: ports) to 4
2026-03-31 06:11:53.049 9 INFO neutron.wsgi [None req-41266851-7205-45ed-86c3-5054d719a0ce e7ceb4d734aa47e282b52cbb6e8b07e3 12986e02cd10464e91b2522803199b02 - - default default] 10.0.0.150 "POST /v2.0/security-group-rules HTTP/1.1" status: 201 len: 796 time: 0.2122345
2026-03-31 06:11:53.060 9 WARNING neutron_lib.context [None req-743a2a85-9635-4900-b7f3-7ae39867b937 e7ceb4d734aa47e282b52cbb6e8b07e3 12986e02cd10464e91b2522803199b02 - - default default] Method 'is_advsvc' is deprecated since 2023.2 release (neutron-lib 3.8.0) and will be removed once support for the old RBAC API policies will be removed from Neutron. Please use method 'is_service_role' instead.
2026-03-31 06:11:53.206 9 INFO neutron.db.ovn_revision_numbers_db [None req-743a2a85-9635-4900-b7f3-7ae39867b937 e7ceb4d734aa47e282b52cbb6e8b07e3 12986e02cd10464e91b2522803199b02 - - default default] Successfully bumped revision number for resource 4cbbf6ad-79f0-4ae8-aa69-36f6778e83c8 (type: security_group_rules) to 0
2026-03-31 06:11:53.236 9 INFO neutron.wsgi [None req-743a2a85-9635-4900-b7f3-7ae39867b937 e7ceb4d734aa47e282b52cbb6e8b07e3 12986e02cd10464e91b2522803199b02 - - default default] 10.0.0.150 "POST /v2.0/security-group-rules HTTP/1.1" status: 201 len: 795 time: 0.1817391
2026-03-31 06:11:53.247 9 WARNING neutron_lib.context [None req-464bbe29-ad43-4bf9-b9d7-cc0d39b60364 e7ceb4d734aa47e282b52cbb6e8b07e3 12986e02cd10464e91b2522803199b02 - - default default] Method 'is_advsvc' is deprecated since 2023.2 release (neutron-lib 3.8.0) and will be removed once support for the old RBAC API policies will be removed from Neutron. Please use method 'is_service_role' instead.
2026-03-31 06:11:53.290 10 WARNING neutron.scheduler.dhcp_agent_scheduler [None req-6ccdf80b-d889-48ab-806b-229eab83da6d 13d959e51b304577ab8cad9fff2eb6dd 4226614d12864337af68eb7cad82b3a4 - - default default] No more DHCP agents
2026-03-31 06:11:53.298 10 WARNING neutron.api.rpc.agentnotifiers.dhcp_rpc_agent_api [None req-6ccdf80b-d889-48ab-806b-229eab83da6d 13d959e51b304577ab8cad9fff2eb6dd 4226614d12864337af68eb7cad82b3a4 - - default default] Unable to schedule network 03d8e53c-a286-4514-8e7e-9e0ba4116218: no agents available; will retry on subsequent port and subnet creation events.
2026-03-31 06:11:53.384 9 INFO neutron.db.ovn_revision_numbers_db [None req-464bbe29-ad43-4bf9-b9d7-cc0d39b60364 e7ceb4d734aa47e282b52cbb6e8b07e3 12986e02cd10464e91b2522803199b02 - - default default] Successfully bumped revision number for resource fc9371c4-2b3e-4609-b97b-ffd8f17c5065 (type: security_group_rules) to 0
2026-03-31 06:11:53.412 9 INFO neutron.wsgi [None req-464bbe29-ad43-4bf9-b9d7-cc0d39b60364 e7ceb4d734aa47e282b52cbb6e8b07e3 12986e02cd10464e91b2522803199b02 - - default default] 10.0.0.150 "POST /v2.0/security-group-rules HTTP/1.1" status: 201 len: 801 time: 0.1706915
2026-03-31 06:11:53.424 9 WARNING neutron_lib.context [None req-3a7ccac5-79c6-4c36-8bd9-9ee9e11724b7 e7ceb4d734aa47e282b52cbb6e8b07e3 12986e02cd10464e91b2522803199b02 - - default default] Method 'is_advsvc' is deprecated since 2023.2 release (neutron-lib 3.8.0) and will be removed once support for the old RBAC API policies will be removed from Neutron. Please use method 'is_service_role' instead.
2026-03-31 06:11:53.585 9 INFO neutron.db.ovn_revision_numbers_db [None req-3a7ccac5-79c6-4c36-8bd9-9ee9e11724b7 e7ceb4d734aa47e282b52cbb6e8b07e3 12986e02cd10464e91b2522803199b02 - - default default] Successfully bumped revision number for resource 3e664d78-2b64-4231-a18e-d9da8cb5da1c (type: security_group_rules) to 0
2026-03-31 06:11:53.615 9 INFO neutron.wsgi [None req-3a7ccac5-79c6-4c36-8bd9-9ee9e11724b7 e7ceb4d734aa47e282b52cbb6e8b07e3 12986e02cd10464e91b2522803199b02 - - default default] 10.0.0.150 "POST /v2.0/security-group-rules HTTP/1.1" status: 201 len: 800 time: 0.1966286
2026-03-31 06:11:53.627 9 WARNING neutron_lib.context [None req-44418dce-94f4-42a6-bc3f-906918af14fe e7ceb4d734aa47e282b52cbb6e8b07e3 12986e02cd10464e91b2522803199b02 - - default default] Method 'is_advsvc' is deprecated since 2023.2 release (neutron-lib 3.8.0) and will be removed once support for the old RBAC API policies will be removed from Neutron. Please use method 'is_service_role' instead.
