2026-03-31 06:10:18.856 10 INFO neutron.wsgi [None req-0a252338-da17-44c7-a7ac-db11dd8b2288 06628ac6a628459c978c3bd7605a88a5 ce4edbdea903486191138bb52a8d185b - - default default] 10.0.0.150 "POST /v2.0/networks HTTP/1.1" status: 201 len: 828 time: 0.6133492
2026-03-31 06:10:18.867 10 WARNING neutron_lib.context [None req-aedd8f4c-2fa4-406c-801a-ff8904980ad4 06628ac6a628459c978c3bd7605a88a5 ce4edbdea903486191138bb52a8d185b - - default default] Method 'is_advsvc' is deprecated since 2023.2 release (neutron-lib 3.8.0) and will be removed once support for the old RBAC API policies will be removed from Neutron. Please use method 'is_service_role' instead.
2026-03-31 06:10:18.905 9 INFO neutron.db.ovn_revision_numbers_db [None req-98304483-34ac-4ece-b5da-b39fc5da11e4 a4bcd8e1819c48a5bb617963223be0d9 a2b328adb70a4700b1bf1b41ecdb945b - - default default] Successfully bumped revision number for resource a6dbd47d-e6b0-4e38-93d3-a76c6c30aa05 (type: networks) to 1
2026-03-31 06:10:18.934 9 INFO neutron.db.ovn_revision_numbers_db [None req-b28a436f-105e-4156-9bfc-db0a6c25f625 805bb2134d174bffb3dd348f04c0a4bc ea3b4cf9758c4a568bbbbb89a380be48 - - default default] Successfully bumped revision number for resource 7eccb163-5b60-44aa-ba77-e109f86d4940 (type: ports) to 1
2026-03-31 06:10:19.121 10 WARNING neutron.scheduler.dhcp_agent_scheduler [None req-aedd8f4c-2fa4-406c-801a-ff8904980ad4 06628ac6a628459c978c3bd7605a88a5 ce4edbdea903486191138bb52a8d185b - - default default] No more DHCP agents
2026-03-31 06:10:19.123 10 WARNING neutron.api.rpc.agentnotifiers.dhcp_rpc_agent_api [None req-aedd8f4c-2fa4-406c-801a-ff8904980ad4 06628ac6a628459c978c3bd7605a88a5 ce4edbdea903486191138bb52a8d185b - - default default] Unable to schedule network e46a1889-be7e-4a5e-96cd-58c1118ad025: no agents available; will retry on subsequent port and subnet creation events.
2026-03-31 06:10:19.392 9 WARNING neutron.scheduler.dhcp_agent_scheduler [None req-98304483-34ac-4ece-b5da-b39fc5da11e4 a4bcd8e1819c48a5bb617963223be0d9 a2b328adb70a4700b1bf1b41ecdb945b - - default default] No more DHCP agents
2026-03-31 06:10:19.398 9 WARNING neutron.api.rpc.agentnotifiers.dhcp_rpc_agent_api [None req-98304483-34ac-4ece-b5da-b39fc5da11e4 a4bcd8e1819c48a5bb617963223be0d9 a2b328adb70a4700b1bf1b41ecdb945b - - default default] Unable to schedule network a6dbd47d-e6b0-4e38-93d3-a76c6c30aa05: no agents available; will retry on subsequent port and subnet creation events.
2026-03-31 06:10:19.655 9 INFO neutron.wsgi [-] 10.0.0.158 "GET / HTTP/1.1" status: 200 len: 247 time: 0.0014155
2026-03-31 06:10:19.657 9 INFO neutron.wsgi [-] 10.0.0.158 "GET / HTTP/1.1" status: 200 len: 247 time: 0.0009649
2026-03-31 06:10:19.658 9 INFO neutron.db.ovn_revision_numbers_db [None req-98304483-34ac-4ece-b5da-b39fc5da11e4 a4bcd8e1819c48a5bb617963223be0d9 a2b328adb70a4700b1bf1b41ecdb945b - - default default] Successfully bumped revision number for resource ea98c2a9-6fbd-4e36-b1fb-138113c0a4f4 (type: ports) to 1
2026-03-31 06:10:19.707 9 INFO neutron.wsgi [None req-98304483-34ac-4ece-b5da-b39fc5da11e4 a4bcd8e1819c48a5bb617963223be0d9 a2b328adb70a4700b1bf1b41ecdb945b - - default default] 10.0.0.150 "POST /v2.0/networks HTTP/1.1" status: 201 len: 830 time: 1.2752950
2026-03-31 06:10:19.720 10 WARNING neutron_lib.context [None req-c6e07e45-f6ee-40c3-bdfe-162990d258bc a4bcd8e1819c48a5bb617963223be0d9 a2b328adb70a4700b1bf1b41ecdb945b - - default default] Method 'is_advsvc' is deprecated since 2023.2 release (neutron-lib 3.8.0) and will be removed once support for the old RBAC API policies will be removed from Neutron. Please use method 'is_service_role' instead.
2026-03-31 06:10:19.739 9 INFO neutron.db.ovn_revision_numbers_db [None req-e122a2dc-f776-4368-aea3-5e578d3a003e - - - - - -] Successfully bumped revision number for resource 23de21dd-78f1-4cc5-8a45-ccaa9242f093 (type: router_ports) to 3
2026-03-31 06:10:20.123 10 WARNING neutron.scheduler.dhcp_agent_scheduler [None req-c6e07e45-f6ee-40c3-bdfe-162990d258bc a4bcd8e1819c48a5bb617963223be0d9 a2b328adb70a4700b1bf1b41ecdb945b - - default default] No more DHCP agents
2026-03-31 06:10:20.129 10 WARNING neutron.api.rpc.agentnotifiers.dhcp_rpc_agent_api [None req-c6e07e45-f6ee-40c3-bdfe-162990d258bc a4bcd8e1819c48a5bb617963223be0d9 a2b328adb70a4700b1bf1b41ecdb945b - - default default] Unable to schedule network a6dbd47d-e6b0-4e38-93d3-a76c6c30aa05: no agents available; will retry on subsequent port and subnet creation events.
2026-03-31 06:10:20.143 10 INFO neutron.db.ovn_revision_numbers_db [None req-aedd8f4c-2fa4-406c-801a-ff8904980ad4 06628ac6a628459c978c3bd7605a88a5 ce4edbdea903486191138bb52a8d185b - - default default] Successfully bumped revision number for resource d5fabd5f-d24e-4205-b36f-7162dee2b2a3 (type: ports) to 2
2026-03-31 06:10:20.213 10 INFO neutron.db.ovn_revision_numbers_db [None req-aedd8f4c-2fa4-406c-801a-ff8904980ad4 06628ac6a628459c978c3bd7605a88a5 ce4edbdea903486191138bb52a8d185b - - default default] Successfully bumped revision number for resource 1a740e62-63fa-4e36-9264-0fa51e04340b (type: subnets) to 0
2026-03-31 06:10:20.233 10 INFO neutron.wsgi [None req-aedd8f4c-2fa4-406c-801a-ff8904980ad4 06628ac6a628459c978c3bd7605a88a5 ce4edbdea903486191138bb52a8d185b - - default default] 10.0.0.150 "POST /v2.0/subnets HTTP/1.1" status: 201 len: 801 time: 1.3716092 /var/lib/openstack/lib/python3.10/site-packages/pycadf/identifier.py:71: UserWarning: Invalid uuid: neutron. To ensure interoperability, identifiers should be a valid uuid. warnings.warn(('Invalid uuid: %s. To ensure interoperability, '
2026-03-31 06:10:20.248 10 WARNING neutron_lib.context [None req-86d16c60-0063-497c-8531-cc9e417691e5 06628ac6a628459c978c3bd7605a88a5 ce4edbdea903486191138bb52a8d185b - - default default] Method 'is_advsvc' is deprecated since 2023.2 release (neutron-lib 3.8.0) and will be removed once support for the old RBAC API policies will be removed from Neutron. Please use method 'is_service_role' instead.
2026-03-31 06:10:20.291 10 INFO neutron.db.ovn_revision_numbers_db [None req-c6e07e45-f6ee-40c3-bdfe-162990d258bc a4bcd8e1819c48a5bb617963223be0d9 a2b328adb70a4700b1bf1b41ecdb945b - - default default] Successfully bumped revision number for resource 832efbf1-95a7-4ba8-83a0-a87ffe97754e (type: ports) to 1
2026-03-31 06:10:20.296 10 INFO neutron.db.ovn_revision_numbers_db [None req-194b9db8-cd35-4b85-a6c4-09ad68cf54c3 805bb2134d174bffb3dd348f04c0a4bc ea3b4cf9758c4a568bbbbb89a380be48 - - default default] Successfully bumped revision number for resource 5b0c2e5b-6bbc-4079-a0d5-e7c5c40a96ea (type: security_groups) to 1
2026-03-31 06:10:20.321 10 INFO neutron.wsgi [None req-c6e07e45-f6ee-40c3-bdfe-162990d258bc a4bcd8e1819c48a5bb617963223be0d9 a2b328adb70a4700b1bf1b41ecdb945b - - default default] 10.0.0.150 "POST /v2.0/ports HTTP/1.1" status: 201 len: 942 time: 0.6069992
2026-03-31 06:10:20.332 10 INFO neutron.db.ovn_revision_numbers_db [None req-194b9db8-cd35-4b85-a6c4-09ad68cf54c3 805bb2134d174bffb3dd348f04c0a4bc ea3b4cf9758c4a568bbbbb89a380be48 - - default default] Successfully bumped revision number for resource 594437dc-c787-4cdc-b6cd-93d7f780c442 (type: security_group_rules) to 0
2026-03-31 06:10:20.334 9 WARNING neutron_lib.context [None req-bf106926-fd5b-4da5-892f-379e14065a9f a4bcd8e1819c48a5bb617963223be0d9 a2b328adb70a4700b1bf1b41ecdb945b - - default default] Method 'is_advsvc' is deprecated since 2023.2 release (neutron-lib 3.8.0) and will be removed once support for the old RBAC API policies will be removed from Neutron. Please use method 'is_service_role' instead.
2026-03-31 06:10:20.379 10 INFO neutron.db.ovn_revision_numbers_db [None req-194b9db8-cd35-4b85-a6c4-09ad68cf54c3 805bb2134d174bffb3dd348f04c0a4bc ea3b4cf9758c4a568bbbbb89a380be48 - - default default] Successfully bumped revision number for resource 8807075d-2ab2-4997-a729-651eda70ea55 (type: security_group_rules) to 0
2026-03-31 06:10:20.400 10 INFO neutron.db.ovn_revision_numbers_db [None req-86d16c60-0063-497c-8531-cc9e417691e5 06628ac6a628459c978c3bd7605a88a5 ce4edbdea903486191138bb52a8d185b - - default default] Successfully bumped revision number for resource d22ffff8-9ac8-4d6e-a1ac-5bd5f9f3eefa (type: routers) to 1
2026-03-31 06:10:20.414 10 INFO neutron.db.ovn_revision_numbers_db [None req-194b9db8-cd35-4b85-a6c4-09ad68cf54c3 805bb2134d174bffb3dd348f04c0a4bc ea3b4cf9758c4a568bbbbb89a380be48 - - default default] Successfully bumped revision number for resource aba52b62-866c-4259-b266-ea4211c43fbf (type: security_group_rules) to 0
2026-03-31 06:10:20.417 10 WARNING neutron.plugins.ml2.drivers.ovn.mech_driver.ovsdb.ovn_client [None req-e2f31618-046d-476a-a7ff-4884df1feeca - - - - - -] No port found with ID a9082dc9-b0fe-405a-9447-a8f9b7d3b712: RuntimeError: No port found with ID a9082dc9-b0fe-405a-9447-a8f9b7d3b712
2026-03-31 06:10:20.418 10 INFO neutron.plugins.ml2.drivers.ovn.mech_driver.mech_driver [None req-e2f31618-046d-476a-a7ff-4884df1feeca - - - - - -] OVN reports status up for port: 23de21dd-78f1-4cc5-8a45-ccaa9242f093
2026-03-31 06:10:20.441 10 INFO neutron.wsgi [None req-86d16c60-0063-497c-8531-cc9e417691e5 06628ac6a628459c978c3bd7605a88a5 ce4edbdea903486191138bb52a8d185b - - default default] 10.0.0.150 "POST /v2.0/routers HTTP/1.1" status: 201 len: 802 time: 0.1982000
2026-03-31 06:10:20.442 10 INFO neutron.plugins.ml2.plugin [None req-e2f31618-046d-476a-a7ff-4884df1feeca - - - - - -] Attempt 1 to provision port 23de21dd-78f1-4cc5-8a45-ccaa9242f093
2026-03-31 06:10:20.444 10 INFO neutron.db.ovn_revision_numbers_db [None req-194b9db8-cd35-4b85-a6c4-09ad68cf54c3 805bb2134d174bffb3dd348f04c0a4bc ea3b4cf9758c4a568bbbbb89a380be48 - - default default] Successfully bumped revision number for resource ba8ac077-9a91-46a9-9d48-ebed6e4a730f (type: security_group_rules) to 0
2026-03-31 06:10:20.464 9 INFO neutron.db.ovn_revision_numbers_db [None req-e122a2dc-f776-4368-aea3-5e578d3a003e - - - - - -] Successfully bumped revision number for resource 23de21dd-78f1-4cc5-8a45-ccaa9242f093 (type: ports) to 2
2026-03-31 06:10:20.471 9 ERROR ovsdbapp.backend.ovs_idl.command [None req-b28a436f-105e-4156-9bfc-db0a6c25f625 805bb2134d174bffb3dd348f04c0a4bc ea3b4cf9758c4a568bbbbb89a380be48 - - default default] Error executing command (DbGetCommand): ovsdbapp.backend.ovs_idl.idlutils.RowNotFound: Cannot find Logical_Router_Port with name=lrp-7eccb163-5b60-44aa-ba77-e109f86d4940
2026-03-31 06:10:20.471 9 ERROR ovsdbapp.backend.ovs_idl.command
Traceback (most recent call last):
2026-03-31 06:10:20.471 9 ERROR ovsdbapp.backend.ovs_idl.command
File "/var/lib/openstack/lib/python3.10/site-packages/ovsdbapp/backend/ovs_idl/command.py", line 47, in execute
2026-03-31 06:10:20.471 9 ERROR ovsdbapp.backend.ovs_idl.command self.run_idl(None)
2026-03-31 06:10:20.471 9 ERROR ovsdbapp.backend.ovs_idl.command
File "/var/lib/openstack/lib/python3.10/site-packages/ovsdbapp/backend/ovs_idl/command.py", line 235, in run_idl
2026-03-31 06:10:20.471 9 ERROR ovsdbapp.backend.ovs_idl.command record = self.api.lookup(self.table, self.record)
2026-03-31 06:10:20.471 9 ERROR ovsdbapp.backend.ovs_idl.command
File "/var/lib/openstack/lib/python3.10/site-packages/ovsdbapp/backend/ovs_idl/__init__.py", line 184, in lookup
2026-03-31 06:10:20.471 9 ERROR ovsdbapp.backend.ovs_idl.command return self._lookup(table, record)
2026-03-31 06:10:20.471 9 ERROR ovsdbapp.backend.ovs_idl.command
File "/var/lib/openstack/lib/python3.10/site-packages/ovsdbapp/backend/ovs_idl/__init__.py", line 235, in _lookup
2026-03-31 06:10:20.471 9 ERROR ovsdbapp.backend.ovs_idl.command row = idlutils.row_by_value(self, rl.table, rl.column, record)
2026-03-31 06:10:20.471 9 ERROR ovsdbapp.backend.ovs_idl.command
File "/var/lib/openstack/lib/python3.10/site-packages/ovsdbapp/backend/ovs_idl/idlutils.py", line 114, in row_by_value
2026-03-31 06:10:20.471 9 ERROR ovsdbapp.backend.ovs_idl.command raise RowNotFound(table=table, col=column, match=match)
2026-03-31 06:10:20.471 9 ERROR ovsdbapp.backend.ovs_idl.command ovsdbapp.backend.ovs_idl.idlutils.RowNotFound: Cannot find Logical_Router_Port with name=lrp-7eccb163-5b60-44aa-ba77-e109f86d4940
2026-03-31 06:10:20.471 9 ERROR ovsdbapp.backend.ovs_idl.command 
2026-03-31 06:10:20.472 9 ERROR neutron_lib.callbacks.manager [None req-b28a436f-105e-4156-9bfc-db0a6c25f625 805bb2134d174bffb3dd348f04c0a4bc ea3b4cf9758c4a568bbbbb89a380be48 - - default default] Error during notification for neutron.services.ovn_l3.plugin.OVNL3RouterPlugin._port_update-8773592256239 port, after_update: ovsdbapp.backend.ovs_idl.idlutils.RowNotFound: Cannot find Logical_Router_Port with name=lrp-7eccb163-5b60-44aa-ba77-e109f86d4940
2026-03-31 06:10:20.472 9 ERROR neutron_lib.callbacks.manager
Traceback (most recent call last):
2026-03-31 06:10:20.472 9 ERROR neutron_lib.callbacks.manager
File "/var/lib/openstack/lib/python3.10/site-packages/neutron_lib/callbacks/manager.py", line 189, in _notify_loop
2026-03-31 06:10:20.472 9 ERROR neutron_lib.callbacks.manager callback.method(resource, event, trigger, payload=payload)
2026-03-31 06:10:20.472 9 ERROR neutron_lib.callbacks.manager
File "/var/lib/openstack/lib/python3.10/site-packages/neutron/services/ovn_l3/plugin.py", line 391, in _port_update
2026-03-31 06:10:20.472 9 ERROR neutron_lib.callbacks.manager l3plugin._ovn_client.update_router_port(context,
2026-03-31 06:10:20.472 9 ERROR neutron_lib.callbacks.manager
File "/var/lib/openstack/lib/python3.10/site-packages/neutron/plugins/ml2/drivers/ovn/mech_driver/ovsdb/ovn_client.py", line 1878, in update_router_port
2026-03-31 06:10:20.472 9 ERROR neutron_lib.callbacks.manager self._update_lrouter_port(context, port, if_exists=if_exists,
2026-03-31 06:10:20.472 9 ERROR neutron_lib.callbacks.manager
File "/var/lib/openstack/lib/python3.10/site-packages/neutron/plugins/ml2/drivers/ovn/mech_driver/ovsdb/ovn_client.py", line 1855, in _update_lrouter_port
2026-03-31 06:10:20.472 9 ERROR neutron_lib.callbacks.manager external_ids = self._nb_idl.db_get(
2026-03-31 06:10:20.472 9 ERROR neutron_lib.callbacks.manager
File "/var/lib/openstack/lib/python3.10/site-packages/ovsdbapp/backend/ovs_idl/command.py", line 47, in execute
2026-03-31 06:10:20.472 9 ERROR neutron_lib.callbacks.manager self.run_idl(None)
2026-03-31 06:10:20.472 9 ERROR neutron_lib.callbacks.manager
File "/var/lib/openstack/lib/python3.10/site-packages/ovsdbapp/backend/ovs_idl/command.py", line 235, in run_idl
2026-03-31 06:10:20.472 9 ERROR neutron_lib.callbacks.manager record = self.api.lookup(self.table, self.record)
2026-03-31 06:10:20.472 9 ERROR neutron_lib.callbacks.manager
File "/var/lib/openstack/lib/python3.10/site-packages/ovsdbapp/backend/ovs_idl/__init__.py", line 184, in lookup
2026-03-31 06:10:20.472 9 ERROR neutron_lib.callbacks.manager return self._lookup(table, record)
2026-03-31 06:10:20.472 9 ERROR neutron_lib.callbacks.manager
File "/var/lib/openstack/lib/python3.10/site-packages/ovsdbapp/backend/ovs_idl/__init__.py", line 235, in _lookup
2026-03-31 06:10:20.472 9 ERROR neutron_lib.callbacks.manager row = idlutils.row_by_value(self, rl.table, rl.column, record)
2026-03-31 06:10:20.472 9 ERROR neutron_lib.callbacks.manager
File "/var/lib/openstack/lib/python3.10/site-packages/ovsdbapp/backend/ovs_idl/idlutils.py", line 114, in row_by_value
2026-03-31 06:10:20.472 9 ERROR neutron_lib.callbacks.manager raise RowNotFound(table=table, col=column, match=match)
2026-03-31 06:10:20.472 9 ERROR neutron_lib.callbacks.manager ovsdbapp.backend.ovs_idl.idlutils.RowNotFound: Cannot find Logical_Router_Port with name=lrp-7eccb163-5b60-44aa-ba77-e109f86d4940
2026-03-31 06:10:20.472 9 ERROR neutron_lib.callbacks.manager 
2026-03-31 06:10:20.500 9 INFO neutron.db.segments_db [None req-bf106926-fd5b-4da5-892f-379e14065a9f a4bcd8e1819c48a5bb617963223be0d9 a2b328adb70a4700b1bf1b41ecdb945b - - default default] Added segment 795042d5-6451-471f-81aa-c72a4c14e355 of type geneve for network eeb8150b-9388-4113-85a7-a88350c30890
2026-03-31 06:10:20.513 10 INFO neutron.wsgi [None req-194b9db8-cd35-4b85-a6c4-09ad68cf54c3 805bb2134d174bffb3dd348f04c0a4bc ea3b4cf9758c4a568bbbbb89a380be48 - - default default] 10.0.0.150 "GET /v2.0/security-groups?tenant_id=b627d051b9964747acd689e3e027f4f1&name=default HTTP/1.1" status: 200 len: 3120 time: 0.6832147
2026-03-31 06:10:20.824 9 INFO neutron.db.ovn_revision_numbers_db [None req-bf106926-fd5b-4da5-892f-379e14065a9f a4bcd8e1819c48a5bb617963223be0d9 a2b328adb70a4700b1bf1b41ecdb945b - - default default] Successfully bumped revision number for resource eeb8150b-9388-4113-85a7-a88350c30890 (type: networks) to 1
2026-03-31 06:10:20.936 9 INFO neutron.plugins.ml2.drivers.ovn.mech_driver.mech_driver [None req-030bbb55-b044-41b5-b59e-7f1ab0a84184 - - - - - -] OVN reports status up for port: 7eccb163-5b60-44aa-ba77-e109f86d4940
2026-03-31 06:10:20.975 10 WARNING neutron.scheduler.dhcp_agent_scheduler [None req-c12c03cb-1734-4ec7-8b0a-ce53af31b99a 06628ac6a628459c978c3bd7605a88a5 ce4edbdea903486191138bb52a8d185b - - default default] No more DHCP agents
2026-03-31 06:10:20.981 10 WARNING neutron.api.rpc.agentnotifiers.dhcp_rpc_agent_api [None req-c12c03cb-1734-4ec7-8b0a-ce53af31b99a 06628ac6a628459c978c3bd7605a88a5 ce4edbdea903486191138bb52a8d185b - - default default] Unable to schedule network e46a1889-be7e-4a5e-96cd-58c1118ad025: no agents available; will retry on subsequent port and subnet creation events.
2026-03-31 06:10:20.995 9 INFO neutron.plugins.ml2.plugin [None req-030bbb55-b044-41b5-b59e-7f1ab0a84184 - - - - - -] Attempt 1 to provision port 7eccb163-5b60-44aa-ba77-e109f86d4940
2026-03-31 06:10:21.040 9 INFO neutron.db.ovn_revision_numbers_db [None req-b28a436f-105e-4156-9bfc-db0a6c25f625 805bb2134d174bffb3dd348f04c0a4bc ea3b4cf9758c4a568bbbbb89a380be48 - - default default] Successfully bumped revision number for resource 7eccb163-5b60-44aa-ba77-e109f86d4940 (type: ports) to 1
2026-03-31 06:10:21.193 10 INFO neutron.db.ovn_revision_numbers_db [None req-c12c03cb-1734-4ec7-8b0a-ce53af31b99a 06628ac6a628459c978c3bd7605a88a5 ce4edbdea903486191138bb52a8d185b - - default default] Successfully bumped revision number for resource 3aaf6393-6bae-4a5c-a751-d5fc32398465 (type: ports) to 1
2026-03-31 06:10:21.300 9 WARNING neutron.scheduler.dhcp_agent_scheduler [None req-b28a436f-105e-4156-9bfc-db0a6c25f625 805bb2134d174bffb3dd348f04c0a4bc ea3b4cf9758c4a568bbbbb89a380be48 - - default default] No more DHCP agents
2026-03-31 06:10:21.309 9 WARNING neutron.api.rpc.agentnotifiers.dhcp_rpc_agent_api [None req-b28a436f-105e-4156-9bfc-db0a6c25f625 805bb2134d174bffb3dd348f04c0a4bc ea3b4cf9758c4a568bbbbb89a380be48 - - default default] Unable to schedule network 85d70d42-19fb-4d02-b341-603e1055c83b: no agents available; will retry on subsequent port and subnet creation events.
2026-03-31 06:10:21.321 9 INFO neutron.wsgi [None req-dae296c5-07c4-44cc-9b30-23e5793db58e 805bb2134d174bffb3dd348f04c0a4bc ea3b4cf9758c4a568bbbbb89a380be48 - - default default] 10.0.0.150 "DELETE /v2.0/security-groups/5b0c2e5b-6bbc-4079-a0d5-e7c5c40a96ea HTTP/1.1" status: 204 len: 168 time: 0.7978740
2026-03-31 06:10:21.353 9 WARNING neutron.scheduler.dhcp_agent_scheduler [None req-bf106926-fd5b-4da5-892f-379e14065a9f a4bcd8e1819c48a5bb617963223be0d9 a2b328adb70a4700b1bf1b41ecdb945b - - default default] No more DHCP agents
2026-03-31 06:10:21.364 9 WARNING neutron.api.rpc.agentnotifiers.dhcp_rpc_agent_api [None req-bf106926-fd5b-4da5-892f-379e14065a9f a4bcd8e1819c48a5bb617963223be0d9 a2b328adb70a4700b1bf1b41ecdb945b - - default default] Unable to schedule network eeb8150b-9388-4113-85a7-a88350c30890: no agents available; will retry on subsequent port and subnet creation events.
2026-03-31 06:10:21.653 10 INFO neutron.db.ovn_revision_numbers_db [None req-de623006-c119-4135-b2c9-ec32522fd663 805bb2134d174bffb3dd348f04c0a4bc ea3b4cf9758c4a568bbbbb89a380be48 - - default default] Successfully bumped revision number for resource e99d9203-b5b6-4f45-91a3-9271a3e3ef7b (type: security_groups) to 1
2026-03-31 06:10:21.709 10 INFO neutron.db.ovn_revision_numbers_db [None req-de623006-c119-4135-b2c9-ec32522fd663 805bb2134d174bffb3dd348f04c0a4bc ea3b4cf9758c4a568bbbbb89a380be48 - - default default] Successfully bumped revision number for resource 01870ecb-099c-4d02-8ceb-654951e9faa9 (type: security_group_rules) to 0
2026-03-31 06:10:21.734 10 INFO neutron.db.ovn_revision_numbers_db [None req-de623006-c119-4135-b2c9-ec32522fd663 805bb2134d174bffb3dd348f04c0a4bc ea3b4cf9758c4a568bbbbb89a380be48 - - default default] Successfully bumped revision number for resource 5054e5f2-d789-474a-85b3-777addfb9caf (type: security_group_rules) to 0
2026-03-31 06:10:21.749 10 ERROR ovsdbapp.backend.ovs_idl.command [None req-c12c03cb-1734-4ec7-8b0a-ce53af31b99a 06628ac6a628459c978c3bd7605a88a5 ce4edbdea903486191138bb52a8d185b - - default default] Error executing command (DbGetCommand): ovsdbapp.backend.ovs_idl.idlutils.RowNotFound: Cannot find Logical_Router_Port with name=lrp-3aaf6393-6bae-4a5c-a751-d5fc32398465
2026-03-31 06:10:21.749 10 ERROR ovsdbapp.backend.ovs_idl.command
Traceback (most recent call last):
2026-03-31 06:10:21.749 10 ERROR ovsdbapp.backend.ovs_idl.command
File "/var/lib/openstack/lib/python3.10/site-packages/ovsdbapp/backend/ovs_idl/command.py", line 47, in execute
2026-03-31 06:10:21.749 10 ERROR ovsdbapp.backend.ovs_idl.command self.run_idl(None)
2026-03-31 06:10:21.749 10 ERROR ovsdbapp.backend.ovs_idl.command
File "/var/lib/openstack/lib/python3.10/site-packages/ovsdbapp/backend/ovs_idl/command.py", line 235, in run_idl
2026-03-31 06:10:21.749 10 ERROR ovsdbapp.backend.ovs_idl.command record = self.api.lookup(self.table, self.record)
2026-03-31 06:10:21.749 10 ERROR ovsdbapp.backend.ovs_idl.command
File "/var/lib/openstack/lib/python3.10/site-packages/ovsdbapp/backend/ovs_idl/__init__.py", line 184, in lookup
2026-03-31 06:10:21.749 10 ERROR ovsdbapp.backend.ovs_idl.command return self._lookup(table, record)
2026-03-31 06:10:21.749 10 ERROR ovsdbapp.backend.ovs_idl.command
File "/var/lib/openstack/lib/python3.10/site-packages/ovsdbapp/backend/ovs_idl/__init__.py", line 235, in _lookup
2026-03-31 06:10:21.749 10 ERROR ovsdbapp.backend.ovs_idl.command row = idlutils.row_by_value(self, rl.table, rl.column, record)
2026-03-31 06:10:21.749 10 ERROR ovsdbapp.backend.ovs_idl.command
File "/var/lib/openstack/lib/python3.10/site-packages/ovsdbapp/backend/ovs_idl/idlutils.py", line 114, in row_by_value
2026-03-31 06:10:21.749 10 ERROR ovsdbapp.backend.ovs_idl.command raise RowNotFound(table=table, col=column, match=match)
2026-03-31 06:10:21.749 10 ERROR ovsdbapp.backend.ovs_idl.command ovsdbapp.backend.ovs_idl.idlutils.RowNotFound: Cannot find Logical_Router_Port with name=lrp-3aaf6393-6bae-4a5c-a751-d5fc32398465
2026-03-31 06:10:21.749 10 ERROR ovsdbapp.backend.ovs_idl.command 
2026-03-31 06:10:21.750 10 ERROR neutron_lib.callbacks.manager [None req-c12c03cb-1734-4ec7-8b0a-ce53af31b99a 06628ac6a628459c978c3bd7605a88a5 ce4edbdea903486191138bb52a8d185b - - default default] Error during notification for neutron.services.ovn_l3.plugin.OVNL3RouterPlugin._port_update-8773592256239 port, after_update: ovsdbapp.backend.ovs_idl.idlutils.RowNotFound: Cannot find Logical_Router_Port with name=lrp-3aaf6393-6bae-4a5c-a751-d5fc32398465
2026-03-31 06:10:21.750 10 ERROR neutron_lib.callbacks.manager
Traceback (most recent call last):
2026-03-31 06:10:21.750 10 ERROR neutron_lib.callbacks.manager
File "/var/lib/openstack/lib/python3.10/site-packages/neutron_lib/callbacks/manager.py", line 189, in _notify_loop
2026-03-31 06:10:21.750 10 ERROR neutron_lib.callbacks.manager callback.method(resource, event, trigger, payload=payload)
2026-03-31 06:10:21.750 10 ERROR neutron_lib.callbacks.manager
File "/var/lib/openstack/lib/python3.10/site-packages/neutron/services/ovn_l3/plugin.py", line 391, in _port_update
2026-03-31 06:10:21.750 10 ERROR neutron_lib.callbacks.manager l3plugin._ovn_client.update_router_port(context,
2026-03-31 06:10:21.750 10 ERROR neutron_lib.callbacks.manager
File "/var/lib/openstack/lib/python3.10/site-packages/neutron/plugins/ml2/drivers/ovn/mech_driver/ovsdb/ovn_client.py", line 1878, in update_router_port
2026-03-31 06:10:21.750 10 ERROR neutron_lib.callbacks.manager self._update_lrouter_port(context, port, if_exists=if_exists,
2026-03-31 06:10:21.750 10 ERROR neutron_lib.callbacks.manager
File "/var/lib/openstack/lib/python3.10/site-packages/neutron/plugins/ml2/drivers/ovn/mech_driver/ovsdb/ovn_client.py", line 1855, in _update_lrouter_port
2026-03-31 06:10:21.750 10 ERROR neutron_lib.callbacks.manager external_ids = self._nb_idl.db_get(
2026-03-31 06:10:21.750 10 ERROR neutron_lib.callbacks.manager
File "/var/lib/openstack/lib/python3.10/site-packages/ovsdbapp/backend/ovs_idl/command.py", line 47, in execute
2026-03-31 06:10:21.750 10 ERROR neutron_lib.callbacks.manager self.run_idl(None)
2026-03-31 06:10:21.750 10 ERROR neutron_lib.callbacks.manager
File "/var/lib/openstack/lib/python3.10/site-packages/ovsdbapp/backend/ovs_idl/command.py", line 235, in run_idl
2026-03-31 06:10:21.750 10 ERROR neutron_lib.callbacks.manager record = self.api.lookup(self.table, self.record)
2026-03-31 06:10:21.750 10 ERROR neutron_lib.callbacks.manager
File "/var/lib/openstack/lib/python3.10/site-packages/ovsdbapp/backend/ovs_idl/__init__.py", line 184, in lookup
2026-03-31 06:10:21.750 10 ERROR neutron_lib.callbacks.manager return self._lookup(table, record)
2026-03-31 06:10:21.750 10 ERROR neutron_lib.callbacks.manager
File "/var/lib/openstack/lib/python3.10/site-packages/ovsdbapp/backend/ovs_idl/__init__.py", line 235, in _lookup
2026-03-31 06:10:21.750 10 ERROR neutron_lib.callbacks.manager row = idlutils.row_by_value(self, rl.table, rl.column, record)
2026-03-31 06:10:21.750 10 ERROR neutron_lib.callbacks.manager
File "/var/lib/openstack/lib/python3.10/site-packages/ovsdbapp/backend/ovs_idl/idlutils.py", line 114, in row_by_value
2026-03-31 06:10:21.750 10 ERROR neutron_lib.callbacks.manager raise RowNotFound(table=table, col=column, match=match)
2026-03-31 06:10:21.750 10 ERROR neutron_lib.callbacks.manager ovsdbapp.backend.ovs_idl.idlutils.RowNotFound: Cannot find Logical_Router_Port with name=lrp-3aaf6393-6bae-4a5c-a751-d5fc32398465
2026-03-31 06:10:21.750 10 ERROR neutron_lib.callbacks.manager 
2026-03-31 06:10:21.752 10 INFO neutron.db.ovn_revision_numbers_db [None req-de623006-c119-4135-b2c9-ec32522fd663 805bb2134d174bffb3dd348f04c0a4bc ea3b4cf9758c4a568bbbbb89a380be48 - - default default] Successfully bumped revision number for resource 74c568bb-1b08-42e4-adb3-3878720089a7 (type: security_group_rules) to 0
2026-03-31 06:10:21.779 10 INFO neutron.db.ovn_revision_numbers_db [None req-de623006-c119-4135-b2c9-ec32522fd663 805bb2134d174bffb3dd348f04c0a4bc ea3b4cf9758c4a568bbbbb89a380be48 - - default default] Successfully bumped revision number for resource 7a1678af-7830-4d03-87d1-afa2062ed553 (type: security_group_rules) to 0
2026-03-31 06:10:21.783 9 INFO neutron.db.ovn_revision_numbers_db [None req-e122a2dc-f776-4368-aea3-5e578d3a003e - - - - - -] Successfully bumped revision number for resource 23de21dd-78f1-4cc5-8a45-ccaa9242f093 (type: ports) to 4
2026-03-31 06:10:21.822 10 INFO neutron.wsgi [None req-de623006-c119-4135-b2c9-ec32522fd663 805bb2134d174bffb3dd348f04c0a4bc ea3b4cf9758c4a568bbbbb89a380be48 - - default default] 10.0.0.150 "GET /v2.0/security-groups?tenant_id=4169d8598ebe4f0ea6fbdedc74ae94ff&name=default HTTP/1.1" status: 200 len: 3120 time: 0.3777204
2026-03-31 06:10:21.850 9 INFO neutron.db.ovn_revision_numbers_db [None req-bf106926-fd5b-4da5-892f-379e14065a9f a4bcd8e1819c48a5bb617963223be0d9 a2b328adb70a4700b1bf1b41ecdb945b - - default default] Successfully bumped revision number for resource 833a7cc4-b293-4201-b700-7c0e1a6e6772 (type: ports) to 1
2026-03-31 06:10:21.932 9 INFO neutron.wsgi [None req-bf106926-fd5b-4da5-892f-379e14065a9f a4bcd8e1819c48a5bb617963223be0d9 a2b328adb70a4700b1bf1b41ecdb945b - - default default] 10.0.0.150 "POST /v2.0/networks HTTP/1.1" status: 201 len: 829 time: 1.6026845
2026-03-31 06:10:21.948 9 WARNING neutron_lib.context [None req-37bbd044-2bc9-4772-8ea0-2d5fe48ebca5 a4bcd8e1819c48a5bb617963223be0d9 a2b328adb70a4700b1bf1b41ecdb945b - - default default] Method 'is_advsvc' is deprecated since 2023.2 release (neutron-lib 3.8.0) and will be removed once support for the old RBAC API policies will be removed from Neutron. Please use method 'is_service_role' instead.
2026-03-31 06:10:22.052 10 INFO neutron.db.ovn_revision_numbers_db [None req-c12c03cb-1734-4ec7-8b0a-ce53af31b99a 06628ac6a628459c978c3bd7605a88a5 ce4edbdea903486191138bb52a8d185b - - default default] Successfully bumped revision number for resource 3aaf6393-6bae-4a5c-a751-d5fc32398465 (type: ports) to 1
2026-03-31 06:10:22.132 10 WARNING neutron.scheduler.dhcp_agent_scheduler [None req-c12c03cb-1734-4ec7-8b0a-ce53af31b99a 06628ac6a628459c978c3bd7605a88a5 ce4edbdea903486191138bb52a8d185b - - default default] No more DHCP agents
2026-03-31 06:10:22.136 10 WARNING neutron.api.rpc.agentnotifiers.dhcp_rpc_agent_api [None req-c12c03cb-1734-4ec7-8b0a-ce53af31b99a 06628ac6a628459c978c3bd7605a88a5 ce4edbdea903486191138bb52a8d185b - - default default] Unable to schedule network e46a1889-be7e-4a5e-96cd-58c1118ad025: no agents available; will retry on subsequent port and subnet creation events.
2026-03-31 06:10:22.156 10 INFO neutron.wsgi [None req-77e8ba9c-b5c9-4876-8d67-ccfe954d4d54 805bb2134d174bffb3dd348f04c0a4bc ea3b4cf9758c4a568bbbbb89a380be48 - - default default] 10.0.0.150 "DELETE /v2.0/security-groups/e99d9203-b5b6-4f45-91a3-9271a3e3ef7b HTTP/1.1" status: 204 len: 168 time: 0.3268328
2026-03-31 06:10:22.344 10 INFO neutron.db.ovn_revision_numbers_db [None req-c12c03cb-1734-4ec7-8b0a-ce53af31b99a 06628ac6a628459c978c3bd7605a88a5 ce4edbdea903486191138bb52a8d185b - - default default] Successfully bumped revision number for resource 3aaf6393-6bae-4a5c-a751-d5fc32398465 (type: router_ports) to 1
2026-03-31 06:10:22.351 10 INFO neutron.wsgi [None req-c12c03cb-1734-4ec7-8b0a-ce53af31b99a 06628ac6a628459c978c3bd7605a88a5 ce4edbdea903486191138bb52a8d185b - - default default] 10.0.0.150 "PUT /v2.0/routers/d22ffff8-9ac8-4d6e-a1ac-5bd5f9f3eefa/add_router_interface HTTP/1.1" status: 200 len: 503 time: 1.9020834
2026-03-31 06:10:22.392 10 INFO neutron.wsgi [None req-91233cd0-13db-4505-bf42-c8b8451a030d 06628ac6a628459c978c3bd7605a88a5 ce4edbdea903486191138bb52a8d185b - - default default] 10.0.0.150 "GET /v2.0/ports/3aaf6393-6bae-4a5c-a751-d5fc32398465 HTTP/1.1" status: 200 len: 1135 time: 0.0375330
2026-03-31 06:10:22.429 10 INFO neutron.wsgi [None req-35df473c-41ef-4cf8-a9a8-04bd26a01050 06628ac6a628459c978c3bd7605a88a5 ce4edbdea903486191138bb52a8d185b - - default default] 10.0.0.150 "GET /v2.0/ports/3aaf6393-6bae-4a5c-a751-d5fc32398465 HTTP/1.1" status: 200 len: 1135 time: 0.0316987
2026-03-31 06:10:22.529 9 INFO neutron.db.ovn_revision_numbers_db [None req-e122a2dc-f776-4368-aea3-5e578d3a003e - - - - - -] Successfully bumped revision number for resource 23de21dd-78f1-4cc5-8a45-ccaa9242f093 (type: router_ports) to 4
2026-03-31 06:10:22.547 9 INFO neutron.db.ovn_revision_numbers_db [None req-030bbb55-b044-41b5-b59e-7f1ab0a84184 - - - - - -] Successfully bumped revision number for resource 7eccb163-5b60-44aa-ba77-e109f86d4940 (type: ports) to 2
2026-03-31 06:10:22.894 9 WARNING neutron.scheduler.dhcp_agent_scheduler [None req-37bbd044-2bc9-4772-8ea0-2d5fe48ebca5 a4bcd8e1819c48a5bb617963223be0d9 a2b328adb70a4700b1bf1b41ecdb945b - - default default] No more DHCP agents
2026-03-31 06:10:22.907 9 WARNING neutron.api.rpc.agentnotifiers.dhcp_rpc_agent_api [None req-37bbd044-2bc9-4772-8ea0-2d5fe48ebca5 a4bcd8e1819c48a5bb617963223be0d9 a2b328adb70a4700b1bf1b41ecdb945b - - default default] Unable to schedule network eeb8150b-9388-4113-85a7-a88350c30890: no agents available; will retry on subsequent port and subnet creation events.
2026-03-31 06:10:23.062 9 INFO neutron.db.ovn_revision_numbers_db [None req-b28a436f-105e-4156-9bfc-db0a6c25f625 805bb2134d174bffb3dd348f04c0a4bc ea3b4cf9758c4a568bbbbb89a380be48 - - default default] Successfully bumped revision number for resource 7eccb163-5b60-44aa-ba77-e109f86d4940 (type: router_ports) to 1
2026-03-31 06:10:23.074 9 INFO neutron.wsgi [None req-b28a436f-105e-4156-9bfc-db0a6c25f625 805bb2134d174bffb3dd348f04c0a4bc ea3b4cf9758c4a568bbbbb89a380be48 - - default default] 10.0.0.150 "PUT /v2.0/routers/9694bda6-0500-405e-bcfb-5516d09093c9/add_router_interface HTTP/1.1" status: 200 len: 503 time: 5.7944312
2026-03-31 06:10:23.094 9 INFO neutron.db.ovn_revision_numbers_db [None req-37bbd044-2bc9-4772-8ea0-2d5fe48ebca5 a4bcd8e1819c48a5bb617963223be0d9 a2b328adb70a4700b1bf1b41ecdb945b - - default default] Successfully bumped revision number for resource abab78fb-d3c7-448d-b9bb-e82a99f4b158 (type: ports) to 1
2026-03-31 06:10:23.104 9 INFO neutron.db.ovn_revision_numbers_db [None req-030bbb55-b044-41b5-b59e-7f1ab0a84184 - - - - - -] Successfully bumped revision number for resource 7eccb163-5b60-44aa-ba77-e109f86d4940 (type: router_ports) to 2
2026-03-31 06:10:23.124 9 INFO neutron.wsgi [None req-37bbd044-2bc9-4772-8ea0-2d5fe48ebca5 a4bcd8e1819c48a5bb617963223be0d9 a2b328adb70a4700b1bf1b41ecdb945b - - default default] 10.0.0.150 "POST /v2.0/ports HTTP/1.1" status: 201 len: 942 time: 1.1800332 /var/lib/openstack/lib/python3.10/site-packages/pycadf/identifier.py:71: UserWarning: Invalid uuid: neutron. To ensure interoperability, identifiers should be a valid uuid. warnings.warn(('Invalid uuid: %s. To ensure interoperability, '
2026-03-31 06:10:23.138 9 WARNING neutron_lib.context [None req-45eb46b6-69e3-4413-891e-4c6211c93a07 a4bcd8e1819c48a5bb617963223be0d9 a2b328adb70a4700b1bf1b41ecdb945b - - default default] Method 'is_advsvc' is deprecated since 2023.2 release (neutron-lib 3.8.0) and will be removed once support for the old RBAC API policies will be removed from Neutron. Please use method 'is_service_role' instead.
2026-03-31 06:10:23.267 9 INFO neutron.db.segments_db [None req-45eb46b6-69e3-4413-891e-4c6211c93a07 a4bcd8e1819c48a5bb617963223be0d9 a2b328adb70a4700b1bf1b41ecdb945b - - default default] Added segment 6848a1c8-3fdc-48ba-a965-e46b312d3510 of type geneve for network 01ee7e6f-dfe1-47d3-9ac6-94d246b7c24b
2026-03-31 06:10:23.430 9 INFO neutron.db.ovn_revision_numbers_db [None req-45eb46b6-69e3-4413-891e-4c6211c93a07 a4bcd8e1819c48a5bb617963223be0d9 a2b328adb70a4700b1bf1b41ecdb945b - - default default] Successfully bumped revision number for resource 01ee7e6f-dfe1-47d3-9ac6-94d246b7c24b (type: networks) to 1
2026-03-31 06:10:23.639 9 INFO neutron.wsgi [None req-bef8a438-ec3c-4a10-951a-19095fcf8987 06628ac6a628459c978c3bd7605a88a5 ce4edbdea903486191138bb52a8d185b - - default default] 10.0.0.150 "GET /v2.0/ports/3aaf6393-6bae-4a5c-a751-d5fc32398465 HTTP/1.1" status: 200 len: 1135 time: 0.2012086
2026-03-31 06:10:23.741 9 WARNING neutron.scheduler.dhcp_agent_scheduler [None req-45eb46b6-69e3-4413-891e-4c6211c93a07 a4bcd8e1819c48a5bb617963223be0d9 a2b328adb70a4700b1bf1b41ecdb945b - - default default] No more DHCP agents
2026-03-31 06:10:23.743 9 WARNING neutron.api.rpc.agentnotifiers.dhcp_rpc_agent_api [None req-45eb46b6-69e3-4413-891e-4c6211c93a07 a4bcd8e1819c48a5bb617963223be0d9 a2b328adb70a4700b1bf1b41ecdb945b - - default default] Unable to schedule network 01ee7e6f-dfe1-47d3-9ac6-94d246b7c24b: no agents available; will retry on subsequent port and subnet creation events.
2026-03-31 06:10:23.851 9 INFO neutron.db.ovn_revision_numbers_db [None req-45eb46b6-69e3-4413-891e-4c6211c93a07 a4bcd8e1819c48a5bb617963223be0d9 a2b328adb70a4700b1bf1b41ecdb945b - - default default] Successfully bumped revision number for resource c9689b4b-8783-4c6c-a714-c6bed17fd9ba (type: ports) to 1
2026-03-31 06:10:23.876 9 INFO neutron.wsgi [None req-45eb46b6-69e3-4413-891e-4c6211c93a07 a4bcd8e1819c48a5bb617963223be0d9 a2b328adb70a4700b1bf1b41ecdb945b - - default default] 10.0.0.150 "POST /v2.0/networks HTTP/1.1" status: 201 len: 830 time: 0.7462087
2026-03-31 06:10:23.889 9 WARNING neutron_lib.context [None req-149c33c3-9347-46ef-863c-bcd84bce5d3c a4bcd8e1819c48a5bb617963223be0d9 a2b328adb70a4700b1bf1b41ecdb945b - - default default] Method 'is_advsvc' is deprecated since 2023.2 release (neutron-lib 3.8.0) and will be removed once support for the old RBAC API policies will be removed from Neutron. Please use method 'is_service_role' instead.
2026-03-31 06:10:24.195 9 WARNING neutron.scheduler.dhcp_agent_scheduler [None req-149c33c3-9347-46ef-863c-bcd84bce5d3c a4bcd8e1819c48a5bb617963223be0d9 a2b328adb70a4700b1bf1b41ecdb945b - - default default] No more DHCP agents
2026-03-31 06:10:24.196 9 WARNING neutron.api.rpc.agentnotifiers.dhcp_rpc_agent_api [None req-149c33c3-9347-46ef-863c-bcd84bce5d3c a4bcd8e1819c48a5bb617963223be0d9 a2b328adb70a4700b1bf1b41ecdb945b - - default default] Unable to schedule network 01ee7e6f-dfe1-47d3-9ac6-94d246b7c24b: no agents available; will retry on subsequent port and subnet creation events.
2026-03-31 06:10:24.293 9 INFO neutron.db.ovn_revision_numbers_db [None req-149c33c3-9347-46ef-863c-bcd84bce5d3c a4bcd8e1819c48a5bb617963223be0d9 a2b328adb70a4700b1bf1b41ecdb945b - - default default] Successfully bumped revision number for resource 04812898-a977-478e-bec3-a9173bbbc526 (type: ports) to 1
2026-03-31 06:10:24.330 9 INFO neutron.wsgi [None req-149c33c3-9347-46ef-863c-bcd84bce5d3c a4bcd8e1819c48a5bb617963223be0d9 a2b328adb70a4700b1bf1b41ecdb945b - - default default] 10.0.0.150 "POST /v2.0/ports HTTP/1.1" status: 201 len: 942 time: 0.4467463 /var/lib/openstack/lib/python3.10/site-packages/pycadf/identifier.py:71: UserWarning: Invalid uuid: neutron. To ensure interoperability, identifiers should be a valid uuid. warnings.warn(('Invalid uuid: %s. To ensure interoperability, '
2026-03-31 06:10:24.397 9 INFO neutron.wsgi [None req-848fbb35-01a9-40e8-8081-2dc8a23b42c2 a4bcd8e1819c48a5bb617963223be0d9 a2b328adb70a4700b1bf1b41ecdb945b - - default default] 10.0.0.150 "PUT /v2.0/ports/5d8b3d00-f4e4-418c-a2a3-3f5d70f2e149/tags HTTP/1.1" status: 200 len: 210 time: 0.0626748
2026-03-31 06:10:24.454 9 INFO neutron.wsgi [None req-315d2a8e-1113-438b-9931-74e7380414f2 a4bcd8e1819c48a5bb617963223be0d9 a2b328adb70a4700b1bf1b41ecdb945b - - default default] 10.0.0.150 "PUT /v2.0/ports/950714d8-c7cc-4ca9-8c1d-2685a2319d5a/tags HTTP/1.1" status: 200 len: 218 time: 0.0516012
2026-03-31 06:10:24.539 9 INFO neutron.wsgi [None req-1fdd394e-6016-4487-838a-ee13b7deb402 a4bcd8e1819c48a5bb617963223be0d9 a2b328adb70a4700b1bf1b41ecdb945b - - default default] 10.0.0.150 "PUT /v2.0/ports/832efbf1-95a7-4ba8-83a0-a87ffe97754e/tags HTTP/1.1" status: 200 len: 227 time: 0.0768034
2026-03-31 06:10:24.595 9 INFO neutron.wsgi [None req-06d70dc3-3f0a-45db-b084-38b4181a02ac a4bcd8e1819c48a5bb617963223be0d9 a2b328adb70a4700b1bf1b41ecdb945b - - default default] 10.0.0.150 "PUT /v2.0/ports/abab78fb-d3c7-448d-b9bb-e82a99f4b158/tags HTTP/1.1" status: 200 len: 212 time: 0.0508356
2026-03-31 06:10:24.735 10 INFO neutron.wsgi [None req-7958c7ed-c345-47c5-af94-fca28828b664 06628ac6a628459c978c3bd7605a88a5 ce4edbdea903486191138bb52a8d185b - - default default] 10.0.0.150 "GET /v2.0/ports/3aaf6393-6bae-4a5c-a751-d5fc32398465 HTTP/1.1" status: 200 len: 1135 time: 0.0888336
2026-03-31 06:10:24.839 9 INFO neutron.wsgi [None req-0e8049e6-5d3c-4621-8d29-2fcd2ed61d2f a4bcd8e1819c48a5bb617963223be0d9 a2b328adb70a4700b1bf1b41ecdb945b - - default default] 10.0.0.150 "GET /v2.0/ports?tags=red HTTP/1.1" status: 200 len: 2448 time: 0.2360692
2026-03-31 06:10:25.016 10 INFO neutron.wsgi [None req-71825509-6655-4799-b01c-bb79f312240e a4bcd8e1819c48a5bb617963223be0d9 a2b328adb70a4700b1bf1b41ecdb945b - - default default] 10.0.0.150 "GET /v2.0/ports?tags=red%2Cblue HTTP/1.1" status: 200 len: 1708 time: 0.1724494
2026-03-31 06:10:25.104 9 INFO neutron.wsgi [None req-b01586bf-d630-424e-8011-86f960293ee0 a4bcd8e1819c48a5bb617963223be0d9 a2b328adb70a4700b1bf1b41ecdb945b - - default default] 10.0.0.150 "GET /v2.0/ports?tags-any=blue HTTP/1.1" status: 200 len: 1708 time: 0.0825429
2026-03-31 06:10:25.481 10 INFO neutron.wsgi [None req-4f496bbc-587e-45ae-b0a0-bdbe3f8dcb31 a4bcd8e1819c48a5bb617963223be0d9 a2b328adb70a4700b1bf1b41ecdb945b - - default default] 10.0.0.150 "GET /v2.0/ports?tags-any=red%2Cblue HTTP/1.1" status: 200 len: 2448 time: 0.3712034
2026-03-31 06:10:25.703 10 INFO neutron.wsgi [None req-8a7ee4d5-f2c1-4231-a631-94335e519287 a4bcd8e1819c48a5bb617963223be0d9 a2b328adb70a4700b1bf1b41ecdb945b - - default default] 10.0.0.150 "GET /v2.0/ports?not-tags=red HTTP/1.1" status: 200 len: 5463 time: 0.2152114
2026-03-31 06:10:25.706 9 INFO neutron.wsgi [req-b70b416a-07f0-4eae-8834-32b3e49cec7e req-f114cbb1-7116-4462-a536-35d989f0b6e5 2392fe1d59394893a93b87d644b41510 74c551e2a47f4358ba49255aee662e66 - - default default] 10.0.0.228 "GET /v2.0/networks?id=85d70d42-19fb-4d02-b341-603e1055c83b HTTP/1.1" status: 200 len: 871 time: 0.1283383
2026-03-31 06:10:25.722 9 INFO neutron.wsgi [req-b70b416a-07f0-4eae-8834-32b3e49cec7e req-340a4a47-f59d-4b5f-8794-84f11b73cfc3 2392fe1d59394893a93b87d644b41510 74c551e2a47f4358ba49255aee662e66 - - default default] 10.0.0.228 "GET /v2.0/quotas/74c551e2a47f4358ba49255aee662e66 HTTP/1.1" status: 200 len: 491 time: 0.0113890
2026-03-31 06:10:25.801 9 INFO neutron.wsgi [None req-188c14c1-66a4-4d4b-a81c-bd16cc1a8f63 06628ac6a628459c978c3bd7605a88a5 ce4edbdea903486191138bb52a8d185b - - default default] 10.0.0.150 "GET /v2.0/ports/3aaf6393-6bae-4a5c-a751-d5fc32398465 HTTP/1.1" status: 200 len: 1135 time: 0.0483439
2026-03-31 06:10:25.849 10 INFO neutron.wsgi [None req-6742669c-0204-413f-8327-946280ede4d2 a4bcd8e1819c48a5bb617963223be0d9 a2b328adb70a4700b1bf1b41ecdb945b - - default default] 10.0.0.150 "GET /v2.0/ports?not-tags=red%2Cblue HTTP/1.1" status: 200 len: 6203 time: 0.1405885
2026-03-31 06:10:25.863 9 INFO neutron.wsgi [req-b70b416a-07f0-4eae-8834-32b3e49cec7e req-b6e7d34f-20e1-4056-b953-efdc971909f5 2392fe1d59394893a93b87d644b41510 74c551e2a47f4358ba49255aee662e66 - - default default] 10.0.0.228 "GET /v2.0/ports?tenant_id=74c551e2a47f4358ba49255aee662e66&fields=id HTTP/1.1" status: 200 len: 302 time: 0.1325495
2026-03-31 06:10:25.937 9 INFO neutron.wsgi [req-b70b416a-07f0-4eae-8834-32b3e49cec7e req-dc5c2dcb-7d84-4d86-90f6-7cd8289a9df9 2484bc5e18394fd5807c4e9c6c01aa83 46d00126e9f84abe9169fc548c5482d3 - - 3bfaaca3c24a4c16a7fd45009453a68a 3bfaaca3c24a4c16a7fd45009453a68a] 10.0.0.228 "GET /v2.0/networks/85d70d42-19fb-4d02-b341-603e1055c83b?fields=segments HTTP/1.1" status: 200 len: 212 time: 0.0664759
2026-03-31 06:10:25.951 10 INFO neutron.wsgi [None req-008e129a-3561-49f0-972c-43026474b57d a4bcd8e1819c48a5bb617963223be0d9 a2b328adb70a4700b1bf1b41ecdb945b - - default default] 10.0.0.150 "GET /v2.0/ports?not-tags-any=blue HTTP/1.1" status: 200 len: 6203 time: 0.0979366
2026-03-31 06:10:26.018 9 INFO neutron.wsgi [req-b70b416a-07f0-4eae-8834-32b3e49cec7e req-b286e45f-9984-48f3-bfb4-e99551a0cb4e 2484bc5e18394fd5807c4e9c6c01aa83 46d00126e9f84abe9169fc548c5482d3 - - 3bfaaca3c24a4c16a7fd45009453a68a 3bfaaca3c24a4c16a7fd45009453a68a] 10.0.0.228 "GET /v2.0/networks/85d70d42-19fb-4d02-b341-603e1055c83b?fields=provider%3Aphysical_network&fields=provider%3Anetwork_type HTTP/1.1" status: 200 len: 277 time: 0.0722077
2026-03-31 06:10:26.026 10 INFO neutron.wsgi [None req-dc457dee-a264-435a-b6c4-8ded6e5ba63c a4bcd8e1819c48a5bb617963223be0d9 a2b328adb70a4700b1bf1b41ecdb945b - - default default] 10.0.0.150 "GET /v2.0/ports?not-tags-any=red%2Cblue HTTP/1.1" status: 200 len: 5463 time: 0.0684514
2026-03-31 06:10:26.169 10 INFO neutron.wsgi [req-7dc90573-d386-4cc6-806e-db2904b35141 req-d874cbfb-d539-43cb-9ee3-7286c07b56c4 2392fe1d59394893a93b87d644b41510 74c551e2a47f4358ba49255aee662e66 - - default default] 10.0.0.228 "GET /v2.0/ports?device_id=fc6af020-cea5-4f0e-9d5a-7e60546ca355 HTTP/1.1" status: 200 len: 210 time: 0.0283856
2026-03-31 06:10:26.325 9 INFO neutron.wsgi [None req-c89da6ba-69e2-4c9d-b60c-d9363c65338f a4bcd8e1819c48a5bb617963223be0d9 a2b328adb70a4700b1bf1b41ecdb945b - - default default] 10.0.0.150 "DELETE /v2.0/ports/5d8b3d00-f4e4-418c-a2a3-3f5d70f2e149 HTTP/1.1" status: 204 len: 168 time: 0.2913554
2026-03-31 06:10:26.638 9 INFO neutron.wsgi [None req-9575a4be-7e3f-4f29-bd9d-135134ef960b a4bcd8e1819c48a5bb617963223be0d9 a2b328adb70a4700b1bf1b41ecdb945b - - default default] 10.0.0.150 "DELETE /v2.0/ports/950714d8-c7cc-4ca9-8c1d-2685a2319d5a HTTP/1.1" status: 204 len: 168 time: 0.3076336
2026-03-31 06:10:26.867 9 INFO neutron.wsgi [None req-c2613730-f881-4d4a-b275-14c757954d44 06628ac6a628459c978c3bd7605a88a5 ce4edbdea903486191138bb52a8d185b - - default default] 10.0.0.150 "GET /v2.0/ports/3aaf6393-6bae-4a5c-a751-d5fc32398465 HTTP/1.1" status: 200 len: 1135 time: 0.0611880
2026-03-31 06:10:26.924 10 INFO neutron.wsgi [req-b70b416a-07f0-4eae-8834-32b3e49cec7e req-bca48344-3615-4051-809f-8505bdadd534 2392fe1d59394893a93b87d644b41510 74c551e2a47f4358ba49255aee662e66 - - default default] 199.204.45.250 "GET /v2.0/networks?id=85d70d42-19fb-4d02-b341-603e1055c83b HTTP/1.1" status: 200 len: 871 time: 0.1340654
2026-03-31 06:10:26.937 10 WARNING neutron_lib.context [req-b70b416a-07f0-4eae-8834-32b3e49cec7e req-9a2a14d0-c2b7-4abc-8336-e3153433c7b3 2392fe1d59394893a93b87d644b41510 74c551e2a47f4358ba49255aee662e66 - - default default] Method 'is_advsvc' is deprecated since 2023.2 release (neutron-lib 3.8.0) and will be removed once support for the old RBAC API policies will be removed from Neutron. Please use method 'is_service_role' instead.
2026-03-31 06:10:26.967 9 INFO neutron.wsgi [None req-ef5e6cae-acf8-43f0-91d0-ccfced731142 a4bcd8e1819c48a5bb617963223be0d9 a2b328adb70a4700b1bf1b41ecdb945b - - default default] 10.0.0.150 "DELETE /v2.0/ports/832efbf1-95a7-4ba8-83a0-a87ffe97754e HTTP/1.1" status: 204 len: 168 time: 0.3248000
2026-03-31 06:10:27.095 10 INFO neutron.db.ovn_revision_numbers_db [None req-6fc7475a-073b-415e-a3dd-3cb225f28c1a 805bb2134d174bffb3dd348f04c0a4bc ea3b4cf9758c4a568bbbbb89a380be48 - - default default] Successfully bumped revision number for resource 4de543f0-201f-4fbb-8280-69f4aee0f299 (type: security_groups) to 1
2026-03-31 06:10:27.121 10 INFO neutron.db.ovn_revision_numbers_db [None req-6fc7475a-073b-415e-a3dd-3cb225f28c1a 805bb2134d174bffb3dd348f04c0a4bc ea3b4cf9758c4a568bbbbb89a380be48 - - default default] Successfully bumped revision number for resource 14835f25-94d5-4c2e-8d1b-ed1133bed7bc (type: security_group_rules) to 0
2026-03-31 06:10:27.142 10 INFO neutron.db.ovn_revision_numbers_db [None req-6fc7475a-073b-415e-a3dd-3cb225f28c1a 805bb2134d174bffb3dd348f04c0a4bc ea3b4cf9758c4a568bbbbb89a380be48 - - default default] Successfully bumped revision number for resource 5aae24ba-b5e3-4cde-ac74-f90d3409e05a (type: security_group_rules) to 0
2026-03-31 06:10:27.163 10 INFO neutron.db.ovn_revision_numbers_db [None req-6fc7475a-073b-415e-a3dd-3cb225f28c1a 805bb2134d174bffb3dd348f04c0a4bc ea3b4cf9758c4a568bbbbb89a380be48 - - default default] Successfully bumped revision number for resource 738ac54d-c98f-45ca-8869-40295298bddc (type: security_group_rules) to 0
2026-03-31 06:10:27.181 10 INFO neutron.db.ovn_revision_numbers_db [None req-6fc7475a-073b-415e-a3dd-3cb225f28c1a 805bb2134d174bffb3dd348f04c0a4bc ea3b4cf9758c4a568bbbbb89a380be48 - - default default] Successfully bumped revision number for resource b3bbf7fa-7524-4f43-9fe6-e1201266b01d (type: security_group_rules) to 0
2026-03-31 06:10:27.237 10 INFO neutron.wsgi [None req-6fc7475a-073b-415e-a3dd-3cb225f28c1a 805bb2134d174bffb3dd348f04c0a4bc ea3b4cf9758c4a568bbbbb89a380be48 - - default default] 10.0.0.150 "GET /v2.0/security-groups?tenant_id=a8c25a5902534827aa2f6f571324ae76&name=default HTTP/1.1" status: 200 len: 3120 time: 0.5473521
2026-03-31 06:10:27.291 9 INFO neutron.wsgi [req-ab20e3d4-97f3-4c0e-b8fa-0a81bcbe2989 req-86e28831-e092-4a8a-85d6-2db2526391ba 2392fe1d59394893a93b87d644b41510 74c551e2a47f4358ba49255aee662e66 - - default default] 10.0.0.228 "GET /v2.0/ports?device_id=fc6af020-cea5-4f0e-9d5a-7e60546ca355 HTTP/1.1" status: 200 len: 210 time: 0.0364420
2026-03-31 06:10:27.320 9 INFO neutron.wsgi [None req-b3fce2ff-8bd3-448f-8d18-772a7930c5c9 a4bcd8e1819c48a5bb617963223be0d9 a2b328adb70a4700b1bf1b41ecdb945b - - default default] 10.0.0.150 "DELETE /v2.0/ports/abab78fb-d3c7-448d-b9bb-e82a99f4b158 HTTP/1.1" status: 204 len: 168 time: 0.3480659
2026-03-31 06:10:27.424 10 WARNING neutron.scheduler.dhcp_agent_scheduler [req-b70b416a-07f0-4eae-8834-32b3e49cec7e req-9a2a14d0-c2b7-4abc-8336-e3153433c7b3 2392fe1d59394893a93b87d644b41510 74c551e2a47f4358ba49255aee662e66 - - default default] No more DHCP agents
2026-03-31 06:10:27.426 10 WARNING neutron.api.rpc.agentnotifiers.dhcp_rpc_agent_api [req-b70b416a-07f0-4eae-8834-32b3e49cec7e req-9a2a14d0-c2b7-4abc-8336-e3153433c7b3 2392fe1d59394893a93b87d644b41510 74c551e2a47f4358ba49255aee662e66 - - default default] Unable to schedule network 85d70d42-19fb-4d02-b341-603e1055c83b: no agents available; will retry on subsequent port and subnet creation events.
2026-03-31 06:10:27.654 9 INFO neutron.wsgi [None req-3d4f9ad5-c321-450f-b4ba-3377aabc36be a4bcd8e1819c48a5bb617963223be0d9 a2b328adb70a4700b1bf1b41ecdb945b - - default default] 10.0.0.150 "DELETE /v2.0/ports/04812898-a977-478e-bec3-a9173bbbc526 HTTP/1.1" status: 204 len: 168 time: 0.3278208
2026-03-31 06:10:27.655 10 INFO neutron.wsgi [None req-9eba0f86-9cca-4eda-adee-af48f9b71d65 805bb2134d174bffb3dd348f04c0a4bc ea3b4cf9758c4a568bbbbb89a380be48 - - default default] 10.0.0.150 "DELETE /v2.0/security-groups/4de543f0-201f-4fbb-8280-69f4aee0f299 HTTP/1.1" status: 204 len: 168 time: 0.4117796 /var/lib/openstack/lib/python3.10/site-packages/pycadf/identifier.py:71: UserWarning: Invalid uuid: neutron. To ensure interoperability, identifiers should be a valid uuid. warnings.warn(('Invalid uuid: %s. To ensure interoperability, '
