File "/var/lib/openstack/lib/python3.10/site-packages/ovsdbapp/backend/ovs_idl/__init__.py", line 235, in _lookup
2026-03-31 06:10:49.460 9 ERROR ovsdbapp.backend.ovs_idl.command row = idlutils.row_by_value(self, rl.table, rl.column, record)
2026-03-31 06:10:49.460 9 ERROR ovsdbapp.backend.ovs_idl.command
File "/var/lib/openstack/lib/python3.10/site-packages/ovsdbapp/backend/ovs_idl/idlutils.py", line 114, in row_by_value
2026-03-31 06:10:49.460 9 ERROR ovsdbapp.backend.ovs_idl.command raise RowNotFound(table=table, col=column, match=match)
2026-03-31 06:10:49.460 9 ERROR ovsdbapp.backend.ovs_idl.command ovsdbapp.backend.ovs_idl.idlutils.RowNotFound: Cannot find Logical_Router_Port with name=lrp-8c9ec790-03d7-41eb-b5c2-e4f4d976495a
2026-03-31 06:10:49.460 9 ERROR ovsdbapp.backend.ovs_idl.command 
2026-03-31 06:10:49.460 9 ERROR neutron_lib.callbacks.manager [None req-1d775c9f-fb30-445a-b507-8f896f24425a eef06c56c0e6461aad998f52a5bb9070 78a23fd4d5494a6fb48f0fa33886bca4 - - default default] Error during notification for neutron.services.ovn_l3.plugin.OVNL3RouterPlugin._port_update-8773592256239 port, after_update: ovsdbapp.backend.ovs_idl.idlutils.RowNotFound: Cannot find Logical_Router_Port with name=lrp-8c9ec790-03d7-41eb-b5c2-e4f4d976495a
2026-03-31 06:10:49.460 9 ERROR neutron_lib.callbacks.manager
Traceback (most recent call last):
2026-03-31 06:10:49.460 9 ERROR neutron_lib.callbacks.manager
File "/var/lib/openstack/lib/python3.10/site-packages/neutron_lib/callbacks/manager.py", line 189, in _notify_loop
2026-03-31 06:10:49.460 9 ERROR neutron_lib.callbacks.manager callback.method(resource, event, trigger, payload=payload)
2026-03-31 06:10:49.460 9 ERROR neutron_lib.callbacks.manager
File "/var/lib/openstack/lib/python3.10/site-packages/neutron/services/ovn_l3/plugin.py", line 391, in _port_update
2026-03-31 06:10:49.460 9 ERROR neutron_lib.callbacks.manager l3plugin._ovn_client.update_router_port(context,
2026-03-31 06:10:49.460 9 ERROR neutron_lib.callbacks.manager
File "/var/lib/openstack/lib/python3.10/site-packages/neutron/plugins/ml2/drivers/ovn/mech_driver/ovsdb/ovn_client.py", line 1878, in update_router_port
2026-03-31 06:10:49.460 9 ERROR neutron_lib.callbacks.manager self._update_lrouter_port(context, port, if_exists=if_exists,
2026-03-31 06:10:49.460 9 ERROR neutron_lib.callbacks.manager
File "/var/lib/openstack/lib/python3.10/site-packages/neutron/plugins/ml2/drivers/ovn/mech_driver/ovsdb/ovn_client.py", line 1855, in _update_lrouter_port
2026-03-31 06:10:49.460 9 ERROR neutron_lib.callbacks.manager external_ids = self._nb_idl.db_get(
2026-03-31 06:10:49.460 9 ERROR neutron_lib.callbacks.manager
File "/var/lib/openstack/lib/python3.10/site-packages/ovsdbapp/backend/ovs_idl/command.py", line 47, in execute
2026-03-31 06:10:49.460 9 ERROR neutron_lib.callbacks.manager self.run_idl(None)
2026-03-31 06:10:49.460 9 ERROR neutron_lib.callbacks.manager
File "/var/lib/openstack/lib/python3.10/site-packages/ovsdbapp/backend/ovs_idl/command.py", line 235, in run_idl
2026-03-31 06:10:49.460 9 ERROR neutron_lib.callbacks.manager record = self.api.lookup(self.table, self.record)
2026-03-31 06:10:49.460 9 ERROR neutron_lib.callbacks.manager
File "/var/lib/openstack/lib/python3.10/site-packages/ovsdbapp/backend/ovs_idl/__init__.py", line 184, in lookup
2026-03-31 06:10:49.460 9 ERROR neutron_lib.callbacks.manager return self._lookup(table, record)
2026-03-31 06:10:49.460 9 ERROR neutron_lib.callbacks.manager
File "/var/lib/openstack/lib/python3.10/site-packages/ovsdbapp/backend/ovs_idl/__init__.py", line 235, in _lookup
2026-03-31 06:10:49.460 9 ERROR neutron_lib.callbacks.manager row = idlutils.row_by_value(self, rl.table, rl.column, record)
2026-03-31 06:10:49.460 9 ERROR neutron_lib.callbacks.manager
File "/var/lib/openstack/lib/python3.10/site-packages/ovsdbapp/backend/ovs_idl/idlutils.py", line 114, in row_by_value
2026-03-31 06:10:49.460 9 ERROR neutron_lib.callbacks.manager raise RowNotFound(table=table, col=column, match=match)
2026-03-31 06:10:49.460 9 ERROR neutron_lib.callbacks.manager ovsdbapp.backend.ovs_idl.idlutils.RowNotFound: Cannot find Logical_Router_Port with name=lrp-8c9ec790-03d7-41eb-b5c2-e4f4d976495a
2026-03-31 06:10:49.460 9 ERROR neutron_lib.callbacks.manager 
2026-03-31 06:10:49.467 10 INFO neutron.plugins.ml2.plugin [None req-e2f31618-046d-476a-a7ff-4884df1feeca - - - - - -] Attempt 1 to provision port 55f96bc3-c58f-4aa5-841c-63f6e7f2480d
2026-03-31 06:10:49.505 10 INFO neutron.db.ovn_revision_numbers_db [None req-32090fbe-7f94-4e65-a87d-453b5c331b7f f19babc591574c3a8757346bc29c9dc0 261cadf982c045f1adeeadcc807e529c - - default default] Successfully bumped revision number for resource 55f96bc3-c58f-4aa5-841c-63f6e7f2480d (type: router_ports) to 1
2026-03-31 06:10:49.631 10 INFO neutron.db.ovn_revision_numbers_db [None req-32090fbe-7f94-4e65-a87d-453b5c331b7f f19babc591574c3a8757346bc29c9dc0 261cadf982c045f1adeeadcc807e529c - - default default] Successfully bumped revision number for resource be5736e6-eddf-4995-ae7a-44f39a07d44e (type: routers) to 2
2026-03-31 06:10:49.653 10 INFO neutron.wsgi [-] 10.0.0.158 "GET / HTTP/1.1" status: 200 len: 247 time: 0.0013287
2026-03-31 06:10:49.655 10 INFO neutron.wsgi [-] 10.0.0.158 "GET / HTTP/1.1" status: 200 len: 247 time: 0.0009596
2026-03-31 06:10:49.663 10 INFO neutron.wsgi [None req-32090fbe-7f94-4e65-a87d-453b5c331b7f f19babc591574c3a8757346bc29c9dc0 261cadf982c045f1adeeadcc807e529c - - default default] 10.0.0.150 "POST /v2.0/routers HTTP/1.1" status: 201 len: 1154 time: 2.1949172
2026-03-31 06:10:49.931 10 INFO neutron.wsgi [None req-7182da6a-9d4c-42ad-92ec-94ed81bf54f6 c6b19fad1b664d60ad6b1e2fb09c4fc0 6056e9fcb2e6459b9f02a118d0ed6e9c - - default default] 10.0.0.150 "GET /v2.0/subnets?project_id=261cadf982c045f1adeeadcc807e529c&cidr=10.100.0.0%2F28 HTTP/1.1" status: 200 len: 207 time: 0.2626400
2026-03-31 06:10:50.106 9 INFO neutron.wsgi [None req-24e2a64a-7d6e-466d-86da-1cb945e242d5 c6b19fad1b664d60ad6b1e2fb09c4fc0 6056e9fcb2e6459b9f02a118d0ed6e9c - - default default] 10.0.0.150 "GET /v2.0/networks?router%3Aexternal=True HTTP/1.1" status: 200 len: 947 time: 0.1689234
2026-03-31 06:10:50.124 9 INFO neutron.db.ovn_revision_numbers_db [None req-1d775c9f-fb30-445a-b507-8f896f24425a eef06c56c0e6461aad998f52a5bb9070 78a23fd4d5494a6fb48f0fa33886bca4 - - default default] Successfully bumped revision number for resource 8c9ec790-03d7-41eb-b5c2-e4f4d976495a (type: ports) to 1
2026-03-31 06:10:50.136 10 INFO neutron.wsgi [None req-356527d0-d29d-4ded-b0e0-eb62f7ec16e0 c6b19fad1b664d60ad6b1e2fb09c4fc0 6056e9fcb2e6459b9f02a118d0ed6e9c - - default default] 10.0.0.150 "GET /v2.0/subnets?network_id=a06480ad-20a5-4a4c-9e66-78b05aafe665&cidr=10.100.0.0%2F28 HTTP/1.1" status: 200 len: 207 time: 0.0261316
2026-03-31 06:10:50.149 9 INFO neutron.wsgi [None req-bc544860-6e71-49f2-b64f-6cca6e66a514 805bb2134d174bffb3dd348f04c0a4bc ea3b4cf9758c4a568bbbbb89a380be48 - - default default] 10.0.0.150 "DELETE /v2.0/security-groups/43b9b5c1-9588-4185-99da-ca385a83988f HTTP/1.1" status: 204 len: 168 time: 0.7432735
2026-03-31 06:10:50.155 9 WARNING neutron_lib.context [None req-9477c3b8-dd22-4d9c-b180-5c533430b5cf f19babc591574c3a8757346bc29c9dc0 261cadf982c045f1adeeadcc807e529c - - default default] Method 'is_advsvc' is deprecated since 2023.2 release (neutron-lib 3.8.0) and will be removed once support for the old RBAC API policies will be removed from Neutron. Please use method 'is_service_role' instead.
2026-03-31 06:10:50.250 9 WARNING neutron.scheduler.dhcp_agent_scheduler [None req-1d775c9f-fb30-445a-b507-8f896f24425a eef06c56c0e6461aad998f52a5bb9070 78a23fd4d5494a6fb48f0fa33886bca4 - - default default] No more DHCP agents
2026-03-31 06:10:50.257 9 WARNING neutron.api.rpc.agentnotifiers.dhcp_rpc_agent_api [None req-1d775c9f-fb30-445a-b507-8f896f24425a eef06c56c0e6461aad998f52a5bb9070 78a23fd4d5494a6fb48f0fa33886bca4 - - default default] Unable to schedule network 29f89273-c0e9-43d0-b4eb-1c59cab3de13: no agents available; will retry on subsequent port and subnet creation events.
2026-03-31 06:10:50.298 10 INFO neutron.db.ovn_revision_numbers_db [None req-8595c52e-ad65-4c82-a221-c5c38bacd897 - - - - - -] Successfully bumped revision number for resource 55f96bc3-c58f-4aa5-841c-63f6e7f2480d (type: ports) to 1
2026-03-31 06:10:50.591 9 WARNING neutron.scheduler.dhcp_agent_scheduler [None req-9477c3b8-dd22-4d9c-b180-5c533430b5cf f19babc591574c3a8757346bc29c9dc0 261cadf982c045f1adeeadcc807e529c - - default default] No more DHCP agents
2026-03-31 06:10:50.595 9 WARNING neutron.api.rpc.agentnotifiers.dhcp_rpc_agent_api [None req-9477c3b8-dd22-4d9c-b180-5c533430b5cf f19babc591574c3a8757346bc29c9dc0 261cadf982c045f1adeeadcc807e529c - - default default] Unable to schedule network 77d7603f-c7a5-431f-b1c7-422d7071014c: no agents available; will retry on subsequent port and subnet creation events.
2026-03-31 06:10:50.863 9 INFO neutron.db.ovn_revision_numbers_db [None req-1d775c9f-fb30-445a-b507-8f896f24425a eef06c56c0e6461aad998f52a5bb9070 78a23fd4d5494a6fb48f0fa33886bca4 - - default default] Successfully bumped revision number for resource 8c9ec790-03d7-41eb-b5c2-e4f4d976495a (type: router_ports) to 1
2026-03-31 06:10:50.871 9 INFO neutron.wsgi [None req-1d775c9f-fb30-445a-b507-8f896f24425a eef06c56c0e6461aad998f52a5bb9070 78a23fd4d5494a6fb48f0fa33886bca4 - - default default] 10.0.0.150 "PUT /v2.0/routers/b3cc3d80-86b7-4446-8f8d-51cf3fec0a2d/add_router_interface HTTP/1.1" status: 200 len: 503 time: 3.0940015
2026-03-31 06:10:50.882 9 WARNING neutron_lib.context [None req-a26c21de-c185-4366-ad23-824ecf448809 eef06c56c0e6461aad998f52a5bb9070 78a23fd4d5494a6fb48f0fa33886bca4 - - default default] Method 'is_advsvc' is deprecated since 2023.2 release (neutron-lib 3.8.0) and will be removed once support for the old RBAC API policies will be removed from Neutron. Please use method 'is_service_role' instead.
2026-03-31 06:10:50.888 10 INFO neutron.db.ovn_revision_numbers_db [None req-a2f8d818-0874-4888-a378-64d3f9e19beb 805bb2134d174bffb3dd348f04c0a4bc ea3b4cf9758c4a568bbbbb89a380be48 - - default default] Successfully bumped revision number for resource e2604c0a-06b1-43bc-b90a-7724aaccf662 (type: security_groups) to 1
2026-03-31 06:10:50.910 10 INFO neutron.db.ovn_revision_numbers_db [None req-a2f8d818-0874-4888-a378-64d3f9e19beb 805bb2134d174bffb3dd348f04c0a4bc ea3b4cf9758c4a568bbbbb89a380be48 - - default default] Successfully bumped revision number for resource 352cebd9-c878-4b2f-8d17-c781b658d3da (type: security_group_rules) to 0
2026-03-31 06:10:50.936 10 INFO neutron.db.ovn_revision_numbers_db [None req-a2f8d818-0874-4888-a378-64d3f9e19beb 805bb2134d174bffb3dd348f04c0a4bc ea3b4cf9758c4a568bbbbb89a380be48 - - default default] Successfully bumped revision number for resource 8d9be30d-04d9-4426-a7a6-8c6a08529df7 (type: security_group_rules) to 0
2026-03-31 06:10:50.970 10 INFO neutron.db.ovn_revision_numbers_db [None req-a2f8d818-0874-4888-a378-64d3f9e19beb 805bb2134d174bffb3dd348f04c0a4bc ea3b4cf9758c4a568bbbbb89a380be48 - - default default] Successfully bumped revision number for resource 9eaf3718-9a0b-4437-af1f-59235fbfcedd (type: security_group_rules) to 0
2026-03-31 06:10:50.985 10 INFO neutron.db.ovn_revision_numbers_db [None req-a2f8d818-0874-4888-a378-64d3f9e19beb 805bb2134d174bffb3dd348f04c0a4bc ea3b4cf9758c4a568bbbbb89a380be48 - - default default] Successfully bumped revision number for resource eba7f9bd-83a1-4fb4-83bb-63e2eff04e27 (type: security_group_rules) to 0
2026-03-31 06:10:51.029 10 INFO neutron.wsgi [None req-a2f8d818-0874-4888-a378-64d3f9e19beb 805bb2134d174bffb3dd348f04c0a4bc ea3b4cf9758c4a568bbbbb89a380be48 - - default default] 10.0.0.150 "GET /v2.0/security-groups?tenant_id=bc95c98e484447d3adc508832dc065a1&name=default HTTP/1.1" status: 200 len: 3120 time: 0.6981413
2026-03-31 06:10:51.101 10 INFO neutron.db.ovn_revision_numbers_db [None req-8595c52e-ad65-4c82-a221-c5c38bacd897 - - - - - -] Successfully bumped revision number for resource 55f96bc3-c58f-4aa5-841c-63f6e7f2480d (type: router_ports) to 3
2026-03-31 06:10:51.357 10 INFO neutron.wsgi [None req-ed3200b1-6106-4091-911f-d4151b3a8bb2 805bb2134d174bffb3dd348f04c0a4bc ea3b4cf9758c4a568bbbbb89a380be48 - - default default] 10.0.0.150 "DELETE /v2.0/security-groups/e2604c0a-06b1-43bc-b90a-7724aaccf662 HTTP/1.1" status: 204 len: 168 time: 0.3207455
2026-03-31 06:10:51.374 10 INFO neutron.db.ovn_revision_numbers_db [None req-8595c52e-ad65-4c82-a221-c5c38bacd897 - - - - - -] Successfully bumped revision number for resource 55f96bc3-c58f-4aa5-841c-63f6e7f2480d (type: ports) to 2
2026-03-31 06:10:51.444 9 WARNING neutron.scheduler.dhcp_agent_scheduler [None req-a26c21de-c185-4366-ad23-824ecf448809 eef06c56c0e6461aad998f52a5bb9070 78a23fd4d5494a6fb48f0fa33886bca4 - - default default] No more DHCP agents
2026-03-31 06:10:51.449 9 WARNING neutron.api.rpc.agentnotifiers.dhcp_rpc_agent_api [None req-a26c21de-c185-4366-ad23-824ecf448809 eef06c56c0e6461aad998f52a5bb9070 78a23fd4d5494a6fb48f0fa33886bca4 - - default default] Unable to schedule network 29f89273-c0e9-43d0-b4eb-1c59cab3de13: no agents available; will retry on subsequent port and subnet creation events.
2026-03-31 06:10:51.489 9 INFO neutron.db.ovn_revision_numbers_db [None req-9477c3b8-dd22-4d9c-b180-5c533430b5cf f19babc591574c3a8757346bc29c9dc0 261cadf982c045f1adeeadcc807e529c - - default default] Successfully bumped revision number for resource 16739c6b-0964-45dc-8636-af44f66bfd3e (type: ports) to 2
2026-03-31 06:10:51.565 9 INFO neutron.db.ovn_revision_numbers_db [None req-9477c3b8-dd22-4d9c-b180-5c533430b5cf f19babc591574c3a8757346bc29c9dc0 261cadf982c045f1adeeadcc807e529c - - default default] Successfully bumped revision number for resource cafb6ac1-271b-4453-903a-14c07117a161 (type: subnets) to 0
2026-03-31 06:10:51.589 9 INFO neutron.wsgi [None req-9477c3b8-dd22-4d9c-b180-5c533430b5cf f19babc591574c3a8757346bc29c9dc0 261cadf982c045f1adeeadcc807e529c - - default default] 10.0.0.150 "POST /v2.0/subnets HTTP/1.1" status: 201 len: 832 time: 1.4466796
2026-03-31 06:10:51.696 9 INFO neutron.db.ovn_revision_numbers_db [None req-a26c21de-c185-4366-ad23-824ecf448809 eef06c56c0e6461aad998f52a5bb9070 78a23fd4d5494a6fb48f0fa33886bca4 - - default default] Successfully bumped revision number for resource c328f809-ec67-4fc2-a8e6-9789b0139a5b (type: ports) to 1
2026-03-31 06:10:51.726 9 INFO neutron.wsgi [None req-a26c21de-c185-4366-ad23-824ecf448809 eef06c56c0e6461aad998f52a5bb9070 78a23fd4d5494a6fb48f0fa33886bca4 - - default default] 10.0.0.150 "POST /v2.0/ports HTTP/1.1" status: 201 len: 1153 time: 0.8487654 /var/lib/openstack/lib/python3.10/site-packages/pycadf/identifier.py:71: UserWarning: Invalid uuid: neutron. To ensure interoperability, identifiers should be a valid uuid. warnings.warn(('Invalid uuid: %s. To ensure interoperability, '
2026-03-31 06:10:51.738 9 WARNING neutron_lib.context [None req-76017b5c-0847-4de2-abe5-9cebbca74b69 eef06c56c0e6461aad998f52a5bb9070 78a23fd4d5494a6fb48f0fa33886bca4 - - default default] Method 'is_advsvc' is deprecated since 2023.2 release (neutron-lib 3.8.0) and will be removed once support for the old RBAC API policies will be removed from Neutron. Please use method 'is_service_role' instead.
2026-03-31 06:10:51.975 10 INFO neutron.db.ovn_revision_numbers_db [None req-8595c52e-ad65-4c82-a221-c5c38bacd897 - - - - - -] Successfully bumped revision number for resource 55f96bc3-c58f-4aa5-841c-63f6e7f2480d (type: ports) to 4
2026-03-31 06:10:52.115 10 INFO neutron.db.ovn_revision_numbers_db [None req-915f08cc-5c37-479d-8e9f-99fda9ecb94a 805bb2134d174bffb3dd348f04c0a4bc ea3b4cf9758c4a568bbbbb89a380be48 - - default default] Successfully bumped revision number for resource a527938b-325f-41a6-87f0-015a9898ac7d (type: security_groups) to 1
2026-03-31 06:10:52.149 9 WARNING neutron.scheduler.dhcp_agent_scheduler [None req-76017b5c-0847-4de2-abe5-9cebbca74b69 eef06c56c0e6461aad998f52a5bb9070 78a23fd4d5494a6fb48f0fa33886bca4 - - default default] No more DHCP agents
2026-03-31 06:10:52.151 9 WARNING neutron.api.rpc.agentnotifiers.dhcp_rpc_agent_api [None req-76017b5c-0847-4de2-abe5-9cebbca74b69 eef06c56c0e6461aad998f52a5bb9070 78a23fd4d5494a6fb48f0fa33886bca4 - - default default] Unable to schedule network 29f89273-c0e9-43d0-b4eb-1c59cab3de13: no agents available; will retry on subsequent port and subnet creation events.
2026-03-31 06:10:52.155 10 INFO neutron.db.ovn_revision_numbers_db [None req-915f08cc-5c37-479d-8e9f-99fda9ecb94a 805bb2134d174bffb3dd348f04c0a4bc ea3b4cf9758c4a568bbbbb89a380be48 - - default default] Successfully bumped revision number for resource 0f68d7d0-83fa-4409-8fb9-5379ae34abf6 (type: security_group_rules) to 0
2026-03-31 06:10:52.179 10 INFO neutron.db.ovn_revision_numbers_db [None req-915f08cc-5c37-479d-8e9f-99fda9ecb94a 805bb2134d174bffb3dd348f04c0a4bc ea3b4cf9758c4a568bbbbb89a380be48 - - default default] Successfully bumped revision number for resource 3b789673-f838-4bdf-8374-60aec1186a84 (type: security_group_rules) to 0
2026-03-31 06:10:52.222 10 INFO neutron.db.ovn_revision_numbers_db [None req-915f08cc-5c37-479d-8e9f-99fda9ecb94a 805bb2134d174bffb3dd348f04c0a4bc ea3b4cf9758c4a568bbbbb89a380be48 - - default default] Successfully bumped revision number for resource 95fd3243-58ff-43fb-a935-d6d8241474da (type: security_group_rules) to 0
2026-03-31 06:10:52.258 10 INFO neutron.db.ovn_revision_numbers_db [None req-915f08cc-5c37-479d-8e9f-99fda9ecb94a 805bb2134d174bffb3dd348f04c0a4bc ea3b4cf9758c4a568bbbbb89a380be48 - - default default] Successfully bumped revision number for resource e9550b13-20ed-47ca-bc94-5558d34165f5 (type: security_group_rules) to 0
2026-03-31 06:10:52.321 10 INFO neutron.wsgi [None req-915f08cc-5c37-479d-8e9f-99fda9ecb94a 805bb2134d174bffb3dd348f04c0a4bc ea3b4cf9758c4a568bbbbb89a380be48 - - default default] 10.0.0.150 "GET /v2.0/security-groups?tenant_id=05571e0f5e85481eae79789d7ac97687&name=default HTTP/1.1" status: 200 len: 3120 time: 0.7221694
2026-03-31 06:10:52.486 10 INFO neutron.db.ovn_revision_numbers_db [None req-8595c52e-ad65-4c82-a221-c5c38bacd897 - - - - - -] Successfully bumped revision number for resource 55f96bc3-c58f-4aa5-841c-63f6e7f2480d (type: router_ports) to 4
2026-03-31 06:10:52.586 9 INFO neutron.db.ovn_revision_numbers_db [None req-76017b5c-0847-4de2-abe5-9cebbca74b69 eef06c56c0e6461aad998f52a5bb9070 78a23fd4d5494a6fb48f0fa33886bca4 - - default default] Successfully bumped revision number for resource 4e1dc32e-6704-4270-a8e6-b709557fc490 (type: ports) to 1
2026-03-31 06:10:52.620 9 INFO neutron.wsgi [None req-76017b5c-0847-4de2-abe5-9cebbca74b69 eef06c56c0e6461aad998f52a5bb9070 78a23fd4d5494a6fb48f0fa33886bca4 - - default default] 10.0.0.150 "POST /v2.0/ports HTTP/1.1" status: 201 len: 1158 time: 0.8879638
2026-03-31 06:10:52.623 9 WARNING neutron.plugins.ml2.drivers.ovn.mech_driver.ovsdb.ovn_client [None req-030bbb55-b044-41b5-b59e-7f1ab0a84184 - - - - - -] No hosting information found for port 8dbbcea0-3cb4-402c-93a0-946e7a335b29: RuntimeError: No hosting information found for port 8dbbcea0-3cb4-402c-93a0-946e7a335b29
2026-03-31 06:10:52.624 9 INFO neutron.plugins.ml2.drivers.ovn.mech_driver.mech_driver [None req-030bbb55-b044-41b5-b59e-7f1ab0a84184 - - - - - -] OVN reports status up for port: 8c9ec790-03d7-41eb-b5c2-e4f4d976495a
2026-03-31 06:10:52.634 10 WARNING neutron_lib.context [None req-750ae1ec-4149-4be0-b1c3-a67d3fb10b4e eef06c56c0e6461aad998f52a5bb9070 78a23fd4d5494a6fb48f0fa33886bca4 - - default default] Method 'is_advsvc' is deprecated since 2023.2 release (neutron-lib 3.8.0) and will be removed once support for the old RBAC API policies will be removed from Neutron. Please use method 'is_service_role' instead.
2026-03-31 06:10:52.637 9 INFO neutron.plugins.ml2.plugin [None req-030bbb55-b044-41b5-b59e-7f1ab0a84184 - - - - - -] Attempt 1 to provision port 8c9ec790-03d7-41eb-b5c2-e4f4d976495a
2026-03-31 06:10:53.098 10 WARNING neutron.scheduler.dhcp_agent_scheduler [None req-e352b6a5-dfab-41e5-8bde-cd89ca3bcee3 f19babc591574c3a8757346bc29c9dc0 261cadf982c045f1adeeadcc807e529c - - default default] No more DHCP agents
2026-03-31 06:10:53.112 10 WARNING neutron.api.rpc.agentnotifiers.dhcp_rpc_agent_api [None req-e352b6a5-dfab-41e5-8bde-cd89ca3bcee3 f19babc591574c3a8757346bc29c9dc0 261cadf982c045f1adeeadcc807e529c - - default default] Unable to schedule network 77d7603f-c7a5-431f-b1c7-422d7071014c: no agents available; will retry on subsequent port and subnet creation events.
2026-03-31 06:10:53.125 9 INFO neutron.db.ovn_revision_numbers_db [None req-030bbb55-b044-41b5-b59e-7f1ab0a84184 - - - - - -] Successfully bumped revision number for resource 8c9ec790-03d7-41eb-b5c2-e4f4d976495a (type: ports) to 2
2026-03-31 06:10:53.177 10 INFO neutron.wsgi [None req-a28f05d9-b0a8-4f5e-a04d-88c763559c70 805bb2134d174bffb3dd348f04c0a4bc ea3b4cf9758c4a568bbbbb89a380be48 - - default default] 10.0.0.150 "DELETE /v2.0/security-groups/a527938b-325f-41a6-87f0-015a9898ac7d HTTP/1.1" status: 204 len: 168 time: 0.8417220
2026-03-31 06:10:53.301 9 INFO neutron.db.ovn_revision_numbers_db [None req-030bbb55-b044-41b5-b59e-7f1ab0a84184 - - - - - -] Successfully bumped revision number for resource 8c9ec790-03d7-41eb-b5c2-e4f4d976495a (type: router_ports) to 2
2026-03-31 06:10:53.409 10 INFO neutron.db.ovn_revision_numbers_db [None req-e352b6a5-dfab-41e5-8bde-cd89ca3bcee3 f19babc591574c3a8757346bc29c9dc0 261cadf982c045f1adeeadcc807e529c - - default default] Successfully bumped revision number for resource 2087b999-8951-48a1-a13f-48529d077dc7 (type: ports) to 1
2026-03-31 06:10:53.412 10 WARNING neutron.scheduler.dhcp_agent_scheduler [None req-750ae1ec-4149-4be0-b1c3-a67d3fb10b4e eef06c56c0e6461aad998f52a5bb9070 78a23fd4d5494a6fb48f0fa33886bca4 - - default default] No more DHCP agents
2026-03-31 06:10:53.418 10 WARNING neutron.api.rpc.agentnotifiers.dhcp_rpc_agent_api [None req-750ae1ec-4149-4be0-b1c3-a67d3fb10b4e eef06c56c0e6461aad998f52a5bb9070 78a23fd4d5494a6fb48f0fa33886bca4 - - default default] Unable to schedule network a06480ad-20a5-4a4c-9e66-78b05aafe665: no agents available; will retry on subsequent port and subnet creation events.
2026-03-31 06:10:54.771 10 ERROR ovsdbapp.backend.ovs_idl.command [None req-e352b6a5-dfab-41e5-8bde-cd89ca3bcee3 f19babc591574c3a8757346bc29c9dc0 261cadf982c045f1adeeadcc807e529c - - default default] Error executing command (DbGetCommand): ovsdbapp.backend.ovs_idl.idlutils.RowNotFound: Cannot find Logical_Router_Port with name=lrp-2087b999-8951-48a1-a13f-48529d077dc7
2026-03-31 06:10:54.771 10 ERROR ovsdbapp.backend.ovs_idl.command
Traceback (most recent call last):
2026-03-31 06:10:54.771 10 ERROR ovsdbapp.backend.ovs_idl.command
File "/var/lib/openstack/lib/python3.10/site-packages/ovsdbapp/backend/ovs_idl/command.py", line 47, in execute
2026-03-31 06:10:54.771 10 ERROR ovsdbapp.backend.ovs_idl.command self.run_idl(None)
2026-03-31 06:10:54.771 10 ERROR ovsdbapp.backend.ovs_idl.command
File "/var/lib/openstack/lib/python3.10/site-packages/ovsdbapp/backend/ovs_idl/command.py", line 235, in run_idl
2026-03-31 06:10:54.771 10 ERROR ovsdbapp.backend.ovs_idl.command record = self.api.lookup(self.table, self.record)
2026-03-31 06:10:54.771 10 ERROR ovsdbapp.backend.ovs_idl.command
File "/var/lib/openstack/lib/python3.10/site-packages/ovsdbapp/backend/ovs_idl/__init__.py", line 184, in lookup
2026-03-31 06:10:54.771 10 ERROR ovsdbapp.backend.ovs_idl.command return self._lookup(table, record)
2026-03-31 06:10:54.771 10 ERROR ovsdbapp.backend.ovs_idl.command
File "/var/lib/openstack/lib/python3.10/site-packages/ovsdbapp/backend/ovs_idl/__init__.py", line 235, in _lookup
2026-03-31 06:10:54.771 10 ERROR ovsdbapp.backend.ovs_idl.command row = idlutils.row_by_value(self, rl.table, rl.column, record)
2026-03-31 06:10:54.771 10 ERROR ovsdbapp.backend.ovs_idl.command
File "/var/lib/openstack/lib/python3.10/site-packages/ovsdbapp/backend/ovs_idl/idlutils.py", line 114, in row_by_value
2026-03-31 06:10:54.771 10 ERROR ovsdbapp.backend.ovs_idl.command raise RowNotFound(table=table, col=column, match=match)
2026-03-31 06:10:54.771 10 ERROR ovsdbapp.backend.ovs_idl.command ovsdbapp.backend.ovs_idl.idlutils.RowNotFound: Cannot find Logical_Router_Port with name=lrp-2087b999-8951-48a1-a13f-48529d077dc7
2026-03-31 06:10:54.771 10 ERROR ovsdbapp.backend.ovs_idl.command 
2026-03-31 06:10:54.771 10 ERROR neutron_lib.callbacks.manager [None req-e352b6a5-dfab-41e5-8bde-cd89ca3bcee3 f19babc591574c3a8757346bc29c9dc0 261cadf982c045f1adeeadcc807e529c - - default default] Error during notification for neutron.services.ovn_l3.plugin.OVNL3RouterPlugin._port_update-8773592256239 port, after_update: ovsdbapp.backend.ovs_idl.idlutils.RowNotFound: Cannot find Logical_Router_Port with name=lrp-2087b999-8951-48a1-a13f-48529d077dc7
2026-03-31 06:10:54.771 10 ERROR neutron_lib.callbacks.manager
Traceback (most recent call last):
2026-03-31 06:10:54.771 10 ERROR neutron_lib.callbacks.manager
File "/var/lib/openstack/lib/python3.10/site-packages/neutron_lib/callbacks/manager.py", line 189, in _notify_loop
2026-03-31 06:10:54.771 10 ERROR neutron_lib.callbacks.manager callback.method(resource, event, trigger, payload=payload)
2026-03-31 06:10:54.771 10 ERROR neutron_lib.callbacks.manager
File "/var/lib/openstack/lib/python3.10/site-packages/neutron/services/ovn_l3/plugin.py", line 391, in _port_update
2026-03-31 06:10:54.771 10 ERROR neutron_lib.callbacks.manager l3plugin._ovn_client.update_router_port(context,
2026-03-31 06:10:54.771 10 ERROR neutron_lib.callbacks.manager
File "/var/lib/openstack/lib/python3.10/site-packages/neutron/plugins/ml2/drivers/ovn/mech_driver/ovsdb/ovn_client.py", line 1878, in update_router_port
2026-03-31 06:10:54.771 10 ERROR neutron_lib.callbacks.manager self._update_lrouter_port(context, port, if_exists=if_exists,
2026-03-31 06:10:54.771 10 ERROR neutron_lib.callbacks.manager
File "/var/lib/openstack/lib/python3.10/site-packages/neutron/plugins/ml2/drivers/ovn/mech_driver/ovsdb/ovn_client.py", line 1855, in _update_lrouter_port
2026-03-31 06:10:54.771 10 ERROR neutron_lib.callbacks.manager external_ids = self._nb_idl.db_get(
2026-03-31 06:10:54.771 10 ERROR neutron_lib.callbacks.manager
File "/var/lib/openstack/lib/python3.10/site-packages/ovsdbapp/backend/ovs_idl/command.py", line 47, in execute
2026-03-31 06:10:54.771 10 ERROR neutron_lib.callbacks.manager self.run_idl(None)
2026-03-31 06:10:54.771 10 ERROR neutron_lib.callbacks.manager
File "/var/lib/openstack/lib/python3.10/site-packages/ovsdbapp/backend/ovs_idl/command.py", line 235, in run_idl
2026-03-31 06:10:54.771 10 ERROR neutron_lib.callbacks.manager record = self.api.lookup(self.table, self.record)
2026-03-31 06:10:54.771 10 ERROR neutron_lib.callbacks.manager
File "/var/lib/openstack/lib/python3.10/site-packages/ovsdbapp/backend/ovs_idl/__init__.py", line 184, in lookup
2026-03-31 06:10:54.771 10 ERROR neutron_lib.callbacks.manager return self._lookup(table, record)
2026-03-31 06:10:54.771 10 ERROR neutron_lib.callbacks.manager
File "/var/lib/openstack/lib/python3.10/site-packages/ovsdbapp/backend/ovs_idl/__init__.py", line 235, in _lookup
2026-03-31 06:10:54.771 10 ERROR neutron_lib.callbacks.manager row = idlutils.row_by_value(self, rl.table, rl.column, record)
2026-03-31 06:10:54.771 10 ERROR neutron_lib.callbacks.manager
File "/var/lib/openstack/lib/python3.10/site-packages/ovsdbapp/backend/ovs_idl/idlutils.py", line 114, in row_by_value
2026-03-31 06:10:54.771 10 ERROR neutron_lib.callbacks.manager raise RowNotFound(table=table, col=column, match=match)
2026-03-31 06:10:54.771 10 ERROR neutron_lib.callbacks.manager ovsdbapp.backend.ovs_idl.idlutils.RowNotFound: Cannot find Logical_Router_Port with name=lrp-2087b999-8951-48a1-a13f-48529d077dc7
2026-03-31 06:10:54.771 10 ERROR neutron_lib.callbacks.manager 
2026-03-31 06:10:54.983 10 INFO neutron.db.ovn_revision_numbers_db [None req-750ae1ec-4149-4be0-b1c3-a67d3fb10b4e eef06c56c0e6461aad998f52a5bb9070 78a23fd4d5494a6fb48f0fa33886bca4 - - default default] Successfully bumped revision number for resource 0cb54e41-4d0c-401b-8cbe-7961ce905006 (type: floatingips) to -1
2026-03-31 06:10:55.096 10 INFO neutron.plugins.ml2.drivers.ovn.mech_driver.mech_driver [None req-e2f31618-046d-476a-a7ff-4884df1feeca - - - - - -] OVN reports status up for port: 2087b999-8951-48a1-a13f-48529d077dc7
2026-03-31 06:10:55.113 10 INFO neutron.plugins.ml2.plugin [None req-e2f31618-046d-476a-a7ff-4884df1feeca - - - - - -] Attempt 1 to provision port 2087b999-8951-48a1-a13f-48529d077dc7
2026-03-31 06:10:55.157 10 INFO neutron.db.ovn_revision_numbers_db [None req-e352b6a5-dfab-41e5-8bde-cd89ca3bcee3 f19babc591574c3a8757346bc29c9dc0 261cadf982c045f1adeeadcc807e529c - - default default] Successfully bumped revision number for resource 2087b999-8951-48a1-a13f-48529d077dc7 (type: ports) to 1
2026-03-31 06:10:55.196 10 INFO neutron.db.ovn_revision_numbers_db [None req-750ae1ec-4149-4be0-b1c3-a67d3fb10b4e eef06c56c0e6461aad998f52a5bb9070 78a23fd4d5494a6fb48f0fa33886bca4 - - default default] Successfully bumped revision number for resource 0cb54e41-4d0c-401b-8cbe-7961ce905006 (type: floatingips) to 1
2026-03-31 06:10:55.196 10 INFO neutron.db.l3_db [None req-750ae1ec-4149-4be0-b1c3-a67d3fb10b4e eef06c56c0e6461aad998f52a5bb9070 78a23fd4d5494a6fb48f0fa33886bca4 - - default default] Floating IP 0cb54e41-4d0c-401b-8cbe-7961ce905006 associated. External IP: 10.96.250.210, port: 4e1dc32e-6704-4270-a8e6-b709557fc490.
2026-03-31 06:10:55.274 10 INFO neutron.wsgi [None req-750ae1ec-4149-4be0-b1c3-a67d3fb10b4e eef06c56c0e6461aad998f52a5bb9070 78a23fd4d5494a6fb48f0fa33886bca4 - - default default] 10.0.0.150 "POST /v2.0/floatingips HTTP/1.1" status: 201 len: 1042 time: 2.6486132 /var/lib/openstack/lib/python3.10/site-packages/pycadf/identifier.py:71: UserWarning: Invalid uuid: neutron. To ensure interoperability, identifiers should be a valid uuid. warnings.warn(('Invalid uuid: %s. To ensure interoperability, '
2026-03-31 06:10:55.283 10 WARNING neutron.scheduler.dhcp_agent_scheduler [None req-e352b6a5-dfab-41e5-8bde-cd89ca3bcee3 f19babc591574c3a8757346bc29c9dc0 261cadf982c045f1adeeadcc807e529c - - default default] No more DHCP agents
2026-03-31 06:10:55.286 10 WARNING neutron.api.rpc.agentnotifiers.dhcp_rpc_agent_api [None req-e352b6a5-dfab-41e5-8bde-cd89ca3bcee3 f19babc591574c3a8757346bc29c9dc0 261cadf982c045f1adeeadcc807e529c - - default default] Unable to schedule network 77d7603f-c7a5-431f-b1c7-422d7071014c: no agents available; will retry on subsequent port and subnet creation events.
2026-03-31 06:10:55.573 9 INFO neutron.db.ovn_revision_numbers_db [None req-2f688eb7-9daa-47a2-98d8-7eae74d7fa89 eef06c56c0e6461aad998f52a5bb9070 78a23fd4d5494a6fb48f0fa33886bca4 - - default default] Successfully bumped revision number for resource 0cb54e41-4d0c-401b-8cbe-7961ce905006 (type: floatingips) to 2
2026-03-31 06:10:55.648 9 INFO neutron.db.l3_db [None req-2f688eb7-9daa-47a2-98d8-7eae74d7fa89 eef06c56c0e6461aad998f52a5bb9070 78a23fd4d5494a6fb48f0fa33886bca4 - - default default] Floating IP 0cb54e41-4d0c-401b-8cbe-7961ce905006 disassociated. External IP: 10.96.250.210, port: 4e1dc32e-6704-4270-a8e6-b709557fc490.
2026-03-31 06:10:55.686 9 INFO neutron.wsgi [None req-2f688eb7-9daa-47a2-98d8-7eae74d7fa89 eef06c56c0e6461aad998f52a5bb9070 78a23fd4d5494a6fb48f0fa33886bca4 - - default default] 10.0.0.150 "PUT /v2.0/floatingips/0cb54e41-4d0c-401b-8cbe-7961ce905006 HTTP/1.1" status: 200 len: 748 time: 0.4072337
2026-03-31 06:10:55.731 10 INFO neutron.db.ovn_revision_numbers_db [None req-e352b6a5-dfab-41e5-8bde-cd89ca3bcee3 f19babc591574c3a8757346bc29c9dc0 261cadf982c045f1adeeadcc807e529c - - default default] Successfully bumped revision number for resource 2087b999-8951-48a1-a13f-48529d077dc7 (type: router_ports) to 1
2026-03-31 06:10:55.738 10 INFO neutron.wsgi [None req-e352b6a5-dfab-41e5-8bde-cd89ca3bcee3 f19babc591574c3a8757346bc29c9dc0 261cadf982c045f1adeeadcc807e529c - - default default] 10.0.0.150 "PUT /v2.0/routers/be5736e6-eddf-4995-ae7a-44f39a07d44e/add_router_interface HTTP/1.1" status: 200 len: 503 time: 4.1394939
2026-03-31 06:10:55.814 10 INFO neutron.db.ovn_revision_numbers_db [None req-e2f31618-046d-476a-a7ff-4884df1feeca - - - - - -] Successfully bumped revision number for resource 2087b999-8951-48a1-a13f-48529d077dc7 (type: ports) to 2
2026-03-31 06:10:55.875 10 INFO neutron.wsgi [None req-d8009d37-7d23-476b-afef-e93eb29dbef0 c6b19fad1b664d60ad6b1e2fb09c4fc0 6056e9fcb2e6459b9f02a118d0ed6e9c - - default default] 10.0.0.150 "GET /v2.0/networks HTTP/1.1" status: 200 len: 3876 time: 0.1250370
2026-03-31 06:10:55.924 9 WARNING neutron_lib.context [None req-9b51248d-b23e-4e82-a980-73da80589962 d4ad0d8124a8489995e4ebccdf9af6ab 93d729f1f3944ab884b1baddc5e9d99e - - default default] Method 'is_advsvc' is deprecated since 2023.2 release (neutron-lib 3.8.0) and will be removed once support for the old RBAC API policies will be removed from Neutron. Please use method 'is_service_role' instead.
2026-03-31 06:10:55.965 9 INFO neutron.wsgi [None req-247c4f71-8c25-4ca3-bcb3-815759553971 c6b19fad1b664d60ad6b1e2fb09c4fc0 6056e9fcb2e6459b9f02a118d0ed6e9c - - default default] 10.0.0.150 "GET /v2.0/subnets HTTP/1.1" status: 200 len: 2708 time: 0.0837991
2026-03-31 06:10:56.018 10 INFO neutron.db.ovn_revision_numbers_db [None req-e2f31618-046d-476a-a7ff-4884df1feeca - - - - - -] Successfully bumped revision number for resource 2087b999-8951-48a1-a13f-48529d077dc7 (type: router_ports) to 2
2026-03-31 06:10:56.161 9 INFO neutron.wsgi [None req-f66a0358-7340-48f6-95fa-532ded275046 c6b19fad1b664d60ad6b1e2fb09c4fc0 6056e9fcb2e6459b9f02a118d0ed6e9c - - default default] 10.0.0.150 "GET /v2.0/routers HTTP/1.1" status: 200 len: 2133 time: 0.1882386
2026-03-31 06:10:56.257 10 WARNING neutron_lib.context [None req-6cb13b6f-59c9-4242-8ccc-a5bd1d3a19e4 f19babc591574c3a8757346bc29c9dc0 261cadf982c045f1adeeadcc807e529c - - default default] Method 'is_advsvc' is deprecated since 2023.2 release (neutron-lib 3.8.0) and will be removed once support for the old RBAC API policies will be removed from Neutron. Please use method 'is_service_role' instead.
2026-03-31 06:10:56.302 9 INFO neutron.db.ovn_revision_numbers_db [None req-9b51248d-b23e-4e82-a980-73da80589962 d4ad0d8124a8489995e4ebccdf9af6ab 93d729f1f3944ab884b1baddc5e9d99e - - default default] Successfully bumped revision number for resource ba214b12-0006-4c7d-8e42-fc6890a11bd2 (type: security_groups) to 1
2026-03-31 06:10:56.323 9 INFO neutron.wsgi [None req-ff2890a8-0389-4006-abf8-f3d47ce94499 eef06c56c0e6461aad998f52a5bb9070 78a23fd4d5494a6fb48f0fa33886bca4 - - default default] 10.0.0.150 "DELETE /v2.0/floatingips/0cb54e41-4d0c-401b-8cbe-7961ce905006 HTTP/1.1" status: 204 len: 168 time: 0.6304445
2026-03-31 06:10:56.327 9 INFO neutron.db.ovn_revision_numbers_db [None req-9b51248d-b23e-4e82-a980-73da80589962 d4ad0d8124a8489995e4ebccdf9af6ab 93d729f1f3944ab884b1baddc5e9d99e - - default default] Successfully bumped revision number for resource 179fd6b2-4f04-4d29-ab26-d47bfa702798 (type: security_group_rules) to 0
2026-03-31 06:10:56.340 10 WARNING neutron_lib.context [None req-09f364f4-c646-4a22-aa14-c2f4620f9884 eef06c56c0e6461aad998f52a5bb9070 78a23fd4d5494a6fb48f0fa33886bca4 - - default default] Method 'is_advsvc' is deprecated since 2023.2 release (neutron-lib 3.8.0) and will be removed once support for the old RBAC API policies will be removed from Neutron. Please use method 'is_service_role' instead.
2026-03-31 06:10:56.354 9 INFO neutron.db.ovn_revision_numbers_db [None req-9b51248d-b23e-4e82-a980-73da80589962 d4ad0d8124a8489995e4ebccdf9af6ab 93d729f1f3944ab884b1baddc5e9d99e - - default default] Successfully bumped revision number for resource 2975ca44-5f8d-4908-9d76-6cf509a3e3cd (type: security_group_rules) to 0
2026-03-31 06:10:56.376 9 INFO neutron.db.ovn_revision_numbers_db [None req-9b51248d-b23e-4e82-a980-73da80589962 d4ad0d8124a8489995e4ebccdf9af6ab 93d729f1f3944ab884b1baddc5e9d99e - - default default] Successfully bumped revision number for resource 8d6f9d2a-aefc-4a0f-8cdc-5483a66ea57f (type: security_group_rules) to 0
2026-03-31 06:10:56.400 9 INFO neutron.db.ovn_revision_numbers_db [None req-9b51248d-b23e-4e82-a980-73da80589962 d4ad0d8124a8489995e4ebccdf9af6ab 93d729f1f3944ab884b1baddc5e9d99e - - default default] Successfully bumped revision number for resource 994e8fd2-4422-4d9a-bf95-2e6bca60a1d9 (type: security_group_rules) to 0
2026-03-31 06:10:56.520 10 INFO neutron.db.ovn_revision_numbers_db [None req-6cb13b6f-59c9-4242-8ccc-a5bd1d3a19e4 f19babc591574c3a8757346bc29c9dc0 261cadf982c045f1adeeadcc807e529c - - default default] Successfully bumped revision number for resource 2f528542-3c8f-42b1-9e71-2867f5f17db7 (type: security_groups) to 1
2026-03-31 06:10:56.544 10 INFO neutron.db.ovn_revision_numbers_db [None req-6cb13b6f-59c9-4242-8ccc-a5bd1d3a19e4 f19babc591574c3a8757346bc29c9dc0 261cadf982c045f1adeeadcc807e529c - - default default] Successfully bumped revision number for resource 4e076610-a004-4f72-9e87-ffcb07f08cc0 (type: security_group_rules) to 0
2026-03-31 06:10:56.552 9 INFO neutron.db.ovn_revision_numbers_db [None req-9b51248d-b23e-4e82-a980-73da80589962 d4ad0d8124a8489995e4ebccdf9af6ab 93d729f1f3944ab884b1baddc5e9d99e - - default default] Successfully bumped revision number for resource c2c25f12-b8e1-4e80-88f6-1a2d8bcdefeb (type: security_groups) to 1
2026-03-31 06:10:56.566 10 INFO neutron.db.ovn_revision_numbers_db [None req-6cb13b6f-59c9-4242-8ccc-a5bd1d3a19e4 f19babc591574c3a8757346bc29c9dc0 261cadf982c045f1adeeadcc807e529c - - default default] Successfully bumped revision number for resource 69297124-ea60-483c-9d51-945798a1f832 (type: security_group_rules) to 0
2026-03-31 06:10:56.569 9 INFO neutron.db.ovn_revision_numbers_db [None req-9b51248d-b23e-4e82-a980-73da80589962 d4ad0d8124a8489995e4ebccdf9af6ab 93d729f1f3944ab884b1baddc5e9d99e - - default default] Successfully bumped revision number for resource 9e5b645b-1954-4598-aa9b-df1df45ad5c7 (type: security_group_rules) to 0
2026-03-31 06:10:56.583 9 INFO neutron.db.ovn_revision_numbers_db [None req-9b51248d-b23e-4e82-a980-73da80589962 d4ad0d8124a8489995e4ebccdf9af6ab 93d729f1f3944ab884b1baddc5e9d99e - - default default] Successfully bumped revision number for resource d2da5ae0-e9ab-42e5-92d3-1c5f11d85e72 (type: security_group_rules) to 0
2026-03-31 06:10:56.600 10 INFO neutron.wsgi [None req-6cb13b6f-59c9-4242-8ccc-a5bd1d3a19e4 f19babc591574c3a8757346bc29c9dc0 261cadf982c045f1adeeadcc807e529c - - default default] 10.0.0.150 "POST /v2.0/security-groups HTTP/1.1" status: 201 len: 1873 time: 0.3492579
2026-03-31 06:10:56.610 9 INFO neutron.wsgi [None req-9b51248d-b23e-4e82-a980-73da80589962 d4ad0d8124a8489995e4ebccdf9af6ab 93d729f1f3944ab884b1baddc5e9d99e - - default default] 10.0.0.150 "POST /v2.0/security-groups HTTP/1.1" status: 201 len: 1801 time: 0.8114717
2026-03-31 06:10:56.614 10 WARNING neutron_lib.context [None req-b4536317-61f5-4b6c-b663-1c8a26e0abc0 f19babc591574c3a8757346bc29c9dc0 261cadf982c045f1adeeadcc807e529c - - default default] Method 'is_advsvc' is deprecated since 2023.2 release (neutron-lib 3.8.0) and will be removed once support for the old RBAC API policies will be removed from Neutron. Please use method 'is_service_role' instead.
2026-03-31 06:10:56.620 9 WARNING neutron_lib.context [None req-8d01cc67-1c8c-472f-a1a4-b55f91a38703 d4ad0d8124a8489995e4ebccdf9af6ab 93d729f1f3944ab884b1baddc5e9d99e - - default default] Method 'is_advsvc' is deprecated since 2023.2 release (neutron-lib 3.8.0) and will be removed once support for the old RBAC API policies will be removed from Neutron. Please use method 'is_service_role' instead.
2026-03-31 06:10:56.731 10 WARNING neutron.scheduler.dhcp_agent_scheduler [None req-09f364f4-c646-4a22-aa14-c2f4620f9884 eef06c56c0e6461aad998f52a5bb9070 78a23fd4d5494a6fb48f0fa33886bca4 - - default default] No more DHCP agents
2026-03-31 06:10:56.737 10 WARNING neutron.api.rpc.agentnotifiers.dhcp_rpc_agent_api [None req-09f364f4-c646-4a22-aa14-c2f4620f9884 eef06c56c0e6461aad998f52a5bb9070 78a23fd4d5494a6fb48f0fa33886bca4 - - default default] Unable to schedule network a06480ad-20a5-4a4c-9e66-78b05aafe665: no agents available; will retry on subsequent port and subnet creation events.
2026-03-31 06:10:56.762 9 INFO neutron.db.ovn_revision_numbers_db [None req-8d01cc67-1c8c-472f-a1a4-b55f91a38703 d4ad0d8124a8489995e4ebccdf9af6ab 93d729f1f3944ab884b1baddc5e9d99e - - default default] Successfully bumped revision number for resource ededc3af-024d-4d00-b8b9-94b93a3be5fa (type: security_groups) to 1
2026-03-31 06:10:56.778 9 INFO neutron.db.ovn_revision_numbers_db [None req-8d01cc67-1c8c-472f-a1a4-b55f91a38703 d4ad0d8124a8489995e4ebccdf9af6ab 93d729f1f3944ab884b1baddc5e9d99e - - default default] Successfully bumped revision number for resource 1122245d-9362-4bb7-97c1-9cbc30dfaaeb (type: security_group_rules) to 0
2026-03-31 06:10:56.794 9 INFO neutron.db.ovn_revision_numbers_db [None req-8d01cc67-1c8c-472f-a1a4-b55f91a38703 d4ad0d8124a8489995e4ebccdf9af6ab 93d729f1f3944ab884b1baddc5e9d99e - - default default] Successfully bumped revision number for resource 9449c62f-7a96-48d1-a67a-61048f2ddfb9 (type: security_group_rules) to 0
2026-03-31 06:10:56.825 9 INFO neutron.wsgi [None req-8d01cc67-1c8c-472f-a1a4-b55f91a38703 d4ad0d8124a8489995e4ebccdf9af6ab 93d729f1f3944ab884b1baddc5e9d99e - - default default] 10.0.0.150 "POST /v2.0/security-groups HTTP/1.1" status: 201 len: 1801 time: 0.2090881
2026-03-31 06:10:56.836 9 WARNING neutron_lib.context [None req-842731a0-bfcb-4d01-af98-8eb40eca4022 d4ad0d8124a8489995e4ebccdf9af6ab 93d729f1f3944ab884b1baddc5e9d99e - - default default] Method 'is_advsvc' is deprecated since 2023.2 release (neutron-lib 3.8.0) and will be removed once support for the old RBAC API policies will be removed from Neutron. Please use method 'is_service_role' instead.
2026-03-31 06:10:56.858 10 INFO neutron.db.ovn_revision_numbers_db [None req-b4536317-61f5-4b6c-b663-1c8a26e0abc0 f19babc591574c3a8757346bc29c9dc0 261cadf982c045f1adeeadcc807e529c - - default default] Successfully bumped revision number for resource f86143cb-ae49-4398-89d9-da701a6fc292 (type: security_group_rules) to 0
2026-03-31 06:10:56.924 10 INFO neutron.wsgi [None req-b4536317-61f5-4b6c-b663-1c8a26e0abc0 f19babc591574c3a8757346bc29c9dc0 261cadf982c045f1adeeadcc807e529c - - default default] 10.0.0.150 "POST /v2.0/security-group-rules HTTP/1.1" status: 201 len: 796 time: 0.3157740
2026-03-31 06:10:56.942 10 WARNING neutron_lib.context [None req-29363a01-90d1-46c8-9041-d7ae47cf8712 f19babc591574c3a8757346bc29c9dc0 261cadf982c045f1adeeadcc807e529c - - default default] Method 'is_advsvc' is deprecated since 2023.2 release (neutron-lib 3.8.0) and will be removed once support for the old RBAC API policies will be removed from Neutron. Please use method 'is_service_role' instead.
2026-03-31 06:10:56.976 9 INFO neutron.db.ovn_revision_numbers_db [None req-842731a0-bfcb-4d01-af98-8eb40eca4022 d4ad0d8124a8489995e4ebccdf9af6ab 93d729f1f3944ab884b1baddc5e9d99e - - default default] Successfully bumped revision number for resource a2b9f81a-6342-47ca-a681-0693df9f8b30 (type: security_groups) to 1
2026-03-31 06:10:56.992 9 INFO neutron.db.ovn_revision_numbers_db [None req-842731a0-bfcb-4d01-af98-8eb40eca4022 d4ad0d8124a8489995e4ebccdf9af6ab 93d729f1f3944ab884b1baddc5e9d99e - - default default] Successfully bumped revision number for resource 6036deb2-8cf2-40ca-b97f-54aa90e1b496 (type: security_group_rules) to 0
2026-03-31 06:10:57.009 9 INFO neutron.db.ovn_revision_numbers_db [None req-842731a0-bfcb-4d01-af98-8eb40eca4022 d4ad0d8124a8489995e4ebccdf9af6ab 93d729f1f3944ab884b1baddc5e9d99e - - default default] Successfully bumped revision number for resource df82c588-fab5-45fc-b213-8bbb80e5d3dc (type: security_group_rules) to 0
2026-03-31 06:10:57.041 9 INFO neutron.wsgi [None req-842731a0-bfcb-4d01-af98-8eb40eca4022 d4ad0d8124a8489995e4ebccdf9af6ab 93d729f1f3944ab884b1baddc5e9d99e - - default default] 10.0.0.150 "POST /v2.0/security-groups HTTP/1.1" status: 201 len: 1801 time: 0.2112150
2026-03-31 06:10:57.057 9 WARNING neutron_lib.context [None req-f7d6b437-6620-4e6b-bf77-243a094321a7 d4ad0d8124a8489995e4ebccdf9af6ab 93d729f1f3944ab884b1baddc5e9d99e - - default default] Method 'is_advsvc' is deprecated since 2023.2 release (neutron-lib 3.8.0) and will be removed once support for the old RBAC API policies will be removed from Neutron. Please use method 'is_service_role' instead.
2026-03-31 06:10:57.218 9 INFO neutron.db.ovn_revision_numbers_db [None req-f7d6b437-6620-4e6b-bf77-243a094321a7 d4ad0d8124a8489995e4ebccdf9af6ab 93d729f1f3944ab884b1baddc5e9d99e - - default default] Successfully bumped revision number for resource 8025f25d-797a-40d2-b724-45a1ba8c953d (type: security_groups) to 1
2026-03-31 06:10:57.237 9 INFO neutron.db.ovn_revision_numbers_db [None req-f7d6b437-6620-4e6b-bf77-243a094321a7 d4ad0d8124a8489995e4ebccdf9af6ab 93d729f1f3944ab884b1baddc5e9d99e - - default default] Successfully bumped revision number for resource daebda4f-dfeb-4e4c-932e-67c63ddf6416 (type: security_group_rules) to 0
2026-03-31 06:10:57.251 9 INFO neutron.db.ovn_revision_numbers_db [None req-f7d6b437-6620-4e6b-bf77-243a094321a7 d4ad0d8124a8489995e4ebccdf9af6ab 93d729f1f3944ab884b1baddc5e9d99e - - default default] Successfully bumped revision number for resource fc643540-6876-4aa4-b361-450445365a66 (type: security_group_rules) to 0
2026-03-31 06:10:57.273 9 INFO neutron.wsgi [None req-f7d6b437-6620-4e6b-bf77-243a094321a7 d4ad0d8124a8489995e4ebccdf9af6ab 93d729f1f3944ab884b1baddc5e9d99e - - default default] 10.0.0.150 "POST /v2.0/security-groups HTTP/1.1" status: 201 len: 1801 time: 0.2203629
2026-03-31 06:10:57.283 9 WARNING neutron_lib.context [None req-4732abfc-e8a0-4f75-ac19-b7a7cda66def d4ad0d8124a8489995e4ebccdf9af6ab 93d729f1f3944ab884b1baddc5e9d99e - - default default] Method 'is_advsvc' is deprecated since 2023.2 release (neutron-lib 3.8.0) and will be removed once support for the old RBAC API policies will be removed from Neutron. Please use method 'is_service_role' instead.
2026-03-31 06:10:57.441 9 INFO neutron.db.ovn_revision_numbers_db [None req-4732abfc-e8a0-4f75-ac19-b7a7cda66def d4ad0d8124a8489995e4ebccdf9af6ab 93d729f1f3944ab884b1baddc5e9d99e - - default default] Successfully bumped revision number for resource a2fbeb24-6d24-4e5e-b085-9c467584ddd0 (type: security_groups) to 1
2026-03-31 06:10:57.457 9 INFO neutron.db.ovn_revision_numbers_db [None req-4732abfc-e8a0-4f75-ac19-b7a7cda66def d4ad0d8124a8489995e4ebccdf9af6ab 93d729f1f3944ab884b1baddc5e9d99e - - default default] Successfully bumped revision number for resource 81e6727d-a810-4a29-8143-902a06e53790 (type: security_group_rules) to 0
2026-03-31 06:10:57.472 9 INFO neutron.db.ovn_revision_numbers_db [None req-4732abfc-e8a0-4f75-ac19-b7a7cda66def d4ad0d8124a8489995e4ebccdf9af6ab 93d729f1f3944ab884b1baddc5e9d99e - - default default] Successfully bumped revision number for resource dd3f470b-c242-47f9-b1b8-e05ef9787abf (type: security_group_rules) to 0
2026-03-31 06:10:57.498 9 INFO neutron.wsgi [None req-4732abfc-e8a0-4f75-ac19-b7a7cda66def d4ad0d8124a8489995e4ebccdf9af6ab 93d729f1f3944ab884b1baddc5e9d99e - - default default] 10.0.0.150 "POST /v2.0/security-groups HTTP/1.1" status: 201 len: 1801 time: 0.2193103
2026-03-31 06:10:57.542 9 INFO neutron.wsgi [None req-80e9b467-362a-45e8-b99b-d19a2a108a67 d4ad0d8124a8489995e4ebccdf9af6ab 93d729f1f3944ab884b1baddc5e9d99e - - default default] 10.0.0.150 "PUT /v2.0/security-groups/c2c25f12-b8e1-4e80-88f6-1a2d8bcdefeb/tags HTTP/1.1" status: 200 len: 210 time: 0.0398417
2026-03-31 06:10:57.546 10 INFO neutron.db.ovn_revision_numbers_db [None req-96ed765c-4eb2-42ac-b614-9bcbfcd4ed3c 805bb2134d174bffb3dd348f04c0a4bc ea3b4cf9758c4a568bbbbb89a380be48 - - default default] Successfully bumped revision number for resource cfe56a5e-1e43-485d-b056-3d44b5495169 (type: security_groups) to 1
2026-03-31 06:10:57.563 10 INFO neutron.db.ovn_revision_numbers_db [None req-29363a01-90d1-46c8-9041-d7ae47cf8712 f19babc591574c3a8757346bc29c9dc0 261cadf982c045f1adeeadcc807e529c - - default default] Successfully bumped revision number for resource d624800e-2344-48ca-a225-5fdbd326366a (type: security_group_rules) to 0
2026-03-31 06:10:57.577 10 INFO neutron.db.ovn_revision_numbers_db [None req-96ed765c-4eb2-42ac-b614-9bcbfcd4ed3c 805bb2134d174bffb3dd348f04c0a4bc ea3b4cf9758c4a568bbbbb89a380be48 - - default default] Successfully bumped revision number for resource 1e359acf-18d5-48bb-9469-333b5aa1011c (type: security_group_rules) to 0
2026-03-31 06:10:57.584 9 INFO neutron.wsgi [None req-6cf92464-f2e5-4e4c-aefe-f4c2bc34baf2 d4ad0d8124a8489995e4ebccdf9af6ab 93d729f1f3944ab884b1baddc5e9d99e - - default default] 10.0.0.150 "PUT /v2.0/security-groups/ededc3af-024d-4d00-b8b9-94b93a3be5fa/tags HTTP/1.1" status: 200 len: 218 time: 0.0353551
2026-03-31 06:10:57.609 10 INFO neutron.wsgi [None req-29363a01-90d1-46c8-9041-d7ae47cf8712 f19babc591574c3a8757346bc29c9dc0 261cadf982c045f1adeeadcc807e529c - - default default] 10.0.0.150 "POST /v2.0/security-group-rules HTTP/1.1" status: 201 len: 795 time: 0.6761336
2026-03-31 06:10:57.610 10 INFO neutron.db.ovn_revision_numbers_db [None req-96ed765c-4eb2-42ac-b614-9bcbfcd4ed3c 805bb2134d174bffb3dd348f04c0a4bc ea3b4cf9758c4a568bbbbb89a380be48 - - default default] Successfully bumped revision number for resource 27b18cfa-3e07-4176-865c-e16557a3ad69 (type: security_group_rules) to 0
2026-03-31 06:10:57.619 9 WARNING neutron_lib.context [None req-d649ba8e-f9b4-40f4-84c9-0445c9522d62 f19babc591574c3a8757346bc29c9dc0 261cadf982c045f1adeeadcc807e529c - - default default] Method 'is_advsvc' is deprecated since 2023.2 release (neutron-lib 3.8.0) and will be removed once support for the old RBAC API policies will be removed from Neutron. Please use method 'is_service_role' instead.
