2026-03-31 06:12:02.339 10 WARNING neutron.api.v2.base [None req-9f0480e1-c823-421c-ae1b-8cec9156444c c7a0cdb4f1c843658cc71f364eb8443e 85087d4ca8f44fe8ac35f4a91f357efc - - default default] An exception happened while processing the request body. The exception message is [Failed to parse request. Required attribute 'peer_id' not specified].: webob.exc.HTTPBadRequest: Failed to parse request. Required attribute 'peer_id' not specified
2026-03-31 06:12:02.340 10 INFO neutron.api.v2.resource [None req-9f0480e1-c823-421c-ae1b-8cec9156444c c7a0cdb4f1c843658cc71f364eb8443e 85087d4ca8f44fe8ac35f4a91f357efc - - default default] create failed (client error): Failed to parse request. Required attribute 'peer_id' not specified
2026-03-31 06:12:02.341 10 INFO neutron.wsgi [None req-9f0480e1-c823-421c-ae1b-8cec9156444c c7a0cdb4f1c843658cc71f364eb8443e 85087d4ca8f44fe8ac35f4a91f357efc - - default default] 10.0.0.150 "POST /v2.0/vpn/ipsec-site-connections HTTP/1.1" status: 400 len: 343 time: 0.0088003
2026-03-31 06:12:02.363 10 INFO neutron.wsgi [None req-d4de8105-3e6b-46c3-819e-22830f336130 c7a0cdb4f1c843658cc71f364eb8443e 85087d4ca8f44fe8ac35f4a91f357efc - - default default] 10.0.0.150 "GET /v2.0/vpn/endpoint-groups HTTP/1.1" status: 200 len: 1109 time: 0.0150273
2026-03-31 06:12:02.386 9 INFO neutron.notifiers.nova [-] Nova event matching ['req-8dbca810-b79f-4a87-a02c-443dbf47ae7b'] response: {'server_uuid': '80924602-6974-462e-a419-907bdb23f353', 'name': 'network-vif-plugged', 'status': 'completed', 'tag': '0c20bab0-c417-4460-a250-fd8b9e170402', 'code': 200}
2026-03-31 06:12:02.396 10 INFO neutron.wsgi [None req-727d52bc-d341-41d2-abd3-cba76db5f225 c7a0cdb4f1c843658cc71f364eb8443e 85087d4ca8f44fe8ac35f4a91f357efc - - default default] 10.0.0.150 "DELETE /v2.0/vpn/endpoint-groups/84bd75a4-7529-4187-907e-37e0486ce01c HTTP/1.1" status: 204 len: 168 time: 0.0277841
2026-03-31 06:12:02.414 10 INFO neutron.wsgi [None req-0185be1d-90ec-4c00-b2fc-c10b127fbc56 c7a0cdb4f1c843658cc71f364eb8443e 85087d4ca8f44fe8ac35f4a91f357efc - - default default] 10.0.0.150 "GET /v2.0/vpn/endpoint-groups HTTP/1.1" status: 200 len: 827 time: 0.0110648
2026-03-31 06:12:02.425 10 WARNING neutron_lib.context [None req-2b85afcd-6e3b-4762-8c05-63335ef74e34 c7a0cdb4f1c843658cc71f364eb8443e 85087d4ca8f44fe8ac35f4a91f357efc - - default default] Method 'is_advsvc' is deprecated since 2023.2 release (neutron-lib 3.8.0) and will be removed once support for the old RBAC API policies will be removed from Neutron. Please use method 'is_service_role' instead.
2026-03-31 06:12:02.502 10 INFO neutron.wsgi [None req-2b85afcd-6e3b-4762-8c05-63335ef74e34 c7a0cdb4f1c843658cc71f364eb8443e 85087d4ca8f44fe8ac35f4a91f357efc - - default default] 10.0.0.150 "POST /v2.0/vpn/endpoint-groups HTTP/1.1" status: 201 len: 492 time: 0.0809019
2026-03-31 06:12:02.524 10 WARNING neutron.api.v2.base [None req-3af538f3-dcf8-4cc6-beda-1da9a2bcc052 c7a0cdb4f1c843658cc71f364eb8443e 85087d4ca8f44fe8ac35f4a91f357efc - - default default] An exception happened while processing the request body. The exception message is [Failed to parse request. Required attribute 'peer_id' not specified].: webob.exc.HTTPBadRequest: Failed to parse request. Required attribute 'peer_id' not specified
2026-03-31 06:12:02.524 10 INFO neutron.api.v2.resource [None req-3af538f3-dcf8-4cc6-beda-1da9a2bcc052 c7a0cdb4f1c843658cc71f364eb8443e 85087d4ca8f44fe8ac35f4a91f357efc - - default default] create failed (client error): Failed to parse request. Required attribute 'peer_id' not specified
2026-03-31 06:12:02.525 10 INFO neutron.wsgi [None req-3af538f3-dcf8-4cc6-beda-1da9a2bcc052 c7a0cdb4f1c843658cc71f364eb8443e 85087d4ca8f44fe8ac35f4a91f357efc - - default default] 10.0.0.150 "POST /v2.0/vpn/ipsec-site-connections HTTP/1.1" status: 400 len: 343 time: 0.0115514
2026-03-31 06:12:02.550 10 INFO neutron.wsgi [None req-d17efaef-90e4-41f6-84cc-ecde52cf8791 c7a0cdb4f1c843658cc71f364eb8443e 85087d4ca8f44fe8ac35f4a91f357efc - - default default] 10.0.0.150 "GET /v2.0/vpn/endpoint-groups HTTP/1.1" status: 200 len: 1102 time: 0.0184464
2026-03-31 06:12:02.555 10 INFO neutron.wsgi [req-ccb6685c-048e-4c43-b3a0-08a9e8716d30 req-ba937e66-16f3-43e6-902e-e9c7198e05d7 e7ceb4d734aa47e282b52cbb6e8b07e3 12986e02cd10464e91b2522803199b02 - - default default] 10.0.0.228 "GET /v2.0/ports?device_id=80924602-6974-462e-a419-907bdb23f353 HTTP/1.1" status: 200 len: 1214 time: 0.1261835
2026-03-31 06:12:02.579 9 INFO neutron.db.ovn_revision_numbers_db [None req-030bbb55-b044-41b5-b59e-7f1ab0a84184 - - - - - -] Successfully bumped revision number for resource 0c20bab0-c417-4460-a250-fd8b9e170402 (type: ports) to 4
2026-03-31 06:12:02.601 10 INFO neutron.wsgi [None req-93734c04-df37-4b66-9309-0118be1fdbbb c7a0cdb4f1c843658cc71f364eb8443e 85087d4ca8f44fe8ac35f4a91f357efc - - default default] 10.0.0.150 "DELETE /v2.0/vpn/endpoint-groups/3af6f8cb-795f-4095-a896-5f15ff2e9a30 HTTP/1.1" status: 204 len: 168 time: 0.0450172
2026-03-31 06:12:02.618 10 INFO neutron.wsgi [None req-9963bbcf-e329-4ec8-b946-c1a0abdfe832 c7a0cdb4f1c843658cc71f364eb8443e 85087d4ca8f44fe8ac35f4a91f357efc - - default default] 10.0.0.150 "GET /v2.0/vpn/endpoint-groups HTTP/1.1" status: 200 len: 827 time: 0.0126035
2026-03-31 06:12:02.634 9 WARNING neutron_lib.context [None req-5782e892-bc73-4820-a9f4-6dbcfd826616 c7a0cdb4f1c843658cc71f364eb8443e 85087d4ca8f44fe8ac35f4a91f357efc - - default default] Method 'is_advsvc' is deprecated since 2023.2 release (neutron-lib 3.8.0) and will be removed once support for the old RBAC API policies will be removed from Neutron. Please use method 'is_service_role' instead.
2026-03-31 06:12:02.635 10 INFO neutron.wsgi [req-ccb6685c-048e-4c43-b3a0-08a9e8716d30 req-1ee414b8-b698-4767-86ff-b14050226941 e7ceb4d734aa47e282b52cbb6e8b07e3 12986e02cd10464e91b2522803199b02 - - default default] 10.0.0.228 "GET /v2.0/security-groups?id=28fbd0e7-d5c9-4d97-b1a5-67d634a91393&id=a74369fa-0b71-4e43-9182-69db3425ef98&fields=id&fields=name HTTP/1.1" status: 200 len: 406 time: 0.0713274
2026-03-31 06:12:02.695 9 INFO neutron.wsgi [None req-5782e892-bc73-4820-a9f4-6dbcfd826616 c7a0cdb4f1c843658cc71f364eb8443e 85087d4ca8f44fe8ac35f4a91f357efc - - default default] 10.0.0.150 "POST /v2.0/vpn/endpoint-groups HTTP/1.1" status: 201 len: 488 time: 0.0693278 /var/lib/openstack/lib/python3.10/site-packages/pycadf/identifier.py:71: UserWarning: Invalid uuid: neutron. To ensure interoperability, identifiers should be a valid uuid. warnings.warn(('Invalid uuid: %s. To ensure interoperability, '
2026-03-31 06:12:02.705 9 WARNING neutron_lib.context [None req-499d40ae-3479-446c-b68d-42e9500a88a6 c7a0cdb4f1c843658cc71f364eb8443e 85087d4ca8f44fe8ac35f4a91f357efc - - default default] Method 'is_advsvc' is deprecated since 2023.2 release (neutron-lib 3.8.0) and will be removed once support for the old RBAC API policies will be removed from Neutron. Please use method 'is_service_role' instead.
2026-03-31 06:12:02.767 9 INFO neutron.wsgi [None req-499d40ae-3479-446c-b68d-42e9500a88a6 c7a0cdb4f1c843658cc71f364eb8443e 85087d4ca8f44fe8ac35f4a91f357efc - - default default] 10.0.0.150 "POST /v2.0/vpn/endpoint-groups HTTP/1.1" status: 201 len: 501 time: 0.0668228
2026-03-31 06:12:02.781 9 WARNING neutron_lib.context [None req-5879ff44-cc37-46bf-be66-230a294aceda c7a0cdb4f1c843658cc71f364eb8443e 85087d4ca8f44fe8ac35f4a91f357efc - - default default] Method 'is_advsvc' is deprecated since 2023.2 release (neutron-lib 3.8.0) and will be removed once support for the old RBAC API policies will be removed from Neutron. Please use method 'is_service_role' instead.
2026-03-31 06:12:03.143 9 WARNING neutron_lib.context [None req-b1776095-ebe5-402e-88f5-e78349604350 bdce9cd869f248069392cae64f767004 df29d3fcc0dc493d96b7dce1b105b757 - - default default] Method 'is_advsvc' is deprecated since 2023.2 release (neutron-lib 3.8.0) and will be removed once support for the old RBAC API policies will be removed from Neutron. Please use method 'is_service_role' instead.
2026-03-31 06:12:03.453 9 INFO neutron.db.ovn_revision_numbers_db [None req-b1776095-ebe5-402e-88f5-e78349604350 bdce9cd869f248069392cae64f767004 df29d3fcc0dc493d96b7dce1b105b757 - - default default] Successfully bumped revision number for resource 78f3d77f-9bbc-4f20-9708-7fbf64c2a4bc (type: security_groups) to 1
2026-03-31 06:12:03.488 9 INFO neutron.db.ovn_revision_numbers_db [None req-b1776095-ebe5-402e-88f5-e78349604350 bdce9cd869f248069392cae64f767004 df29d3fcc0dc493d96b7dce1b105b757 - - default default] Successfully bumped revision number for resource 0228fec7-f839-4cc2-bb5d-da4a6083ccfe (type: security_group_rules) to 0
2026-03-31 06:12:03.510 9 INFO neutron.db.ovn_revision_numbers_db [None req-b1776095-ebe5-402e-88f5-e78349604350 bdce9cd869f248069392cae64f767004 df29d3fcc0dc493d96b7dce1b105b757 - - default default] Successfully bumped revision number for resource 368fc79a-5b92-40d9-9d16-4847f61549ed (type: security_group_rules) to 0
2026-03-31 06:12:03.547 9 INFO neutron.db.ovn_revision_numbers_db [None req-b1776095-ebe5-402e-88f5-e78349604350 bdce9cd869f248069392cae64f767004 df29d3fcc0dc493d96b7dce1b105b757 - - default default] Successfully bumped revision number for resource 4129bb53-8b14-407f-9dab-7e35d2630373 (type: security_group_rules) to 0
2026-03-31 06:12:03.613 9 INFO neutron.db.ovn_revision_numbers_db [None req-b1776095-ebe5-402e-88f5-e78349604350 bdce9cd869f248069392cae64f767004 df29d3fcc0dc493d96b7dce1b105b757 - - default default] Successfully bumped revision number for resource 7d51e27b-3c0c-474b-abc6-b4f12d486f56 (type: security_group_rules) to 0
2026-03-31 06:12:03.695 9 INFO neutron.db.segments_db [None req-b1776095-ebe5-402e-88f5-e78349604350 bdce9cd869f248069392cae64f767004 df29d3fcc0dc493d96b7dce1b105b757 - - default default] Added segment f3933d7e-98cd-449f-bf15-1fde5a93807f of type geneve for network fecc5c44-ce5e-46ef-9d4f-c132ab2309be
2026-03-31 06:12:03.806 9 INFO neutron.wsgi [req-7aa4a7b7-e472-4443-9f7a-be86e8997031 req-416b68f3-1943-40f0-b3e0-eb1b869a07d6 e7ceb4d734aa47e282b52cbb6e8b07e3 12986e02cd10464e91b2522803199b02 - - default default] 10.0.0.228 "GET /v2.0/ports?device_id=80924602-6974-462e-a419-907bdb23f353 HTTP/1.1" status: 200 len: 1214 time: 0.1008301
2026-03-31 06:12:03.946 9 INFO neutron.wsgi [req-7aa4a7b7-e472-4443-9f7a-be86e8997031 req-153fb5b6-f772-4241-a805-4773f22ec82c e7ceb4d734aa47e282b52cbb6e8b07e3 12986e02cd10464e91b2522803199b02 - - default default] 10.0.0.228 "GET /v2.0/security-groups?id=28fbd0e7-d5c9-4d97-b1a5-67d634a91393&id=a74369fa-0b71-4e43-9182-69db3425ef98&fields=id&fields=name HTTP/1.1" status: 200 len: 406 time: 0.1235764
2026-03-31 06:12:03.999 9 INFO neutron.db.ovn_revision_numbers_db [None req-b1776095-ebe5-402e-88f5-e78349604350 bdce9cd869f248069392cae64f767004 df29d3fcc0dc493d96b7dce1b105b757 - - default default] Successfully bumped revision number for resource fecc5c44-ce5e-46ef-9d4f-c132ab2309be (type: networks) to 1
2026-03-31 06:12:04.047 10 INFO neutron.wsgi [req-e3440f27-3ac2-488f-8490-908bce6185ce req-6ad9e390-03cb-4506-8427-73bdb7207fb0 e7ceb4d734aa47e282b52cbb6e8b07e3 12986e02cd10464e91b2522803199b02 - - default default] 10.0.0.228 "GET /v2.0/ports?device_id=80924602-6974-462e-a419-907bdb23f353 HTTP/1.1" status: 200 len: 1214 time: 0.0404589
2026-03-31 06:12:04.304 9 WARNING neutron.scheduler.dhcp_agent_scheduler [None req-b1776095-ebe5-402e-88f5-e78349604350 bdce9cd869f248069392cae64f767004 df29d3fcc0dc493d96b7dce1b105b757 - - default default] No more DHCP agents
2026-03-31 06:12:04.312 9 WARNING neutron.api.rpc.agentnotifiers.dhcp_rpc_agent_api [None req-b1776095-ebe5-402e-88f5-e78349604350 bdce9cd869f248069392cae64f767004 df29d3fcc0dc493d96b7dce1b105b757 - - default default] Unable to schedule network fecc5c44-ce5e-46ef-9d4f-c132ab2309be: no agents available; will retry on subsequent port and subnet creation events.
2026-03-31 06:12:04.352 9 INFO neutron.db.ovn_revision_numbers_db [None req-5879ff44-cc37-46bf-be66-230a294aceda c7a0cdb4f1c843658cc71f364eb8443e 85087d4ca8f44fe8ac35f4a91f357efc - - default default] Successfully bumped revision number for resource 2885ee0e-bf37-4a87-b685-244c013145f1 (type: routers) to 6
2026-03-31 06:12:04.416 9 INFO neutron.wsgi [None req-5879ff44-cc37-46bf-be66-230a294aceda c7a0cdb4f1c843658cc71f364eb8443e 85087d4ca8f44fe8ac35f4a91f357efc - - default default] 10.0.0.150 "POST /v2.0/vpn/ipsec-site-connections HTTP/1.1" status: 201 len: 1044 time: 1.6412301
2026-03-31 06:12:04.432 9 INFO neutron.notifiers.nova [-] Nova event matching ['req-1f30f100-7127-40d7-b842-b91bbefb6f67'] response: {'server_uuid': '80924602-6974-462e-a419-907bdb23f353', 'name': 'network-vif-plugged', 'status': 'completed', 'tag': '0c20bab0-c417-4460-a250-fd8b9e170402', 'code': 200}
2026-03-31 06:12:04.448 9 INFO neutron.db.ovn_revision_numbers_db [None req-b1776095-ebe5-402e-88f5-e78349604350 bdce9cd869f248069392cae64f767004 df29d3fcc0dc493d96b7dce1b105b757 - - default default] Successfully bumped revision number for resource 006c96a8-7b40-4b0a-8523-bcb1b1f56cb3 (type: ports) to 1
2026-03-31 06:12:04.477 9 INFO neutron.wsgi [None req-b1776095-ebe5-402e-88f5-e78349604350 bdce9cd869f248069392cae64f767004 df29d3fcc0dc493d96b7dce1b105b757 - - default default] 10.0.0.150 "POST /v2.0/networks HTTP/1.1" status: 201 len: 831 time: 1.6835518
2026-03-31 06:12:04.493 9 WARNING neutron_lib.context [None req-cfa87e48-2c80-4b51-94cc-d225ad96e90f bdce9cd869f248069392cae64f767004 df29d3fcc0dc493d96b7dce1b105b757 - - default default] Method 'is_advsvc' is deprecated since 2023.2 release (neutron-lib 3.8.0) and will be removed once support for the old RBAC API policies will be removed from Neutron. Please use method 'is_service_role' instead.
2026-03-31 06:12:04.601 9 INFO neutron.db.segments_db [None req-cfa87e48-2c80-4b51-94cc-d225ad96e90f bdce9cd869f248069392cae64f767004 df29d3fcc0dc493d96b7dce1b105b757 - - default default] Added segment 1cbf440d-8b1a-44af-b17a-77424f9701ca of type geneve for network 7e253d28-1b47-48cf-93a1-3d5ccbd2248c
2026-03-31 06:12:04.649 9 INFO neutron.wsgi [-] 10.0.0.158 "GET / HTTP/1.1" status: 200 len: 247 time: 0.0014834
2026-03-31 06:12:04.655 9 INFO neutron.wsgi [-] 10.0.0.158 "GET / HTTP/1.1" status: 200 len: 247 time: 0.0034881
2026-03-31 06:12:04.806 9 INFO neutron.db.ovn_revision_numbers_db [None req-cfa87e48-2c80-4b51-94cc-d225ad96e90f bdce9cd869f248069392cae64f767004 df29d3fcc0dc493d96b7dce1b105b757 - - default default] Successfully bumped revision number for resource 7e253d28-1b47-48cf-93a1-3d5ccbd2248c (type: networks) to 1
2026-03-31 06:12:05.038 9 WARNING neutron.scheduler.dhcp_agent_scheduler [None req-cfa87e48-2c80-4b51-94cc-d225ad96e90f bdce9cd869f248069392cae64f767004 df29d3fcc0dc493d96b7dce1b105b757 - - default default] No more DHCP agents
2026-03-31 06:12:05.044 9 WARNING neutron.api.rpc.agentnotifiers.dhcp_rpc_agent_api [None req-cfa87e48-2c80-4b51-94cc-d225ad96e90f bdce9cd869f248069392cae64f767004 df29d3fcc0dc493d96b7dce1b105b757 - - default default] Unable to schedule network 7e253d28-1b47-48cf-93a1-3d5ccbd2248c: no agents available; will retry on subsequent port and subnet creation events.
2026-03-31 06:12:05.142 9 INFO neutron.db.ovn_revision_numbers_db [None req-cfa87e48-2c80-4b51-94cc-d225ad96e90f bdce9cd869f248069392cae64f767004 df29d3fcc0dc493d96b7dce1b105b757 - - default default] Successfully bumped revision number for resource 1362f2a5-c3bf-4c4f-925d-c51ec2a3ca0b (type: ports) to 1
2026-03-31 06:12:05.174 9 INFO neutron.wsgi [None req-cfa87e48-2c80-4b51-94cc-d225ad96e90f bdce9cd869f248069392cae64f767004 df29d3fcc0dc493d96b7dce1b105b757 - - default default] 10.0.0.150 "POST /v2.0/networks HTTP/1.1" status: 201 len: 831 time: 0.6891820
2026-03-31 06:12:05.189 9 WARNING neutron_lib.context [None req-4ee017d8-ac84-4872-8f2f-fc4b49973785 bdce9cd869f248069392cae64f767004 df29d3fcc0dc493d96b7dce1b105b757 - - default default] Method 'is_advsvc' is deprecated since 2023.2 release (neutron-lib 3.8.0) and will be removed once support for the old RBAC API policies will be removed from Neutron. Please use method 'is_service_role' instead.
2026-03-31 06:12:05.310 9 INFO neutron.db.segments_db [None req-4ee017d8-ac84-4872-8f2f-fc4b49973785 bdce9cd869f248069392cae64f767004 df29d3fcc0dc493d96b7dce1b105b757 - - default default] Added segment 13df324b-f8e3-4063-b91d-1abcb34d8ee4 of type geneve for network 8b87d66a-7d59-42f4-bea2-0d936c2fbae7
2026-03-31 06:12:05.430 10 INFO neutron.db.ovn_revision_numbers_db [None req-22ab2e7a-f333-437d-9c99-58932e86f8a2 e7ceb4d734aa47e282b52cbb6e8b07e3 12986e02cd10464e91b2522803199b02 - - default default] Successfully bumped revision number for resource 69959fe2-cf02-46c1-91d7-8b70200cc29d (type: floatingips) to 1
2026-03-31 06:12:05.481 9 INFO neutron.db.ovn_revision_numbers_db [None req-4ee017d8-ac84-4872-8f2f-fc4b49973785 bdce9cd869f248069392cae64f767004 df29d3fcc0dc493d96b7dce1b105b757 - - default default] Successfully bumped revision number for resource 8b87d66a-7d59-42f4-bea2-0d936c2fbae7 (type: networks) to 1
2026-03-31 06:12:05.606 10 INFO neutron.db.ovn_revision_numbers_db [None req-22ab2e7a-f333-437d-9c99-58932e86f8a2 e7ceb4d734aa47e282b52cbb6e8b07e3 12986e02cd10464e91b2522803199b02 - - default default] Successfully bumped revision number for resource 69959fe2-cf02-46c1-91d7-8b70200cc29d (type: floatingips) to 2
2026-03-31 06:12:05.607 10 INFO neutron.db.l3_db [None req-22ab2e7a-f333-437d-9c99-58932e86f8a2 e7ceb4d734aa47e282b52cbb6e8b07e3 12986e02cd10464e91b2522803199b02 - - default default] Floating IP 69959fe2-cf02-46c1-91d7-8b70200cc29d associated. External IP: 10.96.250.209, port: 0c20bab0-c417-4460-a250-fd8b9e170402.
2026-03-31 06:12:05.665 10 INFO neutron.wsgi [None req-22ab2e7a-f333-437d-9c99-58932e86f8a2 e7ceb4d734aa47e282b52cbb6e8b07e3 12986e02cd10464e91b2522803199b02 - - default default] 10.0.0.150 "PUT /v2.0/floatingips/69959fe2-cf02-46c1-91d7-8b70200cc29d HTTP/1.1" status: 200 len: 1050 time: 1.6053052
2026-03-31 06:12:05.710 9 WARNING neutron.scheduler.dhcp_agent_scheduler [None req-4ee017d8-ac84-4872-8f2f-fc4b49973785 bdce9cd869f248069392cae64f767004 df29d3fcc0dc493d96b7dce1b105b757 - - default default] No more DHCP agents
2026-03-31 06:12:05.711 9 WARNING neutron.api.rpc.agentnotifiers.dhcp_rpc_agent_api [None req-4ee017d8-ac84-4872-8f2f-fc4b49973785 bdce9cd869f248069392cae64f767004 df29d3fcc0dc493d96b7dce1b105b757 - - default default] Unable to schedule network 8b87d66a-7d59-42f4-bea2-0d936c2fbae7: no agents available; will retry on subsequent port and subnet creation events.
2026-03-31 06:12:05.733 10 INFO neutron.notifiers.nova [-] Nova event matching ['req-aad93519-da94-40de-bea4-b1cd95059ea7'] response: {'name': 'network-changed', 'server_uuid': '80924602-6974-462e-a419-907bdb23f353', 'tag': '0c20bab0-c417-4460-a250-fd8b9e170402', 'status': 'completed', 'code': 200} /var/lib/openstack/lib/python3.10/site-packages/pycadf/identifier.py:71: UserWarning: Invalid uuid: neutron. To ensure interoperability, identifiers should be a valid uuid. warnings.warn(('Invalid uuid: %s. To ensure interoperability, '
2026-03-31 06:12:05.825 10 INFO neutron.db.ovn_revision_numbers_db [None req-c57197ba-aa8a-4018-991a-273e95a31a12 c7a0cdb4f1c843658cc71f364eb8443e 85087d4ca8f44fe8ac35f4a91f357efc - - default default] Successfully bumped revision number for resource 2885ee0e-bf37-4a87-b685-244c013145f1 (type: routers) to 7
2026-03-31 06:12:05.838 10 INFO neutron.wsgi [req-d444fea7-1f6e-4ac2-88f4-ae1188e164a0 req-c9b25d90-b25d-42f5-a1e7-47fa99712a16 2484bc5e18394fd5807c4e9c6c01aa83 46d00126e9f84abe9169fc548c5482d3 - - 3bfaaca3c24a4c16a7fd45009453a68a 3bfaaca3c24a4c16a7fd45009453a68a] 199.204.45.250 "GET /v2.0/ports?tenant_id=12986e02cd10464e91b2522803199b02&device_id=80924602-6974-462e-a419-907bdb23f353 HTTP/1.1" status: 200 len: 1452 time: 0.0866296
2026-03-31 06:12:05.882 9 INFO neutron.db.ovn_revision_numbers_db [None req-4ee017d8-ac84-4872-8f2f-fc4b49973785 bdce9cd869f248069392cae64f767004 df29d3fcc0dc493d96b7dce1b105b757 - - default default] Successfully bumped revision number for resource eccc0c20-6b2e-4127-ab68-b576112c9fb1 (type: ports) to 1
2026-03-31 06:12:05.888 10 INFO neutron.wsgi [None req-c57197ba-aa8a-4018-991a-273e95a31a12 c7a0cdb4f1c843658cc71f364eb8443e 85087d4ca8f44fe8ac35f4a91f357efc - - default default] 10.0.0.150 "DELETE /v2.0/vpn/ipsec-site-connections/27190702-1d94-401e-a6c4-3e759a1b4cff HTTP/1.1" status: 204 len: 168 time: 1.4663291
2026-03-31 06:12:05.917 9 INFO neutron.wsgi [None req-2ccc2d7f-f926-4067-979d-603dd194ae8c c7a0cdb4f1c843658cc71f364eb8443e 85087d4ca8f44fe8ac35f4a91f357efc - - default default] 10.0.0.150 "GET /v2.0/vpn/ipsec-site-connections HTTP/1.1" status: 200 len: 990 time: 0.0246606
2026-03-31 06:12:05.937 9 INFO neutron.api.v2.resource [None req-a258a248-7019-45a2-93d3-f3238fa8f587 c7a0cdb4f1c843658cc71f364eb8443e 85087d4ca8f44fe8ac35f4a91f357efc - - default default] delete failed (client error): The resource could not be found.
2026-03-31 06:12:05.938 9 INFO neutron.wsgi [None req-a258a248-7019-45a2-93d3-f3238fa8f587 c7a0cdb4f1c843658cc71f364eb8443e 85087d4ca8f44fe8ac35f4a91f357efc - - default default] 10.0.0.150 "DELETE /v2.0/vpn/ipsec-site-connections/27190702-1d94-401e-a6c4-3e759a1b4cff HTTP/1.1" status: 404 len: 355 time: 0.0156741
2026-03-31 06:12:05.945 9 INFO neutron.wsgi [None req-4ee017d8-ac84-4872-8f2f-fc4b49973785 bdce9cd869f248069392cae64f767004 df29d3fcc0dc493d96b7dce1b105b757 - - default default] 10.0.0.150 "POST /v2.0/networks HTTP/1.1" status: 201 len: 831 time: 0.7649186
2026-03-31 06:12:05.960 9 WARNING neutron_lib.context [None req-51383112-3675-4362-85ba-fe7df08f2e09 bdce9cd869f248069392cae64f767004 df29d3fcc0dc493d96b7dce1b105b757 - - default default] Method 'is_advsvc' is deprecated since 2023.2 release (neutron-lib 3.8.0) and will be removed once support for the old RBAC API policies will be removed from Neutron. Please use method 'is_service_role' instead.
2026-03-31 06:12:05.964 10 INFO neutron.wsgi [req-d444fea7-1f6e-4ac2-88f4-ae1188e164a0 req-9c5f4be7-4a15-4809-967e-f93d6fceff05 2484bc5e18394fd5807c4e9c6c01aa83 46d00126e9f84abe9169fc548c5482d3 - - 3bfaaca3c24a4c16a7fd45009453a68a 3bfaaca3c24a4c16a7fd45009453a68a] 199.204.45.250 "GET /v2.0/networks?id=23d8ae62-b807-4138-a868-8865ad5d6850 HTTP/1.1" status: 200 len: 971 time: 0.1098287
2026-03-31 06:12:05.971 10 INFO neutron.wsgi [None req-8d4a8fab-d8ea-494b-823c-d5ee74ca81a9 c7a0cdb4f1c843658cc71f364eb8443e 85087d4ca8f44fe8ac35f4a91f357efc - - default default] 10.0.0.150 "GET /v2.0/vpn/endpoint-groups HTTP/1.1" status: 200 len: 1383 time: 0.0273283
2026-03-31 06:12:06.055 10 INFO neutron.wsgi [None req-54224eda-ecdc-4e2b-8b57-ca56ff2aa3b4 c7a0cdb4f1c843658cc71f364eb8443e 85087d4ca8f44fe8ac35f4a91f357efc - - default default] 10.0.0.150 "DELETE /v2.0/vpn/endpoint-groups/ec87ade6-b725-4803-b9d1-dad0e914a836 HTTP/1.1" status: 204 len: 168 time: 0.0735986
2026-03-31 06:12:06.063 10 INFO neutron.wsgi [req-d444fea7-1f6e-4ac2-88f4-ae1188e164a0 req-0056e627-f61d-484e-8f11-108252fe3903 2484bc5e18394fd5807c4e9c6c01aa83 46d00126e9f84abe9169fc548c5482d3 - - 3bfaaca3c24a4c16a7fd45009453a68a 3bfaaca3c24a4c16a7fd45009453a68a] 199.204.45.250 "GET /v2.0/floatingips?fixed_ip_address=10.100.0.11&port_id=0c20bab0-c417-4460-a250-fd8b9e170402 HTTP/1.1" status: 200 len: 1060 time: 0.0911109
2026-03-31 06:12:06.077 9 INFO neutron.db.segments_db [None req-51383112-3675-4362-85ba-fe7df08f2e09 bdce9cd869f248069392cae64f767004 df29d3fcc0dc493d96b7dce1b105b757 - - default default] Added segment 84313a99-f6d3-4f13-957e-bffe5c8f8e5e of type geneve for network 1bfca14c-501b-48e5-bdd3-7c32b3c49a50
2026-03-31 06:12:06.086 9 INFO neutron.wsgi [None req-def6f9ad-37ae-4232-affd-cfccda88d85c c7a0cdb4f1c843658cc71f364eb8443e 85087d4ca8f44fe8ac35f4a91f357efc - - default default] 10.0.0.150 "GET /v2.0/vpn/endpoint-groups HTTP/1.1" status: 200 len: 1098 time: 0.0257411
2026-03-31 06:12:06.111 10 INFO neutron.wsgi [req-d444fea7-1f6e-4ac2-88f4-ae1188e164a0 req-4902b5de-f8fb-4d7c-935f-f45115123129 2484bc5e18394fd5807c4e9c6c01aa83 46d00126e9f84abe9169fc548c5482d3 - - 3bfaaca3c24a4c16a7fd45009453a68a 3bfaaca3c24a4c16a7fd45009453a68a] 199.204.45.250 "GET /v2.0/subnets?id=ede5e2cb-a435-44a0-89b1-e9be528b384a HTTP/1.1" status: 200 len: 866 time: 0.0438907
2026-03-31 06:12:06.113 9 INFO neutron.wsgi [None req-ddac83c1-5df6-4f5b-89ec-2d3bf259396d c7a0cdb4f1c843658cc71f364eb8443e 85087d4ca8f44fe8ac35f4a91f357efc - - default default] 10.0.0.150 "GET /v2.0/vpn/endpoint-groups HTTP/1.1" status: 200 len: 1098 time: 0.0227399
2026-03-31 06:12:06.141 10 INFO neutron.wsgi [req-d444fea7-1f6e-4ac2-88f4-ae1188e164a0 req-79155219-d2a8-4eb5-a507-e3d3205bd7e6 2484bc5e18394fd5807c4e9c6c01aa83 46d00126e9f84abe9169fc548c5482d3 - - 3bfaaca3c24a4c16a7fd45009453a68a 3bfaaca3c24a4c16a7fd45009453a68a] 199.204.45.250 "GET /v2.0/ports?network_id=23d8ae62-b807-4138-a868-8865ad5d6850&device_owner=network%3Adhcp HTTP/1.1" status: 200 len: 210 time: 0.0241525
2026-03-31 06:12:06.167 9 INFO neutron.wsgi [None req-4f15687b-ddf0-4aeb-a000-59097717ba1d c7a0cdb4f1c843658cc71f364eb8443e 85087d4ca8f44fe8ac35f4a91f357efc - - default default] 10.0.0.150 "DELETE /v2.0/vpn/endpoint-groups/c8ab0295-5a61-438a-8ff6-ff28101ca243 HTTP/1.1" status: 204 len: 168 time: 0.0464280
2026-03-31 06:12:06.185 9 INFO neutron.wsgi [None req-dfd7f1db-9be6-40e6-a17e-b5a90b88583d c7a0cdb4f1c843658cc71f364eb8443e 85087d4ca8f44fe8ac35f4a91f357efc - - default default] 10.0.0.150 "GET /v2.0/vpn/endpoint-groups HTTP/1.1" status: 200 len: 827 time: 0.0129058
2026-03-31 06:12:06.196 9 WARNING neutron_lib.context [None req-9eb9c79c-5d10-4e83-b7d9-de96527b833c c7a0cdb4f1c843658cc71f364eb8443e 85087d4ca8f44fe8ac35f4a91f357efc - - default default] Method 'is_advsvc' is deprecated since 2023.2 release (neutron-lib 3.8.0) and will be removed once support for the old RBAC API policies will be removed from Neutron. Please use method 'is_service_role' instead.
2026-03-31 06:12:06.215 10 INFO neutron.wsgi [req-d444fea7-1f6e-4ac2-88f4-ae1188e164a0 req-5cccbe6e-61c2-4cc5-9ce2-a9d5692a8455 2484bc5e18394fd5807c4e9c6c01aa83 46d00126e9f84abe9169fc548c5482d3 - - 3bfaaca3c24a4c16a7fd45009453a68a 3bfaaca3c24a4c16a7fd45009453a68a] 199.204.45.250 "GET /v2.0/networks/23d8ae62-b807-4138-a868-8865ad5d6850?fields=segments HTTP/1.1" status: 200 len: 212 time: 0.0677698
2026-03-31 06:12:06.290 10 INFO neutron.wsgi [req-d444fea7-1f6e-4ac2-88f4-ae1188e164a0 req-2a152be7-34b2-4368-9c0a-8674dfaa08bc 2484bc5e18394fd5807c4e9c6c01aa83 46d00126e9f84abe9169fc548c5482d3 - - 3bfaaca3c24a4c16a7fd45009453a68a 3bfaaca3c24a4c16a7fd45009453a68a] 199.204.45.250 "GET /v2.0/networks/23d8ae62-b807-4138-a868-8865ad5d6850?fields=provider%3Aphysical_network&fields=provider%3Anetwork_type HTTP/1.1" status: 200 len: 277 time: 0.0700593
2026-03-31 06:12:06.323 9 INFO neutron.db.ovn_revision_numbers_db [None req-51383112-3675-4362-85ba-fe7df08f2e09 bdce9cd869f248069392cae64f767004 df29d3fcc0dc493d96b7dce1b105b757 - - default default] Successfully bumped revision number for resource 1bfca14c-501b-48e5-bdd3-7c32b3c49a50 (type: networks) to 1
2026-03-31 06:12:06.948 9 WARNING neutron.scheduler.dhcp_agent_scheduler [None req-51383112-3675-4362-85ba-fe7df08f2e09 bdce9cd869f248069392cae64f767004 df29d3fcc0dc493d96b7dce1b105b757 - - default default] No more DHCP agents
2026-03-31 06:12:06.951 9 WARNING neutron.api.rpc.agentnotifiers.dhcp_rpc_agent_api [None req-51383112-3675-4362-85ba-fe7df08f2e09 bdce9cd869f248069392cae64f767004 df29d3fcc0dc493d96b7dce1b105b757 - - default default] Unable to schedule network 1bfca14c-501b-48e5-bdd3-7c32b3c49a50: no agents available; will retry on subsequent port and subnet creation events.
2026-03-31 06:12:07.104 9 INFO neutron.db.ovn_revision_numbers_db [None req-51383112-3675-4362-85ba-fe7df08f2e09 bdce9cd869f248069392cae64f767004 df29d3fcc0dc493d96b7dce1b105b757 - - default default] Successfully bumped revision number for resource c045cfae-47c6-4f9c-b91d-45632bb1f93b (type: ports) to 1
2026-03-31 06:12:07.132 9 INFO neutron.wsgi [None req-51383112-3675-4362-85ba-fe7df08f2e09 bdce9cd869f248069392cae64f767004 df29d3fcc0dc493d96b7dce1b105b757 - - default default] 10.0.0.150 "POST /v2.0/networks HTTP/1.1" status: 201 len: 831 time: 1.1804898
2026-03-31 06:12:07.142 9 WARNING neutron_lib.context [None req-ddad8010-3593-45e8-bf86-84d14e99e07e bdce9cd869f248069392cae64f767004 df29d3fcc0dc493d96b7dce1b105b757 - - default default] Method 'is_advsvc' is deprecated since 2023.2 release (neutron-lib 3.8.0) and will be removed once support for the old RBAC API policies will be removed from Neutron. Please use method 'is_service_role' instead.
2026-03-31 06:12:07.267 9 INFO neutron.db.segments_db [None req-ddad8010-3593-45e8-bf86-84d14e99e07e bdce9cd869f248069392cae64f767004 df29d3fcc0dc493d96b7dce1b105b757 - - default default] Added segment 519c5be0-4866-479f-8128-7f198b35fe1d of type geneve for network b9db007b-be0f-472c-a1f1-9748a89058dc
2026-03-31 06:12:07.486 9 INFO neutron.db.ovn_revision_numbers_db [None req-ddad8010-3593-45e8-bf86-84d14e99e07e bdce9cd869f248069392cae64f767004 df29d3fcc0dc493d96b7dce1b105b757 - - default default] Successfully bumped revision number for resource b9db007b-be0f-472c-a1f1-9748a89058dc (type: networks) to 1
2026-03-31 06:12:07.687 9 INFO neutron.db.ovn_revision_numbers_db [None req-9eb9c79c-5d10-4e83-b7d9-de96527b833c c7a0cdb4f1c843658cc71f364eb8443e 85087d4ca8f44fe8ac35f4a91f357efc - - default default] Successfully bumped revision number for resource 2885ee0e-bf37-4a87-b685-244c013145f1 (type: routers) to 8
2026-03-31 06:12:07.751 9 INFO neutron.wsgi [None req-9eb9c79c-5d10-4e83-b7d9-de96527b833c c7a0cdb4f1c843658cc71f364eb8443e 85087d4ca8f44fe8ac35f4a91f357efc - - default default] 10.0.0.150 "POST /v2.0/vpn/ipsec-site-connections HTTP/1.1" status: 201 len: 1004 time: 1.5596335
2026-03-31 06:12:07.788 9 WARNING neutron.scheduler.dhcp_agent_scheduler [None req-ddad8010-3593-45e8-bf86-84d14e99e07e bdce9cd869f248069392cae64f767004 df29d3fcc0dc493d96b7dce1b105b757 - - default default] No more DHCP agents
2026-03-31 06:12:07.794 9 WARNING neutron.api.rpc.agentnotifiers.dhcp_rpc_agent_api [None req-ddad8010-3593-45e8-bf86-84d14e99e07e bdce9cd869f248069392cae64f767004 df29d3fcc0dc493d96b7dce1b105b757 - - default default] Unable to schedule network b9db007b-be0f-472c-a1f1-9748a89058dc: no agents available; will retry on subsequent port and subnet creation events.
2026-03-31 06:12:07.951 9 INFO neutron.db.ovn_revision_numbers_db [None req-ddad8010-3593-45e8-bf86-84d14e99e07e bdce9cd869f248069392cae64f767004 df29d3fcc0dc493d96b7dce1b105b757 - - default default] Successfully bumped revision number for resource 52d4b9e3-ade4-4ca3-ab8f-ec7320dafcee (type: ports) to 1
2026-03-31 06:12:08.003 9 INFO neutron.wsgi [None req-ddad8010-3593-45e8-bf86-84d14e99e07e bdce9cd869f248069392cae64f767004 df29d3fcc0dc493d96b7dce1b105b757 - - default default] 10.0.0.150 "POST /v2.0/networks HTTP/1.1" status: 201 len: 830 time: 0.8662317
2026-03-31 06:12:08.087 9 INFO neutron.wsgi [None req-b1311198-e2a7-4cee-bf1e-0d925be07ecd bdce9cd869f248069392cae64f767004 df29d3fcc0dc493d96b7dce1b105b757 - - default default] 10.0.0.150 "PUT /v2.0/networks/fecc5c44-ce5e-46ef-9d4f-c132ab2309be/tags HTTP/1.1" status: 200 len: 210 time: 0.0799000
2026-03-31 06:12:08.165 10 INFO neutron.wsgi [None req-1f8e38dd-1ed7-48ed-b961-5a5f28de2c1c bdce9cd869f248069392cae64f767004 df29d3fcc0dc493d96b7dce1b105b757 - - default default] 10.0.0.150 "PUT /v2.0/networks/7e253d28-1b47-48cf-93a1-3d5ccbd2248c/tags HTTP/1.1" status: 200 len: 218 time: 0.0686343
2026-03-31 06:12:08.246 10 INFO neutron.wsgi [None req-f789e045-89cc-4f1e-9570-7c6dbcafe2bf bdce9cd869f248069392cae64f767004 df29d3fcc0dc493d96b7dce1b105b757 - - default default] 10.0.0.150 "PUT /v2.0/networks/8b87d66a-7d59-42f4-bea2-0d936c2fbae7/tags HTTP/1.1" status: 200 len: 227 time: 0.0754852
2026-03-31 06:12:08.320 10 INFO neutron.wsgi [None req-7d2b68f1-e280-499f-942d-ee8bee96037a bdce9cd869f248069392cae64f767004 df29d3fcc0dc493d96b7dce1b105b757 - - default default] 10.0.0.150 "PUT /v2.0/networks/1bfca14c-501b-48e5-bdd3-7c32b3c49a50/tags HTTP/1.1" status: 200 len: 212 time: 0.0685787
2026-03-31 06:12:08.422 10 INFO neutron.wsgi [None req-7afb9855-2ce7-49bd-a68f-3f76588acd6a bdce9cd869f248069392cae64f767004 df29d3fcc0dc493d96b7dce1b105b757 - - default default] 10.0.0.150 "GET /v2.0/networks?tags=red HTTP/1.1" status: 200 len: 2070 time: 0.0976176
2026-03-31 06:12:08.513 10 INFO neutron.wsgi [None req-0ea03a43-41d7-440e-b9ac-25a38445f266 bdce9cd869f248069392cae64f767004 df29d3fcc0dc493d96b7dce1b105b757 - - default default] 10.0.0.150 "GET /v2.0/networks?tags=red%2Cblue HTTP/1.1" status: 200 len: 1457 time: 0.0853734
2026-03-31 06:12:08.597 10 INFO neutron.wsgi [None req-4985caa2-a67f-4745-8f64-2ccd0571b346 bdce9cd869f248069392cae64f767004 df29d3fcc0dc493d96b7dce1b105b757 - - default default] 10.0.0.150 "GET /v2.0/networks?tags-any=blue HTTP/1.1" status: 200 len: 1457 time: 0.0795035
2026-03-31 06:12:08.673 9 INFO neutron.db.ovn_revision_numbers_db [None req-7935ff31-90a9-40b6-b0ce-ce146d2acd37 c7a0cdb4f1c843658cc71f364eb8443e 85087d4ca8f44fe8ac35f4a91f357efc - - default default] Successfully bumped revision number for resource 2885ee0e-bf37-4a87-b685-244c013145f1 (type: routers) to 9
2026-03-31 06:12:08.693 10 INFO neutron.wsgi [None req-62ebde36-a380-4209-bc71-ef48f0e5ec33 bdce9cd869f248069392cae64f767004 df29d3fcc0dc493d96b7dce1b105b757 - - default default] 10.0.0.150 "GET /v2.0/networks?tags-any=red%2Cblue HTTP/1.1" status: 200 len: 2070 time: 0.0890391
2026-03-31 06:12:08.698 9 INFO neutron.wsgi [None req-7935ff31-90a9-40b6-b0ce-ce146d2acd37 c7a0cdb4f1c843658cc71f364eb8443e 85087d4ca8f44fe8ac35f4a91f357efc - - default default] 10.0.0.150 "DELETE /v2.0/vpn/ipsec-site-connections/1db00d00-0f32-496c-998e-6ac934a12617 HTTP/1.1" status: 204 len: 168 time: 0.9418457
2026-03-31 06:12:08.726 10 INFO neutron.wsgi [None req-db23e21e-90ba-44f5-8f91-6bf2263d0936 c7a0cdb4f1c843658cc71f364eb8443e 85087d4ca8f44fe8ac35f4a91f357efc - - default default] 10.0.0.150 "GET /v2.0/vpn/ipsec-site-connections HTTP/1.1" status: 200 len: 990 time: 0.0209877
2026-03-31 06:12:08.750 10 INFO neutron.api.v2.resource [None req-9cd5645f-fc58-49cb-8aa8-0a415d704789 c7a0cdb4f1c843658cc71f364eb8443e 85087d4ca8f44fe8ac35f4a91f357efc - - default default] delete failed (client error): The resource could not be found.
2026-03-31 06:12:08.752 10 INFO neutron.wsgi [None req-9cd5645f-fc58-49cb-8aa8-0a415d704789 c7a0cdb4f1c843658cc71f364eb8443e 85087d4ca8f44fe8ac35f4a91f357efc - - default default] 10.0.0.150 "DELETE /v2.0/vpn/ipsec-site-connections/1db00d00-0f32-496c-998e-6ac934a12617 HTTP/1.1" status: 404 len: 355 time: 0.0173209
2026-03-31 06:12:08.768 10 WARNING neutron_lib.context [None req-32fa1969-b794-4427-b58d-7834d5b1911c c7a0cdb4f1c843658cc71f364eb8443e 85087d4ca8f44fe8ac35f4a91f357efc - - default default] Method 'is_advsvc' is deprecated since 2023.2 release (neutron-lib 3.8.0) and will be removed once support for the old RBAC API policies will be removed from Neutron. Please use method 'is_service_role' instead.
2026-03-31 06:12:08.826 10 INFO neutron.wsgi [None req-32fa1969-b794-4427-b58d-7834d5b1911c c7a0cdb4f1c843658cc71f364eb8443e 85087d4ca8f44fe8ac35f4a91f357efc - - default default] 10.0.0.150 "POST /v2.0/vpn/endpoint-groups HTTP/1.1" status: 201 len: 489 time: 0.0662191
2026-03-31 06:12:08.859 9 INFO neutron.wsgi [None req-eeba29f5-9dc7-49b7-b607-9de86bf65733 bdce9cd869f248069392cae64f767004 df29d3fcc0dc493d96b7dce1b105b757 - - default default] 10.0.0.150 "GET /v2.0/networks?not-tags=red HTTP/1.1" status: 200 len: 2068 time: 0.1585917
2026-03-31 06:12:08.868 10 INFO neutron.wsgi [None req-50113aca-3ac3-4432-b505-00cf4e273b14 c7a0cdb4f1c843658cc71f364eb8443e 85087d4ca8f44fe8ac35f4a91f357efc - - default default] 10.0.0.150 "PUT /v2.0/vpn/endpoint-groups/ce2fcc5a-f330-47ae-a504-30701b823a6f HTTP/1.1" status: 200 len: 484 time: 0.0343418
2026-03-31 06:12:08.889 10 INFO neutron.wsgi [None req-1a768cee-d44c-45ca-be98-c531d7cc39e0 c7a0cdb4f1c843658cc71f364eb8443e 85087d4ca8f44fe8ac35f4a91f357efc - - default default] 10.0.0.150 "GET /v2.0/vpn/endpoint-groups/ce2fcc5a-f330-47ae-a504-30701b823a6f HTTP/1.1" status: 200 len: 484 time: 0.0143359
2026-03-31 06:12:08.934 10 INFO neutron.wsgi [None req-e292dac8-ef34-4e42-acc3-72f078e0629d c7a0cdb4f1c843658cc71f364eb8443e 85087d4ca8f44fe8ac35f4a91f357efc - - default default] 10.0.0.150 "DELETE /v2.0/vpn/endpoint-groups/ce2fcc5a-f330-47ae-a504-30701b823a6f HTTP/1.1" status: 204 len: 168 time: 0.0374887
2026-03-31 06:12:08.953 10 INFO neutron.wsgi [None req-07226cbb-834b-40bb-9d4e-00602e77f750 c7a0cdb4f1c843658cc71f364eb8443e 85087d4ca8f44fe8ac35f4a91f357efc - - default default] 10.0.0.150 "GET /v2.0/vpn/endpoint-groups HTTP/1.1" status: 200 len: 827 time: 0.0134895
2026-03-31 06:12:08.969 10 INFO neutron.wsgi [None req-bbd0b845-0644-4680-8cff-22daaab17f8d c7a0cdb4f1c843658cc71f364eb8443e 85087d4ca8f44fe8ac35f4a91f357efc - - default default] 10.0.0.150 "GET /v2.0/vpn/endpoint-groups HTTP/1.1" status: 200 len: 827 time: 0.0117731
2026-03-31 06:12:08.983 10 WARNING neutron_lib.context [None req-156d6e8f-6c06-4fb1-8422-fc28003d7445 c7a0cdb4f1c843658cc71f364eb8443e 85087d4ca8f44fe8ac35f4a91f357efc - - default default] Method 'is_advsvc' is deprecated since 2023.2 release (neutron-lib 3.8.0) and will be removed once support for the old RBAC API policies will be removed from Neutron. Please use method 'is_service_role' instead.
2026-03-31 06:12:09.017 10 INFO neutron.wsgi [None req-156d6e8f-6c06-4fb1-8422-fc28003d7445 c7a0cdb4f1c843658cc71f364eb8443e 85087d4ca8f44fe8ac35f4a91f357efc - - default default] 10.0.0.150 "POST /v2.0/vpn/ikepolicies HTTP/1.1" status: 201 len: 602 time: 0.0402579
2026-03-31 06:12:09.047 10 INFO neutron.wsgi [None req-c668b3af-206e-490a-8d50-bf6083551c88 c7a0cdb4f1c843658cc71f364eb8443e 85087d4ca8f44fe8ac35f4a91f357efc - - default default] 10.0.0.150 "PUT /v2.0/vpn/ikepolicies/0948a129-b22b-4cdd-b488-0eb4b2ba5a1b HTTP/1.1" status: 200 len: 613 time: 0.0261989
2026-03-31 06:12:09.061 10 INFO neutron.wsgi [None req-6b23114b-73e8-41a3-a03d-25468ccc8975 c7a0cdb4f1c843658cc71f364eb8443e 85087d4ca8f44fe8ac35f4a91f357efc - - default default] 10.0.0.150 "GET /v2.0/vpn/ikepolicies/0948a129-b22b-4cdd-b488-0eb4b2ba5a1b HTTP/1.1" status: 200 len: 613 time: 0.0093849
2026-03-31 06:12:09.094 10 INFO neutron.wsgi [None req-f5a5e939-ffed-4110-b36b-a2ef2ec49456 c7a0cdb4f1c843658cc71f364eb8443e 85087d4ca8f44fe8ac35f4a91f357efc - - default default] 10.0.0.150 "DELETE /v2.0/vpn/ikepolicies/0948a129-b22b-4cdd-b488-0eb4b2ba5a1b HTTP/1.1" status: 204 len: 168 time: 0.0274236
2026-03-31 06:12:09.111 10 INFO neutron.wsgi [None req-5df4883b-51cb-4d33-a46e-c67f57590775 c7a0cdb4f1c843658cc71f364eb8443e 85087d4ca8f44fe8ac35f4a91f357efc - - default default] 10.0.0.150 "GET /v2.0/vpn/ikepolicies HTTP/1.1" status: 200 len: 602 time: 0.0119739
2026-03-31 06:12:09.131 10 INFO neutron.wsgi [None req-cee82ba1-6f45-434a-bb64-ae6af7612c21 c7a0cdb4f1c843658cc71f364eb8443e 85087d4ca8f44fe8ac35f4a91f357efc - - default default] 10.0.0.150 "GET /v2.0/vpn/ikepolicies HTTP/1.1" status: 200 len: 602 time: 0.0156381
2026-03-31 06:12:09.144 10 WARNING neutron_lib.context [None req-190f835e-34eb-4e14-807b-5190a559e569 c7a0cdb4f1c843658cc71f364eb8443e 85087d4ca8f44fe8ac35f4a91f357efc - - default default] Method 'is_advsvc' is deprecated since 2023.2 release (neutron-lib 3.8.0) and will be removed once support for the old RBAC API policies will be removed from Neutron. Please use method 'is_service_role' instead.
2026-03-31 06:12:09.181 10 INFO neutron.wsgi [None req-190f835e-34eb-4e14-807b-5190a559e569 c7a0cdb4f1c843658cc71f364eb8443e 85087d4ca8f44fe8ac35f4a91f357efc - - default default] 10.0.0.150 "POST /v2.0/vpn/ipsecpolicies HTTP/1.1" status: 201 len: 611 time: 0.0436747
2026-03-31 06:12:09.215 10 INFO neutron.wsgi [None req-3550dff5-1d09-44d7-beb6-4af75ab0a02e c7a0cdb4f1c843658cc71f364eb8443e 85087d4ca8f44fe8ac35f4a91f357efc - - default default] 10.0.0.150 "PUT /v2.0/vpn/ipsecpolicies/f5c7d1b0-25e6-4077-8f75-29d3656fb163 HTTP/1.1" status: 200 len: 624 time: 0.0291986
2026-03-31 06:12:09.252 10 INFO neutron.wsgi [None req-1fa8cfab-92c7-4b4d-98ac-4c1a90771725 c7a0cdb4f1c843658cc71f364eb8443e 85087d4ca8f44fe8ac35f4a91f357efc - - default default] 10.0.0.150 "DELETE /v2.0/vpn/ipsecpolicies/f5c7d1b0-25e6-4077-8f75-29d3656fb163 HTTP/1.1" status: 204 len: 168 time: 0.0280366
2026-03-31 06:12:09.268 10 INFO neutron.api.v2.resource [None req-e5111cf1-691b-4503-b276-eee89fa1f9a6 c7a0cdb4f1c843658cc71f364eb8443e 85087d4ca8f44fe8ac35f4a91f357efc - - default default] delete failed (client error): The resource could not be found.
2026-03-31 06:12:09.269 10 INFO neutron.wsgi [None req-e5111cf1-691b-4503-b276-eee89fa1f9a6 c7a0cdb4f1c843658cc71f364eb8443e 85087d4ca8f44fe8ac35f4a91f357efc - - default default] 10.0.0.150 "DELETE /v2.0/vpn/ipsecpolicies/f5c7d1b0-25e6-4077-8f75-29d3656fb163 HTTP/1.1" status: 404 len: 346 time: 0.0115883
2026-03-31 06:12:09.282 10 INFO neutron.api.v2.resource [None req-60435e93-6337-4fbb-8b6d-eaeddb65b6e1 c7a0cdb4f1c843658cc71f364eb8443e 85087d4ca8f44fe8ac35f4a91f357efc - - default default] delete failed (client error): The resource could not be found.
2026-03-31 06:12:09.283 10 INFO neutron.wsgi [None req-60435e93-6337-4fbb-8b6d-eaeddb65b6e1 c7a0cdb4f1c843658cc71f364eb8443e 85087d4ca8f44fe8ac35f4a91f357efc - - default default] 10.0.0.150 "DELETE /v2.0/vpn/ipsecpolicies/f5c7d1b0-25e6-4077-8f75-29d3656fb163 HTTP/1.1" status: 404 len: 346 time: 0.0093453
2026-03-31 06:12:09.296 10 WARNING neutron_lib.context [None req-63f467d7-9bed-46ba-af38-4ee13dfbf5e9 c7a0cdb4f1c843658cc71f364eb8443e 85087d4ca8f44fe8ac35f4a91f357efc - - default default] Method 'is_advsvc' is deprecated since 2023.2 release (neutron-lib 3.8.0) and will be removed once support for the old RBAC API policies will be removed from Neutron. Please use method 'is_service_role' instead.
2026-03-31 06:12:09.396 10 INFO neutron.db.segments_db [None req-63f467d7-9bed-46ba-af38-4ee13dfbf5e9 c7a0cdb4f1c843658cc71f364eb8443e 85087d4ca8f44fe8ac35f4a91f357efc - - default default] Added segment 928c4a72-2214-4813-ae30-57902b240c29 of type geneve for network 404823a9-c8a6-4d09-a8f8-49472e9862bd
2026-03-31 06:12:09.412 9 INFO neutron.wsgi [None req-17240576-2ecc-4c74-97fb-de83715e084f bdce9cd869f248069392cae64f767004 df29d3fcc0dc493d96b7dce1b105b757 - - default default] 10.0.0.150 "GET /v2.0/networks?not-tags=red%2Cblue HTTP/1.1" status: 200 len: 2681 time: 0.5303454
2026-03-31 06:12:09.557 9 INFO neutron.wsgi [None req-f0ecaf1b-abc3-4ee4-93df-786a00108745 bdce9cd869f248069392cae64f767004 df29d3fcc0dc493d96b7dce1b105b757 - - default default] 10.0.0.150 "GET /v2.0/networks?not-tags-any=blue HTTP/1.1" status: 200 len: 2681 time: 0.1378648
2026-03-31 06:12:09.575 10 INFO neutron.db.ovn_revision_numbers_db [None req-63f467d7-9bed-46ba-af38-4ee13dfbf5e9 c7a0cdb4f1c843658cc71f364eb8443e 85087d4ca8f44fe8ac35f4a91f357efc - - default default] Successfully bumped revision number for resource 404823a9-c8a6-4d09-a8f8-49472e9862bd (type: networks) to 1
2026-03-31 06:12:09.654 9 INFO neutron.wsgi [None req-ecf152e7-9982-4ede-a69b-e50b11c6814d bdce9cd869f248069392cae64f767004 df29d3fcc0dc493d96b7dce1b105b757 - - default default] 10.0.0.150 "GET /v2.0/networks?not-tags-any=red%2Cblue HTTP/1.1" status: 200 len: 2068 time: 0.0901222
2026-03-31 06:12:09.830 10 WARNING neutron.scheduler.dhcp_agent_scheduler [None req-63f467d7-9bed-46ba-af38-4ee13dfbf5e9 c7a0cdb4f1c843658cc71f364eb8443e 85087d4ca8f44fe8ac35f4a91f357efc - - default default] No more DHCP agents
2026-03-31 06:12:09.832 10 WARNING neutron.api.rpc.agentnotifiers.dhcp_rpc_agent_api [None req-63f467d7-9bed-46ba-af38-4ee13dfbf5e9 c7a0cdb4f1c843658cc71f364eb8443e 85087d4ca8f44fe8ac35f4a91f357efc - - default default] Unable to schedule network 404823a9-c8a6-4d09-a8f8-49472e9862bd: no agents available; will retry on subsequent port and subnet creation events.
2026-03-31 06:12:09.926 10 INFO neutron.db.ovn_revision_numbers_db [None req-63f467d7-9bed-46ba-af38-4ee13dfbf5e9 c7a0cdb4f1c843658cc71f364eb8443e 85087d4ca8f44fe8ac35f4a91f357efc - - default default] Successfully bumped revision number for resource 5887cc2e-4e80-48a3-b8f4-effc19dc7798 (type: ports) to 1
2026-03-31 06:12:09.956 10 INFO neutron.wsgi [None req-63f467d7-9bed-46ba-af38-4ee13dfbf5e9 c7a0cdb4f1c843658cc71f364eb8443e 85087d4ca8f44fe8ac35f4a91f357efc - - default default] 10.0.0.150 "POST /v2.0/networks HTTP/1.1" status: 201 len: 830 time: 0.6637201
2026-03-31 06:12:09.968 10 WARNING neutron_lib.context [None req-154f3fc7-883b-452c-9442-e49a2bc2f82b c7a0cdb4f1c843658cc71f364eb8443e 85087d4ca8f44fe8ac35f4a91f357efc - - default default] Method 'is_advsvc' is deprecated since 2023.2 release (neutron-lib 3.8.0) and will be removed once support for the old RBAC API policies will be removed from Neutron. Please use method 'is_service_role' instead.
2026-03-31 06:12:10.034 9 INFO neutron.services.segments.plugin [-] Segment f3933d7e-98cd-449f-bf15-1fde5a93807f resource provider aggregate not found
2026-03-31 06:12:10.039 9 INFO neutron.services.segments.plugin [-] Segment f3933d7e-98cd-449f-bf15-1fde5a93807f resource provider aggregate not found
2026-03-31 06:12:10.056 9 INFO neutron.services.segments.plugin [-] Segment f3933d7e-98cd-449f-bf15-1fde5a93807f resource provider not found; error: Placement Client Error (4xx): {"errors": [{"status": 404, "title": "Not Found", "detail": "The resource could not be found.\n\n No resource provider with uuid f3933d7e-98cd-449f-bf15-1fde5a93807f found for delete ", "request_id": "req-2fc6a861-fc6f-4779-b873-6494e100cf65"}]}
2026-03-31 06:12:10.063 9 INFO neutron.services.segments.plugin [-] Segment f3933d7e-98cd-449f-bf15-1fde5a93807f resource provider not found; error: Placement Client Error (4xx): {"errors": [{"status": 404, "title": "Not Found", "detail": "The resource could not be found.\n\n No resource provider with uuid f3933d7e-98cd-449f-bf15-1fde5a93807f found for delete ", "request_id": "req-d4e9b9b8-ed35-415e-a885-c1aa34e01fef"}]}
2026-03-31 06:12:10.091 9 INFO neutron.wsgi [None req-32bcc820-fe42-4587-adc6-45c3092a7a41 bdce9cd869f248069392cae64f767004 df29d3fcc0dc493d96b7dce1b105b757 - - default default] 10.0.0.150 "DELETE /v2.0/networks/fecc5c44-ce5e-46ef-9d4f-c132ab2309be HTTP/1.1" status: 204 len: 168 time: 0.4292192
2026-03-31 06:12:10.538 9 INFO neutron.wsgi [None req-aeaf0ed9-7959-4b0b-acfc-9773b611cf06 bdce9cd869f248069392cae64f767004 df29d3fcc0dc493d96b7dce1b105b757 - - default default] 10.0.0.150 "DELETE /v2.0/networks/7e253d28-1b47-48cf-93a1-3d5ccbd2248c HTTP/1.1" status: 204 len: 168 time: 0.4403701
2026-03-31 06:12:10.621 10 WARNING neutron.scheduler.dhcp_agent_scheduler [None req-154f3fc7-883b-452c-9442-e49a2bc2f82b c7a0cdb4f1c843658cc71f364eb8443e 85087d4ca8f44fe8ac35f4a91f357efc - - default default] No more DHCP agents
2026-03-31 06:12:10.625 10 WARNING neutron.api.rpc.agentnotifiers.dhcp_rpc_agent_api [None req-154f3fc7-883b-452c-9442-e49a2bc2f82b c7a0cdb4f1c843658cc71f364eb8443e 85087d4ca8f44fe8ac35f4a91f357efc - - default default] Unable to schedule network 404823a9-c8a6-4d09-a8f8-49472e9862bd: no agents available; will retry on subsequent port and subnet creation events.
2026-03-31 06:12:11.106 10 INFO neutron.services.segments.plugin [-] Segment 13df324b-f8e3-4063-b91d-1abcb34d8ee4 resource provider aggregate not found
2026-03-31 06:12:11.113 10 INFO neutron.services.segments.plugin [-] Segment 13df324b-f8e3-4063-b91d-1abcb34d8ee4 resource provider aggregate not found
2026-03-31 06:12:11.126 10 INFO neutron.services.segments.plugin [-] Segment 13df324b-f8e3-4063-b91d-1abcb34d8ee4 resource provider not found; error: Placement Client Error (4xx): {"errors": [{"status": 404, "title": "Not Found", "detail": "The resource could not be found.\n\n No resource provider with uuid 13df324b-f8e3-4063-b91d-1abcb34d8ee4 found for delete ", "request_id": "req-6af2d08f-3b1e-4b29-babb-522370d066c4"}]}
2026-03-31 06:12:11.133 10 INFO neutron.services.segments.plugin [-] Segment 13df324b-f8e3-4063-b91d-1abcb34d8ee4 resource provider not found; error: Placement Client Error (4xx): {"errors": [{"status": 404, "title": "Not Found", "detail": "The resource could not be found.\n\n No resource provider with uuid 13df324b-f8e3-4063-b91d-1abcb34d8ee4 found for delete ", "request_id": "req-dad488f2-2b70-4a6f-9e54-b3bda8252c3e"}]}
2026-03-31 06:12:11.176 10 INFO neutron.wsgi [None req-fc53f09d-bb4b-4ff1-b57d-b1060970506b bdce9cd869f248069392cae64f767004 df29d3fcc0dc493d96b7dce1b105b757 - - default default] 10.0.0.150 "DELETE /v2.0/networks/8b87d66a-7d59-42f4-bea2-0d936c2fbae7 HTTP/1.1" status: 204 len: 168 time: 0.6329014
2026-03-31 06:12:11.388 10 INFO neutron.db.ovn_revision_numbers_db [None req-154f3fc7-883b-452c-9442-e49a2bc2f82b c7a0cdb4f1c843658cc71f364eb8443e 85087d4ca8f44fe8ac35f4a91f357efc - - default default] Successfully bumped revision number for resource 5887cc2e-4e80-48a3-b8f4-effc19dc7798 (type: ports) to 2
2026-03-31 06:12:11.440 10 INFO neutron.db.ovn_revision_numbers_db [None req-154f3fc7-883b-452c-9442-e49a2bc2f82b c7a0cdb4f1c843658cc71f364eb8443e 85087d4ca8f44fe8ac35f4a91f357efc - - default default] Successfully bumped revision number for resource 6bc6d492-16d7-4afd-b1ac-e9be4f5d6630 (type: subnets) to 0
2026-03-31 06:12:11.461 10 INFO neutron.wsgi [None req-154f3fc7-883b-452c-9442-e49a2bc2f82b c7a0cdb4f1c843658cc71f364eb8443e 85087d4ca8f44fe8ac35f4a91f357efc - - default default] 10.0.0.150 "POST /v2.0/subnets HTTP/1.1" status: 201 len: 804 time: 1.4995158
