Apr 23 17:14:41.907400 np0000169841 neutron-periodic-workers[106282]: DEBUG cotyledon.oslo_config_glue [-] database.asyncio_slave_connection = **** {{(pid=106282) log_opt_values /opt/stack/data/venv/lib/python3.12/site-packages/oslo_config/cfg.py:3006}}
Apr 23 17:14:41.907489 np0000169841 neutron-periodic-workers[106282]: DEBUG cotyledon.oslo_config_glue [-] database.backend = sqlalchemy {{(pid=106282) log_opt_values /opt/stack/data/venv/lib/python3.12/site-packages/oslo_config/cfg.py:3006}}
Apr 23 17:14:41.907489 np0000169841 neutron-periodic-workers[106282]: DEBUG cotyledon.oslo_config_glue [-] database.connection = **** {{(pid=106282) log_opt_values /opt/stack/data/venv/lib/python3.12/site-packages/oslo_config/cfg.py:3006}}
Apr 23 17:14:41.907545 np0000169841 neutron-periodic-workers[106282]: DEBUG cotyledon.oslo_config_glue [-] database.connection_debug = 0 {{(pid=106282) log_opt_values /opt/stack/data/venv/lib/python3.12/site-packages/oslo_config/cfg.py:3006}}
Apr 23 17:14:41.907573 np0000169841 neutron-periodic-workers[106282]: DEBUG cotyledon.oslo_config_glue [-] database.connection_parameters = {{(pid=106282) log_opt_values /opt/stack/data/venv/lib/python3.12/site-packages/oslo_config/cfg.py:3006}}
Apr 23 17:14:41.907621 np0000169841 neutron-periodic-workers[106282]: DEBUG cotyledon.oslo_config_glue [-] database.connection_recycle_time = 3600 {{(pid=106282) log_opt_values /opt/stack/data/venv/lib/python3.12/site-packages/oslo_config/cfg.py:3006}}
Apr 23 17:14:41.907655 np0000169841 neutron-periodic-workers[106282]: DEBUG cotyledon.oslo_config_glue [-] database.connection_trace = False {{(pid=106282) log_opt_values /opt/stack/data/venv/lib/python3.12/site-packages/oslo_config/cfg.py:3006}}
Apr 23 17:14:41.907764 np0000169841 neutron-periodic-workers[106282]: DEBUG cotyledon.oslo_config_glue [-] database.db_inc_retry_interval = True {{(pid=106282) log_opt_values /opt/stack/data/venv/lib/python3.12/site-packages/oslo_config/cfg.py:3006}}
Apr 23 17:14:41.907764 np0000169841 neutron-periodic-workers[106282]: DEBUG cotyledon.oslo_config_glue [-] database.db_max_retries = 20 {{(pid=106282) log_opt_values /opt/stack/data/venv/lib/python3.12/site-packages/oslo_config/cfg.py:3006}}
Apr 23 17:14:41.907764 np0000169841 neutron-periodic-workers[106282]: DEBUG cotyledon.oslo_config_glue [-] database.db_max_retry_interval = 10 {{(pid=106282) log_opt_values /opt/stack/data/venv/lib/python3.12/site-packages/oslo_config/cfg.py:3006}}
Apr 23 17:14:41.907888 np0000169841 neutron-periodic-workers[106282]: DEBUG cotyledon.oslo_config_glue [-] database.db_retry_interval = 1 {{(pid=106282) log_opt_values /opt/stack/data/venv/lib/python3.12/site-packages/oslo_config/cfg.py:3006}}
Apr 23 17:14:41.907888 np0000169841 neutron-periodic-workers[106282]: DEBUG cotyledon.oslo_config_glue [-] database.max_overflow = 50 {{(pid=106282) log_opt_values /opt/stack/data/venv/lib/python3.12/site-packages/oslo_config/cfg.py:3006}}
Apr 23 17:14:41.908003 np0000169841 neutron-periodic-workers[106282]: DEBUG cotyledon.oslo_config_glue [-] database.max_pool_size = 5 {{(pid=106282) log_opt_values /opt/stack/data/venv/lib/python3.12/site-packages/oslo_config/cfg.py:3006}}
Apr 23 17:14:41.908003 np0000169841 neutron-periodic-workers[106282]: DEBUG cotyledon.oslo_config_glue [-] database.max_retries = 10 {{(pid=106282) log_opt_values /opt/stack/data/venv/lib/python3.12/site-packages/oslo_config/cfg.py:3006}}
Apr 23 17:14:41.908090 np0000169841 neutron-periodic-workers[106282]: DEBUG cotyledon.oslo_config_glue [-] database.mysql_sql_mode = TRADITIONAL {{(pid=106282) log_opt_values /opt/stack/data/venv/lib/python3.12/site-packages/oslo_config/cfg.py:3006}}
Apr 23 17:14:41.908090 np0000169841 neutron-periodic-workers[106282]: DEBUG cotyledon.oslo_config_glue [-] database.mysql_wsrep_sync_wait = None {{(pid=106282) log_opt_values /opt/stack/data/venv/lib/python3.12/site-packages/oslo_config/cfg.py:3006}}
Apr 23 17:14:41.908170 np0000169841 neutron-periodic-workers[106282]: DEBUG cotyledon.oslo_config_glue [-] database.pool_timeout = None {{(pid=106282) log_opt_values /opt/stack/data/venv/lib/python3.12/site-packages/oslo_config/cfg.py:3006}}
Apr 23 17:14:41.908170 np0000169841 neutron-periodic-workers[106282]: DEBUG cotyledon.oslo_config_glue [-] database.retry_interval = 10 {{(pid=106282) log_opt_values /opt/stack/data/venv/lib/python3.12/site-packages/oslo_config/cfg.py:3006}}
Apr 23 17:14:41.908304 np0000169841 neutron-periodic-workers[106282]: DEBUG cotyledon.oslo_config_glue [-] database.slave_connection = **** {{(pid=106282) log_opt_values /opt/stack/data/venv/lib/python3.12/site-packages/oslo_config/cfg.py:3006}}
Apr 23 17:14:41.908304 np0000169841 neutron-periodic-workers[106282]: DEBUG cotyledon.oslo_config_glue [-] database.sqlite_synchronous = True {{(pid=106282) log_opt_values /opt/stack/data/venv/lib/python3.12/site-packages/oslo_config/cfg.py:3006}}
Apr 23 17:14:41.908304 np0000169841 neutron-periodic-workers[106282]: DEBUG cotyledon.oslo_config_glue [-] database.synchronous_reader = True {{(pid=106282) log_opt_values /opt/stack/data/venv/lib/python3.12/site-packages/oslo_config/cfg.py:3006}}
Apr 23 17:14:41.908415 np0000169841 neutron-periodic-workers[106282]: DEBUG cotyledon.oslo_config_glue [-] database.use_db_reconnect = False {{(pid=106282) log_opt_values /opt/stack/data/venv/lib/python3.12/site-packages/oslo_config/cfg.py:3006}}
Apr 23 17:14:41.908415 np0000169841 neutron-periodic-workers[106282]: DEBUG cotyledon.oslo_config_glue [-] ovn.bfd_min_rx = 1000 {{(pid=106282) log_opt_values /opt/stack/data/venv/lib/python3.12/site-packages/oslo_config/cfg.py:3006}}
Apr 23 17:14:41.908506 np0000169841 neutron-periodic-workers[106282]: DEBUG cotyledon.oslo_config_glue [-] ovn.bfd_min_tx = 100 {{(pid=106282) log_opt_values /opt/stack/data/venv/lib/python3.12/site-packages/oslo_config/cfg.py:3006}}
Apr 23 17:14:41.908506 np0000169841 neutron-periodic-workers[106282]: DEBUG cotyledon.oslo_config_glue [-] ovn.bfd_mult = 3 {{(pid=106282) log_opt_values /opt/stack/data/venv/lib/python3.12/site-packages/oslo_config/cfg.py:3006}}
Apr 23 17:14:41.908593 np0000169841 neutron-periodic-workers[106282]: DEBUG cotyledon.oslo_config_glue [-] ovn.broadcast_arps_to_all_routers = True {{(pid=106282) log_opt_values /opt/stack/data/venv/lib/python3.12/site-packages/oslo_config/cfg.py:3006}}
Apr 23 17:14:41.908593 np0000169841 neutron-periodic-workers[106282]: DEBUG cotyledon.oslo_config_glue [-] ovn.dhcp_default_lease_time = 43200 {{(pid=106282) log_opt_values /opt/stack/data/venv/lib/python3.12/site-packages/oslo_config/cfg.py:3006}}
Apr 23 17:14:41.908593 np0000169841 neutron-periodic-workers[106282]: DEBUG cotyledon.oslo_config_glue [-] ovn.disable_ovn_dhcp_for_baremetal_ports = False {{(pid=106282) log_opt_values /opt/stack/data/venv/lib/python3.12/site-packages/oslo_config/cfg.py:3006}}
Apr 23 17:14:41.908695 np0000169841 neutron-periodic-workers[106282]: DEBUG cotyledon.oslo_config_glue [-] ovn.dns_records_ovn_owned = False {{(pid=106282) log_opt_values /opt/stack/data/venv/lib/python3.12/site-packages/oslo_config/cfg.py:3006}}
Apr 23 17:14:41.908695 np0000169841 neutron-periodic-workers[106282]: DEBUG cotyledon.oslo_config_glue [-] ovn.dns_servers = [] {{(pid=106282) log_opt_values /opt/stack/data/venv/lib/python3.12/site-packages/oslo_config/cfg.py:3006}}
Apr 23 17:14:41.908783 np0000169841 neutron-periodic-workers[106282]: DEBUG cotyledon.oslo_config_glue [-] ovn.enable_distributed_floating_ip = False {{(pid=106282) log_opt_values /opt/stack/data/venv/lib/python3.12/site-packages/oslo_config/cfg.py:3006}}
Apr 23 17:14:41.908783 np0000169841 neutron-periodic-workers[106282]: DEBUG cotyledon.oslo_config_glue [-] ovn.fdb_age_threshold = 300 {{(pid=106282) log_opt_values /opt/stack/data/venv/lib/python3.12/site-packages/oslo_config/cfg.py:3006}}
Apr 23 17:14:41.908783 np0000169841 neutron-periodic-workers[106282]: DEBUG cotyledon.oslo_config_glue [-] ovn.ha_failover_strategy = normal {{(pid=106282) log_opt_values /opt/stack/data/venv/lib/python3.12/site-packages/oslo_config/cfg.py:3006}}
Apr 23 17:14:41.908914 np0000169841 neutron-periodic-workers[106282]: DEBUG cotyledon.oslo_config_glue [-] ovn.live_migration_activation_strategy = rarp {{(pid=106282) log_opt_values /opt/stack/data/venv/lib/python3.12/site-packages/oslo_config/cfg.py:3006}}
Apr 23 17:14:41.908914 np0000169841 neutron-periodic-workers[106282]: DEBUG cotyledon.oslo_config_glue [-] ovn.localnet_learn_fdb = False {{(pid=106282) log_opt_values /opt/stack/data/venv/lib/python3.12/site-packages/oslo_config/cfg.py:3006}}
Apr 23 17:14:41.908963 np0000169841 neutron-periodic-workers[106282]: DEBUG cotyledon.oslo_config_glue [-] ovn.mac_binding_age_threshold = 300 {{(pid=106282) log_opt_values /opt/stack/data/venv/lib/python3.12/site-packages/oslo_config/cfg.py:3006}}
Apr 23 17:14:41.908991 np0000169841 neutron-periodic-workers[106282]: DEBUG cotyledon.oslo_config_glue [-] ovn.neutron_sync_mode = log {{(pid=106282) log_opt_values /opt/stack/data/venv/lib/python3.12/site-packages/oslo_config/cfg.py:3006}}
Apr 23 17:14:41.909038 np0000169841 neutron-periodic-workers[106282]: DEBUG cotyledon.oslo_config_glue [-] ovn.ovn_dhcp4_global_options = {} {{(pid=106282) log_opt_values /opt/stack/data/venv/lib/python3.12/site-packages/oslo_config/cfg.py:3006}}
Apr 23 17:14:41.909080 np0000169841 neutron-periodic-workers[106282]: DEBUG cotyledon.oslo_config_glue [-] ovn.ovn_dhcp6_global_options = {} {{(pid=106282) log_opt_values /opt/stack/data/venv/lib/python3.12/site-packages/oslo_config/cfg.py:3006}}
Apr 23 17:14:41.909122 np0000169841 neutron-periodic-workers[106282]: DEBUG cotyledon.oslo_config_glue [-] ovn.ovn_l3_scheduler = leastloaded {{(pid=106282) log_opt_values /opt/stack/data/venv/lib/python3.12/site-packages/oslo_config/cfg.py:3006}}
Apr 23 17:14:41.909164 np0000169841 neutron-periodic-workers[106282]: DEBUG cotyledon.oslo_config_glue [-] ovn.ovn_metadata_enabled = True {{(pid=106282) log_opt_values /opt/stack/data/venv/lib/python3.12/site-packages/oslo_config/cfg.py:3006}}
Apr 23 17:14:41.909218 np0000169841 neutron-periodic-workers[106282]: DEBUG cotyledon.oslo_config_glue [-] ovn.ovn_nb_ca_cert = /opt/stack/data/CA/int-ca/ca-chain.pem {{(pid=106282) log_opt_values /opt/stack/data/venv/lib/python3.12/site-packages/oslo_config/cfg.py:3006}}
Apr 23 17:14:41.909267 np0000169841 neutron-periodic-workers[106282]: DEBUG cotyledon.oslo_config_glue [-] ovn.ovn_nb_certificate = /opt/stack/data/CA/int-ca/devstack-cert.crt {{(pid=106282) log_opt_values /opt/stack/data/venv/lib/python3.12/site-packages/oslo_config/cfg.py:3006}}
Apr 23 17:14:41.909319 np0000169841 neutron-periodic-workers[106282]: DEBUG cotyledon.oslo_config_glue [-] ovn.ovn_nb_connection = ['ssl:199.204.45.49:6641'] {{(pid=106282) log_opt_values /opt/stack/data/venv/lib/python3.12/site-packages/oslo_config/cfg.py:3006}}
Apr 23 17:14:41.909355 np0000169841 neutron-periodic-workers[106282]: DEBUG cotyledon.oslo_config_glue [-] ovn.ovn_nb_private_key = /opt/stack/data/CA/int-ca/private/devstack-cert.key {{(pid=106282) log_opt_values /opt/stack/data/venv/lib/python3.12/site-packages/oslo_config/cfg.py:3006}}
Apr 23 17:14:41.909400 np0000169841 neutron-periodic-workers[106282]: DEBUG cotyledon.oslo_config_glue [-] ovn.ovn_router_indirect_snat = False {{(pid=106282) log_opt_values /opt/stack/data/venv/lib/python3.12/site-packages/oslo_config/cfg.py:3006}}
Apr 23 17:14:41.909442 np0000169841 neutron-periodic-workers[106282]: DEBUG cotyledon.oslo_config_glue [-] ovn.ovn_sb_ca_cert = /opt/stack/data/CA/int-ca/ca-chain.pem {{(pid=106282) log_opt_values /opt/stack/data/venv/lib/python3.12/site-packages/oslo_config/cfg.py:3006}}
Apr 23 17:14:41.909484 np0000169841 neutron-periodic-workers[106282]: DEBUG cotyledon.oslo_config_glue [-] ovn.ovn_sb_certificate = /opt/stack/data/CA/int-ca/devstack-cert.crt {{(pid=106282) log_opt_values /opt/stack/data/venv/lib/python3.12/site-packages/oslo_config/cfg.py:3006}}
Apr 23 17:14:41.909527 np0000169841 neutron-periodic-workers[106282]: DEBUG cotyledon.oslo_config_glue [-] ovn.ovn_sb_connection = ['ssl:199.204.45.49:6642'] {{(pid=106282) log_opt_values /opt/stack/data/venv/lib/python3.12/site-packages/oslo_config/cfg.py:3006}}
Apr 23 17:14:41.909563 np0000169841 neutron-periodic-workers[106282]: DEBUG cotyledon.oslo_config_glue [-] ovn.ovn_sb_private_key = /opt/stack/data/CA/int-ca/private/devstack-cert.key {{(pid=106282) log_opt_values /opt/stack/data/venv/lib/python3.12/site-packages/oslo_config/cfg.py:3006}}
Apr 23 17:14:41.909611 np0000169841 neutron-periodic-workers[106282]: DEBUG cotyledon.oslo_config_glue [-] ovn.ovs_create_tap = False {{(pid=106282) log_opt_values /opt/stack/data/venv/lib/python3.12/site-packages/oslo_config/cfg.py:3006}}
Apr 23 17:14:41.909653 np0000169841 neutron-periodic-workers[106282]: DEBUG cotyledon.oslo_config_glue [-] ovn.ovsdb_connection_timeout = 180 {{(pid=106282) log_opt_values /opt/stack/data/venv/lib/python3.12/site-packages/oslo_config/cfg.py:3006}}
Apr 23 17:14:41.909695 np0000169841 neutron-periodic-workers[106282]: DEBUG cotyledon.oslo_config_glue [-] ovn.ovsdb_log_level = INFO {{(pid=106282) log_opt_values /opt/stack/data/venv/lib/python3.12/site-packages/oslo_config/cfg.py:3006}}
Apr 23 17:14:41.909737 np0000169841 neutron-periodic-workers[106282]: DEBUG cotyledon.oslo_config_glue [-] ovn.ovsdb_probe_interval = 60000 {{(pid=106282) log_opt_values /opt/stack/data/venv/lib/python3.12/site-packages/oslo_config/cfg.py:3006}}
Apr 23 17:14:41.909779 np0000169841 neutron-periodic-workers[106282]: DEBUG cotyledon.oslo_config_glue [-] ovn.ovsdb_retry_max_interval = 180 {{(pid=106282) log_opt_values /opt/stack/data/venv/lib/python3.12/site-packages/oslo_config/cfg.py:3006}}
Apr 23 17:14:41.909843 np0000169841 neutron-periodic-workers[106282]: DEBUG cotyledon.oslo_config_glue [-] ovn.stateless_nat_enabled = False {{(pid=106282) log_opt_values /opt/stack/data/venv/lib/python3.12/site-packages/oslo_config/cfg.py:3006}}
Apr 23 17:14:41.909908 np0000169841 neutron-periodic-workers[106282]: DEBUG cotyledon.oslo_config_glue [-] ovn.vhost_sock_dir = /var/run/openvswitch {{(pid=106282) log_opt_values /opt/stack/data/venv/lib/python3.12/site-packages/oslo_config/cfg.py:3006}}
Apr 23 17:14:41.909975 np0000169841 neutron-periodic-workers[106282]: DEBUG cotyledon.oslo_config_glue [-] OVS.bridge_mac_table_size = 50000 {{(pid=106282) log_opt_values /opt/stack/data/venv/lib/python3.12/site-packages/oslo_config/cfg.py:3006}}
Apr 23 17:14:41.910014 np0000169841 neutron-periodic-workers[106282]: DEBUG cotyledon.oslo_config_glue [-] OVS.igmp_flood = False {{(pid=106282) log_opt_values /opt/stack/data/venv/lib/python3.12/site-packages/oslo_config/cfg.py:3006}}
Apr 23 17:14:41.910067 np0000169841 neutron-periodic-workers[106282]: DEBUG cotyledon.oslo_config_glue [-] OVS.igmp_flood_reports = True {{(pid=106282) log_opt_values /opt/stack/data/venv/lib/python3.12/site-packages/oslo_config/cfg.py:3006}}
Apr 23 17:14:41.910117 np0000169841 neutron-periodic-workers[106282]: DEBUG cotyledon.oslo_config_glue [-] OVS.igmp_flood_unregistered = False {{(pid=106282) log_opt_values /opt/stack/data/venv/lib/python3.12/site-packages/oslo_config/cfg.py:3006}}
Apr 23 17:14:41.910167 np0000169841 neutron-periodic-workers[106282]: DEBUG cotyledon.oslo_config_glue [-] OVS.igmp_snooping_enable = False {{(pid=106282) log_opt_values /opt/stack/data/venv/lib/python3.12/site-packages/oslo_config/cfg.py:3006}}
Apr 23 17:14:41.910216 np0000169841 neutron-periodic-workers[106282]: DEBUG cotyledon.oslo_config_glue [-] OVS.ovsdb_timeout = 10 {{(pid=106282) log_opt_values /opt/stack/data/venv/lib/python3.12/site-packages/oslo_config/cfg.py:3006}}
Apr 23 17:14:41.910271 np0000169841 neutron-periodic-workers[106282]: DEBUG cotyledon.oslo_config_glue [-] ovn_nb_global.fdb_removal_limit = 0 {{(pid=106282) log_opt_values /opt/stack/data/venv/lib/python3.12/site-packages/oslo_config/cfg.py:3006}}
Apr 23 17:14:41.910321 np0000169841 neutron-periodic-workers[106282]: DEBUG cotyledon.oslo_config_glue [-] ovn_nb_global.ignore_lsp_down = False {{(pid=106282) log_opt_values /opt/stack/data/venv/lib/python3.12/site-packages/oslo_config/cfg.py:3006}}
Apr 23 17:14:41.910418 np0000169841 neutron-periodic-workers[106282]: DEBUG cotyledon.oslo_config_glue [-] ovn_nb_global.mac_binding_removal_limit = 0 {{(pid=106282) log_opt_values /opt/stack/data/venv/lib/python3.12/site-packages/oslo_config/cfg.py:3006}}
Apr 23 17:14:41.910418 np0000169841 neutron-periodic-workers[106282]: DEBUG cotyledon.oslo_config_glue [-] ******************************************************************************** {{(pid=106282) log_opt_values /opt/stack/data/venv/lib/python3.12/site-packages/oslo_config/cfg.py:3013}}
Apr 23 17:14:41.910604 np0000169841 neutron-periodic-workers[106282]: DEBUG cotyledon._service_worker [-] Run service ServiceWrapper(0) [106282] {{(pid=106282) wait_forever /opt/stack/data/venv/lib/python3.12/site-packages/cotyledon/_service_worker.py:218}}
Apr 23 17:14:51.519400 np0000169841 neutron-periodic-workers[105483]: DEBUG dbcounter [-] [105483] Writing DB stats neutron:SELECT=4 {{(pid=105483) stat_writer /opt/stack/data/venv/lib/python3.12/site-packages/dbcounter.py:115}}
Apr 23 17:15:47.874705 np0000169841 neutron-periodic-workers[106255]: DEBUG oslo_db.sqlalchemy.engines [None req-2b8cbfac-8279-4826-a613-04ea6cd0de2e None None] Parent process 105483 forked (106255) with an open database connection, which is being discarded and recreated. {{(pid=106255) checkout /opt/stack/data/venv/lib/python3.12/site-packages/oslo_db/sqlalchemy/engines.py:402}}
Apr 23 17:15:47.884889 np0000169841 neutron-periodic-workers[106255]: DEBUG dbcounter [-] [106255] Writer thread running {{(pid=106255) stat_writer /opt/stack/data/venv/lib/python3.12/site-packages/dbcounter.py:102}}
Apr 23 17:15:47.894519 np0000169841 neutron-periodic-workers[106255]: DEBUG oslo.service.backend._threading.loopingcall [None req-2b8cbfac-8279-4826-a613-04ea6cd0de2e None None] Fixed interval looping call 'neutron.plugins.ml2.plugin.DhcpAgentSchedulerDbMixin.remove_networks_from_down_agents' sleeping for 36.97 seconds {{(pid=106255) _run_loop /opt/stack/data/venv/lib/python3.12/site-packages/oslo_service/backend/_threading/loopingcall.py:125}}
Apr 23 17:15:48.902144 np0000169841 neutron-periodic-workers[106267]: DEBUG dbcounter [-] [106267] Writer thread running {{(pid=106267) stat_writer /opt/stack/data/venv/lib/python3.12/site-packages/dbcounter.py:102}}
Apr 23 17:15:48.906052 np0000169841 neutron-periodic-workers[106267]: DEBUG neutron.db.agents_db [None req-a548c6fd-3e03-45c4-8a00-36da059ffc3a None None] Agent healthcheck: found 0 active agents {{(pid=106267) agent_health_check /opt/stack/neutron/neutron/db/agents_db.py:317}}
Apr 23 17:15:48.908265 np0000169841 neutron-periodic-workers[106267]: DEBUG oslo.service.backend._threading.loopingcall [None req-a548c6fd-3e03-45c4-8a00-36da059ffc3a None None] Fixed interval looping call 'neutron.plugins.ml2.plugin.AgentDbMixin.agent_health_check' sleeping for 36.98 seconds {{(pid=106267) _run_loop /opt/stack/data/venv/lib/python3.12/site-packages/oslo_service/backend/_threading/loopingcall.py:125}}
Apr 23 17:15:57.893410 np0000169841 neutron-periodic-workers[106255]: DEBUG dbcounter [-] [106255] Writing DB stats neutron:SELECT=3 {{(pid=106255) stat_writer /opt/stack/data/venv/lib/python3.12/site-packages/dbcounter.py:115}}
Apr 23 17:15:58.902840 np0000169841 neutron-periodic-workers[106267]: DEBUG dbcounter [-] [106267] Writing DB stats neutron:SELECT=1 {{(pid=106267) stat_writer /opt/stack/data/venv/lib/python3.12/site-packages/dbcounter.py:115}}
Apr 23 17:16:24.875263 np0000169841 neutron-periodic-workers[106255]: DEBUG oslo.service.backend._threading.loopingcall [None req-2b8cbfac-8279-4826-a613-04ea6cd0de2e None None] Fixed interval looping call 'neutron.plugins.ml2.plugin.DhcpAgentSchedulerDbMixin.remove_networks_from_down_agents' sleeping for 36.99 seconds {{(pid=106255) _run_loop /opt/stack/data/venv/lib/python3.12/site-packages/oslo_service/backend/_threading/loopingcall.py:125}}
Apr 23 17:16:25.891423 np0000169841 neutron-periodic-workers[106267]: DEBUG neutron.db.agents_db [None req-a548c6fd-3e03-45c4-8a00-36da059ffc3a None None] Agent healthcheck: found 0 active agents {{(pid=106267) agent_health_check /opt/stack/neutron/neutron/db/agents_db.py:317}}
Apr 23 17:16:25.892326 np0000169841 neutron-periodic-workers[106267]: DEBUG oslo.service.backend._threading.loopingcall [None req-a548c6fd-3e03-45c4-8a00-36da059ffc3a None None] Fixed interval looping call 'neutron.plugins.ml2.plugin.AgentDbMixin.agent_health_check' sleeping for 37.00 seconds {{(pid=106267) _run_loop /opt/stack/data/venv/lib/python3.12/site-packages/oslo_service/backend/_threading/loopingcall.py:125}}
Apr 23 17:16:34.874601 np0000169841 neutron-periodic-workers[106255]: DEBUG dbcounter [-] [106255] Writing DB stats neutron:SELECT=3 {{(pid=106255) stat_writer /opt/stack/data/venv/lib/python3.12/site-packages/dbcounter.py:115}}
Apr 23 17:16:35.890303 np0000169841 neutron-periodic-workers[106267]: DEBUG dbcounter [-] [106267] Writing DB stats neutron:SELECT=1 {{(pid=106267) stat_writer /opt/stack/data/venv/lib/python3.12/site-packages/dbcounter.py:115}}
Apr 23 17:16:41.929012 np0000169841 neutron-periodic-workers[106282]: DEBUG dbcounter [-] [106282] Writer thread running {{(pid=106282) stat_writer /opt/stack/data/venv/lib/python3.12/site-packages/dbcounter.py:102}}
Apr 23 17:16:41.931049 np0000169841 neutron-periodic-workers[106282]: DEBUG oslo.service.backend._threading.loopingcall [None req-7d7a362c-8f2a-4b3c-bb90-fdb8afe97706 None None] Fixed interval looping call 'neutron.db.quota.driver_nolock.DbQuotaNoLockDriver._remove_expired_reservations' sleeping for 119.99 seconds {{(pid=106282) _run_loop /opt/stack/data/venv/lib/python3.12/site-packages/oslo_service/backend/_threading/loopingcall.py:125}}
Apr 23 17:16:51.929618 np0000169841 neutron-periodic-workers[106282]: DEBUG dbcounter [-] [106282] Writing DB stats neutron:DELETE=1 {{(pid=106282) stat_writer /opt/stack/data/venv/lib/python3.12/site-packages/dbcounter.py:115}}
Apr 23 17:17:01.876853 np0000169841 neutron-periodic-workers[106255]: DEBUG oslo.service.backend._threading.loopingcall [None req-2b8cbfac-8279-4826-a613-04ea6cd0de2e None None] Fixed interval looping call 'neutron.plugins.ml2.plugin.DhcpAgentSchedulerDbMixin.remove_networks_from_down_agents' sleeping for 36.99 seconds {{(pid=106255) _run_loop /opt/stack/data/venv/lib/python3.12/site-packages/oslo_service/backend/_threading/loopingcall.py:125}}
Apr 23 17:17:02.897134 np0000169841 neutron-periodic-workers[106267]: DEBUG neutron.db.agents_db [None req-a548c6fd-3e03-45c4-8a00-36da059ffc3a None None] Agent healthcheck: found 0 active agents {{(pid=106267) agent_health_check /opt/stack/neutron/neutron/db/agents_db.py:317}}
Apr 23 17:17:02.897752 np0000169841 neutron-periodic-workers[106267]: DEBUG oslo.service.backend._threading.loopingcall [None req-a548c6fd-3e03-45c4-8a00-36da059ffc3a None None] Fixed interval looping call 'neutron.plugins.ml2.plugin.AgentDbMixin.agent_health_check' sleeping for 36.99 seconds {{(pid=106267) _run_loop /opt/stack/data/venv/lib/python3.12/site-packages/oslo_service/backend/_threading/loopingcall.py:125}}
Apr 23 17:17:11.874501 np0000169841 neutron-periodic-workers[106255]: DEBUG dbcounter [-] [106255] Writing DB stats neutron:SELECT=3 {{(pid=106255) stat_writer /opt/stack/data/venv/lib/python3.12/site-packages/dbcounter.py:115}}
Apr 23 17:17:12.895645 np0000169841 neutron-periodic-workers[106267]: DEBUG dbcounter [-] [106267] Writing DB stats neutron:SELECT=1 {{(pid=106267) stat_writer /opt/stack/data/venv/lib/python3.12/site-packages/dbcounter.py:115}}
Apr 23 17:17:13.889881 np0000169841 neutron-periodic-workers[106246]: DEBUG dbcounter [-] [106246] Writer thread running {{(pid=106246) stat_writer /opt/stack/data/venv/lib/python3.12/site-packages/dbcounter.py:102}}
Apr 23 17:17:13.898779 np0000169841 neutron-periodic-workers[106246]: DEBUG oslo.service.backend._threading.loopingcall [None req-5c480670-5b85-4423-88ee-5a43b332c67f None None] Fixed interval looping call 'neutron.services.ovn_l3.plugin.L3_NAT_dbonly_mixin._clean_garbage' sleeping for 299.95 seconds {{(pid=106246) _run_loop /opt/stack/data/venv/lib/python3.12/site-packages/oslo_service/backend/_threading/loopingcall.py:125}}
Apr 23 17:17:23.890762 np0000169841 neutron-periodic-workers[106246]: DEBUG dbcounter [-] [106246] Writing DB stats neutron:SELECT=1 {{(pid=106246) stat_writer /opt/stack/data/venv/lib/python3.12/site-packages/dbcounter.py:115}}
Apr 23 17:17:38.877546 np0000169841 neutron-periodic-workers[106255]: DEBUG oslo.service.backend._threading.loopingcall [None req-2b8cbfac-8279-4826-a613-04ea6cd0de2e None None] Fixed interval looping call 'neutron.plugins.ml2.plugin.DhcpAgentSchedulerDbMixin.remove_networks_from_down_agents' sleeping for 36.99 seconds {{(pid=106255) _run_loop /opt/stack/data/venv/lib/python3.12/site-packages/oslo_service/backend/_threading/loopingcall.py:125}}
Apr 23 17:17:39.893928 np0000169841 neutron-periodic-workers[106267]: DEBUG neutron.db.agents_db [None req-a548c6fd-3e03-45c4-8a00-36da059ffc3a None None] Agent healthcheck: found 0 active agents {{(pid=106267) agent_health_check /opt/stack/neutron/neutron/db/agents_db.py:317}}
Apr 23 17:17:39.895185 np0000169841 neutron-periodic-workers[106267]: DEBUG oslo.service.backend._threading.loopingcall [None req-a548c6fd-3e03-45c4-8a00-36da059ffc3a None None] Fixed interval looping call 'neutron.plugins.ml2.plugin.AgentDbMixin.agent_health_check' sleeping for 36.99 seconds {{(pid=106267) _run_loop /opt/stack/data/venv/lib/python3.12/site-packages/oslo_service/backend/_threading/loopingcall.py:125}}
Apr 23 17:17:48.876381 np0000169841 neutron-periodic-workers[106255]: DEBUG dbcounter [-] [106255] Writing DB stats neutron:SELECT=3 {{(pid=106255) stat_writer /opt/stack/data/venv/lib/python3.12/site-packages/dbcounter.py:115}}
Apr 23 17:17:49.892403 np0000169841 neutron-periodic-workers[106267]: DEBUG dbcounter [-] [106267] Writing DB stats neutron:SELECT=1 {{(pid=106267) stat_writer /opt/stack/data/venv/lib/python3.12/site-packages/dbcounter.py:115}}
Apr 23 17:18:15.875147 np0000169841 neutron-periodic-workers[106255]: DEBUG oslo.service.backend._threading.loopingcall [None req-2b8cbfac-8279-4826-a613-04ea6cd0de2e None None] Fixed interval looping call 'neutron.plugins.ml2.plugin.DhcpAgentSchedulerDbMixin.remove_networks_from_down_agents' sleeping for 36.99 seconds {{(pid=106255) _run_loop /opt/stack/data/venv/lib/python3.12/site-packages/oslo_service/backend/_threading/loopingcall.py:125}}
Apr 23 17:18:16.890573 np0000169841 neutron-periodic-workers[106267]: DEBUG neutron.db.agents_db [None req-a548c6fd-3e03-45c4-8a00-36da059ffc3a None None] Agent healthcheck: found 0 active agents {{(pid=106267) agent_health_check /opt/stack/neutron/neutron/db/agents_db.py:317}}
Apr 23 17:18:16.891048 np0000169841 neutron-periodic-workers[106267]: DEBUG oslo.service.backend._threading.loopingcall [None req-a548c6fd-3e03-45c4-8a00-36da059ffc3a None None] Fixed interval looping call 'neutron.plugins.ml2.plugin.AgentDbMixin.agent_health_check' sleeping for 36.99 seconds {{(pid=106267) _run_loop /opt/stack/data/venv/lib/python3.12/site-packages/oslo_service/backend/_threading/loopingcall.py:125}}
Apr 23 17:18:25.874369 np0000169841 neutron-periodic-workers[106255]: DEBUG dbcounter [-] [106255] Writing DB stats neutron:SELECT=3 {{(pid=106255) stat_writer /opt/stack/data/venv/lib/python3.12/site-packages/dbcounter.py:115}}
Apr 23 17:18:26.888914 np0000169841 neutron-periodic-workers[106267]: DEBUG dbcounter [-] [106267] Writing DB stats neutron:SELECT=1 {{(pid=106267) stat_writer /opt/stack/data/venv/lib/python3.12/site-packages/dbcounter.py:115}}
Apr 23 17:18:41.928331 np0000169841 neutron-periodic-workers[106282]: DEBUG oslo.service.backend._threading.loopingcall [None req-7d7a362c-8f2a-4b3c-bb90-fdb8afe97706 None None] Fixed interval looping call 'neutron.db.quota.driver_nolock.DbQuotaNoLockDriver._remove_expired_reservations' sleeping for 119.99 seconds {{(pid=106282) _run_loop /opt/stack/data/venv/lib/python3.12/site-packages/oslo_service/backend/_threading/loopingcall.py:125}}
Apr 23 17:18:51.927540 np0000169841 neutron-periodic-workers[106282]: DEBUG dbcounter [-] [106282] Writing DB stats neutron:DELETE=1 {{(pid=106282) stat_writer /opt/stack/data/venv/lib/python3.12/site-packages/dbcounter.py:115}}
Apr 23 17:18:52.879343 np0000169841 neutron-periodic-workers[106255]: DEBUG oslo.service.backend._threading.loopingcall [None req-2b8cbfac-8279-4826-a613-04ea6cd0de2e None None] Fixed interval looping call 'neutron.plugins.ml2.plugin.DhcpAgentSchedulerDbMixin.remove_networks_from_down_agents' sleeping for 36.99 seconds {{(pid=106255) _run_loop /opt/stack/data/venv/lib/python3.12/site-packages/oslo_service/backend/_threading/loopingcall.py:125}}
Apr 23 17:18:53.885995 np0000169841 neutron-periodic-workers[106267]: DEBUG neutron.db.agents_db [None req-a548c6fd-3e03-45c4-8a00-36da059ffc3a None None] Agent healthcheck: found 0 active agents {{(pid=106267) agent_health_check /opt/stack/neutron/neutron/db/agents_db.py:317}}
Apr 23 17:18:53.885995 np0000169841 neutron-periodic-workers[106267]: DEBUG oslo.service.backend._threading.loopingcall [None req-a548c6fd-3e03-45c4-8a00-36da059ffc3a None None] Fixed interval looping call 'neutron.plugins.ml2.plugin.AgentDbMixin.agent_health_check' sleeping for 37.00 seconds {{(pid=106267) _run_loop /opt/stack/data/venv/lib/python3.12/site-packages/oslo_service/backend/_threading/loopingcall.py:125}}
Apr 23 17:19:02.878190 np0000169841 neutron-periodic-workers[106255]: DEBUG dbcounter [-] [106255] Writing DB stats neutron:SELECT=3 {{(pid=106255) stat_writer /opt/stack/data/venv/lib/python3.12/site-packages/dbcounter.py:115}}
Apr 23 17:19:03.884233 np0000169841 neutron-periodic-workers[106267]: DEBUG dbcounter [-] [106267] Writing DB stats neutron:SELECT=1 {{(pid=106267) stat_writer /opt/stack/data/venv/lib/python3.12/site-packages/dbcounter.py:115}}
Apr 23 17:19:29.881402 np0000169841 neutron-periodic-workers[106255]: DEBUG oslo.service.backend._threading.loopingcall [None req-2b8cbfac-8279-4826-a613-04ea6cd0de2e None None] Fixed interval looping call 'neutron.plugins.ml2.plugin.DhcpAgentSchedulerDbMixin.remove_networks_from_down_agents' sleeping for 36.99 seconds {{(pid=106255) _run_loop /opt/stack/data/venv/lib/python3.12/site-packages/oslo_service/backend/_threading/loopingcall.py:125}}
Apr 23 17:19:30.891579 np0000169841 neutron-periodic-workers[106267]: DEBUG neutron.db.agents_db [None req-a548c6fd-3e03-45c4-8a00-36da059ffc3a None None] Agent healthcheck: found 0 active agents {{(pid=106267) agent_health_check /opt/stack/neutron/neutron/db/agents_db.py:317}}
Apr 23 17:19:30.892299 np0000169841 neutron-periodic-workers[106267]: DEBUG oslo.service.backend._threading.loopingcall [None req-a548c6fd-3e03-45c4-8a00-36da059ffc3a None None] Fixed interval looping call 'neutron.plugins.ml2.plugin.AgentDbMixin.agent_health_check' sleeping for 36.99 seconds {{(pid=106267) _run_loop /opt/stack/data/venv/lib/python3.12/site-packages/oslo_service/backend/_threading/loopingcall.py:125}}
Apr 23 17:19:39.879427 np0000169841 neutron-periodic-workers[106255]: DEBUG dbcounter [-] [106255] Writing DB stats neutron:SELECT=3 {{(pid=106255) stat_writer /opt/stack/data/venv/lib/python3.12/site-packages/dbcounter.py:115}}
Apr 23 17:19:40.889920 np0000169841 neutron-periodic-workers[106267]: DEBUG dbcounter [-] [106267] Writing DB stats neutron:SELECT=1 {{(pid=106267) stat_writer /opt/stack/data/venv/lib/python3.12/site-packages/dbcounter.py:115}}
Apr 23 17:20:06.884243 np0000169841 neutron-periodic-workers[106255]: DEBUG oslo.service.backend._threading.loopingcall [None req-2b8cbfac-8279-4826-a613-04ea6cd0de2e None None] Fixed interval looping call 'neutron.plugins.ml2.plugin.DhcpAgentSchedulerDbMixin.remove_networks_from_down_agents' sleeping for 36.99 seconds {{(pid=106255) _run_loop /opt/stack/data/venv/lib/python3.12/site-packages/oslo_service/backend/_threading/loopingcall.py:125}}
Apr 23 17:20:07.889588 np0000169841 neutron-periodic-workers[106267]: DEBUG neutron.db.agents_db [None req-a548c6fd-3e03-45c4-8a00-36da059ffc3a None None] Agent healthcheck: found 0 active agents {{(pid=106267) agent_health_check /opt/stack/neutron/neutron/db/agents_db.py:317}}
Apr 23 17:20:07.890367 np0000169841 neutron-periodic-workers[106267]: DEBUG oslo.service.backend._threading.loopingcall [None req-a548c6fd-3e03-45c4-8a00-36da059ffc3a None None] Fixed interval looping call 'neutron.plugins.ml2.plugin.AgentDbMixin.agent_health_check' sleeping for 36.99 seconds {{(pid=106267) _run_loop /opt/stack/data/venv/lib/python3.12/site-packages/oslo_service/backend/_threading/loopingcall.py:125}}
Apr 23 17:20:16.883528 np0000169841 neutron-periodic-workers[106255]: DEBUG dbcounter [-] [106255] Writing DB stats neutron:SELECT=3 {{(pid=106255) stat_writer /opt/stack/data/venv/lib/python3.12/site-packages/dbcounter.py:115}}
Apr 23 17:20:17.887722 np0000169841 neutron-periodic-workers[106267]: DEBUG dbcounter [-] [106267] Writing DB stats neutron:SELECT=1 {{(pid=106267) stat_writer /opt/stack/data/venv/lib/python3.12/site-packages/dbcounter.py:115}}
Apr 23 17:20:41.924424 np0000169841 neutron-periodic-workers[106282]: DEBUG oslo.service.backend._threading.loopingcall [None req-7d7a362c-8f2a-4b3c-bb90-fdb8afe97706 None None] Fixed interval looping call 'neutron.db.quota.driver_nolock.DbQuotaNoLockDriver._remove_expired_reservations' sleeping for 119.99 seconds {{(pid=106282) _run_loop /opt/stack/data/venv/lib/python3.12/site-packages/oslo_service/backend/_threading/loopingcall.py:125}}
Apr 23 17:20:43.886747 np0000169841 neutron-periodic-workers[106255]: DEBUG oslo.service.backend._threading.loopingcall [None req-2b8cbfac-8279-4826-a613-04ea6cd0de2e None None] Fixed interval looping call 'neutron.plugins.ml2.plugin.DhcpAgentSchedulerDbMixin.remove_networks_from_down_agents' sleeping for 36.99 seconds {{(pid=106255) _run_loop /opt/stack/data/venv/lib/python3.12/site-packages/oslo_service/backend/_threading/loopingcall.py:125}}
Apr 23 17:20:44.886089 np0000169841 neutron-periodic-workers[106267]: DEBUG neutron.db.agents_db [None req-a548c6fd-3e03-45c4-8a00-36da059ffc3a None None] Agent healthcheck: found 0 active agents {{(pid=106267) agent_health_check /opt/stack/neutron/neutron/db/agents_db.py:317}}
Apr 23 17:20:44.886089 np0000169841 neutron-periodic-workers[106267]: DEBUG oslo.service.backend._threading.loopingcall [None req-a548c6fd-3e03-45c4-8a00-36da059ffc3a None None] Fixed interval looping call 'neutron.plugins.ml2.plugin.AgentDbMixin.agent_health_check' sleeping for 36.99 seconds {{(pid=106267) _run_loop /opt/stack/data/venv/lib/python3.12/site-packages/oslo_service/backend/_threading/loopingcall.py:125}}
Apr 23 17:20:51.922888 np0000169841 neutron-periodic-workers[106282]: DEBUG dbcounter [-] [106282] Writing DB stats neutron:DELETE=1 {{(pid=106282) stat_writer /opt/stack/data/venv/lib/python3.12/site-packages/dbcounter.py:115}}
Apr 23 17:20:53.884661 np0000169841 neutron-periodic-workers[106255]: DEBUG dbcounter [-] [106255] Writing DB stats neutron:SELECT=3 {{(pid=106255) stat_writer /opt/stack/data/venv/lib/python3.12/site-packages/dbcounter.py:115}}
Apr 23 17:20:54.884014 np0000169841 neutron-periodic-workers[106267]: DEBUG dbcounter [-] [106267] Writing DB stats neutron:SELECT=1 {{(pid=106267) stat_writer /opt/stack/data/venv/lib/python3.12/site-packages/dbcounter.py:115}}
Apr 23 17:21:20.886066 np0000169841 neutron-periodic-workers[106255]: DEBUG oslo.service.backend._threading.loopingcall [None req-2b8cbfac-8279-4826-a613-04ea6cd0de2e None None] Fixed interval looping call 'neutron.plugins.ml2.plugin.DhcpAgentSchedulerDbMixin.remove_networks_from_down_agents' sleeping for 36.99 seconds {{(pid=106255) _run_loop /opt/stack/data/venv/lib/python3.12/site-packages/oslo_service/backend/_threading/loopingcall.py:125}}
Apr 23 17:21:21.882220 np0000169841 neutron-periodic-workers[106267]: DEBUG neutron.db.agents_db [None req-a548c6fd-3e03-45c4-8a00-36da059ffc3a None None] Agent healthcheck: found 0 active agents {{(pid=106267) agent_health_check /opt/stack/neutron/neutron/db/agents_db.py:317}}
Apr 23 17:21:21.883116 np0000169841 neutron-periodic-workers[106267]: DEBUG oslo.service.backend._threading.loopingcall [None req-a548c6fd-3e03-45c4-8a00-36da059ffc3a None None] Fixed interval looping call 'neutron.plugins.ml2.plugin.AgentDbMixin.agent_health_check' sleeping for 36.99 seconds {{(pid=106267) _run_loop /opt/stack/data/venv/lib/python3.12/site-packages/oslo_service/backend/_threading/loopingcall.py:125}}
Apr 23 17:21:30.885146 np0000169841 neutron-periodic-workers[106255]: DEBUG dbcounter [-] [106255] Writing DB stats neutron:SELECT=3 {{(pid=106255) stat_writer /opt/stack/data/venv/lib/python3.12/site-packages/dbcounter.py:115}}
Apr 23 17:21:31.884486 np0000169841 neutron-periodic-workers[106267]: DEBUG dbcounter [-] [106267] Writing DB stats neutron:SELECT=1 {{(pid=106267) stat_writer /opt/stack/data/venv/lib/python3.12/site-packages/dbcounter.py:115}}
Apr 23 17:21:57.884155 np0000169841 neutron-periodic-workers[106255]: DEBUG oslo.service.backend._threading.loopingcall [None req-2b8cbfac-8279-4826-a613-04ea6cd0de2e None None] Fixed interval looping call 'neutron.plugins.ml2.plugin.DhcpAgentSchedulerDbMixin.remove_networks_from_down_agents' sleeping for 36.99 seconds {{(pid=106255) _run_loop /opt/stack/data/venv/lib/python3.12/site-packages/oslo_service/backend/_threading/loopingcall.py:125}}
Apr 23 17:21:58.878873 np0000169841 neutron-periodic-workers[106267]: DEBUG neutron.db.agents_db [None req-a548c6fd-3e03-45c4-8a00-36da059ffc3a None None] Agent healthcheck: found 0 active agents {{(pid=106267) agent_health_check /opt/stack/neutron/neutron/db/agents_db.py:317}}
Apr 23 17:21:58.879556 np0000169841 neutron-periodic-workers[106267]: DEBUG oslo.service.backend._threading.loopingcall [None req-a548c6fd-3e03-45c4-8a00-36da059ffc3a None None] Fixed interval looping call 'neutron.plugins.ml2.plugin.AgentDbMixin.agent_health_check' sleeping for 36.99 seconds {{(pid=106267) _run_loop /opt/stack/data/venv/lib/python3.12/site-packages/oslo_service/backend/_threading/loopingcall.py:125}}
Apr 23 17:22:07.883459 np0000169841 neutron-periodic-workers[106255]: DEBUG dbcounter [-] [106255] Writing DB stats neutron:SELECT=3 {{(pid=106255) stat_writer /opt/stack/data/venv/lib/python3.12/site-packages/dbcounter.py:115}}
Apr 23 17:22:08.876712 np0000169841 neutron-periodic-workers[106267]: DEBUG dbcounter [-] [106267] Writing DB stats neutron:SELECT=1 {{(pid=106267) stat_writer /opt/stack/data/venv/lib/python3.12/site-packages/dbcounter.py:115}}
Apr 23 17:22:13.867120 np0000169841 neutron-periodic-workers[106246]: DEBUG oslo.service.backend._threading.loopingcall [None req-5c480670-5b85-4423-88ee-5a43b332c67f None None] Fixed interval looping call 'neutron.services.ovn_l3.plugin.L3_NAT_dbonly_mixin._clean_garbage' sleeping for 299.98 seconds {{(pid=106246) _run_loop /opt/stack/data/venv/lib/python3.12/site-packages/oslo_service/backend/_threading/loopingcall.py:125}}
Apr 23 17:22:23.853317 np0000169841 neutron-periodic-workers[106246]: DEBUG dbcounter [-] [106246] Writing DB stats neutron:SELECT=1 {{(pid=106246) stat_writer /opt/stack/data/venv/lib/python3.12/site-packages/dbcounter.py:115}}
Apr 23 17:22:34.883926 np0000169841 neutron-periodic-workers[106255]: DEBUG oslo.service.backend._threading.loopingcall [None req-2b8cbfac-8279-4826-a613-04ea6cd0de2e None None] Fixed interval looping call 'neutron.plugins.ml2.plugin.DhcpAgentSchedulerDbMixin.remove_networks_from_down_agents' sleeping for 36.99 seconds {{(pid=106255) _run_loop /opt/stack/data/venv/lib/python3.12/site-packages/oslo_service/backend/_threading/loopingcall.py:125}}
Apr 23 17:22:35.880834 np0000169841 neutron-periodic-workers[106267]: DEBUG neutron.db.agents_db [None req-a548c6fd-3e03-45c4-8a00-36da059ffc3a None None] Agent healthcheck: found 0 active agents {{(pid=106267) agent_health_check /opt/stack/neutron/neutron/db/agents_db.py:317}}
Apr 23 17:22:35.881317 np0000169841 neutron-periodic-workers[106267]: DEBUG oslo.service.backend._threading.loopingcall [None req-a548c6fd-3e03-45c4-8a00-36da059ffc3a None None] Fixed interval looping call 'neutron.plugins.ml2.plugin.AgentDbMixin.agent_health_check' sleeping for 36.99 seconds {{(pid=106267) _run_loop /opt/stack/data/venv/lib/python3.12/site-packages/oslo_service/backend/_threading/loopingcall.py:125}}
Apr 23 17:22:41.920298 np0000169841 neutron-periodic-workers[106282]: DEBUG oslo.service.backend._threading.loopingcall [None req-7d7a362c-8f2a-4b3c-bb90-fdb8afe97706 None None] Fixed interval looping call 'neutron.db.quota.driver_nolock.DbQuotaNoLockDriver._remove_expired_reservations' sleeping for 119.99 seconds {{(pid=106282) _run_loop /opt/stack/data/venv/lib/python3.12/site-packages/oslo_service/backend/_threading/loopingcall.py:125}}
Apr 23 17:22:44.883698 np0000169841 neutron-periodic-workers[106255]: DEBUG dbcounter [-] [106255] Writing DB stats neutron:SELECT=3 {{(pid=106255) stat_writer /opt/stack/data/venv/lib/python3.12/site-packages/dbcounter.py:115}}
Apr 23 17:22:45.879767 np0000169841 neutron-periodic-workers[106267]: DEBUG dbcounter [-] [106267] Writing DB stats neutron:SELECT=1 {{(pid=106267) stat_writer /opt/stack/data/venv/lib/python3.12/site-packages/dbcounter.py:115}}
Apr 23 17:22:51.921453 np0000169841 neutron-periodic-workers[106282]: DEBUG dbcounter [-] [106282] Writing DB stats neutron:DELETE=1 {{(pid=106282) stat_writer /opt/stack/data/venv/lib/python3.12/site-packages/dbcounter.py:115}}
Apr 23 17:23:11.884739 np0000169841 neutron-periodic-workers[106255]: DEBUG oslo.service.backend._threading.loopingcall [None req-2b8cbfac-8279-4826-a613-04ea6cd0de2e None None] Fixed interval looping call 'neutron.plugins.ml2.plugin.DhcpAgentSchedulerDbMixin.remove_networks_from_down_agents' sleeping for 36.99 seconds {{(pid=106255) _run_loop /opt/stack/data/venv/lib/python3.12/site-packages/oslo_service/backend/_threading/loopingcall.py:125}}
Apr 23 17:23:12.877907 np0000169841 neutron-periodic-workers[106267]: DEBUG neutron.db.agents_db [None req-a548c6fd-3e03-45c4-8a00-36da059ffc3a None None] Agent healthcheck: found 0 active agents {{(pid=106267) agent_health_check /opt/stack/neutron/neutron/db/agents_db.py:317}}
Apr 23 17:23:12.877907 np0000169841 neutron-periodic-workers[106267]: DEBUG oslo.service.backend._threading.loopingcall [None req-a548c6fd-3e03-45c4-8a00-36da059ffc3a None None] Fixed interval looping call 'neutron.plugins.ml2.plugin.AgentDbMixin.agent_health_check' sleeping for 36.99 seconds {{(pid=106267) _run_loop /opt/stack/data/venv/lib/python3.12/site-packages/oslo_service/backend/_threading/loopingcall.py:125}}
Apr 23 17:23:21.885434 np0000169841 neutron-periodic-workers[106255]: DEBUG dbcounter [-] [106255] Writing DB stats neutron:SELECT=3 {{(pid=106255) stat_writer /opt/stack/data/venv/lib/python3.12/site-packages/dbcounter.py:115}}
Apr 23 17:23:22.875156 np0000169841 neutron-periodic-workers[106267]: DEBUG dbcounter [-] [106267] Writing DB stats neutron:SELECT=1 {{(pid=106267) stat_writer /opt/stack/data/venv/lib/python3.12/site-packages/dbcounter.py:115}}
Apr 23 17:23:48.885027 np0000169841 neutron-periodic-workers[106255]: DEBUG oslo.service.backend._threading.loopingcall [None req-2b8cbfac-8279-4826-a613-04ea6cd0de2e None None] Fixed interval looping call 'neutron.plugins.ml2.plugin.DhcpAgentSchedulerDbMixin.remove_networks_from_down_agents' sleeping for 36.99 seconds {{(pid=106255) _run_loop /opt/stack/data/venv/lib/python3.12/site-packages/oslo_service/backend/_threading/loopingcall.py:125}}
Apr 23 17:23:49.875977 np0000169841 neutron-periodic-workers[106267]: DEBUG neutron.db.agents_db [None req-a548c6fd-3e03-45c4-8a00-36da059ffc3a None None] Agent healthcheck: found 0 active agents {{(pid=106267) agent_health_check /opt/stack/neutron/neutron/db/agents_db.py:317}}
Apr 23 17:23:49.876618 np0000169841 neutron-periodic-workers[106267]: DEBUG oslo.service.backend._threading.loopingcall [None req-a548c6fd-3e03-45c4-8a00-36da059ffc3a None None] Fixed interval looping call 'neutron.plugins.ml2.plugin.AgentDbMixin.agent_health_check' sleeping for 36.99 seconds {{(pid=106267) _run_loop /opt/stack/data/venv/lib/python3.12/site-packages/oslo_service/backend/_threading/loopingcall.py:125}}
Apr 23 17:23:58.884948 np0000169841 neutron-periodic-workers[106255]: DEBUG dbcounter [-] [106255] Writing DB stats neutron:SELECT=3 {{(pid=106255) stat_writer /opt/stack/data/venv/lib/python3.12/site-packages/dbcounter.py:115}}
Apr 23 17:23:59.872332 np0000169841 neutron-periodic-workers[106267]: DEBUG dbcounter [-] [106267] Writing DB stats neutron:SELECT=1 {{(pid=106267) stat_writer /opt/stack/data/venv/lib/python3.12/site-packages/dbcounter.py:115}}
Apr 23 17:24:25.886565 np0000169841 neutron-periodic-workers[106255]: DEBUG oslo.service.backend._threading.loopingcall [None req-2b8cbfac-8279-4826-a613-04ea6cd0de2e None None] Fixed interval looping call 'neutron.plugins.ml2.plugin.DhcpAgentSchedulerDbMixin.remove_networks_from_down_agents' sleeping for 36.99 seconds {{(pid=106255) _run_loop /opt/stack/data/venv/lib/python3.12/site-packages/oslo_service/backend/_threading/loopingcall.py:125}}
Apr 23 17:24:26.872960 np0000169841 neutron-periodic-workers[106267]: DEBUG neutron.db.agents_db [None req-a548c6fd-3e03-45c4-8a00-36da059ffc3a None None] Agent healthcheck: found 0 active agents {{(pid=106267) agent_health_check /opt/stack/neutron/neutron/db/agents_db.py:317}}
Apr 23 17:24:26.873394 np0000169841 neutron-periodic-workers[106267]: DEBUG oslo.service.backend._threading.loopingcall [None req-a548c6fd-3e03-45c4-8a00-36da059ffc3a None None] Fixed interval looping call 'neutron.plugins.ml2.plugin.AgentDbMixin.agent_health_check' sleeping for 36.99 seconds {{(pid=106267) _run_loop /opt/stack/data/venv/lib/python3.12/site-packages/oslo_service/backend/_threading/loopingcall.py:125}}
Apr 23 17:24:35.885302 np0000169841 neutron-periodic-workers[106255]: DEBUG dbcounter [-] [106255] Writing DB stats neutron:SELECT=3 {{(pid=106255) stat_writer /opt/stack/data/venv/lib/python3.12/site-packages/dbcounter.py:115}}
Apr 23 17:24:36.870937 np0000169841 neutron-periodic-workers[106267]: DEBUG dbcounter [-] [106267] Writing DB stats neutron:SELECT=1 {{(pid=106267) stat_writer /opt/stack/data/venv/lib/python3.12/site-packages/dbcounter.py:115}}
Apr 23 17:24:41.916542 np0000169841 neutron-periodic-workers[106282]: DEBUG oslo.service.backend._threading.loopingcall [None req-7d7a362c-8f2a-4b3c-bb90-fdb8afe97706 None None] Fixed interval looping call 'neutron.db.quota.driver_nolock.DbQuotaNoLockDriver._remove_expired_reservations' sleeping for 120.00 seconds {{(pid=106282) _run_loop /opt/stack/data/venv/lib/python3.12/site-packages/oslo_service/backend/_threading/loopingcall.py:125}}
Apr 23 17:24:51.914724 np0000169841 neutron-periodic-workers[106282]: DEBUG dbcounter [-] [106282] Writing DB stats neutron:DELETE=1 {{(pid=106282) stat_writer /opt/stack/data/venv/lib/python3.12/site-packages/dbcounter.py:115}}
Apr 23 17:25:02.891857 np0000169841 neutron-periodic-workers[106255]: DEBUG oslo.service.backend._threading.loopingcall [None req-2b8cbfac-8279-4826-a613-04ea6cd0de2e None None] Fixed interval looping call 'neutron.plugins.ml2.plugin.DhcpAgentSchedulerDbMixin.remove_networks_from_down_agents' sleeping for 36.99 seconds {{(pid=106255) _run_loop /opt/stack/data/venv/lib/python3.12/site-packages/oslo_service/backend/_threading/loopingcall.py:125}}
Apr 23 17:25:03.868627 np0000169841 neutron-periodic-workers[106267]: DEBUG neutron.db.agents_db [None req-a548c6fd-3e03-45c4-8a00-36da059ffc3a None None] Agent healthcheck: found 0 active agents {{(pid=106267) agent_health_check /opt/stack/neutron/neutron/db/agents_db.py:317}}
Apr 23 17:25:03.869087 np0000169841 neutron-periodic-workers[106267]: DEBUG oslo.service.backend._threading.loopingcall [None req-a548c6fd-3e03-45c4-8a00-36da059ffc3a None None] Fixed interval looping call 'neutron.plugins.ml2.plugin.AgentDbMixin.agent_health_check' sleeping for 36.99 seconds {{(pid=106267) _run_loop /opt/stack/data/venv/lib/python3.12/site-packages/oslo_service/backend/_threading/loopingcall.py:125}}
Apr 23 17:25:12.886424 np0000169841 neutron-periodic-workers[106255]: DEBUG dbcounter [-] [106255] Writing DB stats neutron:SELECT=3 {{(pid=106255) stat_writer /opt/stack/data/venv/lib/python3.12/site-packages/dbcounter.py:115}}
Apr 23 17:25:13.866936 np0000169841 neutron-periodic-workers[106267]: DEBUG dbcounter [-] [106267] Writing DB stats neutron:SELECT=1 {{(pid=106267) stat_writer /opt/stack/data/venv/lib/python3.12/site-packages/dbcounter.py:115}}
Apr 23 17:25:39.890298 np0000169841 neutron-periodic-workers[106255]: DEBUG oslo.service.backend._threading.loopingcall [None req-2b8cbfac-8279-4826-a613-04ea6cd0de2e None None] Fixed interval looping call 'neutron.plugins.ml2.plugin.DhcpAgentSchedulerDbMixin.remove_networks_from_down_agents' sleeping for 36.99 seconds {{(pid=106255) _run_loop /opt/stack/data/venv/lib/python3.12/site-packages/oslo_service/backend/_threading/loopingcall.py:125}}
Apr 23 17:25:40.864649 np0000169841 neutron-periodic-workers[106267]: DEBUG neutron.db.agents_db [None req-a548c6fd-3e03-45c4-8a00-36da059ffc3a None None] Agent healthcheck: found 0 active agents {{(pid=106267) agent_health_check /opt/stack/neutron/neutron/db/agents_db.py:317}}
