Mar 25 20:03:19.751991 np0000160637 neutron-periodic-workers[104367]: DEBUG cotyledon.oslo_config_glue [-] ml2.tunnelled_network_rp_name = rp_tunnelled {{(pid=104367) log_opt_values /opt/stack/data/venv/lib/python3.12/site-packages/oslo_config/cfg.py:3006}}
Mar 25 20:03:19.751991 np0000160637 neutron-periodic-workers[104367]: DEBUG cotyledon.oslo_config_glue [-] ml2.type_drivers = ['local', 'flat', 'vlan', 'geneve'] {{(pid=104367) log_opt_values /opt/stack/data/venv/lib/python3.12/site-packages/oslo_config/cfg.py:3006}}
Mar 25 20:03:19.752280 np0000160637 neutron-periodic-workers[104367]: DEBUG cotyledon.oslo_config_glue [-] ml2_type_flat.flat_networks = ['public'] {{(pid=104367) log_opt_values /opt/stack/data/venv/lib/python3.12/site-packages/oslo_config/cfg.py:3006}}
Mar 25 20:03:19.752280 np0000160637 neutron-periodic-workers[104367]: DEBUG cotyledon.oslo_config_glue [-] ml2_type_geneve.max_header_size = 38 {{(pid=104367) log_opt_values /opt/stack/data/venv/lib/python3.12/site-packages/oslo_config/cfg.py:3006}}
Mar 25 20:03:19.752280 np0000160637 neutron-periodic-workers[104367]: DEBUG cotyledon.oslo_config_glue [-] ml2_type_geneve.vni_ranges = ['1:65536'] {{(pid=104367) log_opt_values /opt/stack/data/venv/lib/python3.12/site-packages/oslo_config/cfg.py:3006}}
Mar 25 20:03:19.752280 np0000160637 neutron-periodic-workers[104367]: DEBUG cotyledon.oslo_config_glue [-] ml2_type_vlan.network_vlan_ranges = ['public'] {{(pid=104367) log_opt_values /opt/stack/data/venv/lib/python3.12/site-packages/oslo_config/cfg.py:3006}}
Mar 25 20:03:19.752280 np0000160637 neutron-periodic-workers[104367]: DEBUG cotyledon.oslo_config_glue [-] network_log.burst_limit = 25 {{(pid=104367) log_opt_values /opt/stack/data/venv/lib/python3.12/site-packages/oslo_config/cfg.py:3006}}
Mar 25 20:03:19.752280 np0000160637 neutron-periodic-workers[104367]: DEBUG cotyledon.oslo_config_glue [-] network_log.local_output_log_base = None {{(pid=104367) log_opt_values /opt/stack/data/venv/lib/python3.12/site-packages/oslo_config/cfg.py:3006}}
Mar 25 20:03:19.752280 np0000160637 neutron-periodic-workers[104367]: DEBUG cotyledon.oslo_config_glue [-] network_log.rate_limit = 100 {{(pid=104367) log_opt_values /opt/stack/data/venv/lib/python3.12/site-packages/oslo_config/cfg.py:3006}}
Mar 25 20:03:19.752280 np0000160637 neutron-periodic-workers[104367]: DEBUG cotyledon.oslo_config_glue [-] database.asyncio_connection = **** {{(pid=104367) log_opt_values /opt/stack/data/venv/lib/python3.12/site-packages/oslo_config/cfg.py:3006}}
Mar 25 20:03:19.752280 np0000160637 neutron-periodic-workers[104367]: DEBUG cotyledon.oslo_config_glue [-] database.asyncio_slave_connection = **** {{(pid=104367) log_opt_values /opt/stack/data/venv/lib/python3.12/site-packages/oslo_config/cfg.py:3006}}
Mar 25 20:03:19.752543 np0000160637 neutron-periodic-workers[104367]: DEBUG cotyledon.oslo_config_glue [-] database.backend = sqlalchemy {{(pid=104367) log_opt_values /opt/stack/data/venv/lib/python3.12/site-packages/oslo_config/cfg.py:3006}}
Mar 25 20:03:19.752543 np0000160637 neutron-periodic-workers[104367]: DEBUG cotyledon.oslo_config_glue [-] database.connection = **** {{(pid=104367) log_opt_values /opt/stack/data/venv/lib/python3.12/site-packages/oslo_config/cfg.py:3006}}
Mar 25 20:03:19.752543 np0000160637 neutron-periodic-workers[104367]: DEBUG cotyledon.oslo_config_glue [-] database.connection_debug = 0 {{(pid=104367) log_opt_values /opt/stack/data/venv/lib/python3.12/site-packages/oslo_config/cfg.py:3006}}
Mar 25 20:03:19.752543 np0000160637 neutron-periodic-workers[104367]: DEBUG cotyledon.oslo_config_glue [-] database.connection_parameters = {{(pid=104367) log_opt_values /opt/stack/data/venv/lib/python3.12/site-packages/oslo_config/cfg.py:3006}}
Mar 25 20:03:19.752543 np0000160637 neutron-periodic-workers[104367]: DEBUG cotyledon.oslo_config_glue [-] database.connection_recycle_time = 3600 {{(pid=104367) log_opt_values /opt/stack/data/venv/lib/python3.12/site-packages/oslo_config/cfg.py:3006}}
Mar 25 20:03:19.752543 np0000160637 neutron-periodic-workers[104367]: DEBUG cotyledon.oslo_config_glue [-] database.connection_trace = False {{(pid=104367) log_opt_values /opt/stack/data/venv/lib/python3.12/site-packages/oslo_config/cfg.py:3006}}
Mar 25 20:03:19.752543 np0000160637 neutron-periodic-workers[104367]: DEBUG cotyledon.oslo_config_glue [-] database.db_inc_retry_interval = True {{(pid=104367) log_opt_values /opt/stack/data/venv/lib/python3.12/site-packages/oslo_config/cfg.py:3006}}
Mar 25 20:03:19.752543 np0000160637 neutron-periodic-workers[104367]: DEBUG cotyledon.oslo_config_glue [-] database.db_max_retries = 20 {{(pid=104367) log_opt_values /opt/stack/data/venv/lib/python3.12/site-packages/oslo_config/cfg.py:3006}}
Mar 25 20:03:19.752543 np0000160637 neutron-periodic-workers[104367]: DEBUG cotyledon.oslo_config_glue [-] database.db_max_retry_interval = 10 {{(pid=104367) log_opt_values /opt/stack/data/venv/lib/python3.12/site-packages/oslo_config/cfg.py:3006}}
Mar 25 20:03:19.752809 np0000160637 neutron-periodic-workers[104367]: DEBUG cotyledon.oslo_config_glue [-] database.db_retry_interval = 1 {{(pid=104367) log_opt_values /opt/stack/data/venv/lib/python3.12/site-packages/oslo_config/cfg.py:3006}}
Mar 25 20:03:19.752809 np0000160637 neutron-periodic-workers[104367]: DEBUG cotyledon.oslo_config_glue [-] database.max_overflow = 50 {{(pid=104367) log_opt_values /opt/stack/data/venv/lib/python3.12/site-packages/oslo_config/cfg.py:3006}}
Mar 25 20:03:19.752809 np0000160637 neutron-periodic-workers[104367]: DEBUG cotyledon.oslo_config_glue [-] database.max_pool_size = 5 {{(pid=104367) log_opt_values /opt/stack/data/venv/lib/python3.12/site-packages/oslo_config/cfg.py:3006}}
Mar 25 20:03:19.752809 np0000160637 neutron-periodic-workers[104367]: DEBUG cotyledon.oslo_config_glue [-] database.max_retries = 10 {{(pid=104367) log_opt_values /opt/stack/data/venv/lib/python3.12/site-packages/oslo_config/cfg.py:3006}}
Mar 25 20:03:19.752809 np0000160637 neutron-periodic-workers[104367]: DEBUG cotyledon.oslo_config_glue [-] database.mysql_sql_mode = TRADITIONAL {{(pid=104367) log_opt_values /opt/stack/data/venv/lib/python3.12/site-packages/oslo_config/cfg.py:3006}}
Mar 25 20:03:19.752809 np0000160637 neutron-periodic-workers[104367]: DEBUG cotyledon.oslo_config_glue [-] database.mysql_wsrep_sync_wait = None {{(pid=104367) log_opt_values /opt/stack/data/venv/lib/python3.12/site-packages/oslo_config/cfg.py:3006}}
Mar 25 20:03:19.752809 np0000160637 neutron-periodic-workers[104367]: DEBUG cotyledon.oslo_config_glue [-] database.pool_timeout = None {{(pid=104367) log_opt_values /opt/stack/data/venv/lib/python3.12/site-packages/oslo_config/cfg.py:3006}}
Mar 25 20:03:19.752809 np0000160637 neutron-periodic-workers[104367]: DEBUG cotyledon.oslo_config_glue [-] database.retry_interval = 10 {{(pid=104367) log_opt_values /opt/stack/data/venv/lib/python3.12/site-packages/oslo_config/cfg.py:3006}}
Mar 25 20:03:19.752809 np0000160637 neutron-periodic-workers[104367]: DEBUG cotyledon.oslo_config_glue [-] database.slave_connection = **** {{(pid=104367) log_opt_values /opt/stack/data/venv/lib/python3.12/site-packages/oslo_config/cfg.py:3006}}
Mar 25 20:03:19.753102 np0000160637 neutron-periodic-workers[104367]: DEBUG cotyledon.oslo_config_glue [-] database.sqlite_synchronous = True {{(pid=104367) log_opt_values /opt/stack/data/venv/lib/python3.12/site-packages/oslo_config/cfg.py:3006}}
Mar 25 20:03:19.753102 np0000160637 neutron-periodic-workers[104367]: DEBUG cotyledon.oslo_config_glue [-] database.synchronous_reader = True {{(pid=104367) log_opt_values /opt/stack/data/venv/lib/python3.12/site-packages/oslo_config/cfg.py:3006}}
Mar 25 20:03:19.753102 np0000160637 neutron-periodic-workers[104367]: DEBUG cotyledon.oslo_config_glue [-] database.use_db_reconnect = False {{(pid=104367) log_opt_values /opt/stack/data/venv/lib/python3.12/site-packages/oslo_config/cfg.py:3006}}
Mar 25 20:03:19.753102 np0000160637 neutron-periodic-workers[104367]: DEBUG cotyledon.oslo_config_glue [-] ovn.bfd_min_rx = 1000 {{(pid=104367) log_opt_values /opt/stack/data/venv/lib/python3.12/site-packages/oslo_config/cfg.py:3006}}
Mar 25 20:03:19.753102 np0000160637 neutron-periodic-workers[104367]: DEBUG cotyledon.oslo_config_glue [-] ovn.bfd_min_tx = 100 {{(pid=104367) log_opt_values /opt/stack/data/venv/lib/python3.12/site-packages/oslo_config/cfg.py:3006}}
Mar 25 20:03:19.753102 np0000160637 neutron-periodic-workers[104367]: DEBUG cotyledon.oslo_config_glue [-] ovn.bfd_mult = 3 {{(pid=104367) log_opt_values /opt/stack/data/venv/lib/python3.12/site-packages/oslo_config/cfg.py:3006}}
Mar 25 20:03:19.753102 np0000160637 neutron-periodic-workers[104367]: DEBUG cotyledon.oslo_config_glue [-] ovn.broadcast_arps_to_all_routers = True {{(pid=104367) log_opt_values /opt/stack/data/venv/lib/python3.12/site-packages/oslo_config/cfg.py:3006}}
Mar 25 20:03:19.753102 np0000160637 neutron-periodic-workers[104367]: DEBUG cotyledon.oslo_config_glue [-] ovn.dhcp_default_lease_time = 43200 {{(pid=104367) log_opt_values /opt/stack/data/venv/lib/python3.12/site-packages/oslo_config/cfg.py:3006}}
Mar 25 20:03:19.753102 np0000160637 neutron-periodic-workers[104367]: DEBUG cotyledon.oslo_config_glue [-] ovn.disable_ovn_dhcp_for_baremetal_ports = False {{(pid=104367) log_opt_values /opt/stack/data/venv/lib/python3.12/site-packages/oslo_config/cfg.py:3006}}
Mar 25 20:03:19.753399 np0000160637 neutron-periodic-workers[104367]: DEBUG cotyledon.oslo_config_glue [-] ovn.dns_records_ovn_owned = False {{(pid=104367) log_opt_values /opt/stack/data/venv/lib/python3.12/site-packages/oslo_config/cfg.py:3006}}
Mar 25 20:03:19.753399 np0000160637 neutron-periodic-workers[104367]: DEBUG cotyledon.oslo_config_glue [-] ovn.dns_servers = [] {{(pid=104367) log_opt_values /opt/stack/data/venv/lib/python3.12/site-packages/oslo_config/cfg.py:3006}}
Mar 25 20:03:19.753399 np0000160637 neutron-periodic-workers[104367]: DEBUG cotyledon.oslo_config_glue [-] ovn.enable_distributed_floating_ip = False {{(pid=104367) log_opt_values /opt/stack/data/venv/lib/python3.12/site-packages/oslo_config/cfg.py:3006}}
Mar 25 20:03:19.753399 np0000160637 neutron-periodic-workers[104367]: DEBUG cotyledon.oslo_config_glue [-] ovn.fdb_age_threshold = 300 {{(pid=104367) log_opt_values /opt/stack/data/venv/lib/python3.12/site-packages/oslo_config/cfg.py:3006}}
Mar 25 20:03:19.753399 np0000160637 neutron-periodic-workers[104367]: DEBUG cotyledon.oslo_config_glue [-] ovn.ha_failover_strategy = normal {{(pid=104367) log_opt_values /opt/stack/data/venv/lib/python3.12/site-packages/oslo_config/cfg.py:3006}}
Mar 25 20:03:19.753399 np0000160637 neutron-periodic-workers[104367]: DEBUG cotyledon.oslo_config_glue [-] ovn.live_migration_activation_strategy = rarp {{(pid=104367) log_opt_values /opt/stack/data/venv/lib/python3.12/site-packages/oslo_config/cfg.py:3006}}
Mar 25 20:03:19.753399 np0000160637 neutron-periodic-workers[104367]: DEBUG cotyledon.oslo_config_glue [-] ovn.localnet_learn_fdb = False {{(pid=104367) log_opt_values /opt/stack/data/venv/lib/python3.12/site-packages/oslo_config/cfg.py:3006}}
Mar 25 20:03:19.753399 np0000160637 neutron-periodic-workers[104367]: DEBUG cotyledon.oslo_config_glue [-] ovn.mac_binding_age_threshold = 300 {{(pid=104367) log_opt_values /opt/stack/data/venv/lib/python3.12/site-packages/oslo_config/cfg.py:3006}}
Mar 25 20:03:19.753399 np0000160637 neutron-periodic-workers[104367]: DEBUG cotyledon.oslo_config_glue [-] ovn.neutron_sync_mode = log {{(pid=104367) log_opt_values /opt/stack/data/venv/lib/python3.12/site-packages/oslo_config/cfg.py:3006}}
Mar 25 20:03:19.753673 np0000160637 neutron-periodic-workers[104367]: DEBUG cotyledon.oslo_config_glue [-] ovn.ovn_dhcp4_global_options = {} {{(pid=104367) log_opt_values /opt/stack/data/venv/lib/python3.12/site-packages/oslo_config/cfg.py:3006}}
Mar 25 20:03:19.753673 np0000160637 neutron-periodic-workers[104367]: DEBUG cotyledon.oslo_config_glue [-] ovn.ovn_dhcp6_global_options = {} {{(pid=104367) log_opt_values /opt/stack/data/venv/lib/python3.12/site-packages/oslo_config/cfg.py:3006}}
Mar 25 20:03:19.753673 np0000160637 neutron-periodic-workers[104367]: DEBUG cotyledon.oslo_config_glue [-] ovn.ovn_l3_scheduler = leastloaded {{(pid=104367) log_opt_values /opt/stack/data/venv/lib/python3.12/site-packages/oslo_config/cfg.py:3006}}
Mar 25 20:03:19.753673 np0000160637 neutron-periodic-workers[104367]: DEBUG cotyledon.oslo_config_glue [-] ovn.ovn_metadata_enabled = True {{(pid=104367) log_opt_values /opt/stack/data/venv/lib/python3.12/site-packages/oslo_config/cfg.py:3006}}
Mar 25 20:03:19.753673 np0000160637 neutron-periodic-workers[104367]: DEBUG cotyledon.oslo_config_glue [-] ovn.ovn_nb_ca_cert = /opt/stack/data/CA/int-ca/ca-chain.pem {{(pid=104367) log_opt_values /opt/stack/data/venv/lib/python3.12/site-packages/oslo_config/cfg.py:3006}}
Mar 25 20:03:19.753673 np0000160637 neutron-periodic-workers[104367]: DEBUG cotyledon.oslo_config_glue [-] ovn.ovn_nb_certificate = /opt/stack/data/CA/int-ca/devstack-cert.crt {{(pid=104367) log_opt_values /opt/stack/data/venv/lib/python3.12/site-packages/oslo_config/cfg.py:3006}}
Mar 25 20:03:19.753673 np0000160637 neutron-periodic-workers[104367]: DEBUG cotyledon.oslo_config_glue [-] ovn.ovn_nb_connection = ['ssl:199.19.213.48:6641'] {{(pid=104367) log_opt_values /opt/stack/data/venv/lib/python3.12/site-packages/oslo_config/cfg.py:3006}}
Mar 25 20:03:19.753673 np0000160637 neutron-periodic-workers[104367]: DEBUG cotyledon.oslo_config_glue [-] ovn.ovn_nb_private_key = /opt/stack/data/CA/int-ca/private/devstack-cert.key {{(pid=104367) log_opt_values /opt/stack/data/venv/lib/python3.12/site-packages/oslo_config/cfg.py:3006}}
Mar 25 20:03:19.753966 np0000160637 neutron-periodic-workers[104367]: DEBUG cotyledon.oslo_config_glue [-] ovn.ovn_router_indirect_snat = False {{(pid=104367) log_opt_values /opt/stack/data/venv/lib/python3.12/site-packages/oslo_config/cfg.py:3006}}
Mar 25 20:03:19.753966 np0000160637 neutron-periodic-workers[104367]: DEBUG cotyledon.oslo_config_glue [-] ovn.ovn_sb_ca_cert = /opt/stack/data/CA/int-ca/ca-chain.pem {{(pid=104367) log_opt_values /opt/stack/data/venv/lib/python3.12/site-packages/oslo_config/cfg.py:3006}}
Mar 25 20:03:19.753966 np0000160637 neutron-periodic-workers[104367]: DEBUG cotyledon.oslo_config_glue [-] ovn.ovn_sb_certificate = /opt/stack/data/CA/int-ca/devstack-cert.crt {{(pid=104367) log_opt_values /opt/stack/data/venv/lib/python3.12/site-packages/oslo_config/cfg.py:3006}}
Mar 25 20:03:19.753966 np0000160637 neutron-periodic-workers[104367]: DEBUG cotyledon.oslo_config_glue [-] ovn.ovn_sb_connection = ['ssl:199.19.213.48:6642'] {{(pid=104367) log_opt_values /opt/stack/data/venv/lib/python3.12/site-packages/oslo_config/cfg.py:3006}}
Mar 25 20:03:19.753966 np0000160637 neutron-periodic-workers[104367]: DEBUG cotyledon.oslo_config_glue [-] ovn.ovn_sb_private_key = /opt/stack/data/CA/int-ca/private/devstack-cert.key {{(pid=104367) log_opt_values /opt/stack/data/venv/lib/python3.12/site-packages/oslo_config/cfg.py:3006}}
Mar 25 20:03:19.753966 np0000160637 neutron-periodic-workers[104367]: DEBUG cotyledon.oslo_config_glue [-] ovn.ovs_create_tap = False {{(pid=104367) log_opt_values /opt/stack/data/venv/lib/python3.12/site-packages/oslo_config/cfg.py:3006}}
Mar 25 20:03:19.753966 np0000160637 neutron-periodic-workers[104367]: DEBUG cotyledon.oslo_config_glue [-] ovn.ovsdb_connection_timeout = 180 {{(pid=104367) log_opt_values /opt/stack/data/venv/lib/python3.12/site-packages/oslo_config/cfg.py:3006}}
Mar 25 20:03:19.753966 np0000160637 neutron-periodic-workers[104367]: DEBUG cotyledon.oslo_config_glue [-] ovn.ovsdb_log_level = INFO {{(pid=104367) log_opt_values /opt/stack/data/venv/lib/python3.12/site-packages/oslo_config/cfg.py:3006}}
Mar 25 20:03:19.754246 np0000160637 neutron-periodic-workers[104367]: DEBUG cotyledon.oslo_config_glue [-] ovn.ovsdb_probe_interval = 60000 {{(pid=104367) log_opt_values /opt/stack/data/venv/lib/python3.12/site-packages/oslo_config/cfg.py:3006}}
Mar 25 20:03:19.754246 np0000160637 neutron-periodic-workers[104367]: DEBUG cotyledon.oslo_config_glue [-] ovn.ovsdb_retry_max_interval = 180 {{(pid=104367) log_opt_values /opt/stack/data/venv/lib/python3.12/site-packages/oslo_config/cfg.py:3006}}
Mar 25 20:03:19.754246 np0000160637 neutron-periodic-workers[104367]: DEBUG cotyledon.oslo_config_glue [-] ovn.stateless_nat_enabled = False {{(pid=104367) log_opt_values /opt/stack/data/venv/lib/python3.12/site-packages/oslo_config/cfg.py:3006}}
Mar 25 20:03:19.754246 np0000160637 neutron-periodic-workers[104367]: DEBUG cotyledon.oslo_config_glue [-] ovn.vhost_sock_dir = /var/run/openvswitch {{(pid=104367) log_opt_values /opt/stack/data/venv/lib/python3.12/site-packages/oslo_config/cfg.py:3006}}
Mar 25 20:03:19.754246 np0000160637 neutron-periodic-workers[104367]: DEBUG cotyledon.oslo_config_glue [-] OVS.bridge_mac_table_size = 50000 {{(pid=104367) log_opt_values /opt/stack/data/venv/lib/python3.12/site-packages/oslo_config/cfg.py:3006}}
Mar 25 20:03:19.754246 np0000160637 neutron-periodic-workers[104367]: DEBUG cotyledon.oslo_config_glue [-] OVS.igmp_flood = False {{(pid=104367) log_opt_values /opt/stack/data/venv/lib/python3.12/site-packages/oslo_config/cfg.py:3006}}
Mar 25 20:03:19.754246 np0000160637 neutron-periodic-workers[104367]: DEBUG cotyledon.oslo_config_glue [-] OVS.igmp_flood_reports = True {{(pid=104367) log_opt_values /opt/stack/data/venv/lib/python3.12/site-packages/oslo_config/cfg.py:3006}}
Mar 25 20:03:19.754246 np0000160637 neutron-periodic-workers[104367]: DEBUG cotyledon.oslo_config_glue [-] OVS.igmp_flood_unregistered = False {{(pid=104367) log_opt_values /opt/stack/data/venv/lib/python3.12/site-packages/oslo_config/cfg.py:3006}}
Mar 25 20:03:19.754246 np0000160637 neutron-periodic-workers[104367]: DEBUG cotyledon.oslo_config_glue [-] OVS.igmp_snooping_enable = False {{(pid=104367) log_opt_values /opt/stack/data/venv/lib/python3.12/site-packages/oslo_config/cfg.py:3006}}
Mar 25 20:03:19.754505 np0000160637 neutron-periodic-workers[104367]: DEBUG cotyledon.oslo_config_glue [-] OVS.ovsdb_timeout = 10 {{(pid=104367) log_opt_values /opt/stack/data/venv/lib/python3.12/site-packages/oslo_config/cfg.py:3006}}
Mar 25 20:03:19.754505 np0000160637 neutron-periodic-workers[104367]: DEBUG cotyledon.oslo_config_glue [-] ovn_nb_global.fdb_removal_limit = 0 {{(pid=104367) log_opt_values /opt/stack/data/venv/lib/python3.12/site-packages/oslo_config/cfg.py:3006}}
Mar 25 20:03:19.754505 np0000160637 neutron-periodic-workers[104367]: DEBUG cotyledon.oslo_config_glue [-] ovn_nb_global.ignore_lsp_down = False {{(pid=104367) log_opt_values /opt/stack/data/venv/lib/python3.12/site-packages/oslo_config/cfg.py:3006}}
Mar 25 20:03:19.754505 np0000160637 neutron-periodic-workers[104367]: DEBUG cotyledon.oslo_config_glue [-] ovn_nb_global.mac_binding_removal_limit = 0 {{(pid=104367) log_opt_values /opt/stack/data/venv/lib/python3.12/site-packages/oslo_config/cfg.py:3006}}
Mar 25 20:03:19.754505 np0000160637 neutron-periodic-workers[104367]: DEBUG cotyledon.oslo_config_glue [-] ******************************************************************************** {{(pid=104367) log_opt_values /opt/stack/data/venv/lib/python3.12/site-packages/oslo_config/cfg.py:3013}}
Mar 25 20:03:19.754676 np0000160637 neutron-periodic-workers[104367]: DEBUG cotyledon._service_worker [-] Run service ServiceWrapper(0) [104367] {{(pid=104367) wait_forever /opt/stack/data/venv/lib/python3.12/site-packages/cotyledon/_service_worker.py:218}}
Mar 25 20:03:29.370502 np0000160637 neutron-periodic-workers[103594]: DEBUG dbcounter [-] [103594] Writing DB stats neutron:SELECT=4 {{(pid=103594) stat_writer /opt/stack/data/venv/lib/python3.12/site-packages/dbcounter.py:115}}
Mar 25 20:04:14.731073 np0000160637 neutron-periodic-workers[104356]: DEBUG oslo_db.sqlalchemy.engines [None req-397ac860-5a6a-46ca-8e31-0aec8f3aecae None None] Parent process 103594 forked (104356) with an open database connection, which is being discarded and recreated. {{(pid=104356) checkout /opt/stack/data/venv/lib/python3.12/site-packages/oslo_db/sqlalchemy/engines.py:402}}
Mar 25 20:04:14.741181 np0000160637 neutron-periodic-workers[104356]: DEBUG dbcounter [-] [104356] Writer thread running {{(pid=104356) stat_writer /opt/stack/data/venv/lib/python3.12/site-packages/dbcounter.py:102}}
Mar 25 20:04:14.744660 np0000160637 neutron-periodic-workers[104356]: DEBUG neutron.db.agents_db [None req-397ac860-5a6a-46ca-8e31-0aec8f3aecae None None] Agent healthcheck: found 0 active agents {{(pid=104356) agent_health_check /opt/stack/neutron/neutron/db/agents_db.py:317}}
Mar 25 20:04:14.744719 np0000160637 neutron-periodic-workers[104356]: DEBUG oslo.service.backend._threading.loopingcall [None req-397ac860-5a6a-46ca-8e31-0aec8f3aecae None None] Fixed interval looping call 'neutron.plugins.ml2.plugin.AgentDbMixin.agent_health_check' sleeping for 36.98 seconds {{(pid=104356) _run_loop /opt/stack/data/venv/lib/python3.12/site-packages/oslo_service/backend/_threading/loopingcall.py:125}}
Mar 25 20:04:20.730920 np0000160637 neutron-periodic-workers[104344]: DEBUG dbcounter [-] [104344] Writer thread running {{(pid=104344) stat_writer /opt/stack/data/venv/lib/python3.12/site-packages/dbcounter.py:102}}
Mar 25 20:04:20.742724 np0000160637 neutron-periodic-workers[104344]: DEBUG oslo.service.backend._threading.loopingcall [None req-6fe410ee-bf1c-4e27-a576-ce220c609a52 None None] Fixed interval looping call 'neutron.plugins.ml2.plugin.DhcpAgentSchedulerDbMixin.remove_networks_from_down_agents' sleeping for 36.97 seconds {{(pid=104344) _run_loop /opt/stack/data/venv/lib/python3.12/site-packages/oslo_service/backend/_threading/loopingcall.py:125}}
Mar 25 20:04:30.741275 np0000160637 neutron-periodic-workers[104344]: DEBUG dbcounter [-] [104344] Writing DB stats neutron:SELECT=3 {{(pid=104344) stat_writer /opt/stack/data/venv/lib/python3.12/site-packages/dbcounter.py:115}}
Mar 25 20:04:34.741750 np0000160637 neutron-periodic-workers[104356]: DEBUG dbcounter [-] [104356] Writing DB stats neutron:SELECT=1 {{(pid=104356) stat_writer /opt/stack/data/venv/lib/python3.12/site-packages/dbcounter.py:115}}
Mar 25 20:04:51.730876 np0000160637 neutron-periodic-workers[104356]: DEBUG neutron.db.agents_db [None req-397ac860-5a6a-46ca-8e31-0aec8f3aecae None None] Agent healthcheck: found 0 active agents {{(pid=104356) agent_health_check /opt/stack/neutron/neutron/db/agents_db.py:317}}
Mar 25 20:04:51.730876 np0000160637 neutron-periodic-workers[104356]: DEBUG oslo.service.backend._threading.loopingcall [None req-397ac860-5a6a-46ca-8e31-0aec8f3aecae None None] Fixed interval looping call 'neutron.plugins.ml2.plugin.AgentDbMixin.agent_health_check' sleeping for 36.99 seconds {{(pid=104356) _run_loop /opt/stack/data/venv/lib/python3.12/site-packages/oslo_service/backend/_threading/loopingcall.py:125}}
Mar 25 20:04:57.724597 np0000160637 neutron-periodic-workers[104344]: DEBUG oslo.service.backend._threading.loopingcall [None req-6fe410ee-bf1c-4e27-a576-ce220c609a52 None None] Fixed interval looping call 'neutron.plugins.ml2.plugin.DhcpAgentSchedulerDbMixin.remove_networks_from_down_agents' sleeping for 36.99 seconds {{(pid=104344) _run_loop /opt/stack/data/venv/lib/python3.12/site-packages/oslo_service/backend/_threading/loopingcall.py:125}}
Mar 25 20:05:01.728569 np0000160637 neutron-periodic-workers[104356]: DEBUG dbcounter [-] [104356] Writing DB stats neutron:SELECT=1 {{(pid=104356) stat_writer /opt/stack/data/venv/lib/python3.12/site-packages/dbcounter.py:115}}
Mar 25 20:05:07.723349 np0000160637 neutron-periodic-workers[104344]: DEBUG dbcounter [-] [104344] Writing DB stats neutron:SELECT=3 {{(pid=104344) stat_writer /opt/stack/data/venv/lib/python3.12/site-packages/dbcounter.py:115}}
Mar 25 20:05:19.774522 np0000160637 neutron-periodic-workers[104367]: DEBUG dbcounter [-] [104367] Writer thread running {{(pid=104367) stat_writer /opt/stack/data/venv/lib/python3.12/site-packages/dbcounter.py:102}}
Mar 25 20:05:19.777656 np0000160637 neutron-periodic-workers[104367]: DEBUG oslo.service.backend._threading.loopingcall [None req-6308a829-c376-407f-a3fa-1ef9b27600d2 None None] Fixed interval looping call 'neutron.db.quota.driver_nolock.DbQuotaNoLockDriver._remove_expired_reservations' sleeping for 119.98 seconds {{(pid=104367) _run_loop /opt/stack/data/venv/lib/python3.12/site-packages/oslo_service/backend/_threading/loopingcall.py:125}}
Mar 25 20:05:28.726016 np0000160637 neutron-periodic-workers[104356]: DEBUG neutron.db.agents_db [None req-397ac860-5a6a-46ca-8e31-0aec8f3aecae None None] Agent healthcheck: found 0 active agents {{(pid=104356) agent_health_check /opt/stack/neutron/neutron/db/agents_db.py:317}}
Mar 25 20:05:28.726901 np0000160637 neutron-periodic-workers[104356]: DEBUG oslo.service.backend._threading.loopingcall [None req-397ac860-5a6a-46ca-8e31-0aec8f3aecae None None] Fixed interval looping call 'neutron.plugins.ml2.plugin.AgentDbMixin.agent_health_check' sleeping for 37.00 seconds {{(pid=104356) _run_loop /opt/stack/data/venv/lib/python3.12/site-packages/oslo_service/backend/_threading/loopingcall.py:125}}
Mar 25 20:05:34.724686 np0000160637 neutron-periodic-workers[104344]: DEBUG oslo.service.backend._threading.loopingcall [None req-6fe410ee-bf1c-4e27-a576-ce220c609a52 None None] Fixed interval looping call 'neutron.plugins.ml2.plugin.DhcpAgentSchedulerDbMixin.remove_networks_from_down_agents' sleeping for 36.99 seconds {{(pid=104344) _run_loop /opt/stack/data/venv/lib/python3.12/site-packages/oslo_service/backend/_threading/loopingcall.py:125}}
Mar 25 20:05:38.724779 np0000160637 neutron-periodic-workers[104356]: DEBUG dbcounter [-] [104356] Writing DB stats neutron:SELECT=1 {{(pid=104356) stat_writer /opt/stack/data/venv/lib/python3.12/site-packages/dbcounter.py:115}}
Mar 25 20:05:39.775699 np0000160637 neutron-periodic-workers[104367]: DEBUG dbcounter [-] [104367] Writing DB stats neutron:DELETE=1 {{(pid=104367) stat_writer /opt/stack/data/venv/lib/python3.12/site-packages/dbcounter.py:115}}
Mar 25 20:05:44.722991 np0000160637 neutron-periodic-workers[104344]: DEBUG dbcounter [-] [104344] Writing DB stats neutron:SELECT=3 {{(pid=104344) stat_writer /opt/stack/data/venv/lib/python3.12/site-packages/dbcounter.py:115}}
Mar 25 20:06:05.731867 np0000160637 neutron-periodic-workers[104356]: DEBUG neutron.db.agents_db [None req-397ac860-5a6a-46ca-8e31-0aec8f3aecae None None] Agent healthcheck: found 0 active agents {{(pid=104356) agent_health_check /opt/stack/neutron/neutron/db/agents_db.py:317}}
Mar 25 20:06:05.732584 np0000160637 neutron-periodic-workers[104356]: DEBUG oslo.service.backend._threading.loopingcall [None req-397ac860-5a6a-46ca-8e31-0aec8f3aecae None None] Fixed interval looping call 'neutron.plugins.ml2.plugin.AgentDbMixin.agent_health_check' sleeping for 36.99 seconds {{(pid=104356) _run_loop /opt/stack/data/venv/lib/python3.12/site-packages/oslo_service/backend/_threading/loopingcall.py:125}}
Mar 25 20:06:11.725192 np0000160637 neutron-periodic-workers[104344]: DEBUG oslo.service.backend._threading.loopingcall [None req-6fe410ee-bf1c-4e27-a576-ce220c609a52 None None] Fixed interval looping call 'neutron.plugins.ml2.plugin.DhcpAgentSchedulerDbMixin.remove_networks_from_down_agents' sleeping for 36.99 seconds {{(pid=104344) _run_loop /opt/stack/data/venv/lib/python3.12/site-packages/oslo_service/backend/_threading/loopingcall.py:125}}
Mar 25 20:06:15.730654 np0000160637 neutron-periodic-workers[104356]: DEBUG dbcounter [-] [104356] Writing DB stats neutron:SELECT=1 {{(pid=104356) stat_writer /opt/stack/data/venv/lib/python3.12/site-packages/dbcounter.py:115}}
Mar 25 20:06:21.723857 np0000160637 neutron-periodic-workers[104344]: DEBUG dbcounter [-] [104344] Writing DB stats neutron:SELECT=3 {{(pid=104344) stat_writer /opt/stack/data/venv/lib/python3.12/site-packages/dbcounter.py:115}}
Mar 25 20:06:34.726787 np0000160637 neutron-periodic-workers[104332]: DEBUG dbcounter [-] [104332] Writer thread running {{(pid=104332) stat_writer /opt/stack/data/venv/lib/python3.12/site-packages/dbcounter.py:102}}
Mar 25 20:06:34.736684 np0000160637 neutron-periodic-workers[104332]: DEBUG oslo.service.backend._threading.loopingcall [None req-a263196e-ac60-457e-bbfc-323c09862197 None None] Fixed interval looping call 'neutron.services.ovn_l3.plugin.L3_NAT_dbonly_mixin._clean_garbage' sleeping for 299.95 seconds {{(pid=104332) _run_loop /opt/stack/data/venv/lib/python3.12/site-packages/oslo_service/backend/_threading/loopingcall.py:125}}
Mar 25 20:06:42.729813 np0000160637 neutron-periodic-workers[104356]: DEBUG neutron.db.agents_db [None req-397ac860-5a6a-46ca-8e31-0aec8f3aecae None None] Agent healthcheck: found 0 active agents {{(pid=104356) agent_health_check /opt/stack/neutron/neutron/db/agents_db.py:317}}
Mar 25 20:06:42.729813 np0000160637 neutron-periodic-workers[104356]: DEBUG oslo.service.backend._threading.loopingcall [None req-397ac860-5a6a-46ca-8e31-0aec8f3aecae None None] Fixed interval looping call 'neutron.plugins.ml2.plugin.AgentDbMixin.agent_health_check' sleeping for 36.99 seconds {{(pid=104356) _run_loop /opt/stack/data/venv/lib/python3.12/site-packages/oslo_service/backend/_threading/loopingcall.py:125}}
Mar 25 20:06:44.727494 np0000160637 neutron-periodic-workers[104332]: DEBUG dbcounter [-] [104332] Writing DB stats neutron:SELECT=1 {{(pid=104332) stat_writer /opt/stack/data/venv/lib/python3.12/site-packages/dbcounter.py:115}}
Mar 25 20:06:48.723542 np0000160637 neutron-periodic-workers[104344]: DEBUG oslo.service.backend._threading.loopingcall [None req-6fe410ee-bf1c-4e27-a576-ce220c609a52 None None] Fixed interval looping call 'neutron.plugins.ml2.plugin.DhcpAgentSchedulerDbMixin.remove_networks_from_down_agents' sleeping for 36.99 seconds {{(pid=104344) _run_loop /opt/stack/data/venv/lib/python3.12/site-packages/oslo_service/backend/_threading/loopingcall.py:125}}
Mar 25 20:06:52.727632 np0000160637 neutron-periodic-workers[104356]: DEBUG dbcounter [-] [104356] Writing DB stats neutron:SELECT=1 {{(pid=104356) stat_writer /opt/stack/data/venv/lib/python3.12/site-packages/dbcounter.py:115}}
Mar 25 20:06:58.723933 np0000160637 neutron-periodic-workers[104344]: DEBUG dbcounter [-] [104344] Writing DB stats neutron:SELECT=3 {{(pid=104344) stat_writer /opt/stack/data/venv/lib/python3.12/site-packages/dbcounter.py:115}}
Mar 25 20:07:19.724947 np0000160637 neutron-periodic-workers[104356]: DEBUG neutron.db.agents_db [None req-397ac860-5a6a-46ca-8e31-0aec8f3aecae None None] Agent healthcheck: found 0 active agents {{(pid=104356) agent_health_check /opt/stack/neutron/neutron/db/agents_db.py:317}}
Mar 25 20:07:19.725638 np0000160637 neutron-periodic-workers[104356]: DEBUG oslo.service.backend._threading.loopingcall [None req-397ac860-5a6a-46ca-8e31-0aec8f3aecae None None] Fixed interval looping call 'neutron.plugins.ml2.plugin.AgentDbMixin.agent_health_check' sleeping for 37.00 seconds {{(pid=104356) _run_loop /opt/stack/data/venv/lib/python3.12/site-packages/oslo_service/backend/_threading/loopingcall.py:125}}
Mar 25 20:07:19.762772 np0000160637 neutron-periodic-workers[104367]: DEBUG oslo.service.backend._threading.loopingcall [None req-6308a829-c376-407f-a3fa-1ef9b27600d2 None None] Fixed interval looping call 'neutron.db.quota.driver_nolock.DbQuotaNoLockDriver._remove_expired_reservations' sleeping for 120.00 seconds {{(pid=104367) _run_loop /opt/stack/data/venv/lib/python3.12/site-packages/oslo_service/backend/_threading/loopingcall.py:125}}
Mar 25 20:07:25.720457 np0000160637 neutron-periodic-workers[104344]: DEBUG oslo.service.backend._threading.loopingcall [None req-6fe410ee-bf1c-4e27-a576-ce220c609a52 None None] Fixed interval looping call 'neutron.plugins.ml2.plugin.DhcpAgentSchedulerDbMixin.remove_networks_from_down_agents' sleeping for 36.99 seconds {{(pid=104344) _run_loop /opt/stack/data/venv/lib/python3.12/site-packages/oslo_service/backend/_threading/loopingcall.py:125}}
Mar 25 20:07:29.723702 np0000160637 neutron-periodic-workers[104356]: DEBUG dbcounter [-] [104356] Writing DB stats neutron:SELECT=1 {{(pid=104356) stat_writer /opt/stack/data/venv/lib/python3.12/site-packages/dbcounter.py:115}}
Mar 25 20:07:29.761399 np0000160637 neutron-periodic-workers[104367]: DEBUG dbcounter [-] [104367] Writing DB stats neutron:DELETE=1 {{(pid=104367) stat_writer /opt/stack/data/venv/lib/python3.12/site-packages/dbcounter.py:115}}
Mar 25 20:07:35.719441 np0000160637 neutron-periodic-workers[104344]: DEBUG dbcounter [-] [104344] Writing DB stats neutron:SELECT=3 {{(pid=104344) stat_writer /opt/stack/data/venv/lib/python3.12/site-packages/dbcounter.py:115}}
Mar 25 20:07:56.755845 np0000160637 neutron-periodic-workers[104356]: DEBUG neutron.db.agents_db [None req-397ac860-5a6a-46ca-8e31-0aec8f3aecae None None] Agent healthcheck: found 0 active agents {{(pid=104356) agent_health_check /opt/stack/neutron/neutron/db/agents_db.py:317}}
Mar 25 20:07:56.755845 np0000160637 neutron-periodic-workers[104356]: DEBUG oslo.service.backend._threading.loopingcall [None req-397ac860-5a6a-46ca-8e31-0aec8f3aecae None None] Fixed interval looping call 'neutron.plugins.ml2.plugin.AgentDbMixin.agent_health_check' sleeping for 36.97 seconds {{(pid=104356) _run_loop /opt/stack/data/venv/lib/python3.12/site-packages/oslo_service/backend/_threading/loopingcall.py:125}}
Mar 25 20:08:02.721876 np0000160637 neutron-periodic-workers[104344]: DEBUG oslo.service.backend._threading.loopingcall [None req-6fe410ee-bf1c-4e27-a576-ce220c609a52 None None] Fixed interval looping call 'neutron.plugins.ml2.plugin.DhcpAgentSchedulerDbMixin.remove_networks_from_down_agents' sleeping for 36.99 seconds {{(pid=104344) _run_loop /opt/stack/data/venv/lib/python3.12/site-packages/oslo_service/backend/_threading/loopingcall.py:125}}
Mar 25 20:08:06.752476 np0000160637 neutron-periodic-workers[104356]: DEBUG dbcounter [-] [104356] Writing DB stats neutron:SELECT=1 {{(pid=104356) stat_writer /opt/stack/data/venv/lib/python3.12/site-packages/dbcounter.py:115}}
Mar 25 20:08:12.720044 np0000160637 neutron-periodic-workers[104344]: DEBUG dbcounter [-] [104344] Writing DB stats neutron:SELECT=3 {{(pid=104344) stat_writer /opt/stack/data/venv/lib/python3.12/site-packages/dbcounter.py:115}}
Mar 25 20:08:33.731005 np0000160637 neutron-periodic-workers[104356]: DEBUG neutron.db.agents_db [None req-397ac860-5a6a-46ca-8e31-0aec8f3aecae None None] Agent healthcheck: found 0 active agents {{(pid=104356) agent_health_check /opt/stack/neutron/neutron/db/agents_db.py:317}}
Mar 25 20:08:33.731551 np0000160637 neutron-periodic-workers[104356]: DEBUG oslo.service.backend._threading.loopingcall [None req-397ac860-5a6a-46ca-8e31-0aec8f3aecae None None] Fixed interval looping call 'neutron.plugins.ml2.plugin.AgentDbMixin.agent_health_check' sleeping for 36.99 seconds {{(pid=104356) _run_loop /opt/stack/data/venv/lib/python3.12/site-packages/oslo_service/backend/_threading/loopingcall.py:125}}
Mar 25 20:08:39.720054 np0000160637 neutron-periodic-workers[104344]: DEBUG oslo.service.backend._threading.loopingcall [None req-6fe410ee-bf1c-4e27-a576-ce220c609a52 None None] Fixed interval looping call 'neutron.plugins.ml2.plugin.DhcpAgentSchedulerDbMixin.remove_networks_from_down_agents' sleeping for 36.99 seconds {{(pid=104344) _run_loop /opt/stack/data/venv/lib/python3.12/site-packages/oslo_service/backend/_threading/loopingcall.py:125}}
Mar 25 20:08:43.729231 np0000160637 neutron-periodic-workers[104356]: DEBUG dbcounter [-] [104356] Writing DB stats neutron:SELECT=1 {{(pid=104356) stat_writer /opt/stack/data/venv/lib/python3.12/site-packages/dbcounter.py:115}}
Mar 25 20:08:49.719182 np0000160637 neutron-periodic-workers[104344]: DEBUG dbcounter [-] [104344] Writing DB stats neutron:SELECT=3 {{(pid=104344) stat_writer /opt/stack/data/venv/lib/python3.12/site-packages/dbcounter.py:115}}
Mar 25 20:09:10.726815 np0000160637 neutron-periodic-workers[104356]: DEBUG neutron.db.agents_db [None req-397ac860-5a6a-46ca-8e31-0aec8f3aecae None None] Agent healthcheck: found 0 active agents {{(pid=104356) agent_health_check /opt/stack/neutron/neutron/db/agents_db.py:317}}
Mar 25 20:09:10.727327 np0000160637 neutron-periodic-workers[104356]: DEBUG oslo.service.backend._threading.loopingcall [None req-397ac860-5a6a-46ca-8e31-0aec8f3aecae None None] Fixed interval looping call 'neutron.plugins.ml2.plugin.AgentDbMixin.agent_health_check' sleeping for 36.99 seconds {{(pid=104356) _run_loop /opt/stack/data/venv/lib/python3.12/site-packages/oslo_service/backend/_threading/loopingcall.py:125}}
Mar 25 20:09:16.716948 np0000160637 neutron-periodic-workers[104344]: DEBUG oslo.service.backend._threading.loopingcall [None req-6fe410ee-bf1c-4e27-a576-ce220c609a52 None None] Fixed interval looping call 'neutron.plugins.ml2.plugin.DhcpAgentSchedulerDbMixin.remove_networks_from_down_agents' sleeping for 36.99 seconds {{(pid=104344) _run_loop /opt/stack/data/venv/lib/python3.12/site-packages/oslo_service/backend/_threading/loopingcall.py:125}}
Mar 25 20:09:19.767034 np0000160637 neutron-periodic-workers[104367]: DEBUG oslo.service.backend._threading.loopingcall [None req-6308a829-c376-407f-a3fa-1ef9b27600d2 None None] Fixed interval looping call 'neutron.db.quota.driver_nolock.DbQuotaNoLockDriver._remove_expired_reservations' sleeping for 120.00 seconds {{(pid=104367) _run_loop /opt/stack/data/venv/lib/python3.12/site-packages/oslo_service/backend/_threading/loopingcall.py:125}}
Mar 25 20:09:20.724623 np0000160637 neutron-periodic-workers[104356]: DEBUG dbcounter [-] [104356] Writing DB stats neutron:SELECT=1 {{(pid=104356) stat_writer /opt/stack/data/venv/lib/python3.12/site-packages/dbcounter.py:115}}
Mar 25 20:09:26.715981 np0000160637 neutron-periodic-workers[104344]: DEBUG dbcounter [-] [104344] Writing DB stats neutron:SELECT=3 {{(pid=104344) stat_writer /opt/stack/data/venv/lib/python3.12/site-packages/dbcounter.py:115}}
Mar 25 20:09:29.766751 np0000160637 neutron-periodic-workers[104367]: DEBUG dbcounter [-] [104367] Writing DB stats neutron:DELETE=1 {{(pid=104367) stat_writer /opt/stack/data/venv/lib/python3.12/site-packages/dbcounter.py:115}}
Mar 25 20:09:47.722436 np0000160637 neutron-periodic-workers[104356]: DEBUG neutron.db.agents_db [None req-397ac860-5a6a-46ca-8e31-0aec8f3aecae None None] Agent healthcheck: found 0 active agents {{(pid=104356) agent_health_check /opt/stack/neutron/neutron/db/agents_db.py:317}}
Mar 25 20:09:47.723095 np0000160637 neutron-periodic-workers[104356]: DEBUG oslo.service.backend._threading.loopingcall [None req-397ac860-5a6a-46ca-8e31-0aec8f3aecae None None] Fixed interval looping call 'neutron.plugins.ml2.plugin.AgentDbMixin.agent_health_check' sleeping for 36.99 seconds {{(pid=104356) _run_loop /opt/stack/data/venv/lib/python3.12/site-packages/oslo_service/backend/_threading/loopingcall.py:125}}
Mar 25 20:09:53.717426 np0000160637 neutron-periodic-workers[104344]: DEBUG oslo.service.backend._threading.loopingcall [None req-6fe410ee-bf1c-4e27-a576-ce220c609a52 None None] Fixed interval looping call 'neutron.plugins.ml2.plugin.DhcpAgentSchedulerDbMixin.remove_networks_from_down_agents' sleeping for 36.99 seconds {{(pid=104344) _run_loop /opt/stack/data/venv/lib/python3.12/site-packages/oslo_service/backend/_threading/loopingcall.py:125}}
Mar 25 20:09:57.720858 np0000160637 neutron-periodic-workers[104356]: DEBUG dbcounter [-] [104356] Writing DB stats neutron:SELECT=1 {{(pid=104356) stat_writer /opt/stack/data/venv/lib/python3.12/site-packages/dbcounter.py:115}}
Mar 25 20:10:03.716431 np0000160637 neutron-periodic-workers[104344]: DEBUG dbcounter [-] [104344] Writing DB stats neutron:SELECT=3 {{(pid=104344) stat_writer /opt/stack/data/venv/lib/python3.12/site-packages/dbcounter.py:115}}
Mar 25 20:10:24.718364 np0000160637 neutron-periodic-workers[104356]: DEBUG neutron.db.agents_db [None req-397ac860-5a6a-46ca-8e31-0aec8f3aecae None None] Agent healthcheck: found 0 active agents {{(pid=104356) agent_health_check /opt/stack/neutron/neutron/db/agents_db.py:317}}
Mar 25 20:10:24.719226 np0000160637 neutron-periodic-workers[104356]: DEBUG oslo.service.backend._threading.loopingcall [None req-397ac860-5a6a-46ca-8e31-0aec8f3aecae None None] Fixed interval looping call 'neutron.plugins.ml2.plugin.AgentDbMixin.agent_health_check' sleeping for 36.99 seconds {{(pid=104356) _run_loop /opt/stack/data/venv/lib/python3.12/site-packages/oslo_service/backend/_threading/loopingcall.py:125}}
Mar 25 20:10:30.719486 np0000160637 neutron-periodic-workers[104344]: DEBUG oslo.service.backend._threading.loopingcall [None req-6fe410ee-bf1c-4e27-a576-ce220c609a52 None None] Fixed interval looping call 'neutron.plugins.ml2.plugin.DhcpAgentSchedulerDbMixin.remove_networks_from_down_agents' sleeping for 36.99 seconds {{(pid=104344) _run_loop /opt/stack/data/venv/lib/python3.12/site-packages/oslo_service/backend/_threading/loopingcall.py:125}}
Mar 25 20:10:34.716299 np0000160637 neutron-periodic-workers[104356]: DEBUG dbcounter [-] [104356] Writing DB stats neutron:SELECT=1 {{(pid=104356) stat_writer /opt/stack/data/venv/lib/python3.12/site-packages/dbcounter.py:115}}
Mar 25 20:10:40.717945 np0000160637 neutron-periodic-workers[104344]: DEBUG dbcounter [-] [104344] Writing DB stats neutron:SELECT=3 {{(pid=104344) stat_writer /opt/stack/data/venv/lib/python3.12/site-packages/dbcounter.py:115}}
Mar 25 20:11:01.714365 np0000160637 neutron-periodic-workers[104356]: DEBUG neutron.db.agents_db [None req-397ac860-5a6a-46ca-8e31-0aec8f3aecae None None] Agent healthcheck: found 0 active agents {{(pid=104356) agent_health_check /opt/stack/neutron/neutron/db/agents_db.py:317}}
Mar 25 20:11:01.714365 np0000160637 neutron-periodic-workers[104356]: DEBUG oslo.service.backend._threading.loopingcall [None req-397ac860-5a6a-46ca-8e31-0aec8f3aecae None None] Fixed interval looping call 'neutron.plugins.ml2.plugin.AgentDbMixin.agent_health_check' sleeping for 36.99 seconds {{(pid=104356) _run_loop /opt/stack/data/venv/lib/python3.12/site-packages/oslo_service/backend/_threading/loopingcall.py:125}}
Mar 25 20:11:07.718836 np0000160637 neutron-periodic-workers[104344]: DEBUG oslo.service.backend._threading.loopingcall [None req-6fe410ee-bf1c-4e27-a576-ce220c609a52 None None] Fixed interval looping call 'neutron.plugins.ml2.plugin.DhcpAgentSchedulerDbMixin.remove_networks_from_down_agents' sleeping for 36.99 seconds {{(pid=104344) _run_loop /opt/stack/data/venv/lib/python3.12/site-packages/oslo_service/backend/_threading/loopingcall.py:125}}
Mar 25 20:11:11.712603 np0000160637 neutron-periodic-workers[104356]: DEBUG dbcounter [-] [104356] Writing DB stats neutron:SELECT=1 {{(pid=104356) stat_writer /opt/stack/data/venv/lib/python3.12/site-packages/dbcounter.py:115}}
Mar 25 20:11:17.717388 np0000160637 neutron-periodic-workers[104344]: DEBUG dbcounter [-] [104344] Writing DB stats neutron:SELECT=3 {{(pid=104344) stat_writer /opt/stack/data/venv/lib/python3.12/site-packages/dbcounter.py:115}}
Mar 25 20:11:19.772798 np0000160637 neutron-periodic-workers[104367]: DEBUG oslo.service.backend._threading.loopingcall [None req-6308a829-c376-407f-a3fa-1ef9b27600d2 None None] Fixed interval looping call 'neutron.db.quota.driver_nolock.DbQuotaNoLockDriver._remove_expired_reservations' sleeping for 119.99 seconds {{(pid=104367) _run_loop /opt/stack/data/venv/lib/python3.12/site-packages/oslo_service/backend/_threading/loopingcall.py:125}}
Mar 25 20:11:29.771862 np0000160637 neutron-periodic-workers[104367]: DEBUG dbcounter [-] [104367] Writing DB stats neutron:DELETE=1 {{(pid=104367) stat_writer /opt/stack/data/venv/lib/python3.12/site-packages/dbcounter.py:115}}
Mar 25 20:11:34.700689 np0000160637 neutron-periodic-workers[104332]: DEBUG oslo.service.backend._threading.loopingcall [None req-a263196e-ac60-457e-bbfc-323c09862197 None None] Fixed interval looping call 'neutron.services.ovn_l3.plugin.L3_NAT_dbonly_mixin._clean_garbage' sleeping for 299.99 seconds {{(pid=104332) _run_loop /opt/stack/data/venv/lib/python3.12/site-packages/oslo_service/backend/_threading/loopingcall.py:125}}
Mar 25 20:11:38.711996 np0000160637 neutron-periodic-workers[104356]: DEBUG neutron.db.agents_db [None req-397ac860-5a6a-46ca-8e31-0aec8f3aecae None None] Agent healthcheck: found 0 active agents {{(pid=104356) agent_health_check /opt/stack/neutron/neutron/db/agents_db.py:317}}
Mar 25 20:11:38.712420 np0000160637 neutron-periodic-workers[104356]: DEBUG oslo.service.backend._threading.loopingcall [None req-397ac860-5a6a-46ca-8e31-0aec8f3aecae None None] Fixed interval looping call 'neutron.plugins.ml2.plugin.AgentDbMixin.agent_health_check' sleeping for 36.99 seconds {{(pid=104356) _run_loop /opt/stack/data/venv/lib/python3.12/site-packages/oslo_service/backend/_threading/loopingcall.py:125}}
Mar 25 20:11:44.691926 np0000160637 neutron-periodic-workers[104332]: DEBUG dbcounter [-] [104332] Writing DB stats neutron:SELECT=1 {{(pid=104332) stat_writer /opt/stack/data/venv/lib/python3.12/site-packages/dbcounter.py:115}}
Mar 25 20:11:44.719105 np0000160637 neutron-periodic-workers[104344]: DEBUG oslo.service.backend._threading.loopingcall [None req-6fe410ee-bf1c-4e27-a576-ce220c609a52 None None] Fixed interval looping call 'neutron.plugins.ml2.plugin.DhcpAgentSchedulerDbMixin.remove_networks_from_down_agents' sleeping for 36.99 seconds {{(pid=104344) _run_loop /opt/stack/data/venv/lib/python3.12/site-packages/oslo_service/backend/_threading/loopingcall.py:125}}
Mar 25 20:11:48.709099 np0000160637 neutron-periodic-workers[104356]: DEBUG dbcounter [-] [104356] Writing DB stats neutron:SELECT=1 {{(pid=104356) stat_writer /opt/stack/data/venv/lib/python3.12/site-packages/dbcounter.py:115}}
Mar 25 20:11:54.718002 np0000160637 neutron-periodic-workers[104344]: DEBUG dbcounter [-] [104344] Writing DB stats neutron:SELECT=3 {{(pid=104344) stat_writer /opt/stack/data/venv/lib/python3.12/site-packages/dbcounter.py:115}}
Mar 25 20:12:15.707076 np0000160637 neutron-periodic-workers[104356]: DEBUG neutron.db.agents_db [None req-397ac860-5a6a-46ca-8e31-0aec8f3aecae None None] Agent healthcheck: found 0 active agents {{(pid=104356) agent_health_check /opt/stack/neutron/neutron/db/agents_db.py:317}}
Mar 25 20:12:15.707076 np0000160637 neutron-periodic-workers[104356]: DEBUG oslo.service.backend._threading.loopingcall [None req-397ac860-5a6a-46ca-8e31-0aec8f3aecae None None] Fixed interval looping call 'neutron.plugins.ml2.plugin.AgentDbMixin.agent_health_check' sleeping for 37.00 seconds {{(pid=104356) _run_loop /opt/stack/data/venv/lib/python3.12/site-packages/oslo_service/backend/_threading/loopingcall.py:125}}
Mar 25 20:12:21.717955 np0000160637 neutron-periodic-workers[104344]: DEBUG oslo.service.backend._threading.loopingcall [None req-6fe410ee-bf1c-4e27-a576-ce220c609a52 None None] Fixed interval looping call 'neutron.plugins.ml2.plugin.DhcpAgentSchedulerDbMixin.remove_networks_from_down_agents' sleeping for 36.99 seconds {{(pid=104344) _run_loop /opt/stack/data/venv/lib/python3.12/site-packages/oslo_service/backend/_threading/loopingcall.py:125}}
Mar 25 20:12:25.706350 np0000160637 neutron-periodic-workers[104356]: DEBUG dbcounter [-] [104356] Writing DB stats neutron:SELECT=1 {{(pid=104356) stat_writer /opt/stack/data/venv/lib/python3.12/site-packages/dbcounter.py:115}}
Mar 25 20:12:31.717010 np0000160637 neutron-periodic-workers[104344]: DEBUG dbcounter [-] [104344] Writing DB stats neutron:SELECT=3 {{(pid=104344) stat_writer /opt/stack/data/venv/lib/python3.12/site-packages/dbcounter.py:115}}
Mar 25 20:12:52.713044 np0000160637 neutron-periodic-workers[104356]: DEBUG neutron.db.agents_db [None req-397ac860-5a6a-46ca-8e31-0aec8f3aecae None None] Agent healthcheck: found 0 active agents {{(pid=104356) agent_health_check /opt/stack/neutron/neutron/db/agents_db.py:317}}
Mar 25 20:12:52.713792 np0000160637 neutron-periodic-workers[104356]: DEBUG oslo.service.backend._threading.loopingcall [None req-397ac860-5a6a-46ca-8e31-0aec8f3aecae None None] Fixed interval looping call 'neutron.plugins.ml2.plugin.AgentDbMixin.agent_health_check' sleeping for 36.99 seconds {{(pid=104356) _run_loop /opt/stack/data/venv/lib/python3.12/site-packages/oslo_service/backend/_threading/loopingcall.py:125}}
Mar 25 20:12:58.715941 np0000160637 neutron-periodic-workers[104344]: DEBUG oslo.service.backend._threading.loopingcall [None req-6fe410ee-bf1c-4e27-a576-ce220c609a52 None None] Fixed interval looping call 'neutron.plugins.ml2.plugin.DhcpAgentSchedulerDbMixin.remove_networks_from_down_agents' sleeping for 36.99 seconds {{(pid=104344) _run_loop /opt/stack/data/venv/lib/python3.12/site-packages/oslo_service/backend/_threading/loopingcall.py:125}}
Mar 25 20:13:02.711266 np0000160637 neutron-periodic-workers[104356]: DEBUG dbcounter [-] [104356] Writing DB stats neutron:SELECT=1 {{(pid=104356) stat_writer /opt/stack/data/venv/lib/python3.12/site-packages/dbcounter.py:115}}
Mar 25 20:13:08.715763 np0000160637 neutron-periodic-workers[104344]: DEBUG dbcounter [-] [104344] Writing DB stats neutron:SELECT=3 {{(pid=104344) stat_writer /opt/stack/data/venv/lib/python3.12/site-packages/dbcounter.py:115}}
Mar 25 20:13:19.768248 np0000160637 neutron-periodic-workers[104367]: DEBUG oslo.service.backend._threading.loopingcall [None req-6308a829-c376-407f-a3fa-1ef9b27600d2 None None] Fixed interval looping call 'neutron.db.quota.driver_nolock.DbQuotaNoLockDriver._remove_expired_reservations' sleeping for 120.00 seconds {{(pid=104367) _run_loop /opt/stack/data/venv/lib/python3.12/site-packages/oslo_service/backend/_threading/loopingcall.py:125}}
Mar 25 20:13:29.710218 np0000160637 neutron-periodic-workers[104356]: DEBUG neutron.db.agents_db [None req-397ac860-5a6a-46ca-8e31-0aec8f3aecae None None] Agent healthcheck: found 0 active agents {{(pid=104356) agent_health_check /opt/stack/neutron/neutron/db/agents_db.py:317}}
