2026-06-15 17:03:28.083 8 INFO placement.requestlog [None req-81708fdb-fade-4ac9-b736-4d0859210671 35f53a2320434f7eb5ffbd68bf0f201c 397a1d66be2d41d6a49ebb4896ae4ae6 - - 79815395ca3a428b9f59b8160cec94f7 79815395ca3a428b9f59b8160cec94f7] 10.0.0.59 "GET /resource_providers/a33faf1e-683a-4b5b-82b8-cdc4a20532f2/aggregates" status: 404 len: 235 microversion: 1.1 [pid: 8|app: 0|req: 429/855] 10.0.0.59 () {32 vars in 815 bytes} [Mon Jun 15 17:03:28 2026] GET /resource_providers/a33faf1e-683a-4b5b-82b8-cdc4a20532f2/aggregates => generated 235 bytes in 22 msecs (HTTP/1.1 404) 5 headers in 202 bytes (1 switches on core 0)
2026-06-15 17:03:28.101 8 INFO placement.requestlog [None req-a266ded1-eb46-437c-8595-56062592f628 35f53a2320434f7eb5ffbd68bf0f201c 397a1d66be2d41d6a49ebb4896ae4ae6 - - 79815395ca3a428b9f59b8160cec94f7 79815395ca3a428b9f59b8160cec94f7] 10.0.0.59 "DELETE /resource_providers/a33faf1e-683a-4b5b-82b8-cdc4a20532f2" status: 404 len: 246 microversion: 1.1 [pid: 8|app: 0|req: 430/856] 10.0.0.59 () {34 vars in 815 bytes} [Mon Jun 15 17:03:28 2026] DELETE /resource_providers/a33faf1e-683a-4b5b-82b8-cdc4a20532f2 => generated 246 bytes in 9 msecs (HTTP/1.1 404) 6 headers in 231 bytes (1 switches on core 0)
2026-06-15 17:03:28.111 7 INFO placement.requestlog [None req-11241a20-3db5-4844-bd66-bde84688ad6e 35f53a2320434f7eb5ffbd68bf0f201c 397a1d66be2d41d6a49ebb4896ae4ae6 - - 79815395ca3a428b9f59b8160cec94f7 79815395ca3a428b9f59b8160cec94f7] 10.0.0.59 "GET /resource_providers/055994fa-5f3a-492a-ba84-a9eeb6354eb7/aggregates" status: 404 len: 235 microversion: 1.1 [pid: 7|app: 0|req: 427/857] 10.0.0.59 () {32 vars in 815 bytes} [Mon Jun 15 17:03:28 2026] GET /resource_providers/055994fa-5f3a-492a-ba84-a9eeb6354eb7/aggregates => generated 235 bytes in 19 msecs (HTTP/1.1 404) 5 headers in 202 bytes (1 switches on core 0)
2026-06-15 17:03:28.114 8 INFO placement.requestlog [None req-f8340d97-caff-4c5c-991a-1648eabb79e8 35f53a2320434f7eb5ffbd68bf0f201c 397a1d66be2d41d6a49ebb4896ae4ae6 - - 79815395ca3a428b9f59b8160cec94f7 79815395ca3a428b9f59b8160cec94f7] 10.0.0.59 "GET /resource_providers/055994fa-5f3a-492a-ba84-a9eeb6354eb7/aggregates" status: 404 len: 235 microversion: 1.1 [pid: 8|app: 0|req: 431/858] 10.0.0.59 () {32 vars in 815 bytes} [Mon Jun 15 17:03:28 2026] GET /resource_providers/055994fa-5f3a-492a-ba84-a9eeb6354eb7/aggregates => generated 235 bytes in 7 msecs (HTTP/1.1 404) 5 headers in 202 bytes (1 switches on core 0)
2026-06-15 17:03:28.126 7 INFO placement.requestlog [None req-70d65958-19bf-48e4-8a5d-375d37cf8e12 35f53a2320434f7eb5ffbd68bf0f201c 397a1d66be2d41d6a49ebb4896ae4ae6 - - 79815395ca3a428b9f59b8160cec94f7 79815395ca3a428b9f59b8160cec94f7] 10.0.0.59 "DELETE /resource_providers/055994fa-5f3a-492a-ba84-a9eeb6354eb7" status: 404 len: 246 microversion: 1.1 [pid: 7|app: 0|req: 428/859] 10.0.0.59 () {34 vars in 815 bytes} [Mon Jun 15 17:03:28 2026] DELETE /resource_providers/055994fa-5f3a-492a-ba84-a9eeb6354eb7 => generated 246 bytes in 6 msecs (HTTP/1.1 404) 6 headers in 231 bytes (1 switches on core 0)
2026-06-15 17:03:28.129 8 INFO placement.requestlog [None req-ceccccf4-882e-447c-9403-81072d4bc92a 35f53a2320434f7eb5ffbd68bf0f201c 397a1d66be2d41d6a49ebb4896ae4ae6 - - 79815395ca3a428b9f59b8160cec94f7 79815395ca3a428b9f59b8160cec94f7] 10.0.0.59 "DELETE /resource_providers/055994fa-5f3a-492a-ba84-a9eeb6354eb7" status: 404 len: 246 microversion: 1.1 [pid: 8|app: 0|req: 432/860] 10.0.0.59 () {34 vars in 815 bytes} [Mon Jun 15 17:03:28 2026] DELETE /resource_providers/055994fa-5f3a-492a-ba84-a9eeb6354eb7 => generated 246 bytes in 9 msecs (HTTP/1.1 404) 6 headers in 231 bytes (1 switches on core 0)
2026-06-15 17:03:34.859 7 INFO placement.requestlog [None req-def00c32-a36b-4ac4-805b-5931c2891bbf 35f53a2320434f7eb5ffbd68bf0f201c 397a1d66be2d41d6a49ebb4896ae4ae6 - - 79815395ca3a428b9f59b8160cec94f7 79815395ca3a428b9f59b8160cec94f7] 10.0.0.59 "GET /resource_providers/4045e6b4-f3d2-4b02-b1d8-481c6adfbe80/aggregates" status: 404 len: 235 microversion: 1.1 [pid: 7|app: 0|req: 429/861] 10.0.0.59 () {32 vars in 815 bytes} [Mon Jun 15 17:03:34 2026] GET /resource_providers/4045e6b4-f3d2-4b02-b1d8-481c6adfbe80/aggregates => generated 235 bytes in 8 msecs (HTTP/1.1 404) 5 headers in 202 bytes (1 switches on core 0)
2026-06-15 17:03:34.862 8 INFO placement.requestlog [None req-8cb7db2a-dbe0-412d-ab2e-fd75f13dcdf8 35f53a2320434f7eb5ffbd68bf0f201c 397a1d66be2d41d6a49ebb4896ae4ae6 - - 79815395ca3a428b9f59b8160cec94f7 79815395ca3a428b9f59b8160cec94f7] 10.0.0.59 "GET /resource_providers/4045e6b4-f3d2-4b02-b1d8-481c6adfbe80/aggregates" status: 404 len: 235 microversion: 1.1 [pid: 8|app: 0|req: 433/862] 10.0.0.59 () {32 vars in 815 bytes} [Mon Jun 15 17:03:34 2026] GET /resource_providers/4045e6b4-f3d2-4b02-b1d8-481c6adfbe80/aggregates => generated 235 bytes in 9 msecs (HTTP/1.1 404) 5 headers in 202 bytes (1 switches on core 0)
2026-06-15 17:03:34.878 7 INFO placement.requestlog [None req-2ae00483-f3a9-43a4-8acd-213f40382d9f 35f53a2320434f7eb5ffbd68bf0f201c 397a1d66be2d41d6a49ebb4896ae4ae6 - - 79815395ca3a428b9f59b8160cec94f7 79815395ca3a428b9f59b8160cec94f7] 10.0.0.59 "DELETE /resource_providers/4045e6b4-f3d2-4b02-b1d8-481c6adfbe80" status: 404 len: 246 microversion: 1.1 [pid: 7|app: 0|req: 430/863] 10.0.0.59 () {34 vars in 815 bytes} [Mon Jun 15 17:03:34 2026] DELETE /resource_providers/4045e6b4-f3d2-4b02-b1d8-481c6adfbe80 => generated 246 bytes in 8 msecs (HTTP/1.1 404) 6 headers in 231 bytes (1 switches on core 0)
2026-06-15 17:03:34.889 8 INFO placement.requestlog [None req-a70446fa-43cc-4905-acca-c86799b91ec4 35f53a2320434f7eb5ffbd68bf0f201c 397a1d66be2d41d6a49ebb4896ae4ae6 - - 79815395ca3a428b9f59b8160cec94f7 79815395ca3a428b9f59b8160cec94f7] 10.0.0.59 "DELETE /resource_providers/4045e6b4-f3d2-4b02-b1d8-481c6adfbe80" status: 404 len: 246 microversion: 1.1 [pid: 8|app: 0|req: 434/864] 10.0.0.59 () {34 vars in 815 bytes} [Mon Jun 15 17:03:34 2026] DELETE /resource_providers/4045e6b4-f3d2-4b02-b1d8-481c6adfbe80 => generated 246 bytes in 11 msecs (HTTP/1.1 404) 6 headers in 231 bytes (1 switches on core 0)
2026-06-15 17:03:35.302 7 INFO placement.requestlog [None req-c8526ef1-17ce-4f95-986c-77e1bfcb2371 35f53a2320434f7eb5ffbd68bf0f201c 397a1d66be2d41d6a49ebb4896ae4ae6 - - 79815395ca3a428b9f59b8160cec94f7 79815395ca3a428b9f59b8160cec94f7] 10.0.0.59 "GET /resource_providers/3b6cc547-2761-47e2-8201-5b3872aa68b1/aggregates" status: 404 len: 235 microversion: 1.1 [pid: 7|app: 0|req: 431/865] 10.0.0.59 () {32 vars in 815 bytes} [Mon Jun 15 17:03:35 2026] GET /resource_providers/3b6cc547-2761-47e2-8201-5b3872aa68b1/aggregates => generated 235 bytes in 8 msecs (HTTP/1.1 404) 5 headers in 202 bytes (1 switches on core 0)
2026-06-15 17:03:35.303 8 INFO placement.requestlog [None req-a8b0edee-a2e9-41b0-adff-06035cc9e9f4 35f53a2320434f7eb5ffbd68bf0f201c 397a1d66be2d41d6a49ebb4896ae4ae6 - - 79815395ca3a428b9f59b8160cec94f7 79815395ca3a428b9f59b8160cec94f7] 10.0.0.59 "GET /resource_providers/3b6cc547-2761-47e2-8201-5b3872aa68b1/aggregates" status: 404 len: 235 microversion: 1.1 [pid: 8|app: 0|req: 435/866] 10.0.0.59 () {32 vars in 815 bytes} [Mon Jun 15 17:03:35 2026] GET /resource_providers/3b6cc547-2761-47e2-8201-5b3872aa68b1/aggregates => generated 235 bytes in 6 msecs (HTTP/1.1 404) 5 headers in 202 bytes (1 switches on core 0)
2026-06-15 17:03:35.325 8 INFO placement.requestlog [None req-5efcc1c8-52b1-4b79-a7aa-b3d5c1c632c1 35f53a2320434f7eb5ffbd68bf0f201c 397a1d66be2d41d6a49ebb4896ae4ae6 - - 79815395ca3a428b9f59b8160cec94f7 79815395ca3a428b9f59b8160cec94f7] 10.0.0.59 "DELETE /resource_providers/3b6cc547-2761-47e2-8201-5b3872aa68b1" status: 404 len: 246 microversion: 1.1
2026-06-15 17:03:35.325 7 INFO placement.requestlog [None req-8c42d7ab-ac51-48a9-9450-a724095169aa 35f53a2320434f7eb5ffbd68bf0f201c 397a1d66be2d41d6a49ebb4896ae4ae6 - - 79815395ca3a428b9f59b8160cec94f7 79815395ca3a428b9f59b8160cec94f7] 10.0.0.59 "DELETE /resource_providers/3b6cc547-2761-47e2-8201-5b3872aa68b1" status: 404 len: 246 microversion: 1.1 [pid: 8|app: 0|req: 436/867] 10.0.0.59 () {34 vars in 815 bytes} [Mon Jun 15 17:03:35 2026] DELETE /resource_providers/3b6cc547-2761-47e2-8201-5b3872aa68b1 => generated 246 bytes in 8 msecs (HTTP/1.1 404) 6 headers in 231 bytes (1 switches on core 0) [pid: 7|app: 0|req: 432/868] 10.0.0.59 () {34 vars in 815 bytes} [Mon Jun 15 17:03:35 2026] DELETE /resource_providers/3b6cc547-2761-47e2-8201-5b3872aa68b1 => generated 246 bytes in 11 msecs (HTTP/1.1 404) 6 headers in 231 bytes (1 switches on core 0)
2026-06-15 17:03:35.695 8 INFO placement.requestlog [None req-6a4fb47b-095f-4658-b261-f1dc423fdf9b - - - - - -] 10.0.0.76 "GET /" status: 200 len: 136 microversion: 1.0
2026-06-15 17:03:35.696 7 INFO placement.requestlog [None req-08a79450-83e9-48cc-a840-705730c9997c - - - - - -] 10.0.0.76 "GET /" status: 200 len: 136 microversion: 1.0
2026-06-15 17:03:36.971 8 INFO placement.requestlog [None req-b1f7352c-c924-4bab-bf7e-2c5c5dc462f0 35f53a2320434f7eb5ffbd68bf0f201c 397a1d66be2d41d6a49ebb4896ae4ae6 - - 79815395ca3a428b9f59b8160cec94f7 79815395ca3a428b9f59b8160cec94f7] 10.0.0.59 "GET /resource_providers/3e42e81b-d767-482f-85d2-e10a3befeb2a/aggregates" status: 404 len: 235 microversion: 1.1 [pid: 8|app: 0|req: 438/871] 10.0.0.59 () {32 vars in 815 bytes} [Mon Jun 15 17:03:36 2026] GET /resource_providers/3e42e81b-d767-482f-85d2-e10a3befeb2a/aggregates => generated 235 bytes in 10 msecs (HTTP/1.1 404) 5 headers in 202 bytes (1 switches on core 0)
2026-06-15 17:03:36.973 7 INFO placement.requestlog [None req-145ebe9e-bc64-4eab-b0a8-498ab039de47 35f53a2320434f7eb5ffbd68bf0f201c 397a1d66be2d41d6a49ebb4896ae4ae6 - - 79815395ca3a428b9f59b8160cec94f7 79815395ca3a428b9f59b8160cec94f7] 10.0.0.59 "GET /resource_providers/3e42e81b-d767-482f-85d2-e10a3befeb2a/aggregates" status: 404 len: 235 microversion: 1.1 [pid: 7|app: 0|req: 434/872] 10.0.0.59 () {32 vars in 815 bytes} [Mon Jun 15 17:03:36 2026] GET /resource_providers/3e42e81b-d767-482f-85d2-e10a3befeb2a/aggregates => generated 235 bytes in 8 msecs (HTTP/1.1 404) 5 headers in 202 bytes (1 switches on core 0)
2026-06-15 17:03:36.991 8 INFO placement.requestlog [None req-dba9dec0-74f5-4a68-adac-a94c13e7a243 35f53a2320434f7eb5ffbd68bf0f201c 397a1d66be2d41d6a49ebb4896ae4ae6 - - 79815395ca3a428b9f59b8160cec94f7 79815395ca3a428b9f59b8160cec94f7] 10.0.0.59 "DELETE /resource_providers/3e42e81b-d767-482f-85d2-e10a3befeb2a" status: 404 len: 246 microversion: 1.1 [pid: 8|app: 0|req: 439/873] 10.0.0.59 () {34 vars in 815 bytes} [Mon Jun 15 17:03:36 2026] DELETE /resource_providers/3e42e81b-d767-482f-85d2-e10a3befeb2a => generated 246 bytes in 8 msecs (HTTP/1.1 404) 6 headers in 231 bytes (1 switches on core 0)
2026-06-15 17:03:37.001 7 INFO placement.requestlog [None req-d4f4cc01-205a-4a40-be9b-0544d12990cf 35f53a2320434f7eb5ffbd68bf0f201c 397a1d66be2d41d6a49ebb4896ae4ae6 - - 79815395ca3a428b9f59b8160cec94f7 79815395ca3a428b9f59b8160cec94f7] 10.0.0.59 "DELETE /resource_providers/3e42e81b-d767-482f-85d2-e10a3befeb2a" status: 404 len: 246 microversion: 1.1 [pid: 7|app: 0|req: 435/874] 10.0.0.59 () {34 vars in 815 bytes} [Mon Jun 15 17:03:36 2026] DELETE /resource_providers/3e42e81b-d767-482f-85d2-e10a3befeb2a => generated 246 bytes in 11 msecs (HTTP/1.1 404) 6 headers in 231 bytes (1 switches on core 0)
2026-06-15 17:03:38.216 7 INFO placement.requestlog [None req-1490cc19-e866-4524-80a0-7c41448d928e 35f53a2320434f7eb5ffbd68bf0f201c 397a1d66be2d41d6a49ebb4896ae4ae6 - - 79815395ca3a428b9f59b8160cec94f7 79815395ca3a428b9f59b8160cec94f7] 10.0.0.59 "GET /resource_providers/d0b06d65-a574-405c-8eb5-c37af636a662/aggregates" status: 404 len: 235 microversion: 1.1 [pid: 7|app: 0|req: 436/875] 10.0.0.59 () {32 vars in 815 bytes} [Mon Jun 15 17:03:38 2026] GET /resource_providers/d0b06d65-a574-405c-8eb5-c37af636a662/aggregates => generated 235 bytes in 8 msecs (HTTP/1.1 404) 5 headers in 202 bytes (1 switches on core 0)
2026-06-15 17:03:38.222 8 INFO placement.requestlog [None req-7c2e852f-0490-4672-8ec9-4d0cb7f7ecaf 35f53a2320434f7eb5ffbd68bf0f201c 397a1d66be2d41d6a49ebb4896ae4ae6 - - 79815395ca3a428b9f59b8160cec94f7 79815395ca3a428b9f59b8160cec94f7] 10.0.0.59 "GET /resource_providers/d0b06d65-a574-405c-8eb5-c37af636a662/aggregates" status: 404 len: 235 microversion: 1.1 [pid: 8|app: 0|req: 440/876] 10.0.0.59 () {32 vars in 815 bytes} [Mon Jun 15 17:03:38 2026] GET /resource_providers/d0b06d65-a574-405c-8eb5-c37af636a662/aggregates => generated 235 bytes in 15 msecs (HTTP/1.1 404) 5 headers in 202 bytes (1 switches on core 0)
2026-06-15 17:03:38.240 7 INFO placement.requestlog [None req-9756b60b-32c2-4b0b-93a1-c60a7c51cba6 35f53a2320434f7eb5ffbd68bf0f201c 397a1d66be2d41d6a49ebb4896ae4ae6 - - 79815395ca3a428b9f59b8160cec94f7 79815395ca3a428b9f59b8160cec94f7] 10.0.0.59 "DELETE /resource_providers/d0b06d65-a574-405c-8eb5-c37af636a662" status: 404 len: 246 microversion: 1.1 [pid: 7|app: 0|req: 437/877] 10.0.0.59 () {34 vars in 815 bytes} [Mon Jun 15 17:03:38 2026] DELETE /resource_providers/d0b06d65-a574-405c-8eb5-c37af636a662 => generated 246 bytes in 9 msecs (HTTP/1.1 404) 6 headers in 231 bytes (1 switches on core 0)
2026-06-15 17:03:38.248 8 INFO placement.requestlog [None req-e40f352e-9b20-4a58-bbcd-2f128403e0b9 35f53a2320434f7eb5ffbd68bf0f201c 397a1d66be2d41d6a49ebb4896ae4ae6 - - 79815395ca3a428b9f59b8160cec94f7 79815395ca3a428b9f59b8160cec94f7] 10.0.0.59 "DELETE /resource_providers/d0b06d65-a574-405c-8eb5-c37af636a662" status: 404 len: 246 microversion: 1.1 [pid: 8|app: 0|req: 441/878] 10.0.0.59 () {34 vars in 815 bytes} [Mon Jun 15 17:03:38 2026] DELETE /resource_providers/d0b06d65-a574-405c-8eb5-c37af636a662 => generated 246 bytes in 9 msecs (HTTP/1.1 404) 6 headers in 231 bytes (1 switches on core 0)
2026-06-15 17:03:39.019 7 INFO placement.requestlog [None req-d8a269f7-cfb7-4e76-9940-5fdac09cc3fa 35f53a2320434f7eb5ffbd68bf0f201c 397a1d66be2d41d6a49ebb4896ae4ae6 - - 79815395ca3a428b9f59b8160cec94f7 79815395ca3a428b9f59b8160cec94f7] 10.0.0.59 "GET /resource_providers/a6407311-1594-43e9-b481-986f20c115ee/aggregates" status: 404 len: 235 microversion: 1.1 [pid: 7|app: 0|req: 438/879] 10.0.0.59 () {32 vars in 815 bytes} [Mon Jun 15 17:03:39 2026] GET /resource_providers/a6407311-1594-43e9-b481-986f20c115ee/aggregates => generated 235 bytes in 8 msecs (HTTP/1.1 404) 5 headers in 202 bytes (1 switches on core 0)
2026-06-15 17:03:39.020 8 INFO placement.requestlog [None req-8beda9ae-e7f4-4708-8047-da4c45cb3c47 35f53a2320434f7eb5ffbd68bf0f201c 397a1d66be2d41d6a49ebb4896ae4ae6 - - 79815395ca3a428b9f59b8160cec94f7 79815395ca3a428b9f59b8160cec94f7] 10.0.0.59 "GET /resource_providers/a6407311-1594-43e9-b481-986f20c115ee/aggregates" status: 404 len: 235 microversion: 1.1 [pid: 8|app: 0|req: 442/880] 10.0.0.59 () {32 vars in 815 bytes} [Mon Jun 15 17:03:39 2026] GET /resource_providers/a6407311-1594-43e9-b481-986f20c115ee/aggregates => generated 235 bytes in 9 msecs (HTTP/1.1 404) 5 headers in 202 bytes (1 switches on core 0)
2026-06-15 17:03:39.040 7 INFO placement.requestlog [None req-8ea8905f-b05c-4512-aaa2-fd82a9afad60 35f53a2320434f7eb5ffbd68bf0f201c 397a1d66be2d41d6a49ebb4896ae4ae6 - - 79815395ca3a428b9f59b8160cec94f7 79815395ca3a428b9f59b8160cec94f7] 10.0.0.59 "DELETE /resource_providers/a6407311-1594-43e9-b481-986f20c115ee" status: 404 len: 246 microversion: 1.1
2026-06-15 17:03:39.040 8 INFO placement.requestlog [None req-2cfa7209-1c75-4d2e-bfcd-c3cb52096baa 35f53a2320434f7eb5ffbd68bf0f201c 397a1d66be2d41d6a49ebb4896ae4ae6 - - 79815395ca3a428b9f59b8160cec94f7 79815395ca3a428b9f59b8160cec94f7] 10.0.0.59 "DELETE /resource_providers/a6407311-1594-43e9-b481-986f20c115ee" status: 404 len: 246 microversion: 1.1 [pid: 8|app: 0|req: 443/881] 10.0.0.59 () {34 vars in 815 bytes} [Mon Jun 15 17:03:39 2026] DELETE /resource_providers/a6407311-1594-43e9-b481-986f20c115ee => generated 246 bytes in 6 msecs (HTTP/1.1 404) 6 headers in 231 bytes (1 switches on core 0) [pid: 7|app: 0|req: 439/882] 10.0.0.59 () {34 vars in 815 bytes} [Mon Jun 15 17:03:39 2026] DELETE /resource_providers/a6407311-1594-43e9-b481-986f20c115ee => generated 246 bytes in 9 msecs (HTTP/1.1 404) 6 headers in 231 bytes (1 switches on core 0)
2026-06-15 17:03:41.062 7 INFO placement.requestlog [None req-0e33a1e8-5063-40f0-bc44-ae8971810912 35f53a2320434f7eb5ffbd68bf0f201c 397a1d66be2d41d6a49ebb4896ae4ae6 - - 79815395ca3a428b9f59b8160cec94f7 79815395ca3a428b9f59b8160cec94f7] 10.0.0.59 "GET /resource_providers/9384a131-ec87-457a-b020-8b0ca6d41864/aggregates" status: 404 len: 235 microversion: 1.1 [pid: 7|app: 0|req: 440/883] 10.0.0.59 () {32 vars in 815 bytes} [Mon Jun 15 17:03:41 2026] GET /resource_providers/9384a131-ec87-457a-b020-8b0ca6d41864/aggregates => generated 235 bytes in 9 msecs (HTTP/1.1 404) 5 headers in 202 bytes (1 switches on core 0)
2026-06-15 17:03:41.064 8 INFO placement.requestlog [None req-f8d49948-13bc-4e89-90ce-118278ce932d 35f53a2320434f7eb5ffbd68bf0f201c 397a1d66be2d41d6a49ebb4896ae4ae6 - - 79815395ca3a428b9f59b8160cec94f7 79815395ca3a428b9f59b8160cec94f7] 10.0.0.59 "GET /resource_providers/9384a131-ec87-457a-b020-8b0ca6d41864/aggregates" status: 404 len: 235 microversion: 1.1 [pid: 8|app: 0|req: 444/884] 10.0.0.59 () {32 vars in 815 bytes} [Mon Jun 15 17:03:41 2026] GET /resource_providers/9384a131-ec87-457a-b020-8b0ca6d41864/aggregates => generated 235 bytes in 11 msecs (HTTP/1.1 404) 5 headers in 202 bytes (1 switches on core 0)
2026-06-15 17:03:41.085 7 INFO placement.requestlog [None req-76ab64e3-541b-43f2-9c5b-dee58111826f 35f53a2320434f7eb5ffbd68bf0f201c 397a1d66be2d41d6a49ebb4896ae4ae6 - - 79815395ca3a428b9f59b8160cec94f7 79815395ca3a428b9f59b8160cec94f7] 10.0.0.59 "DELETE /resource_providers/9384a131-ec87-457a-b020-8b0ca6d41864" status: 404 len: 246 microversion: 1.1 [pid: 7|app: 0|req: 441/885] 10.0.0.59 () {34 vars in 815 bytes} [Mon Jun 15 17:03:41 2026] DELETE /resource_providers/9384a131-ec87-457a-b020-8b0ca6d41864 => generated 246 bytes in 13 msecs (HTTP/1.1 404) 6 headers in 231 bytes (1 switches on core 0)
2026-06-15 17:03:41.087 8 INFO placement.requestlog [None req-100054e8-7ed2-495c-a020-7667bea656d3 35f53a2320434f7eb5ffbd68bf0f201c 397a1d66be2d41d6a49ebb4896ae4ae6 - - 79815395ca3a428b9f59b8160cec94f7 79815395ca3a428b9f59b8160cec94f7] 10.0.0.59 "DELETE /resource_providers/9384a131-ec87-457a-b020-8b0ca6d41864" status: 404 len: 246 microversion: 1.1 [pid: 8|app: 0|req: 445/886] 10.0.0.59 () {34 vars in 815 bytes} [Mon Jun 15 17:03:41 2026] DELETE /resource_providers/9384a131-ec87-457a-b020-8b0ca6d41864 => generated 246 bytes in 12 msecs (HTTP/1.1 404) 6 headers in 231 bytes (1 switches on core 0)
2026-06-15 17:03:44.040 8 INFO placement.requestlog [None req-8f9db804-ce3f-442d-ac51-067dfdaa7250 35f53a2320434f7eb5ffbd68bf0f201c 397a1d66be2d41d6a49ebb4896ae4ae6 - - 79815395ca3a428b9f59b8160cec94f7 79815395ca3a428b9f59b8160cec94f7] 10.0.0.59 "GET /resource_providers/189d7e31-aa1f-4597-8c33-135a368cc9b4/aggregates" status: 404 len: 235 microversion: 1.1 [pid: 8|app: 0|req: 446/887] 10.0.0.59 () {32 vars in 815 bytes} [Mon Jun 15 17:03:44 2026] GET /resource_providers/189d7e31-aa1f-4597-8c33-135a368cc9b4/aggregates => generated 235 bytes in 9 msecs (HTTP/1.1 404) 5 headers in 202 bytes (1 switches on core 0)
2026-06-15 17:03:44.043 7 INFO placement.requestlog [None req-aa9f505e-5dd6-4b95-a88d-7ffc6e4879db 35f53a2320434f7eb5ffbd68bf0f201c 397a1d66be2d41d6a49ebb4896ae4ae6 - - 79815395ca3a428b9f59b8160cec94f7 79815395ca3a428b9f59b8160cec94f7] 10.0.0.59 "GET /resource_providers/189d7e31-aa1f-4597-8c33-135a368cc9b4/aggregates" status: 404 len: 235 microversion: 1.1 [pid: 7|app: 0|req: 442/888] 10.0.0.59 () {32 vars in 815 bytes} [Mon Jun 15 17:03:44 2026] GET /resource_providers/189d7e31-aa1f-4597-8c33-135a368cc9b4/aggregates => generated 235 bytes in 14 msecs (HTTP/1.1 404) 5 headers in 202 bytes (1 switches on core 0)
2026-06-15 17:03:44.072 8 INFO placement.requestlog [None req-4e7db9f8-a15e-44b9-9eae-160a76f7624e 35f53a2320434f7eb5ffbd68bf0f201c 397a1d66be2d41d6a49ebb4896ae4ae6 - - 79815395ca3a428b9f59b8160cec94f7 79815395ca3a428b9f59b8160cec94f7] 10.0.0.59 "DELETE /resource_providers/189d7e31-aa1f-4597-8c33-135a368cc9b4" status: 404 len: 246 microversion: 1.1 [pid: 8|app: 0|req: 447/889] 10.0.0.59 () {34 vars in 815 bytes} [Mon Jun 15 17:03:44 2026] DELETE /resource_providers/189d7e31-aa1f-4597-8c33-135a368cc9b4 => generated 246 bytes in 16 msecs (HTTP/1.1 404) 6 headers in 231 bytes (1 switches on core 0)
2026-06-15 17:03:44.076 7 INFO placement.requestlog [None req-35a971c4-cd7a-40b3-b93e-775d514b482b 35f53a2320434f7eb5ffbd68bf0f201c 397a1d66be2d41d6a49ebb4896ae4ae6 - - 79815395ca3a428b9f59b8160cec94f7 79815395ca3a428b9f59b8160cec94f7] 10.0.0.59 "DELETE /resource_providers/189d7e31-aa1f-4597-8c33-135a368cc9b4" status: 404 len: 246 microversion: 1.1 [pid: 7|app: 0|req: 443/890] 10.0.0.59 () {34 vars in 815 bytes} [Mon Jun 15 17:03:44 2026] DELETE /resource_providers/189d7e31-aa1f-4597-8c33-135a368cc9b4 => generated 246 bytes in 14 msecs (HTTP/1.1 404) 6 headers in 231 bytes (1 switches on core 0)
2026-06-15 17:03:45.200 8 INFO placement.requestlog [None req-35fbb716-8823-4137-a209-01b48482ac47 35f53a2320434f7eb5ffbd68bf0f201c 397a1d66be2d41d6a49ebb4896ae4ae6 - - 79815395ca3a428b9f59b8160cec94f7 79815395ca3a428b9f59b8160cec94f7] 10.0.0.59 "GET /resource_providers/19631dbf-894f-402d-9f3c-0bbbf74141f4/aggregates" status: 404 len: 235 microversion: 1.1 [pid: 8|app: 0|req: 448/891] 10.0.0.59 () {32 vars in 815 bytes} [Mon Jun 15 17:03:45 2026] GET /resource_providers/19631dbf-894f-402d-9f3c-0bbbf74141f4/aggregates => generated 235 bytes in 10 msecs (HTTP/1.1 404) 5 headers in 202 bytes (1 switches on core 0)
2026-06-15 17:03:45.202 7 INFO placement.requestlog [None req-5fc65e26-3b5e-4aee-8d69-eb2c3fff0c3d 35f53a2320434f7eb5ffbd68bf0f201c 397a1d66be2d41d6a49ebb4896ae4ae6 - - 79815395ca3a428b9f59b8160cec94f7 79815395ca3a428b9f59b8160cec94f7] 10.0.0.59 "GET /resource_providers/19631dbf-894f-402d-9f3c-0bbbf74141f4/aggregates" status: 404 len: 235 microversion: 1.1 [pid: 7|app: 0|req: 444/892] 10.0.0.59 () {32 vars in 815 bytes} [Mon Jun 15 17:03:45 2026] GET /resource_providers/19631dbf-894f-402d-9f3c-0bbbf74141f4/aggregates => generated 235 bytes in 9 msecs (HTTP/1.1 404) 5 headers in 202 bytes (1 switches on core 0)
2026-06-15 17:03:45.221 8 INFO placement.requestlog [None req-4754312b-f17b-4a2e-b530-90cf6328994d 35f53a2320434f7eb5ffbd68bf0f201c 397a1d66be2d41d6a49ebb4896ae4ae6 - - 79815395ca3a428b9f59b8160cec94f7 79815395ca3a428b9f59b8160cec94f7] 10.0.0.59 "DELETE /resource_providers/19631dbf-894f-402d-9f3c-0bbbf74141f4" status: 404 len: 246 microversion: 1.1 [pid: 8|app: 0|req: 449/893] 10.0.0.59 () {34 vars in 815 bytes} [Mon Jun 15 17:03:45 2026] DELETE /resource_providers/19631dbf-894f-402d-9f3c-0bbbf74141f4 => generated 246 bytes in 10 msecs (HTTP/1.1 404) 6 headers in 231 bytes (1 switches on core 0)
2026-06-15 17:03:45.227 7 INFO placement.requestlog [None req-40dd9ce4-d13a-468c-b054-4613565cac80 35f53a2320434f7eb5ffbd68bf0f201c 397a1d66be2d41d6a49ebb4896ae4ae6 - - 79815395ca3a428b9f59b8160cec94f7 79815395ca3a428b9f59b8160cec94f7] 10.0.0.59 "DELETE /resource_providers/19631dbf-894f-402d-9f3c-0bbbf74141f4" status: 404 len: 246 microversion: 1.1 [pid: 7|app: 0|req: 445/894] 10.0.0.59 () {34 vars in 815 bytes} [Mon Jun 15 17:03:45 2026] DELETE /resource_providers/19631dbf-894f-402d-9f3c-0bbbf74141f4 => generated 246 bytes in 10 msecs (HTTP/1.1 404) 6 headers in 231 bytes (1 switches on core 0)
2026-06-15 17:03:45.696 7 INFO placement.requestlog [None req-62ea1264-6c03-4099-beaf-c741d3ca581a - - - - - -] 10.0.0.76 "GET /" status: 200 len: 136 microversion: 1.0
2026-06-15 17:03:45.697 8 INFO placement.requestlog [None req-21ba82e6-219a-4a30-bbba-ad108e718810 - - - - - -] 10.0.0.76 "GET /" status: 200 len: 136 microversion: 1.0
2026-06-15 17:03:46.091 8 INFO placement.requestlog [None req-b9737b55-735b-4bcd-968d-279945898184 35f53a2320434f7eb5ffbd68bf0f201c 397a1d66be2d41d6a49ebb4896ae4ae6 - - 79815395ca3a428b9f59b8160cec94f7 79815395ca3a428b9f59b8160cec94f7] 10.0.0.59 "GET /resource_providers/2e76c07b-e550-4949-b6d9-92b9316cd1ce/aggregates" status: 404 len: 235 microversion: 1.1 [pid: 8|app: 0|req: 451/897] 10.0.0.59 () {32 vars in 815 bytes} [Mon Jun 15 17:03:46 2026] GET /resource_providers/2e76c07b-e550-4949-b6d9-92b9316cd1ce/aggregates => generated 235 bytes in 6 msecs (HTTP/1.1 404) 5 headers in 202 bytes (1 switches on core 0)
2026-06-15 17:03:46.093 7 INFO placement.requestlog [None req-602f42a8-af0d-43cf-ab3b-7e9a2da6c246 35f53a2320434f7eb5ffbd68bf0f201c 397a1d66be2d41d6a49ebb4896ae4ae6 - - 79815395ca3a428b9f59b8160cec94f7 79815395ca3a428b9f59b8160cec94f7] 10.0.0.59 "GET /resource_providers/2e76c07b-e550-4949-b6d9-92b9316cd1ce/aggregates" status: 404 len: 235 microversion: 1.1 [pid: 7|app: 0|req: 447/898] 10.0.0.59 () {32 vars in 815 bytes} [Mon Jun 15 17:03:46 2026] GET /resource_providers/2e76c07b-e550-4949-b6d9-92b9316cd1ce/aggregates => generated 235 bytes in 10 msecs (HTTP/1.1 404) 5 headers in 202 bytes (1 switches on core 0)
2026-06-15 17:03:46.107 8 INFO placement.requestlog [None req-6c85d1c6-c96c-4f67-9828-d572420b8fb0 35f53a2320434f7eb5ffbd68bf0f201c 397a1d66be2d41d6a49ebb4896ae4ae6 - - 79815395ca3a428b9f59b8160cec94f7 79815395ca3a428b9f59b8160cec94f7] 10.0.0.59 "DELETE /resource_providers/2e76c07b-e550-4949-b6d9-92b9316cd1ce" status: 404 len: 246 microversion: 1.1 [pid: 8|app: 0|req: 452/899] 10.0.0.59 () {34 vars in 815 bytes} [Mon Jun 15 17:03:46 2026] DELETE /resource_providers/2e76c07b-e550-4949-b6d9-92b9316cd1ce => generated 246 bytes in 6 msecs (HTTP/1.1 404) 6 headers in 231 bytes (1 switches on core 0)
2026-06-15 17:03:46.119 7 INFO placement.requestlog [None req-c8a4cc58-c924-4ada-84b0-370b02b7b3b2 35f53a2320434f7eb5ffbd68bf0f201c 397a1d66be2d41d6a49ebb4896ae4ae6 - - 79815395ca3a428b9f59b8160cec94f7 79815395ca3a428b9f59b8160cec94f7] 10.0.0.59 "DELETE /resource_providers/2e76c07b-e550-4949-b6d9-92b9316cd1ce" status: 404 len: 246 microversion: 1.1 [pid: 7|app: 0|req: 448/900] 10.0.0.59 () {34 vars in 815 bytes} [Mon Jun 15 17:03:46 2026] DELETE /resource_providers/2e76c07b-e550-4949-b6d9-92b9316cd1ce => generated 246 bytes in 13 msecs (HTTP/1.1 404) 6 headers in 231 bytes (1 switches on core 0)
2026-06-15 17:03:47.250 7 INFO placement.requestlog [None req-6979f310-04c6-4555-905f-1f0189f4fd4f 35f53a2320434f7eb5ffbd68bf0f201c 397a1d66be2d41d6a49ebb4896ae4ae6 - - 79815395ca3a428b9f59b8160cec94f7 79815395ca3a428b9f59b8160cec94f7] 10.0.0.59 "GET /resource_providers/ef59b3e8-ebc3-4c63-9861-cf2f2751a626/aggregates" status: 404 len: 235 microversion: 1.1 [pid: 7|app: 0|req: 449/901] 10.0.0.59 () {32 vars in 815 bytes} [Mon Jun 15 17:03:47 2026] GET /resource_providers/ef59b3e8-ebc3-4c63-9861-cf2f2751a626/aggregates => generated 235 bytes in 10 msecs (HTTP/1.1 404) 5 headers in 202 bytes (1 switches on core 0)
2026-06-15 17:03:47.261 8 INFO placement.requestlog [None req-b46c70a1-ea98-481c-afdb-f487749887de 35f53a2320434f7eb5ffbd68bf0f201c 397a1d66be2d41d6a49ebb4896ae4ae6 - - 79815395ca3a428b9f59b8160cec94f7 79815395ca3a428b9f59b8160cec94f7] 10.0.0.59 "GET /resource_providers/ef59b3e8-ebc3-4c63-9861-cf2f2751a626/aggregates" status: 404 len: 235 microversion: 1.1 [pid: 8|app: 0|req: 453/902] 10.0.0.59 () {32 vars in 815 bytes} [Mon Jun 15 17:03:47 2026] GET /resource_providers/ef59b3e8-ebc3-4c63-9861-cf2f2751a626/aggregates => generated 235 bytes in 22 msecs (HTTP/1.1 404) 5 headers in 202 bytes (1 switches on core 0)
2026-06-15 17:03:47.267 7 INFO placement.requestlog [None req-9c4be864-fe9e-40cc-9b5e-94f662b7b612 35f53a2320434f7eb5ffbd68bf0f201c 397a1d66be2d41d6a49ebb4896ae4ae6 - - 79815395ca3a428b9f59b8160cec94f7 79815395ca3a428b9f59b8160cec94f7] 10.0.0.59 "DELETE /resource_providers/ef59b3e8-ebc3-4c63-9861-cf2f2751a626" status: 404 len: 246 microversion: 1.1 [pid: 7|app: 0|req: 450/903] 10.0.0.59 () {34 vars in 815 bytes} [Mon Jun 15 17:03:47 2026] DELETE /resource_providers/ef59b3e8-ebc3-4c63-9861-cf2f2751a626 => generated 246 bytes in 8 msecs (HTTP/1.1 404) 6 headers in 231 bytes (1 switches on core 0)
2026-06-15 17:03:47.289 8 INFO placement.requestlog [None req-a6d6869e-e35e-40f5-9ecc-a451dc3429ff 35f53a2320434f7eb5ffbd68bf0f201c 397a1d66be2d41d6a49ebb4896ae4ae6 - - 79815395ca3a428b9f59b8160cec94f7 79815395ca3a428b9f59b8160cec94f7] 10.0.0.59 "DELETE /resource_providers/ef59b3e8-ebc3-4c63-9861-cf2f2751a626" status: 404 len: 246 microversion: 1.1 [pid: 8|app: 0|req: 454/904] 10.0.0.59 () {34 vars in 815 bytes} [Mon Jun 15 17:03:47 2026] DELETE /resource_providers/ef59b3e8-ebc3-4c63-9861-cf2f2751a626 => generated 246 bytes in 10 msecs (HTTP/1.1 404) 6 headers in 231 bytes (1 switches on core 0)
2026-06-15 17:03:48.130 7 INFO placement.requestlog [None req-ae05e509-052e-4ee4-90be-bf1bc0511496 35f53a2320434f7eb5ffbd68bf0f201c 397a1d66be2d41d6a49ebb4896ae4ae6 - - 79815395ca3a428b9f59b8160cec94f7 79815395ca3a428b9f59b8160cec94f7] 10.0.0.59 "GET /resource_providers/274543e1-d4de-40b8-94fd-b6596d71c114/aggregates" status: 404 len: 235 microversion: 1.1 [pid: 7|app: 0|req: 451/905] 10.0.0.59 () {32 vars in 815 bytes} [Mon Jun 15 17:03:48 2026] GET /resource_providers/274543e1-d4de-40b8-94fd-b6596d71c114/aggregates => generated 235 bytes in 10 msecs (HTTP/1.1 404) 5 headers in 202 bytes (1 switches on core 0)
2026-06-15 17:03:48.144 8 INFO placement.requestlog [None req-f5c0522e-df6d-4ea9-a7cf-6af54f4fe6cd 35f53a2320434f7eb5ffbd68bf0f201c 397a1d66be2d41d6a49ebb4896ae4ae6 - - 79815395ca3a428b9f59b8160cec94f7 79815395ca3a428b9f59b8160cec94f7] 10.0.0.59 "GET /resource_providers/274543e1-d4de-40b8-94fd-b6596d71c114/aggregates" status: 404 len: 235 microversion: 1.1 [pid: 8|app: 0|req: 455/906] 10.0.0.59 () {32 vars in 815 bytes} [Mon Jun 15 17:03:48 2026] GET /resource_providers/274543e1-d4de-40b8-94fd-b6596d71c114/aggregates => generated 235 bytes in 11 msecs (HTTP/1.1 404) 5 headers in 202 bytes (1 switches on core 0)
2026-06-15 17:03:48.146 7 INFO placement.requestlog [None req-ff3cf2df-4b9a-44cb-9c4c-91ec158220c0 35f53a2320434f7eb5ffbd68bf0f201c 397a1d66be2d41d6a49ebb4896ae4ae6 - - 79815395ca3a428b9f59b8160cec94f7 79815395ca3a428b9f59b8160cec94f7] 10.0.0.59 "DELETE /resource_providers/274543e1-d4de-40b8-94fd-b6596d71c114" status: 404 len: 246 microversion: 1.1 [pid: 7|app: 0|req: 452/907] 10.0.0.59 () {34 vars in 815 bytes} [Mon Jun 15 17:03:48 2026] DELETE /resource_providers/274543e1-d4de-40b8-94fd-b6596d71c114 => generated 246 bytes in 7 msecs (HTTP/1.1 404) 6 headers in 231 bytes (1 switches on core 0)
2026-06-15 17:03:48.171 8 INFO placement.requestlog [None req-4c4874dd-22b5-43fb-a1cb-e65cb881c01c 35f53a2320434f7eb5ffbd68bf0f201c 397a1d66be2d41d6a49ebb4896ae4ae6 - - 79815395ca3a428b9f59b8160cec94f7 79815395ca3a428b9f59b8160cec94f7] 10.0.0.59 "DELETE /resource_providers/274543e1-d4de-40b8-94fd-b6596d71c114" status: 404 len: 246 microversion: 1.1 [pid: 8|app: 0|req: 456/908] 10.0.0.59 () {34 vars in 815 bytes} [Mon Jun 15 17:03:48 2026] DELETE /resource_providers/274543e1-d4de-40b8-94fd-b6596d71c114 => generated 246 bytes in 10 msecs (HTTP/1.1 404) 6 headers in 231 bytes (1 switches on core 0)
2026-06-15 17:03:51.576 7 INFO placement.requestlog [req-8c1b80d0-36c2-4734-8614-d230768f9239 req-7e58dfdc-dd19-4d02-a310-bb37127c1e5b b6e055f42aad41669712835e587686eb 397a1d66be2d41d6a49ebb4896ae4ae6 - - 79815395ca3a428b9f59b8160cec94f7 79815395ca3a428b9f59b8160cec94f7] 10.0.0.134 "GET /allocation_candidates?limit=1000&resources=DISK_GB%3A1%2CMEMORY_MB%3A512%2CVCPU%3A1&root_required=%21COMPUTE_STATUS_DISABLED" status: 200 len: 2783 microversion: 1.36 [pid: 7|app: 0|req: 453/909] 10.0.0.134 () {34 vars in 1012 bytes} [Mon Jun 15 17:03:51 2026] GET /allocation_candidates?limit=1000&resources=DISK_GB%3A1%2CMEMORY_MB%3A512%2CVCPU%3A1&root_required=%21COMPUTE_STATUS_DISABLED => generated 2783 bytes in 54 msecs (HTTP/1.1 200) 8 headers in 297 bytes (1 switches on core 0)
2026-06-15 17:03:51.605 8 INFO placement.requestlog [req-8c1b80d0-36c2-4734-8614-d230768f9239 req-8cc2a51d-e710-4f17-b8d9-34c5f30a3252 b6e055f42aad41669712835e587686eb 397a1d66be2d41d6a49ebb4896ae4ae6 - - 79815395ca3a428b9f59b8160cec94f7 79815395ca3a428b9f59b8160cec94f7] 10.0.0.134 "GET /allocations/75b037f6-2893-4b4e-b7f9-57d1d4a4612a" status: 200 len: 19 microversion: 1.28 [pid: 8|app: 0|req: 457/910] 10.0.0.134 () {34 vars in 861 bytes} [Mon Jun 15 17:03:51 2026] GET /allocations/75b037f6-2893-4b4e-b7f9-57d1d4a4612a => generated 19 bytes in 9 msecs (HTTP/1.1 200) 8 headers in 295 bytes (1 switches on core 0)
2026-06-15 17:03:51.677 7 INFO placement.requestlog [req-8c1b80d0-36c2-4734-8614-d230768f9239 req-b8ab350e-28ca-468b-b809-8cefdf71685f b6e055f42aad41669712835e587686eb 397a1d66be2d41d6a49ebb4896ae4ae6 - - 79815395ca3a428b9f59b8160cec94f7 79815395ca3a428b9f59b8160cec94f7] 10.0.0.134 "PUT /allocations/75b037f6-2893-4b4e-b7f9-57d1d4a4612a" status: 204 len: 0 microversion: 1.36 [pid: 7|app: 0|req: 454/911] 10.0.0.134 () {38 vars in 914 bytes} [Mon Jun 15 17:03:51 2026] PUT /allocations/75b037f6-2893-4b4e-b7f9-57d1d4a4612a => generated 0 bytes in 65 msecs (HTTP/1.1 204) 5 headers in 199 bytes (1 switches on core 0)
2026-06-15 17:03:52.474 8 INFO placement.requestlog [req-2a001467-b8fd-41ff-b2ec-584df97ccad5 req-f2d7e823-d2a1-43f1-83ea-f51f7d890b6e b6e055f42aad41669712835e587686eb 397a1d66be2d41d6a49ebb4896ae4ae6 - - 79815395ca3a428b9f59b8160cec94f7 79815395ca3a428b9f59b8160cec94f7] 10.0.0.134 "GET /allocation_candidates?limit=1000&resources=DISK_GB%3A1%2CMEMORY_MB%3A512%2CVCPU%3A1&root_required=%21COMPUTE_STATUS_DISABLED" status: 200 len: 2784 microversion: 1.36 [pid: 8|app: 0|req: 458/912] 10.0.0.134 () {34 vars in 1012 bytes} [Mon Jun 15 17:03:52 2026] GET /allocation_candidates?limit=1000&resources=DISK_GB%3A1%2CMEMORY_MB%3A512%2CVCPU%3A1&root_required=%21COMPUTE_STATUS_DISABLED => generated 2784 bytes in 51 msecs (HTTP/1.1 200) 8 headers in 297 bytes (1 switches on core 0)
2026-06-15 17:03:52.505 7 INFO placement.requestlog [req-2a001467-b8fd-41ff-b2ec-584df97ccad5 req-ef0f0b4a-f60e-4387-a9f5-9d8f92a9af4e b6e055f42aad41669712835e587686eb 397a1d66be2d41d6a49ebb4896ae4ae6 - - 79815395ca3a428b9f59b8160cec94f7 79815395ca3a428b9f59b8160cec94f7] 10.0.0.134 "GET /allocations/7427aece-7cf1-43b5-a6f5-1190b7407f3f" status: 200 len: 19 microversion: 1.28 [pid: 7|app: 0|req: 455/913] 10.0.0.134 () {34 vars in 861 bytes} [Mon Jun 15 17:03:52 2026] GET /allocations/7427aece-7cf1-43b5-a6f5-1190b7407f3f => generated 19 bytes in 10 msecs (HTTP/1.1 200) 8 headers in 295 bytes (1 switches on core 0)
2026-06-15 17:03:52.570 8 INFO placement.requestlog [req-2a001467-b8fd-41ff-b2ec-584df97ccad5 req-06b4f140-43ab-406f-b868-fca57276b763 b6e055f42aad41669712835e587686eb 397a1d66be2d41d6a49ebb4896ae4ae6 - - 79815395ca3a428b9f59b8160cec94f7 79815395ca3a428b9f59b8160cec94f7] 10.0.0.134 "PUT /allocations/7427aece-7cf1-43b5-a6f5-1190b7407f3f" status: 204 len: 0 microversion: 1.36 [pid: 8|app: 0|req: 459/914] 10.0.0.134 () {38 vars in 914 bytes} [Mon Jun 15 17:03:52 2026] PUT /allocations/7427aece-7cf1-43b5-a6f5-1190b7407f3f => generated 0 bytes in 60 msecs (HTTP/1.1 204) 5 headers in 199 bytes (1 switches on core 0)
2026-06-15 17:03:53.164 7 INFO placement.requestlog [req-8c1b80d0-36c2-4734-8614-d230768f9239 req-2099de2f-1c61-4044-8c9f-f3be34ec5be5 b6e055f42aad41669712835e587686eb 397a1d66be2d41d6a49ebb4896ae4ae6 - - 79815395ca3a428b9f59b8160cec94f7 79815395ca3a428b9f59b8160cec94f7] 199.204.45.53 "GET /allocations/75b037f6-2893-4b4e-b7f9-57d1d4a4612a" status: 200 len: 258 microversion: 1.28 [pid: 7|app: 0|req: 456/915] 199.204.45.53 () {34 vars in 862 bytes} [Mon Jun 15 17:03:53 2026] GET /allocations/75b037f6-2893-4b4e-b7f9-57d1d4a4612a => generated 258 bytes in 18 msecs (HTTP/1.1 200) 8 headers in 296 bytes (1 switches on core 0)
2026-06-15 17:03:54.066 8 INFO placement.requestlog [req-2a001467-b8fd-41ff-b2ec-584df97ccad5 req-4b3be5df-9c53-490e-bcbd-d44ba47d4319 b6e055f42aad41669712835e587686eb 397a1d66be2d41d6a49ebb4896ae4ae6 - - 79815395ca3a428b9f59b8160cec94f7 79815395ca3a428b9f59b8160cec94f7] 199.204.45.53 "GET /allocations/7427aece-7cf1-43b5-a6f5-1190b7407f3f" status: 200 len: 258 microversion: 1.28 [pid: 8|app: 0|req: 460/916] 199.204.45.53 () {34 vars in 862 bytes} [Mon Jun 15 17:03:54 2026] GET /allocations/7427aece-7cf1-43b5-a6f5-1190b7407f3f => generated 258 bytes in 13 msecs (HTTP/1.1 200) 8 headers in 296 bytes (1 switches on core 0)
2026-06-15 17:03:54.208 7 INFO placement.requestlog [req-8c1b80d0-36c2-4734-8614-d230768f9239 req-7408f473-413f-464e-9cd4-39c6c01889e5 b6e055f42aad41669712835e587686eb 397a1d66be2d41d6a49ebb4896ae4ae6 - - 79815395ca3a428b9f59b8160cec94f7 79815395ca3a428b9f59b8160cec94f7] 199.204.45.53 "GET /resource_providers/24bc1acd-3e00-42ae-886d-d651adfe7bcf/allocations" status: 200 len: 353 microversion: 1.0 [pid: 7|app: 0|req: 457/917] 199.204.45.53 () {32 vars in 856 bytes} [Mon Jun 15 17:03:54 2026] GET /resource_providers/24bc1acd-3e00-42ae-886d-d651adfe7bcf/allocations => generated 353 bytes in 22 msecs (HTTP/1.1 200) 6 headers in 224 bytes (1 switches on core 0)
2026-06-15 17:03:54.233 8 INFO placement.requestlog [req-8c1b80d0-36c2-4734-8614-d230768f9239 req-f8049a8c-7d7e-4eed-9b42-ebc0a1c79c97 b6e055f42aad41669712835e587686eb 397a1d66be2d41d6a49ebb4896ae4ae6 - - 79815395ca3a428b9f59b8160cec94f7 79815395ca3a428b9f59b8160cec94f7] 199.204.45.53 "GET /allocations/75b037f6-2893-4b4e-b7f9-57d1d4a4612a" status: 200 len: 258 microversion: 1.28 [pid: 8|app: 0|req: 461/918] 199.204.45.53 () {34 vars in 862 bytes} [Mon Jun 15 17:03:54 2026] GET /allocations/75b037f6-2893-4b4e-b7f9-57d1d4a4612a => generated 258 bytes in 17 msecs (HTTP/1.1 200) 8 headers in 296 bytes (1 switches on core 0)
2026-06-15 17:03:54.254 7 INFO placement.requestlog [req-8c1b80d0-36c2-4734-8614-d230768f9239 req-bc66ff77-a6d3-4de4-b577-4a0a294ab955 b6e055f42aad41669712835e587686eb 397a1d66be2d41d6a49ebb4896ae4ae6 - - 79815395ca3a428b9f59b8160cec94f7 79815395ca3a428b9f59b8160cec94f7] 199.204.45.53 "GET /allocations/7427aece-7cf1-43b5-a6f5-1190b7407f3f" status: 200 len: 258 microversion: 1.28 [pid: 7|app: 0|req: 458/919] 199.204.45.53 () {34 vars in 862 bytes} [Mon Jun 15 17:03:54 2026] GET /allocations/7427aece-7cf1-43b5-a6f5-1190b7407f3f => generated 258 bytes in 14 msecs (HTTP/1.1 200) 8 headers in 296 bytes (1 switches on core 0)
2026-06-15 17:03:54.271 8 INFO placement.requestlog [req-8c1b80d0-36c2-4734-8614-d230768f9239 req-84b1352d-9349-452a-8c05-abdaab23a724 b6e055f42aad41669712835e587686eb 397a1d66be2d41d6a49ebb4896ae4ae6 - - 79815395ca3a428b9f59b8160cec94f7 79815395ca3a428b9f59b8160cec94f7] 199.204.45.53 "GET /allocations/38f46eca-3f51-4bcd-a030-65a15d085a20" status: 200 len: 258 microversion: 1.28 [pid: 8|app: 0|req: 462/920] 199.204.45.53 () {34 vars in 862 bytes} [Mon Jun 15 17:03:54 2026] GET /allocations/38f46eca-3f51-4bcd-a030-65a15d085a20 => generated 258 bytes in 11 msecs (HTTP/1.1 200) 8 headers in 296 bytes (1 switches on core 0)
2026-06-15 17:03:55.696 8 INFO placement.requestlog [None req-b7ab2033-30d7-45d2-b03a-833c8630a810 - - - - - -] 10.0.0.76 "GET /" status: 200 len: 136 microversion: 1.0
2026-06-15 17:03:55.696 7 INFO placement.requestlog [None req-558f8d2b-0e3b-4178-a3d0-5c8b73ac51cc - - - - - -] 10.0.0.76 "GET /" status: 200 len: 136 microversion: 1.0
2026-06-15 17:03:56.332 8 INFO placement.requestlog [req-2a001467-b8fd-41ff-b2ec-584df97ccad5 req-f629adcd-25c9-4393-adeb-17a5f82bdaea b6e055f42aad41669712835e587686eb 397a1d66be2d41d6a49ebb4896ae4ae6 - - 79815395ca3a428b9f59b8160cec94f7 79815395ca3a428b9f59b8160cec94f7] 199.204.45.53 "GET /resource_providers/24bc1acd-3e00-42ae-886d-d651adfe7bcf/allocations" status: 200 len: 353 microversion: 1.0 [pid: 8|app: 0|req: 464/923] 199.204.45.53 () {32 vars in 856 bytes} [Mon Jun 15 17:03:56 2026] GET /resource_providers/24bc1acd-3e00-42ae-886d-d651adfe7bcf/allocations => generated 353 bytes in 14 msecs (HTTP/1.1 200) 6 headers in 224 bytes (1 switches on core 0)
2026-06-15 17:03:56.353 7 INFO placement.requestlog [req-2a001467-b8fd-41ff-b2ec-584df97ccad5 req-be688488-8960-4fbf-ae0d-9c68e6e3afc6 b6e055f42aad41669712835e587686eb 397a1d66be2d41d6a49ebb4896ae4ae6 - - 79815395ca3a428b9f59b8160cec94f7 79815395ca3a428b9f59b8160cec94f7] 199.204.45.53 "GET /allocations/75b037f6-2893-4b4e-b7f9-57d1d4a4612a" status: 200 len: 258 microversion: 1.28 [pid: 7|app: 0|req: 460/924] 199.204.45.53 () {34 vars in 862 bytes} [Mon Jun 15 17:03:56 2026] GET /allocations/75b037f6-2893-4b4e-b7f9-57d1d4a4612a => generated 258 bytes in 15 msecs (HTTP/1.1 200) 8 headers in 296 bytes (1 switches on core 0)
2026-06-15 17:03:56.374 8 INFO placement.requestlog [req-2a001467-b8fd-41ff-b2ec-584df97ccad5 req-04e03d07-7d03-4602-a796-18f99bc5141a b6e055f42aad41669712835e587686eb 397a1d66be2d41d6a49ebb4896ae4ae6 - - 79815395ca3a428b9f59b8160cec94f7 79815395ca3a428b9f59b8160cec94f7] 199.204.45.53 "GET /allocations/7427aece-7cf1-43b5-a6f5-1190b7407f3f" status: 200 len: 258 microversion: 1.28 [pid: 8|app: 0|req: 465/925] 199.204.45.53 () {34 vars in 862 bytes} [Mon Jun 15 17:03:56 2026] GET /allocations/7427aece-7cf1-43b5-a6f5-1190b7407f3f => generated 258 bytes in 15 msecs (HTTP/1.1 200) 8 headers in 296 bytes (1 switches on core 0)
2026-06-15 17:03:56.391 7 INFO placement.requestlog [req-2a001467-b8fd-41ff-b2ec-584df97ccad5 req-c28b6f0c-06b6-4406-a62e-5aebf174d18a b6e055f42aad41669712835e587686eb 397a1d66be2d41d6a49ebb4896ae4ae6 - - 79815395ca3a428b9f59b8160cec94f7 79815395ca3a428b9f59b8160cec94f7] 199.204.45.53 "GET /allocations/38f46eca-3f51-4bcd-a030-65a15d085a20" status: 200 len: 258 microversion: 1.28 [pid: 7|app: 0|req: 461/926] 199.204.45.53 () {34 vars in 862 bytes} [Mon Jun 15 17:03:56 2026] GET /allocations/38f46eca-3f51-4bcd-a030-65a15d085a20 => generated 258 bytes in 12 msecs (HTTP/1.1 200) 8 headers in 296 bytes (1 switches on core 0)
2026-06-15 17:04:05.696 7 INFO placement.requestlog [None req-a8d25f1b-f8f2-4141-a3ab-b5da3a644fbf - - - - - -] 10.0.0.76 "GET /" status: 200 len: 136 microversion: 1.0
2026-06-15 17:04:05.696 8 INFO placement.requestlog [None req-47fb878a-b237-4331-9200-d5e3ca6bc069 - - - - - -] 10.0.0.76 "GET /" status: 200 len: 136 microversion: 1.0
2026-06-15 17:04:08.261 7 INFO placement.requestlog [req-6790af16-f98f-4f9f-b8a2-ae7dc39ab7e3 req-31cafa38-f598-42ad-a145-5ea5f877f7c8 b6e055f42aad41669712835e587686eb 397a1d66be2d41d6a49ebb4896ae4ae6 - - 79815395ca3a428b9f59b8160cec94f7 79815395ca3a428b9f59b8160cec94f7] 10.0.0.134 "GET /allocation_candidates?limit=1000&resources=DISK_GB%3A1%2CMEMORY_MB%3A512%2CVCPU%3A1&root_required=%21COMPUTE_STATUS_DISABLED" status: 200 len: 2784 microversion: 1.36 [pid: 7|app: 0|req: 463/929] 10.0.0.134 () {34 vars in 1012 bytes} [Mon Jun 15 17:04:08 2026] GET /allocation_candidates?limit=1000&resources=DISK_GB%3A1%2CMEMORY_MB%3A512%2CVCPU%3A1&root_required=%21COMPUTE_STATUS_DISABLED => generated 2784 bytes in 44 msecs (HTTP/1.1 200) 8 headers in 297 bytes (1 switches on core 0)
2026-06-15 17:04:08.290 8 INFO placement.requestlog [req-6790af16-f98f-4f9f-b8a2-ae7dc39ab7e3 req-77bff482-ec1c-42f3-9e08-9377e2d5868a b6e055f42aad41669712835e587686eb 397a1d66be2d41d6a49ebb4896ae4ae6 - - 79815395ca3a428b9f59b8160cec94f7 79815395ca3a428b9f59b8160cec94f7] 10.0.0.134 "GET /allocations/76099e24-5651-4fe4-ad3e-7698d1d851da" status: 200 len: 19 microversion: 1.28 [pid: 8|app: 0|req: 467/930] 10.0.0.134 () {34 vars in 861 bytes} [Mon Jun 15 17:04:08 2026] GET /allocations/76099e24-5651-4fe4-ad3e-7698d1d851da => generated 19 bytes in 9 msecs (HTTP/1.1 200) 8 headers in 295 bytes (1 switches on core 0)
2026-06-15 17:04:08.348 7 INFO placement.requestlog [req-6790af16-f98f-4f9f-b8a2-ae7dc39ab7e3 req-5aa375b3-c811-42f7-a212-3490f2a665c3 b6e055f42aad41669712835e587686eb 397a1d66be2d41d6a49ebb4896ae4ae6 - - 79815395ca3a428b9f59b8160cec94f7 79815395ca3a428b9f59b8160cec94f7] 10.0.0.134 "PUT /allocations/76099e24-5651-4fe4-ad3e-7698d1d851da" status: 204 len: 0 microversion: 1.36 [pid: 7|app: 0|req: 464/931] 10.0.0.134 () {38 vars in 914 bytes} [Mon Jun 15 17:04:08 2026] PUT /allocations/76099e24-5651-4fe4-ad3e-7698d1d851da => generated 0 bytes in 54 msecs (HTTP/1.1 204) 5 headers in 199 bytes (1 switches on core 0)
2026-06-15 17:04:09.910 8 INFO placement.requestlog [req-6790af16-f98f-4f9f-b8a2-ae7dc39ab7e3 req-654b10a3-3b83-4718-86a7-446150c34c97 b6e055f42aad41669712835e587686eb 397a1d66be2d41d6a49ebb4896ae4ae6 - - 79815395ca3a428b9f59b8160cec94f7 79815395ca3a428b9f59b8160cec94f7] 199.204.45.53 "GET /allocations/76099e24-5651-4fe4-ad3e-7698d1d851da" status: 200 len: 258 microversion: 1.28 [pid: 8|app: 0|req: 468/932] 199.204.45.53 () {34 vars in 862 bytes} [Mon Jun 15 17:04:09 2026] GET /allocations/76099e24-5651-4fe4-ad3e-7698d1d851da => generated 258 bytes in 10 msecs (HTTP/1.1 200) 8 headers in 296 bytes (1 switches on core 0)
2026-06-15 17:04:10.950 7 INFO placement.requestlog [req-6790af16-f98f-4f9f-b8a2-ae7dc39ab7e3 req-f4f34e32-71cf-43c7-a8bb-2313c1ec54b6 b6e055f42aad41669712835e587686eb 397a1d66be2d41d6a49ebb4896ae4ae6 - - 79815395ca3a428b9f59b8160cec94f7 79815395ca3a428b9f59b8160cec94f7] 199.204.45.53 "GET /resource_providers/24bc1acd-3e00-42ae-886d-d651adfe7bcf/allocations" status: 200 len: 453 microversion: 1.0 [pid: 7|app: 0|req: 465/933] 199.204.45.53 () {32 vars in 856 bytes} [Mon Jun 15 17:04:10 2026] GET /resource_providers/24bc1acd-3e00-42ae-886d-d651adfe7bcf/allocations => generated 453 bytes in 20 msecs (HTTP/1.1 200) 6 headers in 224 bytes (1 switches on core 0)
2026-06-15 17:04:10.971 8 INFO placement.requestlog [req-6790af16-f98f-4f9f-b8a2-ae7dc39ab7e3 req-2bb3c9d3-7424-4f28-a9ff-8dc636362c5f b6e055f42aad41669712835e587686eb 397a1d66be2d41d6a49ebb4896ae4ae6 - - 79815395ca3a428b9f59b8160cec94f7 79815395ca3a428b9f59b8160cec94f7] 199.204.45.53 "GET /allocations/75b037f6-2893-4b4e-b7f9-57d1d4a4612a" status: 200 len: 258 microversion: 1.28 [pid: 8|app: 0|req: 469/934] 199.204.45.53 () {34 vars in 862 bytes} [Mon Jun 15 17:04:10 2026] GET /allocations/75b037f6-2893-4b4e-b7f9-57d1d4a4612a => generated 258 bytes in 16 msecs (HTTP/1.1 200) 8 headers in 296 bytes (1 switches on core 0)
2026-06-15 17:04:11.004 7 INFO placement.requestlog [req-6790af16-f98f-4f9f-b8a2-ae7dc39ab7e3 req-b9d829ef-9435-4697-a7b9-28171bf30030 b6e055f42aad41669712835e587686eb 397a1d66be2d41d6a49ebb4896ae4ae6 - - 79815395ca3a428b9f59b8160cec94f7 79815395ca3a428b9f59b8160cec94f7] 199.204.45.53 "GET /allocations/7427aece-7cf1-43b5-a6f5-1190b7407f3f" status: 200 len: 258 microversion: 1.28 [pid: 7|app: 0|req: 466/935] 199.204.45.53 () {34 vars in 862 bytes} [Mon Jun 15 17:04:10 2026] GET /allocations/7427aece-7cf1-43b5-a6f5-1190b7407f3f => generated 258 bytes in 28 msecs (HTTP/1.1 200) 8 headers in 296 bytes (1 switches on core 0)
2026-06-15 17:04:11.041 8 INFO placement.requestlog [req-6790af16-f98f-4f9f-b8a2-ae7dc39ab7e3 req-c4b12891-5560-468e-9ba5-3d1b9623f581 b6e055f42aad41669712835e587686eb 397a1d66be2d41d6a49ebb4896ae4ae6 - - 79815395ca3a428b9f59b8160cec94f7 79815395ca3a428b9f59b8160cec94f7] 199.204.45.53 "GET /allocations/38f46eca-3f51-4bcd-a030-65a15d085a20" status: 200 len: 258 microversion: 1.28 [pid: 8|app: 0|req: 470/936] 199.204.45.53 () {34 vars in 862 bytes} [Mon Jun 15 17:04:11 2026] GET /allocations/38f46eca-3f51-4bcd-a030-65a15d085a20 => generated 258 bytes in 32 msecs (HTTP/1.1 200) 8 headers in 296 bytes (1 switches on core 0)
2026-06-15 17:04:11.062 7 INFO placement.requestlog [req-6790af16-f98f-4f9f-b8a2-ae7dc39ab7e3 req-0899820f-5c3d-44b1-88b7-85f4cc2008bc b6e055f42aad41669712835e587686eb 397a1d66be2d41d6a49ebb4896ae4ae6 - - 79815395ca3a428b9f59b8160cec94f7 79815395ca3a428b9f59b8160cec94f7] 199.204.45.53 "GET /allocations/76099e24-5651-4fe4-ad3e-7698d1d851da" status: 200 len: 258 microversion: 1.28 [pid: 7|app: 0|req: 467/937] 199.204.45.53 () {34 vars in 862 bytes} [Mon Jun 15 17:04:11 2026] GET /allocations/76099e24-5651-4fe4-ad3e-7698d1d851da => generated 258 bytes in 14 msecs (HTTP/1.1 200) 8 headers in 296 bytes (1 switches on core 0)
2026-06-15 17:04:14.616 8 INFO placement.requestlog [req-1f5a0c43-8d11-4884-bb60-2c48e9edaba6 req-7bce85f3-a1e7-4d88-aeb7-33af3899e1d7 b6e055f42aad41669712835e587686eb 397a1d66be2d41d6a49ebb4896ae4ae6 - - 79815395ca3a428b9f59b8160cec94f7 79815395ca3a428b9f59b8160cec94f7] 199.204.45.53 "GET /resource_providers/24bc1acd-3e00-42ae-886d-d651adfe7bcf/allocations" status: 200 len: 453 microversion: 1.0 [pid: 8|app: 0|req: 471/938] 199.204.45.53 () {32 vars in 856 bytes} [Mon Jun 15 17:04:14 2026] GET /resource_providers/24bc1acd-3e00-42ae-886d-d651adfe7bcf/allocations => generated 453 bytes in 23 msecs (HTTP/1.1 200) 6 headers in 224 bytes (1 switches on core 0)
2026-06-15 17:04:14.647 7 INFO placement.requestlog [req-1f5a0c43-8d11-4884-bb60-2c48e9edaba6 req-c64fc5fb-5b1d-4d98-bbda-98c5b218c6a2 b6e055f42aad41669712835e587686eb 397a1d66be2d41d6a49ebb4896ae4ae6 - - 79815395ca3a428b9f59b8160cec94f7 79815395ca3a428b9f59b8160cec94f7] 199.204.45.53 "GET /allocations/75b037f6-2893-4b4e-b7f9-57d1d4a4612a" status: 200 len: 258 microversion: 1.28 [pid: 7|app: 0|req: 468/939] 199.204.45.53 () {34 vars in 862 bytes} [Mon Jun 15 17:04:14 2026] GET /allocations/75b037f6-2893-4b4e-b7f9-57d1d4a4612a => generated 258 bytes in 18 msecs (HTTP/1.1 200) 8 headers in 296 bytes (1 switches on core 0)
2026-06-15 17:04:14.667 8 INFO placement.requestlog [req-1f5a0c43-8d11-4884-bb60-2c48e9edaba6 req-af54ee15-613b-4cf2-b1b6-f1bad96103f2 b6e055f42aad41669712835e587686eb 397a1d66be2d41d6a49ebb4896ae4ae6 - - 79815395ca3a428b9f59b8160cec94f7 79815395ca3a428b9f59b8160cec94f7] 199.204.45.53 "GET /allocations/7427aece-7cf1-43b5-a6f5-1190b7407f3f" status: 200 len: 258 microversion: 1.28 [pid: 8|app: 0|req: 472/940] 199.204.45.53 () {34 vars in 862 bytes} [Mon Jun 15 17:04:14 2026] GET /allocations/7427aece-7cf1-43b5-a6f5-1190b7407f3f => generated 258 bytes in 15 msecs (HTTP/1.1 200) 8 headers in 296 bytes (1 switches on core 0)
