Jun 17 15:31:50.137089 np0000181226 devstack@neutron-api.service[107313]: INFO neutron.api.extensions [None req-e1d9c4f9-4e62-45a1-b1d9-c35d0b98849a None None] Loaded extension: dhcp_agent_scheduler
Jun 17 15:31:50.137217 np0000181226 devstack@neutron-api.service[107313]: DEBUG neutron.api.extensions [None req-e1d9c4f9-4e62-45a1-b1d9-c35d0b98849a None None] Loading extension file: dns.py {{(pid=107313) _load_all_extensions_from_path /opt/stack/neutron/neutron/api/extensions.py:449}}
Jun 17 15:31:50.137533 np0000181226 devstack@neutron-api.service[107313]: DEBUG neutron.api.extensions [None req-e1d9c4f9-4e62-45a1-b1d9-c35d0b98849a None None] Ext name="DNS Integration" alias="dns-integration" description="Provides integration with DNS." updated="2015-08-15T18:00:00-00:00" {{(pid=107313) _check_extension /opt/stack/neutron/neutron/api/extensions.py:415}}
Jun 17 15:31:50.137770 np0000181226 devstack@neutron-api.service[107313]: INFO neutron.api.extensions [None req-e1d9c4f9-4e62-45a1-b1d9-c35d0b98849a None None] Loaded extension: dns-integration
Jun 17 15:31:50.137894 np0000181226 devstack@neutron-api.service[107313]: DEBUG neutron.api.extensions [None req-e1d9c4f9-4e62-45a1-b1d9-c35d0b98849a None None] Loading extension file: dns_domain_ports.py {{(pid=107313) _load_all_extensions_from_path /opt/stack/neutron/neutron/api/extensions.py:449}}
Jun 17 15:31:50.138232 np0000181226 devstack@neutron-api.service[107313]: DEBUG neutron.api.extensions [None req-e1d9c4f9-4e62-45a1-b1d9-c35d0b98849a None None] Ext name="dns_domain for ports" alias="dns-domain-ports" description="Allows the DNS domain to be specified for a network port." updated="2017-04-24T10:00:00-00:00" {{(pid=107313) _check_extension /opt/stack/neutron/neutron/api/extensions.py:415}}
Jun 17 15:31:50.138468 np0000181226 devstack@neutron-api.service[107313]: INFO neutron.api.extensions [None req-e1d9c4f9-4e62-45a1-b1d9-c35d0b98849a None None] Loaded extension: dns-domain-ports
Jun 17 15:31:50.138592 np0000181226 devstack@neutron-api.service[107313]: DEBUG neutron.api.extensions [None req-e1d9c4f9-4e62-45a1-b1d9-c35d0b98849a None None] Loading extension file: dns_integration_domain_keywords.py {{(pid=107313) _load_all_extensions_from_path /opt/stack/neutron/neutron/api/extensions.py:449}}
Jun 17 15:31:50.138656 np0000181226 devstack@neutron-api.service[107311]: DEBUG neutron.manager [None req-0b8cf35d-93bc-4b67-8906-de5bc158484f None None] Successfully loaded network-ip-availability plugin. Description: Provides IP availability data for each network and subnet. {{(pid=107311) _create_and_add_service_plugin /opt/stack/neutron/neutron/manager.py:239}}
Jun 17 15:31:50.138836 np0000181226 devstack@neutron-api.service[107311]: INFO neutron.manager [None req-0b8cf35d-93bc-4b67-8906-de5bc158484f None None] Loading Plugin: flavors
Jun 17 15:31:50.138884 np0000181226 devstack@neutron-api.service[107313]: DEBUG neutron.api.extensions [None req-e1d9c4f9-4e62-45a1-b1d9-c35d0b98849a None None] Ext name="DNS domain names with keywords allowed" alias="dns-integration-domain-keywords" description="Allows to use keywords like , , and as DNS domain name" updated="2020-06-15T18:00:00-00:00" {{(pid=107313) _check_extension /opt/stack/neutron/neutron/api/extensions.py:415}}
Jun 17 15:31:50.139161 np0000181226 devstack@neutron-api.service[107313]: INFO neutron.api.extensions [None req-e1d9c4f9-4e62-45a1-b1d9-c35d0b98849a None None] Loaded extension: dns-integration-domain-keywords
Jun 17 15:31:50.139299 np0000181226 devstack@neutron-api.service[107313]: DEBUG neutron.api.extensions [None req-e1d9c4f9-4e62-45a1-b1d9-c35d0b98849a None None] Loading extension file: dvr.py {{(pid=107313) _load_all_extensions_from_path /opt/stack/neutron/neutron/api/extensions.py:449}}
Jun 17 15:31:50.139651 np0000181226 devstack@neutron-api.service[107313]: DEBUG neutron.api.extensions [None req-e1d9c4f9-4e62-45a1-b1d9-c35d0b98849a None None] Ext name="Distributed Virtual Router" alias="dvr" description="Enables configuration of Distributed Virtual Routers." updated="2014-06-1T10:00:00-00:00" {{(pid=107313) _check_extension /opt/stack/neutron/neutron/api/extensions.py:415}}
Jun 17 15:31:50.139883 np0000181226 devstack@neutron-api.service[107313]: INFO neutron.api.extensions [None req-e1d9c4f9-4e62-45a1-b1d9-c35d0b98849a None None] Extension dvr not supported by any of loaded plugins
Jun 17 15:31:50.140008 np0000181226 devstack@neutron-api.service[107313]: DEBUG neutron.api.extensions [None req-e1d9c4f9-4e62-45a1-b1d9-c35d0b98849a None None] Loading extension file: ecmp_routes.py {{(pid=107313) _load_all_extensions_from_path /opt/stack/neutron/neutron/api/extensions.py:449}}
Jun 17 15:31:50.140086 np0000181226 devstack@neutron-api.service[107311]: DEBUG neutron.manager [None req-0b8cf35d-93bc-4b67-8906-de5bc158484f None None] Successfully loaded FLAVORS plugin. Description: Neutron Flavors and Service Profiles manager plugin {{(pid=107311) _create_and_add_service_plugin /opt/stack/neutron/neutron/manager.py:239}}
Jun 17 15:31:50.140157 np0000181226 devstack@neutron-api.service[107311]: INFO neutron.manager [None req-0b8cf35d-93bc-4b67-8906-de5bc158484f None None] Loading Plugin: revisions
Jun 17 15:31:50.140338 np0000181226 devstack@neutron-api.service[107313]: DEBUG neutron.api.extensions [None req-e1d9c4f9-4e62-45a1-b1d9-c35d0b98849a None None] Ext name="Equal Cost Multipath Routing" alias="ecmp_routes" description="Allows traffic to reach thesame destination via multiple different links " updated="2020-11-26T18:00:00-00:00" {{(pid=107313) _check_extension /opt/stack/neutron/neutron/api/extensions.py:415}}
Jun 17 15:31:50.140581 np0000181226 devstack@neutron-api.service[107313]: INFO neutron.api.extensions [None req-e1d9c4f9-4e62-45a1-b1d9-c35d0b98849a None None] Extension ecmp_routes not supported by any of loaded plugins
Jun 17 15:31:50.140698 np0000181226 devstack@neutron-api.service[107313]: DEBUG neutron.api.extensions [None req-e1d9c4f9-4e62-45a1-b1d9-c35d0b98849a None None] Loading extension file: empty_string_filtering.py {{(pid=107313) _load_all_extensions_from_path /opt/stack/neutron/neutron/api/extensions.py:449}}
Jun 17 15:31:50.141011 np0000181226 devstack@neutron-api.service[107313]: DEBUG neutron.api.extensions [None req-e1d9c4f9-4e62-45a1-b1d9-c35d0b98849a None None] Ext name="Empty String Filtering Extension" alias="empty-string-filtering" description="Allow filtering by attributes with empty string value" updated="2018-05-01T10:00:00-00:00" {{(pid=107313) _check_extension /opt/stack/neutron/neutron/api/extensions.py:415}}
Jun 17 15:31:50.141152 np0000181226 devstack@neutron-api.service[107311]: DEBUG neutron.manager [None req-0b8cf35d-93bc-4b67-8906-de5bc158484f None None] Successfully loaded revision_plugin plugin. Description: Adds revision numbers to resources. {{(pid=107311) _create_and_add_service_plugin /opt/stack/neutron/neutron/manager.py:239}}
Jun 17 15:31:50.141266 np0000181226 devstack@neutron-api.service[107313]: INFO neutron.api.extensions [None req-e1d9c4f9-4e62-45a1-b1d9-c35d0b98849a None None] Loaded extension: empty-string-filtering
Jun 17 15:31:50.141342 np0000181226 devstack@neutron-api.service[107311]: DEBUG oslo_concurrency.lockutils [None req-0b8cf35d-93bc-4b67-8906-de5bc158484f None None] Lock "manager" "released" by "neutron.manager.NeutronManager._create_instance" :: held 4.542s {{(pid=107311) inner /opt/stack/data/venv/lib/python3.12/site-packages/oslo_concurrency/lockutils.py:543}}
Jun 17 15:31:50.141390 np0000181226 devstack@neutron-api.service[107313]: DEBUG neutron.api.extensions [None req-e1d9c4f9-4e62-45a1-b1d9-c35d0b98849a None None] Loading extension file: evpn.py {{(pid=107313) _load_all_extensions_from_path /opt/stack/neutron/neutron/api/extensions.py:449}}
Jun 17 15:31:50.141752 np0000181226 devstack@neutron-api.service[107311]: DEBUG neutron.api.extensions [None req-0b8cf35d-93bc-4b67-8906-de5bc158484f None None] get_extension_paths = OrderedDict({'/opt/stack/neutron/neutron/extensions': 1}) {{(pid=107311) get_extensions_path /opt/stack/neutron/neutron/api/extensions.py:640}}
Jun 17 15:31:50.141752 np0000181226 devstack@neutron-api.service[107311]: INFO neutron.api.extensions [None req-0b8cf35d-93bc-4b67-8906-de5bc158484f None None] Initializing extension manager.
Jun 17 15:31:50.141846 np0000181226 devstack@neutron-api.service[107313]: DEBUG neutron.api.extensions [None req-e1d9c4f9-4e62-45a1-b1d9-c35d0b98849a None None] Ext name="EVPN" alias="evpn" description="Router extension to support EVPN Type-5 route advertisement" updated="2026-04-28T00:00:00-00:00" {{(pid=107313) _check_extension /opt/stack/neutron/neutron/api/extensions.py:415}}
Jun 17 15:31:50.141887 np0000181226 devstack@neutron-api.service[107311]: DEBUG neutron.api.extensions [None req-0b8cf35d-93bc-4b67-8906-de5bc158484f None None] Loading extension file: __init__.py {{(pid=107311) _load_all_extensions_from_path /opt/stack/neutron/neutron/api/extensions.py:449}}
Jun 17 15:31:50.141928 np0000181226 devstack@neutron-api.service[107313]: INFO neutron.api.extensions [None req-e1d9c4f9-4e62-45a1-b1d9-c35d0b98849a None None] Extension evpn not supported by any of loaded plugins
Jun 17 15:31:50.141962 np0000181226 devstack@neutron-api.service[107311]: DEBUG neutron.api.extensions [None req-0b8cf35d-93bc-4b67-8906-de5bc158484f None None] Loading extension file: __pycache__ {{(pid=107311) _load_all_extensions_from_path /opt/stack/neutron/neutron/api/extensions.py:449}}
Jun 17 15:31:50.142065 np0000181226 devstack@neutron-api.service[107313]: DEBUG neutron.api.extensions [None req-e1d9c4f9-4e62-45a1-b1d9-c35d0b98849a None None] Loading extension file: expose_l3_conntrack_helper.py {{(pid=107313) _load_all_extensions_from_path /opt/stack/neutron/neutron/api/extensions.py:449}}
Jun 17 15:31:50.142126 np0000181226 devstack@neutron-api.service[107311]: DEBUG neutron.api.extensions [None req-0b8cf35d-93bc-4b67-8906-de5bc158484f None None] Loading extension file: aap_reject_multicast.py {{(pid=107311) _load_all_extensions_from_path /opt/stack/neutron/neutron/api/extensions.py:449}}
Jun 17 15:31:50.142295 np0000181226 devstack@neutron-api.service[107310]: INFO neutron.plugins.ml2.drivers.type_vlan [None req-5ec4ab41-43b9-4764-a440-234e6a038ec3 None None] VlanTypeDriver initialization complete
Jun 17 15:31:50.142556 np0000181226 devstack@neutron-api.service[107311]: DEBUG neutron.api.extensions [None req-0b8cf35d-93bc-4b67-8906-de5bc158484f None None] Ext name="Allowed address pairs reject multicast extension" alias="aap-reject-multicast" description="Reject multicast addresses in Allowed Address Pairs" updated="2026-04-01T00:00:00-00:00" {{(pid=107311) _check_extension /opt/stack/neutron/neutron/api/extensions.py:415}}
Jun 17 15:31:50.142599 np0000181226 devstack@neutron-api.service[107313]: DEBUG neutron.api.extensions [None req-e1d9c4f9-4e62-45a1-b1d9-c35d0b98849a None None] Ext name="Expose CT target rules for conntrack helper" alias="expose-l3-conntrack-helper" description="Expose allow adding CT target rules for conntrack helper" updated="2019-04-04T10:00:00-00:00" {{(pid=107313) _check_extension /opt/stack/neutron/neutron/api/extensions.py:415}}
Jun 17 15:31:50.142644 np0000181226 devstack@neutron-api.service[107310]: INFO neutron.plugins.ml2.managers [None req-5ec4ab41-43b9-4764-a440-234e6a038ec3 None None] Initializing extension driver 'port_security'
Jun 17 15:31:50.142644 np0000181226 devstack@neutron-api.service[107310]: INFO neutron.plugins.ml2.extensions.port_security [None req-5ec4ab41-43b9-4764-a440-234e6a038ec3 None None] PortSecurityExtensionDriver initialization complete
Jun 17 15:31:50.142711 np0000181226 devstack@neutron-api.service[107311]: INFO neutron.api.extensions [None req-0b8cf35d-93bc-4b67-8906-de5bc158484f None None] Extension aap-reject-multicast not supported by any of loaded plugins
Jun 17 15:31:50.142745 np0000181226 devstack@neutron-api.service[107310]: INFO neutron.plugins.ml2.managers [None req-5ec4ab41-43b9-4764-a440-234e6a038ec3 None None] Initializing extension driver 'qos'
Jun 17 15:31:50.142800 np0000181226 devstack@neutron-api.service[107313]: INFO neutron.api.extensions [None req-e1d9c4f9-4e62-45a1-b1d9-c35d0b98849a None None] Extension expose-l3-conntrack-helper not supported by any of loaded plugins
Jun 17 15:31:50.142837 np0000181226 devstack@neutron-api.service[107311]: DEBUG neutron.api.extensions [None req-0b8cf35d-93bc-4b67-8906-de5bc158484f None None] Loading extension file: address_group.py {{(pid=107311) _load_all_extensions_from_path /opt/stack/neutron/neutron/api/extensions.py:449}}
Jun 17 15:31:50.142877 np0000181226 devstack@neutron-api.service[107310]: DEBUG neutron.plugins.ml2.extensions.qos [None req-5ec4ab41-43b9-4764-a440-234e6a038ec3 None None] QosExtensionDriver initialization complete {{(pid=107310) initialize /opt/stack/neutron/neutron/plugins/ml2/extensions/qos.py:31}}
Jun 17 15:31:50.142913 np0000181226 devstack@neutron-api.service[107313]: DEBUG neutron.api.extensions [None req-e1d9c4f9-4e62-45a1-b1d9-c35d0b98849a None None] Loading extension file: expose_port_forwarding_in_fip.py {{(pid=107313) _load_all_extensions_from_path /opt/stack/neutron/neutron/api/extensions.py:449}}
Jun 17 15:31:50.142953 np0000181226 devstack@neutron-api.service[107310]: INFO neutron.plugins.ml2.managers [None req-5ec4ab41-43b9-4764-a440-234e6a038ec3 None None] Initializing mechanism driver 'ovn'
Jun 17 15:31:50.142953 np0000181226 devstack@neutron-api.service[107310]: INFO neutron.plugins.ml2.drivers.ovn.mech_driver.mech_driver [None req-5ec4ab41-43b9-4764-a440-234e6a038ec3 None None] Starting OVNMechanismDriver
Jun 17 15:31:50.143015 np0000181226 devstack@neutron-api.service[107311]: DEBUG neutron.api.extensions [None req-0b8cf35d-93bc-4b67-8906-de5bc158484f None None] Ext name="Address group" alias="address-group" description="Support address group" updated="2020-07-15T10:00:00-00:00" {{(pid=107311) _check_extension /opt/stack/neutron/neutron/api/extensions.py:415}}
Jun 17 15:31:50.143081 np0000181226 devstack@neutron-api.service[107313]: DEBUG neutron.api.extensions [None req-e1d9c4f9-4e62-45a1-b1d9-c35d0b98849a None None] Ext name="Expose Floating IP port forwardings" alias="expose-port-forwarding-in-fip" description="Expose port forwarding fields in floating IP response" updated="2018-06-28T16:00:00-00:00" {{(pid=107313) _check_extension /opt/stack/neutron/neutron/api/extensions.py:415}}
Jun 17 15:31:50.143168 np0000181226 devstack@neutron-api.service[107311]: INFO neutron.api.extensions [None req-0b8cf35d-93bc-4b67-8906-de5bc158484f None None] Loaded extension: address-group
Jun 17 15:31:50.143280 np0000181226 devstack@neutron-api.service[107311]: DEBUG neutron.api.extensions [None req-0b8cf35d-93bc-4b67-8906-de5bc158484f None None] Loading extension file: address_scope.py {{(pid=107311) _load_all_extensions_from_path /opt/stack/neutron/neutron/api/extensions.py:449}}
Jun 17 15:31:50.143332 np0000181226 devstack@neutron-api.service[107313]: INFO neutron.api.extensions [None req-e1d9c4f9-4e62-45a1-b1d9-c35d0b98849a None None] Extension expose-port-forwarding-in-fip not supported by any of loaded plugins
Jun 17 15:31:50.143431 np0000181226 devstack@neutron-api.service[107313]: DEBUG neutron.api.extensions [None req-e1d9c4f9-4e62-45a1-b1d9-c35d0b98849a None None] Loading extension file: external_net.py {{(pid=107313) _load_all_extensions_from_path /opt/stack/neutron/neutron/api/extensions.py:449}}
Jun 17 15:31:50.143562 np0000181226 devstack@neutron-api.service[107311]: DEBUG neutron.api.extensions [None req-0b8cf35d-93bc-4b67-8906-de5bc158484f None None] Ext name="Address scope" alias="address-scope" description="Address scopes extension." updated="2015-07-26T10:00:00-00:00" {{(pid=107311) _check_extension /opt/stack/neutron/neutron/api/extensions.py:415}}
Jun 17 15:31:50.143681 np0000181226 devstack@neutron-api.service[107313]: DEBUG neutron.api.extensions [None req-e1d9c4f9-4e62-45a1-b1d9-c35d0b98849a None None] Ext name="Neutron external network" alias="external-net" description="Adds external network attribute to network resource." updated="2013-01-14T10:00:00-00:00" {{(pid=107313) _check_extension /opt/stack/neutron/neutron/api/extensions.py:415}}
Jun 17 15:31:50.143723 np0000181226 devstack@neutron-api.service[107311]: INFO neutron.api.extensions [None req-0b8cf35d-93bc-4b67-8906-de5bc158484f None None] Loaded extension: address-scope
Jun 17 15:31:50.143819 np0000181226 devstack@neutron-api.service[107311]: DEBUG neutron.api.extensions [None req-0b8cf35d-93bc-4b67-8906-de5bc158484f None None] Loading extension file: admin_state_down_before_update.py {{(pid=107311) _load_all_extensions_from_path /opt/stack/neutron/neutron/api/extensions.py:449}}
Jun 17 15:31:50.143874 np0000181226 devstack@neutron-api.service[107313]: INFO neutron.api.extensions [None req-e1d9c4f9-4e62-45a1-b1d9-c35d0b98849a None None] Loaded extension: external-net
Jun 17 15:31:50.143932 np0000181226 devstack@neutron-api.service[107313]: DEBUG neutron.api.extensions [None req-e1d9c4f9-4e62-45a1-b1d9-c35d0b98849a None None] Loading extension file: extra_dhcp_opt.py {{(pid=107313) _load_all_extensions_from_path /opt/stack/neutron/neutron/api/extensions.py:449}}
Jun 17 15:31:50.144067 np0000181226 devstack@neutron-api.service[107311]: DEBUG neutron.api.extensions [None req-0b8cf35d-93bc-4b67-8906-de5bc158484f None None] Ext name="Enforce Router's Admin State Down Before Update Extension" alias="router-admin-state-down-before-update" description="Ensure that the admin state of a router is DOWN (admin_state_up=False) before updating the distributed attribute" updated="2019-07-02T15:56:00" {{(pid=107311) _check_extension /opt/stack/neutron/neutron/api/extensions.py:415}}
Jun 17 15:31:50.144172 np0000181226 devstack@neutron-api.service[107313]: DEBUG neutron.api.extensions [None req-e1d9c4f9-4e62-45a1-b1d9-c35d0b98849a None None] Ext name="Neutron Extra DHCP options" alias="extra_dhcp_opt" description="Extra options configuration for DHCP. For example PXE boot options to DHCP clients can be specified (e.g. tftp-server, server-ip-address, bootfile-name)" updated="2013-03-17T12:00:00-00:00" {{(pid=107313) _check_extension /opt/stack/neutron/neutron/api/extensions.py:415}}
Jun 17 15:31:50.144233 np0000181226 devstack@neutron-api.service[107311]: INFO neutron.api.extensions [None req-0b8cf35d-93bc-4b67-8906-de5bc158484f None None] Extension router-admin-state-down-before-update not supported by any of loaded plugins
Jun 17 15:31:50.144323 np0000181226 devstack@neutron-api.service[107311]: DEBUG neutron.api.extensions [None req-0b8cf35d-93bc-4b67-8906-de5bc158484f None None] Loading extension file: agent.py {{(pid=107311) _load_all_extensions_from_path /opt/stack/neutron/neutron/api/extensions.py:449}}
Jun 17 15:31:50.144365 np0000181226 devstack@neutron-api.service[107313]: INFO neutron.api.extensions [None req-e1d9c4f9-4e62-45a1-b1d9-c35d0b98849a None None] Loaded extension: extra_dhcp_opt
Jun 17 15:31:50.144424 np0000181226 devstack@neutron-api.service[107313]: DEBUG neutron.api.extensions [None req-e1d9c4f9-4e62-45a1-b1d9-c35d0b98849a None None] Loading extension file: extraroute.py {{(pid=107313) _load_all_extensions_from_path /opt/stack/neutron/neutron/api/extensions.py:449}}
Jun 17 15:31:50.144478 np0000181226 devstack@neutron-api.service[107310]: DEBUG neutron_lib.callbacks.manager [None req-5ec4ab41-43b9-4764-a440-234e6a038ec3 None None] Subscribe: > process before_spawn 55550000, False {{(pid=107310) subscribe /opt/stack/data/venv/lib/python3.12/site-packages/neutron_lib/callbacks/manager.py:52}}
Jun 17 15:31:50.144566 np0000181226 devstack@neutron-api.service[107310]: DEBUG neutron_lib.callbacks.manager [None req-5ec4ab41-43b9-4764-a440-234e6a038ec3 None None] Subscribe: > process after_init 55550000, True {{(pid=107310) subscribe /opt/stack/data/venv/lib/python3.12/site-packages/neutron_lib/callbacks/manager.py:52}}
Jun 17 15:31:50.144609 np0000181226 devstack@neutron-api.service[107311]: DEBUG neutron.api.extensions [None req-0b8cf35d-93bc-4b67-8906-de5bc158484f None None] Ext name="agent" alias="agent" description="The agent management extension." updated="2013-02-03T10:00:00-00:00" {{(pid=107311) _check_extension /opt/stack/neutron/neutron/api/extensions.py:415}}
Jun 17 15:31:50.144648 np0000181226 devstack@neutron-api.service[107313]: DEBUG neutron.api.extensions [None req-e1d9c4f9-4e62-45a1-b1d9-c35d0b98849a None None] Ext name="Neutron Extra Route" alias="extraroute" description="Extra routes configuration for L3 router" updated="2013-02-01T10:00:00-00:00" {{(pid=107313) _check_extension /opt/stack/neutron/neutron/api/extensions.py:415}}
Jun 17 15:31:50.144696 np0000181226 devstack@neutron-api.service[107310]: DEBUG neutron_lib.callbacks.manager [None req-5ec4ab41-43b9-4764-a440-234e6a038ec3 None None] Subscribe: > segment after_create 55550000, False {{(pid=107310) subscribe /opt/stack/data/venv/lib/python3.12/site-packages/neutron_lib/callbacks/manager.py:52}}
Jun 17 15:31:50.144778 np0000181226 devstack@neutron-api.service[107311]: INFO neutron.api.extensions [None req-0b8cf35d-93bc-4b67-8906-de5bc158484f None None] Loaded extension: agent
Jun 17 15:31:50.144819 np0000181226 devstack@neutron-api.service[107310]: DEBUG neutron_lib.callbacks.manager [None req-5ec4ab41-43b9-4764-a440-234e6a038ec3 None None] Subscribe: > segment after_create 55550000, False {{(pid=107310) subscribe /opt/stack/data/venv/lib/python3.12/site-packages/neutron_lib/callbacks/manager.py:52}}
Jun 17 15:31:50.144867 np0000181226 devstack@neutron-api.service[107313]: INFO neutron.api.extensions [None req-e1d9c4f9-4e62-45a1-b1d9-c35d0b98849a None None] Loaded extension: extraroute
Jun 17 15:31:50.144907 np0000181226 devstack@neutron-api.service[107311]: DEBUG neutron.api.extensions [None req-0b8cf35d-93bc-4b67-8906-de5bc158484f None None] Loading extension file: agent_resources_synced.py {{(pid=107311) _load_all_extensions_from_path /opt/stack/neutron/neutron/api/extensions.py:449}}
Jun 17 15:31:50.144946 np0000181226 devstack@neutron-api.service[107310]: DEBUG neutron_lib.callbacks.manager [None req-5ec4ab41-43b9-4764-a440-234e6a038ec3 None None] Subscribe: > segment after_delete 55550000, False {{(pid=107310) subscribe /opt/stack/data/venv/lib/python3.12/site-packages/neutron_lib/callbacks/manager.py:52}}
Jun 17 15:31:50.144986 np0000181226 devstack@neutron-api.service[107313]: DEBUG neutron.api.extensions [None req-e1d9c4f9-4e62-45a1-b1d9-c35d0b98849a None None] Loading extension file: extraroute_atomic.py {{(pid=107313) _load_all_extensions_from_path /opt/stack/neutron/neutron/api/extensions.py:449}}
Jun 17 15:31:50.145025 np0000181226 devstack@neutron-api.service[107310]: DEBUG neutron_lib.callbacks.manager [None req-5ec4ab41-43b9-4764-a440-234e6a038ec3 None None] Subscribe: > allowed_address_pair before_create 55550000, False {{(pid=107310) subscribe /opt/stack/data/venv/lib/python3.12/site-packages/neutron_lib/callbacks/manager.py:52}}
Jun 17 15:31:50.145109 np0000181226 devstack@neutron-api.service[107311]: DEBUG neutron.api.extensions [None req-0b8cf35d-93bc-4b67-8906-de5bc158484f None None] Ext name="Agent's Resource View Synced to Placement" alias="agent-resources-synced" description="Stores success/failure of last sync to Placement" updated="2018-12-19T00:00:00-00:00" {{(pid=107311) _check_extension /opt/stack/neutron/neutron/api/extensions.py:415}}
Jun 17 15:31:50.145168 np0000181226 devstack@neutron-api.service[107313]: DEBUG neutron.api.extensions [None req-e1d9c4f9-4e62-45a1-b1d9-c35d0b98849a None None] Ext name="Atomically add/remove extra routes" alias="extraroute-atomic" description="Edit extra routes of a router on server side by atomically adding/removing extra routes" updated="2019-07-10T00:00:00+00:00" {{(pid=107313) _check_extension /opt/stack/neutron/neutron/api/extensions.py:415}}
Jun 17 15:31:50.145358 np0000181226 devstack@neutron-api.service[107311]: INFO neutron.api.extensions [None req-0b8cf35d-93bc-4b67-8906-de5bc158484f None None] Extension agent-resources-synced not supported by any of loaded plugins
Jun 17 15:31:50.145427 np0000181226 devstack@neutron-api.service[107313]: INFO neutron.api.extensions [None req-e1d9c4f9-4e62-45a1-b1d9-c35d0b98849a None None] Loaded extension: extraroute-atomic
Jun 17 15:31:50.145475 np0000181226 devstack@neutron-api.service[107311]: DEBUG neutron.api.extensions [None req-0b8cf35d-93bc-4b67-8906-de5bc158484f None None] Loading extension file: agent_sort_key.py {{(pid=107311) _load_all_extensions_from_path /opt/stack/neutron/neutron/api/extensions.py:449}}
Jun 17 15:31:50.145516 np0000181226 devstack@neutron-api.service[107313]: DEBUG neutron.api.extensions [None req-e1d9c4f9-4e62-45a1-b1d9-c35d0b98849a None None] Loading extension file: filter_validation.py {{(pid=107313) _load_all_extensions_from_path /opt/stack/neutron/neutron/api/extensions.py:449}}
Jun 17 15:31:50.145593 np0000181226 devstack@neutron-api.service[107311]: DEBUG neutron.api.extensions [None req-0b8cf35d-93bc-4b67-8906-de5bc158484f None None] Ext name="Agents Sort Key" alias="agent_sort_key" description="Enabling the keyword sort_key for sorting in agents." updated="2013-02-03T10:00:00-00:00" {{(pid=107311) _check_extension /opt/stack/neutron/neutron/api/extensions.py:415}}
Jun 17 15:31:50.145648 np0000181226 devstack@neutron-api.service[107313]: DEBUG neutron.api.extensions [None req-e1d9c4f9-4e62-45a1-b1d9-c35d0b98849a None None] Ext name="Filter parameters validation" alias="filter-validation" description="Provides validation on filter parameters." updated="2018-07-04T10:00:00-00:00" {{(pid=107313) _check_extension /opt/stack/neutron/neutron/api/extensions.py:415}}
Jun 17 15:31:50.145690 np0000181226 devstack@neutron-api.service[107310]: DEBUG neutron_lib.callbacks.manager [None req-5ec4ab41-43b9-4764-a440-234e6a038ec3 None None] Subscribe: > security_group precommit_create 55550000, False {{(pid=107310) subscribe /opt/stack/data/venv/lib/python3.12/site-packages/neutron_lib/callbacks/manager.py:52}}
Jun 17 15:31:50.145757 np0000181226 devstack@neutron-api.service[107311]: INFO neutron.api.extensions [None req-0b8cf35d-93bc-4b67-8906-de5bc158484f None None] Extension agent_sort_key not supported by any of loaded plugins
Jun 17 15:31:50.145808 np0000181226 devstack@neutron-api.service[107310]: DEBUG neutron_lib.callbacks.manager [None req-5ec4ab41-43b9-4764-a440-234e6a038ec3 None None] Subscribe: > security_group after_update 55550000, False {{(pid=107310) subscribe /opt/stack/data/venv/lib/python3.12/site-packages/neutron_lib/callbacks/manager.py:52}}
Jun 17 15:31:50.145850 np0000181226 devstack@neutron-api.service[107313]: INFO neutron.api.extensions [None req-e1d9c4f9-4e62-45a1-b1d9-c35d0b98849a None None] Loaded extension: filter-validation
Jun 17 15:31:50.145883 np0000181226 devstack@neutron-api.service[107311]: DEBUG neutron.api.extensions [None req-0b8cf35d-93bc-4b67-8906-de5bc158484f None None] Loading extension file: allowedaddresspairs.py {{(pid=107311) _load_all_extensions_from_path /opt/stack/neutron/neutron/api/extensions.py:449}}
Jun 17 15:31:50.145926 np0000181226 devstack@neutron-api.service[107313]: DEBUG neutron.api.extensions [None req-e1d9c4f9-4e62-45a1-b1d9-c35d0b98849a None None] Loading extension file: fip_pf_description.py {{(pid=107313) _load_all_extensions_from_path /opt/stack/neutron/neutron/api/extensions.py:449}}
Jun 17 15:31:50.145961 np0000181226 devstack@neutron-api.service[107310]: DEBUG neutron_lib.callbacks.manager [None req-5ec4ab41-43b9-4764-a440-234e6a038ec3 None None] Subscribe: > security_group after_create 55550000, False {{(pid=107310) subscribe /opt/stack/data/venv/lib/python3.12/site-packages/neutron_lib/callbacks/manager.py:52}}
Jun 17 15:31:50.146138 np0000181226 devstack@neutron-api.service[107310]: DEBUG neutron_lib.callbacks.manager [None req-5ec4ab41-43b9-4764-a440-234e6a038ec3 None None] Subscribe: > security_group precommit_delete 55550000, False {{(pid=107310) subscribe /opt/stack/data/venv/lib/python3.12/site-packages/neutron_lib/callbacks/manager.py:52}}
Jun 17 15:31:50.146196 np0000181226 devstack@neutron-api.service[107313]: DEBUG neutron.api.extensions [None req-e1d9c4f9-4e62-45a1-b1d9-c35d0b98849a None None] Ext name="Floating IP Port Forwarding new attribute description" alias="floating-ip-port-forwarding-description" description="Add a description field to Port Forwarding rules" updated="2019-11-01T10:00:00-00:00" {{(pid=107313) _check_extension /opt/stack/neutron/neutron/api/extensions.py:415}}
Jun 17 15:31:50.146247 np0000181226 devstack@neutron-api.service[107310]: DEBUG neutron_lib.callbacks.manager [None req-5ec4ab41-43b9-4764-a440-234e6a038ec3 None None] Subscribe: > security_group after_delete 55550000, False {{(pid=107310) subscribe /opt/stack/data/venv/lib/python3.12/site-packages/neutron_lib/callbacks/manager.py:52}}
Jun 17 15:31:50.146284 np0000181226 devstack@neutron-api.service[107313]: INFO neutron.api.extensions [None req-e1d9c4f9-4e62-45a1-b1d9-c35d0b98849a None None] Extension floating-ip-port-forwarding-description not supported by any of loaded plugins
Jun 17 15:31:50.146356 np0000181226 devstack@neutron-api.service[107313]: DEBUG neutron.api.extensions [None req-e1d9c4f9-4e62-45a1-b1d9-c35d0b98849a None None] Loading extension file: fip_pf_detail.py {{(pid=107313) _load_all_extensions_from_path /opt/stack/neutron/neutron/api/extensions.py:449}}
Jun 17 15:31:50.146405 np0000181226 devstack@neutron-api.service[107310]: DEBUG neutron_lib.callbacks.manager [None req-5ec4ab41-43b9-4764-a440-234e6a038ec3 None None] Subscribe: > security_group_rule precommit_create 55550000, False {{(pid=107310) subscribe /opt/stack/data/venv/lib/python3.12/site-packages/neutron_lib/callbacks/manager.py:52}}
Jun 17 15:31:50.146466 np0000181226 devstack@neutron-api.service[107310]: DEBUG neutron_lib.callbacks.manager [None req-5ec4ab41-43b9-4764-a440-234e6a038ec3 None None] Subscribe: > security_group_rule after_create 55550000, False {{(pid=107310) subscribe /opt/stack/data/venv/lib/python3.12/site-packages/neutron_lib/callbacks/manager.py:52}}
Jun 17 15:31:50.146508 np0000181226 devstack@neutron-api.service[107311]: DEBUG neutron.api.extensions [None req-0b8cf35d-93bc-4b67-8906-de5bc158484f None None] Ext name="Allowed Address Pairs" alias="allowed-address-pairs" description="Provides allowed address pairs" updated="2013-07-23T10:00:00-00:00" {{(pid=107311) _check_extension /opt/stack/neutron/neutron/api/extensions.py:415}}
Jun 17 15:31:50.146570 np0000181226 devstack@neutron-api.service[107310]: DEBUG neutron_lib.callbacks.manager [None req-5ec4ab41-43b9-4764-a440-234e6a038ec3 None None] Subscribe: > security_group_rule before_delete 55550000, False {{(pid=107310) subscribe /opt/stack/data/venv/lib/python3.12/site-packages/neutron_lib/callbacks/manager.py:52}}
Jun 17 15:31:50.146622 np0000181226 devstack@neutron-api.service[107313]: DEBUG neutron.api.extensions [None req-e1d9c4f9-4e62-45a1-b1d9-c35d0b98849a None None] Ext name="Floating IP port forwarding detail" alias="floating-ip-port-forwarding-detail" description="Allow list floating ip return more port forwarding data, include'id' and 'internal_port_id'" updated="2022-05-06T10:00:00-00:00" {{(pid=107313) _check_extension /opt/stack/neutron/neutron/api/extensions.py:415}}
Jun 17 15:31:50.146664 np0000181226 devstack@neutron-api.service[107310]: DEBUG neutron_lib.callbacks.manager [None req-5ec4ab41-43b9-4764-a440-234e6a038ec3 None None] Subscribe: > address_group after_create 55550000, False {{(pid=107310) subscribe /opt/stack/data/venv/lib/python3.12/site-packages/neutron_lib/callbacks/manager.py:52}}
Jun 17 15:31:50.146705 np0000181226 devstack@neutron-api.service[107311]: INFO neutron.api.extensions [None req-0b8cf35d-93bc-4b67-8906-de5bc158484f None None] Loaded extension: allowed-address-pairs
Jun 17 15:31:50.146742 np0000181226 devstack@neutron-api.service[107313]: INFO neutron.api.extensions [None req-e1d9c4f9-4e62-45a1-b1d9-c35d0b98849a None None] Loaded extension: floating-ip-port-forwarding-detail
Jun 17 15:31:50.146781 np0000181226 devstack@neutron-api.service[107310]: DEBUG neutron_lib.callbacks.manager [None req-5ec4ab41-43b9-4764-a440-234e6a038ec3 None None] Subscribe: > address_group after_update 55550000, False {{(pid=107310) subscribe /opt/stack/data/venv/lib/python3.12/site-packages/neutron_lib/callbacks/manager.py:52}}
Jun 17 15:31:50.146820 np0000181226 devstack@neutron-api.service[107311]: DEBUG neutron.api.extensions [None req-0b8cf35d-93bc-4b67-8906-de5bc158484f None None] Loading extension file: auto_allocated_topology.py {{(pid=107311) _load_all_extensions_from_path /opt/stack/neutron/neutron/api/extensions.py:449}}
Jun 17 15:31:50.146860 np0000181226 devstack@neutron-api.service[107313]: DEBUG neutron.api.extensions [None req-e1d9c4f9-4e62-45a1-b1d9-c35d0b98849a None None] Loading extension file: fip_pf_port_range.py {{(pid=107313) _load_all_extensions_from_path /opt/stack/neutron/neutron/api/extensions.py:449}}
Jun 17 15:31:50.146906 np0000181226 devstack@neutron-api.service[107310]: DEBUG neutron_lib.callbacks.manager [None req-5ec4ab41-43b9-4764-a440-234e6a038ec3 None None] Subscribe: > address_group after_delete 55550000, False {{(pid=107310) subscribe /opt/stack/data/venv/lib/python3.12/site-packages/neutron_lib/callbacks/manager.py:52}}
Jun 17 15:31:50.147011 np0000181226 devstack@neutron-api.service[107311]: DEBUG neutron.api.extensions [None req-0b8cf35d-93bc-4b67-8906-de5bc158484f None None] Ext name="Auto Allocated Topology Services" alias="auto-allocated-topology" description="Auto Allocated Topology Services." updated="2016-01-01T00:00:00-00:00" {{(pid=107311) _check_extension /opt/stack/neutron/neutron/api/extensions.py:415}}
Jun 17 15:31:50.147080 np0000181226 devstack@neutron-api.service[107313]: DEBUG neutron.api.extensions [None req-e1d9c4f9-4e62-45a1-b1d9-c35d0b98849a None None] Ext name="Floating IP Port Forwarding support port ranges" alias="floating-ip-port-forwarding-port-ranges" description="Add support to port ranges" updated="2020-07-01T10:00:00-00:00" {{(pid=107313) _check_extension /opt/stack/neutron/neutron/api/extensions.py:415}}
Jun 17 15:31:50.147128 np0000181226 devstack@neutron-api.service[107310]: DEBUG neutron_lib.callbacks.manager [None req-5ec4ab41-43b9-4764-a440-234e6a038ec3 None None] Subscribe: > qos_plugin after_init 55550000, False {{(pid=107310) subscribe /opt/stack/data/venv/lib/python3.12/site-packages/neutron_lib/callbacks/manager.py:52}}
Jun 17 15:31:50.147213 np0000181226 devstack@neutron-api.service[107311]: INFO neutron.api.extensions [None req-0b8cf35d-93bc-4b67-8906-de5bc158484f None None] Loaded extension: auto-allocated-topology
Jun 17 15:31:50.147281 np0000181226 devstack@neutron-api.service[107313]: INFO neutron.api.extensions [None req-e1d9c4f9-4e62-45a1-b1d9-c35d0b98849a None None] Extension floating-ip-port-forwarding-port-ranges not supported by any of loaded plugins
Jun 17 15:31:50.147323 np0000181226 devstack@neutron-api.service[107310]: DEBUG neutron_lib.callbacks.manager [None req-5ec4ab41-43b9-4764-a440-234e6a038ec3 None None] Subscribe: > trunk_plugin after_init 55550000, False {{(pid=107310) subscribe /opt/stack/data/venv/lib/python3.12/site-packages/neutron_lib/callbacks/manager.py:52}}
Jun 17 15:31:50.147378 np0000181226 devstack@neutron-api.service[107313]: DEBUG neutron.api.extensions [None req-e1d9c4f9-4e62-45a1-b1d9-c35d0b98849a None None] Loading extension file: fip_port_details.py {{(pid=107313) _load_all_extensions_from_path /opt/stack/neutron/neutron/api/extensions.py:449}}
Jun 17 15:31:50.147418 np0000181226 devstack@neutron-api.service[107311]: DEBUG neutron.api.extensions [None req-0b8cf35d-93bc-4b67-8906-de5bc158484f None None] Loading extension file: availability_zone.py {{(pid=107311) _load_all_extensions_from_path /opt/stack/neutron/neutron/api/extensions.py:449}}
Jun 17 15:31:50.147457 np0000181226 devstack@neutron-api.service[107310]: DEBUG neutron_lib.callbacks.manager [None req-5ec4ab41-43b9-4764-a440-234e6a038ec3 None None] Subscribe: > logging-plugin after_init 55550000, False {{(pid=107310) subscribe /opt/stack/data/venv/lib/python3.12/site-packages/neutron_lib/callbacks/manager.py:52}}
Jun 17 15:31:50.147534 np0000181226 devstack@neutron-api.service[107313]: DEBUG neutron.api.extensions [None req-e1d9c4f9-4e62-45a1-b1d9-c35d0b98849a None None] Ext name="Floating IP Port Details Extension" alias="fip-port-details" description="Add port_details attribute to Floating IP resource" updated="2018-04-09T10:00:00-00:00" {{(pid=107313) _check_extension /opt/stack/neutron/neutron/api/extensions.py:415}}
Jun 17 15:31:50.147707 np0000181226 devstack@neutron-api.service[107313]: INFO neutron.api.extensions [None req-e1d9c4f9-4e62-45a1-b1d9-c35d0b98849a None None] Loaded extension: fip-port-details
Jun 17 15:31:50.147749 np0000181226 devstack@neutron-api.service[107311]: DEBUG neutron.api.extensions [None req-0b8cf35d-93bc-4b67-8906-de5bc158484f None None] Ext name="Availability Zone" alias="availability_zone" description="The availability zone extension." updated="2015-01-01T10:00:00-00:00" {{(pid=107311) _check_extension /opt/stack/neutron/neutron/api/extensions.py:415}}
Jun 17 15:31:50.147791 np0000181226 devstack@neutron-api.service[107313]: DEBUG neutron.api.extensions [None req-e1d9c4f9-4e62-45a1-b1d9-c35d0b98849a None None] Loading extension file: flavors.py {{(pid=107313) _load_all_extensions_from_path /opt/stack/neutron/neutron/api/extensions.py:449}}
Jun 17 15:31:50.148018 np0000181226 devstack@neutron-api.service[107311]: INFO neutron.api.extensions [None req-0b8cf35d-93bc-4b67-8906-de5bc158484f None None] Loaded extension: availability_zone
Jun 17 15:31:50.148124 np0000181226 devstack@neutron-api.service[107310]: INFO neutron.services.logapi.drivers.ovn.driver [None req-5ec4ab41-43b9-4764-a440-234e6a038ec3 None None] OVN logging driver registered
Jun 17 15:31:50.148187 np0000181226 devstack@neutron-api.service[107311]: DEBUG neutron.api.extensions [None req-0b8cf35d-93bc-4b67-8906-de5bc158484f None None] Loading extension file: availability_zone_filter.py {{(pid=107311) _load_all_extensions_from_path /opt/stack/neutron/neutron/api/extensions.py:449}}
Jun 17 15:31:50.148230 np0000181226 devstack@neutron-api.service[107310]: DEBUG neutron_lib.callbacks.manager [None req-5ec4ab41-43b9-4764-a440-234e6a038ec3 None None] Subscribe: ._register_pvlan_driver at 0x728fe4a4cb80> pvlan_plugin before_spawn 55550000, False {{(pid=107310) subscribe /opt/stack/data/venv/lib/python3.12/site-packages/neutron_lib/callbacks/manager.py:52}}
Jun 17 15:31:50.148290 np0000181226 devstack@neutron-api.service[107313]: DEBUG neutron.api.extensions [None req-e1d9c4f9-4e62-45a1-b1d9-c35d0b98849a None None] Ext name="Neutron Service Flavors" alias="flavors" description="Flavor specification for Neutron advanced services." updated="2015-09-17T10:00:00-00:00" {{(pid=107313) _check_extension /opt/stack/neutron/neutron/api/extensions.py:415}}
Jun 17 15:31:50.148330 np0000181226 devstack@neutron-api.service[107310]: DEBUG neutron_lib.callbacks.manager [None req-5ec4ab41-43b9-4764-a440-234e6a038ec3 None None] Subscribe: process after_init 55550000, False {{(pid=107310) subscribe /opt/stack/data/venv/lib/python3.12/site-packages/neutron_lib/callbacks/manager.py:52}}
Jun 17 15:31:50.148371 np0000181226 devstack@neutron-api.service[107311]: DEBUG neutron.api.extensions [None req-0b8cf35d-93bc-4b67-8906-de5bc158484f None None] Ext name="Availability Zone Filter Extension" alias="availability_zone_filter" description="Add filter parameters to AvailabilityZone resource" updated="2018-06-22T10:00:00-00:00" {{(pid=107311) _check_extension /opt/stack/neutron/neutron/api/extensions.py:415}}
Jun 17 15:31:50.148410 np0000181226 devstack@neutron-api.service[107313]: INFO neutron.api.extensions [None req-e1d9c4f9-4e62-45a1-b1d9-c35d0b98849a None None] Loaded extension: flavors
Jun 17 15:31:50.148410 np0000181226 devstack@neutron-api.service[107313]: DEBUG neutron.api.extensions [None req-e1d9c4f9-4e62-45a1-b1d9-c35d0b98849a None None] Loading extension file: floating_ip_port_forwarding.py {{(pid=107313) _load_all_extensions_from_path /opt/stack/neutron/neutron/api/extensions.py:449}}
Jun 17 15:31:50.148491 np0000181226 devstack@neutron-api.service[107311]: INFO neutron.api.extensions [None req-0b8cf35d-93bc-4b67-8906-de5bc158484f None None] Extension availability_zone_filter not supported by any of loaded plugins
Jun 17 15:31:50.148491 np0000181226 devstack@neutron-api.service[107311]: DEBUG neutron.api.extensions [None req-0b8cf35d-93bc-4b67-8906-de5bc158484f None None] Loading extension file: data_plane_status.py {{(pid=107311) _load_all_extensions_from_path /opt/stack/neutron/neutron/api/extensions.py:449}}
Jun 17 15:31:50.148796 np0000181226 devstack@neutron-api.service[107313]: DEBUG neutron.api.extensions [None req-e1d9c4f9-4e62-45a1-b1d9-c35d0b98849a None None] Ext name="Floating IP Port Forwarding" alias="floating-ip-port-forwarding" description="Allow port forwarding from floating IP port to an internal port" updated="2018-01-19T10:00:00-00:00" {{(pid=107313) _check_extension /opt/stack/neutron/neutron/api/extensions.py:415}}
Jun 17 15:31:50.148856 np0000181226 devstack@neutron-api.service[107311]: DEBUG neutron.api.extensions [None req-0b8cf35d-93bc-4b67-8906-de5bc158484f None None] Ext name="Port data plane status extension" alias="data-plane-status" description="Expose status of underlying data plane" updated="2017-01-24T10:00:00-00:00" {{(pid=107311) _check_extension /opt/stack/neutron/neutron/api/extensions.py:415}}
Jun 17 15:31:50.148906 np0000181226 devstack@neutron-api.service[107313]: INFO neutron.api.extensions [None req-e1d9c4f9-4e62-45a1-b1d9-c35d0b98849a None None] Extension floating-ip-port-forwarding not supported by any of loaded plugins
Jun 17 15:31:50.148948 np0000181226 devstack@neutron-api.service[107311]: INFO neutron.api.extensions [None req-0b8cf35d-93bc-4b67-8906-de5bc158484f None None] Extension data-plane-status not supported by any of loaded plugins
Jun 17 15:31:50.148986 np0000181226 devstack@neutron-api.service[107313]: DEBUG neutron.api.extensions [None req-e1d9c4f9-4e62-45a1-b1d9-c35d0b98849a None None] Loading extension file: floatingip_pools.py {{(pid=107313) _load_all_extensions_from_path /opt/stack/neutron/neutron/api/extensions.py:449}}
Jun 17 15:31:50.149039 np0000181226 devstack@neutron-api.service[107311]: DEBUG neutron.api.extensions [None req-0b8cf35d-93bc-4b67-8906-de5bc158484f None None] Loading extension file: default_subnetpools.py {{(pid=107311) _load_all_extensions_from_path /opt/stack/neutron/neutron/api/extensions.py:449}}
Jun 17 15:31:50.149274 np0000181226 devstack@neutron-api.service[107311]: DEBUG neutron.api.extensions [None req-0b8cf35d-93bc-4b67-8906-de5bc158484f None None] Ext name="Default Subnetpools" alias="default-subnetpools" description="Provides ability to mark and use a subnetpool as the default." updated="2016-02-18T18:00:00-00:00" {{(pid=107311) _check_extension /opt/stack/neutron/neutron/api/extensions.py:415}}
Jun 17 15:31:50.149322 np0000181226 devstack@neutron-api.service[107313]: DEBUG neutron.api.extensions [None req-e1d9c4f9-4e62-45a1-b1d9-c35d0b98849a None None] Ext name="Floating IP Pools Extension" alias="floatingip-pools" description="Provides a floating IP pools API." updated="2018-03-21T10:00:00-00:00" {{(pid=107313) _check_extension /opt/stack/neutron/neutron/api/extensions.py:415}}
Jun 17 15:31:50.149366 np0000181226 devstack@neutron-api.service[107311]: INFO neutron.api.extensions [None req-0b8cf35d-93bc-4b67-8906-de5bc158484f None None] Loaded extension: default-subnetpools
Jun 17 15:31:50.149399 np0000181226 devstack@neutron-api.service[107311]: DEBUG neutron.api.extensions [None req-0b8cf35d-93bc-4b67-8906-de5bc158484f None None] Loading extension file: dhcpagentscheduler.py {{(pid=107311) _load_all_extensions_from_path /opt/stack/neutron/neutron/api/extensions.py:449}}
Jun 17 15:31:50.149435 np0000181226 devstack@neutron-api.service[107313]: INFO neutron.api.extensions [None req-e1d9c4f9-4e62-45a1-b1d9-c35d0b98849a None None] Loaded extension: floatingip-pools
Jun 17 15:31:50.149616 np0000181226 devstack@neutron-api.service[107313]: DEBUG neutron.api.extensions [None req-e1d9c4f9-4e62-45a1-b1d9-c35d0b98849a None None] Loading extension file: ip_allocation.py {{(pid=107313) _load_all_extensions_from_path /opt/stack/neutron/neutron/api/extensions.py:449}}
Jun 17 15:31:50.149672 np0000181226 devstack@neutron-api.service[107310]: DEBUG neutron.plugins.ml2.plugin [None req-5ec4ab41-43b9-4764-a440-234e6a038ec3 None None] neutron.plugins.ml2.plugin.Ml2Plugin method _start_rpc_notifiers called with arguments () {} {{(pid=107310) wrapper /opt/stack/data/venv/lib/python3.12/site-packages/oslo_log/helpers.py:77}}
Jun 17 15:31:50.149753 np0000181226 devstack@neutron-api.service[107313]: DEBUG neutron.api.extensions [None req-e1d9c4f9-4e62-45a1-b1d9-c35d0b98849a None None] Ext name="IP Allocation" alias="ip_allocation" description="IP allocation extension." updated="2016-06-10T23:00:00-00:00" {{(pid=107313) _check_extension /opt/stack/neutron/neutron/api/extensions.py:415}}
Jun 17 15:31:50.149804 np0000181226 devstack@neutron-api.service[107311]: DEBUG neutron.api.extensions [None req-0b8cf35d-93bc-4b67-8906-de5bc158484f None None] Ext name="DHCP Agent Scheduler" alias="dhcp_agent_scheduler" description="Schedule networks among dhcp agents" updated="2013-02-07T10:00:00-00:00" {{(pid=107311) _check_extension /opt/stack/neutron/neutron/api/extensions.py:415}}
Jun 17 15:31:50.149871 np0000181226 devstack@neutron-api.service[107310]: DEBUG neutron_lib.callbacks.manager [None req-5ec4ab41-43b9-4764-a440-234e6a038ec3 None None] Subscribe: > port after_create 55550000, False {{(pid=107310) subscribe /opt/stack/data/venv/lib/python3.12/site-packages/neutron_lib/callbacks/manager.py:52}}
Jun 17 15:31:50.149921 np0000181226 devstack@neutron-api.service[107313]: INFO neutron.api.extensions [None req-e1d9c4f9-4e62-45a1-b1d9-c35d0b98849a None None] Extension ip_allocation not supported by any of loaded plugins
Jun 17 15:31:50.149972 np0000181226 devstack@neutron-api.service[107311]: INFO neutron.api.extensions [None req-0b8cf35d-93bc-4b67-8906-de5bc158484f None None] Loaded extension: dhcp_agent_scheduler
Jun 17 15:31:50.150010 np0000181226 devstack@neutron-api.service[107310]: DEBUG neutron_lib.callbacks.manager [None req-5ec4ab41-43b9-4764-a440-234e6a038ec3 None None] Subscribe: > port after_update 55550000, False {{(pid=107310) subscribe /opt/stack/data/venv/lib/python3.12/site-packages/neutron_lib/callbacks/manager.py:52}}
Jun 17 15:31:50.150072 np0000181226 devstack@neutron-api.service[107313]: DEBUG neutron.api.extensions [None req-e1d9c4f9-4e62-45a1-b1d9-c35d0b98849a None None] Loading extension file: ip_substring_port_filtering.py {{(pid=107313) _load_all_extensions_from_path /opt/stack/neutron/neutron/api/extensions.py:449}}
Jun 17 15:31:50.150121 np0000181226 devstack@neutron-api.service[107311]: DEBUG neutron.api.extensions [None req-0b8cf35d-93bc-4b67-8906-de5bc158484f None None] Loading extension file: dns.py {{(pid=107311) _load_all_extensions_from_path /opt/stack/neutron/neutron/api/extensions.py:449}}
Jun 17 15:31:50.150178 np0000181226 devstack@neutron-api.service[107310]: DEBUG neutron_lib.callbacks.manager [None req-5ec4ab41-43b9-4764-a440-234e6a038ec3 None None] Subscribe: > port after_delete 55550000, False {{(pid=107310) subscribe /opt/stack/data/venv/lib/python3.12/site-packages/neutron_lib/callbacks/manager.py:52}}
Jun 17 15:31:50.150178 np0000181226 devstack@neutron-api.service[107310]: DEBUG neutron_lib.callbacks.manager [None req-5ec4ab41-43b9-4764-a440-234e6a038ec3 None None] Subscribe: > subnet after_create 55550000, False {{(pid=107310) subscribe /opt/stack/data/venv/lib/python3.12/site-packages/neutron_lib/callbacks/manager.py:52}}
Jun 17 15:31:50.150257 np0000181226 devstack@neutron-api.service[107313]: DEBUG neutron.api.extensions [None req-e1d9c4f9-4e62-45a1-b1d9-c35d0b98849a None None] Ext name="IP address substring filtering" alias="ip-substring-filtering" description="Provides IP address substring filtering when listing ports" updated="2017-11-28T09:00:00-00:00" {{(pid=107313) _check_extension /opt/stack/neutron/neutron/api/extensions.py:415}}
Jun 17 15:31:50.150293 np0000181226 devstack@neutron-api.service[107311]: DEBUG neutron.api.extensions [None req-0b8cf35d-93bc-4b67-8906-de5bc158484f None None] Ext name="DNS Integration" alias="dns-integration" description="Provides integration with DNS." updated="2015-08-15T18:00:00-00:00" {{(pid=107311) _check_extension /opt/stack/neutron/neutron/api/extensions.py:415}}
Jun 17 15:31:50.150333 np0000181226 devstack@neutron-api.service[107310]: DEBUG neutron_lib.callbacks.manager [None req-5ec4ab41-43b9-4764-a440-234e6a038ec3 None None] Subscribe: > subnet after_update 55550000, False {{(pid=107310) subscribe /opt/stack/data/venv/lib/python3.12/site-packages/neutron_lib/callbacks/manager.py:52}}
Jun 17 15:31:50.150380 np0000181226 devstack@neutron-api.service[107310]: DEBUG neutron_lib.callbacks.manager [None req-5ec4ab41-43b9-4764-a440-234e6a038ec3 None None] Subscribe: > subnet after_delete 55550000, False {{(pid=107310) subscribe /opt/stack/data/venv/lib/python3.12/site-packages/neutron_lib/callbacks/manager.py:52}}
Jun 17 15:31:50.150423 np0000181226 devstack@neutron-api.service[107313]: INFO neutron.api.extensions [None req-e1d9c4f9-4e62-45a1-b1d9-c35d0b98849a None None] Extension ip-substring-filtering not supported by any of loaded plugins
Jun 17 15:31:50.150472 np0000181226 devstack@neutron-api.service[107311]: INFO neutron.api.extensions [None req-0b8cf35d-93bc-4b67-8906-de5bc158484f None None] Loaded extension: dns-integration
