Jun 16 01:36:43.098890 np0000180633 devstack@neutron-api.service[103522]: DEBUG neutron.plugins.ml2.drivers.ovn.mech_driver.ovsdb.ovsdb_monitor [-] Hash Ring: Node b16d70a8900259fc8dc2c4a9fc3ccddb (host: np0000180633) handling event "update" for row 77e3b658-c2ca-4077-92ea-e8d1ee01c495 (table: Connection) {{(pid=103522) notify /opt/stack/neutron/neutron/plugins/ml2/drivers/ovn/mech_driver/ovsdb/ovsdb_monitor.py:1015}}
Jun 16 01:36:46.079738 np0000180633 devstack@neutron-api.service[103521]: DEBUG neutron.api.wsgi [None req-8f6d9a13-0b1c-485e-aaf6-7a375d768c49 admin admin] Missing Content-Type {{(pid=103521) get_content_type /opt/stack/neutron/neutron/api/wsgi.py:80}}
Jun 16 01:36:46.080493 np0000180633 devstack@neutron-api.service[103521]: DEBUG neutron.api.wsgi [None req-8f6d9a13-0b1c-485e-aaf6-7a375d768c49 admin admin] https://199.204.45.250/networking/v2.0/extensions returned with HTTP 200 {{(pid=103521) __call__ /opt/stack/neutron/neutron/api/wsgi.py:540}}
Jun 16 01:36:46.080895 np0000180633 devstack@neutron-api.service[103521]: [pid: 103521|app: 0|req: 2/2] 199.204.45.250 () {64 vars in 1323 bytes} [Tue Jun 16 01:36:45 2026] GET /networking/v2.0/extensions => generated 15873 bytes in 513 msecs (HTTP/1.1 200) 4 headers in 159 bytes (1 switches on core 0)
Jun 16 01:36:46.515360 np0000180633 devstack@neutron-api.service[103520]: DEBUG neutron.api.v2.base [None req-b6e783f6-d100-4bfb-b727-940431b03f55 admin admin] Request body: {'subnetpool': {'prefixes': ['10.1.0.0/20'], 'shared': True, 'is_default': True, 'default_prefixlen': 26, 'name': 'shared-default-subnetpool-v4'}} {{(pid=103520) prepare_request_body /opt/stack/neutron/neutron/api/v2/base.py:727}}
Jun 16 01:36:46.731310 np0000180633 devstack@neutron-api.service[103520]: DEBUG neutron.policy [None req-b6e783f6-d100-4bfb-b727-940431b03f55 admin admin] Loaded default policies from ['neutron'] under neutron.policies entry points {{(pid=103520) register_rules /opt/stack/neutron/neutron/policy.py:65}}
Jun 16 01:36:46.894323 np0000180633 devstack@neutron-api.service[103520]: DEBUG neutron_lib.callbacks.manager [None req-b6e783f6-d100-4bfb-b727-940431b03f55 admin admin] Publish callbacks ['neutron.objects.securitygroup.RbacNeutronDbObjectMixin.validate_rbac_policy_change-3232616182665', 'neutron.objects.address_group.RbacNeutronDbObjectMixin.validate_rbac_policy_change-3232616666283', 'neutron.objects.network.RbacNeutronDbObjectMixin.validate_rbac_policy_change-3232616282932', 'neutron.objects.qos.policy.RbacNeutronDbObjectMixin.validate_rbac_policy_change-3232616281724', 'neutron.objects.subnetpool.RbacNeutronDbObjectMixin.validate_rbac_policy_change-3232616229300', 'neutron.objects.address_scope.RbacNeutronDbObjectMixin.validate_rbac_policy_change-3232616229065', 'neutron.plugins.ml2.plugin.External_net_db_mixin._process_ext_policy_create-2098145', 'neutron.plugins.ml2.plugin.NeutronDbPluginV2.validate_network_rbac_policy_change-2159429'] for rbac-policy (None), before_create {{(pid=103520) _notify_loop /opt/stack/data/venv/lib/python3.12/site-packages/neutron_lib/callbacks/manager.py:184}}
Jun 16 01:36:46.947435 np0000180633 devstack@neutron-api.service[103520]: DEBUG neutron_lib.callbacks.manager [None req-b6e783f6-d100-4bfb-b727-940431b03f55 admin admin] Publish callbacks [] for subnetpool (None), before_response {{(pid=103520) _notify_loop /opt/stack/data/venv/lib/python3.12/site-packages/neutron_lib/callbacks/manager.py:184}}
Jun 16 01:36:46.948691 np0000180633 devstack@neutron-api.service[103520]: [pid: 103520|app: 0|req: 1/3] 199.204.45.250 () {68 vars in 1367 bytes} [Tue Jun 16 01:36:46 2026] POST /networking/v2.0/subnetpools => generated 533 bytes in 568 msecs (HTTP/1.1 201) 4 headers in 162 bytes (1 switches on core 0)
Jun 16 01:36:47.354918 np0000180633 devstack@neutron-api.service[103523]: DEBUG neutron.api.v2.base [None req-e8f468aa-e9fc-416e-8f8f-6d018d2a52da admin admin] Request body: {'subnetpool': {'prefixes': ['fdbf:c780:f94d::/56'], 'shared': True, 'is_default': True, 'default_prefixlen': 64, 'name': 'shared-default-subnetpool-v6'}} {{(pid=103523) prepare_request_body /opt/stack/neutron/neutron/api/v2/base.py:727}}
Jun 16 01:36:47.558826 np0000180633 devstack@neutron-api.service[103523]: DEBUG neutron.policy [None req-e8f468aa-e9fc-416e-8f8f-6d018d2a52da admin admin] Loaded default policies from ['neutron'] under neutron.policies entry points {{(pid=103523) register_rules /opt/stack/neutron/neutron/policy.py:65}}
Jun 16 01:36:47.732485 np0000180633 devstack@neutron-api.service[103523]: DEBUG neutron_lib.callbacks.manager [None req-e8f468aa-e9fc-416e-8f8f-6d018d2a52da admin admin] Publish callbacks ['neutron.objects.securitygroup.RbacNeutronDbObjectMixin.validate_rbac_policy_change-3232616283747', 'neutron.objects.address_group.RbacNeutronDbObjectMixin.validate_rbac_policy_change-3232616163117', 'neutron.objects.network.RbacNeutronDbObjectMixin.validate_rbac_policy_change-3232616181624', 'neutron.objects.qos.policy.RbacNeutronDbObjectMixin.validate_rbac_policy_change-3232616177779', 'neutron.objects.subnetpool.RbacNeutronDbObjectMixin.validate_rbac_policy_change-3232616193300', 'neutron.objects.address_scope.RbacNeutronDbObjectMixin.validate_rbac_policy_change-3232616192601', 'neutron.plugins.ml2.plugin.External_net_db_mixin._process_ext_policy_create-3152117', 'neutron.plugins.ml2.plugin.NeutronDbPluginV2.validate_network_rbac_policy_change-3195985'] for rbac-policy (None), before_create {{(pid=103523) _notify_loop /opt/stack/data/venv/lib/python3.12/site-packages/neutron_lib/callbacks/manager.py:184}}
Jun 16 01:36:47.786529 np0000180633 devstack@neutron-api.service[103523]: DEBUG neutron_lib.callbacks.manager [None req-e8f468aa-e9fc-416e-8f8f-6d018d2a52da admin admin] Publish callbacks [] for subnetpool (None), before_response {{(pid=103523) _notify_loop /opt/stack/data/venv/lib/python3.12/site-packages/neutron_lib/callbacks/manager.py:184}}
Jun 16 01:36:47.787683 np0000180633 devstack@neutron-api.service[103523]: [pid: 103523|app: 0|req: 1/4] 199.204.45.250 () {68 vars in 1367 bytes} [Tue Jun 16 01:36:47 2026] POST /networking/v2.0/subnetpools => generated 543 bytes in 604 msecs (HTTP/1.1 201) 4 headers in 162 bytes (1 switches on core 0)
Jun 16 01:36:48.262446 np0000180633 devstack@neutron-api.service[103522]: DEBUG neutron.api.v2.base [None req-619b2e15-d5c5-4939-9a99-4a5e2f4268de admin admin] Request body: {'network': {'admin_state_up': True, 'name': 'private'}} {{(pid=103522) prepare_request_body /opt/stack/neutron/neutron/api/v2/base.py:727}}
Jun 16 01:36:48.295325 np0000180633 devstack@neutron-api.service[103522]: DEBUG neutron.pecan_wsgi.hooks.quota_enforcement [None req-619b2e15-d5c5-4939-9a99-4a5e2f4268de admin admin] Made reservation on behalf of a3f45d81a7524c3980c2a8e8ce31b153 for: {'network': 1} {{(pid=103522) before /opt/stack/neutron/neutron/pecan_wsgi/hooks/quota_enforcement.py:66}}
Jun 16 01:36:48.467895 np0000180633 devstack@neutron-api.service[103522]: DEBUG neutron.policy [None req-619b2e15-d5c5-4939-9a99-4a5e2f4268de admin admin] Loaded default policies from ['neutron'] under neutron.policies entry points {{(pid=103522) register_rules /opt/stack/neutron/neutron/policy.py:65}}
Jun 16 01:36:48.573280 np0000180633 devstack@neutron-api.service[103522]: DEBUG neutron_lib.callbacks.manager [None req-619b2e15-d5c5-4939-9a99-4a5e2f4268de admin admin] Publish callbacks ['neutron.plugins.ml2.plugin.SecurityGroupDbMixin._ensure_default_security_group_handler-344419'] for network (None), before_create {{(pid=103522) _notify_loop /opt/stack/data/venv/lib/python3.12/site-packages/neutron_lib/callbacks/manager.py:184}}
Jun 16 01:36:48.598997 np0000180633 devstack@neutron-api.service[103522]: DEBUG neutron_lib.callbacks.manager [None req-619b2e15-d5c5-4939-9a99-4a5e2f4268de admin admin] Publish callbacks [] for security_group (None), before_create {{(pid=103522) _notify_loop /opt/stack/data/venv/lib/python3.12/site-packages/neutron_lib/callbacks/manager.py:184}}
Jun 16 01:36:48.706822 np0000180633 devstack@neutron-api.service[103522]: DEBUG neutron_lib.callbacks.manager [None req-619b2e15-d5c5-4939-9a99-4a5e2f4268de admin admin] Publish callbacks ['neutron.plugins.ml2.drivers.ovn.mech_driver.mech_driver.OVNMechanismDriver._create_security_group_precommit-854687'] for security_group (899cb1ad-3c1a-42f7-a22c-8c5e4abc2445), precommit_create {{(pid=103522) _notify_loop /opt/stack/data/venv/lib/python3.12/site-packages/neutron_lib/callbacks/manager.py:184}}
Jun 16 01:36:48.707173 np0000180633 devstack@neutron-api.service[103522]: DEBUG neutron.db.ovn_revision_numbers_db [None req-619b2e15-d5c5-4939-9a99-4a5e2f4268de admin admin] create_initial_revision uuid=899cb1ad-3c1a-42f7-a22c-8c5e4abc2445, type=security_groups, rev=-1 {{(pid=103522) create_initial_revision /opt/stack/neutron/neutron/db/ovn_revision_numbers_db.py:98}}
Jun 16 01:36:48.709438 np0000180633 devstack@neutron-api.service[103522]: DEBUG neutron.db.ovn_revision_numbers_db [None req-619b2e15-d5c5-4939-9a99-4a5e2f4268de admin admin] create_initial_revision uuid=044280c4-afe0-49b1-9120-8b2b07688ad5, type=security_group_rules, rev=-1 {{(pid=103522) create_initial_revision /opt/stack/neutron/neutron/db/ovn_revision_numbers_db.py:98}}
Jun 16 01:36:48.710489 np0000180633 devstack@neutron-api.service[103522]: DEBUG neutron.db.ovn_revision_numbers_db [None req-619b2e15-d5c5-4939-9a99-4a5e2f4268de admin admin] create_initial_revision uuid=485d47e8-3464-4b2a-a082-e1037b28ff44, type=security_group_rules, rev=-1 {{(pid=103522) create_initial_revision /opt/stack/neutron/neutron/db/ovn_revision_numbers_db.py:98}}
Jun 16 01:36:48.711554 np0000180633 devstack@neutron-api.service[103522]: DEBUG neutron.db.ovn_revision_numbers_db [None req-619b2e15-d5c5-4939-9a99-4a5e2f4268de admin admin] create_initial_revision uuid=9643f94c-d1f4-4348-b09f-ad0ee575d47f, type=security_group_rules, rev=-1 {{(pid=103522) create_initial_revision /opt/stack/neutron/neutron/db/ovn_revision_numbers_db.py:98}}
Jun 16 01:36:48.712511 np0000180633 devstack@neutron-api.service[103522]: DEBUG neutron.db.ovn_revision_numbers_db [None req-619b2e15-d5c5-4939-9a99-4a5e2f4268de admin admin] create_initial_revision uuid=d038fe7e-a652-4f32-a45e-98fa048ec154, type=security_group_rules, rev=-1 {{(pid=103522) create_initial_revision /opt/stack/neutron/neutron/db/ovn_revision_numbers_db.py:98}}
Jun 16 01:36:48.719482 np0000180633 devstack@neutron-api.service[103522]: DEBUG neutron_lib.callbacks.manager [None req-619b2e15-d5c5-4939-9a99-4a5e2f4268de admin admin] Publish callbacks ['neutron.plugins.ml2.drivers.ovn.mech_driver.mech_driver.OVNMechanismDriver._create_security_group-854661', 'neutron.plugins.ml2.ovo_rpc._ObjectChangeHandler.handle_event-2056592'] for security_group (899cb1ad-3c1a-42f7-a22c-8c5e4abc2445), after_create {{(pid=103522) _notify_loop /opt/stack/data/venv/lib/python3.12/site-packages/neutron_lib/callbacks/manager.py:184}}
Jun 16 01:36:48.719756 np0000180633 devstack@neutron-api.service[103522]: INFO neutron.plugins.ml2.drivers.ovn.mech_driver.ovsdb.extensions.qos [None req-619b2e15-d5c5-4939-9a99-4a5e2f4268de admin admin] Starting OVNClientQosExtension
Jun 16 01:36:48.720670 np0000180633 devstack@neutron-api.service[103522]: INFO neutron.plugins.ml2.drivers.ovn.mech_driver.ovsdb.extensions.placement [None req-619b2e15-d5c5-4939-9a99-4a5e2f4268de admin admin] Starting OVNClientPlacementExtension
Jun 16 01:36:48.722719 np0000180633 devstack@neutron-api.service[103522]: DEBUG ovsdbapp.backend.ovs_idl.transaction [-] Running txn n=1 command(idx=0): PgAddCommand(_result=None, name=pg_899cb1ad_3c1a_42f7_a22c_8c5e4abc2445, may_exist=False, columns={'acls': [], 'external_ids': {'neutron:security_group_id': '899cb1ad-3c1a-42f7-a22c-8c5e4abc2445'}}) {{(pid=103522) do_commit /opt/stack/data/venv/lib/python3.12/site-packages/ovsdbapp/backend/ovs_idl/transaction.py:89}}
Jun 16 01:36:48.724801 np0000180633 devstack@neutron-api.service[103522]: DEBUG ovsdbapp.backend.ovs_idl.transaction [-] Running txn n=1 command(idx=1): PgAclAddCommand(_result=None, entity=pg_899cb1ad_3c1a_42f7_a22c_8c5e4abc2445, direction=to-lport, priority=1002, match=outport == @pg_899cb1ad_3c1a_42f7_a22c_8c5e4abc2445 && ip6 && ip6.src == $pg_899cb1ad_3c1a_42f7_a22c_8c5e4abc2445_ip6, action=allow-related, log=False, may_exist=True, severity=[], name=[], meter=[], external_ids={'neutron:security_group_rule_id': '044280c4-afe0-49b1-9120-8b2b07688ad5'}) {{(pid=103522) do_commit /opt/stack/data/venv/lib/python3.12/site-packages/ovsdbapp/backend/ovs_idl/transaction.py:89}}
Jun 16 01:36:48.725333 np0000180633 devstack@neutron-api.service[103522]: DEBUG ovsdbapp.backend.ovs_idl.transaction [-] Running txn n=1 command(idx=2): PgAclAddCommand(_result=None, entity=pg_899cb1ad_3c1a_42f7_a22c_8c5e4abc2445, direction=from-lport, priority=1002, match=inport == @pg_899cb1ad_3c1a_42f7_a22c_8c5e4abc2445 && ip6, action=allow-related, log=False, may_exist=True, severity=[], name=[], meter=[], external_ids={'neutron:security_group_rule_id': '485d47e8-3464-4b2a-a082-e1037b28ff44'}) {{(pid=103522) do_commit /opt/stack/data/venv/lib/python3.12/site-packages/ovsdbapp/backend/ovs_idl/transaction.py:89}}
Jun 16 01:36:48.725749 np0000180633 devstack@neutron-api.service[103522]: DEBUG ovsdbapp.backend.ovs_idl.transaction [-] Running txn n=1 command(idx=3): PgAclAddCommand(_result=None, entity=pg_899cb1ad_3c1a_42f7_a22c_8c5e4abc2445, direction=to-lport, priority=1002, match=outport == @pg_899cb1ad_3c1a_42f7_a22c_8c5e4abc2445 && ip4 && ip4.src == $pg_899cb1ad_3c1a_42f7_a22c_8c5e4abc2445_ip4, action=allow-related, log=False, may_exist=True, severity=[], name=[], meter=[], external_ids={'neutron:security_group_rule_id': '9643f94c-d1f4-4348-b09f-ad0ee575d47f'}) {{(pid=103522) do_commit /opt/stack/data/venv/lib/python3.12/site-packages/ovsdbapp/backend/ovs_idl/transaction.py:89}}
Jun 16 01:36:48.726082 np0000180633 devstack@neutron-api.service[103522]: DEBUG ovsdbapp.backend.ovs_idl.transaction [-] Running txn n=1 command(idx=4): PgAclAddCommand(_result=None, entity=pg_899cb1ad_3c1a_42f7_a22c_8c5e4abc2445, direction=from-lport, priority=1002, match=inport == @pg_899cb1ad_3c1a_42f7_a22c_8c5e4abc2445 && ip4, action=allow-related, log=False, may_exist=True, severity=[], name=[], meter=[], external_ids={'neutron:security_group_rule_id': 'd038fe7e-a652-4f32-a45e-98fa048ec154'}) {{(pid=103522) do_commit /opt/stack/data/venv/lib/python3.12/site-packages/ovsdbapp/backend/ovs_idl/transaction.py:89}}
Jun 16 01:36:48.734551 np0000180633 devstack@neutron-api.service[103522]: DEBUG neutron.plugins.ml2.drivers.ovn.mech_driver.ovsdb.ovsdb_monitor [-] Hash Ring: Node b16d70a8900259fc8dc2c4a9fc3ccddb (host: np0000180633) handling event "create" for row 3ad4261c-8ecd-4ccb-81f6-6e969d94e00b (table: ACL) {{(pid=103522) notify /opt/stack/neutron/neutron/plugins/ml2/drivers/ovn/mech_driver/ovsdb/ovsdb_monitor.py:1015}}
Jun 16 01:36:48.734551 np0000180633 devstack@neutron-api.service[103522]: DEBUG neutron.plugins.ml2.drivers.ovn.mech_driver.ovsdb.ovsdb_monitor [-] Hash Ring: Node b16d70a8900259fc8dc2c4a9fc3ccddb (host: np0000180633) handling event "create" for row 96409c98-1f40-4977-9fcf-5d408ea757c5 (table: ACL) {{(pid=103522) notify /opt/stack/neutron/neutron/plugins/ml2/drivers/ovn/mech_driver/ovsdb/ovsdb_monitor.py:1015}}
Jun 16 01:36:48.736438 np0000180633 devstack@neutron-api.service[103521]: DEBUG neutron.plugins.ml2.drivers.ovn.mech_driver.ovsdb.ovsdb_monitor [-] Hash Ring: Node e0c0ba5fb5a7506ab5348f2dc486aeaf (host: np0000180633) handling event "create" for row 3ad4261c-8ecd-4ccb-81f6-6e969d94e00b (table: ACL) {{(pid=103521) notify /opt/stack/neutron/neutron/plugins/ml2/drivers/ovn/mech_driver/ovsdb/ovsdb_monitor.py:1015}}
Jun 16 01:36:48.736877 np0000180633 devstack@neutron-api.service[103523]: DEBUG neutron.plugins.ml2.drivers.ovn.mech_driver.ovsdb.ovsdb_monitor [-] Hash Ring: Node 3f09d36f65c759d5a8281ff32bbdaa52 (host: np0000180633) handling event "create" for row c8c1464f-2f9b-4507-9dfa-c9d00226a6a9 (table: ACL) {{(pid=103523) notify /opt/stack/neutron/neutron/plugins/ml2/drivers/ovn/mech_driver/ovsdb/ovsdb_monitor.py:1015}}
Jun 16 01:36:48.737140 np0000180633 devstack@neutron-api.service[103521]: DEBUG neutron.plugins.ml2.drivers.ovn.mech_driver.ovsdb.ovsdb_monitor [-] Hash Ring: Node e0c0ba5fb5a7506ab5348f2dc486aeaf (host: np0000180633) handling event "create" for row 96409c98-1f40-4977-9fcf-5d408ea757c5 (table: ACL) {{(pid=103521) notify /opt/stack/neutron/neutron/plugins/ml2/drivers/ovn/mech_driver/ovsdb/ovsdb_monitor.py:1015}}
Jun 16 01:36:48.737189 np0000180633 devstack@neutron-api.service[103523]: DEBUG neutron.plugins.ml2.drivers.ovn.mech_driver.ovsdb.ovsdb_monitor [-] Hash Ring: Node 3f09d36f65c759d5a8281ff32bbdaa52 (host: np0000180633) handling event "create" for row e7cc99b1-71cc-4d73-8b0e-f36edfb3134d (table: ACL) {{(pid=103523) notify /opt/stack/neutron/neutron/plugins/ml2/drivers/ovn/mech_driver/ovsdb/ovsdb_monitor.py:1015}}
Jun 16 01:36:48.737233 np0000180633 devstack@neutron-api.service[103521]: DEBUG neutron.plugins.ml2.drivers.ovn.mech_driver.ovsdb.ovsdb_monitor [-] Hash Ring: Node e0c0ba5fb5a7506ab5348f2dc486aeaf (host: np0000180633) handling event "create" for row c8c1464f-2f9b-4507-9dfa-c9d00226a6a9 (table: ACL) {{(pid=103521) notify /opt/stack/neutron/neutron/plugins/ml2/drivers/ovn/mech_driver/ovsdb/ovsdb_monitor.py:1015}}
Jun 16 01:36:48.737279 np0000180633 devstack@neutron-api.service[103520]: DEBUG neutron.plugins.ml2.drivers.ovn.mech_driver.ovsdb.ovsdb_monitor [-] Hash Ring: Node da7c68311eab5c4290b2a62b8b0af0a0 (host: np0000180633) handling event "create" for row 3d73751c-745b-4815-9178-79cb44c06d1f (table: Port_Group) {{(pid=103520) notify /opt/stack/neutron/neutron/plugins/ml2/drivers/ovn/mech_driver/ovsdb/ovsdb_monitor.py:1015}}
Jun 16 01:36:48.737526 np0000180633 devstack@neutron-api.service[103521]: DEBUG neutron.plugins.ml2.drivers.ovn.mech_driver.ovsdb.ovsdb_monitor [-] Hash Ring: Node e0c0ba5fb5a7506ab5348f2dc486aeaf (host: np0000180633) handling event "create" for row e7cc99b1-71cc-4d73-8b0e-f36edfb3134d (table: ACL) {{(pid=103521) notify /opt/stack/neutron/neutron/plugins/ml2/drivers/ovn/mech_driver/ovsdb/ovsdb_monitor.py:1015}}
Jun 16 01:36:48.737526 np0000180633 devstack@neutron-api.service[103521]: DEBUG neutron.plugins.ml2.drivers.ovn.mech_driver.ovsdb.ovsdb_monitor [-] Hash Ring: Node e0c0ba5fb5a7506ab5348f2dc486aeaf (host: np0000180633) handling event "create" for row 3d73751c-745b-4815-9178-79cb44c06d1f (table: Port_Group) {{(pid=103521) notify /opt/stack/neutron/neutron/plugins/ml2/drivers/ovn/mech_driver/ovsdb/ovsdb_monitor.py:1015}}
Jun 16 01:36:48.769041 np0000180633 devstack@neutron-api.service[103522]: INFO neutron.db.ovn_revision_numbers_db [None req-619b2e15-d5c5-4939-9a99-4a5e2f4268de admin admin] Successfully bumped revision number for resource 899cb1ad-3c1a-42f7-a22c-8c5e4abc2445 (type: security_groups) to 1
Jun 16 01:36:48.786845 np0000180633 devstack@neutron-api.service[103522]: INFO neutron.db.ovn_revision_numbers_db [None req-619b2e15-d5c5-4939-9a99-4a5e2f4268de admin admin] Successfully bumped revision number for resource 044280c4-afe0-49b1-9120-8b2b07688ad5 (type: security_group_rules) to 0
Jun 16 01:36:48.802048 np0000180633 devstack@neutron-api.service[103522]: INFO neutron.db.ovn_revision_numbers_db [None req-619b2e15-d5c5-4939-9a99-4a5e2f4268de admin admin] Successfully bumped revision number for resource 485d47e8-3464-4b2a-a082-e1037b28ff44 (type: security_group_rules) to 0
Jun 16 01:36:48.819703 np0000180633 devstack@neutron-api.service[103522]: INFO neutron.db.ovn_revision_numbers_db [None req-619b2e15-d5c5-4939-9a99-4a5e2f4268de admin admin] Successfully bumped revision number for resource 9643f94c-d1f4-4348-b09f-ad0ee575d47f (type: security_group_rules) to 0
Jun 16 01:36:48.838059 np0000180633 devstack@neutron-api.service[103522]: INFO neutron.db.ovn_revision_numbers_db [None req-619b2e15-d5c5-4939-9a99-4a5e2f4268de admin admin] Successfully bumped revision number for resource d038fe7e-a652-4f32-a45e-98fa048ec154 (type: security_group_rules) to 0
Jun 16 01:36:48.865995 np0000180633 devstack@neutron-api.service[103522]: DEBUG neutron.api.rpc.handlers.resources_rpc [None req-619b2e15-d5c5-4939-9a99-4a5e2f4268de admin admin] Pushing event updated for resources: {'SecurityGroup': ['ID=899cb1ad-3c1a-42f7-a22c-8c5e4abc2445,revision_number=1']} {{(pid=103522) push /opt/stack/neutron/neutron/api/rpc/handlers/resources_rpc.py:237}}
Jun 16 01:36:48.874715 np0000180633 devstack@neutron-api.service[103522]: DEBUG ovsdbapp.backend.ovs_idl.transaction [-] Running txn n=1 command(idx=0): CheckLivenessCommand(_result=None) {{(pid=103522) do_commit /opt/stack/data/venv/lib/python3.12/site-packages/ovsdbapp/backend/ovs_idl/transaction.py:89}}
Jun 16 01:36:48.884232 np0000180633 devstack@neutron-api.service[103520]: DEBUG neutron.plugins.ml2.drivers.ovn.mech_driver.ovsdb.ovsdb_monitor [-] Hash Ring: Node da7c68311eab5c4290b2a62b8b0af0a0 (host: np0000180633) handling event "update" for row 4b378326-487d-4313-aef8-c2f6d5f08d26 (table: NB_Global) {{(pid=103520) notify /opt/stack/neutron/neutron/plugins/ml2/drivers/ovn/mech_driver/ovsdb/ovsdb_monitor.py:1015}}
Jun 16 01:36:48.884878 np0000180633 devstack@neutron-api.service[103521]: DEBUG neutron.plugins.ml2.drivers.ovn.mech_driver.ovsdb.ovsdb_monitor [-] Hash Ring: Node e0c0ba5fb5a7506ab5348f2dc486aeaf (host: np0000180633) handling event "update" for row 4b378326-487d-4313-aef8-c2f6d5f08d26 (table: NB_Global) {{(pid=103521) notify /opt/stack/neutron/neutron/plugins/ml2/drivers/ovn/mech_driver/ovsdb/ovsdb_monitor.py:1015}}
Jun 16 01:36:48.885246 np0000180633 devstack@neutron-api.service[103520]: DEBUG neutron.plugins.ml2.drivers.ovn.mech_driver.ovsdb.ovsdb_monitor [-] Hash Ring: Node da7c68311eab5c4290b2a62b8b0af0a0 (host: np0000180633) handling event "update" for row 4b378326-487d-4313-aef8-c2f6d5f08d26 (table: NB_Global) {{(pid=103520) notify /opt/stack/neutron/neutron/plugins/ml2/drivers/ovn/mech_driver/ovsdb/ovsdb_monitor.py:1015}}
Jun 16 01:36:48.885363 np0000180633 devstack@neutron-api.service[103522]: DEBUG neutron.plugins.ml2.drivers.ovn.mech_driver.ovsdb.ovsdb_monitor [-] ChassisAgentWriteEvent : Matched Chassis_Private, update, None None {{(pid=103522) matches /opt/stack/neutron/neutron/plugins/ml2/drivers/ovn/mech_driver/ovsdb/ovsdb_monitor.py:64}}
Jun 16 01:36:48.885511 np0000180633 devstack@neutron-api.service[103523]: DEBUG neutron.plugins.ml2.drivers.ovn.mech_driver.ovsdb.ovsdb_monitor [-] ChassisAgentWriteEvent : Matched Chassis_Private, update, None None {{(pid=103523) matches /opt/stack/neutron/neutron/plugins/ml2/drivers/ovn/mech_driver/ovsdb/ovsdb_monitor.py:64}}
Jun 16 01:36:48.885713 np0000180633 devstack@neutron-api.service[103522]: DEBUG neutron.plugins.ml2.drivers.ovn.mech_driver.ovsdb.ovsdb_monitor [-] Hash Ring: Node b16d70a8900259fc8dc2c4a9fc3ccddb (host: np0000180633) handling event "update" for row eb6e3ceb-4e01-453c-b125-cd45197b6539 (table: Chassis_Private) {{(pid=103522) notify /opt/stack/neutron/neutron/plugins/ml2/drivers/ovn/mech_driver/ovsdb/ovsdb_monitor.py:1015}}
Jun 16 01:36:48.885847 np0000180633 devstack@neutron-api.service[103520]: DEBUG neutron.plugins.ml2.drivers.ovn.mech_driver.ovsdb.ovsdb_monitor [-] ChassisAgentWriteEvent : Matched Chassis_Private, update, None None {{(pid=103520) matches /opt/stack/neutron/neutron/plugins/ml2/drivers/ovn/mech_driver/ovsdb/ovsdb_monitor.py:64}}
Jun 16 01:36:48.886061 np0000180633 devstack@neutron-api.service[103520]: DEBUG neutron.plugins.ml2.drivers.ovn.mech_driver.ovsdb.ovsdb_monitor [-] Hash Ring: Node da7c68311eab5c4290b2a62b8b0af0a0 (host: np0000180633) handling event "update" for row 4b378326-487d-4313-aef8-c2f6d5f08d26 (table: NB_Global) {{(pid=103520) notify /opt/stack/neutron/neutron/plugins/ml2/drivers/ovn/mech_driver/ovsdb/ovsdb_monitor.py:1015}}
Jun 16 01:36:48.886981 np0000180633 devstack@neutron-api.service[103521]: DEBUG neutron.plugins.ml2.drivers.ovn.mech_driver.ovsdb.ovsdb_monitor [-] ChassisAgentWriteEvent : Matched Chassis_Private, update, None None {{(pid=103521) matches /opt/stack/neutron/neutron/plugins/ml2/drivers/ovn/mech_driver/ovsdb/ovsdb_monitor.py:64}}
Jun 16 01:36:48.888296 np0000180633 devstack@neutron-api.service[103521]: DEBUG neutron.plugins.ml2.drivers.ovn.mech_driver.ovsdb.ovsdb_monitor [-] Hash Ring: Node e0c0ba5fb5a7506ab5348f2dc486aeaf (host: np0000180633) handling event "update" for row 4b378326-487d-4313-aef8-c2f6d5f08d26 (table: NB_Global) {{(pid=103521) notify /opt/stack/neutron/neutron/plugins/ml2/drivers/ovn/mech_driver/ovsdb/ovsdb_monitor.py:1015}}
Jun 16 01:36:48.890353 np0000180633 devstack@neutron-api.service[103521]: DEBUG neutron.plugins.ml2.drivers.ovn.mech_driver.ovsdb.ovsdb_monitor [-] Hash Ring: Node e0c0ba5fb5a7506ab5348f2dc486aeaf (host: np0000180633) handling event "update" for row 4b378326-487d-4313-aef8-c2f6d5f08d26 (table: NB_Global) {{(pid=103521) notify /opt/stack/neutron/neutron/plugins/ml2/drivers/ovn/mech_driver/ovsdb/ovsdb_monitor.py:1015}}
Jun 16 01:36:48.890725 np0000180633 devstack@neutron-api.service[103522]: DEBUG neutron.api.rpc.callbacks.version_manager [None req-619b2e15-d5c5-4939-9a99-4a5e2f4268de admin admin] Tracked resource versions report:
Jun 16 01:36:48.890725 np0000180633 devstack@neutron-api.service[103522]: pushed versions:
Jun 16 01:36:48.890725 np0000180633 devstack@neutron-api.service[103522]: { 'AddressGroup': {'1.2'},
Jun 16 01:36:48.890725 np0000180633 devstack@neutron-api.service[103522]: 'Agent': {'1.1'},
Jun 16 01:36:48.890725 np0000180633 devstack@neutron-api.service[103522]: 'ConntrackHelper': {'1.0'},
Jun 16 01:36:48.890725 np0000180633 devstack@neutron-api.service[103522]: 'LocalIPAssociation': {'1.0'},
Jun 16 01:36:48.890725 np0000180633 devstack@neutron-api.service[103522]: 'Log': {'1.0'},
Jun 16 01:36:48.890725 np0000180633 devstack@neutron-api.service[103522]: 'NDPProxy': {'1.0'},
Jun 16 01:36:48.890725 np0000180633 devstack@neutron-api.service[103522]: 'Network': {'1.3'},
Jun 16 01:36:48.890725 np0000180633 devstack@neutron-api.service[103522]: 'Port': {'1.11'},
Jun 16 01:36:48.890725 np0000180633 devstack@neutron-api.service[103522]: 'PortForwarding': {'1.3'},
Jun 16 01:36:48.890725 np0000180633 devstack@neutron-api.service[103522]: 'QosPolicy': {'1.10'},
Jun 16 01:36:48.890725 np0000180633 devstack@neutron-api.service[103522]: 'SecurityGroup': {'1.6'},
Jun 16 01:36:48.890725 np0000180633 devstack@neutron-api.service[103522]: 'SecurityGroupRule': {'1.3'},
Jun 16 01:36:48.890725 np0000180633 devstack@neutron-api.service[103522]: 'SubPort': {'1.0'},
Jun 16 01:36:48.890725 np0000180633 devstack@neutron-api.service[103522]: 'Subnet': {'1.2'},
Jun 16 01:36:48.890725 np0000180633 devstack@neutron-api.service[103522]: 'Trunk': {'1.1'}}
Jun 16 01:36:48.890725 np0000180633 devstack@neutron-api.service[103522]: consumer versions:
Jun 16 01:36:48.890725 np0000180633 devstack@neutron-api.service[103522]: {OVN Controller Gateway agent@np0000180633: {}}
Jun 16 01:36:48.890725 np0000180633 devstack@neutron-api.service[103522]: {{(pid=103522) report /opt/stack/neutron/neutron/api/rpc/callbacks/version_manager.py:183}}
Jun 16 01:36:48.893890 np0000180633 devstack@neutron-api.service[103521]: DEBUG neutron.common.ovn.hash_ring_manager [-] Allow caching, nodes 4>=4 {{(pid=103521) _wait_startup_before_caching /opt/stack/neutron/neutron/common/ovn/hash_ring_manager.py:65}}
Jun 16 01:36:48.894100 np0000180633 devstack@neutron-api.service[103521]: DEBUG neutron.plugins.ml2.drivers.ovn.mech_driver.ovsdb.ovsdb_monitor [-] Hash Ring: Node e0c0ba5fb5a7506ab5348f2dc486aeaf (host: np0000180633) handling event "update" for row eb6e3ceb-4e01-453c-b125-cd45197b6539 (table: Chassis_Private) {{(pid=103521) notify /opt/stack/neutron/neutron/plugins/ml2/drivers/ovn/mech_driver/ovsdb/ovsdb_monitor.py:1015}}
Jun 16 01:36:48.898270 np0000180633 devstack@neutron-api.service[103520]: DEBUG neutron.plugins.ml2.drivers.ovn.mech_driver.ovsdb.ovsdb_monitor [-] ChassisOVNAgentWriteEvent : Matched Chassis_Private, update, None None {{(pid=103520) matches /opt/stack/neutron/neutron/plugins/ml2/drivers/ovn/mech_driver/ovsdb/ovsdb_monitor.py:64}}
Jun 16 01:36:48.899212 np0000180633 devstack@neutron-api.service[103521]: DEBUG neutron.plugins.ml2.drivers.ovn.mech_driver.ovsdb.ovsdb_monitor [-] ChassisOVNAgentWriteEvent : Matched Chassis_Private, update, None None {{(pid=103521) matches /opt/stack/neutron/neutron/plugins/ml2/drivers/ovn/mech_driver/ovsdb/ovsdb_monitor.py:64}}
Jun 16 01:36:48.899683 np0000180633 devstack@neutron-api.service[103521]: DEBUG neutron.plugins.ml2.drivers.ovn.mech_driver.ovsdb.ovsdb_monitor [-] Hash Ring: Node e0c0ba5fb5a7506ab5348f2dc486aeaf (host: np0000180633) handling event "update" for row eb6e3ceb-4e01-453c-b125-cd45197b6539 (table: Chassis_Private) {{(pid=103521) notify /opt/stack/neutron/neutron/plugins/ml2/drivers/ovn/mech_driver/ovsdb/ovsdb_monitor.py:1015}}
Jun 16 01:36:48.901014 np0000180633 devstack@neutron-api.service[103522]: DEBUG neutron.plugins.ml2.drivers.ovn.mech_driver.ovsdb.ovsdb_monitor [-] ChassisOVNAgentWriteEvent : Matched Chassis_Private, update, None None {{(pid=103522) matches /opt/stack/neutron/neutron/plugins/ml2/drivers/ovn/mech_driver/ovsdb/ovsdb_monitor.py:64}}
Jun 16 01:36:48.901348 np0000180633 devstack@neutron-api.service[103522]: DEBUG neutron.plugins.ml2.drivers.ovn.mech_driver.ovsdb.ovsdb_monitor [-] Hash Ring: Node b16d70a8900259fc8dc2c4a9fc3ccddb (host: np0000180633) handling event "update" for row eb6e3ceb-4e01-453c-b125-cd45197b6539 (table: Chassis_Private) {{(pid=103522) notify /opt/stack/neutron/neutron/plugins/ml2/drivers/ovn/mech_driver/ovsdb/ovsdb_monitor.py:1015}}
Jun 16 01:36:48.901907 np0000180633 devstack@neutron-api.service[103523]: DEBUG neutron.plugins.ml2.drivers.ovn.mech_driver.ovsdb.ovsdb_monitor [-] ChassisOVNAgentWriteEvent : Matched Chassis_Private, update, None None {{(pid=103523) matches /opt/stack/neutron/neutron/plugins/ml2/drivers/ovn/mech_driver/ovsdb/ovsdb_monitor.py:64}}
Jun 16 01:36:48.955512 np0000180633 devstack@neutron-api.service[103522]: DEBUG neutron.plugins.ml2.drivers.helpers [None req-619b2e15-d5c5-4939-9a99-4a5e2f4268de admin admin] geneve segment allocate from pool success with {'geneve_vni': 48543} {{(pid=103522) allocate_partially_specified_segment /opt/stack/neutron/neutron/plugins/ml2/drivers/helpers.py:142}}
Jun 16 01:36:48.971903 np0000180633 devstack@neutron-api.service[103522]: DEBUG neutron_lib.callbacks.manager [None req-619b2e15-d5c5-4939-9a99-4a5e2f4268de admin admin] Publish callbacks ['neutron.services.segments.db._add_segment_host_mapping_for_segment-7853257339928', 'neutron.plugins.ml2.plugin.Ml2Plugin._handle_segment_change-96481'] for segment (16b220ff-4846-423c-81a8-d0a80b0d41d6), precommit_create {{(pid=103522) _notify_loop /opt/stack/data/venv/lib/python3.12/site-packages/neutron_lib/callbacks/manager.py:184}}
Jun 16 01:36:48.972248 np0000180633 devstack@neutron-api.service[103522]: INFO neutron.db.segments_db [None req-619b2e15-d5c5-4939-9a99-4a5e2f4268de admin admin] Added segment 16b220ff-4846-423c-81a8-d0a80b0d41d6 of type geneve for network e202d885-2b7c-43ff-8c35-b709a00a994b
Jun 16 01:36:49.027252 np0000180633 devstack@neutron-api.service[103522]: DEBUG neutron_lib.callbacks.manager [None req-619b2e15-d5c5-4939-9a99-4a5e2f4268de admin admin] Publish callbacks ['neutron.services.auto_allocate.db._ensure_external_network_default_value_callback-7853255666448'] for network (e202d885-2b7c-43ff-8c35-b709a00a994b), precommit_create {{(pid=103522) _notify_loop /opt/stack/data/venv/lib/python3.12/site-packages/neutron_lib/callbacks/manager.py:184}}
Jun 16 01:36:49.046515 np0000180633 devstack@neutron-api.service[103522]: DEBUG neutron.plugins.ml2.drivers.ovn.mech_driver.mech_driver [None req-619b2e15-d5c5-4939-9a99-4a5e2f4268de admin admin] Validating network segment with type geneve, segmentation ID 48543, physical network None {{(pid=103522) _validate_network_segments /opt/stack/neutron/neutron/plugins/ml2/drivers/ovn/mech_driver/mech_driver.py:643}}
Jun 16 01:36:49.046719 np0000180633 devstack@neutron-api.service[103522]: DEBUG neutron.db.ovn_revision_numbers_db [None req-619b2e15-d5c5-4939-9a99-4a5e2f4268de admin admin] create_initial_revision uuid=e202d885-2b7c-43ff-8c35-b709a00a994b, type=networks, rev=-1 {{(pid=103522) create_initial_revision /opt/stack/neutron/neutron/db/ovn_revision_numbers_db.py:98}}
Jun 16 01:36:49.073903 np0000180633 devstack@neutron-api.service[103522]: DEBUG neutron_lib.callbacks.manager [None req-619b2e15-d5c5-4939-9a99-4a5e2f4268de admin admin] Publish callbacks ['neutron.plugins.ml2.ovo_rpc._ObjectChangeHandler.handle_event-2056589'] for network (e202d885-2b7c-43ff-8c35-b709a00a994b), after_create {{(pid=103522) _notify_loop /opt/stack/data/venv/lib/python3.12/site-packages/neutron_lib/callbacks/manager.py:184}}
Jun 16 01:36:49.130419 np0000180633 devstack@neutron-api.service[103522]: DEBUG neutron.api.rpc.handlers.resources_rpc [None req-619b2e15-d5c5-4939-9a99-4a5e2f4268de admin admin] Pushing event updated for resources: {'Network': ['ID=e202d885-2b7c-43ff-8c35-b709a00a994b,revision_number=1']} {{(pid=103522) push /opt/stack/neutron/neutron/api/rpc/handlers/resources_rpc.py:237}}
Jun 16 01:36:49.141742 np0000180633 devstack@neutron-api.service[103522]: DEBUG ovsdbapp.backend.ovs_idl.transaction [-] Running txn n=1 command(idx=0): AddNetworkCommand(_result=None, network_uuid=e202d885-2b7c-43ff-8c35-b709a00a994b, may_exist=True, columns={'external_ids': {'neutron:network_name': 'private', 'neutron:mtu': '1372', 'neutron:revision_number': '1', 'neutron:availability_zone_hints': '', 'neutron:provnet-network-type': 'geneve'}, 'other_config': {'mcast_snoop': 'false', 'mcast_flood_unregistered': 'false', 'vlan-passthru': 'false'}}) {{(pid=103522) do_commit /opt/stack/data/venv/lib/python3.12/site-packages/ovsdbapp/backend/ovs_idl/transaction.py:89}}
Jun 16 01:36:49.142403 np0000180633 devstack@neutron-api.service[103522]: DEBUG neutron.common.ovn.utils [-] OVS persist_uuid supported=True {{(pid=103522) ovs_persist_uuid_supported /opt/stack/neutron/neutron/common/ovn/utils.py:1544}}
Jun 16 01:36:49.149724 np0000180633 devstack@neutron-api.service[103523]: DEBUG neutron.plugins.ml2.drivers.ovn.mech_driver.ovsdb.ovsdb_monitor [-] Hash Ring: Node 3f09d36f65c759d5a8281ff32bbdaa52 (host: np0000180633) handling event "create" for row e202d885-2b7c-43ff-8c35-b709a00a994b (table: Logical_Switch) {{(pid=103523) notify /opt/stack/neutron/neutron/plugins/ml2/drivers/ovn/mech_driver/ovsdb/ovsdb_monitor.py:1015}}
Jun 16 01:36:49.150074 np0000180633 devstack@neutron-api.service[103521]: DEBUG neutron.plugins.ml2.drivers.ovn.mech_driver.ovsdb.ovsdb_monitor [-] Hash Ring: Node e0c0ba5fb5a7506ab5348f2dc486aeaf (host: np0000180633) handling event "create" for row e202d885-2b7c-43ff-8c35-b709a00a994b (table: Logical_Switch) {{(pid=103521) notify /opt/stack/neutron/neutron/plugins/ml2/drivers/ovn/mech_driver/ovsdb/ovsdb_monitor.py:1015}}
Jun 16 01:36:49.154078 np0000180633 devstack@neutron-api.service[103521]: DEBUG neutron.plugins.ml2.drivers.ovn.mech_driver.ovsdb.ovsdb_monitor [-] Hash Ring: Node e0c0ba5fb5a7506ab5348f2dc486aeaf (host: np0000180633) handling event "create" for row bddb6d8f-2771-454a-a7f9-8ba72f941715 (table: Datapath_Binding) {{(pid=103521) notify /opt/stack/neutron/neutron/plugins/ml2/drivers/ovn/mech_driver/ovsdb/ovsdb_monitor.py:1015}}
Jun 16 01:36:49.154656 np0000180633 devstack@neutron-api.service[103523]: DEBUG neutron.plugins.ml2.drivers.ovn.mech_driver.ovsdb.ovsdb_monitor [-] Hash Ring: Node 3f09d36f65c759d5a8281ff32bbdaa52 (host: np0000180633) handling event "create" for row bddb6d8f-2771-454a-a7f9-8ba72f941715 (table: Datapath_Binding) {{(pid=103523) notify /opt/stack/neutron/neutron/plugins/ml2/drivers/ovn/mech_driver/ovsdb/ovsdb_monitor.py:1015}}
Jun 16 01:36:49.181756 np0000180633 devstack@neutron-api.service[103522]: INFO neutron.db.ovn_revision_numbers_db [None req-619b2e15-d5c5-4939-9a99-4a5e2f4268de admin admin] Successfully bumped revision number for resource e202d885-2b7c-43ff-8c35-b709a00a994b (type: networks) to 1
Jun 16 01:36:49.251486 np0000180633 devstack@neutron-api.service[103522]: DEBUG neutron_lib.callbacks.manager [None req-619b2e15-d5c5-4939-9a99-4a5e2f4268de admin admin] Publish callbacks ['neutron.plugins.ml2.plugin.SecurityGroupDbMixin._ensure_default_security_group_handler-344419'] for port (None), before_create {{(pid=103522) _notify_loop /opt/stack/data/venv/lib/python3.12/site-packages/neutron_lib/callbacks/manager.py:184}}
Jun 16 01:36:49.548981 np0000180633 devstack@neutron-api.service[103522]: DEBUG neutron_lib.callbacks.manager [None req-619b2e15-d5c5-4939-9a99-4a5e2f4268de admin admin] Publish callbacks ['neutron.plugins.ml2.drivers.ovn.mech_driver.mech_driver.OVNMechanismDriver._validate_allowed_address_pairs-854807'] for allowed_address_pair (e19a0dac-2829-4768-ace7-6ef6711b83f9), before_create {{(pid=103522) _notify_loop /opt/stack/data/venv/lib/python3.12/site-packages/neutron_lib/callbacks/manager.py:184}}
Jun 16 01:36:49.550328 np0000180633 devstack@neutron-api.service[103522]: DEBUG neutron_lib.callbacks.manager [None req-619b2e15-d5c5-4939-9a99-4a5e2f4268de admin admin] Publish callbacks [] for port (e19a0dac-2829-4768-ace7-6ef6711b83f9), precommit_create {{(pid=103522) _notify_loop /opt/stack/data/venv/lib/python3.12/site-packages/neutron_lib/callbacks/manager.py:184}}
Jun 16 01:36:49.550328 np0000180633 devstack@neutron-api.service[103522]: DEBUG neutron.plugins.ml2.drivers.ovn.mech_driver.mech_driver [None req-619b2e15-d5c5-4939-9a99-4a5e2f4268de admin admin] No provisioning block for port e19a0dac-2829-4768-ace7-6ef6711b83f9 since it does not have a host {{(pid=103522) _is_port_provisioning_required /opt/stack/neutron/neutron/plugins/ml2/drivers/ovn/mech_driver/mech_driver.py:896}}
Jun 16 01:36:49.550328 np0000180633 devstack@neutron-api.service[103522]: DEBUG neutron.db.ovn_revision_numbers_db [None req-619b2e15-d5c5-4939-9a99-4a5e2f4268de admin admin] create_initial_revision uuid=e19a0dac-2829-4768-ace7-6ef6711b83f9, type=ports, rev=-1 {{(pid=103522) create_initial_revision /opt/stack/neutron/neutron/db/ovn_revision_numbers_db.py:98}}
Jun 16 01:36:49.630810 np0000180633 devstack@neutron-api.service[103522]: DEBUG neutron_lib.callbacks.manager [None req-619b2e15-d5c5-4939-9a99-4a5e2f4268de admin admin] Publish callbacks ['neutron.plugins.ml2.ovo_rpc._ObjectChangeHandler.handle_event-2056604'] for port (e19a0dac-2829-4768-ace7-6ef6711b83f9), after_create {{(pid=103522) _notify_loop /opt/stack/data/venv/lib/python3.12/site-packages/neutron_lib/callbacks/manager.py:184}}
Jun 16 01:36:49.697133 np0000180633 devstack@neutron-api.service[103522]: DEBUG neutron.api.rpc.handlers.resources_rpc [None req-619b2e15-d5c5-4939-9a99-4a5e2f4268de admin admin] Pushing event updated for resources: {'Port': ['ID=e19a0dac-2829-4768-ace7-6ef6711b83f9,revision_number=1']} {{(pid=103522) push /opt/stack/neutron/neutron/api/rpc/handlers/resources_rpc.py:237}}
Jun 16 01:36:49.738494 np0000180633 devstack@neutron-api.service[103522]: DEBUG neutron.plugins.ml2.drivers.ovn.mech_driver.ovsdb.commands [None req-619b2e15-d5c5-4939-9a99-4a5e2f4268de admin admin] Converting tag [] to a tag_request {{(pid=103522) _tag_column_to_tag_request /opt/stack/neutron/neutron/plugins/ml2/drivers/ovn/mech_driver/ovsdb/commands.py:205}}
Jun 16 01:36:49.739019 np0000180633 devstack@neutron-api.service[103522]: DEBUG ovsdbapp.backend.ovs_idl.transaction [-] Running txn n=1 command(idx=0): AddLSwitchPortCommand(_result=None, lport=e19a0dac-2829-4768-ace7-6ef6711b83f9, lswitch=neutron-e202d885-2b7c-43ff-8c35-b709a00a994b, may_exist=True, network_uuid=e202d885-2b7c-43ff-8c35-b709a00a994b, columns={'addresses': ['fa:16:3e:d5:16:9c'], 'external_ids': {'neutron:port_name': '', 'neutron:device_id': 'ovnmeta-e202d885-2b7c-43ff-8c35-b709a00a994b', 'neutron:project_id': 'a3f45d81a7524c3980c2a8e8ce31b153', 'neutron:cidrs': '', 'neutron:device_owner': 'network:distributed', 'neutron:subnet_pool_addr_scope4': '', 'neutron:subnet_pool_addr_scope6': '', 'neutron:network_name': 'neutron-e202d885-2b7c-43ff-8c35-b709a00a994b', 'neutron:security_group_ids': '', 'neutron:revision_number': '1', 'neutron:vnic_type': 'normal', 'neutron:port_capabilities': '', 'neutron:mtu': '1372'}, 'parent_name': [], 'enabled': True, 'options': {}, 'type': 'localport', 'port_security': [], 'dhcpv4_options': [], 'dhcpv6_options': [], 'tag_request': []}) {{(pid=103522) do_commit /opt/stack/data/venv/lib/python3.12/site-packages/ovsdbapp/backend/ovs_idl/transaction.py:89}}
Jun 16 01:36:49.739267 np0000180633 devstack@neutron-api.service[103522]: DEBUG ovsdbapp.backend.ovs_idl.transaction [-] Running txn n=1 command(idx=1): QoSDelCommand(_result=None, switch=neutron-e202d885-2b7c-43ff-8c35-b709a00a994b, conditions=[('direction', '=', 'to-lport'), ('priority', '=', 2002), ('match', '=', 'outport == "e19a0dac-2829-4768-ace7-6ef6711b83f9"')], if_exists=True) {{(pid=103522) do_commit /opt/stack/data/venv/lib/python3.12/site-packages/ovsdbapp/backend/ovs_idl/transaction.py:89}}
Jun 16 01:36:49.739267 np0000180633 devstack@neutron-api.service[103522]: DEBUG ovsdbapp.backend.ovs_idl.transaction [-] Running txn n=1 command(idx=2): QoSDelCommand(_result=None, switch=neutron-e202d885-2b7c-43ff-8c35-b709a00a994b, conditions=[('direction', '=', 'from-lport'), ('priority', '=', 2002), ('match', '=', 'inport == "e19a0dac-2829-4768-ace7-6ef6711b83f9"')], if_exists=True) {{(pid=103522) do_commit /opt/stack/data/venv/lib/python3.12/site-packages/ovsdbapp/backend/ovs_idl/transaction.py:89}}
Jun 16 01:36:49.744869 np0000180633 devstack@neutron-api.service[103521]: DEBUG neutron.plugins.ml2.drivers.ovn.mech_driver.ovsdb.ovsdb_monitor [-] Hash Ring: Node e0c0ba5fb5a7506ab5348f2dc486aeaf (host: np0000180633) handling event "update" for row e202d885-2b7c-43ff-8c35-b709a00a994b (table: Logical_Switch) {{(pid=103521) notify /opt/stack/neutron/neutron/plugins/ml2/drivers/ovn/mech_driver/ovsdb/ovsdb_monitor.py:1015}}
Jun 16 01:36:49.745921 np0000180633 devstack@neutron-api.service[103521]: DEBUG neutron.plugins.ml2.drivers.ovn.mech_driver.ovsdb.ovsdb_monitor [-] Hash Ring: Node e0c0ba5fb5a7506ab5348f2dc486aeaf (host: np0000180633) handling event "create" for row 4f12a89b-3551-46fa-b39b-2fe4a1e60b12 (table: Logical_Switch_Port) {{(pid=103521) notify /opt/stack/neutron/neutron/plugins/ml2/drivers/ovn/mech_driver/ovsdb/ovsdb_monitor.py:1015}}
Jun 16 01:36:49.747312 np0000180633 devstack@neutron-api.service[103523]: DEBUG neutron.plugins.ml2.drivers.ovn.mech_driver.ovsdb.ovsdb_monitor [-] Hash Ring: Node 3f09d36f65c759d5a8281ff32bbdaa52 (host: np0000180633) handling event "update" for row e202d885-2b7c-43ff-8c35-b709a00a994b (table: Logical_Switch) {{(pid=103523) notify /opt/stack/neutron/neutron/plugins/ml2/drivers/ovn/mech_driver/ovsdb/ovsdb_monitor.py:1015}}
Jun 16 01:36:49.747670 np0000180633 devstack@neutron-api.service[103521]: DEBUG ovsdbapp.backend.ovs_idl.event [-] Matched CREATE: LogicalSwitchPortCreateEvent(events=('create',), table='Logical_Switch_Port', conditions=[], old_conditions=None), priority=20 to row=Logical_Switch_Port(uuid=4f12a89b-3551-46fa-b39b-2fe4a1e60b12, addresses=['fa:16:3e:d5:16:9c'], dhcpv4_options=[], dhcpv6_options=[], dynamic_addresses=[], enabled=True, external_ids={'neutron:cidrs': '', 'neutron:device_id': 'ovnmeta-e202d885-2b7c-43ff-8c35-b709a00a994b', 'neutron:device_owner': 'network:distributed', 'neutron:mtu': '1372', 'neutron:network_name': 'neutron-e202d885-2b7c-43ff-8c35-b709a00a994b', 'neutron:port_capabilities': '', 'neutron:port_name': '', 'neutron:project_id': 'a3f45d81a7524c3980c2a8e8ce31b153', 'neutron:revision_number': '1', 'neutron:security_group_ids': '', 'neutron:subnet_pool_addr_scope4': '', 'neutron:subnet_pool_addr_scope6': '', 'neutron:vnic_type': 'normal'}, ha_chassis_group=[], mirror_rules=[], name='e19a0dac-2829-4768-ace7-6ef6711b83f9', options={}, parent_name=[], port_security=[], tag=[], tag_request=[], type='localport', up=[]) old= {{(pid=103521) matches /opt/stack/data/venv/lib/python3.12/site-packages/ovsdbapp/backend/ovs_idl/event.py:55}}
Jun 16 01:36:49.749129 np0000180633 devstack@neutron-api.service[103521]: DEBUG neutron.plugins.ml2.drivers.ovn.mech_driver.ovsdb.ovsdb_monitor [-] Hash Ring: Node e0c0ba5fb5a7506ab5348f2dc486aeaf (host: np0000180633) handling event "update" for row 4f12a89b-3551-46fa-b39b-2fe4a1e60b12 (table: Logical_Switch_Port) {{(pid=103521) notify /opt/stack/neutron/neutron/plugins/ml2/drivers/ovn/mech_driver/ovsdb/ovsdb_monitor.py:1015}}
Jun 16 01:36:49.749385 np0000180633 devstack@neutron-api.service[103520]: DEBUG neutron.plugins.ml2.drivers.ovn.mech_driver.ovsdb.ovsdb_monitor [-] Hash Ring: Node da7c68311eab5c4290b2a62b8b0af0a0 (host: np0000180633) handling event "create" for row 2720a417-853f-41ed-8abf-40e0bbdc87bb (table: Port_Binding) {{(pid=103520) notify /opt/stack/neutron/neutron/plugins/ml2/drivers/ovn/mech_driver/ovsdb/ovsdb_monitor.py:1015}}
Jun 16 01:36:49.750311 np0000180633 devstack@neutron-api.service[103520]: DEBUG neutron.plugins.ml2.drivers.ovn.mech_driver.ovsdb.ovsdb_monitor [-] Hash Ring: Node da7c68311eab5c4290b2a62b8b0af0a0 (host: np0000180633) handling event "create" for row 4f12a89b-3551-46fa-b39b-2fe4a1e60b12 (table: Logical_Switch_Port) {{(pid=103520) notify /opt/stack/neutron/neutron/plugins/ml2/drivers/ovn/mech_driver/ovsdb/ovsdb_monitor.py:1015}}
Jun 16 01:36:49.751437 np0000180633 devstack@neutron-api.service[103520]: DEBUG ovsdbapp.backend.ovs_idl.event [-] Matched CREATE: LogicalSwitchPortCreateEvent(events=('create',), table='Logical_Switch_Port', conditions=[], old_conditions=None), priority=20 to row=Logical_Switch_Port(uuid=4f12a89b-3551-46fa-b39b-2fe4a1e60b12, addresses=['fa:16:3e:d5:16:9c'], dhcpv4_options=[], dhcpv6_options=[], dynamic_addresses=[], enabled=True, external_ids={'neutron:cidrs': '', 'neutron:device_id': 'ovnmeta-e202d885-2b7c-43ff-8c35-b709a00a994b', 'neutron:device_owner': 'network:distributed', 'neutron:mtu': '1372', 'neutron:network_name': 'neutron-e202d885-2b7c-43ff-8c35-b709a00a994b', 'neutron:port_capabilities': '', 'neutron:port_name': '', 'neutron:project_id': 'a3f45d81a7524c3980c2a8e8ce31b153', 'neutron:revision_number': '1', 'neutron:security_group_ids': '', 'neutron:subnet_pool_addr_scope4': '', 'neutron:subnet_pool_addr_scope6': '', 'neutron:vnic_type': 'normal'}, ha_chassis_group=[], mirror_rules=[], name='e19a0dac-2829-4768-ace7-6ef6711b83f9', options={}, parent_name=[], port_security=[], tag=[], tag_request=[], type='localport', up=[]) old= {{(pid=103520) matches /opt/stack/data/venv/lib/python3.12/site-packages/ovsdbapp/backend/ovs_idl/event.py:55}}
Jun 16 01:36:49.751557 np0000180633 devstack@neutron-api.service[103521]: INFO neutron.plugins.ml2.drivers.ovn.mech_driver.mech_driver [-] OVN reports status down for port: e19a0dac-2829-4768-ace7-6ef6711b83f9
Jun 16 01:36:49.752495 np0000180633 devstack@neutron-api.service[103520]: INFO neutron.plugins.ml2.drivers.ovn.mech_driver.mech_driver [-] OVN reports status down for port: e19a0dac-2829-4768-ace7-6ef6711b83f9
Jun 16 01:36:49.752980 np0000180633 devstack@neutron-api.service[103521]: DEBUG neutron.plugins.ml2.drivers.ovn.mech_driver.ovsdb.ovsdb_monitor [-] Hash Ring: Node e0c0ba5fb5a7506ab5348f2dc486aeaf (host: np0000180633) handling event "create" for row 2720a417-853f-41ed-8abf-40e0bbdc87bb (table: Port_Binding) {{(pid=103521) notify /opt/stack/neutron/neutron/plugins/ml2/drivers/ovn/mech_driver/ovsdb/ovsdb_monitor.py:1015}}
Jun 16 01:36:49.753239 np0000180633 devstack@neutron-api.service[103520]: DEBUG neutron.plugins.ml2.drivers.ovn.mech_driver.ovsdb.ovsdb_monitor [-] Hash Ring: Node da7c68311eab5c4290b2a62b8b0af0a0 (host: np0000180633) handling event "update" for row 4f12a89b-3551-46fa-b39b-2fe4a1e60b12 (table: Logical_Switch_Port) {{(pid=103520) notify /opt/stack/neutron/neutron/plugins/ml2/drivers/ovn/mech_driver/ovsdb/ovsdb_monitor.py:1015}}
Jun 16 01:36:49.793828 np0000180633 devstack@neutron-api.service[103522]: INFO neutron.db.ovn_revision_numbers_db [None req-619b2e15-d5c5-4939-9a99-4a5e2f4268de admin admin] Successfully bumped revision number for resource e19a0dac-2829-4768-ace7-6ef6711b83f9 (type: ports) to 1
Jun 16 01:36:49.805452 np0000180633 devstack@neutron-api.service[103522]: DEBUG neutron.pecan_wsgi.hooks.policy_enforcement [None req-619b2e15-d5c5-4939-9a99-4a5e2f4268de admin admin] Attributes excluded by policy engine: ['standard_attr_id'] {{(pid=103522) _exclude_attributes_by_policy /opt/stack/neutron/neutron/pecan_wsgi/hooks/policy_enforcement.py:259}}
Jun 16 01:36:49.805869 np0000180633 devstack@neutron-api.service[103522]: DEBUG neutron_lib.callbacks.manager [None req-619b2e15-d5c5-4939-9a99-4a5e2f4268de admin admin] Publish callbacks [] for network (None), before_response {{(pid=103522) _notify_loop /opt/stack/data/venv/lib/python3.12/site-packages/neutron_lib/callbacks/manager.py:184}}
Jun 16 01:36:49.822917 np0000180633 devstack@neutron-api.service[103522]: [pid: 103522|app: 0|req: 1/5] 199.204.45.250 () {68 vars in 1357 bytes} [Tue Jun 16 01:36:48 2026] POST /networking/v2.0/networks => generated 681 bytes in 1675 msecs (HTTP/1.1 201) 4 headers in 162 bytes (1 switches on core 0)
Jun 16 01:36:49.823379 np0000180633 devstack@neutron-api.service[103521]: DEBUG neutron.db.provisioning_blocks [None req-d3349899-38ee-4f77-81a7-d43cfa666e68 None None] Transition to ACTIVE for port object e19a0dac-2829-4768-ace7-6ef6711b83f9 will not be triggered until provisioned by entity L2. {{(pid=103521) add_provisioning_component /opt/stack/neutron/neutron/db/provisioning_blocks.py:74}}
