+ COMMAND=start + start + for KEYSTONE_WSGI_SCRIPT in keystone-wsgi-public ++ type -p keystone-wsgi-public + cp -a /var/lib/openstack/bin/keystone-wsgi-public /var/www/cgi-bin/keystone/ + '[' -f /etc/apache2/envvars ']' + source /etc/apache2/envvars ++ unset HOME ++ '[' '' '!=' '' ']' ++ SUFFIX= ++ export APACHE_RUN_USER=www-data ++ APACHE_RUN_USER=www-data ++ export APACHE_RUN_GROUP=www-data ++ APACHE_RUN_GROUP=www-data ++ export APACHE_PID_FILE=/var/run/apache2/apache2.pid ++ APACHE_PID_FILE=/var/run/apache2/apache2.pid ++ export APACHE_RUN_DIR=/var/run/apache2 ++ APACHE_RUN_DIR=/var/run/apache2 ++ export APACHE_LOCK_DIR=/var/lock/apache2 ++ APACHE_LOCK_DIR=/var/lock/apache2 ++ export APACHE_LOG_DIR=/var/log/apache2 ++ APACHE_LOG_DIR=/var/log/apache2 ++ export LANG=C ++ LANG=C ++ export LANG + '[' -f /var/run/apache2/apache2.pid ']' + exec apache2 -DFOREGROUND AH00558: apache2: Could not reliably determine the server's fully qualified domain name, using 10.0.0.219. Set the 'ServerName' directive globally to suppress this message AH00558: apache2: Could not reliably determine the server's fully qualified domain name, using 10.0.0.219. Set the 'ServerName' directive globally to suppress this message
[Wed Jun 24 05:38:51.870302 2026] [mpm_event:notice] [pid 1:tid 140460102571904] AH00489: Apache/2.4.58 (Ubuntu) mod_wsgi/5.0.0 Python/3.12 configured -- resuming normal operations
[Wed Jun 24 05:38:51.870508 2026] [core:notice] [pid 1:tid 140460102571904] AH00094: Command line: 'apache2 -D FOREGROUND'
[Wed Jun 24 05:39:50.920163 2026] [wsgi:error] [pid 10:tid 140459464750784] /var/lib/openstack/lib/python3.12/site-packages/oslo_utils/importutils.py:77: EventletDeprecationWarning:
[Wed Jun 24 05:39:50.920212 2026] [wsgi:error] [pid 10:tid 140459464750784] Eventlet is deprecated. It is currently being maintained in bugfix mode, and
[Wed Jun 24 05:39:50.920214 2026] [wsgi:error] [pid 10:tid 140459464750784] we strongly recommend against using it for new projects.
[Wed Jun 24 05:39:50.920215 2026] [wsgi:error] [pid 10:tid 140459464750784]
[Wed Jun 24 05:39:50.920216 2026] [wsgi:error] [pid 10:tid 140459464750784] If you are already using Eventlet, we recommend migrating to a different
[Wed Jun 24 05:39:50.920218 2026] [wsgi:error] [pid 10:tid 140459464750784] framework. For more detail see
[Wed Jun 24 05:39:50.920219 2026] [wsgi:error] [pid 10:tid 140459464750784] https://eventlet.readthedocs.io/en/latest/asyncio/migration.html
[Wed Jun 24 05:39:50.920220 2026] [wsgi:error] [pid 10:tid 140459464750784]
[Wed Jun 24 05:39:50.920221 2026] [wsgi:error] [pid 10:tid 140459464750784] __import__(import_str)
[Wed Jun 24 05:39:50.956714 2026] [wsgi:error] [pid 9:tid 140459464750784] /var/lib/openstack/lib/python3.12/site-packages/oslo_utils/importutils.py:77: EventletDeprecationWarning:
[Wed Jun 24 05:39:50.956770 2026] [wsgi:error] [pid 9:tid 140459464750784] Eventlet is deprecated. It is currently being maintained in bugfix mode, and
[Wed Jun 24 05:39:50.956772 2026] [wsgi:error] [pid 9:tid 140459464750784] we strongly recommend against using it for new projects.
[Wed Jun 24 05:39:50.956773 2026] [wsgi:error] [pid 9:tid 140459464750784]
[Wed Jun 24 05:39:50.956774 2026] [wsgi:error] [pid 9:tid 140459464750784] If you are already using Eventlet, we recommend migrating to a different
[Wed Jun 24 05:39:50.956775 2026] [wsgi:error] [pid 9:tid 140459464750784] framework. For more detail see
[Wed Jun 24 05:39:50.956777 2026] [wsgi:error] [pid 9:tid 140459464750784] https://eventlet.readthedocs.io/en/latest/asyncio/migration.html
[Wed Jun 24 05:39:50.956778 2026] [wsgi:error] [pid 9:tid 140459464750784]
[Wed Jun 24 05:39:50.956779 2026] [wsgi:error] [pid 9:tid 140459464750784] __import__(import_str) 10.0.0.65 - - [24/Jun/2026:05:39:50 +0000] "GET /v3/ HTTP/1.1" 200 250 10.0.0.65 - - [24/Jun/2026:05:39:50 +0000] "GET /v3/ HTTP/1.1" 200 250
[Wed Jun 24 05:40:04.029955 2026] [wsgi:error] [pid 11:tid 140459464750784] /var/lib/openstack/lib/python3.12/site-packages/oslo_utils/importutils.py:77: EventletDeprecationWarning:
[Wed Jun 24 05:40:04.030014 2026] [wsgi:error] [pid 11:tid 140459464750784] Eventlet is deprecated. It is currently being maintained in bugfix mode, and
[Wed Jun 24 05:40:04.030017 2026] [wsgi:error] [pid 11:tid 140459464750784] we strongly recommend against using it for new projects.
[Wed Jun 24 05:40:04.030018 2026] [wsgi:error] [pid 11:tid 140459464750784]
[Wed Jun 24 05:40:04.030019 2026] [wsgi:error] [pid 11:tid 140459464750784] If you are already using Eventlet, we recommend migrating to a different
[Wed Jun 24 05:40:04.030020 2026] [wsgi:error] [pid 11:tid 140459464750784] framework. For more detail see
[Wed Jun 24 05:40:04.030021 2026] [wsgi:error] [pid 11:tid 140459464750784] https://eventlet.readthedocs.io/en/latest/asyncio/migration.html
[Wed Jun 24 05:40:04.030023 2026] [wsgi:error] [pid 11:tid 140459464750784]
[Wed Jun 24 05:40:04.030024 2026] [wsgi:error] [pid 11:tid 140459464750784] __import__(import_str) 10.0.0.189 - - [24/Jun/2026:05:40:03 +0000] "GET / HTTP/1.1" 300 295
[Wed Jun 24 05:40:09.462053 2026] [wsgi:error] [pid 12:tid 140459464750784] /var/lib/openstack/lib/python3.12/site-packages/oslo_utils/importutils.py:77: EventletDeprecationWarning:
[Wed Jun 24 05:40:09.462098 2026] [wsgi:error] [pid 12:tid 140459464750784] Eventlet is deprecated. It is currently being maintained in bugfix mode, and
[Wed Jun 24 05:40:09.462100 2026] [wsgi:error] [pid 12:tid 140459464750784] we strongly recommend against using it for new projects.
[Wed Jun 24 05:40:09.462101 2026] [wsgi:error] [pid 12:tid 140459464750784]
[Wed Jun 24 05:40:09.462102 2026] [wsgi:error] [pid 12:tid 140459464750784] If you are already using Eventlet, we recommend migrating to a different
[Wed Jun 24 05:40:09.462103 2026] [wsgi:error] [pid 12:tid 140459464750784] framework. For more detail see
[Wed Jun 24 05:40:09.462104 2026] [wsgi:error] [pid 12:tid 140459464750784] https://eventlet.readthedocs.io/en/latest/asyncio/migration.html
[Wed Jun 24 05:40:09.462105 2026] [wsgi:error] [pid 12:tid 140459464750784]
[Wed Jun 24 05:40:09.462106 2026] [wsgi:error] [pid 12:tid 140459464750784] __import__(import_str)
[Wed Jun 24 05:40:14.020943 2026] [wsgi:error] [pid 12:tid 140459464750784] [remote 10.0.0.189:39362] 2026-06-24 05:40:14.017 12 WARNING keystone.identity.core [None req-da3d1384-292b-44de-a389-b99fa3b63bc2 - - - - - -] Invalid domain name (atmosphere) found in config file name: keystone.exception.DomainNotFound: Could not find domain: atmosphere.
[Wed Jun 24 05:40:14.072639 2026] [wsgi:error] [pid 12:tid 140459464750784] [remote 10.0.0.189:39362] 2026-06-24 05:40:14.072 12 WARNING keystone.common.password_hashing [None req-da3d1384-292b-44de-a389-b99fa3b63bc2 - - - - - -] Truncating password to algorithm specific maximum length 72 characters.
[Wed Jun 24 05:40:14.358555 2026] [wsgi:error] [pid 12:tid 140459464750784] [remote 10.0.0.189:39362] 2026-06-24 05:40:14.358 12 WARNING keystone.common.fernet_utils [None req-da3d1384-292b-44de-a389-b99fa3b63bc2 - - - - - -] key_repository is world readable: /etc/keystone/fernet-keys/ 10.0.0.189 - - [24/Jun/2026:05:40:08 +0000] "POST /v3/auth/tokens HTTP/1.1" 201 1360
[Wed Jun 24 05:40:14.723332 2026] [wsgi:error] [pid 10:tid 140459464750784] [remote 10.0.0.189:39362] 2026-06-24 05:40:14.720 10 WARNING keystone.identity.core [None req-39f5c403-983a-4b8a-abb9-d35a3aaa8ae1 - - - - - -] Invalid domain name (atmosphere) found in config file name: keystone.exception.DomainNotFound: Could not find domain: atmosphere. 10.0.0.189 - - [24/Jun/2026:05:40:14 +0000] "POST /v3/domains HTTP/1.1" 201 261 10.0.0.234 - - [24/Jun/2026:05:40:27 +0000] "GET / HTTP/1.1" 300 295
[Wed Jun 24 05:40:27.740061 2026] [wsgi:error] [pid 11:tid 140459464750784] [remote 10.0.0.234:33916] 2026-06-24 05:40:27.739 11 WARNING keystone.common.password_hashing [None req-7ca72f82-e554-4191-878d-382c9ce03131 - - - - - -] Truncating password to algorithm specific maximum length 72 characters.
[Wed Jun 24 05:40:28.018837 2026] [wsgi:error] [pid 11:tid 140459464750784] [remote 10.0.0.234:33916] 2026-06-24 05:40:28.018 11 WARNING keystone.common.fernet_utils [None req-7ca72f82-e554-4191-878d-382c9ce03131 - - - - - -] key_repository is world readable: /etc/keystone/fernet-keys/ 10.0.0.234 - - [24/Jun/2026:05:40:27 +0000] "POST /v3/auth/tokens HTTP/1.1" 201 1360 10.0.0.234 - - [24/Jun/2026:05:40:28 +0000] "GET /v3/roles/admin HTTP/1.1" 404 83
[Wed Jun 24 05:40:28.261739 2026] [wsgi:error] [pid 10:tid 140459464750784] [remote 10.0.0.234:33916] 2026-06-24 05:40:28.261 10 WARNING keystone.common.rbac_enforcer.enforcer [None req-ae9944d0-1d55-4f60-9101-3570784842b9 984b79ec34734900876effcbbf550f23 35ef43aba41740cba3a5195059366f35 - - default default] Deprecated policy rules found. Use oslopolicy-policy-generator and oslopolicy-policy-upgrade to detect and resolve deprecated policies in your configuration. 10.0.0.234 - - [24/Jun/2026:05:40:28 +0000] "GET /v3/roles?name=admin HTTP/1.1" 200 389
[Wed Jun 24 05:40:28.784345 2026] [wsgi:error] [pid 9:tid 140459464750784] [remote 10.0.0.234:33916] 2026-06-24 05:40:28.784 9 WARNING keystone.common.rbac_enforcer.enforcer [None req-a74d841a-211b-4035-b847-3fde504295c6 984b79ec34734900876effcbbf550f23 35ef43aba41740cba3a5195059366f35 - - default default] Deprecated policy rules found. Use oslopolicy-policy-generator and oslopolicy-policy-upgrade to detect and resolve deprecated policies in your configuration. 10.0.0.234 - - [24/Jun/2026:05:40:28 +0000] "GET /v3/users/admin-RegionOne HTTP/1.1" 404 93
[Wed Jun 24 05:40:28.932651 2026] [wsgi:error] [pid 11:tid 140459464750784] [remote 10.0.0.234:33916] 2026-06-24 05:40:28.932 11 WARNING keystone.common.rbac_enforcer.enforcer [None req-3b32a407-d912-4589-bd61-2acbaacf8fe4 984b79ec34734900876effcbbf550f23 35ef43aba41740cba3a5195059366f35 - - default default] Deprecated policy rules found. Use oslopolicy-policy-generator and oslopolicy-policy-upgrade to detect and resolve deprecated policies in your configuration. 10.0.0.234 - - [24/Jun/2026:05:40:28 +0000] "GET /v3/users?name=admin-RegionOne HTTP/1.1" 200 422
[Wed Jun 24 05:40:29.092973 2026] [wsgi:error] [pid 12:tid 140459464750784] [remote 10.0.0.234:33916] 2026-06-24 05:40:29.092 12 WARNING keystone.common.rbac_enforcer.enforcer [None req-d22cf2d2-3435-410a-baeb-6e2c668551ae 984b79ec34734900876effcbbf550f23 35ef43aba41740cba3a5195059366f35 - - default default] Deprecated policy rules found. Use oslopolicy-policy-generator and oslopolicy-policy-upgrade to detect and resolve deprecated policies in your configuration. 10.0.0.234 - - [24/Jun/2026:05:40:28 +0000] "GET /v3/domains/default HTTP/1.1" 200 224 10.0.0.234 - - [24/Jun/2026:05:40:29 +0000] "PUT /v3/domains/default/users/984b79ec34734900876effcbbf550f23/roles/b391c4e8883f4d08976fbfc2f30a1588 HTTP/1.1" 204 - 10.0.0.65 - - [24/Jun/2026:05:40:39 +0000] "GET / HTTP/1.1" 300 281 10.0.0.65 - - [24/Jun/2026:05:40:40 +0000] "GET /v3 HTTP/1.1" 200 266
[Wed Jun 24 05:40:40.825366 2026] [wsgi:error] [pid 12:tid 140459464750784] [remote 10.0.0.65:40506] 2026-06-24 05:40:40.825 12 WARNING keystone.common.password_hashing [None req-fa17156a-43b9-4248-91f4-690b2eadd135 - - - - - -] Truncating password to algorithm specific maximum length 72 characters.
[Wed Jun 24 05:40:41.099031 2026] [wsgi:error] [pid 12:tid 140459464750784] [remote 10.0.0.65:40506] 2026-06-24 05:40:41.098 12 WARNING keystone.common.fernet_utils [None req-fa17156a-43b9-4248-91f4-690b2eadd135 - - - - - -] key_repository is world readable: /etc/keystone/fernet-keys/ 10.0.0.65 - - [24/Jun/2026:05:40:40 +0000] "POST /v3/auth/tokens HTTP/1.1" 201 1360 10.0.0.65 - - [24/Jun/2026:05:40:41 +0000] "GET / HTTP/1.1" 300 281 10.0.0.65 - - [24/Jun/2026:05:40:41 +0000] "GET /v3/domains/atmosphere HTTP/1.1" 404 90 10.0.0.65 - - [24/Jun/2026:05:40:41 +0000] "GET /v3/domains?name=atmosphere HTTP/1.1" 200 370 10.0.0.65 - - [24/Jun/2026:05:40:41 +0000] "GET /v3/domains/ce71345ffdf54cb189508c2bfe5076bc HTTP/1.1" 200 247 10.0.0.65 - - [24/Jun/2026:05:40:42 +0000] "GET /v3 HTTP/1.1" 200 266
[Wed Jun 24 05:40:42.161025 2026] [wsgi:error] [pid 9:tid 140459464750784] [remote 10.0.0.65:40512] 2026-06-24 05:40:42.160 9 WARNING keystone.common.password_hashing [None req-11838df7-6a9c-45dd-923f-cf9800611199 - - - - - -] Truncating password to algorithm specific maximum length 72 characters.
[Wed Jun 24 05:40:42.438232 2026] [wsgi:error] [pid 9:tid 140459464750784] [remote 10.0.0.65:40512] 2026-06-24 05:40:42.438 9 WARNING keystone.common.fernet_utils [None req-11838df7-6a9c-45dd-923f-cf9800611199 - - - - - -] key_repository is world readable: /etc/keystone/fernet-keys/ 10.0.0.65 - - [24/Jun/2026:05:40:42 +0000] "POST /v3/auth/tokens HTTP/1.1" 201 1360 10.0.0.65 - - [24/Jun/2026:05:40:42 +0000] "GET / HTTP/1.1" 300 281 10.0.0.65 - - [24/Jun/2026:05:40:42 +0000] "GET /v3/OS-FEDERATION/identity_providers/atmosphere HTTP/1.1" 404 101 10.0.0.65 - - [24/Jun/2026:05:40:42 +0000] "GET /v3/OS-FEDERATION/identity_providers HTTP/1.1" 200 156 10.0.0.65 - - [24/Jun/2026:05:40:42 +0000] "PUT /v3/OS-FEDERATION/identity_providers/atmosphere HTTP/1.1" 201 342 10.0.0.65 - - [24/Jun/2026:05:40:43 +0000] "GET /v3 HTTP/1.1" 200 266
[Wed Jun 24 05:40:43.288821 2026] [wsgi:error] [pid 12:tid 140459464750784] [remote 10.0.0.65:40506] 2026-06-24 05:40:43.288 12 WARNING keystone.common.password_hashing [None req-2d25b883-8dc4-49bf-bbd5-cd728e1a8796 - - - - - -] Truncating password to algorithm specific maximum length 72 characters.
[Wed Jun 24 05:40:43.567256 2026] [wsgi:error] [pid 12:tid 140459464750784] [remote 10.0.0.65:40506] 2026-06-24 05:40:43.567 12 WARNING keystone.common.fernet_utils [None req-2d25b883-8dc4-49bf-bbd5-cd728e1a8796 - - - - - -] key_repository is world readable: /etc/keystone/fernet-keys/ 10.0.0.65 - - [24/Jun/2026:05:40:43 +0000] "POST /v3/auth/tokens HTTP/1.1" 201 1360 10.0.0.65 - - [24/Jun/2026:05:40:43 +0000] "GET / HTTP/1.1" 300 281 10.0.0.65 - - [24/Jun/2026:05:40:43 +0000] "GET /v3/OS-FEDERATION/mappings/atmosphere-openid HTTP/1.1" 404 98 10.0.0.65 - - [24/Jun/2026:05:40:43 +0000] "GET /v3/OS-FEDERATION/mappings HTTP/1.1" 200 136 10.0.0.65 - - [24/Jun/2026:05:40:43 +0000] "PUT /v3/OS-FEDERATION/mappings/atmosphere-openid HTTP/1.1" 201 357 10.0.0.65 - - [24/Jun/2026:05:40:44 +0000] "GET /v3 HTTP/1.1" 200 266
[Wed Jun 24 05:40:44.418819 2026] [wsgi:error] [pid 9:tid 140459464750784] [remote 10.0.0.65:40506] 2026-06-24 05:40:44.418 9 WARNING keystone.common.password_hashing [None req-06d169da-bd4b-477e-9542-dd7f460852c6 - - - - - -] Truncating password to algorithm specific maximum length 72 characters.
[Wed Jun 24 05:40:44.703877 2026] [wsgi:error] [pid 9:tid 140459464750784] [remote 10.0.0.65:40506] 2026-06-24 05:40:44.703 9 WARNING keystone.common.fernet_utils [None req-06d169da-bd4b-477e-9542-dd7f460852c6 - - - - - -] key_repository is world readable: /etc/keystone/fernet-keys/ 10.0.0.65 - - [24/Jun/2026:05:40:44 +0000] "POST /v3/auth/tokens HTTP/1.1" 201 1360 10.0.0.65 - - [24/Jun/2026:05:40:44 +0000] "GET / HTTP/1.1" 300 281 10.0.0.65 - - [24/Jun/2026:05:40:44 +0000] "GET /v3/OS-FEDERATION/identity_providers/atmosphere/protocols/openid?idp_id=atmosphere HTTP/1.1" 404 131 10.0.0.65 - - [24/Jun/2026:05:40:44 +0000] "GET /v3/OS-FEDERATION/identity_providers/atmosphere/protocols HTTP/1.1" 200 168 10.0.0.65 - - [24/Jun/2026:05:40:44 +0000] "PUT /v3/OS-FEDERATION/identity_providers/atmosphere/protocols/openid HTTP/1.1" 201 224 10.0.0.65 - - [24/Jun/2026:05:40:50 +0000] "GET /v3/ HTTP/1.1" 200 250 10.0.0.65 - - [24/Jun/2026:05:40:50 +0000] "GET /v3/ HTTP/1.1" 200 250 10.0.0.65 - - [24/Jun/2026:05:41:50 +0000] "GET /v3/ HTTP/1.1" 200 250 10.0.0.65 - - [24/Jun/2026:05:41:50 +0000] "GET /v3/ HTTP/1.1" 200 250 10.0.0.229 - - [24/Jun/2026:05:42:07 +0000] "GET / HTTP/1.1" 300 295
[Wed Jun 24 05:42:07.271717 2026] [wsgi:error] [pid 12:tid 140459464750784] [remote 10.0.0.229:42934] 2026-06-24 05:42:07.271 12 WARNING keystone.common.password_hashing [None req-d6c7060a-fcc9-423b-bcec-0a70738c43fa - - - - - -] Truncating password to algorithm specific maximum length 72 characters.
[Wed Jun 24 05:42:07.556622 2026] [wsgi:error] [pid 12:tid 140459464750784] [remote 10.0.0.229:42934] 2026-06-24 05:42:07.556 12 WARNING keystone.common.fernet_utils [None req-d6c7060a-fcc9-423b-bcec-0a70738c43fa - - - - - -] key_repository is world readable: /etc/keystone/fernet-keys/ 10.0.0.229 - - [24/Jun/2026:05:42:07 +0000] "POST /v3/auth/tokens HTTP/1.1" 201 1360 10.0.0.229 - - [24/Jun/2026:05:42:07 +0000] "GET /v3/services HTTP/1.1" 200 355 10.0.0.229 - - [24/Jun/2026:05:42:11 +0000] "GET / HTTP/1.1" 300 295
[Wed Jun 24 05:42:11.251218 2026] [wsgi:error] [pid 11:tid 140459464750784] [remote 10.0.0.229:42938] 2026-06-24 05:42:11.251 11 WARNING keystone.common.password_hashing [None req-5975a784-4ab8-47b5-b995-ff43b8c344b6 - - - - - -] Truncating password to algorithm specific maximum length 72 characters.
[Wed Jun 24 05:42:11.533991 2026] [wsgi:error] [pid 11:tid 140459464750784] [remote 10.0.0.229:42938] 2026-06-24 05:42:11.533 11 WARNING keystone.common.fernet_utils [None req-5975a784-4ab8-47b5-b995-ff43b8c344b6 - - - - - -] key_repository is world readable: /etc/keystone/fernet-keys/ 10.0.0.229 - - [24/Jun/2026:05:42:11 +0000] "POST /v3/auth/tokens HTTP/1.1" 201 1360 10.0.0.229 - - [24/Jun/2026:05:42:11 +0000] "GET /v3/services HTTP/1.1" 200 355 10.0.0.229 - - [24/Jun/2026:05:42:15 +0000] "GET / HTTP/1.1" 300 295
[Wed Jun 24 05:42:15.131419 2026] [wsgi:error] [pid 9:tid 140459464750784] [remote 10.0.0.229:33842] 2026-06-24 05:42:15.131 9 WARNING keystone.common.password_hashing [None req-135a573a-3768-4ad7-8bfb-5d1d32e2c98d - - - - - -] Truncating password to algorithm specific maximum length 72 characters.
[Wed Jun 24 05:42:15.407787 2026] [wsgi:error] [pid 9:tid 140459464750784] [remote 10.0.0.229:33842] 2026-06-24 05:42:15.407 9 WARNING keystone.common.fernet_utils [None req-135a573a-3768-4ad7-8bfb-5d1d32e2c98d - - - - - -] key_repository is world readable: /etc/keystone/fernet-keys/ 10.0.0.229 - - [24/Jun/2026:05:42:15 +0000] "POST /v3/auth/tokens HTTP/1.1" 201 1360 10.0.0.229 - - [24/Jun/2026:05:42:15 +0000] "GET /v3/services HTTP/1.1" 200 355 10.0.0.229 - - [24/Jun/2026:05:42:19 +0000] "GET / HTTP/1.1" 300 295
[Wed Jun 24 05:42:19.062648 2026] [wsgi:error] [pid 10:tid 140459464750784] [remote 10.0.0.229:33852] 2026-06-24 05:42:19.062 10 WARNING keystone.common.password_hashing [None req-107f1480-ffae-4320-916f-a4ea75424b43 - - - - - -] Truncating password to algorithm specific maximum length 72 characters.
[Wed Jun 24 05:42:19.336939 2026] [wsgi:error] [pid 10:tid 140459464750784] [remote 10.0.0.229:33852] 2026-06-24 05:42:19.336 10 WARNING keystone.common.fernet_utils [None req-107f1480-ffae-4320-916f-a4ea75424b43 - - - - - -] key_repository is world readable: /etc/keystone/fernet-keys/ 10.0.0.229 - - [24/Jun/2026:05:42:19 +0000] "POST /v3/auth/tokens HTTP/1.1" 201 1360 10.0.0.229 - - [24/Jun/2026:05:42:19 +0000] "POST /v3/services HTTP/1.1" 201 296 10.0.0.139 - - [24/Jun/2026:05:42:30 +0000] "GET / HTTP/1.1" 300 295
[Wed Jun 24 05:42:30.388459 2026] [wsgi:error] [pid 12:tid 140459464750784] [remote 10.0.0.139:36296] 2026-06-24 05:42:30.388 12 WARNING keystone.common.password_hashing [None req-74bae2c7-cbb7-4853-b9d0-ee62ef55877f - - - - - -] Truncating password to algorithm specific maximum length 72 characters. 10.0.0.139 - - [24/Jun/2026:05:42:30 +0000] "GET / HTTP/1.1" 300 295
[Wed Jun 24 05:42:30.561040 2026] [wsgi:error] [pid 9:tid 140459464750784] [remote 10.0.0.139:36304] 2026-06-24 05:42:30.560 9 WARNING keystone.common.password_hashing [None req-5bd573a6-4c56-41eb-ae1f-0a292aea6bf1 - - - - - -] Truncating password to algorithm specific maximum length 72 characters.
[Wed Jun 24 05:42:30.658350 2026] [wsgi:error] [pid 12:tid 140459464750784] [remote 10.0.0.139:36296] 2026-06-24 05:42:30.658 12 WARNING keystone.common.fernet_utils [None req-74bae2c7-cbb7-4853-b9d0-ee62ef55877f - - - - - -] key_repository is world readable: /etc/keystone/fernet-keys/ 10.0.0.139 - - [24/Jun/2026:05:42:30 +0000] "POST /v3/auth/tokens HTTP/1.1" 201 1464 10.0.0.139 - - [24/Jun/2026:05:42:30 +0000] "GET / HTTP/1.1" 300 295 10.0.0.139 - - [24/Jun/2026:05:42:30 +0000] "GET /v3/services HTTP/1.1" 200 639
[Wed Jun 24 05:42:30.801703 2026] [wsgi:error] [pid 12:tid 140459464750784] [remote 10.0.0.139:36320] 2026-06-24 05:42:30.801 12 WARNING keystone.common.password_hashing [None req-5d2b40f0-1883-4e02-9fb7-7bc4ac86060c - - - - - -] Truncating password to algorithm specific maximum length 72 characters.
[Wed Jun 24 05:42:30.831056 2026] [wsgi:error] [pid 9:tid 140459464750784] [remote 10.0.0.139:36304] 2026-06-24 05:42:30.830 9 WARNING keystone.common.fernet_utils [None req-5bd573a6-4c56-41eb-ae1f-0a292aea6bf1 - - - - - -] key_repository is world readable: /etc/keystone/fernet-keys/ 10.0.0.139 - - [24/Jun/2026:05:42:30 +0000] "POST /v3/auth/tokens HTTP/1.1" 201 1464 10.0.0.139 - - [24/Jun/2026:05:42:30 +0000] "GET /v3/services HTTP/1.1" 200 639
[Wed Jun 24 05:42:31.071244 2026] [wsgi:error] [pid 12:tid 140459464750784] [remote 10.0.0.139:36320] 2026-06-24 05:42:31.071 12 WARNING keystone.common.fernet_utils [None req-5d2b40f0-1883-4e02-9fb7-7bc4ac86060c - - - - - -] key_repository is world readable: /etc/keystone/fernet-keys/ 10.0.0.139 - - [24/Jun/2026:05:42:30 +0000] "POST /v3/auth/tokens HTTP/1.1" 201 1464 10.0.0.139 - - [24/Jun/2026:05:42:31 +0000] "GET /v3/services HTTP/1.1" 200 639 10.0.0.139 - - [24/Jun/2026:05:42:32 +0000] "GET / HTTP/1.1" 300 295
[Wed Jun 24 05:42:32.394221 2026] [wsgi:error] [pid 10:tid 140459464750784] [remote 10.0.0.139:36328] 2026-06-24 05:42:32.394 10 WARNING keystone.common.password_hashing [None req-8ce33f92-403d-4ef5-92d6-f3c6e396371f - - - - - -] Truncating password to algorithm specific maximum length 72 characters. 10.0.0.139 - - [24/Jun/2026:05:42:32 +0000] "GET / HTTP/1.1" 300 295
[Wed Jun 24 05:42:32.509132 2026] [wsgi:error] [pid 11:tid 140459464750784] [remote 10.0.0.139:36332] 2026-06-24 05:42:32.508 11 WARNING keystone.common.password_hashing [None req-290511d5-b5b2-424a-b4f2-454e0085eb99 - - - - - -] Truncating password to algorithm specific maximum length 72 characters. 10.0.0.139 - - [24/Jun/2026:05:42:32 +0000] "GET / HTTP/1.1" 300 295
[Wed Jun 24 05:42:32.675915 2026] [wsgi:error] [pid 10:tid 140459464750784] [remote 10.0.0.139:36328] 2026-06-24 05:42:32.675 10 WARNING keystone.common.fernet_utils [None req-8ce33f92-403d-4ef5-92d6-f3c6e396371f - - - - - -] key_repository is world readable: /etc/keystone/fernet-keys/ 10.0.0.139 - - [24/Jun/2026:05:42:32 +0000] "POST /v3/auth/tokens HTTP/1.1" 201 1464
[Wed Jun 24 05:42:32.685197 2026] [wsgi:error] [pid 12:tid 140459464750784] [remote 10.0.0.139:36342] 2026-06-24 05:42:32.685 12 WARNING keystone.common.password_hashing [None req-f5fb0189-d74c-4bab-a3eb-ade09d27a3fe - - - - - -] Truncating password to algorithm specific maximum length 72 characters.
[Wed Jun 24 05:42:32.785344 2026] [wsgi:error] [pid 11:tid 140459464750784] [remote 10.0.0.139:36332] 2026-06-24 05:42:32.785 11 WARNING keystone.common.fernet_utils [None req-290511d5-b5b2-424a-b4f2-454e0085eb99 - - - - - -] key_repository is world readable: /etc/keystone/fernet-keys/ 10.0.0.139 - - [24/Jun/2026:05:42:32 +0000] "POST /v3/auth/tokens HTTP/1.1" 201 1464 10.0.0.139 - - [24/Jun/2026:05:42:32 +0000] "GET /v3/endpoints HTTP/1.1" 200 1227 10.0.0.139 - - [24/Jun/2026:05:42:32 +0000] "GET /v3/services/9629edde194f4ee0a8ccb17ca3bf265d HTTP/1.1" 200 233 10.0.0.139 - - [24/Jun/2026:05:42:32 +0000] "GET /v3/services/9629edde194f4ee0a8ccb17ca3bf265d HTTP/1.1" 200 233 10.0.0.139 - - [24/Jun/2026:05:42:32 +0000] "GET /v3/services/9629edde194f4ee0a8ccb17ca3bf265d HTTP/1.1" 200 233 10.0.0.139 - - [24/Jun/2026:05:42:32 +0000] "GET /v3/endpoints HTTP/1.1" 200 1227 10.0.0.139 - - [24/Jun/2026:05:42:32 +0000] "GET /v3/services/9629edde194f4ee0a8ccb17ca3bf265d HTTP/1.1" 200 233 10.0.0.139 - - [24/Jun/2026:05:42:32 +0000] "GET /v3/services/9629edde194f4ee0a8ccb17ca3bf265d HTTP/1.1" 200 233
[Wed Jun 24 05:42:32.953014 2026] [wsgi:error] [pid 12:tid 140459464750784] [remote 10.0.0.139:36342] 2026-06-24 05:42:32.952 12 WARNING keystone.common.fernet_utils [None req-f5fb0189-d74c-4bab-a3eb-ade09d27a3fe - - - - - -] key_repository is world readable: /etc/keystone/fernet-keys/ 10.0.0.139 - - [24/Jun/2026:05:42:32 +0000] "POST /v3/auth/tokens HTTP/1.1" 201 1464 10.0.0.139 - - [24/Jun/2026:05:42:32 +0000] "GET /v3/services/9629edde194f4ee0a8ccb17ca3bf265d HTTP/1.1" 200 233 10.0.0.139 - - [24/Jun/2026:05:42:33 +0000] "GET /v3/endpoints HTTP/1.1" 200 1227 10.0.0.139 - - [24/Jun/2026:05:42:33 +0000] "GET /v3/services/9629edde194f4ee0a8ccb17ca3bf265d HTTP/1.1" 200 233 10.0.0.139 - - [24/Jun/2026:05:42:33 +0000] "GET /v3/services/9629edde194f4ee0a8ccb17ca3bf265d HTTP/1.1" 200 233 10.0.0.139 - - [24/Jun/2026:05:42:33 +0000] "GET /v3/services/9629edde194f4ee0a8ccb17ca3bf265d HTTP/1.1" 200 233 10.0.0.139 - - [24/Jun/2026:05:42:34 +0000] "GET / HTTP/1.1" 300 295
[Wed Jun 24 05:42:34.340953 2026] [wsgi:error] [pid 9:tid 140459464750784] [remote 10.0.0.139:60028] 2026-06-24 05:42:34.340 9 WARNING keystone.common.password_hashing [None req-1b5099dd-5531-4830-ac28-cb34d04c298c - - - - - -] Truncating password to algorithm specific maximum length 72 characters. 10.0.0.139 - - [24/Jun/2026:05:42:34 +0000] "GET / HTTP/1.1" 300 295
[Wed Jun 24 05:42:34.413076 2026] [wsgi:error] [pid 10:tid 140459464750784] [remote 10.0.0.139:60032] 2026-06-24 05:42:34.412 10 WARNING keystone.common.password_hashing [None req-606144ce-9db2-4ccc-8ddc-add233a6e0c3 - - - - - -] Truncating password to algorithm specific maximum length 72 characters. 10.0.0.139 - - [24/Jun/2026:05:42:34 +0000] "GET / HTTP/1.1" 300 295
[Wed Jun 24 05:42:34.570421 2026] [wsgi:error] [pid 12:tid 140459464750784] [remote 10.0.0.139:60048] 2026-06-24 05:42:34.570 12 WARNING keystone.common.password_hashing [None req-fae2fcd2-40ec-4c68-9d09-ee23b5c348d2 - - - - - -] Truncating password to algorithm specific maximum length 72 characters.
[Wed Jun 24 05:42:34.634950 2026] [wsgi:error] [pid 9:tid 140459464750784] [remote 10.0.0.139:60028] 2026-06-24 05:42:34.634 9 WARNING keystone.common.fernet_utils [None req-1b5099dd-5531-4830-ac28-cb34d04c298c - - - - - -] key_repository is world readable: /etc/keystone/fernet-keys/ 10.0.0.139 - - [24/Jun/2026:05:42:34 +0000] "POST /v3/auth/tokens HTTP/1.1" 201 1464
[Wed Jun 24 05:42:34.698001 2026] [wsgi:error] [pid 10:tid 140459464750784] [remote 10.0.0.139:60032] 2026-06-24 05:42:34.697 10 WARNING keystone.common.fernet_utils [None req-606144ce-9db2-4ccc-8ddc-add233a6e0c3 - - - - - -] key_repository is world readable: /etc/keystone/fernet-keys/ 10.0.0.139 - - [24/Jun/2026:05:42:34 +0000] "POST /v3/auth/tokens HTTP/1.1" 201 1464 10.0.0.139 - - [24/Jun/2026:05:42:34 +0000] "GET /v3/services/62e9b24e39694c9b9deeb0e468c9a352 HTTP/1.1" 200 296 10.0.0.139 - - [24/Jun/2026:05:42:34 +0000] "GET /v3/regions/RegionOne HTTP/1.1" 200 173 10.0.0.139 - - [24/Jun/2026:05:42:34 +0000] "GET /v3/services/62e9b24e39694c9b9deeb0e468c9a352 HTTP/1.1" 200 296 10.0.0.139 - - [24/Jun/2026:05:42:34 +0000] "POST /v3/endpoints HTTP/1.1" 201 380
[Wed Jun 24 05:42:34.845147 2026] [wsgi:error] [pid 12:tid 140459464750784] [remote 10.0.0.139:60048] 2026-06-24 05:42:34.845 12 WARNING keystone.common.fernet_utils [None req-fae2fcd2-40ec-4c68-9d09-ee23b5c348d2 - - - - - -] key_repository is world readable: /etc/keystone/fernet-keys/ 10.0.0.139 - - [24/Jun/2026:05:42:34 +0000] "GET /v3/regions/RegionOne HTTP/1.1" 200 173 10.0.0.139 - - [24/Jun/2026:05:42:34 +0000] "POST /v3/auth/tokens HTTP/1.1" 201 1641 10.0.0.139 - - [24/Jun/2026:05:42:34 +0000] "GET /v3/services/62e9b24e39694c9b9deeb0e468c9a352 HTTP/1.1" 200 296 10.0.0.139 - - [24/Jun/2026:05:42:34 +0000] "GET /v3/regions/RegionOne HTTP/1.1" 200 173 10.0.0.139 - - [24/Jun/2026:05:42:34 +0000] "POST /v3/endpoints HTTP/1.1" 201 383 10.0.0.139 - - [24/Jun/2026:05:42:34 +0000] "POST /v3/endpoints HTTP/1.1" 201 370 10.0.0.139 - - [24/Jun/2026:05:42:36 +0000] "GET / HTTP/1.1" 300 295
[Wed Jun 24 05:42:36.273828 2026] [wsgi:error] [pid 9:tid 140459464750784] [remote 10.0.0.139:60050] 2026-06-24 05:42:36.273 9 WARNING keystone.common.password_hashing [None req-e2186cdf-80a1-4825-946c-580f7f24162b - - - - - -] Truncating password to algorithm specific maximum length 72 characters.
[Wed Jun 24 05:42:36.549120 2026] [wsgi:error] [pid 9:tid 140459464750784] [remote 10.0.0.139:60050] 2026-06-24 05:42:36.548 9 WARNING keystone.common.fernet_utils [None req-e2186cdf-80a1-4825-946c-580f7f24162b - - - - - -] key_repository is world readable: /etc/keystone/fernet-keys/ 10.0.0.139 - - [24/Jun/2026:05:42:36 +0000] "POST /v3/auth/tokens HTTP/1.1" 201 1992 10.0.0.139 - - [24/Jun/2026:05:42:36 +0000] "GET / HTTP/1.1" 300 295
[Wed Jun 24 05:42:36.592500 2026] [wsgi:error] [pid 12:tid 140459464750784] [remote 10.0.0.139:60052] 2026-06-24 05:42:36.592 12 WARNING keystone.common.password_hashing [None req-391aaebe-3342-4b9b-ae84-a755425918aa - - - - - -] Truncating password to algorithm specific maximum length 72 characters. 10.0.0.139 - - [24/Jun/2026:05:42:36 +0000] "GET / HTTP/1.1" 300 295
[Wed Jun 24 05:42:36.662083 2026] [wsgi:error] [pid 9:tid 140459464750784] [remote 10.0.0.139:60060] 2026-06-24 05:42:36.661 9 WARNING keystone.common.password_hashing [None req-5c071cc4-4886-444e-9040-e51200798df0 - - - - - -] Truncating password to algorithm specific maximum length 72 characters. 10.0.0.139 - - [24/Jun/2026:05:42:36 +0000] "GET /v3/endpoints/fa064423796d43b58ba7a1ec39afff03 HTTP/1.1" 200 380 10.0.0.139 - - [24/Jun/2026:05:42:36 +0000] "GET /v3/services/62e9b24e39694c9b9deeb0e468c9a352 HTTP/1.1" 200 296
[Wed Jun 24 05:42:36.863715 2026] [wsgi:error] [pid 12:tid 140459464750784] [remote 10.0.0.139:60052] 2026-06-24 05:42:36.863 12 WARNING keystone.common.fernet_utils [None req-391aaebe-3342-4b9b-ae84-a755425918aa - - - - - -] key_repository is world readable: /etc/keystone/fernet-keys/ 10.0.0.139 - - [24/Jun/2026:05:42:36 +0000] "POST /v3/auth/tokens HTTP/1.1" 201 1992
[Wed Jun 24 05:42:36.934997 2026] [wsgi:error] [pid 9:tid 140459464750784] [remote 10.0.0.139:60060] 2026-06-24 05:42:36.934 9 WARNING keystone.common.fernet_utils [None req-5c071cc4-4886-444e-9040-e51200798df0 - - - - - -] key_repository is world readable: /etc/keystone/fernet-keys/ 10.0.0.139 - - [24/Jun/2026:05:42:36 +0000] "POST /v3/auth/tokens HTTP/1.1" 201 1992 10.0.0.139 - - [24/Jun/2026:05:42:36 +0000] "GET /v3/endpoints/e3ec001efcbc4a03b8aa2e03263eb44a HTTP/1.1" 200 383 10.0.0.139 - - [24/Jun/2026:05:42:36 +0000] "GET /v3/services/62e9b24e39694c9b9deeb0e468c9a352 HTTP/1.1" 200 296 10.0.0.139 - - [24/Jun/2026:05:42:37 +0000] "GET /v3/endpoints/b94cda2b02e8408799bc299f97ef515e HTTP/1.1" 200 370 10.0.0.139 - - [24/Jun/2026:05:42:37 +0000] "GET /v3/services/62e9b24e39694c9b9deeb0e468c9a352 HTTP/1.1" 200 296 10.0.0.215 - - [24/Jun/2026:05:42:48 +0000] "GET / HTTP/1.1" 300 295
[Wed Jun 24 05:42:48.556118 2026] [wsgi:error] [pid 10:tid 140459464750784] [remote 10.0.0.215:37982] 2026-06-24 05:42:48.555 10 WARNING keystone.common.password_hashing [None req-fd526d36-b68a-4ae3-8671-b4f373d64fc9 - - - - - -] Truncating password to algorithm specific maximum length 72 characters.
[Wed Jun 24 05:42:48.824816 2026] [wsgi:error] [pid 10:tid 140459464750784] [remote 10.0.0.215:37982] 2026-06-24 05:42:48.824 10 WARNING keystone.common.fernet_utils [None req-fd526d36-b68a-4ae3-8671-b4f373d64fc9 - - - - - -] key_repository is world readable: /etc/keystone/fernet-keys/ 10.0.0.215 - - [24/Jun/2026:05:42:48 +0000] "POST /v3/auth/tokens HTTP/1.1" 201 1992 10.0.0.215 - - [24/Jun/2026:05:42:48 +0000] "POST /v3/domains HTTP/1.1" 201 284 10.0.0.65 - - [24/Jun/2026:05:42:50 +0000] "GET /v3/ HTTP/1.1" 200 250 10.0.0.65 - - [24/Jun/2026:05:42:50 +0000] "GET /v3/ HTTP/1.1" 200 250 10.0.0.215 - - [24/Jun/2026:05:42:50 +0000] "GET / HTTP/1.1" 300 295
[Wed Jun 24 05:42:50.508983 2026] [wsgi:error] [pid 12:tid 140459464750784] [remote 10.0.0.215:37990] 2026-06-24 05:42:50.508 12 WARNING keystone.common.password_hashing [None req-9ef541a8-8a2d-4037-a8ff-245613e21730 - - - - - -] Truncating password to algorithm specific maximum length 72 characters.
[Wed Jun 24 05:42:50.790361 2026] [wsgi:error] [pid 12:tid 140459464750784] [remote 10.0.0.215:37990] 2026-06-24 05:42:50.790 12 WARNING keystone.common.fernet_utils [None req-9ef541a8-8a2d-4037-a8ff-245613e21730 - - - - - -] key_repository is world readable: /etc/keystone/fernet-keys/ 10.0.0.215 - - [24/Jun/2026:05:42:50 +0000] "POST /v3/auth/tokens HTTP/1.1" 201 1992
[Wed Jun 24 05:42:50.976444 2026] [wsgi:error] [pid 9:tid 140459464750784] [remote 10.0.0.215:37990] 2026-06-24 05:42:50.962 9 ERROR keystone.server.flask.application [None req-71d51c6d-8b3f-45c0-beb1-3862688793bf 984b79ec34734900876effcbbf550f23 35ef43aba41740cba3a5195059366f35 - - default default] Conflict occurred attempting to store project - it is not permitted to have two projects acting as domains with the same name: service.: keystone.exception.Conflict: Conflict occurred attempting to store project - it is not permitted to have two projects acting as domains with the same name: service.
[Wed Jun 24 05:42:50.976474 2026] [wsgi:error] [pid 9:tid 140459464750784] [remote 10.0.0.215:37990] 2026-06-24 05:42:50.962 9 ERROR keystone.server.flask.application
Traceback (most recent call last):
[Wed Jun 24 05:42:50.976477 2026] [wsgi:error] [pid 9:tid 140459464750784] [remote 10.0.0.215:37990] 2026-06-24 05:42:50.962 9 ERROR keystone.server.flask.application
File "/var/lib/openstack/lib/python3.12/site-packages/sqlalchemy/engine/base.py", line 1969, in _exec_single_context
[Wed Jun 24 05:42:50.976479 2026] [wsgi:error] [pid 9:tid 140459464750784] [remote 10.0.0.215:37990] 2026-06-24 05:42:50.962 9 ERROR keystone.server.flask.application self.dialect.do_execute(
[Wed Jun 24 05:42:50.976480 2026] [wsgi:error] [pid 9:tid 140459464750784] [remote 10.0.0.215:37990] 2026-06-24 05:42:50.962 9 ERROR keystone.server.flask.application
File "/var/lib/openstack/lib/python3.12/site-packages/sqlalchemy/engine/default.py", line 952, in do_execute
[Wed Jun 24 05:42:50.976482 2026] [wsgi:error] [pid 9:tid 140459464750784] [remote 10.0.0.215:37990] 2026-06-24 05:42:50.962 9 ERROR keystone.server.flask.application cursor.execute(statement, parameters)
[Wed Jun 24 05:42:50.976483 2026] [wsgi:error] [pid 9:tid 140459464750784] [remote 10.0.0.215:37990] 2026-06-24 05:42:50.962 9 ERROR keystone.server.flask.application
File "/var/lib/openstack/lib/python3.12/site-packages/pymysql/cursors.py", line 159, in execute
[Wed Jun 24 05:42:50.976485 2026] [wsgi:error] [pid 9:tid 140459464750784] [remote 10.0.0.215:37990] 2026-06-24 05:42:50.962 9 ERROR keystone.server.flask.application result = self._query(query)
[Wed Jun 24 05:42:50.976486 2026] [wsgi:error] [pid 9:tid 140459464750784] [remote 10.0.0.215:37990] 2026-06-24 05:42:50.962 9 ERROR keystone.server.flask.application ^^^^^^^^^^^^^^^^^^
[Wed Jun 24 05:42:50.976487 2026] [wsgi:error] [pid 9:tid 140459464750784] [remote 10.0.0.215:37990] 2026-06-24 05:42:50.962 9 ERROR keystone.server.flask.application
File "/var/lib/openstack/lib/python3.12/site-packages/pymysql/cursors.py", line 330, in _query
[Wed Jun 24 05:42:50.976489 2026] [wsgi:error] [pid 9:tid 140459464750784] [remote 10.0.0.215:37990] 2026-06-24 05:42:50.962 9 ERROR keystone.server.flask.application conn.query(q)
[Wed Jun 24 05:42:50.976490 2026] [wsgi:error] [pid 9:tid 140459464750784] [remote 10.0.0.215:37990] 2026-06-24 05:42:50.962 9 ERROR keystone.server.flask.application
File "/var/lib/openstack/lib/python3.12/site-packages/pymysql/connections.py", line 582, in query
[Wed Jun 24 05:42:50.976492 2026] [wsgi:error] [pid 9:tid 140459464750784] [remote 10.0.0.215:37990] 2026-06-24 05:42:50.962 9 ERROR keystone.server.flask.application self._affected_rows = self._read_query_result(unbuffered=unbuffered)
[Wed Jun 24 05:42:50.976493 2026] [wsgi:error] [pid 9:tid 140459464750784] [remote 10.0.0.215:37990] 2026-06-24 05:42:50.962 9 ERROR keystone.server.flask.application ^^^^^^^^^^^^^^^^^^^^^^^^^^^^^^^^^^^^^^^^^^^^^^
[Wed Jun 24 05:42:50.976495 2026] [wsgi:error] [pid 9:tid 140459464750784] [remote 10.0.0.215:37990] 2026-06-24 05:42:50.962 9 ERROR keystone.server.flask.application
File "/var/lib/openstack/lib/python3.12/site-packages/pymysql/connections.py", line 847, in _read_query_result
[Wed Jun 24 05:42:50.976497 2026] [wsgi:error] [pid 9:tid 140459464750784] [remote 10.0.0.215:37990] 2026-06-24 05:42:50.962 9 ERROR keystone.server.flask.application result.read()
[Wed Jun 24 05:42:50.976500 2026] [wsgi:error] [pid 9:tid 140459464750784] [remote 10.0.0.215:37990] 2026-06-24 05:42:50.962 9 ERROR keystone.server.flask.application
File "/var/lib/openstack/lib/python3.12/site-packages/pymysql/connections.py", line 1245, in read
[Wed Jun 24 05:42:50.976501 2026] [wsgi:error] [pid 9:tid 140459464750784] [remote 10.0.0.215:37990] 2026-06-24 05:42:50.962 9 ERROR keystone.server.flask.application first_packet = self.connection._read_packet()
[Wed Jun 24 05:42:50.976503 2026] [wsgi:error] [pid 9:tid 140459464750784] [remote 10.0.0.215:37990] 2026-06-24 05:42:50.962 9 ERROR keystone.server.flask.application ^^^^^^^^^^^^^^^^^^^^^^^^^^^^^^
[Wed Jun 24 05:42:50.976504 2026] [wsgi:error] [pid 9:tid 140459464750784] [remote 10.0.0.215:37990] 2026-06-24 05:42:50.962 9 ERROR keystone.server.flask.application
File "/var/lib/openstack/lib/python3.12/site-packages/pymysql/connections.py", line 803, in _read_packet
[Wed Jun 24 05:42:50.976506 2026] [wsgi:error] [pid 9:tid 140459464750784] [remote 10.0.0.215:37990] 2026-06-24 05:42:50.962 9 ERROR keystone.server.flask.application packet.raise_for_error()
[Wed Jun 24 05:42:50.976507 2026] [wsgi:error] [pid 9:tid 140459464750784] [remote 10.0.0.215:37990] 2026-06-24 05:42:50.962 9 ERROR keystone.server.flask.application
File "/var/lib/openstack/lib/python3.12/site-packages/pymysql/protocol.py", line 219, in raise_for_error
[Wed Jun 24 05:42:50.976508 2026] [wsgi:error] [pid 9:tid 140459464750784] [remote 10.0.0.215:37990] 2026-06-24 05:42:50.962 9 ERROR keystone.server.flask.application err.raise_mysql_exception(self._data)
[Wed Jun 24 05:42:50.976510 2026] [wsgi:error] [pid 9:tid 140459464750784] [remote 10.0.0.215:37990] 2026-06-24 05:42:50.962 9 ERROR keystone.server.flask.application
File "/var/lib/openstack/lib/python3.12/site-packages/pymysql/err.py", line 154, in raise_mysql_exception
[Wed Jun 24 05:42:50.976511 2026] [wsgi:error] [pid 9:tid 140459464750784] [remote 10.0.0.215:37990] 2026-06-24 05:42:50.962 9 ERROR keystone.server.flask.application raise errorclass(errno, errval, sqlstate=sqlstate)
[Wed Jun 24 05:42:50.976512 2026] [wsgi:error] [pid 9:tid 140459464750784] [remote 10.0.0.215:37990] 2026-06-24 05:42:50.962 9 ERROR keystone.server.flask.application pymysql.err.IntegrityError: (1062, "Duplicate entry '<>-service' for key 'project.ixu_project_name_domain_id'")
[Wed Jun 24 05:42:50.976514 2026] [wsgi:error] [pid 9:tid 140459464750784] [remote 10.0.0.215:37990] 2026-06-24 05:42:50.962 9 ERROR keystone.server.flask.application
[Wed Jun 24 05:42:50.976515 2026] [wsgi:error] [pid 9:tid 140459464750784] [remote 10.0.0.215:37990] 2026-06-24 05:42:50.962 9 ERROR keystone.server.flask.application The above exception was the direct cause of the following exception:
[Wed Jun 24 05:42:50.976517 2026] [wsgi:error] [pid 9:tid 140459464750784] [remote 10.0.0.215:37990] 2026-06-24 05:42:50.962 9 ERROR keystone.server.flask.application
[Wed Jun 24 05:42:50.976518 2026] [wsgi:error] [pid 9:tid 140459464750784] [remote 10.0.0.215:37990] 2026-06-24 05:42:50.962 9 ERROR keystone.server.flask.application
Traceback (most recent call last):
[Wed Jun 24 05:42:50.976519 2026] [wsgi:error] [pid 9:tid 140459464750784] [remote 10.0.0.215:37990] 2026-06-24 05:42:50.962 9 ERROR keystone.server.flask.application
File "/var/lib/openstack/lib/python3.12/site-packages/keystone/common/sql/core.py", line 575, in wrapper
[Wed Jun 24 05:42:50.976521 2026] [wsgi:error] [pid 9:tid 140459464750784] [remote 10.0.0.215:37990] 2026-06-24 05:42:50.962 9 ERROR keystone.server.flask.application return method(*args, **kwargs)
[Wed Jun 24 05:42:50.976522 2026] [wsgi:error] [pid 9:tid 140459464750784] [remote 10.0.0.215:37990] 2026-06-24 05:42:50.962 9 ERROR keystone.server.flask.application ^^^^^^^^^^^^^^^^^^^^^^^
[Wed Jun 24 05:42:50.976523 2026] [wsgi:error] [pid 9:tid 140459464750784] [remote 10.0.0.215:37990] 2026-06-24 05:42:50.962 9 ERROR keystone.server.flask.application
File "/var/lib/openstack/lib/python3.12/site-packages/keystone/resource/backends/sql.py", line 278, in create_project
[Wed Jun 24 05:42:50.976526 2026] [wsgi:error] [pid 9:tid 140459464750784] [remote 10.0.0.215:37990] 2026-06-24 05:42:50.962 9 ERROR keystone.server.flask.application with sql.session_for_write() as session:
[Wed Jun 24 05:42:50.976536 2026] [wsgi:error] [pid 9:tid 140459464750784] [remote 10.0.0.215:37990] 2026-06-24 05:42:50.962 9 ERROR keystone.server.flask.application
File "/usr/lib/python3.12/contextlib.py", line 144, in __exit__
[Wed Jun 24 05:42:50.976538 2026] [wsgi:error] [pid 9:tid 140459464750784] [remote 10.0.0.215:37990] 2026-06-24 05:42:50.962 9 ERROR keystone.server.flask.application next(self.gen)
[Wed Jun 24 05:42:50.976539 2026] [wsgi:error] [pid 9:tid 140459464750784] [remote 10.0.0.215:37990] 2026-06-24 05:42:50.962 9 ERROR keystone.server.flask.application
File "/var/lib/openstack/lib/python3.12/site-packages/oslo_db/sqlalchemy/enginefacade.py", line 1175, in _transaction_scope
[Wed Jun 24 05:42:50.976541 2026] [wsgi:error] [pid 9:tid 140459464750784] [remote 10.0.0.215:37990] 2026-06-24 05:42:50.962 9 ERROR keystone.server.flask.application with current._produce_block(
[Wed Jun 24 05:42:50.976542 2026] [wsgi:error] [pid 9:tid 140459464750784] [remote 10.0.0.215:37990] 2026-06-24 05:42:50.962 9 ERROR keystone.server.flask.application
File "/usr/lib/python3.12/contextlib.py", line 144, in __exit__
[Wed Jun 24 05:42:50.976544 2026] [wsgi:error] [pid 9:tid 140459464750784] [remote 10.0.0.215:37990] 2026-06-24 05:42:50.962 9 ERROR keystone.server.flask.application next(self.gen)
[Wed Jun 24 05:42:50.976546 2026] [wsgi:error] [pid 9:tid 140459464750784] [remote 10.0.0.215:37990] 2026-06-24 05:42:50.962 9 ERROR keystone.server.flask.application
File "/var/lib/openstack/lib/python3.12/site-packages/oslo_db/sqlalchemy/enginefacade.py", line 837, in _session
[Wed Jun 24 05:42:50.976547 2026] [wsgi:error] [pid 9:tid 140459464750784] [remote 10.0.0.215:37990] 2026-06-24 05:42:50.962 9 ERROR keystone.server.flask.application with excutils.save_and_reraise_exception():
[Wed Jun 24 05:42:50.976549 2026] [wsgi:error] [pid 9:tid 140459464750784] [remote 10.0.0.215:37990] 2026-06-24 05:42:50.962 9 ERROR keystone.server.flask.application
File "/var/lib/openstack/lib/python3.12/site-packages/oslo_utils/excutils.py", line 266, in __exit__
[Wed Jun 24 05:42:50.976550 2026] [wsgi:error] [pid 9:tid 140459464750784] [remote 10.0.0.215:37990] 2026-06-24 05:42:50.962 9 ERROR keystone.server.flask.application self.force_reraise()
[Wed Jun 24 05:42:50.976552 2026] [wsgi:error] [pid 9:tid 140459464750784] [remote 10.0.0.215:37990] 2026-06-24 05:42:50.962 9 ERROR keystone.server.flask.application
File "/var/lib/openstack/lib/python3.12/site-packages/oslo_utils/excutils.py", line 232, in force_reraise
[Wed Jun 24 05:42:50.976553 2026] [wsgi:error] [pid 9:tid 140459464750784] [remote 10.0.0.215:37990] 2026-06-24 05:42:50.962 9 ERROR keystone.server.flask.application raise self.value
[Wed Jun 24 05:42:50.976555 2026] [wsgi:error] [pid 9:tid 140459464750784] [remote 10.0.0.215:37990] 2026-06-24 05:42:50.962 9 ERROR keystone.server.flask.application
File "/var/lib/openstack/lib/python3.12/site-packages/oslo_db/sqlalchemy/enginefacade.py", line 835, in _session
[Wed Jun 24 05:42:50.976556 2026] [wsgi:error] [pid 9:tid 140459464750784] [remote 10.0.0.215:37990] 2026-06-24 05:42:50.962 9 ERROR keystone.server.flask.application self._end_session_transaction(self.session)
[Wed Jun 24 05:42:50.976558 2026] [wsgi:error] [pid 9:tid 140459464750784] [remote 10.0.0.215:37990] 2026-06-24 05:42:50.962 9 ERROR keystone.server.flask.application
File "/var/lib/openstack/lib/python3.12/site-packages/oslo_db/sqlalchemy/enginefacade.py", line 748, in _end_session_transaction
[Wed Jun 24 05:42:50.976560 2026] [wsgi:error] [pid 9:tid 140459464750784] [remote 10.0.0.215:37990] 2026-06-24 05:42:50.962 9 ERROR keystone.server.flask.application session.commit()
[Wed Jun 24 05:42:50.976561 2026] [wsgi:error] [pid 9:tid 140459464750784] [remote 10.0.0.215:37990] 2026-06-24 05:42:50.962 9 ERROR keystone.server.flask.application
File "/var/lib/openstack/lib/python3.12/site-packages/sqlalchemy/orm/session.py", line 2034, in commit
[Wed Jun 24 05:42:50.976564 2026] [wsgi:error] [pid 9:tid 140459464750784] [remote 10.0.0.215:37990] 2026-06-24 05:42:50.962 9 ERROR keystone.server.flask.application trans.commit(_to_root=True)
[Wed Jun 24 05:42:50.976568 2026] [wsgi:error] [pid 9:tid 140459464750784] [remote 10.0.0.215:37990] 2026-06-24 05:42:50.962 9 ERROR keystone.server.flask.application File "", line 2, in commit
[Wed Jun 24 05:42:50.976570 2026] [wsgi:error] [pid 9:tid 140459464750784] [remote 10.0.0.215:37990] 2026-06-24 05:42:50.962 9 ERROR keystone.server.flask.application
File "/var/lib/openstack/lib/python3.12/site-packages/sqlalchemy/orm/state_changes.py", line 137, in _go
[Wed Jun 24 05:42:50.976571 2026] [wsgi:error] [pid 9:tid 140459464750784] [remote 10.0.0.215:37990] 2026-06-24 05:42:50.962 9 ERROR keystone.server.flask.application ret_value = fn(self, *arg, **kw)
[Wed Jun 24 05:42:50.976573 2026] [wsgi:error] [pid 9:tid 140459464750784] [remote 10.0.0.215:37990] 2026-06-24 05:42:50.962 9 ERROR keystone.server.flask.application ^^^^^^^^^^^^^^^^^^^^
[Wed Jun 24 05:42:50.976575 2026] [wsgi:error] [pid 9:tid 140459464750784] [remote 10.0.0.215:37990] 2026-06-24 05:42:50.962 9 ERROR keystone.server.flask.application
File "/var/lib/openstack/lib/python3.12/site-packages/sqlalchemy/orm/session.py", line 1315, in commit
[Wed Jun 24 05:42:50.976577 2026] [wsgi:error] [pid 9:tid 140459464750784] [remote 10.0.0.215:37990] 2026-06-24 05:42:50.962 9 ERROR keystone.server.flask.application self._prepare_impl()
[Wed Jun 24 05:42:50.976579 2026] [wsgi:error] [pid 9:tid 140459464750784] [remote 10.0.0.215:37990] 2026-06-24 05:42:50.962 9 ERROR keystone.server.flask.application File "", line 2, in _prepare_impl
[Wed Jun 24 05:42:50.976581 2026] [wsgi:error] [pid 9:tid 140459464750784] [remote 10.0.0.215:37990] 2026-06-24 05:42:50.962 9 ERROR keystone.server.flask.application
File "/var/lib/openstack/lib/python3.12/site-packages/sqlalchemy/orm/state_changes.py", line 137, in _go
[Wed Jun 24 05:42:50.976583 2026] [wsgi:error] [pid 9:tid 140459464750784] [remote 10.0.0.215:37990] 2026-06-24 05:42:50.962 9 ERROR keystone.server.flask.application ret_value = fn(self, *arg, **kw)
[Wed Jun 24 05:42:50.976585 2026] [wsgi:error] [pid 9:tid 140459464750784] [remote 10.0.0.215:37990] 2026-06-24 05:42:50.962 9 ERROR keystone.server.flask.application ^^^^^^^^^^^^^^^^^^^^
[Wed Jun 24 05:42:50.976587 2026] [wsgi:error] [pid 9:tid 140459464750784] [remote 10.0.0.215:37990] 2026-06-24 05:42:50.962 9 ERROR keystone.server.flask.application
File "/var/lib/openstack/lib/python3.12/site-packages/sqlalchemy/orm/session.py", line 1290, in _prepare_impl
[Wed Jun 24 05:42:50.976590 2026] [wsgi:error] [pid 9:tid 140459464750784] [remote 10.0.0.215:37990] 2026-06-24 05:42:50.962 9 ERROR keystone.server.flask.application self.session.flush()
[Wed Jun 24 05:42:50.976592 2026] [wsgi:error] [pid 9:tid 140459464750784] [remote 10.0.0.215:37990] 2026-06-24 05:42:50.962 9 ERROR keystone.server.flask.application
File "/var/lib/openstack/lib/python3.12/site-packages/sqlalchemy/orm/session.py", line 4352, in flush
[Wed Jun 24 05:42:50.976594 2026] [wsgi:error] [pid 9:tid 140459464750784] [remote 10.0.0.215:37990] 2026-06-24 05:42:50.962 9 ERROR keystone.server.flask.application self._flush(objects)
[Wed Jun 24 05:42:50.976597 2026] [wsgi:error] [pid 9:tid 140459464750784] [remote 10.0.0.215:37990] 2026-06-24 05:42:50.962 9 ERROR keystone.server.flask.application
File "/var/lib/openstack/lib/python3.12/site-packages/sqlalchemy/orm/session.py", line 4487, in _flush
[Wed Jun 24 05:42:50.976599 2026] [wsgi:error] [pid 9:tid 140459464750784] [remote 10.0.0.215:37990] 2026-06-24 05:42:50.962 9 ERROR keystone.server.flask.application with util.safe_reraise():
[Wed Jun 24 05:42:50.976601 2026] [wsgi:error] [pid 9:tid 140459464750784] [remote 10.0.0.215:37990] 2026-06-24 05:42:50.962 9 ERROR keystone.server.flask.application
File "/var/lib/openstack/lib/python3.12/site-packages/sqlalchemy/util/langhelpers.py", line 122, in __exit__
[Wed Jun 24 05:42:50.976603 2026] [wsgi:error] [pid 9:tid 140459464750784] [remote 10.0.0.215:37990] 2026-06-24 05:42:50.962 9 ERROR keystone.server.flask.application raise exc_value.with_traceback(exc_tb)
[Wed Jun 24 05:42:50.976605 2026] [wsgi:error] [pid 9:tid 140459464750784] [remote 10.0.0.215:37990] 2026-06-24 05:42:50.962 9 ERROR keystone.server.flask.application
File "/var/lib/openstack/lib/python3.12/site-packages/sqlalchemy/orm/session.py", line 4448, in _flush
[Wed Jun 24 05:42:50.976607 2026] [wsgi:error] [pid 9:tid 140459464750784] [remote 10.0.0.215:37990] 2026-06-24 05:42:50.962 9 ERROR keystone.server.flask.application flush_context.execute()
[Wed Jun 24 05:42:50.976609 2026] [wsgi:error] [pid 9:tid 140459464750784] [remote 10.0.0.215:37990] 2026-06-24 05:42:50.962 9 ERROR keystone.server.flask.application
File "/var/lib/openstack/lib/python3.12/site-packages/sqlalchemy/orm/unitofwork.py", line 465, in execute
