Feb 26 00:41:20.489425 np0000157122 neutron-periodic-workers[104947]: DEBUG cotyledon.oslo_config_glue [-] database.asyncio_connection = **** {{(pid=104947) log_opt_values /opt/stack/data/venv/lib/python3.12/site-packages/oslo_config/cfg.py:3006}}
Feb 26 00:41:20.489498 np0000157122 neutron-periodic-workers[104947]: DEBUG cotyledon.oslo_config_glue [-] database.asyncio_slave_connection = **** {{(pid=104947) log_opt_values /opt/stack/data/venv/lib/python3.12/site-packages/oslo_config/cfg.py:3006}}
Feb 26 00:41:20.489580 np0000157122 neutron-periodic-workers[104947]: DEBUG cotyledon.oslo_config_glue [-] database.backend = sqlalchemy {{(pid=104947) log_opt_values /opt/stack/data/venv/lib/python3.12/site-packages/oslo_config/cfg.py:3006}}
Feb 26 00:41:20.489667 np0000157122 neutron-periodic-workers[104947]: DEBUG cotyledon.oslo_config_glue [-] database.connection = **** {{(pid=104947) log_opt_values /opt/stack/data/venv/lib/python3.12/site-packages/oslo_config/cfg.py:3006}}
Feb 26 00:41:20.489739 np0000157122 neutron-periodic-workers[104947]: DEBUG cotyledon.oslo_config_glue [-] database.connection_debug = 0 {{(pid=104947) log_opt_values /opt/stack/data/venv/lib/python3.12/site-packages/oslo_config/cfg.py:3006}}
Feb 26 00:41:20.489812 np0000157122 neutron-periodic-workers[104947]: DEBUG cotyledon.oslo_config_glue [-] database.connection_parameters = {{(pid=104947) log_opt_values /opt/stack/data/venv/lib/python3.12/site-packages/oslo_config/cfg.py:3006}}
Feb 26 00:41:20.489909 np0000157122 neutron-periodic-workers[104947]: DEBUG cotyledon.oslo_config_glue [-] database.connection_recycle_time = 3600 {{(pid=104947) log_opt_values /opt/stack/data/venv/lib/python3.12/site-packages/oslo_config/cfg.py:3006}}
Feb 26 00:41:20.489965 np0000157122 neutron-periodic-workers[104947]: DEBUG cotyledon.oslo_config_glue [-] database.connection_trace = False {{(pid=104947) log_opt_values /opt/stack/data/venv/lib/python3.12/site-packages/oslo_config/cfg.py:3006}}
Feb 26 00:41:20.490052 np0000157122 neutron-periodic-workers[104947]: DEBUG cotyledon.oslo_config_glue [-] database.db_inc_retry_interval = True {{(pid=104947) log_opt_values /opt/stack/data/venv/lib/python3.12/site-packages/oslo_config/cfg.py:3006}}
Feb 26 00:41:20.490102 np0000157122 neutron-periodic-workers[104947]: DEBUG cotyledon.oslo_config_glue [-] database.db_max_retries = 20 {{(pid=104947) log_opt_values /opt/stack/data/venv/lib/python3.12/site-packages/oslo_config/cfg.py:3006}}
Feb 26 00:41:20.490193 np0000157122 neutron-periodic-workers[104947]: DEBUG cotyledon.oslo_config_glue [-] database.db_max_retry_interval = 10 {{(pid=104947) log_opt_values /opt/stack/data/venv/lib/python3.12/site-packages/oslo_config/cfg.py:3006}}
Feb 26 00:41:20.490262 np0000157122 neutron-periodic-workers[104947]: DEBUG cotyledon.oslo_config_glue [-] database.db_retry_interval = 1 {{(pid=104947) log_opt_values /opt/stack/data/venv/lib/python3.12/site-packages/oslo_config/cfg.py:3006}}
Feb 26 00:41:20.490349 np0000157122 neutron-periodic-workers[104947]: DEBUG cotyledon.oslo_config_glue [-] database.max_overflow = 50 {{(pid=104947) log_opt_values /opt/stack/data/venv/lib/python3.12/site-packages/oslo_config/cfg.py:3006}}
Feb 26 00:41:20.490436 np0000157122 neutron-periodic-workers[104947]: DEBUG cotyledon.oslo_config_glue [-] database.max_pool_size = 5 {{(pid=104947) log_opt_values /opt/stack/data/venv/lib/python3.12/site-packages/oslo_config/cfg.py:3006}}
Feb 26 00:41:20.490546 np0000157122 neutron-periodic-workers[104947]: DEBUG cotyledon.oslo_config_glue [-] database.max_retries = 10 {{(pid=104947) log_opt_values /opt/stack/data/venv/lib/python3.12/site-packages/oslo_config/cfg.py:3006}}
Feb 26 00:41:20.490640 np0000157122 neutron-periodic-workers[104947]: DEBUG cotyledon.oslo_config_glue [-] database.mysql_sql_mode = TRADITIONAL {{(pid=104947) log_opt_values /opt/stack/data/venv/lib/python3.12/site-packages/oslo_config/cfg.py:3006}}
Feb 26 00:41:20.490748 np0000157122 neutron-periodic-workers[104947]: DEBUG cotyledon.oslo_config_glue [-] database.mysql_wsrep_sync_wait = None {{(pid=104947) log_opt_values /opt/stack/data/venv/lib/python3.12/site-packages/oslo_config/cfg.py:3006}}
Feb 26 00:41:20.490895 np0000157122 neutron-periodic-workers[104947]: DEBUG cotyledon.oslo_config_glue [-] database.pool_timeout = None {{(pid=104947) log_opt_values /opt/stack/data/venv/lib/python3.12/site-packages/oslo_config/cfg.py:3006}}
Feb 26 00:41:20.490895 np0000157122 neutron-periodic-workers[104947]: DEBUG cotyledon.oslo_config_glue [-] database.retry_interval = 10 {{(pid=104947) log_opt_values /opt/stack/data/venv/lib/python3.12/site-packages/oslo_config/cfg.py:3006}}
Feb 26 00:41:20.490992 np0000157122 neutron-periodic-workers[104947]: DEBUG cotyledon.oslo_config_glue [-] database.slave_connection = **** {{(pid=104947) log_opt_values /opt/stack/data/venv/lib/python3.12/site-packages/oslo_config/cfg.py:3006}}
Feb 26 00:41:20.491094 np0000157122 neutron-periodic-workers[104947]: DEBUG cotyledon.oslo_config_glue [-] database.sqlite_synchronous = True {{(pid=104947) log_opt_values /opt/stack/data/venv/lib/python3.12/site-packages/oslo_config/cfg.py:3006}}
Feb 26 00:41:20.491216 np0000157122 neutron-periodic-workers[104947]: DEBUG cotyledon.oslo_config_glue [-] database.synchronous_reader = True {{(pid=104947) log_opt_values /opt/stack/data/venv/lib/python3.12/site-packages/oslo_config/cfg.py:3006}}
Feb 26 00:41:20.491374 np0000157122 neutron-periodic-workers[104947]: DEBUG cotyledon.oslo_config_glue [-] database.use_db_reconnect = False {{(pid=104947) log_opt_values /opt/stack/data/venv/lib/python3.12/site-packages/oslo_config/cfg.py:3006}}
Feb 26 00:41:20.491467 np0000157122 neutron-periodic-workers[104947]: DEBUG cotyledon.oslo_config_glue [-] ovn.broadcast_arps_to_all_routers = True {{(pid=104947) log_opt_values /opt/stack/data/venv/lib/python3.12/site-packages/oslo_config/cfg.py:3006}}
Feb 26 00:41:20.491545 np0000157122 neutron-periodic-workers[104947]: DEBUG cotyledon.oslo_config_glue [-] ovn.dhcp_default_lease_time = 43200 {{(pid=104947) log_opt_values /opt/stack/data/venv/lib/python3.12/site-packages/oslo_config/cfg.py:3006}}
Feb 26 00:41:20.491620 np0000157122 neutron-periodic-workers[104947]: DEBUG cotyledon.oslo_config_glue [-] ovn.disable_ovn_dhcp_for_baremetal_ports = False {{(pid=104947) log_opt_values /opt/stack/data/venv/lib/python3.12/site-packages/oslo_config/cfg.py:3006}}
Feb 26 00:41:20.491691 np0000157122 neutron-periodic-workers[104947]: DEBUG cotyledon.oslo_config_glue [-] ovn.dns_records_ovn_owned = False {{(pid=104947) log_opt_values /opt/stack/data/venv/lib/python3.12/site-packages/oslo_config/cfg.py:3006}}
Feb 26 00:41:20.491765 np0000157122 neutron-periodic-workers[104947]: DEBUG cotyledon.oslo_config_glue [-] ovn.dns_servers = [] {{(pid=104947) log_opt_values /opt/stack/data/venv/lib/python3.12/site-packages/oslo_config/cfg.py:3006}}
Feb 26 00:41:20.492121 np0000157122 neutron-periodic-workers[104947]: DEBUG cotyledon.oslo_config_glue [-] ovn.enable_distributed_floating_ip = False {{(pid=104947) log_opt_values /opt/stack/data/venv/lib/python3.12/site-packages/oslo_config/cfg.py:3006}}
Feb 26 00:41:20.492121 np0000157122 neutron-periodic-workers[104947]: DEBUG cotyledon.oslo_config_glue [-] ovn.fdb_age_threshold = 0 {{(pid=104947) log_opt_values /opt/stack/data/venv/lib/python3.12/site-packages/oslo_config/cfg.py:3006}}
Feb 26 00:41:20.492121 np0000157122 neutron-periodic-workers[104947]: DEBUG cotyledon.oslo_config_glue [-] ovn.live_migration_activation_strategy = rarp {{(pid=104947) log_opt_values /opt/stack/data/venv/lib/python3.12/site-packages/oslo_config/cfg.py:3006}}
Feb 26 00:41:20.492121 np0000157122 neutron-periodic-workers[104947]: DEBUG cotyledon.oslo_config_glue [-] ovn.localnet_learn_fdb = False {{(pid=104947) log_opt_values /opt/stack/data/venv/lib/python3.12/site-packages/oslo_config/cfg.py:3006}}
Feb 26 00:41:20.492121 np0000157122 neutron-periodic-workers[104947]: DEBUG cotyledon.oslo_config_glue [-] ovn.mac_binding_age_threshold = 0 {{(pid=104947) log_opt_values /opt/stack/data/venv/lib/python3.12/site-packages/oslo_config/cfg.py:3006}}
Feb 26 00:41:20.492121 np0000157122 neutron-periodic-workers[104947]: DEBUG cotyledon.oslo_config_glue [-] ovn.neutron_sync_mode = log {{(pid=104947) log_opt_values /opt/stack/data/venv/lib/python3.12/site-packages/oslo_config/cfg.py:3006}}
Feb 26 00:41:20.492121 np0000157122 neutron-periodic-workers[104947]: DEBUG cotyledon.oslo_config_glue [-] ovn.ovn_dhcp4_global_options = {} {{(pid=104947) log_opt_values /opt/stack/data/venv/lib/python3.12/site-packages/oslo_config/cfg.py:3006}}
Feb 26 00:41:20.492303 np0000157122 neutron-periodic-workers[104947]: DEBUG cotyledon.oslo_config_glue [-] ovn.ovn_dhcp6_global_options = {} {{(pid=104947) log_opt_values /opt/stack/data/venv/lib/python3.12/site-packages/oslo_config/cfg.py:3006}}
Feb 26 00:41:20.492303 np0000157122 neutron-periodic-workers[104947]: DEBUG cotyledon.oslo_config_glue [-] ovn.ovn_l3_scheduler = leastloaded {{(pid=104947) log_opt_values /opt/stack/data/venv/lib/python3.12/site-packages/oslo_config/cfg.py:3006}}
Feb 26 00:41:20.492901 np0000157122 neutron-periodic-workers[104947]: DEBUG cotyledon.oslo_config_glue [-] ovn.ovn_metadata_enabled = True {{(pid=104947) log_opt_values /opt/stack/data/venv/lib/python3.12/site-packages/oslo_config/cfg.py:3006}}
Feb 26 00:41:20.492901 np0000157122 neutron-periodic-workers[104947]: DEBUG cotyledon.oslo_config_glue [-] ovn.ovn_nb_ca_cert = /opt/stack/data/CA/int-ca/ca-chain.pem {{(pid=104947) log_opt_values /opt/stack/data/venv/lib/python3.12/site-packages/oslo_config/cfg.py:3006}}
Feb 26 00:41:20.492901 np0000157122 neutron-periodic-workers[104947]: DEBUG cotyledon.oslo_config_glue [-] ovn.ovn_nb_certificate = /opt/stack/data/CA/int-ca/devstack-cert.crt {{(pid=104947) log_opt_values /opt/stack/data/venv/lib/python3.12/site-packages/oslo_config/cfg.py:3006}}
Feb 26 00:41:20.492901 np0000157122 neutron-periodic-workers[104947]: DEBUG cotyledon.oslo_config_glue [-] ovn.ovn_nb_connection = ['ssl:199.204.45.246:6641'] {{(pid=104947) log_opt_values /opt/stack/data/venv/lib/python3.12/site-packages/oslo_config/cfg.py:3006}}
Feb 26 00:41:20.492901 np0000157122 neutron-periodic-workers[104947]: DEBUG cotyledon.oslo_config_glue [-] ovn.ovn_nb_private_key = /opt/stack/data/CA/int-ca/private/devstack-cert.key {{(pid=104947) log_opt_values /opt/stack/data/venv/lib/python3.12/site-packages/oslo_config/cfg.py:3006}}
Feb 26 00:41:20.492901 np0000157122 neutron-periodic-workers[104947]: DEBUG cotyledon.oslo_config_glue [-] ovn.ovn_router_indirect_snat = False {{(pid=104947) log_opt_values /opt/stack/data/venv/lib/python3.12/site-packages/oslo_config/cfg.py:3006}}
Feb 26 00:41:20.492901 np0000157122 neutron-periodic-workers[104947]: DEBUG cotyledon.oslo_config_glue [-] ovn.ovn_sb_ca_cert = /opt/stack/data/CA/int-ca/ca-chain.pem {{(pid=104947) log_opt_values /opt/stack/data/venv/lib/python3.12/site-packages/oslo_config/cfg.py:3006}}
Feb 26 00:41:20.492901 np0000157122 neutron-periodic-workers[104947]: DEBUG cotyledon.oslo_config_glue [-] ovn.ovn_sb_certificate = /opt/stack/data/CA/int-ca/devstack-cert.crt {{(pid=104947) log_opt_values /opt/stack/data/venv/lib/python3.12/site-packages/oslo_config/cfg.py:3006}}
Feb 26 00:41:20.493145 np0000157122 neutron-periodic-workers[104947]: DEBUG cotyledon.oslo_config_glue [-] ovn.ovn_sb_connection = ['ssl:199.204.45.246:6642'] {{(pid=104947) log_opt_values /opt/stack/data/venv/lib/python3.12/site-packages/oslo_config/cfg.py:3006}}
Feb 26 00:41:20.493145 np0000157122 neutron-periodic-workers[104947]: DEBUG cotyledon.oslo_config_glue [-] ovn.ovn_sb_private_key = /opt/stack/data/CA/int-ca/private/devstack-cert.key {{(pid=104947) log_opt_values /opt/stack/data/venv/lib/python3.12/site-packages/oslo_config/cfg.py:3006}}
Feb 26 00:41:20.493145 np0000157122 neutron-periodic-workers[104947]: DEBUG cotyledon.oslo_config_glue [-] ovn.ovs_create_tap = False {{(pid=104947) log_opt_values /opt/stack/data/venv/lib/python3.12/site-packages/oslo_config/cfg.py:3006}}
Feb 26 00:41:20.493145 np0000157122 neutron-periodic-workers[104947]: DEBUG cotyledon.oslo_config_glue [-] ovn.ovsdb_connection_timeout = 180 {{(pid=104947) log_opt_values /opt/stack/data/venv/lib/python3.12/site-packages/oslo_config/cfg.py:3006}}
Feb 26 00:41:20.493145 np0000157122 neutron-periodic-workers[104947]: DEBUG cotyledon.oslo_config_glue [-] ovn.ovsdb_log_level = INFO {{(pid=104947) log_opt_values /opt/stack/data/venv/lib/python3.12/site-packages/oslo_config/cfg.py:3006}}
Feb 26 00:41:20.493145 np0000157122 neutron-periodic-workers[104947]: DEBUG cotyledon.oslo_config_glue [-] ovn.ovsdb_probe_interval = 60000 {{(pid=104947) log_opt_values /opt/stack/data/venv/lib/python3.12/site-packages/oslo_config/cfg.py:3006}}
Feb 26 00:41:20.493293 np0000157122 neutron-periodic-workers[104947]: DEBUG cotyledon.oslo_config_glue [-] ovn.ovsdb_retry_max_interval = 180 {{(pid=104947) log_opt_values /opt/stack/data/venv/lib/python3.12/site-packages/oslo_config/cfg.py:3006}}
Feb 26 00:41:20.493377 np0000157122 neutron-periodic-workers[104947]: DEBUG cotyledon.oslo_config_glue [-] ovn.stateless_nat_enabled = False {{(pid=104947) log_opt_values /opt/stack/data/venv/lib/python3.12/site-packages/oslo_config/cfg.py:3006}}
Feb 26 00:41:20.493489 np0000157122 neutron-periodic-workers[104947]: DEBUG cotyledon.oslo_config_glue [-] ovn.vhost_sock_dir = /var/run/openvswitch {{(pid=104947) log_opt_values /opt/stack/data/venv/lib/python3.12/site-packages/oslo_config/cfg.py:3006}}
Feb 26 00:41:20.493700 np0000157122 neutron-periodic-workers[104947]: DEBUG cotyledon.oslo_config_glue [-] OVS.bridge_mac_table_size = 50000 {{(pid=104947) log_opt_values /opt/stack/data/venv/lib/python3.12/site-packages/oslo_config/cfg.py:3006}}
Feb 26 00:41:20.493700 np0000157122 neutron-periodic-workers[104947]: DEBUG cotyledon.oslo_config_glue [-] OVS.igmp_flood = False {{(pid=104947) log_opt_values /opt/stack/data/venv/lib/python3.12/site-packages/oslo_config/cfg.py:3006}}
Feb 26 00:41:20.493878 np0000157122 neutron-periodic-workers[104947]: DEBUG cotyledon.oslo_config_glue [-] OVS.igmp_flood_reports = True {{(pid=104947) log_opt_values /opt/stack/data/venv/lib/python3.12/site-packages/oslo_config/cfg.py:3006}}
Feb 26 00:41:20.494075 np0000157122 neutron-periodic-workers[104947]: DEBUG cotyledon.oslo_config_glue [-] OVS.igmp_flood_unregistered = False {{(pid=104947) log_opt_values /opt/stack/data/venv/lib/python3.12/site-packages/oslo_config/cfg.py:3006}}
Feb 26 00:41:20.494106 np0000157122 neutron-periodic-workers[104947]: DEBUG cotyledon.oslo_config_glue [-] OVS.igmp_snooping_enable = False {{(pid=104947) log_opt_values /opt/stack/data/venv/lib/python3.12/site-packages/oslo_config/cfg.py:3006}}
Feb 26 00:41:20.494202 np0000157122 neutron-periodic-workers[104947]: DEBUG cotyledon.oslo_config_glue [-] OVS.ovsdb_timeout = 10 {{(pid=104947) log_opt_values /opt/stack/data/venv/lib/python3.12/site-packages/oslo_config/cfg.py:3006}}
Feb 26 00:41:20.494282 np0000157122 neutron-periodic-workers[104947]: DEBUG cotyledon.oslo_config_glue [-] ovn_nb_global.fdb_removal_limit = 0 {{(pid=104947) log_opt_values /opt/stack/data/venv/lib/python3.12/site-packages/oslo_config/cfg.py:3006}}
Feb 26 00:41:20.494364 np0000157122 neutron-periodic-workers[104947]: DEBUG cotyledon.oslo_config_glue [-] ovn_nb_global.ignore_lsp_down = False {{(pid=104947) log_opt_values /opt/stack/data/venv/lib/python3.12/site-packages/oslo_config/cfg.py:3006}}
Feb 26 00:41:20.494440 np0000157122 neutron-periodic-workers[104947]: DEBUG cotyledon.oslo_config_glue [-] ovn_nb_global.mac_binding_removal_limit = 0 {{(pid=104947) log_opt_values /opt/stack/data/venv/lib/python3.12/site-packages/oslo_config/cfg.py:3006}}
Feb 26 00:41:20.494614 np0000157122 neutron-periodic-workers[104947]: DEBUG cotyledon.oslo_config_glue [-] ******************************************************************************** {{(pid=104947) log_opt_values /opt/stack/data/venv/lib/python3.12/site-packages/oslo_config/cfg.py:3013}}
Feb 26 00:41:20.494815 np0000157122 neutron-periodic-workers[104947]: DEBUG cotyledon._service_worker [-] Run service ServiceWrapper(0) [104947] {{(pid=104947) wait_forever /opt/stack/data/venv/lib/python3.12/site-packages/cotyledon/_service_worker.py:218}}
Feb 26 00:41:30.108101 np0000157122 neutron-periodic-workers[104161]: DEBUG dbcounter [-] [104161] Writing DB stats neutron:SELECT=4 {{(pid=104161) stat_writer /opt/stack/data/venv/lib/python3.12/site-packages/dbcounter.py:115}}
Feb 26 00:42:02.504166 np0000157122 neutron-periodic-workers[104947]: DEBUG oslo_db.sqlalchemy.engines [None req-b0adeefb-2901-48d4-b1df-3f860b68ef60 None None] Parent process 104161 forked (104947) with an open database connection, which is being discarded and recreated. {{(pid=104947) checkout /opt/stack/data/venv/lib/python3.12/site-packages/oslo_db/sqlalchemy/engines.py:402}}
Feb 26 00:42:02.528936 np0000157122 neutron-periodic-workers[104947]: DEBUG dbcounter [-] [104947] Writer thread running {{(pid=104947) stat_writer /opt/stack/data/venv/lib/python3.12/site-packages/dbcounter.py:102}}
Feb 26 00:42:02.546356 np0000157122 neutron-periodic-workers[104947]: DEBUG oslo.service.backend._threading.loopingcall [None req-b0adeefb-2901-48d4-b1df-3f860b68ef60 None None] Fixed interval looping call 'neutron.services.ovn_l3.plugin.L3_NAT_dbonly_mixin._clean_garbage' sleeping for 299.95 seconds {{(pid=104947) _run_loop /opt/stack/data/venv/lib/python3.12/site-packages/oslo_service/backend/_threading/loopingcall.py:125}}
Feb 26 00:42:03.438155 np0000157122 neutron-periodic-workers[104924]: DEBUG dbcounter [-] [104924] Writer thread running {{(pid=104924) stat_writer /opt/stack/data/venv/lib/python3.12/site-packages/dbcounter.py:102}}
Feb 26 00:42:03.448904 np0000157122 neutron-periodic-workers[104924]: DEBUG oslo.service.backend._threading.loopingcall [None req-81b31f05-dfbc-4aea-90ef-96819b58a5f0 None None] Fixed interval looping call 'neutron.plugins.ml2.plugin.DhcpAgentSchedulerDbMixin.remove_networks_from_down_agents' sleeping for 36.97 seconds {{(pid=104924) _run_loop /opt/stack/data/venv/lib/python3.12/site-packages/oslo_service/backend/_threading/loopingcall.py:125}}
Feb 26 00:42:12.529817 np0000157122 neutron-periodic-workers[104947]: DEBUG dbcounter [-] [104947] Writing DB stats neutron:SELECT=1 {{(pid=104947) stat_writer /opt/stack/data/venv/lib/python3.12/site-packages/dbcounter.py:115}}
Feb 26 00:42:13.447872 np0000157122 neutron-periodic-workers[104924]: DEBUG dbcounter [-] [104924] Writing DB stats neutron:SELECT=3 {{(pid=104924) stat_writer /opt/stack/data/venv/lib/python3.12/site-packages/dbcounter.py:115}}
Feb 26 00:42:15.454832 np0000157122 neutron-periodic-workers[104929]: DEBUG dbcounter [-] [104929] Writer thread running {{(pid=104929) stat_writer /opt/stack/data/venv/lib/python3.12/site-packages/dbcounter.py:102}}
Feb 26 00:42:15.459749 np0000157122 neutron-periodic-workers[104929]: DEBUG neutron.db.agents_db [None req-402a7b62-bee8-4dff-9892-73992bb812fe None None] Agent healthcheck: found 0 active agents {{(pid=104929) agent_health_check /opt/stack/neutron/neutron/db/agents_db.py:317}}
Feb 26 00:42:15.459902 np0000157122 neutron-periodic-workers[104929]: DEBUG oslo.service.backend._threading.loopingcall [None req-402a7b62-bee8-4dff-9892-73992bb812fe None None] Fixed interval looping call 'neutron.plugins.ml2.plugin.AgentDbMixin.agent_health_check' sleeping for 36.98 seconds {{(pid=104929) _run_loop /opt/stack/data/venv/lib/python3.12/site-packages/oslo_service/backend/_threading/loopingcall.py:125}}
Feb 26 00:42:25.455794 np0000157122 neutron-periodic-workers[104929]: DEBUG dbcounter [-] [104929] Writing DB stats neutron:SELECT=1 {{(pid=104929) stat_writer /opt/stack/data/venv/lib/python3.12/site-packages/dbcounter.py:115}}
Feb 26 00:42:40.430534 np0000157122 neutron-periodic-workers[104924]: DEBUG oslo.service.backend._threading.loopingcall [None req-81b31f05-dfbc-4aea-90ef-96819b58a5f0 None None] Fixed interval looping call 'neutron.plugins.ml2.plugin.DhcpAgentSchedulerDbMixin.remove_networks_from_down_agents' sleeping for 36.99 seconds {{(pid=104924) _run_loop /opt/stack/data/venv/lib/python3.12/site-packages/oslo_service/backend/_threading/loopingcall.py:125}}
Feb 26 00:42:50.428909 np0000157122 neutron-periodic-workers[104924]: DEBUG dbcounter [-] [104924] Writing DB stats neutron:SELECT=3 {{(pid=104924) stat_writer /opt/stack/data/venv/lib/python3.12/site-packages/dbcounter.py:115}}
Feb 26 00:42:52.445519 np0000157122 neutron-periodic-workers[104929]: DEBUG neutron.db.agents_db [None req-402a7b62-bee8-4dff-9892-73992bb812fe None None] Agent healthcheck: found 0 active agents {{(pid=104929) agent_health_check /opt/stack/neutron/neutron/db/agents_db.py:317}}
Feb 26 00:42:52.535709 np0000157122 neutron-periodic-workers[104929]: DEBUG oslo.service.backend._threading.loopingcall [None req-402a7b62-bee8-4dff-9892-73992bb812fe None None] Fixed interval looping call 'neutron.plugins.ml2.plugin.AgentDbMixin.agent_health_check' sleeping for 36.99 seconds {{(pid=104929) _run_loop /opt/stack/data/venv/lib/python3.12/site-packages/oslo_service/backend/_threading/loopingcall.py:125}}
Feb 26 00:43:02.443636 np0000157122 neutron-periodic-workers[104929]: DEBUG dbcounter [-] [104929] Writing DB stats neutron:SELECT=1 {{(pid=104929) stat_writer /opt/stack/data/venv/lib/python3.12/site-packages/dbcounter.py:115}}
Feb 26 00:43:17.430317 np0000157122 neutron-periodic-workers[104924]: DEBUG oslo.service.backend._threading.loopingcall [None req-81b31f05-dfbc-4aea-90ef-96819b58a5f0 None None] Fixed interval looping call 'neutron.plugins.ml2.plugin.DhcpAgentSchedulerDbMixin.remove_networks_from_down_agents' sleeping for 36.99 seconds {{(pid=104924) _run_loop /opt/stack/data/venv/lib/python3.12/site-packages/oslo_service/backend/_threading/loopingcall.py:125}}
Feb 26 00:43:20.474757 np0000157122 neutron-periodic-workers[104936]: DEBUG dbcounter [-] [104936] Writer thread running {{(pid=104936) stat_writer /opt/stack/data/venv/lib/python3.12/site-packages/dbcounter.py:102}}
Feb 26 00:43:20.476841 np0000157122 neutron-periodic-workers[104936]: DEBUG oslo.service.backend._threading.loopingcall [None req-58fda852-7495-4603-99e2-e62c96b886e5 None None] Fixed interval looping call 'neutron.db.quota.driver_nolock.DbQuotaNoLockDriver._remove_expired_reservations' sleeping for 119.98 seconds {{(pid=104936) _run_loop /opt/stack/data/venv/lib/python3.12/site-packages/oslo_service/backend/_threading/loopingcall.py:125}}
Feb 26 00:43:27.429560 np0000157122 neutron-periodic-workers[104924]: DEBUG dbcounter [-] [104924] Writing DB stats neutron:SELECT=3 {{(pid=104924) stat_writer /opt/stack/data/venv/lib/python3.12/site-packages/dbcounter.py:115}}
Feb 26 00:43:29.441452 np0000157122 neutron-periodic-workers[104929]: DEBUG neutron.db.agents_db [None req-402a7b62-bee8-4dff-9892-73992bb812fe None None] Agent healthcheck: found 0 active agents {{(pid=104929) agent_health_check /opt/stack/neutron/neutron/db/agents_db.py:317}}
Feb 26 00:43:29.442057 np0000157122 neutron-periodic-workers[104929]: DEBUG oslo.service.backend._threading.loopingcall [None req-402a7b62-bee8-4dff-9892-73992bb812fe None None] Fixed interval looping call 'neutron.plugins.ml2.plugin.AgentDbMixin.agent_health_check' sleeping for 36.99 seconds {{(pid=104929) _run_loop /opt/stack/data/venv/lib/python3.12/site-packages/oslo_service/backend/_threading/loopingcall.py:125}}
Feb 26 00:43:30.475559 np0000157122 neutron-periodic-workers[104936]: DEBUG dbcounter [-] [104936] Writing DB stats neutron:DELETE=1 {{(pid=104936) stat_writer /opt/stack/data/venv/lib/python3.12/site-packages/dbcounter.py:115}}
Feb 26 00:43:39.439518 np0000157122 neutron-periodic-workers[104929]: DEBUG dbcounter [-] [104929] Writing DB stats neutron:SELECT=1 {{(pid=104929) stat_writer /opt/stack/data/venv/lib/python3.12/site-packages/dbcounter.py:115}}
Feb 26 00:43:54.429427 np0000157122 neutron-periodic-workers[104924]: DEBUG oslo.service.backend._threading.loopingcall [None req-81b31f05-dfbc-4aea-90ef-96819b58a5f0 None None] Fixed interval looping call 'neutron.plugins.ml2.plugin.DhcpAgentSchedulerDbMixin.remove_networks_from_down_agents' sleeping for 36.99 seconds {{(pid=104924) _run_loop /opt/stack/data/venv/lib/python3.12/site-packages/oslo_service/backend/_threading/loopingcall.py:125}}
Feb 26 00:44:04.428465 np0000157122 neutron-periodic-workers[104924]: DEBUG dbcounter [-] [104924] Writing DB stats neutron:SELECT=3 {{(pid=104924) stat_writer /opt/stack/data/venv/lib/python3.12/site-packages/dbcounter.py:115}}
Feb 26 00:44:06.438300 np0000157122 neutron-periodic-workers[104929]: DEBUG neutron.db.agents_db [None req-402a7b62-bee8-4dff-9892-73992bb812fe None None] Agent healthcheck: found 0 active agents {{(pid=104929) agent_health_check /opt/stack/neutron/neutron/db/agents_db.py:317}}
Feb 26 00:44:06.438937 np0000157122 neutron-periodic-workers[104929]: DEBUG oslo.service.backend._threading.loopingcall [None req-402a7b62-bee8-4dff-9892-73992bb812fe None None] Fixed interval looping call 'neutron.plugins.ml2.plugin.AgentDbMixin.agent_health_check' sleeping for 36.99 seconds {{(pid=104929) _run_loop /opt/stack/data/venv/lib/python3.12/site-packages/oslo_service/backend/_threading/loopingcall.py:125}}
Feb 26 00:44:16.436015 np0000157122 neutron-periodic-workers[104929]: DEBUG dbcounter [-] [104929] Writing DB stats neutron:SELECT=1 {{(pid=104929) stat_writer /opt/stack/data/venv/lib/python3.12/site-packages/dbcounter.py:115}}
Feb 26 00:44:31.428663 np0000157122 neutron-periodic-workers[104924]: DEBUG oslo.service.backend._threading.loopingcall [None req-81b31f05-dfbc-4aea-90ef-96819b58a5f0 None None] Fixed interval looping call 'neutron.plugins.ml2.plugin.DhcpAgentSchedulerDbMixin.remove_networks_from_down_agents' sleeping for 36.99 seconds {{(pid=104924) _run_loop /opt/stack/data/venv/lib/python3.12/site-packages/oslo_service/backend/_threading/loopingcall.py:125}}
Feb 26 00:44:41.427861 np0000157122 neutron-periodic-workers[104924]: DEBUG dbcounter [-] [104924] Writing DB stats neutron:SELECT=3 {{(pid=104924) stat_writer /opt/stack/data/venv/lib/python3.12/site-packages/dbcounter.py:115}}
Feb 26 00:44:43.434008 np0000157122 neutron-periodic-workers[104929]: DEBUG neutron.db.agents_db [None req-402a7b62-bee8-4dff-9892-73992bb812fe None None] Agent healthcheck: found 0 active agents {{(pid=104929) agent_health_check /opt/stack/neutron/neutron/db/agents_db.py:317}}
Feb 26 00:44:43.434725 np0000157122 neutron-periodic-workers[104929]: DEBUG oslo.service.backend._threading.loopingcall [None req-402a7b62-bee8-4dff-9892-73992bb812fe None None] Fixed interval looping call 'neutron.plugins.ml2.plugin.AgentDbMixin.agent_health_check' sleeping for 36.99 seconds {{(pid=104929) _run_loop /opt/stack/data/venv/lib/python3.12/site-packages/oslo_service/backend/_threading/loopingcall.py:125}}
Feb 26 00:44:53.432246 np0000157122 neutron-periodic-workers[104929]: DEBUG dbcounter [-] [104929] Writing DB stats neutron:SELECT=1 {{(pid=104929) stat_writer /opt/stack/data/venv/lib/python3.12/site-packages/dbcounter.py:115}}
Feb 26 00:45:09.006422 np0000157122 neutron-periodic-workers[104924]: DEBUG oslo.service.backend._threading.loopingcall [None req-81b31f05-dfbc-4aea-90ef-96819b58a5f0 None None] Fixed interval looping call 'neutron.plugins.ml2.plugin.DhcpAgentSchedulerDbMixin.remove_networks_from_down_agents' sleeping for 36.41 seconds {{(pid=104924) _run_loop /opt/stack/data/venv/lib/python3.12/site-packages/oslo_service/backend/_threading/loopingcall.py:125}}
Feb 26 00:45:19.005152 np0000157122 neutron-periodic-workers[104924]: DEBUG dbcounter [-] [104924] Writing DB stats neutron:SELECT=3 {{(pid=104924) stat_writer /opt/stack/data/venv/lib/python3.12/site-packages/dbcounter.py:115}}
Feb 26 00:45:20.429527 np0000157122 neutron-periodic-workers[104929]: DEBUG neutron.db.agents_db [None req-402a7b62-bee8-4dff-9892-73992bb812fe None None] Agent healthcheck: found 0 active agents {{(pid=104929) agent_health_check /opt/stack/neutron/neutron/db/agents_db.py:317}}
Feb 26 00:45:20.430075 np0000157122 neutron-periodic-workers[104929]: DEBUG oslo.service.backend._threading.loopingcall [None req-402a7b62-bee8-4dff-9892-73992bb812fe None None] Fixed interval looping call 'neutron.plugins.ml2.plugin.AgentDbMixin.agent_health_check' sleeping for 36.99 seconds {{(pid=104929) _run_loop /opt/stack/data/venv/lib/python3.12/site-packages/oslo_service/backend/_threading/loopingcall.py:125}}
Feb 26 00:45:20.464794 np0000157122 neutron-periodic-workers[104936]: DEBUG oslo.service.backend._threading.loopingcall [None req-58fda852-7495-4603-99e2-e62c96b886e5 None None] Fixed interval looping call 'neutron.db.quota.driver_nolock.DbQuotaNoLockDriver._remove_expired_reservations' sleeping for 119.99 seconds {{(pid=104936) _run_loop /opt/stack/data/venv/lib/python3.12/site-packages/oslo_service/backend/_threading/loopingcall.py:125}}
Feb 26 00:45:30.427739 np0000157122 neutron-periodic-workers[104929]: DEBUG dbcounter [-] [104929] Writing DB stats neutron:SELECT=1 {{(pid=104929) stat_writer /opt/stack/data/venv/lib/python3.12/site-packages/dbcounter.py:115}}
Feb 26 00:45:30.464155 np0000157122 neutron-periodic-workers[104936]: DEBUG dbcounter [-] [104936] Writing DB stats neutron:DELETE=1 {{(pid=104936) stat_writer /opt/stack/data/venv/lib/python3.12/site-packages/dbcounter.py:115}}
Feb 26 00:45:45.421965 np0000157122 neutron-periodic-workers[104924]: DEBUG oslo.service.backend._threading.loopingcall [None req-81b31f05-dfbc-4aea-90ef-96819b58a5f0 None None] Fixed interval looping call 'neutron.plugins.ml2.plugin.DhcpAgentSchedulerDbMixin.remove_networks_from_down_agents' sleeping for 36.99 seconds {{(pid=104924) _run_loop /opt/stack/data/venv/lib/python3.12/site-packages/oslo_service/backend/_threading/loopingcall.py:125}}
Feb 26 00:45:55.421364 np0000157122 neutron-periodic-workers[104924]: DEBUG dbcounter [-] [104924] Writing DB stats neutron:SELECT=3 {{(pid=104924) stat_writer /opt/stack/data/venv/lib/python3.12/site-packages/dbcounter.py:115}}
Feb 26 00:45:57.425037 np0000157122 neutron-periodic-workers[104929]: DEBUG neutron.db.agents_db [None req-402a7b62-bee8-4dff-9892-73992bb812fe None None] Agent healthcheck: found 0 active agents {{(pid=104929) agent_health_check /opt/stack/neutron/neutron/db/agents_db.py:317}}
Feb 26 00:45:57.425539 np0000157122 neutron-periodic-workers[104929]: DEBUG oslo.service.backend._threading.loopingcall [None req-402a7b62-bee8-4dff-9892-73992bb812fe None None] Fixed interval looping call 'neutron.plugins.ml2.plugin.AgentDbMixin.agent_health_check' sleeping for 36.99 seconds {{(pid=104929) _run_loop /opt/stack/data/venv/lib/python3.12/site-packages/oslo_service/backend/_threading/loopingcall.py:125}}
Feb 26 00:46:07.423770 np0000157122 neutron-periodic-workers[104929]: DEBUG dbcounter [-] [104929] Writing DB stats neutron:SELECT=1 {{(pid=104929) stat_writer /opt/stack/data/venv/lib/python3.12/site-packages/dbcounter.py:115}}
Feb 26 00:46:22.419226 np0000157122 neutron-periodic-workers[104924]: DEBUG oslo.service.backend._threading.loopingcall [None req-81b31f05-dfbc-4aea-90ef-96819b58a5f0 None None] Fixed interval looping call 'neutron.plugins.ml2.plugin.DhcpAgentSchedulerDbMixin.remove_networks_from_down_agents' sleeping for 36.99 seconds {{(pid=104924) _run_loop /opt/stack/data/venv/lib/python3.12/site-packages/oslo_service/backend/_threading/loopingcall.py:125}}
Feb 26 00:46:32.418242 np0000157122 neutron-periodic-workers[104924]: DEBUG dbcounter [-] [104924] Writing DB stats neutron:SELECT=3 {{(pid=104924) stat_writer /opt/stack/data/venv/lib/python3.12/site-packages/dbcounter.py:115}}
Feb 26 00:46:34.419137 np0000157122 neutron-periodic-workers[104929]: DEBUG neutron.db.agents_db [None req-402a7b62-bee8-4dff-9892-73992bb812fe None None] Agent healthcheck: found 0 active agents {{(pid=104929) agent_health_check /opt/stack/neutron/neutron/db/agents_db.py:317}}
Feb 26 00:46:34.419893 np0000157122 neutron-periodic-workers[104929]: DEBUG oslo.service.backend._threading.loopingcall [None req-402a7b62-bee8-4dff-9892-73992bb812fe None None] Fixed interval looping call 'neutron.plugins.ml2.plugin.AgentDbMixin.agent_health_check' sleeping for 37.00 seconds {{(pid=104929) _run_loop /opt/stack/data/venv/lib/python3.12/site-packages/oslo_service/backend/_threading/loopingcall.py:125}}
Feb 26 00:46:44.418245 np0000157122 neutron-periodic-workers[104929]: DEBUG dbcounter [-] [104929] Writing DB stats neutron:SELECT=1 {{(pid=104929) stat_writer /opt/stack/data/venv/lib/python3.12/site-packages/dbcounter.py:115}}
Feb 26 00:46:59.415427 np0000157122 neutron-periodic-workers[104924]: DEBUG oslo.service.backend._threading.loopingcall [None req-81b31f05-dfbc-4aea-90ef-96819b58a5f0 None None] Fixed interval looping call 'neutron.plugins.ml2.plugin.DhcpAgentSchedulerDbMixin.remove_networks_from_down_agents' sleeping for 36.99 seconds {{(pid=104924) _run_loop /opt/stack/data/venv/lib/python3.12/site-packages/oslo_service/backend/_threading/loopingcall.py:125}}
Feb 26 00:47:02.505307 np0000157122 neutron-periodic-workers[104947]: DEBUG oslo.service.backend._threading.loopingcall [None req-b0adeefb-2901-48d4-b1df-3f860b68ef60 None None] Fixed interval looping call 'neutron.services.ovn_l3.plugin.L3_NAT_dbonly_mixin._clean_garbage' sleeping for 299.99 seconds {{(pid=104947) _run_loop /opt/stack/data/venv/lib/python3.12/site-packages/oslo_service/backend/_threading/loopingcall.py:125}}
Feb 26 00:47:09.414923 np0000157122 neutron-periodic-workers[104924]: DEBUG dbcounter [-] [104924] Writing DB stats neutron:SELECT=3 {{(pid=104924) stat_writer /opt/stack/data/venv/lib/python3.12/site-packages/dbcounter.py:115}}
Feb 26 00:47:11.425506 np0000157122 neutron-periodic-workers[104929]: DEBUG neutron.db.agents_db [None req-402a7b62-bee8-4dff-9892-73992bb812fe None None] Agent healthcheck: found 0 active agents {{(pid=104929) agent_health_check /opt/stack/neutron/neutron/db/agents_db.py:317}}
Feb 26 00:47:11.426070 np0000157122 neutron-periodic-workers[104929]: DEBUG oslo.service.backend._threading.loopingcall [None req-402a7b62-bee8-4dff-9892-73992bb812fe None None] Fixed interval looping call 'neutron.plugins.ml2.plugin.AgentDbMixin.agent_health_check' sleeping for 36.99 seconds {{(pid=104929) _run_loop /opt/stack/data/venv/lib/python3.12/site-packages/oslo_service/backend/_threading/loopingcall.py:125}}
Feb 26 00:47:12.499293 np0000157122 neutron-periodic-workers[104947]: DEBUG dbcounter [-] [104947] Writing DB stats neutron:SELECT=1 {{(pid=104947) stat_writer /opt/stack/data/venv/lib/python3.12/site-packages/dbcounter.py:115}}
Feb 26 00:47:20.459691 np0000157122 neutron-periodic-workers[104936]: DEBUG oslo.service.backend._threading.loopingcall [None req-58fda852-7495-4603-99e2-e62c96b886e5 None None] Fixed interval looping call 'neutron.db.quota.driver_nolock.DbQuotaNoLockDriver._remove_expired_reservations' sleeping for 120.00 seconds {{(pid=104936) _run_loop /opt/stack/data/venv/lib/python3.12/site-packages/oslo_service/backend/_threading/loopingcall.py:125}}
Feb 26 00:47:21.422951 np0000157122 neutron-periodic-workers[104929]: DEBUG dbcounter [-] [104929] Writing DB stats neutron:SELECT=1 {{(pid=104929) stat_writer /opt/stack/data/venv/lib/python3.12/site-packages/dbcounter.py:115}}
Feb 26 00:47:30.458184 np0000157122 neutron-periodic-workers[104936]: DEBUG dbcounter [-] [104936] Writing DB stats neutron:DELETE=1 {{(pid=104936) stat_writer /opt/stack/data/venv/lib/python3.12/site-packages/dbcounter.py:115}}
Feb 26 00:47:36.414879 np0000157122 neutron-periodic-workers[104924]: DEBUG oslo.service.backend._threading.loopingcall [None req-81b31f05-dfbc-4aea-90ef-96819b58a5f0 None None] Fixed interval looping call 'neutron.plugins.ml2.plugin.DhcpAgentSchedulerDbMixin.remove_networks_from_down_agents' sleeping for 36.99 seconds {{(pid=104924) _run_loop /opt/stack/data/venv/lib/python3.12/site-packages/oslo_service/backend/_threading/loopingcall.py:125}}
Feb 26 00:47:46.414384 np0000157122 neutron-periodic-workers[104924]: DEBUG dbcounter [-] [104924] Writing DB stats neutron:SELECT=3 {{(pid=104924) stat_writer /opt/stack/data/venv/lib/python3.12/site-packages/dbcounter.py:115}}
Feb 26 00:47:48.421493 np0000157122 neutron-periodic-workers[104929]: DEBUG neutron.db.agents_db [None req-402a7b62-bee8-4dff-9892-73992bb812fe None None] Agent healthcheck: found 0 active agents {{(pid=104929) agent_health_check /opt/stack/neutron/neutron/db/agents_db.py:317}}
Feb 26 00:47:48.422059 np0000157122 neutron-periodic-workers[104929]: DEBUG oslo.service.backend._threading.loopingcall [None req-402a7b62-bee8-4dff-9892-73992bb812fe None None] Fixed interval looping call 'neutron.plugins.ml2.plugin.AgentDbMixin.agent_health_check' sleeping for 36.99 seconds {{(pid=104929) _run_loop /opt/stack/data/venv/lib/python3.12/site-packages/oslo_service/backend/_threading/loopingcall.py:125}}
Feb 26 00:47:58.419626 np0000157122 neutron-periodic-workers[104929]: DEBUG dbcounter [-] [104929] Writing DB stats neutron:SELECT=1 {{(pid=104929) stat_writer /opt/stack/data/venv/lib/python3.12/site-packages/dbcounter.py:115}}
Feb 26 00:48:13.414458 np0000157122 neutron-periodic-workers[104924]: DEBUG oslo.service.backend._threading.loopingcall [None req-81b31f05-dfbc-4aea-90ef-96819b58a5f0 None None] Fixed interval looping call 'neutron.plugins.ml2.plugin.DhcpAgentSchedulerDbMixin.remove_networks_from_down_agents' sleeping for 36.99 seconds {{(pid=104924) _run_loop /opt/stack/data/venv/lib/python3.12/site-packages/oslo_service/backend/_threading/loopingcall.py:125}}
Feb 26 00:48:23.413543 np0000157122 neutron-periodic-workers[104924]: DEBUG dbcounter [-] [104924] Writing DB stats neutron:SELECT=3 {{(pid=104924) stat_writer /opt/stack/data/venv/lib/python3.12/site-packages/dbcounter.py:115}}
Feb 26 00:48:25.417798 np0000157122 neutron-periodic-workers[104929]: DEBUG neutron.db.agents_db [None req-402a7b62-bee8-4dff-9892-73992bb812fe None None] Agent healthcheck: found 0 active agents {{(pid=104929) agent_health_check /opt/stack/neutron/neutron/db/agents_db.py:317}}
Feb 26 00:48:25.418582 np0000157122 neutron-periodic-workers[104929]: DEBUG oslo.service.backend._threading.loopingcall [None req-402a7b62-bee8-4dff-9892-73992bb812fe None None] Fixed interval looping call 'neutron.plugins.ml2.plugin.AgentDbMixin.agent_health_check' sleeping for 36.99 seconds {{(pid=104929) _run_loop /opt/stack/data/venv/lib/python3.12/site-packages/oslo_service/backend/_threading/loopingcall.py:125}}
Feb 26 00:48:35.416260 np0000157122 neutron-periodic-workers[104929]: DEBUG dbcounter [-] [104929] Writing DB stats neutron:SELECT=1 {{(pid=104929) stat_writer /opt/stack/data/venv/lib/python3.12/site-packages/dbcounter.py:115}}
Feb 26 00:48:50.414087 np0000157122 neutron-periodic-workers[104924]: DEBUG oslo.service.backend._threading.loopingcall [None req-81b31f05-dfbc-4aea-90ef-96819b58a5f0 None None] Fixed interval looping call 'neutron.plugins.ml2.plugin.DhcpAgentSchedulerDbMixin.remove_networks_from_down_agents' sleeping for 36.99 seconds {{(pid=104924) _run_loop /opt/stack/data/venv/lib/python3.12/site-packages/oslo_service/backend/_threading/loopingcall.py:125}}
Feb 26 00:49:00.412944 np0000157122 neutron-periodic-workers[104924]: DEBUG dbcounter [-] [104924] Writing DB stats neutron:SELECT=3 {{(pid=104924) stat_writer /opt/stack/data/venv/lib/python3.12/site-packages/dbcounter.py:115}}
Feb 26 00:49:02.413836 np0000157122 neutron-periodic-workers[104929]: DEBUG neutron.db.agents_db [None req-402a7b62-bee8-4dff-9892-73992bb812fe None None] Agent healthcheck: found 0 active agents {{(pid=104929) agent_health_check /opt/stack/neutron/neutron/db/agents_db.py:317}}
Feb 26 00:49:02.414538 np0000157122 neutron-periodic-workers[104929]: DEBUG oslo.service.backend._threading.loopingcall [None req-402a7b62-bee8-4dff-9892-73992bb812fe None None] Fixed interval looping call 'neutron.plugins.ml2.plugin.AgentDbMixin.agent_health_check' sleeping for 36.99 seconds {{(pid=104929) _run_loop /opt/stack/data/venv/lib/python3.12/site-packages/oslo_service/backend/_threading/loopingcall.py:125}}
Feb 26 00:49:12.412156 np0000157122 neutron-periodic-workers[104929]: DEBUG dbcounter [-] [104929] Writing DB stats neutron:SELECT=1 {{(pid=104929) stat_writer /opt/stack/data/venv/lib/python3.12/site-packages/dbcounter.py:115}}
Feb 26 00:49:20.464009 np0000157122 neutron-periodic-workers[104936]: DEBUG oslo.service.backend._threading.loopingcall [None req-58fda852-7495-4603-99e2-e62c96b886e5 None None] Fixed interval looping call 'neutron.db.quota.driver_nolock.DbQuotaNoLockDriver._remove_expired_reservations' sleeping for 120.00 seconds {{(pid=104936) _run_loop /opt/stack/data/venv/lib/python3.12/site-packages/oslo_service/backend/_threading/loopingcall.py:125}}
Feb 26 00:49:27.415690 np0000157122 neutron-periodic-workers[104924]: DEBUG oslo.service.backend._threading.loopingcall [None req-81b31f05-dfbc-4aea-90ef-96819b58a5f0 None None] Fixed interval looping call 'neutron.plugins.ml2.plugin.DhcpAgentSchedulerDbMixin.remove_networks_from_down_agents' sleeping for 36.99 seconds {{(pid=104924) _run_loop /opt/stack/data/venv/lib/python3.12/site-packages/oslo_service/backend/_threading/loopingcall.py:125}}
Feb 26 00:49:30.462987 np0000157122 neutron-periodic-workers[104936]: DEBUG dbcounter [-] [104936] Writing DB stats neutron:DELETE=1 {{(pid=104936) stat_writer /opt/stack/data/venv/lib/python3.12/site-packages/dbcounter.py:115}}
Feb 26 00:49:37.413869 np0000157122 neutron-periodic-workers[104924]: DEBUG dbcounter [-] [104924] Writing DB stats neutron:SELECT=3 {{(pid=104924) stat_writer /opt/stack/data/venv/lib/python3.12/site-packages/dbcounter.py:115}}
Feb 26 00:49:39.409382 np0000157122 neutron-periodic-workers[104929]: DEBUG neutron.db.agents_db [None req-402a7b62-bee8-4dff-9892-73992bb812fe None None] Agent healthcheck: found 0 active agents {{(pid=104929) agent_health_check /opt/stack/neutron/neutron/db/agents_db.py:317}}
Feb 26 00:49:39.409382 np0000157122 neutron-periodic-workers[104929]: DEBUG oslo.service.backend._threading.loopingcall [None req-402a7b62-bee8-4dff-9892-73992bb812fe None None] Fixed interval looping call 'neutron.plugins.ml2.plugin.AgentDbMixin.agent_health_check' sleeping for 37.00 seconds {{(pid=104929) _run_loop /opt/stack/data/venv/lib/python3.12/site-packages/oslo_service/backend/_threading/loopingcall.py:125}}
Feb 26 00:49:49.407034 np0000157122 neutron-periodic-workers[104929]: DEBUG dbcounter [-] [104929] Writing DB stats neutron:SELECT=1 {{(pid=104929) stat_writer /opt/stack/data/venv/lib/python3.12/site-packages/dbcounter.py:115}}
Feb 26 00:50:04.414859 np0000157122 neutron-periodic-workers[104924]: DEBUG oslo.service.backend._threading.loopingcall [None req-81b31f05-dfbc-4aea-90ef-96819b58a5f0 None None] Fixed interval looping call 'neutron.plugins.ml2.plugin.DhcpAgentSchedulerDbMixin.remove_networks_from_down_agents' sleeping for 36.99 seconds {{(pid=104924) _run_loop /opt/stack/data/venv/lib/python3.12/site-packages/oslo_service/backend/_threading/loopingcall.py:125}}
Feb 26 00:50:14.413958 np0000157122 neutron-periodic-workers[104924]: DEBUG dbcounter [-] [104924] Writing DB stats neutron:SELECT=3 {{(pid=104924) stat_writer /opt/stack/data/venv/lib/python3.12/site-packages/dbcounter.py:115}}
Feb 26 00:50:16.413000 np0000157122 neutron-periodic-workers[104929]: DEBUG neutron.db.agents_db [None req-402a7b62-bee8-4dff-9892-73992bb812fe None None] Agent healthcheck: found 0 active agents {{(pid=104929) agent_health_check /opt/stack/neutron/neutron/db/agents_db.py:317}}
Feb 26 00:50:16.413850 np0000157122 neutron-periodic-workers[104929]: DEBUG oslo.service.backend._threading.loopingcall [None req-402a7b62-bee8-4dff-9892-73992bb812fe None None] Fixed interval looping call 'neutron.plugins.ml2.plugin.AgentDbMixin.agent_health_check' sleeping for 36.99 seconds {{(pid=104929) _run_loop /opt/stack/data/venv/lib/python3.12/site-packages/oslo_service/backend/_threading/loopingcall.py:125}}
Feb 26 00:50:26.411430 np0000157122 neutron-periodic-workers[104929]: DEBUG dbcounter [-] [104929] Writing DB stats neutron:SELECT=1 {{(pid=104929) stat_writer /opt/stack/data/venv/lib/python3.12/site-packages/dbcounter.py:115}}
Feb 26 00:50:41.413792 np0000157122 neutron-periodic-workers[104924]: DEBUG oslo.service.backend._threading.loopingcall [None req-81b31f05-dfbc-4aea-90ef-96819b58a5f0 None None] Fixed interval looping call 'neutron.plugins.ml2.plugin.DhcpAgentSchedulerDbMixin.remove_networks_from_down_agents' sleeping for 36.99 seconds {{(pid=104924) _run_loop /opt/stack/data/venv/lib/python3.12/site-packages/oslo_service/backend/_threading/loopingcall.py:125}}
Feb 26 00:50:51.412794 np0000157122 neutron-periodic-workers[104924]: DEBUG dbcounter [-] [104924] Writing DB stats neutron:SELECT=3 {{(pid=104924) stat_writer /opt/stack/data/venv/lib/python3.12/site-packages/dbcounter.py:115}}
Feb 26 00:50:53.432017 np0000157122 neutron-periodic-workers[104929]: DEBUG neutron.db.agents_db [None req-402a7b62-bee8-4dff-9892-73992bb812fe None None] Agent healthcheck: found 0 active agents {{(pid=104929) agent_health_check /opt/stack/neutron/neutron/db/agents_db.py:317}}
Feb 26 00:50:53.432438 np0000157122 neutron-periodic-workers[104929]: DEBUG oslo.service.backend._threading.loopingcall [None req-402a7b62-bee8-4dff-9892-73992bb812fe None None] Fixed interval looping call 'neutron.plugins.ml2.plugin.AgentDbMixin.agent_health_check' sleeping for 36.97 seconds {{(pid=104929) _run_loop /opt/stack/data/venv/lib/python3.12/site-packages/oslo_service/backend/_threading/loopingcall.py:125}}
Feb 26 00:51:03.433044 np0000157122 neutron-periodic-workers[104929]: DEBUG dbcounter [-] [104929] Writing DB stats neutron:SELECT=1 {{(pid=104929) stat_writer /opt/stack/data/venv/lib/python3.12/site-packages/dbcounter.py:115}}
Feb 26 00:51:18.409030 np0000157122 neutron-periodic-workers[104924]: DEBUG oslo.service.backend._threading.loopingcall [None req-81b31f05-dfbc-4aea-90ef-96819b58a5f0 None None] Fixed interval looping call 'neutron.plugins.ml2.plugin.DhcpAgentSchedulerDbMixin.remove_networks_from_down_agents' sleeping for 37.00 seconds {{(pid=104924) _run_loop /opt/stack/data/venv/lib/python3.12/site-packages/oslo_service/backend/_threading/loopingcall.py:125}}
Feb 26 00:51:20.468093 np0000157122 neutron-periodic-workers[104936]: DEBUG oslo.service.backend._threading.loopingcall [None req-58fda852-7495-4603-99e2-e62c96b886e5 None None] Fixed interval looping call 'neutron.db.quota.driver_nolock.DbQuotaNoLockDriver._remove_expired_reservations' sleeping for 120.00 seconds {{(pid=104936) _run_loop /opt/stack/data/venv/lib/python3.12/site-packages/oslo_service/backend/_threading/loopingcall.py:125}}
Feb 26 00:51:28.408543 np0000157122 neutron-periodic-workers[104924]: DEBUG dbcounter [-] [104924] Writing DB stats neutron:SELECT=3 {{(pid=104924) stat_writer /opt/stack/data/venv/lib/python3.12/site-packages/dbcounter.py:115}}
Feb 26 00:51:30.408929 np0000157122 neutron-periodic-workers[104929]: DEBUG neutron.db.agents_db [None req-402a7b62-bee8-4dff-9892-73992bb812fe None None] Agent healthcheck: found 0 active agents {{(pid=104929) agent_health_check /opt/stack/neutron/neutron/db/agents_db.py:317}}
Feb 26 00:51:30.408929 np0000157122 neutron-periodic-workers[104929]: DEBUG oslo.service.backend._threading.loopingcall [None req-402a7b62-bee8-4dff-9892-73992bb812fe None None] Fixed interval looping call 'neutron.plugins.ml2.plugin.AgentDbMixin.agent_health_check' sleeping for 36.99 seconds {{(pid=104929) _run_loop /opt/stack/data/venv/lib/python3.12/site-packages/oslo_service/backend/_threading/loopingcall.py:125}}
Feb 26 00:51:30.466987 np0000157122 neutron-periodic-workers[104936]: DEBUG dbcounter [-] [104936] Writing DB stats neutron:DELETE=1 {{(pid=104936) stat_writer /opt/stack/data/venv/lib/python3.12/site-packages/dbcounter.py:115}}
Feb 26 00:51:40.406827 np0000157122 neutron-periodic-workers[104929]: DEBUG dbcounter [-] [104929] Writing DB stats neutron:SELECT=1 {{(pid=104929) stat_writer /opt/stack/data/venv/lib/python3.12/site-packages/dbcounter.py:115}}
Feb 26 00:51:55.419234 np0000157122 neutron-periodic-workers[104924]: DEBUG oslo.service.backend._threading.loopingcall [None req-81b31f05-dfbc-4aea-90ef-96819b58a5f0 None None] Fixed interval looping call 'neutron.plugins.ml2.plugin.DhcpAgentSchedulerDbMixin.remove_networks_from_down_agents' sleeping for 36.99 seconds {{(pid=104924) _run_loop /opt/stack/data/venv/lib/python3.12/site-packages/oslo_service/backend/_threading/loopingcall.py:125}}
Feb 26 00:52:02.504133 np0000157122 neutron-periodic-workers[104947]: DEBUG oslo.service.backend._threading.loopingcall [None req-b0adeefb-2901-48d4-b1df-3f860b68ef60 None None] Fixed interval looping call 'neutron.services.ovn_l3.plugin.L3_NAT_dbonly_mixin._clean_garbage' sleeping for 299.99 seconds {{(pid=104947) _run_loop /opt/stack/data/venv/lib/python3.12/site-packages/oslo_service/backend/_threading/loopingcall.py:125}}
Feb 26 00:52:05.417942 np0000157122 neutron-periodic-workers[104924]: DEBUG dbcounter [-] [104924] Writing DB stats neutron:SELECT=3 {{(pid=104924) stat_writer /opt/stack/data/venv/lib/python3.12/site-packages/dbcounter.py:115}}
Feb 26 00:52:07.404450 np0000157122 neutron-periodic-workers[104929]: DEBUG neutron.db.agents_db [None req-402a7b62-bee8-4dff-9892-73992bb812fe None None] Agent healthcheck: found 0 active agents {{(pid=104929) agent_health_check /opt/stack/neutron/neutron/db/agents_db.py:317}}
