Apr 16 17:49:33.240858 np0000166759 devstack@neutron-api.service[104218]: DEBUG oslo_concurrency.processutils [None req-2b4d6eba-0848-43ba-9cf0-6f1003088ffa None None] Running cmd (subprocess): ovsdb-client transact ssl:199.204.45.113:6641 --timeout 180 -p /opt/stack/data/CA/int-ca/private/devstack-cert.key -c /opt/stack/data/CA/int-ca/devstack-cert.crt -C /opt/stack/data/CA/int-ca/ca-chain.pem ["OVN_Northbound", {"op": "wait", "timeout": 0, "table": "Port_Group", "where": [["name", "==", "neutron_pg_drop"]], "until": "==", "rows": []}, {"op": "insert", "table": "ACL", "row": {"action": "drop", "direction": "to-lport", "match": "outport == @neutron_pg_drop && ip", "priority": 1001}, "uuid-name": "droptoport"}, {"op": "insert", "table": "ACL", "row": {"action": "drop", "direction": "from-lport", "match": "inport == @neutron_pg_drop && ip", "priority": 1001}, "uuid-name": "dropfromport"}, {"op": "insert", "table": "Port_Group", "row": {"name": "neutron_pg_drop", "acls": ["set", [["named-uuid", "droptoport"], ["named-uuid", "dropfromport"]]]}}] {{(pid=104218) execute /opt/stack/data/venv/lib/python3.12/site-packages/oslo_concurrency/processutils.py:440}}
Apr 16 17:49:33.243693 np0000166759 devstack@neutron-api.service[104221]: DEBUG oslo_concurrency.processutils [None req-c071a89b-4873-4e86-977b-58f757ded9a2 None None] CMD "ovsdb-client transact ssl:199.204.45.113:6641 --timeout 180 -p /opt/stack/data/CA/int-ca/private/devstack-cert.key -c /opt/stack/data/CA/int-ca/devstack-cert.crt -C /opt/stack/data/CA/int-ca/ca-chain.pem ["OVN_Northbound", {"op": "wait", "timeout": 0, "table": "Port_Group", "where": [["name", "==", "neutron_pg_drop"]], "until": "==", "rows": []}, {"op": "insert", "table": "ACL", "row": {"action": "drop", "direction": "to-lport", "match": "outport == @neutron_pg_drop && ip", "priority": 1001}, "uuid-name": "droptoport"}, {"op": "insert", "table": "ACL", "row": {"action": "drop", "direction": "from-lport", "match": "inport == @neutron_pg_drop && ip", "priority": 1001}, "uuid-name": "dropfromport"}, {"op": "insert", "table": "Port_Group", "row": {"name": "neutron_pg_drop", "acls": ["set", [["named-uuid", "droptoport"], ["named-uuid", "dropfromport"]]]}}]" returned: 0 in 0.038s {{(pid=104221) execute /opt/stack/data/venv/lib/python3.12/site-packages/oslo_concurrency/processutils.py:468}}
Apr 16 17:49:33.244604 np0000166759 devstack@neutron-api.service[104221]: DEBUG neutron_lib.callbacks.manager [None req-c071a89b-4873-4e86-977b-58f757ded9a2 None None] Publish callbacks ['neutron.plugins.ml2.drivers.ovn.mech_driver.mech_driver.OVNMechanismDriver.post_fork_initialize-201166', 'neutron.services.ovn_l3.plugin.OVNL3RouterPlugin._post_fork_initialize-13972'] for process (None), after_init {{(pid=104221) _notify_loop /opt/stack/data/venv/lib/python3.12/site-packages/neutron_lib/callbacks/manager.py:184}}
Apr 16 17:49:33.247729 np0000166759 devstack@neutron-api.service[104221]: DEBUG oslo_concurrency.lockutils [None req-c071a89b-4873-4e86-977b-58f757ded9a2 None None] Acquiring lock "singleton_lock" {{(pid=104221) lock /opt/stack/data/venv/lib/python3.12/site-packages/oslo_concurrency/lockutils.py:390}}
Apr 16 17:49:33.247729 np0000166759 devstack@neutron-api.service[104221]: DEBUG oslo_concurrency.lockutils [None req-c071a89b-4873-4e86-977b-58f757ded9a2 None None] Acquired lock "singleton_lock" {{(pid=104221) lock /opt/stack/data/venv/lib/python3.12/site-packages/oslo_concurrency/lockutils.py:393}}
Apr 16 17:49:33.247729 np0000166759 devstack@neutron-api.service[104221]: DEBUG oslo_concurrency.lockutils [None req-c071a89b-4873-4e86-977b-58f757ded9a2 None None] Releasing lock "singleton_lock" {{(pid=104221) lock /opt/stack/data/venv/lib/python3.12/site-packages/oslo_concurrency/lockutils.py:413}}
Apr 16 17:49:33.249684 np0000166759 devstack@neutron-api.service[104221]: DEBUG neutron.plugins.ml2.drivers.ovn.mech_driver.mech_driver [None req-c071a89b-4873-4e86-977b-58f757ded9a2 None None] Hash Ring setup using WSGI start time 2026-04-16 17:49:26+00:00 {{(pid=104221) _init_hash_ring /opt/stack/neutron/neutron/plugins/ml2/drivers/ovn/mech_driver/mech_driver.py:402}}
Apr 16 17:49:33.256888 np0000166759 devstack@neutron-api.service[104221]: INFO neutron.db.ovn_hash_ring_db [None req-c071a89b-4873-4e86-977b-58f757ded9a2 None None] Nodes from host "np0000166759" and group "mechanism_driver" removed from the Hash Ring created at 2026-04-16 17:49:26+00:00
Apr 16 17:49:33.261041 np0000166759 devstack@neutron-api.service[104221]: INFO neutron.db.ovn_hash_ring_db [None req-c071a89b-4873-4e86-977b-58f757ded9a2 None None] Node 09a6561c8fab5771bb16bea12359ff37 from host "np0000166759" and group "mechanism_driver" added to the Hash Ring
Apr 16 17:49:33.264886 np0000166759 devstack@neutron-api.service[104221]: DEBUG neutron.plugins.ml2.drivers.ovn.mech_driver.mech_driver [None req-c071a89b-4873-4e86-977b-58f757ded9a2 None None] Hash Ring setup, this worker has detected 2 OVN hash ring registers in the database {{(pid=104221) _init_hash_ring /opt/stack/neutron/neutron/plugins/ml2/drivers/ovn/mech_driver/mech_driver.py:412}}
Apr 16 17:49:33.265528 np0000166759 devstack@neutron-api.service[104220]: DEBUG neutron.api.v2.resource_helper [None req-57e97fa6-651b-4592-8a88-8fb692c834e9 None None] Service L3_ROUTER_NAT assigned prefix: {{(pid=104220) build_resource_info /opt/stack/neutron/neutron/api/v2/resource_helper.py:77}}
Apr 16 17:49:33.266139 np0000166759 devstack@neutron-api.service[104220]: DEBUG neutron.api.v2.resource_helper [None req-57e97fa6-651b-4592-8a88-8fb692c834e9 None None] Service FLAVORS assigned prefix: {{(pid=104220) build_resource_info /opt/stack/neutron/neutron/api/v2/resource_helper.py:77}}
Apr 16 17:49:33.266916 np0000166759 devstack@neutron-api.service[104220]: DEBUG neutron.api.v2.resource_helper [None req-57e97fa6-651b-4592-8a88-8fb692c834e9 None None] Service L3_ROUTER_NAT assigned prefix: {{(pid=104220) build_resource_info /opt/stack/neutron/neutron/api/v2/resource_helper.py:77}}
Apr 16 17:49:33.267325 np0000166759 devstack@neutron-api.service[104220]: DEBUG neutron.api.v2.resource_helper [None req-57e97fa6-651b-4592-8a88-8fb692c834e9 None None] Service L3_ROUTER_NAT assigned prefix: {{(pid=104220) build_resource_info /opt/stack/neutron/neutron/api/v2/resource_helper.py:77}}
Apr 16 17:49:33.267325 np0000166759 devstack@neutron-api.service[104220]: INFO neutron.quota.resource_registry [None req-57e97fa6-651b-4592-8a88-8fb692c834e9 None None] Creating instance of TrackedResource for resource:router
Apr 16 17:49:33.267500 np0000166759 devstack@neutron-api.service[104220]: WARNING neutron.quota.resource_registry [None req-57e97fa6-651b-4592-8a88-8fb692c834e9 None None] router is already registered
Apr 16 17:49:33.267892 np0000166759 devstack@neutron-api.service[104220]: INFO neutron.quota.resource_registry [None req-57e97fa6-651b-4592-8a88-8fb692c834e9 None None] Creating instance of TrackedResource for resource:floatingip
Apr 16 17:49:33.268025 np0000166759 devstack@neutron-api.service[104220]: WARNING neutron.quota.resource_registry [None req-57e97fa6-651b-4592-8a88-8fb692c834e9 None None] floatingip is already registered
Apr 16 17:49:33.269089 np0000166759 devstack@neutron-api.service[104220]: INFO neutron.quota.resource_registry [None req-57e97fa6-651b-4592-8a88-8fb692c834e9 None None] Creating instance of CountableResource for resource:rbac_policy
Apr 16 17:49:33.269134 np0000166759 devstack@neutron-api.service[104220]: WARNING neutron.quota.resource_registry [None req-57e97fa6-651b-4592-8a88-8fb692c834e9 None None] rbac_policy is already registered
Apr 16 17:49:33.269752 np0000166759 devstack@neutron-api.service[104220]: INFO neutron.quota.resource_registry [None req-57e97fa6-651b-4592-8a88-8fb692c834e9 None None] Creating instance of TrackedResource for resource:security_group
Apr 16 17:49:33.269863 np0000166759 devstack@neutron-api.service[104220]: WARNING neutron.quota.resource_registry [None req-57e97fa6-651b-4592-8a88-8fb692c834e9 None None] security_group is already registered
Apr 16 17:49:33.270201 np0000166759 devstack@neutron-api.service[104220]: INFO neutron.quota.resource_registry [None req-57e97fa6-651b-4592-8a88-8fb692c834e9 None None] Creating instance of TrackedResource for resource:security_group_rule
Apr 16 17:49:33.270322 np0000166759 devstack@neutron-api.service[104220]: WARNING neutron.quota.resource_registry [None req-57e97fa6-651b-4592-8a88-8fb692c834e9 None None] security_group_rule is already registered
Apr 16 17:49:33.270859 np0000166759 devstack@neutron-api.service[104220]: DEBUG neutron.api.v2.resource_helper [None req-57e97fa6-651b-4592-8a88-8fb692c834e9 None None] Service CORE assigned prefix: {{(pid=104220) build_resource_info /opt/stack/neutron/neutron/api/v2/resource_helper.py:77}}
Apr 16 17:49:33.270979 np0000166759 devstack@neutron-api.service[104220]: INFO neutron.quota.resource_registry [None req-57e97fa6-651b-4592-8a88-8fb692c834e9 None None] Creating instance of TrackedResource for resource:subnetpool
Apr 16 17:49:33.271100 np0000166759 devstack@neutron-api.service[104220]: WARNING neutron.quota.resource_registry [None req-57e97fa6-651b-4592-8a88-8fb692c834e9 None None] subnetpool is already registered
Apr 16 17:49:33.271805 np0000166759 devstack@neutron-api.service[104220]: DEBUG neutron.api.extensions [None req-57e97fa6-651b-4592-8a88-8fb692c834e9 None None] Extended resource: extensions {{(pid=104220) __init__ /opt/stack/neutron/neutron/api/extensions.py:156}}
Apr 16 17:49:33.272376 np0000166759 devstack@neutron-api.service[104221]: DEBUG neutron.plugins.ml2.drivers.ovn.mech_driver.ovsdb.maintenance [None req-c071a89b-4873-4e86-977b-58f757ded9a2 None None] Periodic task found: HashRingHealthCheckPeriodics.touch_hash_ring_node {{(pid=104221) add_periodics /opt/stack/neutron/neutron/plugins/ml2/drivers/ovn/mech_driver/ovsdb/maintenance.py:148}}
Apr 16 17:49:33.272662 np0000166759 devstack@neutron-api.service[104220]: DEBUG neutron.api.extensions [None req-57e97fa6-651b-4592-8a88-8fb692c834e9 None None] Extended resource: address-groups {{(pid=104220) __init__ /opt/stack/neutron/neutron/api/extensions.py:156}}
Apr 16 17:49:33.273434 np0000166759 devstack@neutron-api.service[104220]: DEBUG neutron.api.extensions [None req-57e97fa6-651b-4592-8a88-8fb692c834e9 None None] Extended resource: address-scopes {{(pid=104220) __init__ /opt/stack/neutron/neutron/api/extensions.py:156}}
Apr 16 17:49:33.273793 np0000166759 devstack@neutron-api.service[104221]: INFO neutron.plugins.ml2.drivers.ovn.mech_driver.mech_driver [None req-c071a89b-4873-4e86-977b-58f757ded9a2 None None] Hash Ring probing thread for node 09a6561c8fab5771bb16bea12359ff37 has started
Apr 16 17:49:33.274001 np0000166759 devstack@neutron-api.service[104220]: DEBUG neutron.api.extensions [None req-57e97fa6-651b-4592-8a88-8fb692c834e9 None None] Extended resource: agents {{(pid=104220) __init__ /opt/stack/neutron/neutron/api/extensions.py:156}}
Apr 16 17:49:33.274524 np0000166759 devstack@neutron-api.service[104221]: INFO neutron.plugins.ml2.drivers.ovn.mech_driver.ovsdb.impl_idl_ovn [None req-c071a89b-4873-4e86-977b-58f757ded9a2 None None] Getting OvsdbNbOvnIdl for WorkerService with retry
Apr 16 17:49:33.274638 np0000166759 devstack@neutron-api.service[104220]: DEBUG neutron.api.extensions [None req-57e97fa6-651b-4592-8a88-8fb692c834e9 None None] Extended resource: auto-allocated-topology {{(pid=104220) __init__ /opt/stack/neutron/neutron/api/extensions.py:156}}
Apr 16 17:49:33.275367 np0000166759 devstack@neutron-api.service[104220]: DEBUG neutron.api.extensions [None req-57e97fa6-651b-4592-8a88-8fb692c834e9 None None] Extended resource: availability_zones {{(pid=104220) __init__ /opt/stack/neutron/neutron/api/extensions.py:156}}
Apr 16 17:49:33.276093 np0000166759 devstack@neutron-api.service[104220]: DEBUG neutron.api.extensions [None req-57e97fa6-651b-4592-8a88-8fb692c834e9 None None] Extended resource: dhcp-networks {{(pid=104220) __init__ /opt/stack/neutron/neutron/api/extensions.py:156}}
Apr 16 17:49:33.276400 np0000166759 devstack@neutron-api.service[104218]: DEBUG oslo_concurrency.processutils [None req-2b4d6eba-0848-43ba-9cf0-6f1003088ffa None None] CMD "ovsdb-client transact ssl:199.204.45.113:6641 --timeout 180 -p /opt/stack/data/CA/int-ca/private/devstack-cert.key -c /opt/stack/data/CA/int-ca/devstack-cert.crt -C /opt/stack/data/CA/int-ca/ca-chain.pem ["OVN_Northbound", {"op": "wait", "timeout": 0, "table": "Port_Group", "where": [["name", "==", "neutron_pg_drop"]], "until": "==", "rows": []}, {"op": "insert", "table": "ACL", "row": {"action": "drop", "direction": "to-lport", "match": "outport == @neutron_pg_drop && ip", "priority": 1001}, "uuid-name": "droptoport"}, {"op": "insert", "table": "ACL", "row": {"action": "drop", "direction": "from-lport", "match": "inport == @neutron_pg_drop && ip", "priority": 1001}, "uuid-name": "dropfromport"}, {"op": "insert", "table": "Port_Group", "row": {"name": "neutron_pg_drop", "acls": ["set", [["named-uuid", "droptoport"], ["named-uuid", "dropfromport"]]]}}]" returned: 0 in 0.035s {{(pid=104218) execute /opt/stack/data/venv/lib/python3.12/site-packages/oslo_concurrency/processutils.py:468}}
Apr 16 17:49:33.276838 np0000166759 devstack@neutron-api.service[104218]: DEBUG neutron_lib.callbacks.manager [None req-2b4d6eba-0848-43ba-9cf0-6f1003088ffa None None] Publish callbacks ['neutron.plugins.ml2.drivers.ovn.mech_driver.mech_driver.OVNMechanismDriver.post_fork_initialize-205391', 'neutron.services.ovn_l3.plugin.OVNL3RouterPlugin._post_fork_initialize-86710'] for process (None), after_init {{(pid=104218) _notify_loop /opt/stack/data/venv/lib/python3.12/site-packages/neutron_lib/callbacks/manager.py:184}}
Apr 16 17:49:33.277077 np0000166759 devstack@neutron-api.service[104220]: DEBUG neutron.api.extensions [None req-57e97fa6-651b-4592-8a88-8fb692c834e9 None None] Extended resource: dhcp-agents {{(pid=104220) __init__ /opt/stack/neutron/neutron/api/extensions.py:156}}
Apr 16 17:49:33.277190 np0000166759 devstack@neutron-api.service[104218]: DEBUG oslo_concurrency.lockutils [None req-2b4d6eba-0848-43ba-9cf0-6f1003088ffa None None] Acquiring lock "singleton_lock" {{(pid=104218) lock /opt/stack/data/venv/lib/python3.12/site-packages/oslo_concurrency/lockutils.py:390}}
Apr 16 17:49:33.277295 np0000166759 devstack@neutron-api.service[104218]: DEBUG oslo_concurrency.lockutils [None req-2b4d6eba-0848-43ba-9cf0-6f1003088ffa None None] Acquired lock "singleton_lock" {{(pid=104218) lock /opt/stack/data/venv/lib/python3.12/site-packages/oslo_concurrency/lockutils.py:393}}
Apr 16 17:49:33.277548 np0000166759 devstack@neutron-api.service[104218]: DEBUG oslo_concurrency.lockutils [None req-2b4d6eba-0848-43ba-9cf0-6f1003088ffa None None] Releasing lock "singleton_lock" {{(pid=104218) lock /opt/stack/data/venv/lib/python3.12/site-packages/oslo_concurrency/lockutils.py:413}}
Apr 16 17:49:33.278002 np0000166759 devstack@neutron-api.service[104220]: DEBUG neutron.api.extensions [None req-57e97fa6-651b-4592-8a88-8fb692c834e9 None None] Extended resource: routers {{(pid=104220) __init__ /opt/stack/neutron/neutron/api/extensions.py:156}}
Apr 16 17:49:33.279335 np0000166759 devstack@neutron-api.service[104218]: DEBUG neutron.plugins.ml2.drivers.ovn.mech_driver.mech_driver [None req-2b4d6eba-0848-43ba-9cf0-6f1003088ffa None None] Hash Ring setup using WSGI start time 2026-04-16 17:49:26+00:00 {{(pid=104218) _init_hash_ring /opt/stack/neutron/neutron/plugins/ml2/drivers/ovn/mech_driver/mech_driver.py:402}}
Apr 16 17:49:33.279394 np0000166759 devstack@neutron-api.service[104220]: DEBUG neutron.api.extensions [None req-57e97fa6-651b-4592-8a88-8fb692c834e9 None None] Extended resource: flavors {{(pid=104220) __init__ /opt/stack/neutron/neutron/api/extensions.py:156}}
Apr 16 17:49:33.280140 np0000166759 devstack@neutron-api.service[104220]: DEBUG neutron.api.extensions [None req-57e97fa6-651b-4592-8a88-8fb692c834e9 None None] Extended resource: service_profiles {{(pid=104220) __init__ /opt/stack/neutron/neutron/api/extensions.py:156}}
Apr 16 17:49:33.280904 np0000166759 devstack@neutron-api.service[104220]: DEBUG neutron.api.extensions [None req-57e97fa6-651b-4592-8a88-8fb692c834e9 None None] Extended resource: next_providers {{(pid=104220) __init__ /opt/stack/neutron/neutron/api/extensions.py:156}}
Apr 16 17:49:33.281871 np0000166759 devstack@neutron-api.service[104220]: DEBUG neutron.api.extensions [None req-57e97fa6-651b-4592-8a88-8fb692c834e9 None None] Extended resource: service_profiles {{(pid=104220) __init__ /opt/stack/neutron/neutron/api/extensions.py:156}}
Apr 16 17:49:33.282911 np0000166759 devstack@neutron-api.service[104220]: DEBUG neutron.api.extensions [None req-57e97fa6-651b-4592-8a88-8fb692c834e9 None None] Extended resource: floatingip-pools {{(pid=104220) __init__ /opt/stack/neutron/neutron/api/extensions.py:156}}
Apr 16 17:49:33.283571 np0000166759 devstack@neutron-api.service[104220]: DEBUG neutron.api.extensions [None req-57e97fa6-651b-4592-8a88-8fb692c834e9 None None] Extended resource: routers {{(pid=104220) __init__ /opt/stack/neutron/neutron/api/extensions.py:156}}
Apr 16 17:49:33.284817 np0000166759 devstack@neutron-api.service[104220]: DEBUG neutron.api.extensions [None req-57e97fa6-651b-4592-8a88-8fb692c834e9 None None] Extended resource: floatingips {{(pid=104220) __init__ /opt/stack/neutron/neutron/api/extensions.py:156}}
Apr 16 17:49:33.285386 np0000166759 devstack@neutron-api.service[104220]: DEBUG neutron.api.extensions [None req-57e97fa6-651b-4592-8a88-8fb692c834e9 None None] Extended resource: network-ip-availabilities {{(pid=104220) __init__ /opt/stack/neutron/neutron/api/extensions.py:156}}
Apr 16 17:49:33.285923 np0000166759 devstack@neutron-api.service[104220]: DEBUG neutron.api.extensions [None req-57e97fa6-651b-4592-8a88-8fb692c834e9 None None] Extended resource: network-ip-availabilities {{(pid=104220) __init__ /opt/stack/neutron/neutron/api/extensions.py:156}}
Apr 16 17:49:33.287835 np0000166759 devstack@neutron-api.service[104220]: DEBUG neutron.api.extensions [None req-57e97fa6-651b-4592-8a88-8fb692c834e9 None None] Extended resource: bindings {{(pid=104220) __init__ /opt/stack/neutron/neutron/api/extensions.py:156}}
Apr 16 17:49:33.287835 np0000166759 devstack@neutron-api.service[104220]: DEBUG neutron.api.extensions [None req-57e97fa6-651b-4592-8a88-8fb692c834e9 None None] Extended resource: quotas {{(pid=104220) __init__ /opt/stack/neutron/neutron/api/extensions.py:156}}
Apr 16 17:49:33.287835 np0000166759 devstack@neutron-api.service[104220]: DEBUG neutron.api.extensions [None req-57e97fa6-651b-4592-8a88-8fb692c834e9 None None] Extended resource: quotas {{(pid=104220) __init__ /opt/stack/neutron/neutron/api/extensions.py:156}}
Apr 16 17:49:33.288596 np0000166759 devstack@neutron-api.service[104220]: DEBUG neutron.api.extensions [None req-57e97fa6-651b-4592-8a88-8fb692c834e9 None None] Extended resource: rbac-policies {{(pid=104220) __init__ /opt/stack/neutron/neutron/api/extensions.py:156}}
Apr 16 17:49:33.289124 np0000166759 devstack@neutron-api.service[104220]: DEBUG neutron.api.extensions [None req-57e97fa6-651b-4592-8a88-8fb692c834e9 None None] Extended resource: default-security-group-rules {{(pid=104220) __init__ /opt/stack/neutron/neutron/api/extensions.py:156}}
Apr 16 17:49:33.289624 np0000166759 devstack@neutron-api.service[104220]: DEBUG neutron.api.extensions [None req-57e97fa6-651b-4592-8a88-8fb692c834e9 None None] Extended resource: security-groups {{(pid=104220) __init__ /opt/stack/neutron/neutron/api/extensions.py:156}}
Apr 16 17:49:33.290146 np0000166759 devstack@neutron-api.service[104220]: DEBUG neutron.api.extensions [None req-57e97fa6-651b-4592-8a88-8fb692c834e9 None None] Extended resource: security-group-rules {{(pid=104220) __init__ /opt/stack/neutron/neutron/api/extensions.py:156}}
Apr 16 17:49:33.291098 np0000166759 devstack@neutron-api.service[104220]: DEBUG neutron.api.extensions [None req-57e97fa6-651b-4592-8a88-8fb692c834e9 None None] Extended resource: service-providers {{(pid=104220) __init__ /opt/stack/neutron/neutron/api/extensions.py:156}}
Apr 16 17:49:33.291189 np0000166759 devstack@neutron-api.service[104218]: INFO neutron.db.ovn_hash_ring_db [None req-2b4d6eba-0848-43ba-9cf0-6f1003088ffa None None] Nodes from host "np0000166759" and group "mechanism_driver" removed from the Hash Ring created at 2026-04-16 17:49:26+00:00
Apr 16 17:49:33.291349 np0000166759 devstack@neutron-api.service[104220]: DEBUG neutron.api.extensions [None req-57e97fa6-651b-4592-8a88-8fb692c834e9 None None] Extended resource: subnetpools {{(pid=104220) __init__ /opt/stack/neutron/neutron/api/extensions.py:156}}
Apr 16 17:49:33.291921 np0000166759 devstack@neutron-api.service[104220]: DEBUG neutron.api.extensions [None req-57e97fa6-651b-4592-8a88-8fb692c834e9 None None] Extended resource: tags {{(pid=104220) __init__ /opt/stack/neutron/neutron/api/extensions.py:156}}
Apr 16 17:49:33.292722 np0000166759 devstack@neutron-api.service[104220]: DEBUG neutron.api.extensions [None req-57e97fa6-651b-4592-8a88-8fb692c834e9 None None] Extended resource: tags {{(pid=104220) __init__ /opt/stack/neutron/neutron/api/extensions.py:156}}
Apr 16 17:49:33.293448 np0000166759 devstack@neutron-api.service[104218]: INFO neutron.db.ovn_hash_ring_db [None req-2b4d6eba-0848-43ba-9cf0-6f1003088ffa None None] Node 33053775fd46535aa17d7b3632395b0a from host "np0000166759" and group "mechanism_driver" added to the Hash Ring
Apr 16 17:49:33.293512 np0000166759 devstack@neutron-api.service[104220]: DEBUG neutron.api.extensions [None req-57e97fa6-651b-4592-8a88-8fb692c834e9 None None] Extended resource: tags {{(pid=104220) __init__ /opt/stack/neutron/neutron/api/extensions.py:156}}
Apr 16 17:49:33.294298 np0000166759 devstack@neutron-api.service[104220]: DEBUG neutron.api.extensions [None req-57e97fa6-651b-4592-8a88-8fb692c834e9 None None] Extended resource: tags {{(pid=104220) __init__ /opt/stack/neutron/neutron/api/extensions.py:156}}
Apr 16 17:49:33.295808 np0000166759 devstack@neutron-api.service[104220]: DEBUG neutron.api.extensions [None req-57e97fa6-651b-4592-8a88-8fb692c834e9 None None] Extended resource: tags {{(pid=104220) __init__ /opt/stack/neutron/neutron/api/extensions.py:156}}
Apr 16 17:49:33.296666 np0000166759 devstack@neutron-api.service[104220]: DEBUG neutron.api.extensions [None req-57e97fa6-651b-4592-8a88-8fb692c834e9 None None] Extended resource: tags {{(pid=104220) __init__ /opt/stack/neutron/neutron/api/extensions.py:156}}
Apr 16 17:49:33.297488 np0000166759 devstack@neutron-api.service[104220]: DEBUG neutron.api.extensions [None req-57e97fa6-651b-4592-8a88-8fb692c834e9 None None] Extended resource: tags {{(pid=104220) __init__ /opt/stack/neutron/neutron/api/extensions.py:156}}
Apr 16 17:49:33.298287 np0000166759 devstack@neutron-api.service[104220]: DEBUG neutron.api.extensions [None req-57e97fa6-651b-4592-8a88-8fb692c834e9 None None] Extended resource: tags {{(pid=104220) __init__ /opt/stack/neutron/neutron/api/extensions.py:156}}
Apr 16 17:49:33.299196 np0000166759 devstack@neutron-api.service[104220]: DEBUG neutron.api.extensions [None req-57e97fa6-651b-4592-8a88-8fb692c834e9 None None] Extended resource: tags {{(pid=104220) __init__ /opt/stack/neutron/neutron/api/extensions.py:156}}
Apr 16 17:49:33.300033 np0000166759 devstack@neutron-api.service[104220]: DEBUG neutron.api.extensions [None req-57e97fa6-651b-4592-8a88-8fb692c834e9 None None] Extended resource: tags {{(pid=104220) __init__ /opt/stack/neutron/neutron/api/extensions.py:156}}
Apr 16 17:49:33.300681 np0000166759 devstack@neutron-api.service[104218]: DEBUG neutron.plugins.ml2.drivers.ovn.mech_driver.mech_driver [None req-2b4d6eba-0848-43ba-9cf0-6f1003088ffa None None] Hash Ring setup, this worker has detected 3 OVN hash ring registers in the database {{(pid=104218) _init_hash_ring /opt/stack/neutron/neutron/plugins/ml2/drivers/ovn/mech_driver/mech_driver.py:412}}
Apr 16 17:49:33.303728 np0000166759 devstack@neutron-api.service[104220]: WARNING keystonemiddleware.auth_token [None req-57e97fa6-651b-4592-8a88-8fb692c834e9 None None] AuthToken middleware is set with keystone_authtoken.service_token_roles_required set to False. This is backwards compatible but deprecated behaviour. Please set this to True.
Apr 16 17:49:33.306334 np0000166759 devstack@neutron-api.service[104218]: DEBUG neutron.plugins.ml2.drivers.ovn.mech_driver.ovsdb.maintenance [None req-2b4d6eba-0848-43ba-9cf0-6f1003088ffa None None] Periodic task found: HashRingHealthCheckPeriodics.touch_hash_ring_node {{(pid=104218) add_periodics /opt/stack/neutron/neutron/plugins/ml2/drivers/ovn/mech_driver/ovsdb/maintenance.py:148}}
Apr 16 17:49:33.308495 np0000166759 devstack@neutron-api.service[104218]: INFO neutron.plugins.ml2.drivers.ovn.mech_driver.mech_driver [None req-2b4d6eba-0848-43ba-9cf0-6f1003088ffa None None] Hash Ring probing thread for node 33053775fd46535aa17d7b3632395b0a has started
Apr 16 17:49:33.309227 np0000166759 devstack@neutron-api.service[104218]: INFO neutron.plugins.ml2.drivers.ovn.mech_driver.ovsdb.impl_idl_ovn [None req-2b4d6eba-0848-43ba-9cf0-6f1003088ffa None None] Getting OvsdbNbOvnIdl for WorkerService with retry
Apr 16 17:49:33.311140 np0000166759 devstack@neutron-api.service[104220]: DEBUG neutron_lib.callbacks.manager [None req-57e97fa6-651b-4592-8a88-8fb692c834e9 None None] Publish callbacks ['neutron.plugins.ml2.drivers.ovn.mech_driver.mech_driver.OVNMechanismDriver.pre_fork_initialize-214823'] for process (None), before_spawn {{(pid=104220) _notify_loop /opt/stack/data/venv/lib/python3.12/site-packages/neutron_lib/callbacks/manager.py:184}}
Apr 16 17:49:33.311538 np0000166759 devstack@neutron-api.service[104220]: DEBUG oslo_concurrency.processutils [None req-57e97fa6-651b-4592-8a88-8fb692c834e9 None None] Running cmd (subprocess): ovsdb-client transact ssl:199.204.45.113:6641 --timeout 180 -p /opt/stack/data/CA/int-ca/private/devstack-cert.key -c /opt/stack/data/CA/int-ca/devstack-cert.crt -C /opt/stack/data/CA/int-ca/ca-chain.pem ["OVN_Northbound", {"op": "wait", "timeout": 0, "table": "Port_Group", "where": [["name", "==", "neutron_pg_drop"]], "until": "==", "rows": []}, {"op": "insert", "table": "ACL", "row": {"action": "drop", "direction": "to-lport", "match": "outport == @neutron_pg_drop && ip", "priority": 1001}, "uuid-name": "droptoport"}, {"op": "insert", "table": "ACL", "row": {"action": "drop", "direction": "from-lport", "match": "inport == @neutron_pg_drop && ip", "priority": 1001}, "uuid-name": "dropfromport"}, {"op": "insert", "table": "Port_Group", "row": {"name": "neutron_pg_drop", "acls": ["set", [["named-uuid", "droptoport"], ["named-uuid", "dropfromport"]]]}}] {{(pid=104220) execute /opt/stack/data/venv/lib/python3.12/site-packages/oslo_concurrency/processutils.py:440}}
Apr 16 17:49:33.325744 np0000166759 devstack@neutron-api.service[104221]: DEBUG ovsdbapp.backend.ovs_idl [None req-c071a89b-4873-4e86-977b-58f757ded9a2 None None] Created lookup_table index Logical_Switch.name {{(pid=104221) autocreate_indices /opt/stack/data/venv/lib/python3.12/site-packages/ovsdbapp/backend/ovs_idl/__init__.py:87}}
Apr 16 17:49:33.325744 np0000166759 devstack@neutron-api.service[104221]: DEBUG ovsdbapp.backend.ovs_idl [None req-c071a89b-4873-4e86-977b-58f757ded9a2 None None] Created lookup_table index Logical_Router.name {{(pid=104221) autocreate_indices /opt/stack/data/venv/lib/python3.12/site-packages/ovsdbapp/backend/ovs_idl/__init__.py:87}}
Apr 16 17:49:33.325744 np0000166759 devstack@neutron-api.service[104221]: DEBUG ovsdbapp.backend.ovs_idl [None req-c071a89b-4873-4e86-977b-58f757ded9a2 None None] Created lookup_table index Load_Balancer.name {{(pid=104221) autocreate_indices /opt/stack/data/venv/lib/python3.12/site-packages/ovsdbapp/backend/ovs_idl/__init__.py:87}}
Apr 16 17:49:33.325744 np0000166759 devstack@neutron-api.service[104221]: DEBUG ovsdbapp.backend.ovs_idl [None req-c071a89b-4873-4e86-977b-58f757ded9a2 None None] Created schema index Copp.name {{(pid=104221) autocreate_indices /opt/stack/data/venv/lib/python3.12/site-packages/ovsdbapp/backend/ovs_idl/__init__.py:106}}
Apr 16 17:49:33.325744 np0000166759 devstack@neutron-api.service[104221]: DEBUG ovsdbapp.backend.ovs_idl [None req-c071a89b-4873-4e86-977b-58f757ded9a2 None None] Created schema index Meter.name {{(pid=104221) autocreate_indices /opt/stack/data/venv/lib/python3.12/site-packages/ovsdbapp/backend/ovs_idl/__init__.py:106}}
Apr 16 17:49:33.325744 np0000166759 devstack@neutron-api.service[104221]: DEBUG ovsdbapp.backend.ovs_idl [None req-c071a89b-4873-4e86-977b-58f757ded9a2 None None] Created schema index Load_Balancer_Group.name {{(pid=104221) autocreate_indices /opt/stack/data/venv/lib/python3.12/site-packages/ovsdbapp/backend/ovs_idl/__init__.py:106}}
Apr 16 17:49:33.326131 np0000166759 devstack@neutron-api.service[104221]: DEBUG ovsdbapp.backend.ovs_idl [None req-c071a89b-4873-4e86-977b-58f757ded9a2 None None] Created schema index HA_Chassis_Group.name {{(pid=104221) autocreate_indices /opt/stack/data/venv/lib/python3.12/site-packages/ovsdbapp/backend/ovs_idl/__init__.py:106}}
Apr 16 17:49:33.326131 np0000166759 devstack@neutron-api.service[104221]: DEBUG ovsdbapp.backend.ovs_idl [None req-c071a89b-4873-4e86-977b-58f757ded9a2 None None] Created schema index Address_Set.name {{(pid=104221) autocreate_indices /opt/stack/data/venv/lib/python3.12/site-packages/ovsdbapp/backend/ovs_idl/__init__.py:106}}
Apr 16 17:49:33.326131 np0000166759 devstack@neutron-api.service[104221]: DEBUG ovsdbapp.backend.ovs_idl [None req-c071a89b-4873-4e86-977b-58f757ded9a2 None None] Created schema index Connection.target {{(pid=104221) autocreate_indices /opt/stack/data/venv/lib/python3.12/site-packages/ovsdbapp/backend/ovs_idl/__init__.py:106}}
Apr 16 17:49:33.326131 np0000166759 devstack@neutron-api.service[104221]: DEBUG ovsdbapp.backend.ovs_idl [None req-c071a89b-4873-4e86-977b-58f757ded9a2 None None] Created schema index Gateway_Chassis.name {{(pid=104221) autocreate_indices /opt/stack/data/venv/lib/python3.12/site-packages/ovsdbapp/backend/ovs_idl/__init__.py:106}}
Apr 16 17:49:33.326131 np0000166759 devstack@neutron-api.service[104221]: DEBUG ovsdbapp.backend.ovs_idl [None req-c071a89b-4873-4e86-977b-58f757ded9a2 None None] Created schema index Mirror.name {{(pid=104221) autocreate_indices /opt/stack/data/venv/lib/python3.12/site-packages/ovsdbapp/backend/ovs_idl/__init__.py:106}}
Apr 16 17:49:33.326131 np0000166759 devstack@neutron-api.service[104221]: DEBUG ovsdbapp.backend.ovs_idl [None req-c071a89b-4873-4e86-977b-58f757ded9a2 None None] Created schema index Chassis_Template_Var.chassis {{(pid=104221) autocreate_indices /opt/stack/data/venv/lib/python3.12/site-packages/ovsdbapp/backend/ovs_idl/__init__.py:106}}
Apr 16 17:49:33.326465 np0000166759 devstack@neutron-api.service[104221]: DEBUG ovsdbapp.backend.ovs_idl [None req-c071a89b-4873-4e86-977b-58f757ded9a2 None None] Created schema index Logical_Router_Port.name {{(pid=104221) autocreate_indices /opt/stack/data/venv/lib/python3.12/site-packages/ovsdbapp/backend/ovs_idl/__init__.py:106}}
Apr 16 17:49:33.326465 np0000166759 devstack@neutron-api.service[104221]: DEBUG ovsdbapp.backend.ovs_idl [None req-c071a89b-4873-4e86-977b-58f757ded9a2 None None] Created schema index Port_Group.name {{(pid=104221) autocreate_indices /opt/stack/data/venv/lib/python3.12/site-packages/ovsdbapp/backend/ovs_idl/__init__.py:106}}
Apr 16 17:49:33.326465 np0000166759 devstack@neutron-api.service[104221]: DEBUG ovsdbapp.backend.ovs_idl [None req-c071a89b-4873-4e86-977b-58f757ded9a2 None None] Created schema index Logical_Switch_Port.name {{(pid=104221) autocreate_indices /opt/stack/data/venv/lib/python3.12/site-packages/ovsdbapp/backend/ovs_idl/__init__.py:106}}
Apr 16 17:49:33.328232 np0000166759 devstack@neutron-api.service[104221]: INFO ovsdbapp.backend.ovs_idl.vlog [None req-c071a89b-4873-4e86-977b-58f757ded9a2 None None] ssl:199.204.45.113:6641: connecting...
Apr 16 17:49:33.334883 np0000166759 devstack@neutron-api.service[104221]: INFO ovsdbapp.backend.ovs_idl.vlog [None req-c071a89b-4873-4e86-977b-58f757ded9a2 None None] ssl:199.204.45.113:6641: connected
Apr 16 17:49:33.351099 np0000166759 devstack@neutron-api.service[104220]: DEBUG oslo_concurrency.processutils [None req-57e97fa6-651b-4592-8a88-8fb692c834e9 None None] CMD "ovsdb-client transact ssl:199.204.45.113:6641 --timeout 180 -p /opt/stack/data/CA/int-ca/private/devstack-cert.key -c /opt/stack/data/CA/int-ca/devstack-cert.crt -C /opt/stack/data/CA/int-ca/ca-chain.pem ["OVN_Northbound", {"op": "wait", "timeout": 0, "table": "Port_Group", "where": [["name", "==", "neutron_pg_drop"]], "until": "==", "rows": []}, {"op": "insert", "table": "ACL", "row": {"action": "drop", "direction": "to-lport", "match": "outport == @neutron_pg_drop && ip", "priority": 1001}, "uuid-name": "droptoport"}, {"op": "insert", "table": "ACL", "row": {"action": "drop", "direction": "from-lport", "match": "inport == @neutron_pg_drop && ip", "priority": 1001}, "uuid-name": "dropfromport"}, {"op": "insert", "table": "Port_Group", "row": {"name": "neutron_pg_drop", "acls": ["set", [["named-uuid", "droptoport"], ["named-uuid", "dropfromport"]]]}}]" returned: 0 in 0.039s {{(pid=104220) execute /opt/stack/data/venv/lib/python3.12/site-packages/oslo_concurrency/processutils.py:468}}
Apr 16 17:49:33.351834 np0000166759 devstack@neutron-api.service[104220]: DEBUG neutron_lib.callbacks.manager [None req-57e97fa6-651b-4592-8a88-8fb692c834e9 None None] Publish callbacks ['neutron.plugins.ml2.drivers.ovn.mech_driver.mech_driver.OVNMechanismDriver.post_fork_initialize-214799', 'neutron.services.ovn_l3.plugin.OVNL3RouterPlugin._post_fork_initialize-454596'] for process (None), after_init {{(pid=104220) _notify_loop /opt/stack/data/venv/lib/python3.12/site-packages/neutron_lib/callbacks/manager.py:184}}
Apr 16 17:49:33.352551 np0000166759 devstack@neutron-api.service[104220]: DEBUG oslo_concurrency.lockutils [None req-57e97fa6-651b-4592-8a88-8fb692c834e9 None None] Acquiring lock "singleton_lock" {{(pid=104220) lock /opt/stack/data/venv/lib/python3.12/site-packages/oslo_concurrency/lockutils.py:390}}
Apr 16 17:49:33.352800 np0000166759 devstack@neutron-api.service[104220]: DEBUG oslo_concurrency.lockutils [None req-57e97fa6-651b-4592-8a88-8fb692c834e9 None None] Acquired lock "singleton_lock" {{(pid=104220) lock /opt/stack/data/venv/lib/python3.12/site-packages/oslo_concurrency/lockutils.py:393}}
Apr 16 17:49:33.353261 np0000166759 devstack@neutron-api.service[104220]: DEBUG oslo_concurrency.lockutils [None req-57e97fa6-651b-4592-8a88-8fb692c834e9 None None] Releasing lock "singleton_lock" {{(pid=104220) lock /opt/stack/data/venv/lib/python3.12/site-packages/oslo_concurrency/lockutils.py:413}}
Apr 16 17:49:33.356645 np0000166759 devstack@neutron-api.service[104220]: DEBUG neutron.plugins.ml2.drivers.ovn.mech_driver.mech_driver [None req-57e97fa6-651b-4592-8a88-8fb692c834e9 None None] Hash Ring setup using WSGI start time 2026-04-16 17:49:26+00:00 {{(pid=104220) _init_hash_ring /opt/stack/neutron/neutron/plugins/ml2/drivers/ovn/mech_driver/mech_driver.py:402}}
Apr 16 17:49:33.363155 np0000166759 devstack@neutron-api.service[104220]: INFO neutron.db.ovn_hash_ring_db [None req-57e97fa6-651b-4592-8a88-8fb692c834e9 None None] Nodes from host "np0000166759" and group "mechanism_driver" removed from the Hash Ring created at 2026-04-16 17:49:26+00:00
Apr 16 17:49:33.366008 np0000166759 devstack@neutron-api.service[104220]: INFO neutron.db.ovn_hash_ring_db [None req-57e97fa6-651b-4592-8a88-8fb692c834e9 None None] Node d1c1d9909aed55d8ad5dcfde92c4adc5 from host "np0000166759" and group "mechanism_driver" added to the Hash Ring
Apr 16 17:49:33.368791 np0000166759 devstack@neutron-api.service[104220]: DEBUG neutron.plugins.ml2.drivers.ovn.mech_driver.mech_driver [None req-57e97fa6-651b-4592-8a88-8fb692c834e9 None None] Hash Ring setup, this worker has detected 4 OVN hash ring registers in the database {{(pid=104220) _init_hash_ring /opt/stack/neutron/neutron/plugins/ml2/drivers/ovn/mech_driver/mech_driver.py:412}}
Apr 16 17:49:33.370243 np0000166759 devstack@neutron-api.service[104221]: DEBUG neutron.common.ovn.hash_ring_manager [None req-c071a89b-4873-4e86-977b-58f757ded9a2 None None] Disallow caching, nodes 3<4 {{(pid=104221) _wait_startup_before_caching /opt/stack/neutron/neutron/common/ovn/hash_ring_manager.py:72}}
Apr 16 17:49:33.374837 np0000166759 devstack@neutron-api.service[104220]: DEBUG neutron.plugins.ml2.drivers.ovn.mech_driver.ovsdb.maintenance [None req-57e97fa6-651b-4592-8a88-8fb692c834e9 None None] Periodic task found: HashRingHealthCheckPeriodics.touch_hash_ring_node {{(pid=104220) add_periodics /opt/stack/neutron/neutron/plugins/ml2/drivers/ovn/mech_driver/ovsdb/maintenance.py:148}}
Apr 16 17:49:33.375051 np0000166759 devstack@neutron-api.service[104220]: INFO neutron.plugins.ml2.drivers.ovn.mech_driver.mech_driver [None req-57e97fa6-651b-4592-8a88-8fb692c834e9 None None] Hash Ring probing thread for node d1c1d9909aed55d8ad5dcfde92c4adc5 has started
Apr 16 17:49:33.375604 np0000166759 devstack@neutron-api.service[104220]: INFO neutron.plugins.ml2.drivers.ovn.mech_driver.ovsdb.impl_idl_ovn [None req-57e97fa6-651b-4592-8a88-8fb692c834e9 None None] Getting OvsdbNbOvnIdl for WorkerService with retry
Apr 16 17:49:33.378432 np0000166759 devstack@neutron-api.service[104221]: DEBUG neutron.common.ovn.hash_ring_manager [None req-c071a89b-4873-4e86-977b-58f757ded9a2 None None] Hash Ring loaded. 3 active nodes. 0 offline nodes {{(pid=104221) _load_hash_ring /opt/stack/neutron/neutron/common/ovn/hash_ring_manager.py:102}}
Apr 16 17:49:33.378432 np0000166759 devstack@neutron-api.service[104221]: DEBUG neutron.plugins.ml2.drivers.ovn.mech_driver.ovsdb.ovsdb_monitor [None req-c071a89b-4873-4e86-977b-58f757ded9a2 None None] Hash Ring: Node 09a6561c8fab5771bb16bea12359ff37 (host: np0000166759) handling event "create" for row 493bb843-a29d-4558-a97d-786762b3626d (table: ACL) {{(pid=104221) notify /opt/stack/neutron/neutron/plugins/ml2/drivers/ovn/mech_driver/ovsdb/ovsdb_monitor.py:914}}
Apr 16 17:49:33.379104 np0000166759 devstack@neutron-api.service[104218]: DEBUG ovsdbapp.backend.ovs_idl [None req-2b4d6eba-0848-43ba-9cf0-6f1003088ffa None None] Created lookup_table index Logical_Switch.name {{(pid=104218) autocreate_indices /opt/stack/data/venv/lib/python3.12/site-packages/ovsdbapp/backend/ovs_idl/__init__.py:87}}
Apr 16 17:49:33.379212 np0000166759 devstack@neutron-api.service[104218]: DEBUG ovsdbapp.backend.ovs_idl [None req-2b4d6eba-0848-43ba-9cf0-6f1003088ffa None None] Created lookup_table index Logical_Router.name {{(pid=104218) autocreate_indices /opt/stack/data/venv/lib/python3.12/site-packages/ovsdbapp/backend/ovs_idl/__init__.py:87}}
Apr 16 17:49:33.379305 np0000166759 devstack@neutron-api.service[104218]: DEBUG ovsdbapp.backend.ovs_idl [None req-2b4d6eba-0848-43ba-9cf0-6f1003088ffa None None] Created lookup_table index Load_Balancer.name {{(pid=104218) autocreate_indices /opt/stack/data/venv/lib/python3.12/site-packages/ovsdbapp/backend/ovs_idl/__init__.py:87}}
Apr 16 17:49:33.379420 np0000166759 devstack@neutron-api.service[104218]: DEBUG ovsdbapp.backend.ovs_idl [None req-2b4d6eba-0848-43ba-9cf0-6f1003088ffa None None] Created schema index Copp.name {{(pid=104218) autocreate_indices /opt/stack/data/venv/lib/python3.12/site-packages/ovsdbapp/backend/ovs_idl/__init__.py:106}}
Apr 16 17:49:33.379506 np0000166759 devstack@neutron-api.service[104218]: DEBUG ovsdbapp.backend.ovs_idl [None req-2b4d6eba-0848-43ba-9cf0-6f1003088ffa None None] Created schema index Meter.name {{(pid=104218) autocreate_indices /opt/stack/data/venv/lib/python3.12/site-packages/ovsdbapp/backend/ovs_idl/__init__.py:106}}
Apr 16 17:49:33.379596 np0000166759 devstack@neutron-api.service[104218]: DEBUG ovsdbapp.backend.ovs_idl [None req-2b4d6eba-0848-43ba-9cf0-6f1003088ffa None None] Created schema index Load_Balancer_Group.name {{(pid=104218) autocreate_indices /opt/stack/data/venv/lib/python3.12/site-packages/ovsdbapp/backend/ovs_idl/__init__.py:106}}
Apr 16 17:49:33.379681 np0000166759 devstack@neutron-api.service[104218]: DEBUG ovsdbapp.backend.ovs_idl [None req-2b4d6eba-0848-43ba-9cf0-6f1003088ffa None None] Created schema index HA_Chassis_Group.name {{(pid=104218) autocreate_indices /opt/stack/data/venv/lib/python3.12/site-packages/ovsdbapp/backend/ovs_idl/__init__.py:106}}
Apr 16 17:49:33.379787 np0000166759 devstack@neutron-api.service[104218]: DEBUG ovsdbapp.backend.ovs_idl [None req-2b4d6eba-0848-43ba-9cf0-6f1003088ffa None None] Created schema index Address_Set.name {{(pid=104218) autocreate_indices /opt/stack/data/venv/lib/python3.12/site-packages/ovsdbapp/backend/ovs_idl/__init__.py:106}}
Apr 16 17:49:33.379879 np0000166759 devstack@neutron-api.service[104218]: DEBUG ovsdbapp.backend.ovs_idl [None req-2b4d6eba-0848-43ba-9cf0-6f1003088ffa None None] Created schema index Connection.target {{(pid=104218) autocreate_indices /opt/stack/data/venv/lib/python3.12/site-packages/ovsdbapp/backend/ovs_idl/__init__.py:106}}
Apr 16 17:49:33.380008 np0000166759 devstack@neutron-api.service[104218]: DEBUG ovsdbapp.backend.ovs_idl [None req-2b4d6eba-0848-43ba-9cf0-6f1003088ffa None None] Created schema index Gateway_Chassis.name {{(pid=104218) autocreate_indices /opt/stack/data/venv/lib/python3.12/site-packages/ovsdbapp/backend/ovs_idl/__init__.py:106}}
Apr 16 17:49:33.380094 np0000166759 devstack@neutron-api.service[104218]: DEBUG ovsdbapp.backend.ovs_idl [None req-2b4d6eba-0848-43ba-9cf0-6f1003088ffa None None] Created schema index Mirror.name {{(pid=104218) autocreate_indices /opt/stack/data/venv/lib/python3.12/site-packages/ovsdbapp/backend/ovs_idl/__init__.py:106}}
Apr 16 17:49:33.380185 np0000166759 devstack@neutron-api.service[104218]: DEBUG ovsdbapp.backend.ovs_idl [None req-2b4d6eba-0848-43ba-9cf0-6f1003088ffa None None] Created schema index Chassis_Template_Var.chassis {{(pid=104218) autocreate_indices /opt/stack/data/venv/lib/python3.12/site-packages/ovsdbapp/backend/ovs_idl/__init__.py:106}}
Apr 16 17:49:33.380277 np0000166759 devstack@neutron-api.service[104218]: DEBUG ovsdbapp.backend.ovs_idl [None req-2b4d6eba-0848-43ba-9cf0-6f1003088ffa None None] Created schema index Logical_Router_Port.name {{(pid=104218) autocreate_indices /opt/stack/data/venv/lib/python3.12/site-packages/ovsdbapp/backend/ovs_idl/__init__.py:106}}
Apr 16 17:49:33.380349 np0000166759 devstack@neutron-api.service[104221]: DEBUG neutron.common.ovn.hash_ring_manager [None req-c071a89b-4873-4e86-977b-58f757ded9a2 None None] Allow caching, nodes 4>=4 {{(pid=104221) _wait_startup_before_caching /opt/stack/neutron/neutron/common/ovn/hash_ring_manager.py:65}}
Apr 16 17:49:33.380422 np0000166759 devstack@neutron-api.service[104218]: DEBUG ovsdbapp.backend.ovs_idl [None req-2b4d6eba-0848-43ba-9cf0-6f1003088ffa None None] Created schema index Port_Group.name {{(pid=104218) autocreate_indices /opt/stack/data/venv/lib/python3.12/site-packages/ovsdbapp/backend/ovs_idl/__init__.py:106}}
Apr 16 17:49:33.380473 np0000166759 devstack@neutron-api.service[104221]: DEBUG neutron.plugins.ml2.drivers.ovn.mech_driver.ovsdb.ovsdb_monitor [None req-c071a89b-4873-4e86-977b-58f757ded9a2 None None] Hash Ring: Node 09a6561c8fab5771bb16bea12359ff37 (host: np0000166759) handling event "create" for row e8512487-ec9d-438d-80fa-cf79e9481ca2 (table: ACL) {{(pid=104221) notify /opt/stack/neutron/neutron/plugins/ml2/drivers/ovn/mech_driver/ovsdb/ovsdb_monitor.py:914}}
Apr 16 17:49:33.380520 np0000166759 devstack@neutron-api.service[104218]: DEBUG ovsdbapp.backend.ovs_idl [None req-2b4d6eba-0848-43ba-9cf0-6f1003088ffa None None] Created schema index Logical_Switch_Port.name {{(pid=104218) autocreate_indices /opt/stack/data/venv/lib/python3.12/site-packages/ovsdbapp/backend/ovs_idl/__init__.py:106}}
Apr 16 17:49:33.380636 np0000166759 devstack@neutron-api.service[104221]: DEBUG neutron.plugins.ml2.drivers.ovn.mech_driver.ovsdb.ovsdb_monitor [None req-c071a89b-4873-4e86-977b-58f757ded9a2 None None] Hash Ring: Node 09a6561c8fab5771bb16bea12359ff37 (host: np0000166759) handling event "create" for row c4e58e33-ec31-423c-a7d1-c048237a0346 (table: NB_Global) {{(pid=104221) notify /opt/stack/neutron/neutron/plugins/ml2/drivers/ovn/mech_driver/ovsdb/ovsdb_monitor.py:914}}
Apr 16 17:49:33.380804 np0000166759 devstack@neutron-api.service[104221]: DEBUG neutron.plugins.ml2.drivers.ovn.mech_driver.ovsdb.ovsdb_monitor [None req-c071a89b-4873-4e86-977b-58f757ded9a2 None None] Hash Ring: Node 09a6561c8fab5771bb16bea12359ff37 (host: np0000166759) handling event "create" for row 8e6cb3cb-05dc-428c-bc25-c3ed3bf04e51 (table: Port_Group) {{(pid=104221) notify /opt/stack/neutron/neutron/plugins/ml2/drivers/ovn/mech_driver/ovsdb/ovsdb_monitor.py:914}}
Apr 16 17:49:33.380950 np0000166759 devstack@neutron-api.service[104221]: DEBUG neutron.plugins.ml2.drivers.ovn.mech_driver.ovsdb.ovsdb_monitor [None req-c071a89b-4873-4e86-977b-58f757ded9a2 None None] Hash Ring: Node 09a6561c8fab5771bb16bea12359ff37 (host: np0000166759) handling event "create" for row 0e7b34d4-90dd-45f6-a1c2-ca8298a3083d (table: SSL) {{(pid=104221) notify /opt/stack/neutron/neutron/plugins/ml2/drivers/ovn/mech_driver/ovsdb/ovsdb_monitor.py:914}}
Apr 16 17:49:33.383400 np0000166759 devstack@neutron-api.service[104221]: INFO neutron.plugins.ml2.drivers.ovn.mech_driver.ovsdb.impl_idl_ovn [None req-c071a89b-4873-4e86-977b-58f757ded9a2 None None] Getting OvsdbSbOvnIdl for WorkerService with retry
Apr 16 17:49:33.383770 np0000166759 devstack@neutron-api.service[104218]: INFO ovsdbapp.backend.ovs_idl.vlog [None req-2b4d6eba-0848-43ba-9cf0-6f1003088ffa None None] ssl:199.204.45.113:6641: connecting...
Apr 16 17:49:33.390130 np0000166759 devstack@neutron-api.service[104218]: INFO ovsdbapp.backend.ovs_idl.vlog [None req-2b4d6eba-0848-43ba-9cf0-6f1003088ffa None None] ssl:199.204.45.113:6641: connected
Apr 16 17:49:33.415742 np0000166759 devstack@neutron-api.service[104221]: DEBUG ovsdbapp.backend.ovs_idl [None req-c071a89b-4873-4e86-977b-58f757ded9a2 None None] Created lookup_table index Chassis.name {{(pid=104221) autocreate_indices /opt/stack/data/venv/lib/python3.12/site-packages/ovsdbapp/backend/ovs_idl/__init__.py:87}}
Apr 16 17:49:33.415742 np0000166759 devstack@neutron-api.service[104221]: DEBUG ovsdbapp.backend.ovs_idl [None req-c071a89b-4873-4e86-977b-58f757ded9a2 None None] Created lookup_table index Port_Binding.logical_port {{(pid=104221) autocreate_indices /opt/stack/data/venv/lib/python3.12/site-packages/ovsdbapp/backend/ovs_idl/__init__.py:87}}
Apr 16 17:49:33.415742 np0000166759 devstack@neutron-api.service[104221]: DEBUG ovsdbapp.backend.ovs_idl [None req-c071a89b-4873-4e86-977b-58f757ded9a2 None None] Created schema index Chassis_Private.name {{(pid=104221) autocreate_indices /opt/stack/data/venv/lib/python3.12/site-packages/ovsdbapp/backend/ovs_idl/__init__.py:106}}
Apr 16 17:49:33.416228 np0000166759 devstack@neutron-api.service[104221]: DEBUG ovsdbapp.backend.ovs_idl [None req-c071a89b-4873-4e86-977b-58f757ded9a2 None None] Created schema index Datapath_Binding.tunnel_key {{(pid=104221) autocreate_indices /opt/stack/data/venv/lib/python3.12/site-packages/ovsdbapp/backend/ovs_idl/__init__.py:106}}
Apr 16 17:49:33.416754 np0000166759 devstack@neutron-api.service[104220]: DEBUG ovsdbapp.backend.ovs_idl [None req-57e97fa6-651b-4592-8a88-8fb692c834e9 None None] Created lookup_table index Logical_Switch.name {{(pid=104220) autocreate_indices /opt/stack/data/venv/lib/python3.12/site-packages/ovsdbapp/backend/ovs_idl/__init__.py:87}}
Apr 16 17:49:33.416754 np0000166759 devstack@neutron-api.service[104220]: DEBUG ovsdbapp.backend.ovs_idl [None req-57e97fa6-651b-4592-8a88-8fb692c834e9 None None] Created lookup_table index Logical_Router.name {{(pid=104220) autocreate_indices /opt/stack/data/venv/lib/python3.12/site-packages/ovsdbapp/backend/ovs_idl/__init__.py:87}}
Apr 16 17:49:33.416754 np0000166759 devstack@neutron-api.service[104220]: DEBUG ovsdbapp.backend.ovs_idl [None req-57e97fa6-651b-4592-8a88-8fb692c834e9 None None] Created lookup_table index Load_Balancer.name {{(pid=104220) autocreate_indices /opt/stack/data/venv/lib/python3.12/site-packages/ovsdbapp/backend/ovs_idl/__init__.py:87}}
Apr 16 17:49:33.416754 np0000166759 devstack@neutron-api.service[104220]: DEBUG ovsdbapp.backend.ovs_idl [None req-57e97fa6-651b-4592-8a88-8fb692c834e9 None None] Created schema index Copp.name {{(pid=104220) autocreate_indices /opt/stack/data/venv/lib/python3.12/site-packages/ovsdbapp/backend/ovs_idl/__init__.py:106}}
Apr 16 17:49:33.417169 np0000166759 devstack@neutron-api.service[104220]: DEBUG ovsdbapp.backend.ovs_idl [None req-57e97fa6-651b-4592-8a88-8fb692c834e9 None None] Created schema index Meter.name {{(pid=104220) autocreate_indices /opt/stack/data/venv/lib/python3.12/site-packages/ovsdbapp/backend/ovs_idl/__init__.py:106}}
Apr 16 17:49:33.417169 np0000166759 devstack@neutron-api.service[104220]: DEBUG ovsdbapp.backend.ovs_idl [None req-57e97fa6-651b-4592-8a88-8fb692c834e9 None None] Created schema index Load_Balancer_Group.name {{(pid=104220) autocreate_indices /opt/stack/data/venv/lib/python3.12/site-packages/ovsdbapp/backend/ovs_idl/__init__.py:106}}
Apr 16 17:49:33.417169 np0000166759 devstack@neutron-api.service[104220]: DEBUG ovsdbapp.backend.ovs_idl [None req-57e97fa6-651b-4592-8a88-8fb692c834e9 None None] Created schema index HA_Chassis_Group.name {{(pid=104220) autocreate_indices /opt/stack/data/venv/lib/python3.12/site-packages/ovsdbapp/backend/ovs_idl/__init__.py:106}}
Apr 16 17:49:33.417169 np0000166759 devstack@neutron-api.service[104220]: DEBUG ovsdbapp.backend.ovs_idl [None req-57e97fa6-651b-4592-8a88-8fb692c834e9 None None] Created schema index Address_Set.name {{(pid=104220) autocreate_indices /opt/stack/data/venv/lib/python3.12/site-packages/ovsdbapp/backend/ovs_idl/__init__.py:106}}
