Apr 16 17:50:05.265318 np0000166759 systemd[1]: Starting devstack@n-api-meta.service - Devstack devstack@n-api-meta.service...
Apr 16 17:50:05.275328 np0000166759 devstack@n-api-meta.service[109367]: [uWSGI] getting INI configuration from /etc/nova/nova-metadata-uwsgi.ini
Apr 16 17:50:05.276016 np0000166759 devstack@n-api-meta.service[109367]: open("./http_plugin.so"): No such file or directory [core/utils.c line 3709]
Apr 16 17:50:05.276016 np0000166759 devstack@n-api-meta.service[109367]: !!! UNABLE to load uWSGI plugin: ./http_plugin.so: cannot open shared object file: No such file or directory !!!
Apr 16 17:50:05.276016 np0000166759 devstack@n-api-meta.service[109367]: open("./python3_plugin.so"): No such file or directory [core/utils.c line 3709]
Apr 16 17:50:05.276016 np0000166759 devstack@n-api-meta.service[109367]: !!! UNABLE to load uWSGI plugin: ./python3_plugin.so: cannot open shared object file: No such file or directory !!!
Apr 16 17:50:05.276016 np0000166759 devstack@n-api-meta.service[109367]: *** Starting uWSGI 2.0.31 (64bit) on [Thu Apr 16 17:50:05 2026] ***
Apr 16 17:50:05.276016 np0000166759 devstack@n-api-meta.service[109367]: compiled with version: 13.3.0 on 16 April 2026 17:38:11
Apr 16 17:50:05.276016 np0000166759 devstack@n-api-meta.service[109367]: os: Linux-6.8.0-110-generic #110-Ubuntu SMP PREEMPT_DYNAMIC Thu Mar 19 15:09:20 UTC 2026
Apr 16 17:50:05.276016 np0000166759 devstack@n-api-meta.service[109367]: nodename: np0000166759
Apr 16 17:50:05.276016 np0000166759 devstack@n-api-meta.service[109367]: machine: x86_64
Apr 16 17:50:05.276016 np0000166759 devstack@n-api-meta.service[109367]: clock source: unix
Apr 16 17:50:05.276016 np0000166759 devstack@n-api-meta.service[109367]: pcre jit disabled
Apr 16 17:50:05.276016 np0000166759 devstack@n-api-meta.service[109367]: detected number of CPU cores: 16
Apr 16 17:50:05.276016 np0000166759 devstack@n-api-meta.service[109367]: current working directory: /
Apr 16 17:50:05.276016 np0000166759 devstack@n-api-meta.service[109367]: detected binary path: /opt/stack/data/venv/bin/uwsgi
Apr 16 17:50:05.276016 np0000166759 devstack@n-api-meta.service[109367]: your processes number limit is 256917
Apr 16 17:50:05.276016 np0000166759 devstack@n-api-meta.service[109367]: your memory page size is 4096 bytes
Apr 16 17:50:05.276016 np0000166759 devstack@n-api-meta.service[109367]: detected max file descriptor number: 2048
Apr 16 17:50:05.276016 np0000166759 devstack@n-api-meta.service[109367]: lock engine: pthread robust mutexes
Apr 16 17:50:05.276016 np0000166759 devstack@n-api-meta.service[109367]: thunder lock: enabled
Apr 16 17:50:05.277054 np0000166759 devstack@n-api-meta.service[109367]: uWSGI http bound on 0.0.0.0:8775 fd 5
Apr 16 17:50:05.277054 np0000166759 devstack@n-api-meta.service[109367]: uwsgi socket 0 bound to TCP address 127.0.0.1:36847 (port auto-assigned) fd 4
Apr 16 17:50:05.277054 np0000166759 devstack@n-api-meta.service[109367]: Python version: 3.12.3 (main, Mar 3 2026, 12:15:18) [GCC 13.3.0]
Apr 16 17:50:05.277054 np0000166759 devstack@n-api-meta.service[109367]: PEP 405 virtualenv detected: /opt/stack/data/venv
Apr 16 17:50:05.277054 np0000166759 devstack@n-api-meta.service[109367]: Set PythonHome to /opt/stack/data/venv
Apr 16 17:50:05.321949 np0000166759 devstack@n-api-meta.service[109367]: Python main interpreter initialized at 0x7d76e4aa3668
Apr 16 17:50:05.321949 np0000166759 devstack@n-api-meta.service[109367]: python threads support enabled
Apr 16 17:50:05.321949 np0000166759 devstack@n-api-meta.service[109367]: your server socket listen backlog is limited to 100 connections
Apr 16 17:50:05.321949 np0000166759 devstack@n-api-meta.service[109367]: your mercy for graceful operations on workers is 80 seconds
Apr 16 17:50:05.322443 np0000166759 devstack@n-api-meta.service[109367]: mapped 671795 bytes (656 KB) for 4 cores
Apr 16 17:50:05.322600 np0000166759 devstack@n-api-meta.service[109367]: *** Operational MODE: preforking ***
Apr 16 17:50:05.322842 np0000166759 devstack@n-api-meta.service[109367]: *** uWSGI is running in multiple interpreter mode ***
Apr 16 17:50:05.322842 np0000166759 devstack@n-api-meta.service[109367]: spawned uWSGI master process (pid: 109367)
Apr 16 17:50:05.323029 np0000166759 systemd[1]: Started devstack@n-api-meta.service - Devstack devstack@n-api-meta.service.
Apr 16 17:50:05.323569 np0000166759 devstack@n-api-meta.service[109367]: spawned uWSGI worker 1 (pid: 109368, cores: 1)
Apr 16 17:50:05.324127 np0000166759 devstack@n-api-meta.service[109367]: spawned uWSGI worker 2 (pid: 109369, cores: 1)
Apr 16 17:50:05.324558 np0000166759 devstack@n-api-meta.service[109367]: spawned uWSGI worker 3 (pid: 109370, cores: 1)
Apr 16 17:50:05.325036 np0000166759 devstack@n-api-meta.service[109367]: spawned uWSGI worker 4 (pid: 109371, cores: 1)
Apr 16 17:50:05.325736 np0000166759 devstack@n-api-meta.service[109367]: spawned uWSGI http 1 (pid: 109372)
Apr 16 17:50:05.325736 np0000166759 devstack@n-api-meta.service[109367]: running "unix_signal:15 gracefully_kill_them_all" (master-start)...
Apr 16 17:50:05.641648 np0000166759 devstack@n-api-meta.service[109369]: /opt/stack/data/venv/lib/python3.12/site-packages/oslo_concurrency/lockutils.py:41: EventletDeprecationWarning:
Apr 16 17:50:05.641648 np0000166759 devstack@n-api-meta.service[109369]: Eventlet is deprecated. It is currently being maintained in bugfix mode, and
Apr 16 17:50:05.641648 np0000166759 devstack@n-api-meta.service[109369]: we strongly recommend against using it for new projects.
Apr 16 17:50:05.641648 np0000166759 devstack@n-api-meta.service[109369]: If you are already using Eventlet, we recommend migrating to a different
Apr 16 17:50:05.641648 np0000166759 devstack@n-api-meta.service[109369]: framework. For more detail see
Apr 16 17:50:05.641648 np0000166759 devstack@n-api-meta.service[109369]: https://eventlet.readthedocs.io/en/latest/asyncio/migration.html
Apr 16 17:50:05.641648 np0000166759 devstack@n-api-meta.service[109369]: import eventlet
Apr 16 17:50:05.648588 np0000166759 devstack@n-api-meta.service[109368]: /opt/stack/data/venv/lib/python3.12/site-packages/oslo_concurrency/lockutils.py:41: EventletDeprecationWarning:
Apr 16 17:50:05.648588 np0000166759 devstack@n-api-meta.service[109368]: Eventlet is deprecated. It is currently being maintained in bugfix mode, and
Apr 16 17:50:05.648588 np0000166759 devstack@n-api-meta.service[109368]: we strongly recommend against using it for new projects.
Apr 16 17:50:05.648588 np0000166759 devstack@n-api-meta.service[109368]: If you are already using Eventlet, we recommend migrating to a different
Apr 16 17:50:05.648588 np0000166759 devstack@n-api-meta.service[109368]: framework. For more detail see
Apr 16 17:50:05.648588 np0000166759 devstack@n-api-meta.service[109368]: https://eventlet.readthedocs.io/en/latest/asyncio/migration.html
Apr 16 17:50:05.648588 np0000166759 devstack@n-api-meta.service[109368]: import eventlet
Apr 16 17:50:05.655611 np0000166759 devstack@n-api-meta.service[109371]: /opt/stack/data/venv/lib/python3.12/site-packages/oslo_concurrency/lockutils.py:41: EventletDeprecationWarning:
Apr 16 17:50:05.655611 np0000166759 devstack@n-api-meta.service[109371]: Eventlet is deprecated. It is currently being maintained in bugfix mode, and
Apr 16 17:50:05.655611 np0000166759 devstack@n-api-meta.service[109371]: we strongly recommend against using it for new projects.
Apr 16 17:50:05.655611 np0000166759 devstack@n-api-meta.service[109371]: If you are already using Eventlet, we recommend migrating to a different
Apr 16 17:50:05.655611 np0000166759 devstack@n-api-meta.service[109371]: framework. For more detail see
Apr 16 17:50:05.655611 np0000166759 devstack@n-api-meta.service[109371]: https://eventlet.readthedocs.io/en/latest/asyncio/migration.html
Apr 16 17:50:05.655611 np0000166759 devstack@n-api-meta.service[109371]: import eventlet
Apr 16 17:50:05.665378 np0000166759 devstack@n-api-meta.service[109370]: /opt/stack/data/venv/lib/python3.12/site-packages/oslo_concurrency/lockutils.py:41: EventletDeprecationWarning:
Apr 16 17:50:05.665378 np0000166759 devstack@n-api-meta.service[109370]: Eventlet is deprecated. It is currently being maintained in bugfix mode, and
Apr 16 17:50:05.665378 np0000166759 devstack@n-api-meta.service[109370]: we strongly recommend against using it for new projects.
Apr 16 17:50:05.665378 np0000166759 devstack@n-api-meta.service[109370]: If you are already using Eventlet, we recommend migrating to a different
Apr 16 17:50:05.665378 np0000166759 devstack@n-api-meta.service[109370]: framework. For more detail see
Apr 16 17:50:05.665378 np0000166759 devstack@n-api-meta.service[109370]: https://eventlet.readthedocs.io/en/latest/asyncio/migration.html
Apr 16 17:50:05.665378 np0000166759 devstack@n-api-meta.service[109370]: import eventlet
Apr 16 17:50:05.686142 np0000166759 devstack@n-api-meta.service[109369]: Service is starting with native threading. This is currently experimental. Do not use it in production without first testing it in pre-production.
Apr 16 17:50:05.697213 np0000166759 devstack@n-api-meta.service[109368]: Service is starting with native threading. This is currently experimental. Do not use it in production without first testing it in pre-production.
Apr 16 17:50:05.703562 np0000166759 devstack@n-api-meta.service[109371]: Service is starting with native threading. This is currently experimental. Do not use it in production without first testing it in pre-production.
Apr 16 17:50:05.717316 np0000166759 devstack@n-api-meta.service[109370]: Service is starting with native threading. This is currently experimental. Do not use it in production without first testing it in pre-production.
Apr 16 17:50:07.076661 np0000166759 devstack@n-api-meta.service[109368]: INFO dbcounter [None req-81b4c06b-7486-464f-8b5c-074ac35fadca None None] Registered counter for database nova_api
Apr 16 17:50:07.088060 np0000166759 devstack@n-api-meta.service[109369]: INFO dbcounter [None req-d8ae881b-0105-48b3-a88f-4711e04aa71e None None] Registered counter for database nova_api
Apr 16 17:50:07.093364 np0000166759 devstack@n-api-meta.service[109368]: DEBUG oslo_db.sqlalchemy.engines [None req-81b4c06b-7486-464f-8b5c-074ac35fadca None None] MySQL server mode set to STRICT_TRANS_TABLES,STRICT_ALL_TABLES,NO_ZERO_IN_DATE,NO_ZERO_DATE,ERROR_FOR_DIVISION_BY_ZERO,TRADITIONAL,NO_ENGINE_SUBSTITUTION {{(pid=109368) _check_effective_sql_mode /opt/stack/data/venv/lib/python3.12/site-packages/oslo_db/sqlalchemy/engines.py:325}}
Apr 16 17:50:07.104571 np0000166759 devstack@n-api-meta.service[109369]: DEBUG oslo_db.sqlalchemy.engines [None req-d8ae881b-0105-48b3-a88f-4711e04aa71e None None] MySQL server mode set to STRICT_TRANS_TABLES,STRICT_ALL_TABLES,NO_ZERO_IN_DATE,NO_ZERO_DATE,ERROR_FOR_DIVISION_BY_ZERO,TRADITIONAL,NO_ENGINE_SUBSTITUTION {{(pid=109369) _check_effective_sql_mode /opt/stack/data/venv/lib/python3.12/site-packages/oslo_db/sqlalchemy/engines.py:325}}
Apr 16 17:50:07.128457 np0000166759 devstack@n-api-meta.service[109368]: DEBUG dbcounter [-] [109368] Writer thread running {{(pid=109368) stat_writer /opt/stack/data/venv/lib/python3.12/site-packages/dbcounter.py:102}}
Apr 16 17:50:07.131120 np0000166759 devstack@n-api-meta.service[109368]: DEBUG nova.context [None req-81b4c06b-7486-464f-8b5c-074ac35fadca None None] Found 2 cells: 00000000-0000-0000-0000-000000000000(cell0),552c6e30-30cc-4307-8593-a923ae8f0ae6(cell1) {{(pid=109368) load_cells /opt/stack/nova/nova/context.py:509}}
Apr 16 17:50:07.131397 np0000166759 devstack@n-api-meta.service[109368]: INFO nova.utils [None req-81b4c06b-7486-464f-8b5c-074ac35fadca None None] The cell worker thread pool MainProcess.cell_worker is initialized
Apr 16 17:50:07.132791 np0000166759 devstack@n-api-meta.service[109370]: INFO dbcounter [None req-853cbd39-bbc0-43ef-931d-64f374d8b6dc None None] Registered counter for database nova_api
Apr 16 17:50:07.133338 np0000166759 devstack@n-api-meta.service[109368]: DEBUG oslo_concurrency.lockutils [None req-81b4c06b-7486-464f-8b5c-074ac35fadca None None] Acquiring lock "00000000-0000-0000-0000-000000000000" by "nova.context.set_target_cell..get_or_set_cached_cell_and_set_connections" {{(pid=109368) inner /opt/stack/data/venv/lib/python3.12/site-packages/oslo_concurrency/lockutils.py:506}}
Apr 16 17:50:07.133456 np0000166759 devstack@n-api-meta.service[109368]: DEBUG oslo_concurrency.lockutils [None req-81b4c06b-7486-464f-8b5c-074ac35fadca None None] Lock "00000000-0000-0000-0000-000000000000" acquired by "nova.context.set_target_cell..get_or_set_cached_cell_and_set_connections" :: waited 0.000s {{(pid=109368) inner /opt/stack/data/venv/lib/python3.12/site-packages/oslo_concurrency/lockutils.py:519}}
Apr 16 17:50:07.133761 np0000166759 devstack@n-api-meta.service[109369]: DEBUG dbcounter [-] [109369] Writer thread running {{(pid=109369) stat_writer /opt/stack/data/venv/lib/python3.12/site-packages/dbcounter.py:102}}
Apr 16 17:50:07.133878 np0000166759 devstack@n-api-meta.service[109368]: DEBUG oslo_concurrency.lockutils [None req-81b4c06b-7486-464f-8b5c-074ac35fadca None None] Lock "00000000-0000-0000-0000-000000000000" "released" by "nova.context.set_target_cell..get_or_set_cached_cell_and_set_connections" :: held 0.000s {{(pid=109368) inner /opt/stack/data/venv/lib/python3.12/site-packages/oslo_concurrency/lockutils.py:538}}
Apr 16 17:50:07.134608 np0000166759 devstack@n-api-meta.service[109368]: DEBUG oslo_concurrency.lockutils [None req-81b4c06b-7486-464f-8b5c-074ac35fadca None None] Acquiring lock "552c6e30-30cc-4307-8593-a923ae8f0ae6" by "nova.context.set_target_cell..get_or_set_cached_cell_and_set_connections" {{(pid=109368) inner /opt/stack/data/venv/lib/python3.12/site-packages/oslo_concurrency/lockutils.py:506}}
Apr 16 17:50:07.134752 np0000166759 devstack@n-api-meta.service[109368]: DEBUG oslo_concurrency.lockutils [None req-81b4c06b-7486-464f-8b5c-074ac35fadca None None] Lock "552c6e30-30cc-4307-8593-a923ae8f0ae6" acquired by "nova.context.set_target_cell..get_or_set_cached_cell_and_set_connections" :: waited 0.000s {{(pid=109368) inner /opt/stack/data/venv/lib/python3.12/site-packages/oslo_concurrency/lockutils.py:519}}
Apr 16 17:50:07.135574 np0000166759 devstack@n-api-meta.service[109368]: DEBUG oslo_concurrency.lockutils [None req-81b4c06b-7486-464f-8b5c-074ac35fadca None None] Lock "552c6e30-30cc-4307-8593-a923ae8f0ae6" "released" by "nova.context.set_target_cell..get_or_set_cached_cell_and_set_connections" :: held 0.001s {{(pid=109368) inner /opt/stack/data/venv/lib/python3.12/site-packages/oslo_concurrency/lockutils.py:538}}
Apr 16 17:50:07.136137 np0000166759 devstack@n-api-meta.service[109369]: DEBUG nova.context [None req-d8ae881b-0105-48b3-a88f-4711e04aa71e None None] Found 2 cells: 00000000-0000-0000-0000-000000000000(cell0),552c6e30-30cc-4307-8593-a923ae8f0ae6(cell1) {{(pid=109369) load_cells /opt/stack/nova/nova/context.py:509}}
Apr 16 17:50:07.136348 np0000166759 devstack@n-api-meta.service[109369]: INFO nova.utils [None req-d8ae881b-0105-48b3-a88f-4711e04aa71e None None] The cell worker thread pool MainProcess.cell_worker is initialized
Apr 16 17:50:07.138062 np0000166759 devstack@n-api-meta.service[109369]: DEBUG oslo_concurrency.lockutils [None req-d8ae881b-0105-48b3-a88f-4711e04aa71e None None] Acquiring lock "00000000-0000-0000-0000-000000000000" by "nova.context.set_target_cell..get_or_set_cached_cell_and_set_connections" {{(pid=109369) inner /opt/stack/data/venv/lib/python3.12/site-packages/oslo_concurrency/lockutils.py:506}}
Apr 16 17:50:07.138215 np0000166759 devstack@n-api-meta.service[109369]: DEBUG oslo_concurrency.lockutils [None req-d8ae881b-0105-48b3-a88f-4711e04aa71e None None] Lock "00000000-0000-0000-0000-000000000000" acquired by "nova.context.set_target_cell..get_or_set_cached_cell_and_set_connections" :: waited 0.000s {{(pid=109369) inner /opt/stack/data/venv/lib/python3.12/site-packages/oslo_concurrency/lockutils.py:519}}
Apr 16 17:50:07.138512 np0000166759 devstack@n-api-meta.service[109368]: INFO dbcounter [None req-81b4c06b-7486-464f-8b5c-074ac35fadca None None] Registered counter for database nova_cell0
Apr 16 17:50:07.138571 np0000166759 devstack@n-api-meta.service[109369]: DEBUG oslo_concurrency.lockutils [None req-d8ae881b-0105-48b3-a88f-4711e04aa71e None None] Lock "00000000-0000-0000-0000-000000000000" "released" by "nova.context.set_target_cell..get_or_set_cached_cell_and_set_connections" :: held 0.000s {{(pid=109369) inner /opt/stack/data/venv/lib/python3.12/site-packages/oslo_concurrency/lockutils.py:538}}
Apr 16 17:50:07.139381 np0000166759 devstack@n-api-meta.service[109369]: DEBUG oslo_concurrency.lockutils [None req-d8ae881b-0105-48b3-a88f-4711e04aa71e None None] Acquiring lock "552c6e30-30cc-4307-8593-a923ae8f0ae6" by "nova.context.set_target_cell..get_or_set_cached_cell_and_set_connections" {{(pid=109369) inner /opt/stack/data/venv/lib/python3.12/site-packages/oslo_concurrency/lockutils.py:506}}
Apr 16 17:50:07.139520 np0000166759 devstack@n-api-meta.service[109369]: DEBUG oslo_concurrency.lockutils [None req-d8ae881b-0105-48b3-a88f-4711e04aa71e None None] Lock "552c6e30-30cc-4307-8593-a923ae8f0ae6" acquired by "nova.context.set_target_cell..get_or_set_cached_cell_and_set_connections" :: waited 0.000s {{(pid=109369) inner /opt/stack/data/venv/lib/python3.12/site-packages/oslo_concurrency/lockutils.py:519}}
Apr 16 17:50:07.141494 np0000166759 devstack@n-api-meta.service[109369]: DEBUG oslo_concurrency.lockutils [None req-d8ae881b-0105-48b3-a88f-4711e04aa71e None None] Lock "552c6e30-30cc-4307-8593-a923ae8f0ae6" "released" by "nova.context.set_target_cell..get_or_set_cached_cell_and_set_connections" :: held 0.001s {{(pid=109369) inner /opt/stack/data/venv/lib/python3.12/site-packages/oslo_concurrency/lockutils.py:538}}
Apr 16 17:50:07.143830 np0000166759 devstack@n-api-meta.service[109369]: INFO dbcounter [None req-d8ae881b-0105-48b3-a88f-4711e04aa71e None None] Registered counter for database nova_cell0
Apr 16 17:50:07.144125 np0000166759 devstack@n-api-meta.service[109368]: INFO dbcounter [None req-81b4c06b-7486-464f-8b5c-074ac35fadca None None] Registered counter for database nova_cell1
Apr 16 17:50:07.150277 np0000166759 devstack@n-api-meta.service[109369]: INFO dbcounter [None req-d8ae881b-0105-48b3-a88f-4711e04aa71e None None] Registered counter for database nova_cell1
Apr 16 17:50:07.151827 np0000166759 devstack@n-api-meta.service[109370]: DEBUG oslo_db.sqlalchemy.engines [None req-853cbd39-bbc0-43ef-931d-64f374d8b6dc None None] MySQL server mode set to STRICT_TRANS_TABLES,STRICT_ALL_TABLES,NO_ZERO_IN_DATE,NO_ZERO_DATE,ERROR_FOR_DIVISION_BY_ZERO,TRADITIONAL,NO_ENGINE_SUBSTITUTION {{(pid=109370) _check_effective_sql_mode /opt/stack/data/venv/lib/python3.12/site-packages/oslo_db/sqlalchemy/engines.py:325}}
Apr 16 17:50:07.156162 np0000166759 devstack@n-api-meta.service[109368]: DEBUG oslo_db.sqlalchemy.engines [None req-81b4c06b-7486-464f-8b5c-074ac35fadca None None] MySQL server mode set to STRICT_TRANS_TABLES,STRICT_ALL_TABLES,NO_ZERO_IN_DATE,NO_ZERO_DATE,ERROR_FOR_DIVISION_BY_ZERO,TRADITIONAL,NO_ENGINE_SUBSTITUTION {{(pid=109368) _check_effective_sql_mode /opt/stack/data/venv/lib/python3.12/site-packages/oslo_db/sqlalchemy/engines.py:325}}
Apr 16 17:50:07.161616 np0000166759 devstack@n-api-meta.service[109368]: DEBUG oslo_db.sqlalchemy.engines [None req-81b4c06b-7486-464f-8b5c-074ac35fadca None None] MySQL server mode set to STRICT_TRANS_TABLES,STRICT_ALL_TABLES,NO_ZERO_IN_DATE,NO_ZERO_DATE,ERROR_FOR_DIVISION_BY_ZERO,TRADITIONAL,NO_ENGINE_SUBSTITUTION {{(pid=109368) _check_effective_sql_mode /opt/stack/data/venv/lib/python3.12/site-packages/oslo_db/sqlalchemy/engines.py:325}}
Apr 16 17:50:07.164317 np0000166759 devstack@n-api-meta.service[109369]: DEBUG oslo_db.sqlalchemy.engines [None req-d8ae881b-0105-48b3-a88f-4711e04aa71e None None] MySQL server mode set to STRICT_TRANS_TABLES,STRICT_ALL_TABLES,NO_ZERO_IN_DATE,NO_ZERO_DATE,ERROR_FOR_DIVISION_BY_ZERO,TRADITIONAL,NO_ENGINE_SUBSTITUTION {{(pid=109369) _check_effective_sql_mode /opt/stack/data/venv/lib/python3.12/site-packages/oslo_db/sqlalchemy/engines.py:325}}
Apr 16 17:50:07.175303 np0000166759 devstack@n-api-meta.service[109369]: DEBUG oslo_db.sqlalchemy.engines [None req-d8ae881b-0105-48b3-a88f-4711e04aa71e None None] MySQL server mode set to STRICT_TRANS_TABLES,STRICT_ALL_TABLES,NO_ZERO_IN_DATE,NO_ZERO_DATE,ERROR_FOR_DIVISION_BY_ZERO,TRADITIONAL,NO_ENGINE_SUBSTITUTION {{(pid=109369) _check_effective_sql_mode /opt/stack/data/venv/lib/python3.12/site-packages/oslo_db/sqlalchemy/engines.py:325}}
Apr 16 17:50:07.188398 np0000166759 devstack@n-api-meta.service[109370]: DEBUG dbcounter [-] [109370] Writer thread running {{(pid=109370) stat_writer /opt/stack/data/venv/lib/python3.12/site-packages/dbcounter.py:102}}
Apr 16 17:50:07.190784 np0000166759 devstack@n-api-meta.service[109370]: DEBUG nova.context [None req-853cbd39-bbc0-43ef-931d-64f374d8b6dc None None] Found 2 cells: 00000000-0000-0000-0000-000000000000(cell0),552c6e30-30cc-4307-8593-a923ae8f0ae6(cell1) {{(pid=109370) load_cells /opt/stack/nova/nova/context.py:509}}
Apr 16 17:50:07.190998 np0000166759 devstack@n-api-meta.service[109370]: INFO nova.utils [None req-853cbd39-bbc0-43ef-931d-64f374d8b6dc None None] The cell worker thread pool MainProcess.cell_worker is initialized
Apr 16 17:50:07.192785 np0000166759 devstack@n-api-meta.service[109370]: DEBUG oslo_concurrency.lockutils [None req-853cbd39-bbc0-43ef-931d-64f374d8b6dc None None] Acquiring lock "00000000-0000-0000-0000-000000000000" by "nova.context.set_target_cell..get_or_set_cached_cell_and_set_connections" {{(pid=109370) inner /opt/stack/data/venv/lib/python3.12/site-packages/oslo_concurrency/lockutils.py:506}}
Apr 16 17:50:07.192927 np0000166759 devstack@n-api-meta.service[109370]: DEBUG oslo_concurrency.lockutils [None req-853cbd39-bbc0-43ef-931d-64f374d8b6dc None None] Lock "00000000-0000-0000-0000-000000000000" acquired by "nova.context.set_target_cell..get_or_set_cached_cell_and_set_connections" :: waited 0.000s {{(pid=109370) inner /opt/stack/data/venv/lib/python3.12/site-packages/oslo_concurrency/lockutils.py:519}}
Apr 16 17:50:07.193261 np0000166759 devstack@n-api-meta.service[109370]: DEBUG oslo_concurrency.lockutils [None req-853cbd39-bbc0-43ef-931d-64f374d8b6dc None None] Lock "00000000-0000-0000-0000-000000000000" "released" by "nova.context.set_target_cell..get_or_set_cached_cell_and_set_connections" :: held 0.000s {{(pid=109370) inner /opt/stack/data/venv/lib/python3.12/site-packages/oslo_concurrency/lockutils.py:538}}
Apr 16 17:50:07.194106 np0000166759 devstack@n-api-meta.service[109370]: DEBUG oslo_concurrency.lockutils [None req-853cbd39-bbc0-43ef-931d-64f374d8b6dc None None] Acquiring lock "552c6e30-30cc-4307-8593-a923ae8f0ae6" by "nova.context.set_target_cell..get_or_set_cached_cell_and_set_connections" {{(pid=109370) inner /opt/stack/data/venv/lib/python3.12/site-packages/oslo_concurrency/lockutils.py:506}}
Apr 16 17:50:07.194231 np0000166759 devstack@n-api-meta.service[109370]: DEBUG oslo_concurrency.lockutils [None req-853cbd39-bbc0-43ef-931d-64f374d8b6dc None None] Lock "552c6e30-30cc-4307-8593-a923ae8f0ae6" acquired by "nova.context.set_target_cell..get_or_set_cached_cell_and_set_connections" :: waited 0.000s {{(pid=109370) inner /opt/stack/data/venv/lib/python3.12/site-packages/oslo_concurrency/lockutils.py:519}}
Apr 16 17:50:07.195048 np0000166759 devstack@n-api-meta.service[109370]: DEBUG oslo_concurrency.lockutils [None req-853cbd39-bbc0-43ef-931d-64f374d8b6dc None None] Lock "552c6e30-30cc-4307-8593-a923ae8f0ae6" "released" by "nova.context.set_target_cell..get_or_set_cached_cell_and_set_connections" :: held 0.001s {{(pid=109370) inner /opt/stack/data/venv/lib/python3.12/site-packages/oslo_concurrency/lockutils.py:538}}
Apr 16 17:50:07.196465 np0000166759 devstack@n-api-meta.service[109371]: INFO dbcounter [None req-c5a70c3e-e19b-41b4-b58b-a442064fc931 None None] Registered counter for database nova_api
Apr 16 17:50:07.198135 np0000166759 devstack@n-api-meta.service[109370]: INFO dbcounter [None req-853cbd39-bbc0-43ef-931d-64f374d8b6dc None None] Registered counter for database nova_cell0
Apr 16 17:50:07.202886 np0000166759 devstack@n-api-meta.service[109370]: INFO dbcounter [None req-853cbd39-bbc0-43ef-931d-64f374d8b6dc None None] Registered counter for database nova_cell1
Apr 16 17:50:07.210380 np0000166759 devstack@n-api-meta.service[109370]: DEBUG oslo_db.sqlalchemy.engines [None req-853cbd39-bbc0-43ef-931d-64f374d8b6dc None None] MySQL server mode set to STRICT_TRANS_TABLES,STRICT_ALL_TABLES,NO_ZERO_IN_DATE,NO_ZERO_DATE,ERROR_FOR_DIVISION_BY_ZERO,TRADITIONAL,NO_ENGINE_SUBSTITUTION {{(pid=109370) _check_effective_sql_mode /opt/stack/data/venv/lib/python3.12/site-packages/oslo_db/sqlalchemy/engines.py:325}}
Apr 16 17:50:07.215438 np0000166759 devstack@n-api-meta.service[109371]: DEBUG oslo_db.sqlalchemy.engines [None req-c5a70c3e-e19b-41b4-b58b-a442064fc931 None None] MySQL server mode set to STRICT_TRANS_TABLES,STRICT_ALL_TABLES,NO_ZERO_IN_DATE,NO_ZERO_DATE,ERROR_FOR_DIVISION_BY_ZERO,TRADITIONAL,NO_ENGINE_SUBSTITUTION {{(pid=109371) _check_effective_sql_mode /opt/stack/data/venv/lib/python3.12/site-packages/oslo_db/sqlalchemy/engines.py:325}}
Apr 16 17:50:07.232358 np0000166759 devstack@n-api-meta.service[109370]: DEBUG oslo_db.sqlalchemy.engines [None req-853cbd39-bbc0-43ef-931d-64f374d8b6dc None None] MySQL server mode set to STRICT_TRANS_TABLES,STRICT_ALL_TABLES,NO_ZERO_IN_DATE,NO_ZERO_DATE,ERROR_FOR_DIVISION_BY_ZERO,TRADITIONAL,NO_ENGINE_SUBSTITUTION {{(pid=109370) _check_effective_sql_mode /opt/stack/data/venv/lib/python3.12/site-packages/oslo_db/sqlalchemy/engines.py:325}}
Apr 16 17:50:07.253158 np0000166759 devstack@n-api-meta.service[109371]: DEBUG dbcounter [-] [109371] Writer thread running {{(pid=109371) stat_writer /opt/stack/data/venv/lib/python3.12/site-packages/dbcounter.py:102}}
Apr 16 17:50:07.255911 np0000166759 devstack@n-api-meta.service[109371]: DEBUG nova.context [None req-c5a70c3e-e19b-41b4-b58b-a442064fc931 None None] Found 2 cells: 00000000-0000-0000-0000-000000000000(cell0),552c6e30-30cc-4307-8593-a923ae8f0ae6(cell1) {{(pid=109371) load_cells /opt/stack/nova/nova/context.py:509}}
Apr 16 17:50:07.256143 np0000166759 devstack@n-api-meta.service[109371]: INFO nova.utils [None req-c5a70c3e-e19b-41b4-b58b-a442064fc931 None None] The cell worker thread pool MainProcess.cell_worker is initialized
Apr 16 17:50:07.257976 np0000166759 devstack@n-api-meta.service[109371]: DEBUG oslo_concurrency.lockutils [None req-c5a70c3e-e19b-41b4-b58b-a442064fc931 None None] Acquiring lock "00000000-0000-0000-0000-000000000000" by "nova.context.set_target_cell..get_or_set_cached_cell_and_set_connections" {{(pid=109371) inner /opt/stack/data/venv/lib/python3.12/site-packages/oslo_concurrency/lockutils.py:506}}
Apr 16 17:50:07.258102 np0000166759 devstack@n-api-meta.service[109371]: DEBUG oslo_concurrency.lockutils [None req-c5a70c3e-e19b-41b4-b58b-a442064fc931 None None] Lock "00000000-0000-0000-0000-000000000000" acquired by "nova.context.set_target_cell..get_or_set_cached_cell_and_set_connections" :: waited 0.000s {{(pid=109371) inner /opt/stack/data/venv/lib/python3.12/site-packages/oslo_concurrency/lockutils.py:519}}
Apr 16 17:50:07.258481 np0000166759 devstack@n-api-meta.service[109371]: DEBUG oslo_concurrency.lockutils [None req-c5a70c3e-e19b-41b4-b58b-a442064fc931 None None] Lock "00000000-0000-0000-0000-000000000000" "released" by "nova.context.set_target_cell..get_or_set_cached_cell_and_set_connections" :: held 0.000s {{(pid=109371) inner /opt/stack/data/venv/lib/python3.12/site-packages/oslo_concurrency/lockutils.py:538}}
Apr 16 17:50:07.259241 np0000166759 devstack@n-api-meta.service[109371]: DEBUG oslo_concurrency.lockutils [None req-c5a70c3e-e19b-41b4-b58b-a442064fc931 None None] Acquiring lock "552c6e30-30cc-4307-8593-a923ae8f0ae6" by "nova.context.set_target_cell..get_or_set_cached_cell_and_set_connections" {{(pid=109371) inner /opt/stack/data/venv/lib/python3.12/site-packages/oslo_concurrency/lockutils.py:506}}
Apr 16 17:50:07.259330 np0000166759 devstack@n-api-meta.service[109371]: DEBUG oslo_concurrency.lockutils [None req-c5a70c3e-e19b-41b4-b58b-a442064fc931 None None] Lock "552c6e30-30cc-4307-8593-a923ae8f0ae6" acquired by "nova.context.set_target_cell..get_or_set_cached_cell_and_set_connections" :: waited 0.000s {{(pid=109371) inner /opt/stack/data/venv/lib/python3.12/site-packages/oslo_concurrency/lockutils.py:519}}
Apr 16 17:50:07.260256 np0000166759 devstack@n-api-meta.service[109371]: DEBUG oslo_concurrency.lockutils [None req-c5a70c3e-e19b-41b4-b58b-a442064fc931 None None] Lock "552c6e30-30cc-4307-8593-a923ae8f0ae6" "released" by "nova.context.set_target_cell..get_or_set_cached_cell_and_set_connections" :: held 0.001s {{(pid=109371) inner /opt/stack/data/venv/lib/python3.12/site-packages/oslo_concurrency/lockutils.py:538}}
Apr 16 17:50:07.263334 np0000166759 devstack@n-api-meta.service[109371]: INFO dbcounter [None req-c5a70c3e-e19b-41b4-b58b-a442064fc931 None None] Registered counter for database nova_cell0
Apr 16 17:50:07.268628 np0000166759 devstack@n-api-meta.service[109368]: DEBUG dbcounter [-] [109368] Writer thread running {{(pid=109368) stat_writer /opt/stack/data/venv/lib/python3.12/site-packages/dbcounter.py:102}}
Apr 16 17:50:07.268780 np0000166759 devstack@n-api-meta.service[109371]: INFO dbcounter [None req-c5a70c3e-e19b-41b4-b58b-a442064fc931 None None] Registered counter for database nova_cell1
Apr 16 17:50:07.271776 np0000166759 devstack@n-api-meta.service[109368]: DEBUG dbcounter [-] [109368] Writer thread running {{(pid=109368) stat_writer /opt/stack/data/venv/lib/python3.12/site-packages/dbcounter.py:102}}
Apr 16 17:50:07.275481 np0000166759 devstack@n-api-meta.service[109368]: INFO dbcounter [None req-81b4c06b-7486-464f-8b5c-074ac35fadca None None] Registered counter for database nova_cell0
Apr 16 17:50:07.278204 np0000166759 devstack@n-api-meta.service[109369]: DEBUG dbcounter [-] [109369] Writer thread running {{(pid=109369) stat_writer /opt/stack/data/venv/lib/python3.12/site-packages/dbcounter.py:102}}
Apr 16 17:50:07.280123 np0000166759 devstack@n-api-meta.service[109369]: DEBUG dbcounter [-] [109369] Writer thread running {{(pid=109369) stat_writer /opt/stack/data/venv/lib/python3.12/site-packages/dbcounter.py:102}}
Apr 16 17:50:07.284740 np0000166759 devstack@n-api-meta.service[109371]: DEBUG oslo_db.sqlalchemy.engines [None req-c5a70c3e-e19b-41b4-b58b-a442064fc931 None None] MySQL server mode set to STRICT_TRANS_TABLES,STRICT_ALL_TABLES,NO_ZERO_IN_DATE,NO_ZERO_DATE,ERROR_FOR_DIVISION_BY_ZERO,TRADITIONAL,NO_ENGINE_SUBSTITUTION {{(pid=109371) _check_effective_sql_mode /opt/stack/data/venv/lib/python3.12/site-packages/oslo_db/sqlalchemy/engines.py:325}}
Apr 16 17:50:07.286799 np0000166759 devstack@n-api-meta.service[109371]: DEBUG oslo_db.sqlalchemy.engines [None req-c5a70c3e-e19b-41b4-b58b-a442064fc931 None None] MySQL server mode set to STRICT_TRANS_TABLES,STRICT_ALL_TABLES,NO_ZERO_IN_DATE,NO_ZERO_DATE,ERROR_FOR_DIVISION_BY_ZERO,TRADITIONAL,NO_ENGINE_SUBSTITUTION {{(pid=109371) _check_effective_sql_mode /opt/stack/data/venv/lib/python3.12/site-packages/oslo_db/sqlalchemy/engines.py:325}}
Apr 16 17:50:07.288757 np0000166759 devstack@n-api-meta.service[109369]: INFO dbcounter [None req-d8ae881b-0105-48b3-a88f-4711e04aa71e None None] Registered counter for database nova_cell0
Apr 16 17:50:07.292717 np0000166759 devstack@n-api-meta.service[109368]: DEBUG oslo_db.sqlalchemy.engines [None req-81b4c06b-7486-464f-8b5c-074ac35fadca None None] MySQL server mode set to STRICT_TRANS_TABLES,STRICT_ALL_TABLES,NO_ZERO_IN_DATE,NO_ZERO_DATE,ERROR_FOR_DIVISION_BY_ZERO,TRADITIONAL,NO_ENGINE_SUBSTITUTION {{(pid=109368) _check_effective_sql_mode /opt/stack/data/venv/lib/python3.12/site-packages/oslo_db/sqlalchemy/engines.py:325}}
Apr 16 17:50:07.303749 np0000166759 devstack@n-api-meta.service[109369]: DEBUG oslo_db.sqlalchemy.engines [None req-d8ae881b-0105-48b3-a88f-4711e04aa71e None None] MySQL server mode set to STRICT_TRANS_TABLES,STRICT_ALL_TABLES,NO_ZERO_IN_DATE,NO_ZERO_DATE,ERROR_FOR_DIVISION_BY_ZERO,TRADITIONAL,NO_ENGINE_SUBSTITUTION {{(pid=109369) _check_effective_sql_mode /opt/stack/data/venv/lib/python3.12/site-packages/oslo_db/sqlalchemy/engines.py:325}}
Apr 16 17:50:07.304400 np0000166759 devstack@n-api-meta.service[109368]: DEBUG dbcounter [-] [109368] Writer thread running {{(pid=109368) stat_writer /opt/stack/data/venv/lib/python3.12/site-packages/dbcounter.py:102}}
Apr 16 17:50:07.313733 np0000166759 devstack@n-api-meta.service[109369]: DEBUG dbcounter [-] [109369] Writer thread running {{(pid=109369) stat_writer /opt/stack/data/venv/lib/python3.12/site-packages/dbcounter.py:102}}
Apr 16 17:50:07.320553 np0000166759 devstack@n-api-meta.service[109370]: DEBUG dbcounter [-] [109370] Writer thread running {{(pid=109370) stat_writer /opt/stack/data/venv/lib/python3.12/site-packages/dbcounter.py:102}}
Apr 16 17:50:07.326134 np0000166759 devstack@n-api-meta.service[109370]: DEBUG dbcounter [-] [109370] Writer thread running {{(pid=109370) stat_writer /opt/stack/data/venv/lib/python3.12/site-packages/dbcounter.py:102}}
Apr 16 17:50:07.333192 np0000166759 devstack@n-api-meta.service[109370]: INFO dbcounter [None req-853cbd39-bbc0-43ef-931d-64f374d8b6dc None None] Registered counter for database nova_cell0
Apr 16 17:50:07.342655 np0000166759 devstack@n-api-meta.service[109370]: DEBUG oslo_db.sqlalchemy.engines [None req-853cbd39-bbc0-43ef-931d-64f374d8b6dc None None] MySQL server mode set to STRICT_TRANS_TABLES,STRICT_ALL_TABLES,NO_ZERO_IN_DATE,NO_ZERO_DATE,ERROR_FOR_DIVISION_BY_ZERO,TRADITIONAL,NO_ENGINE_SUBSTITUTION {{(pid=109370) _check_effective_sql_mode /opt/stack/data/venv/lib/python3.12/site-packages/oslo_db/sqlalchemy/engines.py:325}}
Apr 16 17:50:07.350121 np0000166759 devstack@n-api-meta.service[109370]: DEBUG dbcounter [-] [109370] Writer thread running {{(pid=109370) stat_writer /opt/stack/data/venv/lib/python3.12/site-packages/dbcounter.py:102}}
Apr 16 17:50:07.358895 np0000166759 devstack@n-api-meta.service[109369]: WARNING nova.api.metadata.handler [None req-d8ae881b-0105-48b3-a88f-4711e04aa71e None None] metadata_proxy_shared_secret is not configured, the metadata information returned by the proxy cannot be trusted
Apr 16 17:50:07.361042 np0000166759 devstack@n-api-meta.service[109369]: DEBUG nova.api.openstack.wsgi_app [None req-d8ae881b-0105-48b3-a88f-4711e04aa71e None None] ******************************************************************************** {{(pid=109369) log_opt_values /opt/stack/data/venv/lib/python3.12/site-packages/oslo_config/cfg.py:2979}}
Apr 16 17:50:07.361161 np0000166759 devstack@n-api-meta.service[109369]: DEBUG nova.api.openstack.wsgi_app [None req-d8ae881b-0105-48b3-a88f-4711e04aa71e None None] Configuration options gathered from: {{(pid=109369) log_opt_values /opt/stack/data/venv/lib/python3.12/site-packages/oslo_config/cfg.py:2980}}
Apr 16 17:50:07.361269 np0000166759 devstack@n-api-meta.service[109369]: DEBUG nova.api.openstack.wsgi_app [None req-d8ae881b-0105-48b3-a88f-4711e04aa71e None None] command line args: [] {{(pid=109369) log_opt_values /opt/stack/data/venv/lib/python3.12/site-packages/oslo_config/cfg.py:2981}}
Apr 16 17:50:07.361416 np0000166759 devstack@n-api-meta.service[109369]: DEBUG nova.api.openstack.wsgi_app [None req-d8ae881b-0105-48b3-a88f-4711e04aa71e None None] config files: ['/etc/nova/api-paste.ini', '/etc/nova/nova.conf'] {{(pid=109369) log_opt_values /opt/stack/data/venv/lib/python3.12/site-packages/oslo_config/cfg.py:2982}}
Apr 16 17:50:07.361518 np0000166759 devstack@n-api-meta.service[109369]: DEBUG nova.api.openstack.wsgi_app [None req-d8ae881b-0105-48b3-a88f-4711e04aa71e None None] ================================================================================ {{(pid=109369) log_opt_values /opt/stack/data/venv/lib/python3.12/site-packages/oslo_config/cfg.py:2987}}
Apr 16 17:50:07.361680 np0000166759 devstack@n-api-meta.service[109369]: DEBUG nova.api.openstack.wsgi_app [None req-d8ae881b-0105-48b3-a88f-4711e04aa71e None None] allow_resize_to_same_host = True {{(pid=109369) log_opt_values /opt/stack/data/venv/lib/python3.12/site-packages/oslo_config/cfg.py:2995}}
Apr 16 17:50:07.361913 np0000166759 devstack@n-api-meta.service[109369]: DEBUG nova.api.openstack.wsgi_app [None req-d8ae881b-0105-48b3-a88f-4711e04aa71e None None] arq_binding_timeout = 300 {{(pid=109369) log_opt_values /opt/stack/data/venv/lib/python3.12/site-packages/oslo_config/cfg.py:2995}}
Apr 16 17:50:07.362037 np0000166759 devstack@n-api-meta.service[109369]: DEBUG nova.api.openstack.wsgi_app [None req-d8ae881b-0105-48b3-a88f-4711e04aa71e None None] block_device_allocate_retries = 60 {{(pid=109369) log_opt_values /opt/stack/data/venv/lib/python3.12/site-packages/oslo_config/cfg.py:2995}}
Apr 16 17:50:07.362161 np0000166759 devstack@n-api-meta.service[109369]: DEBUG nova.api.openstack.wsgi_app [None req-d8ae881b-0105-48b3-a88f-4711e04aa71e None None] block_device_allocate_retries_interval = 3 {{(pid=109369) log_opt_values /opt/stack/data/venv/lib/python3.12/site-packages/oslo_config/cfg.py:2995}}
Apr 16 17:50:07.362287 np0000166759 devstack@n-api-meta.service[109369]: DEBUG nova.api.openstack.wsgi_app [None req-d8ae881b-0105-48b3-a88f-4711e04aa71e None None] cell_worker_thread_pool_size = 5 {{(pid=109369) log_opt_values /opt/stack/data/venv/lib/python3.12/site-packages/oslo_config/cfg.py:2995}}
Apr 16 17:50:07.362417 np0000166759 devstack@n-api-meta.service[109369]: DEBUG nova.api.openstack.wsgi_app [None req-d8ae881b-0105-48b3-a88f-4711e04aa71e None None] cert = self.pem {{(pid=109369) log_opt_values /opt/stack/data/venv/lib/python3.12/site-packages/oslo_config/cfg.py:2995}}
Apr 16 17:50:07.362546 np0000166759 devstack@n-api-meta.service[109369]: DEBUG nova.api.openstack.wsgi_app [None req-d8ae881b-0105-48b3-a88f-4711e04aa71e None None] compute_driver = libvirt.LibvirtDriver {{(pid=109369) log_opt_values /opt/stack/data/venv/lib/python3.12/site-packages/oslo_config/cfg.py:2995}}
Apr 16 17:50:07.362680 np0000166759 devstack@n-api-meta.service[109369]: DEBUG nova.api.openstack.wsgi_app [None req-d8ae881b-0105-48b3-a88f-4711e04aa71e None None] compute_monitors = [] {{(pid=109369) log_opt_values /opt/stack/data/venv/lib/python3.12/site-packages/oslo_config/cfg.py:2995}}
Apr 16 17:50:07.362841 np0000166759 devstack@n-api-meta.service[109369]: DEBUG nova.api.openstack.wsgi_app [None req-d8ae881b-0105-48b3-a88f-4711e04aa71e None None] config_dir = [] {{(pid=109369) log_opt_values /opt/stack/data/venv/lib/python3.12/site-packages/oslo_config/cfg.py:2995}}
Apr 16 17:50:07.362972 np0000166759 devstack@n-api-meta.service[109369]: DEBUG nova.api.openstack.wsgi_app [None req-d8ae881b-0105-48b3-a88f-4711e04aa71e None None] config_drive_format = iso9660 {{(pid=109369) log_opt_values /opt/stack/data/venv/lib/python3.12/site-packages/oslo_config/cfg.py:2995}}
Apr 16 17:50:07.363075 np0000166759 devstack@n-api-meta.service[109369]: DEBUG nova.api.openstack.wsgi_app [None req-d8ae881b-0105-48b3-a88f-4711e04aa71e None None] config_file = ['/etc/nova/api-paste.ini', '/etc/nova/nova.conf'] {{(pid=109369) log_opt_values /opt/stack/data/venv/lib/python3.12/site-packages/oslo_config/cfg.py:2995}}
Apr 16 17:50:07.363427 np0000166759 devstack@n-api-meta.service[109369]: DEBUG nova.api.openstack.wsgi_app [None req-d8ae881b-0105-48b3-a88f-4711e04aa71e None None] config_source = [] {{(pid=109369) log_opt_values /opt/stack/data/venv/lib/python3.12/site-packages/oslo_config/cfg.py:2995}}
Apr 16 17:50:07.363427 np0000166759 devstack@n-api-meta.service[109369]: DEBUG nova.api.openstack.wsgi_app [None req-d8ae881b-0105-48b3-a88f-4711e04aa71e None None] console_host = np0000166759 {{(pid=109369) log_opt_values /opt/stack/data/venv/lib/python3.12/site-packages/oslo_config/cfg.py:2995}}
Apr 16 17:50:07.363427 np0000166759 devstack@n-api-meta.service[109369]: DEBUG nova.api.openstack.wsgi_app [None req-d8ae881b-0105-48b3-a88f-4711e04aa71e None None] control_exchange = nova {{(pid=109369) log_opt_values /opt/stack/data/venv/lib/python3.12/site-packages/oslo_config/cfg.py:2995}}
Apr 16 17:50:07.363559 np0000166759 devstack@n-api-meta.service[109369]: DEBUG nova.api.openstack.wsgi_app [None req-d8ae881b-0105-48b3-a88f-4711e04aa71e None None] cpu_allocation_ratio = None {{(pid=109369) log_opt_values /opt/stack/data/venv/lib/python3.12/site-packages/oslo_config/cfg.py:2995}}
Apr 16 17:50:07.363691 np0000166759 devstack@n-api-meta.service[109369]: DEBUG nova.api.openstack.wsgi_app [None req-d8ae881b-0105-48b3-a88f-4711e04aa71e None None] daemon = False {{(pid=109369) log_opt_values /opt/stack/data/venv/lib/python3.12/site-packages/oslo_config/cfg.py:2995}}
Apr 16 17:50:07.363907 np0000166759 devstack@n-api-meta.service[109369]: DEBUG nova.api.openstack.wsgi_app [None req-d8ae881b-0105-48b3-a88f-4711e04aa71e None None] debug = True {{(pid=109369) log_opt_values /opt/stack/data/venv/lib/python3.12/site-packages/oslo_config/cfg.py:2995}}
Apr 16 17:50:07.364026 np0000166759 devstack@n-api-meta.service[109369]: DEBUG nova.api.openstack.wsgi_app [None req-d8ae881b-0105-48b3-a88f-4711e04aa71e None None] default_access_ip_network_name = None {{(pid=109369) log_opt_values /opt/stack/data/venv/lib/python3.12/site-packages/oslo_config/cfg.py:2995}}
Apr 16 17:50:07.364156 np0000166759 devstack@n-api-meta.service[109369]: DEBUG nova.api.openstack.wsgi_app [None req-d8ae881b-0105-48b3-a88f-4711e04aa71e None None] default_availability_zone = nova {{(pid=109369) log_opt_values /opt/stack/data/venv/lib/python3.12/site-packages/oslo_config/cfg.py:2995}}
Apr 16 17:50:07.364904 np0000166759 devstack@n-api-meta.service[109368]: WARNING nova.api.metadata.handler [None req-81b4c06b-7486-464f-8b5c-074ac35fadca None None] metadata_proxy_shared_secret is not configured, the metadata information returned by the proxy cannot be trusted
Apr 16 17:50:07.365161 np0000166759 devstack@n-api-meta.service[109369]: DEBUG nova.api.openstack.wsgi_app [None req-d8ae881b-0105-48b3-a88f-4711e04aa71e None None] default_ephemeral_format = ext4 {{(pid=109369) log_opt_values /opt/stack/data/venv/lib/python3.12/site-packages/oslo_config/cfg.py:2995}}
Apr 16 17:50:07.365161 np0000166759 devstack@n-api-meta.service[109369]: DEBUG nova.api.openstack.wsgi_app [None req-d8ae881b-0105-48b3-a88f-4711e04aa71e None None] default_green_pool_size = 1000 {{(pid=109369) log_opt_values /opt/stack/data/venv/lib/python3.12/site-packages/oslo_config/cfg.py:2995}}
Apr 16 17:50:07.365161 np0000166759 devstack@n-api-meta.service[109369]: DEBUG nova.api.openstack.wsgi_app [None req-d8ae881b-0105-48b3-a88f-4711e04aa71e None None] default_log_levels = ['amqp=WARN', 'boto=WARN', 'sqlalchemy=WARN', 'suds=INFO', 'oslo.messaging=INFO', 'oslo_messaging=INFO', 'iso8601=WARN', 'requests.packages.urllib3.connectionpool=WARN', 'urllib3.connectionpool=WARN', 'websocket=WARN', 'requests.packages.urllib3.util.retry=WARN', 'urllib3.util.retry=WARN', 'keystonemiddleware=WARN', 'routes.middleware=WARN', 'stevedore=WARN', 'taskflow=WARN', 'keystoneauth=WARN', 'oslo.cache=INFO', 'oslo_policy=INFO', 'dogpile.core.dogpile=INFO', 'glanceclient=WARN', 'oslo.privsep.daemon=INFO'] {{(pid=109369) log_opt_values /opt/stack/data/venv/lib/python3.12/site-packages/oslo_config/cfg.py:2995}}
Apr 16 17:50:07.365161 np0000166759 devstack@n-api-meta.service[109369]: DEBUG nova.api.openstack.wsgi_app [None req-d8ae881b-0105-48b3-a88f-4711e04aa71e None None] default_schedule_zone = None {{(pid=109369) log_opt_values /opt/stack/data/venv/lib/python3.12/site-packages/oslo_config/cfg.py:2995}}
Apr 16 17:50:07.365161 np0000166759 devstack@n-api-meta.service[109369]: DEBUG nova.api.openstack.wsgi_app [None req-d8ae881b-0105-48b3-a88f-4711e04aa71e None None] default_thread_pool_size = 10 {{(pid=109369) log_opt_values /opt/stack/data/venv/lib/python3.12/site-packages/oslo_config/cfg.py:2995}}
Apr 16 17:50:07.365759 np0000166759 devstack@n-api-meta.service[109369]: DEBUG nova.api.openstack.wsgi_app [None req-d8ae881b-0105-48b3-a88f-4711e04aa71e None None] disk_allocation_ratio = None {{(pid=109369) log_opt_values /opt/stack/data/venv/lib/python3.12/site-packages/oslo_config/cfg.py:2995}}
Apr 16 17:50:07.365759 np0000166759 devstack@n-api-meta.service[109369]: DEBUG nova.api.openstack.wsgi_app [None req-d8ae881b-0105-48b3-a88f-4711e04aa71e None None] enable_new_services = True {{(pid=109369) log_opt_values /opt/stack/data/venv/lib/python3.12/site-packages/oslo_config/cfg.py:2995}}
Apr 16 17:50:07.365759 np0000166759 devstack@n-api-meta.service[109369]: DEBUG nova.api.openstack.wsgi_app [None req-d8ae881b-0105-48b3-a88f-4711e04aa71e None None] flat_injected = False {{(pid=109369) log_opt_values /opt/stack/data/venv/lib/python3.12/site-packages/oslo_config/cfg.py:2995}}
Apr 16 17:50:07.365759 np0000166759 devstack@n-api-meta.service[109369]: DEBUG nova.api.openstack.wsgi_app [None req-d8ae881b-0105-48b3-a88f-4711e04aa71e None None] force_config_drive = False {{(pid=109369) log_opt_values /opt/stack/data/venv/lib/python3.12/site-packages/oslo_config/cfg.py:2995}}
Apr 16 17:50:07.365759 np0000166759 devstack@n-api-meta.service[109369]: DEBUG nova.api.openstack.wsgi_app [None req-d8ae881b-0105-48b3-a88f-4711e04aa71e None None] force_raw_images = True {{(pid=109369) log_opt_values /opt/stack/data/venv/lib/python3.12/site-packages/oslo_config/cfg.py:2995}}
Apr 16 17:50:07.365759 np0000166759 devstack@n-api-meta.service[109369]: DEBUG nova.api.openstack.wsgi_app [None req-d8ae881b-0105-48b3-a88f-4711e04aa71e None None] graceful_shutdown_timeout = 5 {{(pid=109369) log_opt_values /opt/stack/data/venv/lib/python3.12/site-packages/oslo_config/cfg.py:2995}}
Apr 16 17:50:07.365759 np0000166759 devstack@n-api-meta.service[109369]: DEBUG nova.api.openstack.wsgi_app [None req-d8ae881b-0105-48b3-a88f-4711e04aa71e None None] heal_instance_info_cache_interval = -1 {{(pid=109369) log_opt_values /opt/stack/data/venv/lib/python3.12/site-packages/oslo_config/cfg.py:2995}}
Apr 16 17:50:07.366315 np0000166759 devstack@n-api-meta.service[109369]: DEBUG nova.api.openstack.wsgi_app [None req-d8ae881b-0105-48b3-a88f-4711e04aa71e None None] host = np0000166759 {{(pid=109369) log_opt_values /opt/stack/data/venv/lib/python3.12/site-packages/oslo_config/cfg.py:2995}}
Apr 16 17:50:07.366315 np0000166759 devstack@n-api-meta.service[109369]: DEBUG nova.api.openstack.wsgi_app [None req-d8ae881b-0105-48b3-a88f-4711e04aa71e None None] initial_cpu_allocation_ratio = 4.0 {{(pid=109369) log_opt_values /opt/stack/data/venv/lib/python3.12/site-packages/oslo_config/cfg.py:2995}}
Apr 16 17:50:07.366315 np0000166759 devstack@n-api-meta.service[109369]: DEBUG nova.api.openstack.wsgi_app [None req-d8ae881b-0105-48b3-a88f-4711e04aa71e None None] initial_disk_allocation_ratio = 1.0 {{(pid=109369) log_opt_values /opt/stack/data/venv/lib/python3.12/site-packages/oslo_config/cfg.py:2995}}
Apr 16 17:50:07.366315 np0000166759 devstack@n-api-meta.service[109369]: DEBUG nova.api.openstack.wsgi_app [None req-d8ae881b-0105-48b3-a88f-4711e04aa71e None None] initial_ram_allocation_ratio = 1.0 {{(pid=109369) log_opt_values /opt/stack/data/venv/lib/python3.12/site-packages/oslo_config/cfg.py:2995}}
Apr 16 17:50:07.366778 np0000166759 devstack@n-api-meta.service[109369]: DEBUG nova.api.openstack.wsgi_app [None req-d8ae881b-0105-48b3-a88f-4711e04aa71e None None] injected_network_template = /opt/stack/nova/nova/virt/interfaces.template {{(pid=109369) log_opt_values /opt/stack/data/venv/lib/python3.12/site-packages/oslo_config/cfg.py:2995}}
Apr 16 17:50:07.366778 np0000166759 devstack@n-api-meta.service[109369]: DEBUG nova.api.openstack.wsgi_app [None req-d8ae881b-0105-48b3-a88f-4711e04aa71e None None] instance_build_timeout = 0 {{(pid=109369) log_opt_values /opt/stack/data/venv/lib/python3.12/site-packages/oslo_config/cfg.py:2995}}
Apr 16 17:50:07.366778 np0000166759 devstack@n-api-meta.service[109369]: DEBUG nova.api.openstack.wsgi_app [None req-d8ae881b-0105-48b3-a88f-4711e04aa71e None None] instance_delete_interval = 300 {{(pid=109369) log_opt_values /opt/stack/data/venv/lib/python3.12/site-packages/oslo_config/cfg.py:2995}}
Apr 16 17:50:07.367209 np0000166759 devstack@n-api-meta.service[109369]: DEBUG nova.api.openstack.wsgi_app [None req-d8ae881b-0105-48b3-a88f-4711e04aa71e None None] instance_format = [instance: %(uuid)s] {{(pid=109369) log_opt_values /opt/stack/data/venv/lib/python3.12/site-packages/oslo_config/cfg.py:2995}}
Apr 16 17:50:07.367296 np0000166759 devstack@n-api-meta.service[109368]: DEBUG nova.api.openstack.wsgi_app [None req-81b4c06b-7486-464f-8b5c-074ac35fadca None None] ******************************************************************************** {{(pid=109368) log_opt_values /opt/stack/data/venv/lib/python3.12/site-packages/oslo_config/cfg.py:2979}}
Apr 16 17:50:07.367382 np0000166759 devstack@n-api-meta.service[109369]: DEBUG nova.api.openstack.wsgi_app [None req-d8ae881b-0105-48b3-a88f-4711e04aa71e None None] instance_name_template = instance-%08x {{(pid=109369) log_opt_values /opt/stack/data/venv/lib/python3.12/site-packages/oslo_config/cfg.py:2995}}
Apr 16 17:50:07.367471 np0000166759 devstack@n-api-meta.service[109368]: DEBUG nova.api.openstack.wsgi_app [None req-81b4c06b-7486-464f-8b5c-074ac35fadca None None] Configuration options gathered from: {{(pid=109368) log_opt_values /opt/stack/data/venv/lib/python3.12/site-packages/oslo_config/cfg.py:2980}}
Apr 16 17:50:07.367553 np0000166759 devstack@n-api-meta.service[109369]: DEBUG nova.api.openstack.wsgi_app [None req-d8ae881b-0105-48b3-a88f-4711e04aa71e None None] instance_usage_audit = False {{(pid=109369) log_opt_values /opt/stack/data/venv/lib/python3.12/site-packages/oslo_config/cfg.py:2995}}
